Mar 25 19:11:04.174542 np0000160634 devstack@neutron-api.service[102715]: DEBUG neutron.plugins.ml2.drivers.ovn.mech_driver.ovsdb.ovsdb_monitor [-] ChassisAgentWriteEvent : Matched Chassis_Private, update, None None {{(pid=102715) matches /opt/stack/neutron/neutron/plugins/ml2/drivers/ovn/mech_driver/ovsdb/ovsdb_monitor.py:64}}
Mar 25 19:11:04.174888 np0000160634 devstack@neutron-api.service[102716]: DEBUG neutron.common.ovn.hash_ring_manager [-] Allow caching, nodes 4>=4 {{(pid=102716) _wait_startup_before_caching /opt/stack/neutron/neutron/common/ovn/hash_ring_manager.py:65}}
Mar 25 19:11:04.175093 np0000160634 devstack@neutron-api.service[102716]: DEBUG neutron.plugins.ml2.drivers.ovn.mech_driver.ovsdb.ovsdb_monitor [-] Hash Ring: Node 6c65338cab8d5175b4e46bc1d5e5a993 (host: np0000160634) handling event "update" for row fc734d34-1b41-4f6b-92bf-54e5293c764a (table: Chassis_Private) {{(pid=102716) notify /opt/stack/neutron/neutron/plugins/ml2/drivers/ovn/mech_driver/ovsdb/ovsdb_monitor.py:912}}
Mar 25 19:11:04.176173 np0000160634 devstack@neutron-api.service[102716]: DEBUG neutron.plugins.ml2.drivers.ovn.mech_driver.ovsdb.ovsdb_monitor [-] ChassisOVNAgentWriteEvent : Matched Chassis_Private, update, None None {{(pid=102716) matches /opt/stack/neutron/neutron/plugins/ml2/drivers/ovn/mech_driver/ovsdb/ovsdb_monitor.py:64}}
Mar 25 19:11:04.176537 np0000160634 devstack@neutron-api.service[102716]: DEBUG neutron.plugins.ml2.drivers.ovn.mech_driver.ovsdb.ovsdb_monitor [-] Hash Ring: Node 6c65338cab8d5175b4e46bc1d5e5a993 (host: np0000160634) handling event "update" for row fc734d34-1b41-4f6b-92bf-54e5293c764a (table: Chassis_Private) {{(pid=102716) notify /opt/stack/neutron/neutron/plugins/ml2/drivers/ovn/mech_driver/ovsdb/ovsdb_monitor.py:912}}
Mar 25 19:11:04.176673 np0000160634 devstack@neutron-api.service[102715]: DEBUG neutron.plugins.ml2.drivers.ovn.mech_driver.ovsdb.ovsdb_monitor [-] ChassisOVNAgentWriteEvent : Matched Chassis_Private, update, None None {{(pid=102715) matches /opt/stack/neutron/neutron/plugins/ml2/drivers/ovn/mech_driver/ovsdb/ovsdb_monitor.py:64}}
Mar 25 19:11:04.232616 np0000160634 devstack@neutron-api.service[102715]: DEBUG neutron.plugins.ml2.drivers.helpers [None req-1168a0ac-80c6-425a-a960-432d8ef63aad admin admin] geneve segment allocate from pool success with {'geneve_vni': 32546} {{(pid=102715) allocate_partially_specified_segment /opt/stack/neutron/neutron/plugins/ml2/drivers/helpers.py:142}}
Mar 25 19:11:04.248004 np0000160634 devstack@neutron-api.service[102715]: DEBUG neutron_lib.callbacks.manager [None req-1168a0ac-80c6-425a-a960-432d8ef63aad admin admin] Publish callbacks ['neutron.services.segments.db._add_segment_host_mapping_for_segment-8756043764396', 'neutron.plugins.ml2.plugin.Ml2Plugin._handle_segment_change-4013427'] for segment (7f23ccbb-f7a4-4f62-98f7-73a092d10994), precommit_create {{(pid=102715) _notify_loop /opt/stack/data/venv/lib/python3.12/site-packages/neutron_lib/callbacks/manager.py:184}}
Mar 25 19:11:04.248214 np0000160634 devstack@neutron-api.service[102715]: INFO neutron.db.segments_db [None req-1168a0ac-80c6-425a-a960-432d8ef63aad admin admin] Added segment 7f23ccbb-f7a4-4f62-98f7-73a092d10994 of type geneve for network 7a0c6e0e-92e7-4755-968d-1a408d715dd3
Mar 25 19:11:04.300219 np0000160634 devstack@neutron-api.service[102715]: DEBUG neutron_lib.callbacks.manager [None req-1168a0ac-80c6-425a-a960-432d8ef63aad admin admin] Publish callbacks ['neutron.services.auto_allocate.db._ensure_external_network_default_value_callback-8756041782976'] for network (7a0c6e0e-92e7-4755-968d-1a408d715dd3), precommit_create {{(pid=102715) _notify_loop /opt/stack/data/venv/lib/python3.12/site-packages/neutron_lib/callbacks/manager.py:184}}
Mar 25 19:11:04.320218 np0000160634 devstack@neutron-api.service[102715]: DEBUG neutron.plugins.ml2.drivers.ovn.mech_driver.mech_driver [None req-1168a0ac-80c6-425a-a960-432d8ef63aad admin admin] Validating network segment with type geneve, segmentation ID 32546, physical network None {{(pid=102715) _validate_network_segments /opt/stack/neutron/neutron/plugins/ml2/drivers/ovn/mech_driver/mech_driver.py:630}}
Mar 25 19:11:04.320423 np0000160634 devstack@neutron-api.service[102715]: DEBUG neutron.db.ovn_revision_numbers_db [None req-1168a0ac-80c6-425a-a960-432d8ef63aad admin admin] create_initial_revision uuid=7a0c6e0e-92e7-4755-968d-1a408d715dd3, type=networks, rev=-1 {{(pid=102715) create_initial_revision /opt/stack/neutron/neutron/db/ovn_revision_numbers_db.py:98}}
Mar 25 19:11:04.335196 np0000160634 devstack@neutron-api.service[102715]: DEBUG neutron_lib.callbacks.manager [None req-1168a0ac-80c6-425a-a960-432d8ef63aad admin admin] Publish callbacks ['neutron.plugins.ml2.ovo_rpc._ObjectChangeHandler.handle_event-1964249'] for network (7a0c6e0e-92e7-4755-968d-1a408d715dd3), after_create {{(pid=102715) _notify_loop /opt/stack/data/venv/lib/python3.12/site-packages/neutron_lib/callbacks/manager.py:184}}
Mar 25 19:11:04.384663 np0000160634 devstack@neutron-api.service[102715]: DEBUG neutron.api.rpc.handlers.resources_rpc [None req-1168a0ac-80c6-425a-a960-432d8ef63aad admin admin] Pushing event updated for resources: {'Network': ['ID=7a0c6e0e-92e7-4755-968d-1a408d715dd3,revision_number=1']} {{(pid=102715) push /opt/stack/neutron/neutron/api/rpc/handlers/resources_rpc.py:237}}
Mar 25 19:11:04.394185 np0000160634 devstack@neutron-api.service[102715]: DEBUG ovsdbapp.backend.ovs_idl.transaction [-] Running txn n=1 command(idx=0): AddNetworkCommand(_result=None, network_uuid=7a0c6e0e-92e7-4755-968d-1a408d715dd3, may_exist=True, columns={'external_ids': {'neutron:network_name': 'private', 'neutron:mtu': '1372', 'neutron:revision_number': '1', 'neutron:availability_zone_hints': '', 'neutron:provnet-network-type': 'geneve'}, 'other_config': {'mcast_snoop': 'false', 'mcast_flood_unregistered': 'false', 'vlan-passthru': 'false'}}) {{(pid=102715) do_commit /opt/stack/data/venv/lib/python3.12/site-packages/ovsdbapp/backend/ovs_idl/transaction.py:89}}
Mar 25 19:11:04.394671 np0000160634 devstack@neutron-api.service[102715]: DEBUG neutron.common.ovn.utils [-] OVS persist_uuid supported=True {{(pid=102715) ovs_persist_uuid_supported /opt/stack/neutron/neutron/common/ovn/utils.py:1510}}
Mar 25 19:11:04.398270 np0000160634 devstack@neutron-api.service[102716]: DEBUG neutron.plugins.ml2.drivers.ovn.mech_driver.ovsdb.ovsdb_monitor [-] Hash Ring: Node 6c65338cab8d5175b4e46bc1d5e5a993 (host: np0000160634) handling event "create" for row 7a0c6e0e-92e7-4755-968d-1a408d715dd3 (table: Logical_Switch) {{(pid=102716) notify /opt/stack/neutron/neutron/plugins/ml2/drivers/ovn/mech_driver/ovsdb/ovsdb_monitor.py:912}}
Mar 25 19:11:04.399079 np0000160634 devstack@neutron-api.service[102717]: DEBUG neutron.plugins.ml2.drivers.ovn.mech_driver.ovsdb.ovsdb_monitor [-] Hash Ring: Node bce0f5c9f78f5481839b51c647ab5fd5 (host: np0000160634) handling event "create" for row 7a0c6e0e-92e7-4755-968d-1a408d715dd3 (table: Logical_Switch) {{(pid=102717) notify /opt/stack/neutron/neutron/plugins/ml2/drivers/ovn/mech_driver/ovsdb/ovsdb_monitor.py:912}}
Mar 25 19:11:04.405773 np0000160634 devstack@neutron-api.service[102716]: DEBUG neutron.plugins.ml2.drivers.ovn.mech_driver.ovsdb.ovsdb_monitor [-] Hash Ring: Node 6c65338cab8d5175b4e46bc1d5e5a993 (host: np0000160634) handling event "create" for row 43eaed84-826c-487e-8853-cbbb0dd0a60e (table: Datapath_Binding) {{(pid=102716) notify /opt/stack/neutron/neutron/plugins/ml2/drivers/ovn/mech_driver/ovsdb/ovsdb_monitor.py:912}}
Mar 25 19:11:04.413123 np0000160634 devstack@neutron-api.service[102715]: DEBUG neutron.plugins.ml2.drivers.ovn.mech_driver.ovsdb.ovsdb_monitor [-] Hash Ring: Node cd1d8cc01b2f5d92a5f037369fb05312 (host: np0000160634) handling event "create" for row 43eaed84-826c-487e-8853-cbbb0dd0a60e (table: Datapath_Binding) {{(pid=102715) notify /opt/stack/neutron/neutron/plugins/ml2/drivers/ovn/mech_driver/ovsdb/ovsdb_monitor.py:912}}
Mar 25 19:11:04.433196 np0000160634 devstack@neutron-api.service[102715]: INFO neutron.db.ovn_revision_numbers_db [None req-1168a0ac-80c6-425a-a960-432d8ef63aad admin admin] Successfully bumped revision number for resource 7a0c6e0e-92e7-4755-968d-1a408d715dd3 (type: networks) to 1
Mar 25 19:11:04.498189 np0000160634 devstack@neutron-api.service[102715]: DEBUG neutron_lib.callbacks.manager [None req-1168a0ac-80c6-425a-a960-432d8ef63aad admin admin] Publish callbacks ['neutron.plugins.ml2.plugin.SecurityGroupDbMixin._ensure_default_security_group_handler-67279'] for port (None), before_create {{(pid=102715) _notify_loop /opt/stack/data/venv/lib/python3.12/site-packages/neutron_lib/callbacks/manager.py:184}}
Mar 25 19:11:04.773417 np0000160634 devstack@neutron-api.service[102715]: DEBUG neutron_lib.callbacks.manager [None req-1168a0ac-80c6-425a-a960-432d8ef63aad admin admin] Publish callbacks ['neutron.plugins.ml2.drivers.ovn.mech_driver.mech_driver.OVNMechanismDriver._validate_allowed_address_pairs-285985'] for allowed_address_pair (29b931a4-fded-405e-8233-e8f3abc04097), before_create {{(pid=102715) _notify_loop /opt/stack/data/venv/lib/python3.12/site-packages/neutron_lib/callbacks/manager.py:184}}
Mar 25 19:11:04.774194 np0000160634 devstack@neutron-api.service[102715]: DEBUG neutron_lib.callbacks.manager [None req-1168a0ac-80c6-425a-a960-432d8ef63aad admin admin] Publish callbacks [] for port (29b931a4-fded-405e-8233-e8f3abc04097), precommit_create {{(pid=102715) _notify_loop /opt/stack/data/venv/lib/python3.12/site-packages/neutron_lib/callbacks/manager.py:184}}
Mar 25 19:11:04.774194 np0000160634 devstack@neutron-api.service[102715]: DEBUG neutron.plugins.ml2.drivers.ovn.mech_driver.mech_driver [None req-1168a0ac-80c6-425a-a960-432d8ef63aad admin admin] No provisioning block for port 29b931a4-fded-405e-8233-e8f3abc04097 since it does not have a host {{(pid=102715) _is_port_provisioning_required /opt/stack/neutron/neutron/plugins/ml2/drivers/ovn/mech_driver/mech_driver.py:883}}
Mar 25 19:11:04.774194 np0000160634 devstack@neutron-api.service[102715]: DEBUG neutron.db.ovn_revision_numbers_db [None req-1168a0ac-80c6-425a-a960-432d8ef63aad admin admin] create_initial_revision uuid=29b931a4-fded-405e-8233-e8f3abc04097, type=ports, rev=-1 {{(pid=102715) create_initial_revision /opt/stack/neutron/neutron/db/ovn_revision_numbers_db.py:98}}
Mar 25 19:11:04.836903 np0000160634 devstack@neutron-api.service[102715]: DEBUG neutron_lib.callbacks.manager [None req-1168a0ac-80c6-425a-a960-432d8ef63aad admin admin] Publish callbacks ['neutron.plugins.ml2.ovo_rpc._ObjectChangeHandler.handle_event-1964232'] for port (29b931a4-fded-405e-8233-e8f3abc04097), after_create {{(pid=102715) _notify_loop /opt/stack/data/venv/lib/python3.12/site-packages/neutron_lib/callbacks/manager.py:184}}
Mar 25 19:11:04.892610 np0000160634 devstack@neutron-api.service[102715]: DEBUG neutron.api.rpc.handlers.resources_rpc [None req-1168a0ac-80c6-425a-a960-432d8ef63aad admin admin] Pushing event updated for resources: {'Port': ['ID=29b931a4-fded-405e-8233-e8f3abc04097,revision_number=1']} {{(pid=102715) push /opt/stack/neutron/neutron/api/rpc/handlers/resources_rpc.py:237}}
Mar 25 19:11:04.931807 np0000160634 devstack@neutron-api.service[102715]: DEBUG ovsdbapp.backend.ovs_idl.transaction [-] Running txn n=1 command(idx=0): AddLSwitchPortCommand(_result=None, lport=29b931a4-fded-405e-8233-e8f3abc04097, lswitch=neutron-7a0c6e0e-92e7-4755-968d-1a408d715dd3, may_exist=True, network_uuid=7a0c6e0e-92e7-4755-968d-1a408d715dd3, columns={'addresses': ['fa:16:3e:25:41:fa'], 'external_ids': {'neutron:port_name': '', 'neutron:device_id': 'ovnmeta-7a0c6e0e-92e7-4755-968d-1a408d715dd3', 'neutron:project_id': '097e519371de4a3a97ede7b51415d814', 'neutron:cidrs': '', 'neutron:device_owner': 'network:distributed', 'neutron:subnet_pool_addr_scope4': '', 'neutron:subnet_pool_addr_scope6': '', 'neutron:network_name': 'neutron-7a0c6e0e-92e7-4755-968d-1a408d715dd3', 'neutron:security_group_ids': '', 'neutron:revision_number': '1', 'neutron:vnic_type': 'normal', 'neutron:port_capabilities': '', 'neutron:mtu': ''}, 'parent_name': [], 'tag': [], 'enabled': True, 'options': {}, 'type': 'localport', 'port_security': [], 'dhcpv4_options': [], 'dhcpv6_options': []}) {{(pid=102715) do_commit /opt/stack/data/venv/lib/python3.12/site-packages/ovsdbapp/backend/ovs_idl/transaction.py:89}}
Mar 25 19:11:04.932797 np0000160634 devstack@neutron-api.service[102715]: DEBUG ovsdbapp.backend.ovs_idl.transaction [-] Running txn n=1 command(idx=1): QoSDelCommand(_result=None, switch=neutron-7a0c6e0e-92e7-4755-968d-1a408d715dd3, conditions=[('direction', '=', 'to-lport'), ('priority', '=', 2002), ('match', '=', 'outport == "29b931a4-fded-405e-8233-e8f3abc04097"')], if_exists=True) {{(pid=102715) do_commit /opt/stack/data/venv/lib/python3.12/site-packages/ovsdbapp/backend/ovs_idl/transaction.py:89}}
Mar 25 19:11:04.933135 np0000160634 devstack@neutron-api.service[102715]: DEBUG ovsdbapp.backend.ovs_idl.transaction [-] Running txn n=1 command(idx=2): QoSDelCommand(_result=None, switch=neutron-7a0c6e0e-92e7-4755-968d-1a408d715dd3, conditions=[('direction', '=', 'from-lport'), ('priority', '=', 2002), ('match', '=', 'inport == "29b931a4-fded-405e-8233-e8f3abc04097"')], if_exists=True) {{(pid=102715) do_commit /opt/stack/data/venv/lib/python3.12/site-packages/ovsdbapp/backend/ovs_idl/transaction.py:89}}
Mar 25 19:11:04.938479 np0000160634 devstack@neutron-api.service[102715]: DEBUG neutron.plugins.ml2.drivers.ovn.mech_driver.ovsdb.ovsdb_monitor [-] Hash Ring: Node cd1d8cc01b2f5d92a5f037369fb05312 (host: np0000160634) handling event "create" for row 27adcbb2-fdc4-45d4-a944-7dc939d3da41 (table: Logical_Switch_Port) {{(pid=102715) notify /opt/stack/neutron/neutron/plugins/ml2/drivers/ovn/mech_driver/ovsdb/ovsdb_monitor.py:912}}
Mar 25 19:11:04.940837 np0000160634 devstack@neutron-api.service[102717]: DEBUG neutron.plugins.ml2.drivers.ovn.mech_driver.ovsdb.ovsdb_monitor [-] Hash Ring: Node bce0f5c9f78f5481839b51c647ab5fd5 (host: np0000160634) handling event "update" for row 7a0c6e0e-92e7-4755-968d-1a408d715dd3 (table: Logical_Switch) {{(pid=102717) notify /opt/stack/neutron/neutron/plugins/ml2/drivers/ovn/mech_driver/ovsdb/ovsdb_monitor.py:912}}
Mar 25 19:11:04.941398 np0000160634 devstack@neutron-api.service[102716]: DEBUG neutron.plugins.ml2.drivers.ovn.mech_driver.ovsdb.ovsdb_monitor [-] Hash Ring: Node 6c65338cab8d5175b4e46bc1d5e5a993 (host: np0000160634) handling event "create" for row 969a5535-74b6-4437-89c0-1120d16f9dcd (table: Port_Binding) {{(pid=102716) notify /opt/stack/neutron/neutron/plugins/ml2/drivers/ovn/mech_driver/ovsdb/ovsdb_monitor.py:912}}
Mar 25 19:11:04.941861 np0000160634 devstack@neutron-api.service[102715]: DEBUG ovsdbapp.backend.ovs_idl.event [-] Matched CREATE: LogicalSwitchPortCreateEvent(events=('create',), table='Logical_Switch_Port', conditions=[], old_conditions=None), priority=20 to row=Logical_Switch_Port(uuid=27adcbb2-fdc4-45d4-a944-7dc939d3da41, addresses=['fa:16:3e:25:41:fa'], dhcpv4_options=[], dhcpv6_options=[], dynamic_addresses=[], enabled=True, external_ids={'neutron:cidrs': '', 'neutron:device_id': 'ovnmeta-7a0c6e0e-92e7-4755-968d-1a408d715dd3', 'neutron:device_owner': 'network:distributed', 'neutron:mtu': '', 'neutron:network_name': 'neutron-7a0c6e0e-92e7-4755-968d-1a408d715dd3', 'neutron:port_capabilities': '', 'neutron:port_name': '', 'neutron:project_id': '097e519371de4a3a97ede7b51415d814', 'neutron:revision_number': '1', 'neutron:security_group_ids': '', 'neutron:subnet_pool_addr_scope4': '', 'neutron:subnet_pool_addr_scope6': '', 'neutron:vnic_type': 'normal'}, ha_chassis_group=[], mirror_rules=[], name='29b931a4-fded-405e-8233-e8f3abc04097', options={}, parent_name=[], port_security=[], tag=[], tag_request=[], type='localport', up=[]) old= {{(pid=102715) matches /opt/stack/data/venv/lib/python3.12/site-packages/ovsdbapp/backend/ovs_idl/event.py:55}}
Mar 25 19:11:04.942080 np0000160634 devstack@neutron-api.service[102717]: DEBUG neutron.plugins.ml2.drivers.ovn.mech_driver.ovsdb.ovsdb_monitor [-] Hash Ring: Node bce0f5c9f78f5481839b51c647ab5fd5 (host: np0000160634) handling event "create" for row 969a5535-74b6-4437-89c0-1120d16f9dcd (table: Port_Binding) {{(pid=102717) notify /opt/stack/neutron/neutron/plugins/ml2/drivers/ovn/mech_driver/ovsdb/ovsdb_monitor.py:912}}
Mar 25 19:11:04.942163 np0000160634 devstack@neutron-api.service[102717]: DEBUG neutron.plugins.ml2.drivers.ovn.mech_driver.ovsdb.ovsdb_monitor [-] Hash Ring: Node bce0f5c9f78f5481839b51c647ab5fd5 (host: np0000160634) handling event "create" for row 27adcbb2-fdc4-45d4-a944-7dc939d3da41 (table: Logical_Switch_Port) {{(pid=102717) notify /opt/stack/neutron/neutron/plugins/ml2/drivers/ovn/mech_driver/ovsdb/ovsdb_monitor.py:912}}
Mar 25 19:11:04.942393 np0000160634 devstack@neutron-api.service[102716]: DEBUG neutron.plugins.ml2.drivers.ovn.mech_driver.ovsdb.ovsdb_monitor [-] Hash Ring: Node 6c65338cab8d5175b4e46bc1d5e5a993 (host: np0000160634) handling event "update" for row 7a0c6e0e-92e7-4755-968d-1a408d715dd3 (table: Logical_Switch) {{(pid=102716) notify /opt/stack/neutron/neutron/plugins/ml2/drivers/ovn/mech_driver/ovsdb/ovsdb_monitor.py:912}}
Mar 25 19:11:04.942827 np0000160634 devstack@neutron-api.service[102716]: DEBUG neutron.plugins.ml2.drivers.ovn.mech_driver.ovsdb.ovsdb_monitor [-] Hash Ring: Node 6c65338cab8d5175b4e46bc1d5e5a993 (host: np0000160634) handling event "create" for row 27adcbb2-fdc4-45d4-a944-7dc939d3da41 (table: Logical_Switch_Port) {{(pid=102716) notify /opt/stack/neutron/neutron/plugins/ml2/drivers/ovn/mech_driver/ovsdb/ovsdb_monitor.py:912}}
Mar 25 19:11:04.943423 np0000160634 devstack@neutron-api.service[102715]: INFO neutron.plugins.ml2.drivers.ovn.mech_driver.mech_driver [-] OVN reports status down for port: 29b931a4-fded-405e-8233-e8f3abc04097
Mar 25 19:11:04.944289 np0000160634 devstack@neutron-api.service[102717]: DEBUG ovsdbapp.backend.ovs_idl.event [-] Matched CREATE: LogicalSwitchPortCreateEvent(events=('create',), table='Logical_Switch_Port', conditions=[], old_conditions=None), priority=20 to row=Logical_Switch_Port(uuid=27adcbb2-fdc4-45d4-a944-7dc939d3da41, addresses=['fa:16:3e:25:41:fa'], dhcpv4_options=[], dhcpv6_options=[], dynamic_addresses=[], enabled=True, external_ids={'neutron:cidrs': '', 'neutron:device_id': 'ovnmeta-7a0c6e0e-92e7-4755-968d-1a408d715dd3', 'neutron:device_owner': 'network:distributed', 'neutron:mtu': '', 'neutron:network_name': 'neutron-7a0c6e0e-92e7-4755-968d-1a408d715dd3', 'neutron:port_capabilities': '', 'neutron:port_name': '', 'neutron:project_id': '097e519371de4a3a97ede7b51415d814', 'neutron:revision_number': '1', 'neutron:security_group_ids': '', 'neutron:subnet_pool_addr_scope4': '', 'neutron:subnet_pool_addr_scope6': '', 'neutron:vnic_type': 'normal'}, ha_chassis_group=[], mirror_rules=[], name='29b931a4-fded-405e-8233-e8f3abc04097', options={}, parent_name=[], port_security=[], tag=[], tag_request=[], type='localport', up=[]) old= {{(pid=102717) matches /opt/stack/data/venv/lib/python3.12/site-packages/ovsdbapp/backend/ovs_idl/event.py:55}}
Mar 25 19:11:04.944358 np0000160634 devstack@neutron-api.service[102716]: DEBUG ovsdbapp.backend.ovs_idl.event [-] Matched CREATE: LogicalSwitchPortCreateEvent(events=('create',), table='Logical_Switch_Port', conditions=[], old_conditions=None), priority=20 to row=Logical_Switch_Port(uuid=27adcbb2-fdc4-45d4-a944-7dc939d3da41, addresses=['fa:16:3e:25:41:fa'], dhcpv4_options=[], dhcpv6_options=[], dynamic_addresses=[], enabled=True, external_ids={'neutron:cidrs': '', 'neutron:device_id': 'ovnmeta-7a0c6e0e-92e7-4755-968d-1a408d715dd3', 'neutron:device_owner': 'network:distributed', 'neutron:mtu': '', 'neutron:network_name': 'neutron-7a0c6e0e-92e7-4755-968d-1a408d715dd3', 'neutron:port_capabilities': '', 'neutron:port_name': '', 'neutron:project_id': '097e519371de4a3a97ede7b51415d814', 'neutron:revision_number': '1', 'neutron:security_group_ids': '', 'neutron:subnet_pool_addr_scope4': '', 'neutron:subnet_pool_addr_scope6': '', 'neutron:vnic_type': 'normal'}, ha_chassis_group=[], mirror_rules=[], name='29b931a4-fded-405e-8233-e8f3abc04097', options={}, parent_name=[], port_security=[], tag=[], tag_request=[], type='localport', up=[]) old= {{(pid=102716) matches /opt/stack/data/venv/lib/python3.12/site-packages/ovsdbapp/backend/ovs_idl/event.py:55}}
Mar 25 19:11:04.945501 np0000160634 devstack@neutron-api.service[102716]: INFO neutron.plugins.ml2.drivers.ovn.mech_driver.mech_driver [-] OVN reports status down for port: 29b931a4-fded-405e-8233-e8f3abc04097
Mar 25 19:11:04.946050 np0000160634 devstack@neutron-api.service[102717]: INFO neutron.plugins.ml2.drivers.ovn.mech_driver.mech_driver [-] OVN reports status down for port: 29b931a4-fded-405e-8233-e8f3abc04097
Mar 25 19:11:04.946188 np0000160634 devstack@neutron-api.service[102715]: DEBUG neutron.plugins.ml2.drivers.ovn.mech_driver.ovsdb.ovsdb_monitor [-] Hash Ring: Node cd1d8cc01b2f5d92a5f037369fb05312 (host: np0000160634) handling event "update" for row 27adcbb2-fdc4-45d4-a944-7dc939d3da41 (table: Logical_Switch_Port) {{(pid=102715) notify /opt/stack/neutron/neutron/plugins/ml2/drivers/ovn/mech_driver/ovsdb/ovsdb_monitor.py:912}}
Mar 25 19:11:04.946451 np0000160634 devstack@neutron-api.service[102716]: DEBUG neutron.plugins.ml2.drivers.ovn.mech_driver.ovsdb.ovsdb_monitor [-] Hash Ring: Node 6c65338cab8d5175b4e46bc1d5e5a993 (host: np0000160634) handling event "update" for row 27adcbb2-fdc4-45d4-a944-7dc939d3da41 (table: Logical_Switch_Port) {{(pid=102716) notify /opt/stack/neutron/neutron/plugins/ml2/drivers/ovn/mech_driver/ovsdb/ovsdb_monitor.py:912}}
Mar 25 19:11:04.946556 np0000160634 devstack@neutron-api.service[102717]: DEBUG neutron.plugins.ml2.drivers.ovn.mech_driver.ovsdb.ovsdb_monitor [-] Hash Ring: Node bce0f5c9f78f5481839b51c647ab5fd5 (host: np0000160634) handling event "update" for row 27adcbb2-fdc4-45d4-a944-7dc939d3da41 (table: Logical_Switch_Port) {{(pid=102717) notify /opt/stack/neutron/neutron/plugins/ml2/drivers/ovn/mech_driver/ovsdb/ovsdb_monitor.py:912}}
Mar 25 19:11:05.017551 np0000160634 devstack@neutron-api.service[102717]: DEBUG neutron.db.provisioning_blocks [None req-6014a931-9478-4233-b2ff-7475a250df82 None None] Transition to ACTIVE for port object 29b931a4-fded-405e-8233-e8f3abc04097 will not be triggered until provisioned by entity L2. {{(pid=102717) add_provisioning_component /opt/stack/neutron/neutron/db/provisioning_blocks.py:74}}
Mar 25 19:11:05.056594 np0000160634 devstack@neutron-api.service[102715]: INFO neutron.db.ovn_revision_numbers_db [None req-1168a0ac-80c6-425a-a960-432d8ef63aad admin admin] Successfully bumped revision number for resource 29b931a4-fded-405e-8233-e8f3abc04097 (type: ports) to 1
Mar 25 19:11:05.058753 np0000160634 devstack@neutron-api.service[102717]: DEBUG neutron.plugins.ml2.plugin [None req-6014a931-9478-4233-b2ff-7475a250df82 None None] Current status of the port 29b931a4-fded-405e-8233-e8f3abc04097 is: DOWN; New status is: DOWN {{(pid=102717) _update_individual_port_db_status /opt/stack/neutron/neutron/plugins/ml2/plugin.py:2466}}
Mar 25 19:11:05.059339 np0000160634 devstack@neutron-api.service[102717]: INFO neutron.plugins.ml2.drivers.ovn.mech_driver.ovsdb.extensions.qos [None req-6014a931-9478-4233-b2ff-7475a250df82 None None] Starting OVNClientQosExtension
Mar 25 19:11:05.059464 np0000160634 devstack@neutron-api.service[102717]: INFO neutron.plugins.ml2.drivers.ovn.mech_driver.ovsdb.extensions.placement [None req-6014a931-9478-4233-b2ff-7475a250df82 None None] Starting OVNClientPlacementExtension
Mar 25 19:11:05.061317 np0000160634 devstack@neutron-api.service[102717]: DEBUG ovsdbapp.backend.ovs_idl.transaction [-] Running txn n=1 command(idx=0): DbRemoveCommand(_result=None, table=Logical_Switch_Port, record=29b931a4-fded-405e-8233-e8f3abc04097, column=external_ids, values=('neutron:host_id',), keyvalues={}, if_exists=True) {{(pid=102717) do_commit /opt/stack/data/venv/lib/python3.12/site-packages/ovsdbapp/backend/ovs_idl/transaction.py:89}}
Mar 25 19:11:05.082114 np0000160634 devstack@neutron-api.service[102715]: DEBUG neutron.pecan_wsgi.hooks.policy_enforcement [None req-1168a0ac-80c6-425a-a960-432d8ef63aad admin admin] Attributes excluded by policy engine: ['standard_attr_id'] {{(pid=102715) _exclude_attributes_by_policy /opt/stack/neutron/neutron/pecan_wsgi/hooks/policy_enforcement.py:258}}
Mar 25 19:11:05.082839 np0000160634 devstack@neutron-api.service[102715]: DEBUG neutron_lib.callbacks.manager [None req-1168a0ac-80c6-425a-a960-432d8ef63aad admin admin] Publish callbacks [] for network (None), before_response {{(pid=102715) _notify_loop /opt/stack/data/venv/lib/python3.12/site-packages/neutron_lib/callbacks/manager.py:184}}
Mar 25 19:11:05.084462 np0000160634 devstack@neutron-api.service[102715]: DEBUG neutron.db.provisioning_blocks [None req-d693f4e2-c592-4ac3-9a81-1218615eddb9 None None] Ignored duplicate provisioning block setup for port 29b931a4-fded-405e-8233-e8f3abc04097 by entity L2. {{(pid=102715) add_provisioning_component /opt/stack/neutron/neutron/db/provisioning_blocks.py:69}}
Mar 25 19:11:05.121239 np0000160634 devstack@neutron-api.service[102715]: [pid: 102715|app: 0|req: 1/5] 199.204.45.223 () {68 vars in 1357 bytes} [Wed Mar 25 19:11:03 2026] POST /networking/v2.0/networks => generated 681 bytes in 1679 msecs (HTTP/1.1 201) 4 headers in 162 bytes (1 switches on core 0)
Mar 25 19:11:05.141125 np0000160634 devstack@neutron-api.service[102715]: DEBUG neutron.plugins.ml2.plugin [None req-d693f4e2-c592-4ac3-9a81-1218615eddb9 None None] Current status of the port 29b931a4-fded-405e-8233-e8f3abc04097 is: DOWN; New status is: DOWN {{(pid=102715) _update_individual_port_db_status /opt/stack/neutron/neutron/plugins/ml2/plugin.py:2466}}
Mar 25 19:11:05.142589 np0000160634 devstack@neutron-api.service[102715]: DEBUG ovsdbapp.backend.ovs_idl.transaction [-] Running txn n=1 command(idx=0): DbRemoveCommand(_result=None, table=Logical_Switch_Port, record=29b931a4-fded-405e-8233-e8f3abc04097, column=external_ids, values=('neutron:host_id',), keyvalues={}, if_exists=True) {{(pid=102715) do_commit /opt/stack/data/venv/lib/python3.12/site-packages/ovsdbapp/backend/ovs_idl/transaction.py:89}}
Mar 25 19:11:05.187621 np0000160634 devstack@neutron-api.service[102716]: DEBUG neutron.db.provisioning_blocks [None req-d8f52594-8710-432f-af88-1789c0a18f81 None None] Ignored duplicate provisioning block setup for port 29b931a4-fded-405e-8233-e8f3abc04097 by entity L2. {{(pid=102716) add_provisioning_component /opt/stack/neutron/neutron/db/provisioning_blocks.py:69}}
Mar 25 19:11:05.224249 np0000160634 devstack@neutron-api.service[102716]: DEBUG neutron.plugins.ml2.plugin [None req-d8f52594-8710-432f-af88-1789c0a18f81 None None] Current status of the port 29b931a4-fded-405e-8233-e8f3abc04097 is: DOWN; New status is: DOWN {{(pid=102716) _update_individual_port_db_status /opt/stack/neutron/neutron/plugins/ml2/plugin.py:2466}}
Mar 25 19:11:05.226264 np0000160634 devstack@neutron-api.service[102716]: DEBUG ovsdbapp.backend.ovs_idl.transaction [-] Running txn n=1 command(idx=0): DbRemoveCommand(_result=None, table=Logical_Switch_Port, record=29b931a4-fded-405e-8233-e8f3abc04097, column=external_ids, values=('neutron:host_id',), keyvalues={}, if_exists=True) {{(pid=102716) do_commit /opt/stack/data/venv/lib/python3.12/site-packages/ovsdbapp/backend/ovs_idl/transaction.py:89}}
Mar 25 19:11:05.758191 np0000160634 devstack@neutron-api.service[102716]: DEBUG neutron.policy [None req-3096b4eb-eb26-407a-af3f-c69232a6828b admin admin] Loaded default policies from ['neutron'] under neutron.policies entry points {{(pid=102716) register_rules /opt/stack/neutron/neutron/policy.py:65}}
Mar 25 19:11:05.874166 np0000160634 devstack@neutron-api.service[102716]: DEBUG neutron.pecan_wsgi.hooks.policy_enforcement [None req-3096b4eb-eb26-407a-af3f-c69232a6828b admin admin] Attributes excluded by policy engine: ['standard_attr_id'] {{(pid=102716) _exclude_attributes_by_policy /opt/stack/neutron/neutron/pecan_wsgi/hooks/policy_enforcement.py:258}}
Mar 25 19:11:05.874976 np0000160634 devstack@neutron-api.service[102716]: [pid: 102716|app: 0|req: 3/6] 199.204.45.223 () {64 vars in 1415 bytes} [Wed Mar 25 19:11:05 2026] GET /networking/v2.0/networks/7a0c6e0e-92e7-4755-968d-1a408d715dd3 => generated 662 bytes in 354 msecs (HTTP/1.1 200) 4 headers in 157 bytes (1 switches on core 0)
Mar 25 19:11:05.892828 np0000160634 devstack@neutron-api.service[102717]: DEBUG neutron.api.wsgi [None req-12a2feeb-5286-4443-8af8-920de6bb96f6 admin admin] Missing Content-Type {{(pid=102717) get_content_type /opt/stack/neutron/neutron/api/wsgi.py:85}}
Mar 25 19:11:05.902334 np0000160634 devstack@neutron-api.service[102717]: [pid: 102717|app: 0|req: 2/7] 199.204.45.223 () {64 vars in 1424 bytes} [Wed Mar 25 19:11:05 2026] GET /networking/v2.0/subnetpools/73306e62-51b4-4b2c-80ae-687614f0ceda => generated 533 bytes in 13 msecs (HTTP/1.1 200) 4 headers in 157 bytes (1 switches on core 0)
Mar 25 19:11:05.920308 np0000160634 devstack@neutron-api.service[102714]: DEBUG neutron.api.v2.base [None req-3ed8a8c0-9608-4690-b44a-99b11be3ea41 admin admin] Request body: {'subnet': {'name': 'private-subnet', 'gateway_ip': '10.1.0.1', 'network_id': '7a0c6e0e-92e7-4755-968d-1a408d715dd3', 'subnetpool_id': '73306e62-51b4-4b2c-80ae-687614f0ceda', 'ip_version': 4}} {{(pid=102714) prepare_request_body /opt/stack/neutron/neutron/api/v2/base.py:729}}
Mar 25 19:11:05.940933 np0000160634 devstack@neutron-api.service[102714]: DEBUG neutron.pecan_wsgi.hooks.quota_enforcement [None req-3ed8a8c0-9608-4690-b44a-99b11be3ea41 admin admin] Made reservation on behalf of 097e519371de4a3a97ede7b51415d814 for: {'subnet': 1} {{(pid=102714) before /opt/stack/neutron/neutron/pecan_wsgi/hooks/quota_enforcement.py:66}}
Mar 25 19:11:05.944836 np0000160634 devstack@neutron-api.service[102714]: DEBUG neutron_lib.callbacks.manager [None req-3ed8a8c0-9608-4690-b44a-99b11be3ea41 admin admin] Publish callbacks [] for subnet (None), before_create {{(pid=102714) _notify_loop /opt/stack/data/venv/lib/python3.12/site-packages/neutron_lib/callbacks/manager.py:184}}
Mar 25 19:11:06.159838 np0000160634 devstack@neutron-api.service[102714]: DEBUG neutron.db.ovn_revision_numbers_db [None req-3ed8a8c0-9608-4690-b44a-99b11be3ea41 admin admin] create_initial_revision uuid=1bc328e6-81a8-4d4b-82e6-df71fa1c0c03, type=subnets, rev=-1 {{(pid=102714) create_initial_revision /opt/stack/neutron/neutron/db/ovn_revision_numbers_db.py:98}}
Mar 25 19:11:06.159838 np0000160634 devstack@neutron-api.service[102714]: DEBUG neutron_lib.callbacks.manager [None req-3ed8a8c0-9608-4690-b44a-99b11be3ea41 admin admin] Publish callbacks ['neutron.plugins.ml2.ovo_rpc._ObjectChangeHandler.handle_event-2262404'] for subnet (1bc328e6-81a8-4d4b-82e6-df71fa1c0c03), after_create {{(pid=102714) _notify_loop /opt/stack/data/venv/lib/python3.12/site-packages/neutron_lib/callbacks/manager.py:184}}
Mar 25 19:11:06.172978 np0000160634 devstack@neutron-api.service[102714]: DEBUG neutron.api.rpc.handlers.resources_rpc [None req-3ed8a8c0-9608-4690-b44a-99b11be3ea41 admin admin] Pushing event updated for resources: {'Subnet': ['ID=1bc328e6-81a8-4d4b-82e6-df71fa1c0c03,revision_number=0']} {{(pid=102714) push /opt/stack/neutron/neutron/api/rpc/handlers/resources_rpc.py:237}}
Mar 25 19:11:06.179075 np0000160634 devstack@neutron-api.service[102714]: DEBUG neutron.api.rpc.callbacks.version_manager [None req-3ed8a8c0-9608-4690-b44a-99b11be3ea41 admin admin] Tracked resource versions report:
Mar 25 19:11:06.179075 np0000160634 devstack@neutron-api.service[102714]: pushed versions:
Mar 25 19:11:06.179075 np0000160634 devstack@neutron-api.service[102714]: { 'AddressGroup': {'1.2'},
Mar 25 19:11:06.179075 np0000160634 devstack@neutron-api.service[102714]: 'Agent': {'1.1'},
Mar 25 19:11:06.179075 np0000160634 devstack@neutron-api.service[102714]: 'ConntrackHelper': {'1.0'},
Mar 25 19:11:06.179075 np0000160634 devstack@neutron-api.service[102714]: 'LocalIPAssociation': {'1.0'},
Mar 25 19:11:06.179075 np0000160634 devstack@neutron-api.service[102714]: 'Log': {'1.0'},
Mar 25 19:11:06.179075 np0000160634 devstack@neutron-api.service[102714]: 'NDPProxy': {'1.0'},
Mar 25 19:11:06.179075 np0000160634 devstack@neutron-api.service[102714]: 'Network': {'1.2'},
Mar 25 19:11:06.179075 np0000160634 devstack@neutron-api.service[102714]: 'Port': {'1.10'},
Mar 25 19:11:06.179075 np0000160634 devstack@neutron-api.service[102714]: 'PortForwarding': {'1.3'},
Mar 25 19:11:06.179075 np0000160634 devstack@neutron-api.service[102714]: 'QosPolicy': {'1.10'},
Mar 25 19:11:06.179075 np0000160634 devstack@neutron-api.service[102714]: 'SecurityGroup': {'1.6'},
Mar 25 19:11:06.179075 np0000160634 devstack@neutron-api.service[102714]: 'SecurityGroupRule': {'1.3'},
Mar 25 19:11:06.179075 np0000160634 devstack@neutron-api.service[102714]: 'SubPort': {'1.0'},
Mar 25 19:11:06.179075 np0000160634 devstack@neutron-api.service[102714]: 'Subnet': {'1.2'},
Mar 25 19:11:06.179075 np0000160634 devstack@neutron-api.service[102714]: 'Trunk': {'1.1'}}
Mar 25 19:11:06.179075 np0000160634 devstack@neutron-api.service[102714]: consumer versions:
Mar 25 19:11:06.179075 np0000160634 devstack@neutron-api.service[102714]: { OVN Controller Gateway agent@np0000160634: {},
Mar 25 19:11:06.179075 np0000160634 devstack@neutron-api.service[102714]: OVN Neutron agent@np0000160634: {}}
Mar 25 19:11:06.179075 np0000160634 devstack@neutron-api.service[102714]: {{(pid=102714) report /opt/stack/neutron/neutron/api/rpc/callbacks/version_manager.py:183}}
Mar 25 19:11:06.193812 np0000160634 devstack@neutron-api.service[102714]: INFO neutron.plugins.ml2.drivers.ovn.mech_driver.ovsdb.extensions.qos [None req-3ed8a8c0-9608-4690-b44a-99b11be3ea41 admin admin] Starting OVNClientQosExtension
Mar 25 19:11:06.193956 np0000160634 devstack@neutron-api.service[102714]: INFO neutron.plugins.ml2.drivers.ovn.mech_driver.ovsdb.extensions.placement [None req-3ed8a8c0-9608-4690-b44a-99b11be3ea41 admin admin] Starting OVNClientPlacementExtension
Mar 25 19:11:06.297039 np0000160634 devstack@neutron-api.service[102714]: DEBUG neutron_lib.callbacks.manager [None req-3ed8a8c0-9608-4690-b44a-99b11be3ea41 admin admin] Publish callbacks ['neutron.plugins.ml2.plugin.SecurityGroupDbMixin._ensure_default_security_group_handler-3970913', 'neutron.services.ovn_l3.plugin.OVNL3RouterPlugin._port_update-8756041794160', 'neutron.db.l3_db.L3_NAT_dbonly_mixin._prevent_internal_ip_change_for_fip-8756043642180'] for port (29b931a4-fded-405e-8233-e8f3abc04097), before_update {{(pid=102714) _notify_loop /opt/stack/data/venv/lib/python3.12/site-packages/neutron_lib/callbacks/manager.py:184}}
Mar 25 19:11:06.632881 np0000160634 devstack@neutron-api.service[102714]: DEBUG neutron.db.db_base_plugin_common [None req-3ed8a8c0-9608-4690-b44a-99b11be3ea41 admin admin] Allocated IP 10.1.0.2 (7a0c6e0e-92e7-4755-968d-1a408d715dd3/1bc328e6-81a8-4d4b-82e6-df71fa1c0c03/29b931a4-fded-405e-8233-e8f3abc04097) {{(pid=102714) _store_ip_allocation /opt/stack/neutron/neutron/db/db_base_plugin_common.py:131}}
Mar 25 19:11:06.752136 np0000160634 devstack@neutron-api.service[102714]: DEBUG neutron_lib.callbacks.manager [None req-3ed8a8c0-9608-4690-b44a-99b11be3ea41 admin admin] Publish callbacks [] for port (29b931a4-fded-405e-8233-e8f3abc04097), precommit_update {{(pid=102714) _notify_loop /opt/stack/data/venv/lib/python3.12/site-packages/neutron_lib/callbacks/manager.py:184}}
Mar 25 19:11:06.752343 np0000160634 devstack@neutron-api.service[102714]: DEBUG neutron.plugins.ml2.drivers.ovn.mech_driver.mech_driver [None req-3ed8a8c0-9608-4690-b44a-99b11be3ea41 admin admin] No provisioning block for port 29b931a4-fded-405e-8233-e8f3abc04097 since it does not have a host {{(pid=102714) _is_port_provisioning_required /opt/stack/neutron/neutron/plugins/ml2/drivers/ovn/mech_driver/mech_driver.py:883}}
Mar 25 19:11:06.768559 np0000160634 devstack@neutron-api.service[102714]: DEBUG neutron_lib.callbacks.manager [None req-3ed8a8c0-9608-4690-b44a-99b11be3ea41 admin admin] Publish callbacks ['neutron.plugins.ml2.ovo_rpc._ObjectChangeHandler.handle_event-2262135', 'neutron.db.l3_db.L3RpcNotifierMixin._notify_gateway_port_ip_changed-8756043645882', 'neutron.services.ovn_l3.plugin.OVNL3RouterPlugin._port_update-8756041794160'] for port (29b931a4-fded-405e-8233-e8f3abc04097), after_update {{(pid=102714) _notify_loop /opt/stack/data/venv/lib/python3.12/site-packages/neutron_lib/callbacks/manager.py:184}}
Mar 25 19:11:06.818841 np0000160634 devstack@neutron-api.service[102714]: DEBUG neutron.api.rpc.handlers.resources_rpc [None req-3ed8a8c0-9608-4690-b44a-99b11be3ea41 admin admin] Pushing event updated for resources: {'Port': ['ID=29b931a4-fded-405e-8233-e8f3abc04097,revision_number=2']} {{(pid=102714) push /opt/stack/neutron/neutron/api/rpc/handlers/resources_rpc.py:237}}
Mar 25 19:11:06.968961 np0000160634 devstack@neutron-api.service[102714]: DEBUG ovsdbapp.backend.ovs_idl.transaction [-] Running txn n=1 command(idx=0): CheckRevisionNumberCommand(_result=None, name=29b931a4-fded-405e-8233-e8f3abc04097, resource={'id': '29b931a4-fded-405e-8233-e8f3abc04097', 'name': '', 'network_id': '7a0c6e0e-92e7-4755-968d-1a408d715dd3', 'project_id': '097e519371de4a3a97ede7b51415d814', 'mac_address': 'fa:16:3e:25:41:fa', 'admin_state_up': True, 'status': 'DOWN', 'device_id': 'ovnmeta-7a0c6e0e-92e7-4755-968d-1a408d715dd3', 'device_owner': 'network:distributed', 'standard_attr_id': 14, 'fixed_ips': [{'subnet_id': '1bc328e6-81a8-4d4b-82e6-df71fa1c0c03', 'ip_address': '10.1.0.2'}], 'allowed_address_pairs': [], 'extra_dhcp_opts': [], 'security_groups': [], 'description': '', 'binding:vnic_type': 'normal', 'binding:profile': {}, 'binding:host_id': '', 'binding:vif_type': 'unbound', 'binding:vif_details': {}, 'port_security_enabled': False, 'tags': [], 'created_at': '2026-03-25T19:11:04Z', 'updated_at': '2026-03-25T19:11:06Z', 'revision_number': 2, 'tenant_id': '097e519371de4a3a97ede7b51415d814', 'network': {'id': '7a0c6e0e-92e7-4755-968d-1a408d715dd3', 'name': 'private', 'tenant_id': '097e519371de4a3a97ede7b51415d814', 'project_id': '097e519371de4a3a97ede7b51415d814', 'admin_state_up': True, 'mtu': 1372, 'status': 'ACTIVE', 'subnets': ['1bc328e6-81a8-4d4b-82e6-df71fa1c0c03'], 'standard_attr_id': 12, 'shared': False, 'availability_zone_hints': [], 'availability_zones': [], 'ipv4_address_scope': None, 'ipv6_address_scope': None, 'router:external': False, 'qinq': False, 'vlan_transparent': False, 'description': '', 'port_security_enabled': True, 'tags': [], 'created_at': '2026-03-25T19:11:04Z', 'updated_at': '2026-03-25T19:11:06Z', 'revision_number': 2, 'provider:network_type': 'geneve', 'provider:physical_network': None, 'provider:segmentation_id': 32546}}, resource_type=ports, if_exists=True) {{(pid=102714) do_commit /opt/stack/data/venv/lib/python3.12/site-packages/ovsdbapp/backend/ovs_idl/transaction.py:89}}
Mar 25 19:11:06.969848 np0000160634 devstack@neutron-api.service[102714]: DEBUG ovsdbapp.backend.ovs_idl.transaction [-] Running txn n=1 command(idx=1): AddDHCPOptionsCommand(_result=None, columns={'cidr': '10.1.0.0/26', 'options': {'server_id': '10.1.0.1', 'lease_time': '43200', 'mtu': '1372', 'router': '10.1.0.1', 'server_mac': 'fa:16:3e:f9:08:d0', 'dns_server': '{127.0.0.53}', 'classless_static_route': '{169.254.169.254/32,10.1.0.2, 0.0.0.0/0,10.1.0.1}'}, 'external_ids': {'subnet_id': '1bc328e6-81a8-4d4b-82e6-df71fa1c0c03', 'neutron:network_id': '7a0c6e0e-92e7-4755-968d-1a408d715dd3', 'neutron:revision_number': '0'}}, may_exist=True, subnet_id=1bc328e6-81a8-4d4b-82e6-df71fa1c0c03, port_id=None, new_insert=False) {{(pid=102714) do_commit /opt/stack/data/venv/lib/python3.12/site-packages/ovsdbapp/backend/ovs_idl/transaction.py:89}}
Mar 25 19:11:06.970421 np0000160634 devstack@neutron-api.service[102714]: DEBUG ovsdbapp.backend.ovs_idl.transaction [-] Running txn n=1 command(idx=2): SetLSwitchPortCommand(_result=None, lport=29b931a4-fded-405e-8233-e8f3abc04097, external_ids_update=None, columns={'external_ids': {'neutron:port_name': '', 'neutron:device_id': 'ovnmeta-7a0c6e0e-92e7-4755-968d-1a408d715dd3', 'neutron:project_id': '097e519371de4a3a97ede7b51415d814', 'neutron:cidrs': '10.1.0.2/26', 'neutron:device_owner': 'network:distributed', 'neutron:subnet_pool_addr_scope4': '', 'neutron:subnet_pool_addr_scope6': '', 'neutron:network_name': 'neutron-7a0c6e0e-92e7-4755-968d-1a408d715dd3', 'neutron:security_group_ids': '', 'neutron:revision_number': '2', 'neutron:vnic_type': 'normal', 'neutron:port_capabilities': '', 'neutron:mtu': ''}, 'parent_name': [], 'tag': [], 'options': {}, 'enabled': True, 'port_security': [], 'dhcpv4_options': [], 'dhcpv6_options': [], 'type': 'localport', 'addresses': ['fa:16:3e:25:41:fa 10.1.0.2'], 'ha_chassis_group': []}, if_exists=False) {{(pid=102714) do_commit /opt/stack/data/venv/lib/python3.12/site-packages/ovsdbapp/backend/ovs_idl/transaction.py:89}}
Mar 25 19:11:06.971995 np0000160634 devstack@neutron-api.service[102714]: DEBUG ovsdbapp.backend.ovs_idl.transaction [-] Running txn n=1 command(idx=3): PgDelPortCommand(_result=None, port_group=neutron_pg_drop, lsp=['29b931a4-fded-405e-8233-e8f3abc04097'], if_exists=False) {{(pid=102714) do_commit /opt/stack/data/venv/lib/python3.12/site-packages/ovsdbapp/backend/ovs_idl/transaction.py:89}}
Mar 25 19:11:06.979082 np0000160634 devstack@neutron-api.service[102717]: DEBUG neutron.plugins.ml2.drivers.ovn.mech_driver.ovsdb.ovsdb_monitor [-] Hash Ring: Node bce0f5c9f78f5481839b51c647ab5fd5 (host: np0000160634) handling event "create" for row bcd5a655-888a-4480-a5f2-8e25881533fe (table: DHCP_Options) {{(pid=102717) notify /opt/stack/neutron/neutron/plugins/ml2/drivers/ovn/mech_driver/ovsdb/ovsdb_monitor.py:912}}
Mar 25 19:11:06.979579 np0000160634 devstack@neutron-api.service[102716]: DEBUG neutron.plugins.ml2.drivers.ovn.mech_driver.ovsdb.ovsdb_monitor [-] Hash Ring: Node 6c65338cab8d5175b4e46bc1d5e5a993 (host: np0000160634) handling event "create" for row bcd5a655-888a-4480-a5f2-8e25881533fe (table: DHCP_Options) {{(pid=102716) notify /opt/stack/neutron/neutron/plugins/ml2/drivers/ovn/mech_driver/ovsdb/ovsdb_monitor.py:912}}
Mar 25 19:11:06.980079 np0000160634 devstack@neutron-api.service[102717]: DEBUG neutron.plugins.ml2.drivers.ovn.mech_driver.ovsdb.ovsdb_monitor [-] Hash Ring: Node bce0f5c9f78f5481839b51c647ab5fd5 (host: np0000160634) handling event "update" for row 27adcbb2-fdc4-45d4-a944-7dc939d3da41 (table: Logical_Switch_Port) {{(pid=102717) notify /opt/stack/neutron/neutron/plugins/ml2/drivers/ovn/mech_driver/ovsdb/ovsdb_monitor.py:912}}
Mar 25 19:11:06.980256 np0000160634 devstack@neutron-api.service[102715]: DEBUG neutron.plugins.ml2.drivers.ovn.mech_driver.ovsdb.ovsdb_monitor [-] Hash Ring: Node cd1d8cc01b2f5d92a5f037369fb05312 (host: np0000160634) handling event "update" for row 27adcbb2-fdc4-45d4-a944-7dc939d3da41 (table: Logical_Switch_Port) {{(pid=102715) notify /opt/stack/neutron/neutron/plugins/ml2/drivers/ovn/mech_driver/ovsdb/ovsdb_monitor.py:912}}
Mar 25 19:11:06.982285 np0000160634 devstack@neutron-api.service[102716]: DEBUG neutron.plugins.ml2.drivers.ovn.mech_driver.ovsdb.ovsdb_monitor [-] Hash Ring: Node 6c65338cab8d5175b4e46bc1d5e5a993 (host: np0000160634) handling event "update" for row 969a5535-74b6-4437-89c0-1120d16f9dcd (table: Port_Binding) {{(pid=102716) notify /opt/stack/neutron/neutron/plugins/ml2/drivers/ovn/mech_driver/ovsdb/ovsdb_monitor.py:912}}
Mar 25 19:11:06.982653 np0000160634 devstack@neutron-api.service[102717]: DEBUG neutron.plugins.ml2.drivers.ovn.mech_driver.ovsdb.ovsdb_monitor [-] Hash Ring: Node bce0f5c9f78f5481839b51c647ab5fd5 (host: np0000160634) handling event "update" for row 969a5535-74b6-4437-89c0-1120d16f9dcd (table: Port_Binding) {{(pid=102717) notify /opt/stack/neutron/neutron/plugins/ml2/drivers/ovn/mech_driver/ovsdb/ovsdb_monitor.py:912}}
Mar 25 19:11:06.982983 np0000160634 devstack@neutron-api.service[102716]: DEBUG neutron.plugins.ml2.drivers.ovn.mech_driver.ovsdb.ovsdb_monitor [-] Hash Ring: Node 6c65338cab8d5175b4e46bc1d5e5a993 (host: np0000160634) handling event "update" for row 27adcbb2-fdc4-45d4-a944-7dc939d3da41 (table: Logical_Switch_Port) {{(pid=102716) notify /opt/stack/neutron/neutron/plugins/ml2/drivers/ovn/mech_driver/ovsdb/ovsdb_monitor.py:912}}
Mar 25 19:11:07.021559 np0000160634 devstack@neutron-api.service[102714]: INFO neutron.db.ovn_revision_numbers_db [None req-3ed8a8c0-9608-4690-b44a-99b11be3ea41 admin admin] Successfully bumped revision number for resource 29b931a4-fded-405e-8233-e8f3abc04097 (type: ports) to 2
Mar 25 19:11:07.032560 np0000160634 devstack@neutron-api.service[102714]: DEBUG neutron.plugins.ml2.plugin [None req-3ed8a8c0-9608-4690-b44a-99b11be3ea41 admin admin] In _notify_port_updated(), no bound segment for port 29b931a4-fded-405e-8233-e8f3abc04097 on network 7a0c6e0e-92e7-4755-968d-1a408d715dd3 {{(pid=102714) _notify_port_updated /opt/stack/neutron/neutron/plugins/ml2/plugin.py:1036}}
Mar 25 19:11:07.066163 np0000160634 devstack@neutron-api.service[102714]: INFO neutron.db.ovn_revision_numbers_db [None req-3ed8a8c0-9608-4690-b44a-99b11be3ea41 admin admin] Successfully bumped revision number for resource 1bc328e6-81a8-4d4b-82e6-df71fa1c0c03 (type: subnets) to 0
Mar 25 19:11:07.067477 np0000160634 devstack@neutron-api.service[102714]: DEBUG neutron.pecan_wsgi.hooks.policy_enforcement [None req-3ed8a8c0-9608-4690-b44a-99b11be3ea41 admin admin] Attributes excluded by policy engine: ['standard_attr_id', 'shared', 'network'] {{(pid=102714) _exclude_attributes_by_policy /opt/stack/neutron/neutron/pecan_wsgi/hooks/policy_enforcement.py:258}}
Mar 25 19:11:07.067836 np0000160634 devstack@neutron-api.service[102714]: DEBUG neutron_lib.callbacks.manager [None req-3ed8a8c0-9608-4690-b44a-99b11be3ea41 admin admin] Publish callbacks [] for subnet (None), before_response {{(pid=102714) _notify_loop /opt/stack/data/venv/lib/python3.12/site-packages/neutron_lib/callbacks/manager.py:184}}
Mar 25 19:11:07.081082 np0000160634 devstack@neutron-api.service[102714]: [pid: 102714|app: 0|req: 2/8] 199.204.45.223 () {68 vars in 1355 bytes} [Wed Mar 25 19:11:05 2026] POST /networking/v2.0/subnets => generated 666 bytes in 1167 msecs (HTTP/1.1 201) 4 headers in 162 bytes (1 switches on core 0)
Mar 25 19:11:07.604470 np0000160634 devstack@neutron-api.service[102715]: DEBUG neutron.pecan_wsgi.hooks.policy_enforcement [None req-2a8a3270-5d1c-4998-bcfa-3374af659bba admin admin] Attributes excluded by policy engine: ['standard_attr_id'] {{(pid=102715) _exclude_attributes_by_policy /opt/stack/neutron/neutron/pecan_wsgi/hooks/policy_enforcement.py:258}}
Mar 25 19:11:07.605777 np0000160634 devstack@neutron-api.service[102715]: [pid: 102715|app: 0|req: 2/9] 199.204.45.223 () {64 vars in 1415 bytes} [Wed Mar 25 19:11:07 2026] GET /networking/v2.0/networks/7a0c6e0e-92e7-4755-968d-1a408d715dd3 => generated 700 bytes in 47 msecs (HTTP/1.1 200) 4 headers in 157 bytes (1 switches on core 0)
Mar 25 19:11:07.626481 np0000160634 devstack@neutron-api.service[102716]: DEBUG neutron.api.wsgi [None req-91ace9dd-2d94-44f0-b2ed-a377464fd4cb admin admin] Missing Content-Type {{(pid=102716) get_content_type /opt/stack/neutron/neutron/api/wsgi.py:85}}
Mar 25 19:11:07.643251 np0000160634 devstack@neutron-api.service[102716]: [pid: 102716|app: 0|req: 4/10] 199.204.45.223 () {64 vars in 1424 bytes} [Wed Mar 25 19:11:07 2026] GET /networking/v2.0/subnetpools/fbbebd0f-f91d-48c9-9a55-5797f55e7b94 => generated 543 bytes in 21 msecs (HTTP/1.1 200) 4 headers in 157 bytes (1 switches on core 0)
Mar 25 19:11:07.662705 np0000160634 devstack@neutron-api.service[102717]: DEBUG neutron.api.v2.base [None req-a7d453fb-613e-42e4-bce3-6903fa06a9e2 admin admin] Request body: {'subnet': {'name': 'ipv6-private-subnet', 'ipv6_ra_mode': 'slaac', 'network_id': '7a0c6e0e-92e7-4755-968d-1a408d715dd3', 'subnetpool_id': 'fbbebd0f-f91d-48c9-9a55-5797f55e7b94', 'ipv6_address_mode': 'slaac', 'ip_version': 6}} {{(pid=102717) prepare_request_body /opt/stack/neutron/neutron/api/v2/base.py:729}}
Mar 25 19:11:07.703258 np0000160634 devstack@neutron-api.service[102717]: DEBUG neutron.pecan_wsgi.hooks.quota_enforcement [None req-a7d453fb-613e-42e4-bce3-6903fa06a9e2 admin admin] Made reservation on behalf of 097e519371de4a3a97ede7b51415d814 for: {'subnet': 1} {{(pid=102717) before /opt/stack/neutron/neutron/pecan_wsgi/hooks/quota_enforcement.py:66}}
Mar 25 19:11:07.709812 np0000160634 devstack@neutron-api.service[102717]: DEBUG neutron_lib.callbacks.manager [None req-a7d453fb-613e-42e4-bce3-6903fa06a9e2 admin admin] Publish callbacks [] for subnet (None), before_create {{(pid=102717) _notify_loop /opt/stack/data/venv/lib/python3.12/site-packages/neutron_lib/callbacks/manager.py:184}}
Mar 25 19:11:07.912761 np0000160634 devstack@neutron-api.service[102717]: DEBUG neutron.db.ovn_revision_numbers_db [None req-a7d453fb-613e-42e4-bce3-6903fa06a9e2 admin admin] create_initial_revision uuid=75374b8e-8bb3-47ba-8dcb-67c6623c69b2, type=subnets, rev=-1 {{(pid=102717) create_initial_revision /opt/stack/neutron/neutron/db/ovn_revision_numbers_db.py:98}}
Mar 25 19:11:07.994050 np0000160634 devstack@neutron-api.service[102717]: DEBUG neutron.objects.ports [None req-a7d453fb-613e-42e4-bce3-6903fa06a9e2 admin admin] Time-cost: Fetching 1 ports in 0 security groups {{(pid=102717) get_objects /opt/stack/neutron/neutron/objects/ports.py:494}}
