May 07 13:03:26.279093 np0000172479 nova-scheduler[108694]: DEBUG cotyledon.oslo_config_glue [-] vnc.server_listen = 127.0.0.1 {{(pid=108694) log_opt_values /opt/stack/data/venv/lib/python3.12/site-packages/oslo_config/cfg.py:3006}}
May 07 13:03:26.279093 np0000172479 nova-scheduler[108694]: DEBUG cotyledon.oslo_config_glue [-] vnc.server_proxyclient_address = 127.0.0.1 {{(pid=108694) log_opt_values /opt/stack/data/venv/lib/python3.12/site-packages/oslo_config/cfg.py:3006}}
May 07 13:03:26.279093 np0000172479 nova-scheduler[108694]: DEBUG cotyledon.oslo_config_glue [-] vnc.vencrypt_ca_certs = None {{(pid=108694) log_opt_values /opt/stack/data/venv/lib/python3.12/site-packages/oslo_config/cfg.py:3006}}
May 07 13:03:26.279093 np0000172479 nova-scheduler[108694]: DEBUG cotyledon.oslo_config_glue [-] vnc.vencrypt_client_cert = None {{(pid=108694) log_opt_values /opt/stack/data/venv/lib/python3.12/site-packages/oslo_config/cfg.py:3006}}
May 07 13:03:26.279093 np0000172479 nova-scheduler[108694]: DEBUG cotyledon.oslo_config_glue [-] vnc.vencrypt_client_key = None {{(pid=108694) log_opt_values /opt/stack/data/venv/lib/python3.12/site-packages/oslo_config/cfg.py:3006}}
May 07 13:03:26.279093 np0000172479 nova-scheduler[108694]: DEBUG cotyledon.oslo_config_glue [-] workarounds.disable_compute_service_check_for_ffu = False {{(pid=108694) log_opt_values /opt/stack/data/venv/lib/python3.12/site-packages/oslo_config/cfg.py:3006}}
May 07 13:03:26.279093 np0000172479 nova-scheduler[108694]: DEBUG cotyledon.oslo_config_glue [-] workarounds.disable_deep_image_inspection = False {{(pid=108694) log_opt_values /opt/stack/data/venv/lib/python3.12/site-packages/oslo_config/cfg.py:3006}}
May 07 13:03:26.279093 np0000172479 nova-scheduler[108694]: DEBUG cotyledon.oslo_config_glue [-] workarounds.disable_fallback_pcpu_query = False {{(pid=108694) log_opt_values /opt/stack/data/venv/lib/python3.12/site-packages/oslo_config/cfg.py:3006}}
May 07 13:03:26.279282 np0000172479 nova-scheduler[108694]: DEBUG cotyledon.oslo_config_glue [-] workarounds.disable_group_policy_check_upcall = False {{(pid=108694) log_opt_values /opt/stack/data/venv/lib/python3.12/site-packages/oslo_config/cfg.py:3006}}
May 07 13:03:26.279282 np0000172479 nova-scheduler[108694]: DEBUG cotyledon.oslo_config_glue [-] workarounds.disable_libvirt_livesnapshot = False {{(pid=108694) log_opt_values /opt/stack/data/venv/lib/python3.12/site-packages/oslo_config/cfg.py:3006}}
May 07 13:03:26.279282 np0000172479 nova-scheduler[108694]: DEBUG cotyledon.oslo_config_glue [-] workarounds.disable_rootwrap = False {{(pid=108694) log_opt_values /opt/stack/data/venv/lib/python3.12/site-packages/oslo_config/cfg.py:3006}}
May 07 13:03:26.279282 np0000172479 nova-scheduler[108694]: DEBUG cotyledon.oslo_config_glue [-] workarounds.enable_numa_live_migration = False {{(pid=108694) log_opt_values /opt/stack/data/venv/lib/python3.12/site-packages/oslo_config/cfg.py:3006}}
May 07 13:03:26.279282 np0000172479 nova-scheduler[108694]: DEBUG cotyledon.oslo_config_glue [-] workarounds.enable_qemu_monitor_announce_self = False {{(pid=108694) log_opt_values /opt/stack/data/venv/lib/python3.12/site-packages/oslo_config/cfg.py:3006}}
May 07 13:03:26.279282 np0000172479 nova-scheduler[108694]: DEBUG cotyledon.oslo_config_glue [-] workarounds.ensure_libvirt_rbd_instance_dir_cleanup = False {{(pid=108694) log_opt_values /opt/stack/data/venv/lib/python3.12/site-packages/oslo_config/cfg.py:3006}}
May 07 13:03:26.279282 np0000172479 nova-scheduler[108694]: DEBUG cotyledon.oslo_config_glue [-] workarounds.handle_virt_lifecycle_events = True {{(pid=108694) log_opt_values /opt/stack/data/venv/lib/python3.12/site-packages/oslo_config/cfg.py:3006}}
May 07 13:03:26.279282 np0000172479 nova-scheduler[108694]: DEBUG cotyledon.oslo_config_glue [-] workarounds.libvirt_disable_apic = False {{(pid=108694) log_opt_values /opt/stack/data/venv/lib/python3.12/site-packages/oslo_config/cfg.py:3006}}
May 07 13:03:26.279282 np0000172479 nova-scheduler[108694]: DEBUG cotyledon.oslo_config_glue [-] workarounds.never_download_image_if_on_rbd = False {{(pid=108694) log_opt_values /opt/stack/data/venv/lib/python3.12/site-packages/oslo_config/cfg.py:3006}}
May 07 13:03:26.279472 np0000172479 nova-scheduler[108694]: DEBUG cotyledon.oslo_config_glue [-] workarounds.qemu_monitor_announce_self_count = 3 {{(pid=108694) log_opt_values /opt/stack/data/venv/lib/python3.12/site-packages/oslo_config/cfg.py:3006}}
May 07 13:03:26.279472 np0000172479 nova-scheduler[108694]: DEBUG cotyledon.oslo_config_glue [-] workarounds.qemu_monitor_announce_self_interval = 1 {{(pid=108694) log_opt_values /opt/stack/data/venv/lib/python3.12/site-packages/oslo_config/cfg.py:3006}}
May 07 13:03:26.279472 np0000172479 nova-scheduler[108694]: DEBUG cotyledon.oslo_config_glue [-] workarounds.reserve_disk_resource_for_image_cache = False {{(pid=108694) log_opt_values /opt/stack/data/venv/lib/python3.12/site-packages/oslo_config/cfg.py:3006}}
May 07 13:03:26.279472 np0000172479 nova-scheduler[108694]: DEBUG cotyledon.oslo_config_glue [-] workarounds.skip_cpu_compare_at_startup = False {{(pid=108694) log_opt_values /opt/stack/data/venv/lib/python3.12/site-packages/oslo_config/cfg.py:3006}}
May 07 13:03:26.279472 np0000172479 nova-scheduler[108694]: DEBUG cotyledon.oslo_config_glue [-] workarounds.skip_cpu_compare_on_dest = False {{(pid=108694) log_opt_values /opt/stack/data/venv/lib/python3.12/site-packages/oslo_config/cfg.py:3006}}
May 07 13:03:26.279472 np0000172479 nova-scheduler[108694]: DEBUG cotyledon.oslo_config_glue [-] workarounds.skip_hypervisor_version_check_on_lm = False {{(pid=108694) log_opt_values /opt/stack/data/venv/lib/python3.12/site-packages/oslo_config/cfg.py:3006}}
May 07 13:03:26.279472 np0000172479 nova-scheduler[108694]: DEBUG cotyledon.oslo_config_glue [-] workarounds.skip_reserve_in_use_ironic_nodes = False {{(pid=108694) log_opt_values /opt/stack/data/venv/lib/python3.12/site-packages/oslo_config/cfg.py:3006}}
May 07 13:03:26.279472 np0000172479 nova-scheduler[108694]: DEBUG cotyledon.oslo_config_glue [-] workarounds.unified_limits_count_pcpu_as_vcpu = False {{(pid=108694) log_opt_values /opt/stack/data/venv/lib/python3.12/site-packages/oslo_config/cfg.py:3006}}
May 07 13:03:26.279643 np0000172479 nova-scheduler[108694]: DEBUG cotyledon.oslo_config_glue [-] workarounds.wait_for_vif_plugged_event_during_hard_reboot = [] {{(pid=108694) log_opt_values /opt/stack/data/venv/lib/python3.12/site-packages/oslo_config/cfg.py:3006}}
May 07 13:03:26.279643 np0000172479 nova-scheduler[108694]: DEBUG cotyledon.oslo_config_glue [-] wsgi.api_paste_config = /etc/nova/api-paste.ini {{(pid=108694) log_opt_values /opt/stack/data/venv/lib/python3.12/site-packages/oslo_config/cfg.py:3006}}
May 07 13:03:26.279643 np0000172479 nova-scheduler[108694]: DEBUG cotyledon.oslo_config_glue [-] wsgi.secure_proxy_ssl_header = None {{(pid=108694) log_opt_values /opt/stack/data/venv/lib/python3.12/site-packages/oslo_config/cfg.py:3006}}
May 07 13:03:26.279643 np0000172479 nova-scheduler[108694]: DEBUG cotyledon.oslo_config_glue [-] zvm.ca_file = None {{(pid=108694) log_opt_values /opt/stack/data/venv/lib/python3.12/site-packages/oslo_config/cfg.py:3006}}
May 07 13:03:26.279643 np0000172479 nova-scheduler[108694]: DEBUG cotyledon.oslo_config_glue [-] zvm.cloud_connector_url = None {{(pid=108694) log_opt_values /opt/stack/data/venv/lib/python3.12/site-packages/oslo_config/cfg.py:3006}}
May 07 13:03:26.279643 np0000172479 nova-scheduler[108694]: DEBUG cotyledon.oslo_config_glue [-] zvm.image_tmp_path = /opt/stack/data/nova/images {{(pid=108694) log_opt_values /opt/stack/data/venv/lib/python3.12/site-packages/oslo_config/cfg.py:3006}}
May 07 13:03:26.279643 np0000172479 nova-scheduler[108694]: DEBUG cotyledon.oslo_config_glue [-] zvm.reachable_timeout = 300 {{(pid=108694) log_opt_values /opt/stack/data/venv/lib/python3.12/site-packages/oslo_config/cfg.py:3006}}
May 07 13:03:26.279643 np0000172479 nova-scheduler[108694]: DEBUG cotyledon.oslo_config_glue [-] oslo_versionedobjects.fatal_exception_format_errors = False {{(pid=108694) log_opt_values /opt/stack/data/venv/lib/python3.12/site-packages/oslo_config/cfg.py:3006}}
May 07 13:03:26.279643 np0000172479 nova-scheduler[108694]: DEBUG cotyledon.oslo_config_glue [-] oslo_middleware.http_basic_auth_user_file = /etc/htpasswd {{(pid=108694) log_opt_values /opt/stack/data/venv/lib/python3.12/site-packages/oslo_config/cfg.py:3006}}
May 07 13:03:26.279835 np0000172479 nova-scheduler[108694]: DEBUG cotyledon.oslo_config_glue [-] oslo_messaging_metrics.metrics_buffer_size = 1000 {{(pid=108694) log_opt_values /opt/stack/data/venv/lib/python3.12/site-packages/oslo_config/cfg.py:3006}}
May 07 13:03:26.279835 np0000172479 nova-scheduler[108694]: DEBUG cotyledon.oslo_config_glue [-] oslo_messaging_metrics.metrics_enabled = False {{(pid=108694) log_opt_values /opt/stack/data/venv/lib/python3.12/site-packages/oslo_config/cfg.py:3006}}
May 07 13:03:26.279835 np0000172479 nova-scheduler[108694]: DEBUG cotyledon.oslo_config_glue [-] oslo_messaging_metrics.metrics_process_name = {{(pid=108694) log_opt_values /opt/stack/data/venv/lib/python3.12/site-packages/oslo_config/cfg.py:3006}}
May 07 13:03:26.279835 np0000172479 nova-scheduler[108694]: DEBUG cotyledon.oslo_config_glue [-] oslo_messaging_metrics.metrics_socket_file = /var/tmp/metrics_collector.sock {{(pid=108694) log_opt_values /opt/stack/data/venv/lib/python3.12/site-packages/oslo_config/cfg.py:3006}}
May 07 13:03:26.279835 np0000172479 nova-scheduler[108694]: DEBUG cotyledon.oslo_config_glue [-] oslo_messaging_metrics.metrics_thread_stop_timeout = 10 {{(pid=108694) log_opt_values /opt/stack/data/venv/lib/python3.12/site-packages/oslo_config/cfg.py:3006}}
May 07 13:03:26.279966 np0000172479 nova-scheduler[108688]: DEBUG oslo_db.sqlalchemy.engines [None req-26540ccc-737f-4fc5-8834-a9bb044ac6d4 None None] MySQL server mode set to STRICT_TRANS_TABLES,STRICT_ALL_TABLES,NO_ZERO_IN_DATE,NO_ZERO_DATE,ERROR_FOR_DIVISION_BY_ZERO,TRADITIONAL,NO_ENGINE_SUBSTITUTION {{(pid=108688) _check_effective_sql_mode /opt/stack/data/venv/lib/python3.12/site-packages/oslo_db/sqlalchemy/engines.py:325}}
May 07 13:03:26.279995 np0000172479 nova-scheduler[108694]: DEBUG cotyledon.oslo_config_glue [-] profiler.connection_string = messaging:// {{(pid=108694) log_opt_values /opt/stack/data/venv/lib/python3.12/site-packages/oslo_config/cfg.py:3006}}
May 07 13:03:26.279995 np0000172479 nova-scheduler[108694]: DEBUG cotyledon.oslo_config_glue [-] profiler.enabled = False {{(pid=108694) log_opt_values /opt/stack/data/venv/lib/python3.12/site-packages/oslo_config/cfg.py:3006}}
May 07 13:03:26.279995 np0000172479 nova-scheduler[108694]: DEBUG cotyledon.oslo_config_glue [-] profiler.es_doc_type = notification {{(pid=108694) log_opt_values /opt/stack/data/venv/lib/python3.12/site-packages/oslo_config/cfg.py:3006}}
May 07 13:03:26.279995 np0000172479 nova-scheduler[108694]: DEBUG cotyledon.oslo_config_glue [-] profiler.es_scroll_size = 10000 {{(pid=108694) log_opt_values /opt/stack/data/venv/lib/python3.12/site-packages/oslo_config/cfg.py:3006}}
May 07 13:03:26.279995 np0000172479 nova-scheduler[108694]: DEBUG cotyledon.oslo_config_glue [-] profiler.es_scroll_time = 2m {{(pid=108694) log_opt_values /opt/stack/data/venv/lib/python3.12/site-packages/oslo_config/cfg.py:3006}}
May 07 13:03:26.279995 np0000172479 nova-scheduler[108694]: DEBUG cotyledon.oslo_config_glue [-] profiler.filter_error_trace = False {{(pid=108694) log_opt_values /opt/stack/data/venv/lib/python3.12/site-packages/oslo_config/cfg.py:3006}}
May 07 13:03:26.279995 np0000172479 nova-scheduler[108694]: DEBUG cotyledon.oslo_config_glue [-] profiler.hmac_keys = **** {{(pid=108694) log_opt_values /opt/stack/data/venv/lib/python3.12/site-packages/oslo_config/cfg.py:3006}}
May 07 13:03:26.279995 np0000172479 nova-scheduler[108694]: DEBUG cotyledon.oslo_config_glue [-] profiler.sentinel_service_name = mymaster {{(pid=108694) log_opt_values /opt/stack/data/venv/lib/python3.12/site-packages/oslo_config/cfg.py:3006}}
May 07 13:03:26.279995 np0000172479 nova-scheduler[108694]: DEBUG cotyledon.oslo_config_glue [-] profiler.socket_timeout = 0.1 {{(pid=108694) log_opt_values /opt/stack/data/venv/lib/python3.12/site-packages/oslo_config/cfg.py:3006}}
May 07 13:03:26.280273 np0000172479 nova-scheduler[108694]: DEBUG cotyledon.oslo_config_glue [-] profiler.trace_requests = False {{(pid=108694) log_opt_values /opt/stack/data/venv/lib/python3.12/site-packages/oslo_config/cfg.py:3006}}
May 07 13:03:26.280273 np0000172479 nova-scheduler[108694]: DEBUG cotyledon.oslo_config_glue [-] profiler.trace_sqlalchemy = False {{(pid=108694) log_opt_values /opt/stack/data/venv/lib/python3.12/site-packages/oslo_config/cfg.py:3006}}
May 07 13:03:26.280273 np0000172479 nova-scheduler[108694]: DEBUG cotyledon.oslo_config_glue [-] profiler_jaeger.process_tags = {} {{(pid=108694) log_opt_values /opt/stack/data/venv/lib/python3.12/site-packages/oslo_config/cfg.py:3006}}
May 07 13:03:26.280273 np0000172479 nova-scheduler[108694]: DEBUG cotyledon.oslo_config_glue [-] profiler_jaeger.service_name_prefix = None {{(pid=108694) log_opt_values /opt/stack/data/venv/lib/python3.12/site-packages/oslo_config/cfg.py:3006}}
May 07 13:03:26.280273 np0000172479 nova-scheduler[108694]: DEBUG cotyledon.oslo_config_glue [-] profiler_otlp.service_name_prefix = None {{(pid=108694) log_opt_values /opt/stack/data/venv/lib/python3.12/site-packages/oslo_config/cfg.py:3006}}
May 07 13:03:26.280273 np0000172479 nova-scheduler[108694]: DEBUG cotyledon.oslo_config_glue [-] oslo_messaging_rabbit.amqp_auto_delete = False {{(pid=108694) log_opt_values /opt/stack/data/venv/lib/python3.12/site-packages/oslo_config/cfg.py:3006}}
May 07 13:03:26.280273 np0000172479 nova-scheduler[108694]: DEBUG cotyledon.oslo_config_glue [-] oslo_messaging_rabbit.amqp_durable_queues = False {{(pid=108694) log_opt_values /opt/stack/data/venv/lib/python3.12/site-packages/oslo_config/cfg.py:3006}}
May 07 13:03:26.280273 np0000172479 nova-scheduler[108694]: DEBUG cotyledon.oslo_config_glue [-] oslo_messaging_rabbit.conn_pool_min_size = 2 {{(pid=108694) log_opt_values /opt/stack/data/venv/lib/python3.12/site-packages/oslo_config/cfg.py:3006}}
May 07 13:03:26.280273 np0000172479 nova-scheduler[108694]: DEBUG cotyledon.oslo_config_glue [-] oslo_messaging_rabbit.conn_pool_ttl = 1200 {{(pid=108694) log_opt_values /opt/stack/data/venv/lib/python3.12/site-packages/oslo_config/cfg.py:3006}}
May 07 13:03:26.280464 np0000172479 nova-scheduler[108694]: DEBUG cotyledon.oslo_config_glue [-] oslo_messaging_rabbit.direct_mandatory_flag = True {{(pid=108694) log_opt_values /opt/stack/data/venv/lib/python3.12/site-packages/oslo_config/cfg.py:3006}}
May 07 13:03:26.280464 np0000172479 nova-scheduler[108694]: DEBUG cotyledon.oslo_config_glue [-] oslo_messaging_rabbit.enable_cancel_on_failover = False {{(pid=108694) log_opt_values /opt/stack/data/venv/lib/python3.12/site-packages/oslo_config/cfg.py:3006}}
May 07 13:03:26.280464 np0000172479 nova-scheduler[108694]: DEBUG cotyledon.oslo_config_glue [-] oslo_messaging_rabbit.heartbeat_in_pthread = False {{(pid=108694) log_opt_values /opt/stack/data/venv/lib/python3.12/site-packages/oslo_config/cfg.py:3006}}
May 07 13:03:26.280464 np0000172479 nova-scheduler[108694]: DEBUG cotyledon.oslo_config_glue [-] oslo_messaging_rabbit.heartbeat_rate = 3 {{(pid=108694) log_opt_values /opt/stack/data/venv/lib/python3.12/site-packages/oslo_config/cfg.py:3006}}
May 07 13:03:26.280464 np0000172479 nova-scheduler[108694]: DEBUG cotyledon.oslo_config_glue [-] oslo_messaging_rabbit.heartbeat_timeout_threshold = 60 {{(pid=108694) log_opt_values /opt/stack/data/venv/lib/python3.12/site-packages/oslo_config/cfg.py:3006}}
May 07 13:03:26.280464 np0000172479 nova-scheduler[108694]: DEBUG cotyledon.oslo_config_glue [-] oslo_messaging_rabbit.hostname = np0000172479 {{(pid=108694) log_opt_values /opt/stack/data/venv/lib/python3.12/site-packages/oslo_config/cfg.py:3006}}
May 07 13:03:26.280464 np0000172479 nova-scheduler[108694]: DEBUG cotyledon.oslo_config_glue [-] oslo_messaging_rabbit.kombu_compression = None {{(pid=108694) log_opt_values /opt/stack/data/venv/lib/python3.12/site-packages/oslo_config/cfg.py:3006}}
May 07 13:03:26.280464 np0000172479 nova-scheduler[108694]: DEBUG cotyledon.oslo_config_glue [-] oslo_messaging_rabbit.kombu_failover_strategy = round-robin {{(pid=108694) log_opt_values /opt/stack/data/venv/lib/python3.12/site-packages/oslo_config/cfg.py:3006}}
May 07 13:03:26.280820 np0000172479 nova-scheduler[108694]: DEBUG cotyledon.oslo_config_glue [-] oslo_messaging_rabbit.kombu_missing_consumer_retry_timeout = 60 {{(pid=108694) log_opt_values /opt/stack/data/venv/lib/python3.12/site-packages/oslo_config/cfg.py:3006}}
May 07 13:03:26.280820 np0000172479 nova-scheduler[108694]: DEBUG cotyledon.oslo_config_glue [-] oslo_messaging_rabbit.kombu_reconnect_delay = 1.0 {{(pid=108694) log_opt_values /opt/stack/data/venv/lib/python3.12/site-packages/oslo_config/cfg.py:3006}}
May 07 13:03:26.280820 np0000172479 nova-scheduler[108694]: DEBUG cotyledon.oslo_config_glue [-] oslo_messaging_rabbit.kombu_reconnect_splay = 0.0 {{(pid=108694) log_opt_values /opt/stack/data/venv/lib/python3.12/site-packages/oslo_config/cfg.py:3006}}
May 07 13:03:26.280820 np0000172479 nova-scheduler[108694]: DEBUG cotyledon.oslo_config_glue [-] oslo_messaging_rabbit.processname = nova-scheduler {{(pid=108694) log_opt_values /opt/stack/data/venv/lib/python3.12/site-packages/oslo_config/cfg.py:3006}}
May 07 13:03:26.280820 np0000172479 nova-scheduler[108694]: DEBUG cotyledon.oslo_config_glue [-] oslo_messaging_rabbit.rabbit_ha_queues = False {{(pid=108694) log_opt_values /opt/stack/data/venv/lib/python3.12/site-packages/oslo_config/cfg.py:3006}}
May 07 13:03:26.280820 np0000172479 nova-scheduler[108694]: DEBUG cotyledon.oslo_config_glue [-] oslo_messaging_rabbit.rabbit_interval_max = 30 {{(pid=108694) log_opt_values /opt/stack/data/venv/lib/python3.12/site-packages/oslo_config/cfg.py:3006}}
May 07 13:03:26.280820 np0000172479 nova-scheduler[108694]: DEBUG cotyledon.oslo_config_glue [-] oslo_messaging_rabbit.rabbit_login_method = AMQPLAIN {{(pid=108694) log_opt_values /opt/stack/data/venv/lib/python3.12/site-packages/oslo_config/cfg.py:3006}}
May 07 13:03:26.280820 np0000172479 nova-scheduler[108694]: DEBUG cotyledon.oslo_config_glue [-] oslo_messaging_rabbit.rabbit_qos_prefetch_count = 0 {{(pid=108694) log_opt_values /opt/stack/data/venv/lib/python3.12/site-packages/oslo_config/cfg.py:3006}}
May 07 13:03:26.281020 np0000172479 nova-scheduler[108694]: DEBUG cotyledon.oslo_config_glue [-] oslo_messaging_rabbit.rabbit_quorum_delivery_limit = 0 {{(pid=108694) log_opt_values /opt/stack/data/venv/lib/python3.12/site-packages/oslo_config/cfg.py:3006}}
May 07 13:03:26.281020 np0000172479 nova-scheduler[108694]: DEBUG cotyledon.oslo_config_glue [-] oslo_messaging_rabbit.rabbit_quorum_max_memory_bytes = 0 {{(pid=108694) log_opt_values /opt/stack/data/venv/lib/python3.12/site-packages/oslo_config/cfg.py:3006}}
May 07 13:03:26.281020 np0000172479 nova-scheduler[108694]: DEBUG cotyledon.oslo_config_glue [-] oslo_messaging_rabbit.rabbit_quorum_max_memory_length = 0 {{(pid=108694) log_opt_values /opt/stack/data/venv/lib/python3.12/site-packages/oslo_config/cfg.py:3006}}
May 07 13:03:26.281020 np0000172479 nova-scheduler[108694]: DEBUG cotyledon.oslo_config_glue [-] oslo_messaging_rabbit.rabbit_quorum_queue = False {{(pid=108694) log_opt_values /opt/stack/data/venv/lib/python3.12/site-packages/oslo_config/cfg.py:3006}}
May 07 13:03:26.281020 np0000172479 nova-scheduler[108694]: DEBUG cotyledon.oslo_config_glue [-] oslo_messaging_rabbit.rabbit_retry_backoff = 2 {{(pid=108694) log_opt_values /opt/stack/data/venv/lib/python3.12/site-packages/oslo_config/cfg.py:3006}}
May 07 13:03:26.281020 np0000172479 nova-scheduler[108694]: DEBUG cotyledon.oslo_config_glue [-] oslo_messaging_rabbit.rabbit_retry_interval = 1 {{(pid=108694) log_opt_values /opt/stack/data/venv/lib/python3.12/site-packages/oslo_config/cfg.py:3006}}
May 07 13:03:26.281020 np0000172479 nova-scheduler[108694]: DEBUG cotyledon.oslo_config_glue [-] oslo_messaging_rabbit.rabbit_stream_fanout = False {{(pid=108694) log_opt_values /opt/stack/data/venv/lib/python3.12/site-packages/oslo_config/cfg.py:3006}}
May 07 13:03:26.281020 np0000172479 nova-scheduler[108694]: DEBUG cotyledon.oslo_config_glue [-] oslo_messaging_rabbit.rabbit_transient_queues_ttl = 1800 {{(pid=108694) log_opt_values /opt/stack/data/venv/lib/python3.12/site-packages/oslo_config/cfg.py:3006}}
May 07 13:03:26.281208 np0000172479 nova-scheduler[108694]: DEBUG cotyledon.oslo_config_glue [-] oslo_messaging_rabbit.rabbit_transient_quorum_queue = False {{(pid=108694) log_opt_values /opt/stack/data/venv/lib/python3.12/site-packages/oslo_config/cfg.py:3006}}
May 07 13:03:26.281208 np0000172479 nova-scheduler[108694]: DEBUG cotyledon.oslo_config_glue [-] oslo_messaging_rabbit.rpc_conn_pool_size = 30 {{(pid=108694) log_opt_values /opt/stack/data/venv/lib/python3.12/site-packages/oslo_config/cfg.py:3006}}
May 07 13:03:26.281208 np0000172479 nova-scheduler[108694]: DEBUG cotyledon.oslo_config_glue [-] oslo_messaging_rabbit.ssl = False {{(pid=108694) log_opt_values /opt/stack/data/venv/lib/python3.12/site-packages/oslo_config/cfg.py:3006}}
May 07 13:03:26.281208 np0000172479 nova-scheduler[108694]: DEBUG cotyledon.oslo_config_glue [-] oslo_messaging_rabbit.ssl_ca_file = {{(pid=108694) log_opt_values /opt/stack/data/venv/lib/python3.12/site-packages/oslo_config/cfg.py:3006}}
May 07 13:03:26.281208 np0000172479 nova-scheduler[108694]: DEBUG cotyledon.oslo_config_glue [-] oslo_messaging_rabbit.ssl_cert_file = {{(pid=108694) log_opt_values /opt/stack/data/venv/lib/python3.12/site-packages/oslo_config/cfg.py:3006}}
May 07 13:03:26.281208 np0000172479 nova-scheduler[108694]: DEBUG cotyledon.oslo_config_glue [-] oslo_messaging_rabbit.ssl_enforce_fips_mode = False {{(pid=108694) log_opt_values /opt/stack/data/venv/lib/python3.12/site-packages/oslo_config/cfg.py:3006}}
May 07 13:03:26.281208 np0000172479 nova-scheduler[108694]: DEBUG cotyledon.oslo_config_glue [-] oslo_messaging_rabbit.ssl_key_file = {{(pid=108694) log_opt_values /opt/stack/data/venv/lib/python3.12/site-packages/oslo_config/cfg.py:3006}}
May 07 13:03:26.281208 np0000172479 nova-scheduler[108694]: DEBUG cotyledon.oslo_config_glue [-] oslo_messaging_rabbit.ssl_version = {{(pid=108694) log_opt_values /opt/stack/data/venv/lib/python3.12/site-packages/oslo_config/cfg.py:3006}}
May 07 13:03:26.281208 np0000172479 nova-scheduler[108694]: DEBUG cotyledon.oslo_config_glue [-] oslo_messaging_rabbit.use_queue_manager = False {{(pid=108694) log_opt_values /opt/stack/data/venv/lib/python3.12/site-packages/oslo_config/cfg.py:3006}}
May 07 13:03:26.281419 np0000172479 nova-scheduler[108694]: DEBUG cotyledon.oslo_config_glue [-] oslo_messaging_notifications.driver = ['messagingv2'] {{(pid=108694) log_opt_values /opt/stack/data/venv/lib/python3.12/site-packages/oslo_config/cfg.py:3006}}
May 07 13:03:26.281419 np0000172479 nova-scheduler[108694]: DEBUG cotyledon.oslo_config_glue [-] oslo_messaging_notifications.retry = -1 {{(pid=108694) log_opt_values /opt/stack/data/venv/lib/python3.12/site-packages/oslo_config/cfg.py:3006}}
May 07 13:03:26.281419 np0000172479 nova-scheduler[108694]: DEBUG cotyledon.oslo_config_glue [-] oslo_messaging_notifications.topics = ['notifications'] {{(pid=108694) log_opt_values /opt/stack/data/venv/lib/python3.12/site-packages/oslo_config/cfg.py:3006}}
May 07 13:03:26.281419 np0000172479 nova-scheduler[108694]: DEBUG cotyledon.oslo_config_glue [-] oslo_messaging_notifications.transport_url = **** {{(pid=108694) log_opt_values /opt/stack/data/venv/lib/python3.12/site-packages/oslo_config/cfg.py:3006}}
May 07 13:03:26.281419 np0000172479 nova-scheduler[108694]: DEBUG cotyledon.oslo_config_glue [-] oslo_limit.auth_section = None {{(pid=108694) log_opt_values /opt/stack/data/venv/lib/python3.12/site-packages/oslo_config/cfg.py:3006}}
May 07 13:03:26.281419 np0000172479 nova-scheduler[108694]: DEBUG cotyledon.oslo_config_glue [-] oslo_limit.auth_type = None {{(pid=108694) log_opt_values /opt/stack/data/venv/lib/python3.12/site-packages/oslo_config/cfg.py:3006}}
May 07 13:03:26.281419 np0000172479 nova-scheduler[108694]: DEBUG cotyledon.oslo_config_glue [-] oslo_limit.cafile = None {{(pid=108694) log_opt_values /opt/stack/data/venv/lib/python3.12/site-packages/oslo_config/cfg.py:3006}}
May 07 13:03:26.281419 np0000172479 nova-scheduler[108694]: DEBUG cotyledon.oslo_config_glue [-] oslo_limit.certfile = None {{(pid=108694) log_opt_values /opt/stack/data/venv/lib/python3.12/site-packages/oslo_config/cfg.py:3006}}
May 07 13:03:26.281419 np0000172479 nova-scheduler[108694]: DEBUG cotyledon.oslo_config_glue [-] oslo_limit.collect_timing = False {{(pid=108694) log_opt_values /opt/stack/data/venv/lib/python3.12/site-packages/oslo_config/cfg.py:3006}}
May 07 13:03:26.281624 np0000172479 nova-scheduler[108694]: DEBUG cotyledon.oslo_config_glue [-] oslo_limit.connect_retries = None {{(pid=108694) log_opt_values /opt/stack/data/venv/lib/python3.12/site-packages/oslo_config/cfg.py:3006}}
May 07 13:03:26.281624 np0000172479 nova-scheduler[108694]: DEBUG cotyledon.oslo_config_glue [-] oslo_limit.connect_retry_delay = None {{(pid=108694) log_opt_values /opt/stack/data/venv/lib/python3.12/site-packages/oslo_config/cfg.py:3006}}
May 07 13:03:26.281624 np0000172479 nova-scheduler[108694]: DEBUG cotyledon.oslo_config_glue [-] oslo_limit.endpoint_id = None {{(pid=108694) log_opt_values /opt/stack/data/venv/lib/python3.12/site-packages/oslo_config/cfg.py:3006}}
May 07 13:03:26.281624 np0000172479 nova-scheduler[108694]: DEBUG cotyledon.oslo_config_glue [-] oslo_limit.endpoint_interface = public {{(pid=108694) log_opt_values /opt/stack/data/venv/lib/python3.12/site-packages/oslo_config/cfg.py:3006}}
May 07 13:03:26.281624 np0000172479 nova-scheduler[108694]: DEBUG cotyledon.oslo_config_glue [-] oslo_limit.endpoint_override = None {{(pid=108694) log_opt_values /opt/stack/data/venv/lib/python3.12/site-packages/oslo_config/cfg.py:3006}}
May 07 13:03:26.281624 np0000172479 nova-scheduler[108694]: DEBUG cotyledon.oslo_config_glue [-] oslo_limit.endpoint_region_name = None {{(pid=108694) log_opt_values /opt/stack/data/venv/lib/python3.12/site-packages/oslo_config/cfg.py:3006}}
May 07 13:03:26.281624 np0000172479 nova-scheduler[108694]: DEBUG cotyledon.oslo_config_glue [-] oslo_limit.endpoint_service_name = None {{(pid=108694) log_opt_values /opt/stack/data/venv/lib/python3.12/site-packages/oslo_config/cfg.py:3006}}
May 07 13:03:26.281624 np0000172479 nova-scheduler[108694]: DEBUG cotyledon.oslo_config_glue [-] oslo_limit.endpoint_service_type = None {{(pid=108694) log_opt_values /opt/stack/data/venv/lib/python3.12/site-packages/oslo_config/cfg.py:3006}}
May 07 13:03:26.281624 np0000172479 nova-scheduler[108694]: DEBUG cotyledon.oslo_config_glue [-] oslo_limit.insecure = False {{(pid=108694) log_opt_values /opt/stack/data/venv/lib/python3.12/site-packages/oslo_config/cfg.py:3006}}
May 07 13:03:26.281820 np0000172479 nova-scheduler[108694]: DEBUG cotyledon.oslo_config_glue [-] oslo_limit.keyfile = None {{(pid=108694) log_opt_values /opt/stack/data/venv/lib/python3.12/site-packages/oslo_config/cfg.py:3006}}
May 07 13:03:26.281820 np0000172479 nova-scheduler[108694]: DEBUG cotyledon.oslo_config_glue [-] oslo_limit.max_version = None {{(pid=108694) log_opt_values /opt/stack/data/venv/lib/python3.12/site-packages/oslo_config/cfg.py:3006}}
May 07 13:03:26.281820 np0000172479 nova-scheduler[108694]: DEBUG cotyledon.oslo_config_glue [-] oslo_limit.min_version = None {{(pid=108694) log_opt_values /opt/stack/data/venv/lib/python3.12/site-packages/oslo_config/cfg.py:3006}}
May 07 13:03:26.281820 np0000172479 nova-scheduler[108694]: DEBUG cotyledon.oslo_config_glue [-] oslo_limit.region_name = None {{(pid=108694) log_opt_values /opt/stack/data/venv/lib/python3.12/site-packages/oslo_config/cfg.py:3006}}
May 07 13:03:26.281820 np0000172479 nova-scheduler[108694]: DEBUG cotyledon.oslo_config_glue [-] oslo_limit.retriable_status_codes = None {{(pid=108694) log_opt_values /opt/stack/data/venv/lib/python3.12/site-packages/oslo_config/cfg.py:3006}}
May 07 13:03:26.281820 np0000172479 nova-scheduler[108694]: DEBUG cotyledon.oslo_config_glue [-] oslo_limit.service_name = None {{(pid=108694) log_opt_values /opt/stack/data/venv/lib/python3.12/site-packages/oslo_config/cfg.py:3006}}
May 07 13:03:26.281820 np0000172479 nova-scheduler[108694]: DEBUG cotyledon.oslo_config_glue [-] oslo_limit.service_type = None {{(pid=108694) log_opt_values /opt/stack/data/venv/lib/python3.12/site-packages/oslo_config/cfg.py:3006}}
May 07 13:03:26.281820 np0000172479 nova-scheduler[108694]: DEBUG cotyledon.oslo_config_glue [-] oslo_limit.split_loggers = False {{(pid=108694) log_opt_values /opt/stack/data/venv/lib/python3.12/site-packages/oslo_config/cfg.py:3006}}
May 07 13:03:26.281820 np0000172479 nova-scheduler[108694]: DEBUG cotyledon.oslo_config_glue [-] oslo_limit.status_code_retries = None {{(pid=108694) log_opt_values /opt/stack/data/venv/lib/python3.12/site-packages/oslo_config/cfg.py:3006}}
May 07 13:03:26.282109 np0000172479 nova-scheduler[108694]: DEBUG cotyledon.oslo_config_glue [-] oslo_limit.status_code_retry_delay = None {{(pid=108694) log_opt_values /opt/stack/data/venv/lib/python3.12/site-packages/oslo_config/cfg.py:3006}}
May 07 13:03:26.282109 np0000172479 nova-scheduler[108694]: DEBUG cotyledon.oslo_config_glue [-] oslo_limit.timeout = None {{(pid=108694) log_opt_values /opt/stack/data/venv/lib/python3.12/site-packages/oslo_config/cfg.py:3006}}
May 07 13:03:26.282109 np0000172479 nova-scheduler[108694]: DEBUG cotyledon.oslo_config_glue [-] oslo_limit.valid_interfaces = None {{(pid=108694) log_opt_values /opt/stack/data/venv/lib/python3.12/site-packages/oslo_config/cfg.py:3006}}
May 07 13:03:26.282109 np0000172479 nova-scheduler[108694]: DEBUG cotyledon.oslo_config_glue [-] oslo_limit.version = None {{(pid=108694) log_opt_values /opt/stack/data/venv/lib/python3.12/site-packages/oslo_config/cfg.py:3006}}
May 07 13:03:26.282109 np0000172479 nova-scheduler[108694]: DEBUG cotyledon.oslo_config_glue [-] oslo_reports.file_event_handler = None {{(pid=108694) log_opt_values /opt/stack/data/venv/lib/python3.12/site-packages/oslo_config/cfg.py:3006}}
May 07 13:03:26.282109 np0000172479 nova-scheduler[108694]: DEBUG cotyledon.oslo_config_glue [-] oslo_reports.file_event_handler_interval = 1 {{(pid=108694) log_opt_values /opt/stack/data/venv/lib/python3.12/site-packages/oslo_config/cfg.py:3006}}
May 07 13:03:26.282109 np0000172479 nova-scheduler[108694]: DEBUG cotyledon.oslo_config_glue [-] oslo_reports.log_dir = None {{(pid=108694) log_opt_values /opt/stack/data/venv/lib/python3.12/site-packages/oslo_config/cfg.py:3006}}
May 07 13:03:26.282109 np0000172479 nova-scheduler[108694]: DEBUG cotyledon.oslo_config_glue [-] ******************************************************************************** {{(pid=108694) log_opt_values /opt/stack/data/venv/lib/python3.12/site-packages/oslo_config/cfg.py:3013}}
May 07 13:03:26.282109 np0000172479 nova-scheduler[108694]: DEBUG cotyledon._service_worker [-] Run service ServiceWrapper(3) [108694] {{(pid=108694) wait_forever /opt/stack/data/venv/lib/python3.12/site-packages/cotyledon/_service_worker.py:218}}
May 07 13:03:26.282306 np0000172479 nova-scheduler[108694]: INFO nova.service [-] Starting scheduler node (version 33.1.0)
May 07 13:03:26.282306 np0000172479 nova-scheduler[108694]: INFO dbcounter [None req-20bce354-3e8d-48ec-a429-d036e47df3c3 None None] Registered counter for database nova_cell0
May 07 13:03:26.284659 np0000172479 nova-scheduler[108688]: DEBUG dbcounter [-] [108688] Writer thread running {{(pid=108688) stat_writer /opt/stack/data/venv/lib/python3.12/site-packages/dbcounter.py:102}}
May 07 13:03:26.295266 np0000172479 nova-scheduler[108694]: DEBUG oslo_db.sqlalchemy.engines [None req-20bce354-3e8d-48ec-a429-d036e47df3c3 None None] MySQL server mode set to STRICT_TRANS_TABLES,STRICT_ALL_TABLES,NO_ZERO_IN_DATE,NO_ZERO_DATE,ERROR_FOR_DIVISION_BY_ZERO,TRADITIONAL,NO_ENGINE_SUBSTITUTION {{(pid=108694) _check_effective_sql_mode /opt/stack/data/venv/lib/python3.12/site-packages/oslo_db/sqlalchemy/engines.py:325}}
May 07 13:03:26.300167 np0000172479 nova-scheduler[108676]: DEBUG nova.service [None req-f0b45bf1-451c-4d34-9b1a-d3c1b3cd2158 None None] Creating RPC server for service: nova-scheduler on topic: scheduler {{(pid=108676) start /opt/stack/nova/nova/service.py:195}}
May 07 13:03:26.309484 np0000172479 nova-scheduler[108694]: DEBUG dbcounter [-] [108694] Writer thread running {{(pid=108694) stat_writer /opt/stack/data/venv/lib/python3.12/site-packages/dbcounter.py:102}}
May 07 13:03:26.313760 np0000172479 nova-scheduler[108694]: DEBUG nova.service [None req-20bce354-3e8d-48ec-a429-d036e47df3c3 None None] Creating RPC server for service: nova-scheduler on topic: scheduler {{(pid=108694) start /opt/stack/nova/nova/service.py:195}}
May 07 13:03:26.333512 np0000172479 nova-scheduler[108676]: DEBUG nova.service [None req-f0b45bf1-451c-4d34-9b1a-d3c1b3cd2158 None None] Join ServiceGroup membership for this service scheduler {{(pid=108676) start /opt/stack/nova/nova/service.py:221}}
May 07 13:03:26.333768 np0000172479 nova-scheduler[108676]: DEBUG nova.servicegroup.drivers.db [None req-f0b45bf1-451c-4d34-9b1a-d3c1b3cd2158 None None] DB_Driver: join new ServiceGroup member np0000172479 to the scheduler group, service = {{(pid=108676) join /opt/stack/nova/nova/servicegroup/drivers/db.py:44}}
May 07 13:03:26.340460 np0000172479 nova-scheduler[108694]: DEBUG nova.service [None req-20bce354-3e8d-48ec-a429-d036e47df3c3 None None] Join ServiceGroup membership for this service scheduler {{(pid=108694) start /opt/stack/nova/nova/service.py:221}}
May 07 13:03:26.340621 np0000172479 nova-scheduler[108694]: DEBUG nova.servicegroup.drivers.db [None req-20bce354-3e8d-48ec-a429-d036e47df3c3 None None] DB_Driver: join new ServiceGroup member np0000172479 to the scheduler group, service = {{(pid=108694) join /opt/stack/nova/nova/servicegroup/drivers/db.py:44}}
May 07 13:03:26.344339 np0000172479 nova-scheduler[108688]: DEBUG nova.service [None req-26540ccc-737f-4fc5-8834-a9bb044ac6d4 None None] Creating RPC server for service: nova-scheduler on topic: scheduler {{(pid=108688) start /opt/stack/nova/nova/service.py:195}}
May 07 13:03:26.345012 np0000172479 nova-scheduler[108681]: DEBUG nova.service [None req-fc8b2be5-7e95-471a-beef-d24ae2860bb7 None None] Creating RPC server for service: nova-scheduler on topic: scheduler {{(pid=108681) start /opt/stack/nova/nova/service.py:195}}
May 07 13:03:26.365969 np0000172479 nova-scheduler[108688]: DEBUG nova.service [None req-26540ccc-737f-4fc5-8834-a9bb044ac6d4 None None] Join ServiceGroup membership for this service scheduler {{(pid=108688) start /opt/stack/nova/nova/service.py:221}}
May 07 13:03:26.366294 np0000172479 nova-scheduler[108688]: DEBUG nova.servicegroup.drivers.db [None req-26540ccc-737f-4fc5-8834-a9bb044ac6d4 None None] DB_Driver: join new ServiceGroup member np0000172479 to the scheduler group, service = {{(pid=108688) join /opt/stack/nova/nova/servicegroup/drivers/db.py:44}}
May 07 13:03:26.367111 np0000172479 nova-scheduler[108681]: DEBUG nova.service [None req-fc8b2be5-7e95-471a-beef-d24ae2860bb7 None None] Join ServiceGroup membership for this service scheduler {{(pid=108681) start /opt/stack/nova/nova/service.py:221}}
May 07 13:03:26.367335 np0000172479 nova-scheduler[108681]: DEBUG nova.servicegroup.drivers.db [None req-fc8b2be5-7e95-471a-beef-d24ae2860bb7 None None] DB_Driver: join new ServiceGroup member np0000172479 to the scheduler group, service = {{(pid=108681) join /opt/stack/nova/nova/servicegroup/drivers/db.py:44}}
May 07 13:03:31.337641 np0000172479 nova-scheduler[108676]: DEBUG oslo.service.backend._threading.loopingcall [None req-b94ae8d2-8f5b-4e2d-b648-2d7b5fff0e4f None None] Dynamic interval looping call 'nova.service.Service.periodic_tasks' sleeping for 60.00 seconds {{(pid=108676) _run_loop /opt/stack/data/venv/lib/python3.12/site-packages/oslo_service/backend/_threading/loopingcall.py:125}}
May 07 13:03:31.362058 np0000172479 nova-scheduler[108676]: DEBUG oslo.service.backend._threading.loopingcall [-] Fixed interval looping call 'nova.servicegroup.drivers.db.DbDriver._report_state' sleeping for 119.98 seconds {{(pid=108676) _run_loop /opt/stack/data/venv/lib/python3.12/site-packages/oslo_service/backend/_threading/loopingcall.py:125}}
May 07 13:03:31.362438 np0000172479 nova-scheduler[108694]: DEBUG oslo.service.backend._threading.loopingcall [-] Fixed interval looping call 'nova.servicegroup.drivers.db.DbDriver._report_state' sleeping for 119.98 seconds {{(pid=108694) _run_loop /opt/stack/data/venv/lib/python3.12/site-packages/oslo_service/backend/_threading/loopingcall.py:125}}
May 07 13:03:31.378810 np0000172479 nova-scheduler[108681]: DEBUG oslo.service.backend._threading.loopingcall [-] Fixed interval looping call 'nova.servicegroup.drivers.db.DbDriver._report_state' sleeping for 119.99 seconds {{(pid=108681) _run_loop /opt/stack/data/venv/lib/python3.12/site-packages/oslo_service/backend/_threading/loopingcall.py:125}}
May 07 13:03:31.380829 np0000172479 nova-scheduler[108688]: DEBUG oslo.service.backend._threading.loopingcall [-] Fixed interval looping call 'nova.servicegroup.drivers.db.DbDriver._report_state' sleeping for 119.99 seconds {{(pid=108688) _run_loop /opt/stack/data/venv/lib/python3.12/site-packages/oslo_service/backend/_threading/loopingcall.py:125}}
May 07 13:03:34.895973 np0000172479 nova-scheduler[108040]: DEBUG dbcounter [-] [108040] Writing DB stats nova_api:SELECT=3 {{(pid=108040) stat_writer /opt/stack/data/venv/lib/python3.12/site-packages/dbcounter.py:115}}
May 07 13:03:34.995775 np0000172479 nova-scheduler[108040]: DEBUG dbcounter [-] [108040] Writing DB stats nova_cell0:SELECT=1 {{(pid=108040) stat_writer /opt/stack/data/venv/lib/python3.12/site-packages/dbcounter.py:115}}
May 07 13:03:35.005383 np0000172479 nova-scheduler[108040]: DEBUG dbcounter [-] [108040] Writing DB stats nova_cell1:SELECT=1 {{(pid=108040) stat_writer /opt/stack/data/venv/lib/python3.12/site-packages/dbcounter.py:115}}
May 07 13:03:35.343752 np0000172479 nova-scheduler[108694]: DEBUG oslo.service.backend._threading.loopingcall [None req-5cafaeb1-8acd-42eb-bbc0-4796fa02f6a2 None None] Dynamic interval looping call 'nova.service.Service.periodic_tasks' sleeping for 60.00 seconds {{(pid=108694) _run_loop /opt/stack/data/venv/lib/python3.12/site-packages/oslo_service/backend/_threading/loopingcall.py:125}}
May 07 13:03:41.355186 np0000172479 nova-scheduler[108676]: DEBUG dbcounter [-] [108676] Writing DB stats nova_cell0:SELECT=4,nova_cell0:INSERT=1,nova_cell0:UPDATE=1 {{(pid=108676) stat_writer /opt/stack/data/venv/lib/python3.12/site-packages/dbcounter.py:115}}
May 07 13:03:41.358303 np0000172479 nova-scheduler[108694]: DEBUG dbcounter [-] [108694] Writing DB stats nova_cell0:SELECT=3,nova_cell0:UPDATE=1 {{(pid=108694) stat_writer /opt/stack/data/venv/lib/python3.12/site-packages/dbcounter.py:115}}
May 07 13:03:41.378823 np0000172479 nova-scheduler[108681]: DEBUG dbcounter [-] [108681] Writing DB stats nova_cell0:SELECT=5,nova_cell0:INSERT=1 {{(pid=108681) stat_writer /opt/stack/data/venv/lib/python3.12/site-packages/dbcounter.py:115}}
May 07 13:03:41.379247 np0000172479 nova-scheduler[108688]: DEBUG dbcounter [-] [108688] Writing DB stats nova_cell0:SELECT=5,nova_cell0:INSERT=1 {{(pid=108688) stat_writer /opt/stack/data/venv/lib/python3.12/site-packages/dbcounter.py:115}}
May 07 13:03:59.371357 np0000172479 nova-scheduler[108681]: DEBUG oslo.service.backend._threading.loopingcall [None req-583ef275-164b-4829-847c-4355a5522c08 None None] Dynamic interval looping call 'nova.service.Service.periodic_tasks' sleeping for 60.00 seconds {{(pid=108681) _run_loop /opt/stack/data/venv/lib/python3.12/site-packages/oslo_service/backend/_threading/loopingcall.py:125}}
May 07 13:04:03.370861 np0000172479 nova-scheduler[108688]: DEBUG oslo.service.backend._threading.loopingcall [None req-91b8200f-43d7-4e4a-a019-5e424a6549dd None None] Dynamic interval looping call 'nova.service.Service.periodic_tasks' sleeping for 60.00 seconds {{(pid=108688) _run_loop /opt/stack/data/venv/lib/python3.12/site-packages/oslo_service/backend/_threading/loopingcall.py:125}}
May 07 13:04:31.339863 np0000172479 nova-scheduler[108676]: DEBUG oslo.service.backend._threading.loopingcall [None req-b94ae8d2-8f5b-4e2d-b648-2d7b5fff0e4f None None] Dynamic interval looping call 'nova.service.Service.periodic_tasks' sleeping for 60.00 seconds {{(pid=108676) _run_loop /opt/stack/data/venv/lib/python3.12/site-packages/oslo_service/backend/_threading/loopingcall.py:125}}
May 07 13:04:35.346733 np0000172479 nova-scheduler[108694]: DEBUG oslo.service.backend._threading.loopingcall [None req-5cafaeb1-8acd-42eb-bbc0-4796fa02f6a2 None None] Dynamic interval looping call 'nova.service.Service.periodic_tasks' sleeping for 60.00 seconds {{(pid=108694) _run_loop /opt/stack/data/venv/lib/python3.12/site-packages/oslo_service/backend/_threading/loopingcall.py:125}}
May 07 13:04:59.373015 np0000172479 nova-scheduler[108681]: DEBUG oslo.service.backend._threading.loopingcall [None req-583ef275-164b-4829-847c-4355a5522c08 None None] Dynamic interval looping call 'nova.service.Service.periodic_tasks' sleeping for 60.00 seconds {{(pid=108681) _run_loop /opt/stack/data/venv/lib/python3.12/site-packages/oslo_service/backend/_threading/loopingcall.py:125}}
May 07 13:05:03.371679 np0000172479 nova-scheduler[108688]: DEBUG oslo.service.backend._threading.loopingcall [None req-91b8200f-43d7-4e4a-a019-5e424a6549dd None None] Dynamic interval looping call 'nova.service.Service.periodic_tasks' sleeping for 60.00 seconds {{(pid=108688) _run_loop /opt/stack/data/venv/lib/python3.12/site-packages/oslo_service/backend/_threading/loopingcall.py:125}}
May 07 13:05:31.341224 np0000172479 nova-scheduler[108676]: DEBUG oslo.service.backend._threading.loopingcall [None req-b94ae8d2-8f5b-4e2d-b648-2d7b5fff0e4f None None] Dynamic interval looping call 'nova.service.Service.periodic_tasks' sleeping for 60.00 seconds {{(pid=108676) _run_loop /opt/stack/data/venv/lib/python3.12/site-packages/oslo_service/backend/_threading/loopingcall.py:125}}
May 07 13:05:31.354976 np0000172479 nova-scheduler[108694]: DEBUG oslo.service.backend._threading.loopingcall [-] Fixed interval looping call 'nova.servicegroup.drivers.db.DbDriver._report_state' sleeping for 119.99 seconds {{(pid=108694) _run_loop /opt/stack/data/venv/lib/python3.12/site-packages/oslo_service/backend/_threading/loopingcall.py:125}}
May 07 13:05:31.355632 np0000172479 nova-scheduler[108676]: DEBUG oslo.service.backend._threading.loopingcall [-] Fixed interval looping call 'nova.servicegroup.drivers.db.DbDriver._report_state' sleeping for 119.99 seconds {{(pid=108676) _run_loop /opt/stack/data/venv/lib/python3.12/site-packages/oslo_service/backend/_threading/loopingcall.py:125}}
May 07 13:05:31.374014 np0000172479 nova-scheduler[108681]: DEBUG oslo.service.backend._threading.loopingcall [-] Fixed interval looping call 'nova.servicegroup.drivers.db.DbDriver._report_state' sleeping for 120.00 seconds {{(pid=108681) _run_loop /opt/stack/data/venv/lib/python3.12/site-packages/oslo_service/backend/_threading/loopingcall.py:125}}
May 07 13:05:31.376298 np0000172479 nova-scheduler[108688]: DEBUG oslo.service.backend._threading.loopingcall [-] Fixed interval looping call 'nova.servicegroup.drivers.db.DbDriver._report_state' sleeping for 120.00 seconds {{(pid=108688) _run_loop /opt/stack/data/venv/lib/python3.12/site-packages/oslo_service/backend/_threading/loopingcall.py:125}}
May 07 13:05:35.347814 np0000172479 nova-scheduler[108694]: DEBUG oslo.service.backend._threading.loopingcall [None req-5cafaeb1-8acd-42eb-bbc0-4796fa02f6a2 None None] Dynamic interval looping call 'nova.service.Service.periodic_tasks' sleeping for 60.00 seconds {{(pid=108694) _run_loop /opt/stack/data/venv/lib/python3.12/site-packages/oslo_service/backend/_threading/loopingcall.py:125}}
May 07 13:05:41.349058 np0000172479 nova-scheduler[108676]: DEBUG dbcounter [-] [108676] Writing DB stats nova_cell0:SELECT=1,nova_cell0:UPDATE=1 {{(pid=108676) stat_writer /opt/stack/data/venv/lib/python3.12/site-packages/dbcounter.py:115}}
May 07 13:05:41.350065 np0000172479 nova-scheduler[108694]: DEBUG dbcounter [-] [108694] Writing DB stats nova_cell0:SELECT=1,nova_cell0:UPDATE=1 {{(pid=108694) stat_writer /opt/stack/data/venv/lib/python3.12/site-packages/dbcounter.py:115}}
May 07 13:05:41.371702 np0000172479 nova-scheduler[108681]: DEBUG dbcounter [-] [108681] Writing DB stats nova_cell0:SELECT=1 {{(pid=108681) stat_writer /opt/stack/data/venv/lib/python3.12/site-packages/dbcounter.py:115}}
May 07 13:05:41.373848 np0000172479 nova-scheduler[108688]: DEBUG dbcounter [-] [108688] Writing DB stats nova_cell0:SELECT=1 {{(pid=108688) stat_writer /opt/stack/data/venv/lib/python3.12/site-packages/dbcounter.py:115}}
May 07 13:05:59.373755 np0000172479 nova-scheduler[108681]: DEBUG oslo.service.backend._threading.loopingcall [None req-583ef275-164b-4829-847c-4355a5522c08 None None] Dynamic interval looping call 'nova.service.Service.periodic_tasks' sleeping for 60.00 seconds {{(pid=108681) _run_loop /opt/stack/data/venv/lib/python3.12/site-packages/oslo_service/backend/_threading/loopingcall.py:125}}
May 07 13:06:03.372543 np0000172479 nova-scheduler[108688]: DEBUG oslo.service.backend._threading.loopingcall [None req-91b8200f-43d7-4e4a-a019-5e424a6549dd None None] Dynamic interval looping call 'nova.service.Service.periodic_tasks' sleeping for 60.00 seconds {{(pid=108688) _run_loop /opt/stack/data/venv/lib/python3.12/site-packages/oslo_service/backend/_threading/loopingcall.py:125}}
May 07 13:06:31.341927 np0000172479 nova-scheduler[108676]: DEBUG oslo.service.backend._threading.loopingcall [None req-b94ae8d2-8f5b-4e2d-b648-2d7b5fff0e4f None None] Dynamic interval looping call 'nova.service.Service.periodic_tasks' sleeping for 60.00 seconds {{(pid=108676) _run_loop /opt/stack/data/venv/lib/python3.12/site-packages/oslo_service/backend/_threading/loopingcall.py:125}}
May 07 13:06:35.348768 np0000172479 nova-scheduler[108694]: DEBUG oslo.service.backend._threading.loopingcall [None req-5cafaeb1-8acd-42eb-bbc0-4796fa02f6a2 None None] Dynamic interval looping call 'nova.service.Service.periodic_tasks' sleeping for 60.00 seconds {{(pid=108694) _run_loop /opt/stack/data/venv/lib/python3.12/site-packages/oslo_service/backend/_threading/loopingcall.py:125}}
May 07 13:06:59.374523 np0000172479 nova-scheduler[108681]: DEBUG oslo.service.backend._threading.loopingcall [None req-583ef275-164b-4829-847c-4355a5522c08 None None] Dynamic interval looping call 'nova.service.Service.periodic_tasks' sleeping for 60.00 seconds {{(pid=108681) _run_loop /opt/stack/data/venv/lib/python3.12/site-packages/oslo_service/backend/_threading/loopingcall.py:125}}
May 07 13:07:03.373727 np0000172479 nova-scheduler[108688]: DEBUG oslo.service.backend._threading.loopingcall [None req-91b8200f-43d7-4e4a-a019-5e424a6549dd None None] Dynamic interval looping call 'nova.service.Service.periodic_tasks' sleeping for 60.00 seconds {{(pid=108688) _run_loop /opt/stack/data/venv/lib/python3.12/site-packages/oslo_service/backend/_threading/loopingcall.py:125}}
May 07 13:07:31.342534 np0000172479 nova-scheduler[108676]: DEBUG oslo.service.backend._threading.loopingcall [None req-b94ae8d2-8f5b-4e2d-b648-2d7b5fff0e4f None None] Dynamic interval looping call 'nova.service.Service.periodic_tasks' sleeping for 60.00 seconds {{(pid=108676) _run_loop /opt/stack/data/venv/lib/python3.12/site-packages/oslo_service/backend/_threading/loopingcall.py:125}}
May 07 13:07:31.356710 np0000172479 nova-scheduler[108694]: DEBUG oslo.service.backend._threading.loopingcall [-] Fixed interval looping call 'nova.servicegroup.drivers.db.DbDriver._report_state' sleeping for 119.99 seconds {{(pid=108694) _run_loop /opt/stack/data/venv/lib/python3.12/site-packages/oslo_service/backend/_threading/loopingcall.py:125}}
May 07 13:07:31.357248 np0000172479 nova-scheduler[108676]: DEBUG oslo.service.backend._threading.loopingcall [-] Fixed interval looping call 'nova.servicegroup.drivers.db.DbDriver._report_state' sleeping for 119.99 seconds {{(pid=108676) _run_loop /opt/stack/data/venv/lib/python3.12/site-packages/oslo_service/backend/_threading/loopingcall.py:125}}
May 07 13:07:31.378770 np0000172479 nova-scheduler[108681]: DEBUG oslo.service.backend._threading.loopingcall [-] Fixed interval looping call 'nova.servicegroup.drivers.db.DbDriver._report_state' sleeping for 120.00 seconds {{(pid=108681) _run_loop /opt/stack/data/venv/lib/python3.12/site-packages/oslo_service/backend/_threading/loopingcall.py:125}}
May 07 13:07:31.381525 np0000172479 nova-scheduler[108688]: DEBUG oslo.service.backend._threading.loopingcall [-] Fixed interval looping call 'nova.servicegroup.drivers.db.DbDriver._report_state' sleeping for 120.00 seconds {{(pid=108688) _run_loop /opt/stack/data/venv/lib/python3.12/site-packages/oslo_service/backend/_threading/loopingcall.py:125}}
May 07 13:07:35.349575 np0000172479 nova-scheduler[108694]: DEBUG oslo.service.backend._threading.loopingcall [None req-5cafaeb1-8acd-42eb-bbc0-4796fa02f6a2 None None] Dynamic interval looping call 'nova.service.Service.periodic_tasks' sleeping for 60.00 seconds {{(pid=108694) _run_loop /opt/stack/data/venv/lib/python3.12/site-packages/oslo_service/backend/_threading/loopingcall.py:125}}
