2026-06-12 08:46:35.283 8 INFO neutron.db.ovn_revision_numbers_db [None req-4d4c8c9f-e0c4-44d8-9de6-28eedb104739 ea497c0cd0ea40aab056705a3fee1fec 41ca9636860d41e69fc6de8ccf4efaca - - default default] Successfully bumped revision number for resource 7b591edf-48cd-492d-b058-9432094a7393 (type: ports) to 1 [pid: 8|app: 0|req: 1102/2231] 10.0.0.187 () {34 vars in 670 bytes} [Fri Jun 12 08:46:34 2026] POST /v2.0/networks => generated 650 bytes in 452 msecs (HTTP/1.1 201) 4 headers in 162 bytes (1 switches on core 0) [pid: 8|app: 0|req: 1103/2232] 10.0.0.187 () {32 vars in 649 bytes} [Fri Jun 12 08:46:35 2026] GET /v2.0/networks => generated 9182 bytes in 71 msecs (HTTP/1.1 200) 4 headers in 158 bytes (1 switches on core 0)
2026-06-12 08:46:35.527 7 INFO neutron_taas.services.taas.taas_plugin [None req-2da4efff-e5ed-48fb-93a9-e29d6f08b709 c2ba7340212242eca4b26af982df9e0e 0b6ebd70f73f47caaae30e0c35d83997 - - default default] TaaS: Handle Delete Port: 5002f6c2-dd32-4338-a59b-5e48efd2a493
2026-06-12 08:46:35.533 7 INFO neutron_taas.services.taas.tap_mirror_plugin [None req-2da4efff-e5ed-48fb-93a9-e29d6f08b709 c2ba7340212242eca4b26af982df9e0e 0b6ebd70f73f47caaae30e0c35d83997 - - default default] Tap Mirror: Handle Delete Port: 5002f6c2-dd32-4338-a59b-5e48efd2a493
2026-06-12 08:46:35.670 8 INFO neutron_taas.services.taas.taas_plugin [None req-c3a78658-0396-4f92-906d-78ee9945cc0c 28f93bbf223f413ab3132b66cc002f38 101c03246d944c349f23e09bc5827c04 - - default default] TaaS: Handle Delete Port: 467bcdf5-862e-418a-8f40-2e8d16963223
2026-06-12 08:46:35.674 8 INFO neutron_taas.services.taas.tap_mirror_plugin [None req-c3a78658-0396-4f92-906d-78ee9945cc0c 28f93bbf223f413ab3132b66cc002f38 101c03246d944c349f23e09bc5827c04 - - default default] Tap Mirror: Handle Delete Port: 467bcdf5-862e-418a-8f40-2e8d16963223
2026-06-12 08:46:35.839 7 INFO neutron_taas.services.taas.taas_plugin [None req-772574dd-d066-4961-8dfa-70f508bfeb36 - - - - - -] TaaS: Handle Delete Port: b0534a18-53eb-41a2-b252-81c8602fcac9
2026-06-12 08:46:35.843 7 INFO neutron_taas.services.taas.tap_mirror_plugin [None req-772574dd-d066-4961-8dfa-70f508bfeb36 - - - - - -] Tap Mirror: Handle Delete Port: b0534a18-53eb-41a2-b252-81c8602fcac9
2026-06-12 08:46:36.388 7 INFO neutron_taas.services.taas.taas_plugin [None req-f59b351a-5bd3-402e-ac2b-959556bdfbbc - - - - - -] TaaS: Handle Delete Port: f81d5691-190b-4207-9920-b45c47a81354
2026-06-12 08:46:36.391 7 INFO neutron_taas.services.taas.tap_mirror_plugin [None req-f59b351a-5bd3-402e-ac2b-959556bdfbbc - - - - - -] Tap Mirror: Handle Delete Port: f81d5691-190b-4207-9920-b45c47a81354 [pid: 8|app: 0|req: 1104/2233] 10.0.0.187 () {34 vars in 789 bytes} [Fri Jun 12 08:46:35 2026] PUT /v2.0/routers/588c0673-8c59-41e3-b748-a77af4adad5d/remove_router_interface => generated 309 bytes in 1089 msecs (HTTP/1.1 200) 4 headers in 157 bytes (1 switches on core 0) /var/lib/openstack/lib/python3.12/site-packages/pycadf/identifier.py:70: UserWarning: Invalid uuid: neutron. To ensure interoperability, identifiers should be a valid uuid. warnings.warn(('Invalid uuid: %s. To ensure interoperability, '
2026-06-12 08:46:36.787 8 WARNING neutron.scheduler.dhcp_agent_scheduler [None req-113b393d-ff54-4f88-95f8-81a1b555bfc9 ea497c0cd0ea40aab056705a3fee1fec 41ca9636860d41e69fc6de8ccf4efaca - - default default] No more DHCP agents
2026-06-12 08:46:36.789 8 WARNING neutron.api.rpc.agentnotifiers.dhcp_rpc_agent_api [None req-113b393d-ff54-4f88-95f8-81a1b555bfc9 ea497c0cd0ea40aab056705a3fee1fec 41ca9636860d41e69fc6de8ccf4efaca - - default default] Unable to schedule network 09c1d82b-091f-4ce4-912d-2997c6ad2249: no agents available; will retry on subsequent port and subnet creation events.
2026-06-12 08:46:36.864 8 INFO neutron.db.ovn_revision_numbers_db [None req-113b393d-ff54-4f88-95f8-81a1b555bfc9 ea497c0cd0ea40aab056705a3fee1fec 41ca9636860d41e69fc6de8ccf4efaca - - default default] Successfully bumped revision number for resource b9d08d46-6c25-4b88-8c2a-f39e74498ab8 (type: ports) to 1 [pid: 8|app: 0|req: 1105/2234] 10.0.0.187 () {34 vars in 664 bytes} [Fri Jun 12 08:46:36 2026] POST /v2.0/ports => generated 743 bytes in 437 msecs (HTTP/1.1 201) 4 headers in 162 bytes (1 switches on core 0) /var/lib/openstack/lib/python3.12/site-packages/pycadf/identifier.py:70: UserWarning: Invalid uuid: neutron. To ensure interoperability, identifiers should be a valid uuid. warnings.warn(('Invalid uuid: %s. To ensure interoperability, ' [pid: 8|app: 0|req: 1106/2235] 10.0.0.187 () {32 vars in 647 bytes} [Fri Jun 12 08:46:36 2026] GET /v2.0/subnets => generated 5947 bytes in 62 msecs (HTTP/1.1 200) 4 headers in 158 bytes (1 switches on core 0)
2026-06-12 08:46:37.256 8 INFO neutron_taas.services.taas.taas_plugin [None req-da579b61-a680-4e51-b4ea-cdaa24e89a26 28f93bbf223f413ab3132b66cc002f38 101c03246d944c349f23e09bc5827c04 - - default default] TaaS: Handle Delete Port: ef76f44d-3d8e-41be-a4dd-d4a47e741725
2026-06-12 08:46:37.259 8 INFO neutron_taas.services.taas.tap_mirror_plugin [None req-da579b61-a680-4e51-b4ea-cdaa24e89a26 28f93bbf223f413ab3132b66cc002f38 101c03246d944c349f23e09bc5827c04 - - default default] Tap Mirror: Handle Delete Port: ef76f44d-3d8e-41be-a4dd-d4a47e741725
2026-06-12 08:46:37.383 7 INFO neutron_taas.services.taas.taas_plugin [None req-f59b351a-5bd3-402e-ac2b-959556bdfbbc - - - - - -] TaaS: Handle Delete Port: ab6451ce-a777-4981-a14e-404ed0ebebf2
2026-06-12 08:46:37.387 7 INFO neutron_taas.services.taas.tap_mirror_plugin [None req-f59b351a-5bd3-402e-ac2b-959556bdfbbc - - - - - -] Tap Mirror: Handle Delete Port: ab6451ce-a777-4981-a14e-404ed0ebebf2
2026-06-12 08:46:37.595 7 INFO neutron.services.segments.plugin [-] Segment 71ff6269-ab22-4732-aea1-debfff0b7f31 resource provider aggregate not found
2026-06-12 08:46:37.604 7 INFO neutron.services.segments.plugin [-] Segment 71ff6269-ab22-4732-aea1-debfff0b7f31 resource provider aggregate not found
2026-06-12 08:46:37.610 7 INFO neutron.services.segments.plugin [-] Segment 71ff6269-ab22-4732-aea1-debfff0b7f31 resource provider not found; error: Placement Client Error (4xx): {"errors": [{"status": 404, "title": "Not Found", "detail": "The resource could not be found.\n\n No resource provider with uuid 71ff6269-ab22-4732-aea1-debfff0b7f31 found for delete ", "request_id": "req-c13673f3-86bf-47eb-901b-17f3f1010e55"}]}
2026-06-12 08:46:37.621 7 INFO neutron.services.segments.plugin [-] Segment 71ff6269-ab22-4732-aea1-debfff0b7f31 resource provider not found; error: Placement Client Error (4xx): {"errors": [{"status": 404, "title": "Not Found", "detail": "The resource could not be found.\n\n No resource provider with uuid 71ff6269-ab22-4732-aea1-debfff0b7f31 found for delete ", "request_id": "req-a8fd5880-7770-408f-9eb1-7bf152e4755a"}]} [pid: 8|app: 0|req: 1109/2238] 10.0.0.187 () {32 vars in 724 bytes} [Fri Jun 12 08:46:36 2026] DELETE /v2.0/routers/588c0673-8c59-41e3-b748-a77af4adad5d => generated 0 bytes in 675 msecs (HTTP/1.1 204) 2 headers in 112 bytes (1 switches on core 0) [pid: 7|app: 0|req: 1130/2239] 10.0.0.187 () {32 vars in 740 bytes} [Fri Jun 12 08:46:35 2026] DELETE /v2.0/vpn/vpnservices/3101c086-c663-421f-a523-55d123d41306 => generated 0 bytes in 2478 msecs (HTTP/1.1 204) 2 headers in 112 bytes (1 switches on core 0) /var/lib/openstack/lib/python3.12/site-packages/pycadf/identifier.py:70: UserWarning: Invalid uuid: neutron. To ensure interoperability, identifiers should be a valid uuid. warnings.warn(('Invalid uuid: %s. To ensure interoperability, '
2026-06-12 08:46:37.750 8 INFO neutron.db.segments_db [None req-415a14ae-83fc-4476-aa51-37b334d369ae ea497c0cd0ea40aab056705a3fee1fec 41ca9636860d41e69fc6de8ccf4efaca - - default default] Added segment da2057d7-6cdb-458a-8ab9-47e30cc80e2f of type geneve for network 5165a46f-b380-4593-94ac-714d5cb2536e [pid: 7|app: 0|req: 1131/2240] 10.0.0.187 () {32 vars in 647 bytes} [Fri Jun 12 08:46:37 2026] GET /v2.0/routers => generated 3919 bytes in 110 msecs (HTTP/1.1 200) 4 headers in 158 bytes (1 switches on core 0)
2026-06-12 08:46:37.889 8 INFO neutron.db.ovn_revision_numbers_db [None req-415a14ae-83fc-4476-aa51-37b334d369ae ea497c0cd0ea40aab056705a3fee1fec 41ca9636860d41e69fc6de8ccf4efaca - - default default] Successfully bumped revision number for resource 5165a46f-b380-4593-94ac-714d5cb2536e (type: networks) to 1 [pid: 7|app: 0|req: 1132/2241] 10.0.0.187 () {32 vars in 724 bytes} [Fri Jun 12 08:46:37 2026] DELETE /v2.0/subnets/4d206487-e214-4005-8943-71a072420eea => generated 0 bytes in 168 msecs (HTTP/1.1 204) 3 headers in 131 bytes (1 switches on core 0) [pid: 7|app: 0|req: 1133/2242] 10.0.0.187 () {32 vars in 663 bytes} [Fri Jun 12 08:46:37 2026] GET /v2.0/vpn/vpnservices => generated 862 bytes in 9 msecs (HTTP/1.1 200) 4 headers in 157 bytes (1 switches on core 0)
2026-06-12 08:46:38.037 8 WARNING neutron.scheduler.dhcp_agent_scheduler [None req-415a14ae-83fc-4476-aa51-37b334d369ae ea497c0cd0ea40aab056705a3fee1fec 41ca9636860d41e69fc6de8ccf4efaca - - default default] No more DHCP agents
2026-06-12 08:46:38.038 8 WARNING neutron.api.rpc.agentnotifiers.dhcp_rpc_agent_api [None req-415a14ae-83fc-4476-aa51-37b334d369ae ea497c0cd0ea40aab056705a3fee1fec 41ca9636860d41e69fc6de8ccf4efaca - - default default] Unable to schedule network 5165a46f-b380-4593-94ac-714d5cb2536e: no agents available; will retry on subsequent port and subnet creation events.
2026-06-12 08:46:38.106 7 INFO neutron.db.ovn_revision_numbers_db [None req-2cb84084-d095-429c-9553-7440ebf40d31 75482eb429bc48e9a8059d5010775b3a e196c58134d6486ca4c6f79cf482aef1 - - default default] Successfully bumped revision number for resource c38fb78c-db44-4771-99f8-5a91371817fd (type: security_groups) to 1
2026-06-12 08:46:38.122 7 INFO neutron.db.ovn_revision_numbers_db [None req-2cb84084-d095-429c-9553-7440ebf40d31 75482eb429bc48e9a8059d5010775b3a e196c58134d6486ca4c6f79cf482aef1 - - default default] Successfully bumped revision number for resource 16f12549-4289-43c2-8c9a-58a8ac60ab36 (type: security_group_rules) to 0
2026-06-12 08:46:38.127 8 INFO neutron.db.ovn_revision_numbers_db [None req-415a14ae-83fc-4476-aa51-37b334d369ae ea497c0cd0ea40aab056705a3fee1fec 41ca9636860d41e69fc6de8ccf4efaca - - default default] Successfully bumped revision number for resource a9898dc2-95cf-42fe-9aaa-ac63c1a3f7ce (type: ports) to 1
2026-06-12 08:46:38.132 7 INFO neutron.db.ovn_revision_numbers_db [None req-2cb84084-d095-429c-9553-7440ebf40d31 75482eb429bc48e9a8059d5010775b3a e196c58134d6486ca4c6f79cf482aef1 - - default default] Successfully bumped revision number for resource 8e886700-b153-4464-96d2-a5ec95d6e3ad (type: security_group_rules) to 0 [pid: 8|app: 0|req: 1110/2243] 10.0.0.187 () {34 vars in 670 bytes} [Fri Jun 12 08:46:37 2026] POST /v2.0/networks => generated 651 bytes in 500 msecs (HTTP/1.1 201) 4 headers in 162 bytes (1 switches on core 0) [pid: 7|app: 0|req: 1134/2244] 10.0.0.187 () {34 vars in 685 bytes} [Fri Jun 12 08:46:37 2026] POST /v2.0/security-groups => generated 1675 bytes in 194 msecs (HTTP/1.1 201) 4 headers in 163 bytes (1 switches on core 0)
2026-06-12 08:46:38.232 7 INFO neutron.api.v2.resource [None req-05a5ecc8-e21c-4a1a-a248-8db3b8f7d70b c2ba7340212242eca4b26af982df9e0e 0b6ebd70f73f47caaae30e0c35d83997 - - default default] create failed (client error): The server could not comply with the request since it is either malformed or otherwise incorrect. [pid: 7|app: 0|req: 1135/2245] 10.0.0.187 () {34 vars in 707 bytes} [Fri Jun 12 08:46:38 2026] POST /v2.0/vpn/ipsec-site-connections => generated 127 bytes in 68 msecs (HTTP/1.1 400) 4 headers in 166 bytes (1 switches on core 0)
2026-06-12 08:46:38.251 8 INFO neutron_taas.services.taas.taas_plugin [None req-35789275-d6bb-4fb3-a161-28774461a3cf 28f93bbf223f413ab3132b66cc002f38 101c03246d944c349f23e09bc5827c04 - - default default] TaaS: Handle Delete Port: f2b3545b-e190-4405-94c9-01f27549c80b
2026-06-12 08:46:38.254 8 INFO neutron_taas.services.taas.tap_mirror_plugin [None req-35789275-d6bb-4fb3-a161-28774461a3cf 28f93bbf223f413ab3132b66cc002f38 101c03246d944c349f23e09bc5827c04 - - default default] Tap Mirror: Handle Delete Port: f2b3545b-e190-4405-94c9-01f27549c80b
2026-06-12 08:46:38.428 8 INFO neutron.services.segments.plugin [-] Segment ead278a4-d8e2-4fa2-91e8-341a3536becf resource provider aggregate not found
2026-06-12 08:46:38.435 8 INFO neutron.services.segments.plugin [-] Segment ead278a4-d8e2-4fa2-91e8-341a3536becf resource provider aggregate not found
2026-06-12 08:46:38.448 8 INFO neutron.services.segments.plugin [-] Segment ead278a4-d8e2-4fa2-91e8-341a3536becf resource provider not found; error: Placement Client Error (4xx): {"errors": [{"status": 404, "title": "Not Found", "detail": "The resource could not be found.\n\n No resource provider with uuid ead278a4-d8e2-4fa2-91e8-341a3536becf found for delete ", "request_id": "req-0f82632d-3dd5-48d9-ba91-967f2852bff3"}]}
2026-06-12 08:46:38.457 7 WARNING neutron.scheduler.dhcp_agent_scheduler [None req-b1dd521c-2cf7-40ae-baa1-c0b55e52eecf ea497c0cd0ea40aab056705a3fee1fec 41ca9636860d41e69fc6de8ccf4efaca - - default default] No more DHCP agents
2026-06-12 08:46:38.458 7 WARNING neutron.api.rpc.agentnotifiers.dhcp_rpc_agent_api [None req-b1dd521c-2cf7-40ae-baa1-c0b55e52eecf ea497c0cd0ea40aab056705a3fee1fec 41ca9636860d41e69fc6de8ccf4efaca - - default default] Unable to schedule network 5165a46f-b380-4593-94ac-714d5cb2536e: no agents available; will retry on subsequent port and subnet creation events.
2026-06-12 08:46:38.464 8 INFO neutron.services.segments.plugin [-] Segment ead278a4-d8e2-4fa2-91e8-341a3536becf resource provider not found; error: Placement Client Error (4xx): {"errors": [{"status": 404, "title": "Not Found", "detail": "The resource could not be found.\n\n No resource provider with uuid ead278a4-d8e2-4fa2-91e8-341a3536becf found for delete ", "request_id": "req-350205b2-b09e-4173-af20-f0b4b6d17087"}]} [pid: 8|app: 0|req: 1111/2246] 10.0.0.187 () {32 vars in 726 bytes} [Fri Jun 12 08:46:38 2026] DELETE /v2.0/networks/e2803af5-6dd8-418e-8e8b-a3dab4bece51 => generated 0 bytes in 352 msecs (HTTP/1.1 204) 3 headers in 131 bytes (1 switches on core 0)
2026-06-12 08:46:38.579 7 INFO neutron.db.ovn_revision_numbers_db [None req-b1dd521c-2cf7-40ae-baa1-c0b55e52eecf ea497c0cd0ea40aab056705a3fee1fec 41ca9636860d41e69fc6de8ccf4efaca - - default default] Successfully bumped revision number for resource f0f2ffdd-f0d7-453e-a5bf-7ce3534027fd (type: ports) to 1 [pid: 7|app: 0|req: 1136/2247] 10.0.0.187 () {34 vars in 664 bytes} [Fri Jun 12 08:46:38 2026] POST /v2.0/ports => generated 743 bytes in 398 msecs (HTTP/1.1 201) 4 headers in 162 bytes (1 switches on core 0) /var/lib/openstack/lib/python3.12/site-packages/pycadf/identifier.py:70: UserWarning: Invalid uuid: neutron. To ensure interoperability, identifiers should be a valid uuid. warnings.warn(('Invalid uuid: %s. To ensure interoperability, '
2026-06-12 08:46:38.693 8 INFO neutron.db.ovn_revision_numbers_db [None req-8e0cf06d-892e-453d-961a-76937d502995 75482eb429bc48e9a8059d5010775b3a e196c58134d6486ca4c6f79cf482aef1 - - default default] Successfully bumped revision number for resource 6a24b5ab-1223-4f68-9b4c-f182a2ff8e91 (type: security_group_rules) to 0
2026-06-12 08:46:38.711 8 WARNING neutron.plugins.ml2.drivers.ovn.mech_driver.ovsdb.ovn_client [None req-e594df9a-eac7-4616-8e5d-5b7697049956 - - - - - -] No hosting information found for port b608a491-cb52-4e8f-ad5c-2fb3c182e589: RuntimeError: No hosting information found for port b608a491-cb52-4e8f-ad5c-2fb3c182e589
2026-06-12 08:46:38.711 7 INFO neutron.api.v2.resource [None req-5ed94d09-c06f-4ac5-8919-6c900204b2c2 c2ba7340212242eca4b26af982df9e0e 0b6ebd70f73f47caaae30e0c35d83997 - - default default] create failed (client error): The server could not comply with the request since it is either malformed or otherwise incorrect.
2026-06-12 08:46:38.712 8 INFO neutron.plugins.ml2.drivers.ovn.mech_driver.mech_driver [None req-e594df9a-eac7-4616-8e5d-5b7697049956 - - - - - -] OVN reports status down for port: 84dd7227-62d4-4f4f-b2c4-57d0c4e79926 [pid: 7|app: 0|req: 1137/2248] 10.0.0.187 () {34 vars in 707 bytes} [Fri Jun 12 08:46:38 2026] POST /v2.0/vpn/ipsec-site-connections => generated 136 bytes in 80 msecs (HTTP/1.1 400) 4 headers in 166 bytes (1 switches on core 0) [pid: 8|app: 0|req: 1112/2249] 10.0.0.187 () {34 vars in 695 bytes} [Fri Jun 12 08:46:38 2026] POST /v2.0/security-group-rules => generated 597 bytes in 271 msecs (HTTP/1.1 201) 4 headers in 162 bytes (1 switches on core 0)
2026-06-12 08:46:38.812 7 INFO neutron.db.segments_db [None req-017047cc-1735-451e-9838-a00954522f1f ea497c0cd0ea40aab056705a3fee1fec 41ca9636860d41e69fc6de8ccf4efaca - - default default] Added segment 05f30c9a-1f17-450e-a99c-c3f1b9254b4f of type geneve for network 15d4de93-5933-4edb-b5da-f82b8fab2f4b [pid: 8|app: 0|req: 1113/2250] 10.0.0.187 () {32 vars in 774 bytes} [Fri Jun 12 08:46:38 2026] GET /v2.0/security-groups?tenant_id=4987a5d45faf4549859371357f7075b2&name=default => generated 2925 bytes in 67 msecs (HTTP/1.1 200) 4 headers in 158 bytes (1 switches on core 0)
2026-06-12 08:46:38.849 8 WARNING neutron.api.v2.base [None req-9823aa9c-5a93-4e62-b284-dd14f6d6fe2f c2ba7340212242eca4b26af982df9e0e 0b6ebd70f73f47caaae30e0c35d83997 - - default default] An exception happened while processing the request body. The exception message is [Invalid input for dpd. Reason: '59' is not a dictionary.].: webob.exc.HTTPBadRequest: Invalid input for dpd. Reason: '59' is not a dictionary.
2026-06-12 08:46:38.849 8 INFO neutron.api.v2.resource [None req-9823aa9c-5a93-4e62-b284-dd14f6d6fe2f c2ba7340212242eca4b26af982df9e0e 0b6ebd70f73f47caaae30e0c35d83997 - - default default] create failed (client error): Invalid input for dpd. Reason: '59' is not a dictionary. [pid: 8|app: 0|req: 1114/2251] 10.0.0.187 () {34 vars in 707 bytes} [Fri Jun 12 08:46:38 2026] POST /v2.0/vpn/ipsec-site-connections => generated 129 bytes in 10 msecs (HTTP/1.1 400) 4 headers in 166 bytes (1 switches on core 0)
2026-06-12 08:46:38.908 7 INFO neutron.db.ovn_revision_numbers_db [None req-017047cc-1735-451e-9838-a00954522f1f ea497c0cd0ea40aab056705a3fee1fec 41ca9636860d41e69fc6de8ccf4efaca - - default default] Successfully bumped revision number for resource 15d4de93-5933-4edb-b5da-f82b8fab2f4b (type: networks) to 1
2026-06-12 08:46:39.078 7 WARNING neutron.scheduler.dhcp_agent_scheduler [None req-017047cc-1735-451e-9838-a00954522f1f ea497c0cd0ea40aab056705a3fee1fec 41ca9636860d41e69fc6de8ccf4efaca - - default default] No more DHCP agents
2026-06-12 08:46:39.080 7 WARNING neutron.api.rpc.agentnotifiers.dhcp_rpc_agent_api [None req-017047cc-1735-451e-9838-a00954522f1f ea497c0cd0ea40aab056705a3fee1fec 41ca9636860d41e69fc6de8ccf4efaca - - default default] Unable to schedule network 15d4de93-5933-4edb-b5da-f82b8fab2f4b: no agents available; will retry on subsequent port and subnet creation events.
2026-06-12 08:46:39.088 8 INFO neutron.db.ovn_revision_numbers_db [None req-0142fcd1-3338-40e6-9998-c4f78c94b5bb 75482eb429bc48e9a8059d5010775b3a e196c58134d6486ca4c6f79cf482aef1 - - default default] Successfully bumped revision number for resource e51e9bca-4296-4407-9903-6f22f9fa368a (type: security_group_rules) to 0 [pid: 8|app: 0|req: 1115/2252] 10.0.0.187 () {34 vars in 695 bytes} [Fri Jun 12 08:46:38 2026] POST /v2.0/security-group-rules => generated 596 bytes in 304 msecs (HTTP/1.1 201) 4 headers in 162 bytes (1 switches on core 0)
2026-06-12 08:46:39.168 7 INFO neutron.db.ovn_revision_numbers_db [None req-017047cc-1735-451e-9838-a00954522f1f ea497c0cd0ea40aab056705a3fee1fec 41ca9636860d41e69fc6de8ccf4efaca - - default default] Successfully bumped revision number for resource 968c8814-df5c-44e2-b513-c6cf6209fe28 (type: ports) to 1 [pid: 7|app: 0|req: 1138/2253] 10.0.0.187 () {34 vars in 670 bytes} [Fri Jun 12 08:46:38 2026] POST /v2.0/networks => generated 651 bytes in 484 msecs (HTTP/1.1 201) 4 headers in 162 bytes (1 switches on core 0) [pid: 7|app: 0|req: 1139/2254] 10.0.0.187 () {34 vars in 693 bytes} [Fri Jun 12 08:46:39 2026] POST /v2.0/vpn/endpoint-groups => generated 294 bytes in 42 msecs (HTTP/1.1 201) 4 headers in 162 bytes (1 switches on core 0)
2026-06-12 08:46:39.357 8 INFO neutron.db.ovn_revision_numbers_db [None req-e594df9a-eac7-4616-8e5d-5b7697049956 - - - - - -] Successfully bumped revision number for resource 84dd7227-62d4-4f4f-b2c4-57d0c4e79926 (type: ports) to 6
2026-06-12 08:46:39.376 7 INFO neutron.db.ovn_revision_numbers_db [None req-2db00723-2baf-4eaa-a9b1-e6c92e234c70 75482eb429bc48e9a8059d5010775b3a e196c58134d6486ca4c6f79cf482aef1 - - default default] Successfully bumped revision number for resource d7c6e988-55e6-4e4f-98be-50fe791d1068 (type: security_group_rules) to 0 [pid: 7|app: 0|req: 1140/2255] 10.0.0.187 () {34 vars in 695 bytes} [Fri Jun 12 08:46:39 2026] POST /v2.0/security-group-rules => generated 602 bytes in 184 msecs (HTTP/1.1 201) 4 headers in 162 bytes (1 switches on core 0)
2026-06-12 08:46:39.487 8 WARNING neutron.plugins.ml2.drivers.ovn.mech_driver.ovsdb.ovn_client [None req-5c9d3b17-f38e-45b1-bf67-2b2a880d6147 - - - - - -] Logical_Switch_Port %s host information not removed, the port state is up [pid: 8|app: 0|req: 1116/2256] 10.0.0.187 () {32 vars in 740 bytes} [Fri Jun 12 08:46:39 2026] DELETE /v2.0/security-groups/7c895fc8-d130-4377-a601-835ccf7a449b => generated 0 bytes in 401 msecs (HTTP/1.1 204) 2 headers in 112 bytes (1 switches on core 0)
2026-06-12 08:46:39.580 8 INFO neutron.db.ovn_revision_numbers_db [None req-5c9d3b17-f38e-45b1-bf67-2b2a880d6147 - - - - - -] Successfully bumped revision number for resource b608a491-cb52-4e8f-ad5c-2fb3c182e589 (type: router_ports) to 2
2026-06-12 08:46:39.581 8 INFO neutron.plugins.ml2.drivers.ovn.mech_driver.mech_driver [None req-5c9d3b17-f38e-45b1-bf67-2b2a880d6147 - - - - - -] OVN reports status up for port: 84dd7227-62d4-4f4f-b2c4-57d0c4e79926
2026-06-12 08:46:39.593 8 INFO neutron.plugins.ml2.plugin [None req-5c9d3b17-f38e-45b1-bf67-2b2a880d6147 - - - - - -] Attempt 1 to provision port 84dd7227-62d4-4f4f-b2c4-57d0c4e79926
2026-06-12 08:46:39.619 8 INFO neutron.api.v2.resource [None req-4c1c47eb-8685-4d8c-bdb7-9d92fdf83cd5 c2ba7340212242eca4b26af982df9e0e 0b6ebd70f73f47caaae30e0c35d83997 - - default default] create failed (client error): The server could not comply with the request since it is either malformed or otherwise incorrect. [pid: 8|app: 0|req: 1117/2257] 10.0.0.187 () {34 vars in 707 bytes} [Fri Jun 12 08:46:39 2026] POST /v2.0/vpn/ipsec-site-connections => generated 149 bytes in 64 msecs (HTTP/1.1 400) 4 headers in 166 bytes (1 switches on core 0)
2026-06-12 08:46:39.644 7 WARNING neutron.scheduler.dhcp_agent_scheduler [None req-e8df587c-c3f0-4faa-8e1b-259e5cccfe79 ea497c0cd0ea40aab056705a3fee1fec 41ca9636860d41e69fc6de8ccf4efaca - - default default] No more DHCP agents
2026-06-12 08:46:39.646 7 WARNING neutron.api.rpc.agentnotifiers.dhcp_rpc_agent_api [None req-e8df587c-c3f0-4faa-8e1b-259e5cccfe79 ea497c0cd0ea40aab056705a3fee1fec 41ca9636860d41e69fc6de8ccf4efaca - - default default] Unable to schedule network 15d4de93-5933-4edb-b5da-f82b8fab2f4b: no agents available; will retry on subsequent port and subnet creation events.
2026-06-12 08:46:39.751 7 INFO neutron.db.ovn_revision_numbers_db [None req-e8df587c-c3f0-4faa-8e1b-259e5cccfe79 ea497c0cd0ea40aab056705a3fee1fec 41ca9636860d41e69fc6de8ccf4efaca - - default default] Successfully bumped revision number for resource 60573df2-0f7b-4247-983f-39ecbb88b7e4 (type: ports) to 1 [pid: 7|app: 0|req: 1141/2258] 10.0.0.187 () {34 vars in 664 bytes} [Fri Jun 12 08:46:39 2026] POST /v2.0/ports => generated 743 bytes in 386 msecs (HTTP/1.1 201) 4 headers in 162 bytes (1 switches on core 0) /var/lib/openstack/lib/python3.12/site-packages/pycadf/identifier.py:70: UserWarning: Invalid uuid: neutron. To ensure interoperability, identifiers should be a valid uuid. warnings.warn(('Invalid uuid: %s. To ensure interoperability, ' [pid: 7|app: 0|req: 1142/2259] 10.0.0.187 () {32 vars in 671 bytes} [Fri Jun 12 08:46:39 2026] GET /v2.0/vpn/endpoint-groups => generated 908 bytes in 12 msecs (HTTP/1.1 200) 4 headers in 157 bytes (1 switches on core 0)
2026-06-12 08:46:39.898 7 INFO neutron.db.segments_db [None req-4b34fa77-576d-465a-a5bc-156e4d8b2b79 ea497c0cd0ea40aab056705a3fee1fec 41ca9636860d41e69fc6de8ccf4efaca - - default default] Added segment 698d69d2-cc88-48d4-bc55-ee41c2d22f97 of type geneve for network 633f135e-5350-4181-8739-336fd341a5c1
2026-06-12 08:46:39.953 8 INFO neutron.db.ovn_revision_numbers_db [None req-1e7d7b89-754b-43d5-899b-faf6e28b57ae 75482eb429bc48e9a8059d5010775b3a e196c58134d6486ca4c6f79cf482aef1 - - default default] Successfully bumped revision number for resource 277f3723-b20b-4292-8918-b43d8c8c4682 (type: security_group_rules) to 0
2026-06-12 08:46:39.994 7 WARNING neutron.plugins.ml2.drivers.ovn.mech_driver.ovsdb.ovn_client [None req-da053e5b-e966-415c-9884-c85440f4ea75 - - - - - -] No hosting information found for port cdceeda2-107b-4789-96db-4cf2fa743693: RuntimeError: No hosting information found for port cdceeda2-107b-4789-96db-4cf2fa743693 [pid: 8|app: 0|req: 1118/2260] 10.0.0.187 () {34 vars in 695 bytes} [Fri Jun 12 08:46:39 2026] POST /v2.0/security-group-rules => generated 601 bytes in 385 msecs (HTTP/1.1 201) 4 headers in 162 bytes (1 switches on core 0)
2026-06-12 08:46:40.019 7 INFO neutron.db.ovn_revision_numbers_db [None req-4b34fa77-576d-465a-a5bc-156e4d8b2b79 ea497c0cd0ea40aab056705a3fee1fec 41ca9636860d41e69fc6de8ccf4efaca - - default default] Successfully bumped revision number for resource 633f135e-5350-4181-8739-336fd341a5c1 (type: networks) to 1 [pid: 8|app: 0|req: 1119/2261] 10.0.0.187 () {32 vars in 748 bytes} [Fri Jun 12 08:46:40 2026] DELETE /v2.0/vpn/endpoint-groups/4c4b73ed-8d19-449a-aa07-bafaad43683b => generated 0 bytes in 42 msecs (HTTP/1.1 204) 2 headers in 112 bytes (1 switches on core 0)
2026-06-12 08:46:40.127 8 INFO neutron.db.securitygroups_db [None req-61dce20f-f9ad-41c9-8884-9f907986f401 75482eb429bc48e9a8059d5010775b3a e196c58134d6486ca4c6f79cf482aef1 - - default default] Project e196c58134d6486ca4c6f79cf482aef1 added a security group rule with legacy IPv6 ICMP protocol name icmp, ipv6-icmp should be used instead. It was automatically converted.
2026-06-12 08:46:40.130 7 INFO neutron.db.ovn_revision_numbers_db [None req-da053e5b-e966-415c-9884-c85440f4ea75 - - - - - -] Successfully bumped revision number for resource cdceeda2-107b-4789-96db-4cf2fa743693 (type: router_ports) to 2
2026-06-12 08:46:40.131 7 INFO neutron.plugins.ml2.drivers.ovn.mech_driver.mech_driver [None req-da053e5b-e966-415c-9884-c85440f4ea75 - - - - - -] OVN reports status down for port: 7b591edf-48cd-492d-b058-9432094a7393
2026-06-12 08:46:40.276 8 INFO neutron.db.ovn_revision_numbers_db [None req-5c9d3b17-f38e-45b1-bf67-2b2a880d6147 - - - - - -] Successfully bumped revision number for resource 84dd7227-62d4-4f4f-b2c4-57d0c4e79926 (type: ports) to 7
2026-06-12 08:46:40.282 7 INFO neutron.plugins.ml2.drivers.ovn.mech_driver.mech_driver [None req-da053e5b-e966-415c-9884-c85440f4ea75 - - - - - -] OVN reports status down for port: b9d08d46-6c25-4b88-8c2a-f39e74498ab8
2026-06-12 08:46:40.320 7 WARNING neutron.scheduler.dhcp_agent_scheduler [None req-4b34fa77-576d-465a-a5bc-156e4d8b2b79 ea497c0cd0ea40aab056705a3fee1fec 41ca9636860d41e69fc6de8ccf4efaca - - default default] No more DHCP agents
2026-06-12 08:46:40.324 7 WARNING neutron.api.rpc.agentnotifiers.dhcp_rpc_agent_api [None req-4b34fa77-576d-465a-a5bc-156e4d8b2b79 ea497c0cd0ea40aab056705a3fee1fec 41ca9636860d41e69fc6de8ccf4efaca - - default default] Unable to schedule network 633f135e-5350-4181-8739-336fd341a5c1: no agents available; will retry on subsequent port and subnet creation events.
2026-06-12 08:46:40.333 8 INFO neutron.db.ovn_revision_numbers_db [None req-61dce20f-f9ad-41c9-8884-9f907986f401 75482eb429bc48e9a8059d5010775b3a e196c58134d6486ca4c6f79cf482aef1 - - default default] Successfully bumped revision number for resource 2edc957f-fe75-40f2-bddc-fd9ba3521856 (type: security_group_rules) to 0 [pid: 8|app: 0|req: 1120/2262] 10.0.0.187 () {34 vars in 695 bytes} [Fri Jun 12 08:46:40 2026] POST /v2.0/security-group-rules => generated 607 bytes in 335 msecs (HTTP/1.1 201) 4 headers in 162 bytes (1 switches on core 0)
2026-06-12 08:46:40.399 7 INFO neutron.plugins.ml2.drivers.ovn.mech_driver.mech_driver [None req-da053e5b-e966-415c-9884-c85440f4ea75 - - - - - -] OVN reports status down for port: a9898dc2-95cf-42fe-9aaa-ac63c1a3f7ce
2026-06-12 08:46:40.429 7 INFO neutron.db.ovn_revision_numbers_db [None req-4b34fa77-576d-465a-a5bc-156e4d8b2b79 ea497c0cd0ea40aab056705a3fee1fec 41ca9636860d41e69fc6de8ccf4efaca - - default default] Successfully bumped revision number for resource 7e939bc0-fe56-47d0-9b21-68b4f0fc3937 (type: ports) to 1 [pid: 8|app: 0|req: 1121/2263] 10.0.0.187 () {32 vars in 671 bytes} [Fri Jun 12 08:46:40 2026] GET /v2.0/vpn/endpoint-groups => generated 632 bytes in 47 msecs (HTTP/1.1 200) 4 headers in 157 bytes (1 switches on core 0)
2026-06-12 08:46:40.449 8 INFO neutron.plugins.ml2.drivers.ovn.mech_driver.mech_driver [None req-b2732025-0854-4805-9bbf-ec80d698f533 - - - - - -] OVN reports status down for port: f81d5691-190b-4207-9920-b45c47a81354
2026-06-12 08:46:40.463 8 INFO neutron.plugins.ml2.drivers.ovn.mech_driver.mech_driver [None req-b2732025-0854-4805-9bbf-ec80d698f533 - - - - - -] OVN reports status up for port: f81d5691-190b-4207-9920-b45c47a81354 [pid: 7|app: 0|req: 1143/2264] 10.0.0.187 () {34 vars in 670 bytes} [Fri Jun 12 08:46:39 2026] POST /v2.0/networks => generated 651 bytes in 647 msecs (HTTP/1.1 201) 4 headers in 162 bytes (1 switches on core 0)
2026-06-12 08:46:40.479 7 INFO neutron.plugins.ml2.drivers.ovn.mech_driver.mech_driver [None req-da053e5b-e966-415c-9884-c85440f4ea75 - - - - - -] OVN reports status down for port: f0f2ffdd-f0d7-453e-a5bf-7ce3534027fd
2026-06-12 08:46:40.484 8 INFO neutron.plugins.ml2.drivers.ovn.mech_driver.mech_driver [None req-b2732025-0854-4805-9bbf-ec80d698f533 - - - - - -] OVN reports status down for port: 3746e1e3-e12d-4081-905e-9e9db3542fd6
2026-06-12 08:46:40.511 8 INFO neutron.db.securitygroups_db [None req-4ed2c755-cb80-48f8-901f-4db3a4295e3b 75482eb429bc48e9a8059d5010775b3a e196c58134d6486ca4c6f79cf482aef1 - - default default] Project e196c58134d6486ca4c6f79cf482aef1 added a security group rule with legacy IPv6 ICMP protocol name icmp, ipv6-icmp should be used instead. It was automatically converted. [pid: 7|app: 0|req: 1144/2265] 10.0.0.187 () {34 vars in 693 bytes} [Fri Jun 12 08:46:40 2026] POST /v2.0/vpn/endpoint-groups => generated 301 bytes in 89 msecs (HTTP/1.1 201) 4 headers in 162 bytes (1 switches on core 0)
2026-06-12 08:46:40.679 8 INFO neutron.plugins.ml2.drivers.ovn.mech_driver.mech_driver [None req-b2732025-0854-4805-9bbf-ec80d698f533 - - - - - -] OVN reports status down for port: b0534a18-53eb-41a2-b252-81c8602fcac9
2026-06-12 08:46:40.691 8 INFO neutron.plugins.ml2.drivers.ovn.mech_driver.mech_driver [None req-b2732025-0854-4805-9bbf-ec80d698f533 - - - - - -] OVN reports status down for port: 17dd2354-8f15-419f-a8c7-04fb6bd50e1a
2026-06-12 08:46:40.694 8 INFO neutron.db.ovn_revision_numbers_db [None req-4ed2c755-cb80-48f8-901f-4db3a4295e3b 75482eb429bc48e9a8059d5010775b3a e196c58134d6486ca4c6f79cf482aef1 - - default default] Successfully bumped revision number for resource b7d26fdc-8d4f-4e1f-b182-30cb136f0fa0 (type: security_group_rules) to 0 [pid: 8|app: 0|req: 1122/2266] 10.0.0.187 () {34 vars in 695 bytes} [Fri Jun 12 08:46:40 2026] POST /v2.0/security-group-rules => generated 606 bytes in 307 msecs (HTTP/1.1 201) 4 headers in 162 bytes (1 switches on core 0)
2026-06-12 08:46:40.818 8 INFO neutron.plugins.ml2.drivers.ovn.mech_driver.mech_driver [None req-b2732025-0854-4805-9bbf-ec80d698f533 - - - - - -] OVN reports status down for port: 968c8814-df5c-44e2-b513-c6cf6209fe28
2026-06-12 08:46:40.821 8 INFO neutron.api.v2.resource [None req-b88eee38-6311-4d44-b22d-0d7f27aee148 c2ba7340212242eca4b26af982df9e0e 0b6ebd70f73f47caaae30e0c35d83997 - - default default] create failed (client error): The server could not comply with the request since it is either malformed or otherwise incorrect. [pid: 8|app: 0|req: 1123/2267] 10.0.0.187 () {34 vars in 707 bytes} [Fri Jun 12 08:46:40 2026] POST /v2.0/vpn/ipsec-site-connections => generated 148 bytes in 83 msecs (HTTP/1.1 400) 4 headers in 166 bytes (1 switches on core 0)
2026-06-12 08:46:40.826 7 WARNING neutron.scheduler.dhcp_agent_scheduler [None req-a4450690-47b7-4b1a-94c1-1d305a8e2d74 ea497c0cd0ea40aab056705a3fee1fec 41ca9636860d41e69fc6de8ccf4efaca - - default default] No more DHCP agents
2026-06-12 08:46:40.828 7 WARNING neutron.api.rpc.agentnotifiers.dhcp_rpc_agent_api [None req-a4450690-47b7-4b1a-94c1-1d305a8e2d74 ea497c0cd0ea40aab056705a3fee1fec 41ca9636860d41e69fc6de8ccf4efaca - - default default] Unable to schedule network 633f135e-5350-4181-8739-336fd341a5c1: no agents available; will retry on subsequent port and subnet creation events. [pid: 8|app: 0|req: 1124/2268] 10.0.0.187 () {32 vars in 671 bytes} [Fri Jun 12 08:46:40 2026] GET /v2.0/vpn/endpoint-groups => generated 915 bytes in 22 msecs (HTTP/1.1 200) 4 headers in 157 bytes (1 switches on core 0)
2026-06-12 08:46:40.894 7 INFO neutron.plugins.ml2.drivers.ovn.mech_driver.mech_driver [None req-da053e5b-e966-415c-9884-c85440f4ea75 - - - - - -] OVN reports status down for port: 40976f5e-0071-49e7-8f1b-98dc113156f6 [pid: 8|app: 0|req: 1125/2269] 10.0.0.187 () {32 vars in 748 bytes} [Fri Jun 12 08:46:40 2026] DELETE /v2.0/vpn/endpoint-groups/ad78b0d0-8381-48a5-a705-eb4101e2a10f => generated 0 bytes in 71 msecs (HTTP/1.1 204) 2 headers in 112 bytes (1 switches on core 0) [pid: 8|app: 0|req: 1126/2270] 10.0.0.187 () {32 vars in 671 bytes} [Fri Jun 12 08:46:40 2026] GET /v2.0/vpn/endpoint-groups => generated 632 bytes in 27 msecs (HTTP/1.1 200) 4 headers in 157 bytes (1 switches on core 0)
2026-06-12 08:46:40.959 8 INFO neutron.plugins.ml2.drivers.ovn.mech_driver.mech_driver [None req-b2732025-0854-4805-9bbf-ec80d698f533 - - - - - -] OVN reports status down for port: 60573df2-0f7b-4247-983f-39ecbb88b7e4
2026-06-12 08:46:40.967 7 INFO neutron.db.ovn_revision_numbers_db [None req-a4450690-47b7-4b1a-94c1-1d305a8e2d74 ea497c0cd0ea40aab056705a3fee1fec 41ca9636860d41e69fc6de8ccf4efaca - - default default] Successfully bumped revision number for resource 40976f5e-0071-49e7-8f1b-98dc113156f6 (type: ports) to 1
2026-06-12 08:46:40.979 8 WARNING neutron.api.v2.base [None req-4bdc37d9-a3bb-4815-96af-df3695415b23 c2ba7340212242eca4b26af982df9e0e 0b6ebd70f73f47caaae30e0c35d83997 - - default default] An exception happened while processing the request body. The exception message is [Invalid input for peer_cidrs. Reason: '1.0.0.0/33' is not a valid IP subnet.].: webob.exc.HTTPBadRequest: Invalid input for peer_cidrs. Reason: '1.0.0.0/33' is not a valid IP subnet.
2026-06-12 08:46:40.979 8 INFO neutron.api.v2.resource [None req-4bdc37d9-a3bb-4815-96af-df3695415b23 c2ba7340212242eca4b26af982df9e0e 0b6ebd70f73f47caaae30e0c35d83997 - - default default] create failed (client error): Invalid input for peer_cidrs. Reason: '1.0.0.0/33' is not a valid IP subnet. [pid: 8|app: 0|req: 1127/2271] 10.0.0.187 () {34 vars in 707 bytes} [Fri Jun 12 08:46:40 2026] POST /v2.0/vpn/ipsec-site-connections => generated 149 bytes in 17 msecs (HTTP/1.1 400) 4 headers in 166 bytes (1 switches on core 0) [pid: 7|app: 0|req: 1145/2272] 10.0.0.187 () {34 vars in 664 bytes} [Fri Jun 12 08:46:40 2026] POST /v2.0/ports => generated 743 bytes in 482 msecs (HTTP/1.1 201) 4 headers in 162 bytes (1 switches on core 0) /var/lib/openstack/lib/python3.12/site-packages/pycadf/identifier.py:70: UserWarning: Invalid uuid: neutron. To ensure interoperability, identifiers should be a valid uuid. warnings.warn(('Invalid uuid: %s. To ensure interoperability, '
2026-06-12 08:46:41.065 8 INFO neutron.plugins.ml2.drivers.ovn.mech_driver.mech_driver [None req-b2732025-0854-4805-9bbf-ec80d698f533 - - - - - -] OVN reports status down for port: 7e939bc0-fe56-47d0-9b21-68b4f0fc3937
2026-06-12 08:46:41.102 8 INFO neutron.db.segments_db [None req-b02ee6ad-ab59-40cb-a3c8-d217f2eed915 c2ba7340212242eca4b26af982df9e0e 0b6ebd70f73f47caaae30e0c35d83997 - - default default] Added segment 167b16ca-f208-45ab-82a1-a2742cb1e122 of type geneve for network b8234d8e-00a6-411e-9f01-d804b9a5905d [pid: 7|app: 0|req: 1146/2273] 10.0.0.187 () {34 vars in 747 bytes} [Fri Jun 12 08:46:41 2026] PUT /v2.0/ports/17dd2354-8f15-419f-a8c7-04fb6bd50e1a/tags => generated 17 bytes in 75 msecs (HTTP/1.1 200) 4 headers in 156 bytes (1 switches on core 0) /var/lib/openstack/lib/python3.12/site-packages/pycadf/identifier.py:70: UserWarning: Invalid uuid: neutron. To ensure interoperability, identifiers should be a valid uuid. warnings.warn(('Invalid uuid: %s. To ensure interoperability, ' [pid: 7|app: 0|req: 1147/2274] 10.0.0.187 () {34 vars in 747 bytes} [Fri Jun 12 08:46:41 2026] PUT /v2.0/ports/b9d08d46-6c25-4b88-8c2a-f39e74498ab8/tags => generated 25 bytes in 75 msecs (HTTP/1.1 200) 4 headers in 156 bytes (1 switches on core 0)
2026-06-12 08:46:41.230 8 INFO neutron.db.ovn_revision_numbers_db [None req-b02ee6ad-ab59-40cb-a3c8-d217f2eed915 c2ba7340212242eca4b26af982df9e0e 0b6ebd70f73f47caaae30e0c35d83997 - - default default] Successfully bumped revision number for resource b8234d8e-00a6-411e-9f01-d804b9a5905d (type: networks) to 1 /var/lib/openstack/lib/python3.12/site-packages/pycadf/identifier.py:70: UserWarning: Invalid uuid: neutron. To ensure interoperability, identifiers should be a valid uuid. warnings.warn(('Invalid uuid: %s. To ensure interoperability, '
2026-06-12 08:46:41.406 8 WARNING neutron.scheduler.dhcp_agent_scheduler [None req-b02ee6ad-ab59-40cb-a3c8-d217f2eed915 c2ba7340212242eca4b26af982df9e0e 0b6ebd70f73f47caaae30e0c35d83997 - - default default] No more DHCP agents
2026-06-12 08:46:41.407 8 WARNING neutron.api.rpc.agentnotifiers.dhcp_rpc_agent_api [None req-b02ee6ad-ab59-40cb-a3c8-d217f2eed915 c2ba7340212242eca4b26af982df9e0e 0b6ebd70f73f47caaae30e0c35d83997 - - default default] Unable to schedule network b8234d8e-00a6-411e-9f01-d804b9a5905d: no agents available; will retry on subsequent port and subnet creation events. [pid: 7|app: 0|req: 1148/2275] 10.0.0.187 () {32 vars in 649 bytes} [Fri Jun 12 08:46:41 2026] GET /v2.0/networks => generated 1374 bytes in 208 msecs (HTTP/1.1 200) 4 headers in 158 bytes (1 switches on core 0)
2026-06-12 08:46:41.471 8 INFO neutron.db.ovn_revision_numbers_db [None req-b02ee6ad-ab59-40cb-a3c8-d217f2eed915 c2ba7340212242eca4b26af982df9e0e 0b6ebd70f73f47caaae30e0c35d83997 - - default default] Successfully bumped revision number for resource fe7d128c-b3ce-489f-ada5-0a895406ad07 (type: ports) to 1
2026-06-12 08:46:41.478 7 INFO neutron.plugins.ml2.drivers.ovn.mech_driver.mech_driver [None req-da053e5b-e966-415c-9884-c85440f4ea75 - - - - - -] OVN reports status down for port: fe7d128c-b3ce-489f-ada5-0a895406ad07 [pid: 8|app: 0|req: 1128/2276] 10.0.0.187 () {34 vars in 670 bytes} [Fri Jun 12 08:46:40 2026] POST /v2.0/networks => generated 651 bytes in 504 msecs (HTTP/1.1 201) 4 headers in 162 bytes (1 switches on core 0) [pid: 7|app: 0|req: 1149/2277] 10.0.0.187 () {34 vars in 747 bytes} [Fri Jun 12 08:46:41 2026] PUT /v2.0/ports/f0f2ffdd-f0d7-453e-a5bf-7ce3534027fd/tags => generated 34 bytes in 109 msecs (HTTP/1.1 200) 4 headers in 156 bytes (1 switches on core 0) /var/lib/openstack/lib/python3.12/site-packages/pycadf/identifier.py:70: UserWarning: Invalid uuid: neutron. To ensure interoperability, identifiers should be a valid uuid. warnings.warn(('Invalid uuid: %s. To ensure interoperability, ' [pid: 7|app: 0|req: 1150/2278] 10.0.0.52 () {34 vars in 1099 bytes} [Fri Jun 12 08:46:41 2026] GET /v2.0/security-groups?name=tempest-secgroup-smoke-2015125813&fields=id&tenant_id=e196c58134d6486ca4c6f79cf482aef1 => generated 69 bytes in 66 msecs (HTTP/1.1 200) 4 headers in 156 bytes (1 switches on core 0) [pid: 7|app: 0|req: 1151/2279] 10.0.0.187 () {34 vars in 747 bytes} [Fri Jun 12 08:46:41 2026] PUT /v2.0/ports/60573df2-0f7b-4247-983f-39ecbb88b7e4/tags => generated 19 bytes in 64 msecs (HTTP/1.1 200) 4 headers in 156 bytes (1 switches on core 0) /var/lib/openstack/lib/python3.12/site-packages/pycadf/identifier.py:70: UserWarning: Invalid uuid: neutron. To ensure interoperability, identifiers should be a valid uuid. warnings.warn(('Invalid uuid: %s. To ensure interoperability, '
2026-06-12 08:46:41.672 8 WARNING neutron.scheduler.dhcp_agent_scheduler [None req-c966c543-31d0-47f5-92ec-8aefa0a41906 c2ba7340212242eca4b26af982df9e0e 0b6ebd70f73f47caaae30e0c35d83997 - - default default] No more DHCP agents
2026-06-12 08:46:41.673 8 WARNING neutron.api.rpc.agentnotifiers.dhcp_rpc_agent_api [None req-c966c543-31d0-47f5-92ec-8aefa0a41906 c2ba7340212242eca4b26af982df9e0e 0b6ebd70f73f47caaae30e0c35d83997 - - default default] Unable to schedule network b8234d8e-00a6-411e-9f01-d804b9a5905d: no agents available; will retry on subsequent port and subnet creation events. [pid: 7|app: 0|req: 1152/2280] 10.0.0.52 () {34 vars in 981 bytes} [Fri Jun 12 08:46:41 2026] GET /v2.0/networks?id=0f6b141e-8faf-4cd5-aede-8c7dee3b7f7d => generated 699 bytes in 74 msecs (HTTP/1.1 200) 4 headers in 157 bytes (1 switches on core 0) [pid: 7|app: 0|req: 1153/2281] 10.0.0.187 () {32 vars in 660 bytes} [Fri Jun 12 08:46:41 2026] GET /v2.0/ports?tags=red => generated 2253 bytes in 143 msecs (HTTP/1.1 200) 4 headers in 158 bytes (1 switches on core 0) [pid: 7|app: 0|req: 1154/2282] 10.0.0.52 () {34 vars in 964 bytes} [Fri Jun 12 08:46:41 2026] GET /v2.0/quotas/e196c58134d6486ca4c6f79cf482aef1 => generated 292 bytes in 8 msecs (HTTP/1.1 200) 4 headers in 157 bytes (1 switches on core 0) [pid: 7|app: 0|req: 1155/2283] 10.0.0.187 () {32 vars in 674 bytes} [Fri Jun 12 08:46:41 2026] GET /v2.0/ports?tags=red%2Cblue => generated 1513 bytes in 66 msecs (HTTP/1.1 200) 4 headers in 158 bytes (1 switches on core 0) [pid: 7|app: 0|req: 1156/2284] 10.0.0.52 () {34 vars in 1001 bytes} [Fri Jun 12 08:46:41 2026] GET /v2.0/ports?tenant_id=e196c58134d6486ca4c6f79cf482aef1&fields=id => generated 103 bytes in 95 msecs (HTTP/1.1 200) 4 headers in 157 bytes (1 switches on core 0) [pid: 7|app: 0|req: 1157/2285] 10.0.0.187 () {32 vars in 670 bytes} [Fri Jun 12 08:46:42 2026] GET /v2.0/ports?tags-any=blue => generated 1513 bytes in 81 msecs (HTTP/1.1 200) 4 headers in 158 bytes (1 switches on core 0)
2026-06-12 08:46:42.131 8 INFO neutron.db.ovn_revision_numbers_db [None req-6b40206e-76e9-4468-bdfa-e50832061e43 - - - - - -] Successfully bumped revision number for resource fe7d128c-b3ce-489f-ada5-0a895406ad07 (type: ports) to 2 [pid: 7|app: 0|req: 1158/2286] 10.0.0.52 () {34 vars in 1007 bytes} [Fri Jun 12 08:46:42 2026] GET /v2.0/networks/0f6b141e-8faf-4cd5-aede-8c7dee3b7f7d?fields=segments => generated 14 bytes in 37 msecs (HTTP/1.1 200) 4 headers in 156 bytes (1 switches on core 0)
2026-06-12 08:46:42.166 8 INFO neutron.db.ovn_revision_numbers_db [None req-6b40206e-76e9-4468-bdfa-e50832061e43 - - - - - -] Successfully bumped revision number for resource 7e7059f5-abf7-4b1f-a55e-7938a31c4616 (type: subnets) to 0 [pid: 8|app: 0|req: 1129/2287] 10.0.0.187 () {34 vars in 669 bytes} [Fri Jun 12 08:46:41 2026] POST /v2.0/subnets => generated 629 bytes in 687 msecs (HTTP/1.1 201) 4 headers in 162 bytes (1 switches on core 0) [pid: 7|app: 0|req: 1159/2288] 10.0.0.187 () {32 vars in 682 bytes} [Fri Jun 12 08:46:42 2026] GET /v2.0/ports?tags-any=red%2Cblue => generated 2253 bytes in 41 msecs (HTTP/1.1 200) 4 headers in 158 bytes (1 switches on core 0) [pid: 8|app: 0|req: 1130/2289] 10.0.0.52 () {34 vars in 1107 bytes} [Fri Jun 12 08:46:42 2026] GET /v2.0/networks/0f6b141e-8faf-4cd5-aede-8c7dee3b7f7d?fields=provider%3Aphysical_network&fields=provider%3Anetwork_type => generated 79 bytes in 41 msecs (HTTP/1.1 200) 4 headers in 156 bytes (1 switches on core 0) [pid: 8|app: 0|req: 1131/2290] 10.0.0.187 () {32 vars in 668 bytes} [Fri Jun 12 08:46:42 2026] GET /v2.0/ports?not-tags=red => generated 5268 bytes in 251 msecs (HTTP/1.1 200) 4 headers in 158 bytes (1 switches on core 0) [pid: 8|app: 0|req: 1132/2291] 10.0.0.52 () {34 vars in 989 bytes} [Fri Jun 12 08:46:42 2026] GET /v2.0/ports?device_id=66c69d13-4256-4f0d-9e0c-4736ee1bcd81 => generated 12 bytes in 16 msecs (HTTP/1.1 200) 4 headers in 156 bytes (1 switches on core 0) [pid: 8|app: 0|req: 1133/2292] 10.0.0.187 () {32 vars in 682 bytes} [Fri Jun 12 08:46:42 2026] GET /v2.0/ports?not-tags=red%2Cblue => generated 6008 bytes in 87 msecs (HTTP/1.1 200) 4 headers in 158 bytes (1 switches on core 0)
2026-06-12 08:46:42.578 7 WARNING neutron.scheduler.dhcp_agent_scheduler [None req-ffa9ddc1-d54f-49c8-8b0d-6e05456c62c5 c2ba7340212242eca4b26af982df9e0e 0b6ebd70f73f47caaae30e0c35d83997 - - default default] No more DHCP agents
2026-06-12 08:46:42.580 7 WARNING neutron.api.rpc.agentnotifiers.dhcp_rpc_agent_api [None req-ffa9ddc1-d54f-49c8-8b0d-6e05456c62c5 c2ba7340212242eca4b26af982df9e0e 0b6ebd70f73f47caaae30e0c35d83997 - - default default] Unable to schedule network 13c94be1-f7ec-4118-aee1-873ce4f00bec: no agents available; will retry on subsequent port and subnet creation events. [pid: 8|app: 0|req: 1134/2293] 10.0.0.187 () {32 vars in 678 bytes} [Fri Jun 12 08:46:42 2026] GET /v2.0/ports?not-tags-any=blue => generated 6008 bytes in 93 msecs (HTTP/1.1 200) 4 headers in 158 bytes (1 switches on core 0)
2026-06-12 08:46:42.697 8 INFO neutron.plugins.ml2.drivers.ovn.mech_driver.mech_driver [None req-b2732025-0854-4805-9bbf-ec80d698f533 - - - - - -] OVN reports status down for port: f54c22f9-7542-4bf6-8f89-0b00b04ed3f4
2026-06-12 08:46:42.733 7 INFO neutron.db.ovn_revision_numbers_db [None req-ffa9ddc1-d54f-49c8-8b0d-6e05456c62c5 c2ba7340212242eca4b26af982df9e0e 0b6ebd70f73f47caaae30e0c35d83997 - - default default] Successfully bumped revision number for resource f54c22f9-7542-4bf6-8f89-0b00b04ed3f4 (type: ports) to 1 [pid: 8|app: 0|req: 1135/2294] 10.0.0.187 () {32 vars in 690 bytes} [Fri Jun 12 08:46:42 2026] GET /v2.0/ports?not-tags-any=red%2Cblue => generated 5268 bytes in 150 msecs (HTTP/1.1 200) 4 headers in 158 bytes (1 switches on core 0)
2026-06-12 08:46:42.964 8 INFO neutron_taas.services.taas.taas_plugin [None req-53470a0d-4dd2-419e-be54-358721ca6992 ea497c0cd0ea40aab056705a3fee1fec 41ca9636860d41e69fc6de8ccf4efaca - - default default] TaaS: Handle Delete Port: 17dd2354-8f15-419f-a8c7-04fb6bd50e1a
2026-06-12 08:46:42.967 8 INFO neutron_taas.services.taas.tap_mirror_plugin [None req-53470a0d-4dd2-419e-be54-358721ca6992 ea497c0cd0ea40aab056705a3fee1fec 41ca9636860d41e69fc6de8ccf4efaca - - default default] Tap Mirror: Handle Delete Port: 17dd2354-8f15-419f-a8c7-04fb6bd50e1a [pid: 8|app: 0|req: 1136/2295] 10.0.0.187 () {32 vars in 720 bytes} [Fri Jun 12 08:46:42 2026] DELETE /v2.0/ports/17dd2354-8f15-419f-a8c7-04fb6bd50e1a => generated 0 bytes in 256 msecs (HTTP/1.1 204) 3 headers in 131 bytes (1 switches on core 0)
2026-06-12 08:46:43.248 8 INFO neutron_taas.services.taas.taas_plugin [None req-5e2c0516-c056-4b96-b73c-a454968d4f75 ea497c0cd0ea40aab056705a3fee1fec 41ca9636860d41e69fc6de8ccf4efaca - - default default] TaaS: Handle Delete Port: b9d08d46-6c25-4b88-8c2a-f39e74498ab8
2026-06-12 08:46:43.252 8 INFO neutron_taas.services.taas.tap_mirror_plugin [None req-5e2c0516-c056-4b96-b73c-a454968d4f75 ea497c0cd0ea40aab056705a3fee1fec 41ca9636860d41e69fc6de8ccf4efaca - - default default] Tap Mirror: Handle Delete Port: b9d08d46-6c25-4b88-8c2a-f39e74498ab8 [pid: 8|app: 0|req: 1137/2296] 10.0.0.187 () {32 vars in 720 bytes} [Fri Jun 12 08:46:43 2026] DELETE /v2.0/ports/b9d08d46-6c25-4b88-8c2a-f39e74498ab8 => generated 0 bytes in 257 msecs (HTTP/1.1 204) 3 headers in 131 bytes (1 switches on core 0)
2026-06-12 08:46:43.389 7 INFO neutron.plugins.ml2.drivers.ovn.mech_driver.ovsdb.commands [None req-881c8001-3a9d-4c27-9333-d16731a8e36e - - - - - -] Schedule LRP lrp-f54c22f9-7542-4bf6-8f89-0b00b04ed3f4 on gateway 3f7c8c15-eec4-4e55-a8ec-842a417e0308 with priority 1
2026-06-12 08:46:43.453 8 INFO neutron.plugins.ml2.drivers.ovn.mech_driver.mech_driver [None req-b2732025-0854-4805-9bbf-ec80d698f533 - - - - - -] OVN reports status up for port: f54c22f9-7542-4bf6-8f89-0b00b04ed3f4
2026-06-12 08:46:43.466 7 INFO neutron.db.ovn_revision_numbers_db [None req-ffa9ddc1-d54f-49c8-8b0d-6e05456c62c5 c2ba7340212242eca4b26af982df9e0e 0b6ebd70f73f47caaae30e0c35d83997 - - default default] Successfully bumped revision number for resource f54c22f9-7542-4bf6-8f89-0b00b04ed3f4 (type: router_ports) to 1
2026-06-12 08:46:43.477 8 INFO neutron.plugins.ml2.plugin [None req-b2732025-0854-4805-9bbf-ec80d698f533 - - - - - -] Attempt 1 to provision port f54c22f9-7542-4bf6-8f89-0b00b04ed3f4
2026-06-12 08:46:43.537 7 INFO neutron.db.ovn_revision_numbers_db [None req-ffa9ddc1-d54f-49c8-8b0d-6e05456c62c5 c2ba7340212242eca4b26af982df9e0e 0b6ebd70f73f47caaae30e0c35d83997 - - default default] Successfully bumped revision number for resource 1686f727-ce3f-46f5-ae98-78eb75d40bcf (type: routers) to 2
2026-06-12 08:46:43.538 8 INFO neutron_taas.services.taas.taas_plugin [None req-cd162071-2344-4c11-b18d-bf6b9d6547a2 ea497c0cd0ea40aab056705a3fee1fec 41ca9636860d41e69fc6de8ccf4efaca - - default default] TaaS: Handle Delete Port: f0f2ffdd-f0d7-453e-a5bf-7ce3534027fd
