2026-06-12 08:46:23.892 8 INFO neutron.services.segments.plugin [-] Segment f9188d60-8aae-4b89-983f-297cc555f173 resource provider not found; error: Placement Client Error (4xx): {"errors": [{"status": 404, "title": "Not Found", "detail": "The resource could not be found.\n\n No resource provider with uuid f9188d60-8aae-4b89-983f-297cc555f173 found for delete ", "request_id": "req-33045e60-e9aa-42cd-82cb-e5d5b44946a0"}]} [pid: 8|app: 0|req: 1082/2182] 10.0.0.187 () {32 vars in 726 bytes} [Fri Jun 12 08:46:23 2026] DELETE /v2.0/networks/b465a8e5-b3ac-4ff4-9f09-66c9dd460390 => generated 0 bytes in 399 msecs (HTTP/1.1 204) 3 headers in 131 bytes (1 switches on core 0) [pid: 7|app: 0|req: 1101/2183] 10.0.0.187 () {30 vars in 702 bytes} [Fri Jun 12 08:46:23 2026] PUT /v2.0/vpn/endpoint-groups/c6f29b5a-7475-4e19-b6a3-5daeae3cdc29 => generated 289 bytes in 36 msecs (HTTP/1.1 200) 4 headers in 157 bytes (1 switches on core 0) [pid: 8|app: 0|req: 1083/2184] 10.0.0.187 () {32 vars in 745 bytes} [Fri Jun 12 08:46:23 2026] GET /v2.0/vpn/endpoint-groups/c6f29b5a-7475-4e19-b6a3-5daeae3cdc29 => generated 289 bytes in 11 msecs (HTTP/1.1 200) 4 headers in 157 bytes (1 switches on core 0) [pid: 8|app: 0|req: 1084/2185] 10.0.0.187 () {32 vars in 748 bytes} [Fri Jun 12 08:46:23 2026] DELETE /v2.0/vpn/endpoint-groups/c6f29b5a-7475-4e19-b6a3-5daeae3cdc29 => generated 0 bytes in 24 msecs (HTTP/1.1 204) 2 headers in 112 bytes (1 switches on core 0) [pid: 7|app: 0|req: 1102/2186] 10.0.0.52 () {34 vars in 989 bytes} [Fri Jun 12 08:46:23 2026] GET /v2.0/ports?device_id=a19be138-5c65-4a8c-ab07-2a3b82cb24e5 => generated 971 bytes in 48 msecs (HTTP/1.1 200) 4 headers in 157 bytes (1 switches on core 0) [pid: 8|app: 0|req: 1085/2187] 10.0.0.187 () {32 vars in 671 bytes} [Fri Jun 12 08:46:23 2026] GET /v2.0/vpn/endpoint-groups => generated 632 bytes in 10 msecs (HTTP/1.1 200) 4 headers in 157 bytes (1 switches on core 0) [pid: 7|app: 0|req: 1103/2188] 10.0.0.187 () {32 vars in 671 bytes} [Fri Jun 12 08:46:23 2026] GET /v2.0/vpn/endpoint-groups => generated 632 bytes in 14 msecs (HTTP/1.1 200) 4 headers in 157 bytes (1 switches on core 0) [pid: 8|app: 0|req: 1086/2189] 10.0.0.52 () {34 vars in 1039 bytes} [Fri Jun 12 08:46:23 2026] GET /v2.0/security-groups?id=7c895fc8-d130-4377-a601-835ccf7a449b&fields=id&fields=name => generated 88 bytes in 46 msecs (HTTP/1.1 200) 4 headers in 156 bytes (1 switches on core 0) [pid: 7|app: 0|req: 1104/2190] 10.0.0.187 () {34 vars in 685 bytes} [Fri Jun 12 08:46:24 2026] POST /v2.0/vpn/ikepolicies => generated 402 bytes in 64 msecs (HTTP/1.1 201) 4 headers in 162 bytes (1 switches on core 0) [pid: 8|app: 0|req: 1087/2191] 10.0.0.187 () {30 vars in 695 bytes} [Fri Jun 12 08:46:24 2026] PUT /v2.0/vpn/ikepolicies/d3cf3bde-e02c-4789-87d7-c54663a8633b => generated 418 bytes in 48 msecs (HTTP/1.1 200) 4 headers in 157 bytes (1 switches on core 0) [pid: 7|app: 0|req: 1105/2192] 10.0.0.187 () {32 vars in 737 bytes} [Fri Jun 12 08:46:24 2026] GET /v2.0/vpn/ikepolicies/d3cf3bde-e02c-4789-87d7-c54663a8633b => generated 418 bytes in 10 msecs (HTTP/1.1 200) 4 headers in 157 bytes (1 switches on core 0) [pid: 8|app: 0|req: 1088/2193] 10.0.0.187 () {32 vars in 740 bytes} [Fri Jun 12 08:46:24 2026] DELETE /v2.0/vpn/ikepolicies/d3cf3bde-e02c-4789-87d7-c54663a8633b => generated 0 bytes in 28 msecs (HTTP/1.1 204) 2 headers in 112 bytes (1 switches on core 0) [pid: 7|app: 0|req: 1106/2194] 10.0.0.187 () {32 vars in 663 bytes} [Fri Jun 12 08:46:24 2026] GET /v2.0/vpn/ikepolicies => generated 407 bytes in 24 msecs (HTTP/1.1 200) 4 headers in 157 bytes (1 switches on core 0)
2026-06-12 08:46:24.215 7 INFO neutron.services.segments.plugin [-] Segment 2b609252-6f3f-4c6f-bf0c-8aa849b039e7 resource provider aggregate not found
2026-06-12 08:46:24.223 7 INFO neutron.services.segments.plugin [-] Segment 2b609252-6f3f-4c6f-bf0c-8aa849b039e7 resource provider aggregate not found
2026-06-12 08:46:24.231 7 INFO neutron.services.segments.plugin [-] Segment 2b609252-6f3f-4c6f-bf0c-8aa849b039e7 resource provider not found; error: Placement Client Error (4xx): {"errors": [{"status": 404, "title": "Not Found", "detail": "The resource could not be found.\n\n No resource provider with uuid 2b609252-6f3f-4c6f-bf0c-8aa849b039e7 found for delete ", "request_id": "req-4ae1b1c6-79a6-43b2-b6d8-70cbfbfa7078"}]} [pid: 8|app: 0|req: 1089/2195] 10.0.0.187 () {32 vars in 663 bytes} [Fri Jun 12 08:46:24 2026] GET /v2.0/vpn/ikepolicies => generated 407 bytes in 14 msecs (HTTP/1.1 200) 4 headers in 157 bytes (1 switches on core 0)
2026-06-12 08:46:24.236 7 INFO neutron.services.segments.plugin [-] Segment 2b609252-6f3f-4c6f-bf0c-8aa849b039e7 resource provider not found; error: Placement Client Error (4xx): {"errors": [{"status": 404, "title": "Not Found", "detail": "The resource could not be found.\n\n No resource provider with uuid 2b609252-6f3f-4c6f-bf0c-8aa849b039e7 found for delete ", "request_id": "req-8540989e-1eef-4374-8c68-e2e8991053e1"}]}
2026-06-12 08:46:24.248 7 INFO neutron.services.segments.plugin [-] Segment 18fd062c-e941-4918-aa35-56ec21738220 resource provider aggregate not found
2026-06-12 08:46:24.268 7 INFO neutron.services.segments.plugin [-] Segment 18fd062c-e941-4918-aa35-56ec21738220 resource provider aggregate not found
2026-06-12 08:46:24.276 7 INFO neutron.services.segments.plugin [-] Segment 18fd062c-e941-4918-aa35-56ec21738220 resource provider not found; error: Placement Client Error (4xx): {"errors": [{"status": 404, "title": "Not Found", "detail": "The resource could not be found.\n\n No resource provider with uuid 18fd062c-e941-4918-aa35-56ec21738220 found for delete ", "request_id": "req-40a4b76b-9bbc-438e-9e58-c13380b7adc9"}]}
2026-06-12 08:46:24.294 7 INFO neutron.services.segments.plugin [-] Segment 18fd062c-e941-4918-aa35-56ec21738220 resource provider not found; error: Placement Client Error (4xx): {"errors": [{"status": 404, "title": "Not Found", "detail": "The resource could not be found.\n\n No resource provider with uuid 18fd062c-e941-4918-aa35-56ec21738220 found for delete ", "request_id": "req-76381709-98a0-4dce-bf92-15ad3a1163bb"}]} [pid: 7|app: 0|req: 1107/2196] 10.0.0.187 () {34 vars in 689 bytes} [Fri Jun 12 08:46:24 2026] POST /v2.0/vpn/ipsecpolicies => generated 411 bytes in 65 msecs (HTTP/1.1 201) 4 headers in 162 bytes (1 switches on core 0) [pid: 8|app: 0|req: 1090/2197] 10.0.0.187 () {30 vars in 699 bytes} [Fri Jun 12 08:46:24 2026] PUT /v2.0/vpn/ipsecpolicies/38f5d6d0-9f8d-4aea-b603-3bd153ba305f => generated 430 bytes in 39 msecs (HTTP/1.1 200) 4 headers in 157 bytes (1 switches on core 0) [pid: 7|app: 0|req: 1108/2198] 10.0.0.187 () {32 vars in 744 bytes} [Fri Jun 12 08:46:24 2026] DELETE /v2.0/vpn/ipsecpolicies/38f5d6d0-9f8d-4aea-b603-3bd153ba305f => generated 0 bytes in 37 msecs (HTTP/1.1 204) 2 headers in 112 bytes (1 switches on core 0)
2026-06-12 08:46:24.407 8 INFO neutron.api.v2.resource [None req-1b9e676a-b217-45e2-8932-b4d3f4d8a4af c2ba7340212242eca4b26af982df9e0e 0b6ebd70f73f47caaae30e0c35d83997 - - default default] delete failed (client error): The resource could not be found. [pid: 8|app: 0|req: 1091/2199] 10.0.0.187 () {32 vars in 744 bytes} [Fri Jun 12 08:46:24 2026] DELETE /v2.0/vpn/ipsecpolicies/38f5d6d0-9f8d-4aea-b603-3bd153ba305f => generated 145 bytes in 11 msecs (HTTP/1.1 404) 4 headers in 164 bytes (1 switches on core 0)
2026-06-12 08:46:24.423 7 INFO neutron.api.v2.resource [None req-e4f101ec-b1b7-45af-ae86-08429250a88d c2ba7340212242eca4b26af982df9e0e 0b6ebd70f73f47caaae30e0c35d83997 - - default default] delete failed (client error): The resource could not be found. [pid: 7|app: 0|req: 1109/2200] 10.0.0.187 () {32 vars in 744 bytes} [Fri Jun 12 08:46:24 2026] DELETE /v2.0/vpn/ipsecpolicies/38f5d6d0-9f8d-4aea-b603-3bd153ba305f => generated 145 bytes in 11 msecs (HTTP/1.1 404) 4 headers in 164 bytes (1 switches on core 0)
2026-06-12 08:46:24.524 8 INFO neutron.db.segments_db [None req-57b21e8f-cd9f-4ea4-a9bd-42f670c32217 c2ba7340212242eca4b26af982df9e0e 0b6ebd70f73f47caaae30e0c35d83997 - - default default] Added segment 20297347-b22a-4090-82bd-970b8a99350c of type geneve for network ac6b81ed-bb3f-4db8-8cb8-027b2e4bfde6
2026-06-12 08:46:24.639 8 INFO neutron.db.ovn_revision_numbers_db [None req-57b21e8f-cd9f-4ea4-a9bd-42f670c32217 c2ba7340212242eca4b26af982df9e0e 0b6ebd70f73f47caaae30e0c35d83997 - - default default] Successfully bumped revision number for resource ac6b81ed-bb3f-4db8-8cb8-027b2e4bfde6 (type: networks) to 1
2026-06-12 08:46:24.831 8 WARNING neutron.scheduler.dhcp_agent_scheduler [None req-57b21e8f-cd9f-4ea4-a9bd-42f670c32217 c2ba7340212242eca4b26af982df9e0e 0b6ebd70f73f47caaae30e0c35d83997 - - default default] No more DHCP agents
2026-06-12 08:46:24.832 8 WARNING neutron.api.rpc.agentnotifiers.dhcp_rpc_agent_api [None req-57b21e8f-cd9f-4ea4-a9bd-42f670c32217 c2ba7340212242eca4b26af982df9e0e 0b6ebd70f73f47caaae30e0c35d83997 - - default default] Unable to schedule network ac6b81ed-bb3f-4db8-8cb8-027b2e4bfde6: no agents available; will retry on subsequent port and subnet creation events.
2026-06-12 08:46:24.865 7 INFO neutron.plugins.ml2.drivers.ovn.mech_driver.mech_driver [None req-3a6c71ee-20b2-4626-82a8-b7c6f4cf41e2 - - - - - -] OVN reports status down for port: 2bd720c2-d822-46eb-9eca-509a44118f5e
2026-06-12 08:46:24.902 8 INFO neutron.db.ovn_revision_numbers_db [None req-57b21e8f-cd9f-4ea4-a9bd-42f670c32217 c2ba7340212242eca4b26af982df9e0e 0b6ebd70f73f47caaae30e0c35d83997 - - default default] Successfully bumped revision number for resource 2bd720c2-d822-46eb-9eca-509a44118f5e (type: ports) to 1 [pid: 8|app: 0|req: 1092/2201] 10.0.0.187 () {34 vars in 670 bytes} [Fri Jun 12 08:46:24 2026] POST /v2.0/networks => generated 650 bytes in 494 msecs (HTTP/1.1 201) 4 headers in 162 bytes (1 switches on core 0)
2026-06-12 08:46:25.095 8 WARNING neutron.scheduler.dhcp_agent_scheduler [None req-3ec8458a-9b18-4138-82ad-f4eb90646b2a c2ba7340212242eca4b26af982df9e0e 0b6ebd70f73f47caaae30e0c35d83997 - - default default] No more DHCP agents
2026-06-12 08:46:25.096 8 WARNING neutron.api.rpc.agentnotifiers.dhcp_rpc_agent_api [None req-3ec8458a-9b18-4138-82ad-f4eb90646b2a c2ba7340212242eca4b26af982df9e0e 0b6ebd70f73f47caaae30e0c35d83997 - - default default] Unable to schedule network ac6b81ed-bb3f-4db8-8cb8-027b2e4bfde6: no agents available; will retry on subsequent port and subnet creation events.
2026-06-12 08:46:25.140 7 INFO neutron.db.ovn_revision_numbers_db [None req-ada7c45a-87be-41bf-86dd-f05af6ecfd2d 28f93bbf223f413ab3132b66cc002f38 101c03246d944c349f23e09bc5827c04 - - default default] Successfully bumped revision number for resource f9cd276b-8805-40ed-af60-9329771db21e (type: security_groups) to 1
2026-06-12 08:46:25.159 7 INFO neutron.db.ovn_revision_numbers_db [None req-ada7c45a-87be-41bf-86dd-f05af6ecfd2d 28f93bbf223f413ab3132b66cc002f38 101c03246d944c349f23e09bc5827c04 - - default default] Successfully bumped revision number for resource 41de5acf-f271-4129-948e-5a5083c0d634 (type: security_group_rules) to 0
2026-06-12 08:46:25.180 7 INFO neutron.db.ovn_revision_numbers_db [None req-ada7c45a-87be-41bf-86dd-f05af6ecfd2d 28f93bbf223f413ab3132b66cc002f38 101c03246d944c349f23e09bc5827c04 - - default default] Successfully bumped revision number for resource 58593db6-87f1-4edc-a617-3cdecb6720d0 (type: security_group_rules) to 0
2026-06-12 08:46:25.201 7 INFO neutron.db.ovn_revision_numbers_db [None req-ada7c45a-87be-41bf-86dd-f05af6ecfd2d 28f93bbf223f413ab3132b66cc002f38 101c03246d944c349f23e09bc5827c04 - - default default] Successfully bumped revision number for resource 98182110-8d78-42c5-95fa-bb23c358f552 (type: security_group_rules) to 0
2026-06-12 08:46:25.222 7 INFO neutron.db.ovn_revision_numbers_db [None req-ada7c45a-87be-41bf-86dd-f05af6ecfd2d 28f93bbf223f413ab3132b66cc002f38 101c03246d944c349f23e09bc5827c04 - - default default] Successfully bumped revision number for resource c347f057-7e63-41b7-aef4-024a6e7cc5b1 (type: security_group_rules) to 0 [pid: 7|app: 0|req: 1110/2202] 10.0.0.187 () {32 vars in 774 bytes} [Fri Jun 12 08:46:24 2026] GET /v2.0/security-groups?tenant_id=28087620af3646ea90a07ff39f0039e6&name=default => generated 2925 bytes in 445 msecs (HTTP/1.1 200) 4 headers in 158 bytes (1 switches on core 0) [pid: 7|app: 0|req: 1111/2203] 10.0.0.187 () {32 vars in 740 bytes} [Fri Jun 12 08:46:25 2026] DELETE /v2.0/security-groups/f9cd276b-8805-40ed-af60-9329771db21e => generated 0 bytes in 249 msecs (HTTP/1.1 204) 2 headers in 112 bytes (1 switches on core 0)
2026-06-12 08:46:25.517 8 INFO neutron.db.ovn_revision_numbers_db [None req-f3a12ed6-eb3f-4cb4-8e63-7609192a5b47 - - - - - -] Successfully bumped revision number for resource 2bd720c2-d822-46eb-9eca-509a44118f5e (type: ports) to 2
2026-06-12 08:46:25.553 8 INFO neutron.db.ovn_revision_numbers_db [None req-f3a12ed6-eb3f-4cb4-8e63-7609192a5b47 - - - - - -] Successfully bumped revision number for resource aa9ac068-14e2-4cae-aa0a-218eec9cf390 (type: subnets) to 0 [pid: 7|app: 0|req: 1112/2204] 10.0.0.52 () {34 vars in 989 bytes} [Fri Jun 12 08:46:25 2026] GET /v2.0/ports?device_id=a19be138-5c65-4a8c-ab07-2a3b82cb24e5 => generated 971 bytes in 46 msecs (HTTP/1.1 200) 4 headers in 157 bytes (1 switches on core 0) [pid: 8|app: 0|req: 1093/2205] 10.0.0.187 () {34 vars in 669 bytes} [Fri Jun 12 08:46:24 2026] POST /v2.0/subnets => generated 629 bytes in 644 msecs (HTTP/1.1 201) 4 headers in 162 bytes (1 switches on core 0) [pid: 7|app: 0|req: 1113/2206] 10.0.0.52 () {34 vars in 1039 bytes} [Fri Jun 12 08:46:25 2026] GET /v2.0/security-groups?id=7c895fc8-d130-4377-a601-835ccf7a449b&fields=id&fields=name => generated 88 bytes in 35 msecs (HTTP/1.1 200) 4 headers in 156 bytes (1 switches on core 0)
2026-06-12 08:46:25.864 7 INFO neutron.db.ovn_revision_numbers_db [None req-6f7b717a-cf96-44f4-8a75-bffb34067a53 28f93bbf223f413ab3132b66cc002f38 101c03246d944c349f23e09bc5827c04 - - default default] Successfully bumped revision number for resource 16a2a3ab-5233-4b68-a109-810fa1d81ea0 (type: security_groups) to 1
2026-06-12 08:46:25.877 7 INFO neutron.db.ovn_revision_numbers_db [None req-6f7b717a-cf96-44f4-8a75-bffb34067a53 28f93bbf223f413ab3132b66cc002f38 101c03246d944c349f23e09bc5827c04 - - default default] Successfully bumped revision number for resource 9c2c38fe-76a8-4036-8dad-502dca6bc10a (type: security_group_rules) to 0
2026-06-12 08:46:25.888 7 INFO neutron.db.ovn_revision_numbers_db [None req-6f7b717a-cf96-44f4-8a75-bffb34067a53 28f93bbf223f413ab3132b66cc002f38 101c03246d944c349f23e09bc5827c04 - - default default] Successfully bumped revision number for resource b2b27981-04e0-4e2c-ab63-599706d21b9f (type: security_group_rules) to 0
2026-06-12 08:46:25.904 7 INFO neutron.db.ovn_revision_numbers_db [None req-6f7b717a-cf96-44f4-8a75-bffb34067a53 28f93bbf223f413ab3132b66cc002f38 101c03246d944c349f23e09bc5827c04 - - default default] Successfully bumped revision number for resource b8479a04-0746-48cd-a62d-98d566d22e8e (type: security_group_rules) to 0
2026-06-12 08:46:25.925 7 INFO neutron.db.ovn_revision_numbers_db [None req-6f7b717a-cf96-44f4-8a75-bffb34067a53 28f93bbf223f413ab3132b66cc002f38 101c03246d944c349f23e09bc5827c04 - - default default] Successfully bumped revision number for resource d67f0e6a-9e1a-4859-8cfc-68ade20eef09 (type: security_group_rules) to 0 [pid: 7|app: 0|req: 1114/2207] 10.0.0.187 () {32 vars in 774 bytes} [Fri Jun 12 08:46:25 2026] GET /v2.0/security-groups?tenant_id=4682991b45214451a2809328e96e09a7&name=default => generated 2925 bytes in 261 msecs (HTTP/1.1 200) 4 headers in 158 bytes (1 switches on core 0)
2026-06-12 08:46:26.034 8 WARNING neutron.scheduler.dhcp_agent_scheduler [None req-32d31c58-b308-415b-9ced-c0070c200140 c2ba7340212242eca4b26af982df9e0e 0b6ebd70f73f47caaae30e0c35d83997 - - default default] No more DHCP agents
2026-06-12 08:46:26.055 8 WARNING neutron.api.rpc.agentnotifiers.dhcp_rpc_agent_api [None req-32d31c58-b308-415b-9ced-c0070c200140 c2ba7340212242eca4b26af982df9e0e 0b6ebd70f73f47caaae30e0c35d83997 - - default default] Unable to schedule network 13c94be1-f7ec-4118-aee1-873ce4f00bec: no agents available; will retry on subsequent port and subnet creation events.
2026-06-12 08:46:26.184 8 INFO neutron.plugins.ml2.drivers.ovn.mech_driver.mech_driver [None req-6ff667eb-bcdf-41ac-bc5e-c622dc87b145 - - - - - -] OVN reports status down for port: ada65ba5-9b05-4f27-a9c6-7db8aee7a379
2026-06-12 08:46:26.242 8 INFO neutron.db.ovn_revision_numbers_db [None req-32d31c58-b308-415b-9ced-c0070c200140 c2ba7340212242eca4b26af982df9e0e 0b6ebd70f73f47caaae30e0c35d83997 - - default default] Successfully bumped revision number for resource ada65ba5-9b05-4f27-a9c6-7db8aee7a379 (type: ports) to 1 [pid: 7|app: 0|req: 1115/2208] 10.0.0.187 () {32 vars in 740 bytes} [Fri Jun 12 08:46:25 2026] DELETE /v2.0/security-groups/16a2a3ab-5233-4b68-a109-810fa1d81ea0 => generated 0 bytes in 316 msecs (HTTP/1.1 204) 2 headers in 112 bytes (1 switches on core 0)
2026-06-12 08:46:26.475 7 INFO neutron.plugins.ml2.drivers.ovn.mech_driver.mech_driver [None req-3a6c71ee-20b2-4626-82a8-b7c6f4cf41e2 - - - - - -] OVN reports status down for port: 62e2e7f8-4ec5-454d-a4d0-7995c401d4cc [pid: 7|app: 0|req: 1116/2209] 10.0.0.187 () {32 vars in 774 bytes} [Fri Jun 12 08:46:26 2026] GET /v2.0/security-groups?tenant_id=abb634c03a504a209350b92503341c2a&name=default => generated 2925 bytes in 83 msecs (HTTP/1.1 200) 4 headers in 158 bytes (1 switches on core 0)
2026-06-12 08:46:26.700 7 INFO neutron.notifiers.nova [-] Nova event matching ['req-ae63c1b6-1edd-4813-b746-722adb8478b0'] response: {'server_uuid': 'a19be138-5c65-4a8c-ab07-2a3b82cb24e5', 'name': 'network-vif-unplugged', 'status': 'completed', 'tag': '62e2e7f8-4ec5-454d-a4d0-7995c401d4cc', 'code': 200}
2026-06-12 08:46:26.956 7 INFO neutron.db.ovn_revision_numbers_db [None req-3a6c71ee-20b2-4626-82a8-b7c6f4cf41e2 - - - - - -] Successfully bumped revision number for resource 62e2e7f8-4ec5-454d-a4d0-7995c401d4cc (type: ports) to 6
2026-06-12 08:46:26.963 8 INFO neutron.plugins.ml2.drivers.ovn.mech_driver.ovsdb.commands [None req-51502e37-8cd4-4f0d-b17d-52efb9877f8e - - - - - -] Schedule LRP lrp-ada65ba5-9b05-4f27-a9c6-7db8aee7a379 on gateway 3f7c8c15-eec4-4e55-a8ec-842a417e0308 with priority 1
2026-06-12 08:46:26.991 8 INFO neutron.plugins.ml2.drivers.ovn.mech_driver.mech_driver [None req-6ff667eb-bcdf-41ac-bc5e-c622dc87b145 - - - - - -] OVN reports status up for port: ada65ba5-9b05-4f27-a9c6-7db8aee7a379
2026-06-12 08:46:27.011 8 INFO neutron.plugins.ml2.plugin [None req-6ff667eb-bcdf-41ac-bc5e-c622dc87b145 - - - - - -] Attempt 1 to provision port ada65ba5-9b05-4f27-a9c6-7db8aee7a379
2026-06-12 08:46:27.039 8 INFO neutron.db.ovn_revision_numbers_db [None req-32d31c58-b308-415b-9ced-c0070c200140 c2ba7340212242eca4b26af982df9e0e 0b6ebd70f73f47caaae30e0c35d83997 - - default default] Successfully bumped revision number for resource ada65ba5-9b05-4f27-a9c6-7db8aee7a379 (type: router_ports) to 1 [pid: 7|app: 0|req: 1117/2210] 10.0.0.187 () {32 vars in 740 bytes} [Fri Jun 12 08:46:26 2026] DELETE /v2.0/security-groups/de1f2705-dca9-44bd-85ad-535dd82e3a8d => generated 0 bytes in 483 msecs (HTTP/1.1 204) 2 headers in 112 bytes (1 switches on core 0) /var/lib/openstack/lib/python3.12/site-packages/pycadf/identifier.py:70: UserWarning: Invalid uuid: neutron. To ensure interoperability, identifiers should be a valid uuid. warnings.warn(('Invalid uuid: %s. To ensure interoperability, ' [pid: 7|app: 0|req: 1118/2211] 10.0.0.52 () {34 vars in 989 bytes} [Fri Jun 12 08:46:27 2026] GET /v2.0/ports?device_id=a19be138-5c65-4a8c-ab07-2a3b82cb24e5 => generated 969 bytes in 32 msecs (HTTP/1.1 200) 4 headers in 157 bytes (1 switches on core 0)
2026-06-12 08:46:27.169 8 INFO neutron.db.ovn_revision_numbers_db [None req-32d31c58-b308-415b-9ced-c0070c200140 c2ba7340212242eca4b26af982df9e0e 0b6ebd70f73f47caaae30e0c35d83997 - - default default] Successfully bumped revision number for resource 7a063351-955e-4076-89fa-ebdef9337695 (type: routers) to 2 [pid: 8|app: 0|req: 1094/2212] 10.0.0.187 () {34 vars in 669 bytes} [Fri Jun 12 08:46:25 2026] POST /v2.0/routers => generated 937 bytes in 1612 msecs (HTTP/1.1 201) 4 headers in 162 bytes (1 switches on core 0) [pid: 8|app: 0|req: 1095/2213] 10.0.0.52 () {34 vars in 1039 bytes} [Fri Jun 12 08:46:27 2026] GET /v2.0/security-groups?id=7c895fc8-d130-4377-a601-835ccf7a449b&fields=id&fields=name => generated 88 bytes in 28 msecs (HTTP/1.1 200) 4 headers in 156 bytes (1 switches on core 0)
2026-06-12 08:46:27.458 7 INFO neutron.db.ovn_revision_numbers_db [None req-ca2b1324-fcf8-424f-8924-c3ccf82ffd56 75482eb429bc48e9a8059d5010775b3a e196c58134d6486ca4c6f79cf482aef1 - - default default] Successfully bumped revision number for resource 23863bf4-6840-4f4d-a671-c5c25f0c3901 (type: security_groups) to 1
2026-06-12 08:46:27.472 7 INFO neutron.db.ovn_revision_numbers_db [None req-ca2b1324-fcf8-424f-8924-c3ccf82ffd56 75482eb429bc48e9a8059d5010775b3a e196c58134d6486ca4c6f79cf482aef1 - - default default] Successfully bumped revision number for resource 3dc2a6fc-ac07-41d9-8d14-d5f03fcc3be2 (type: security_group_rules) to 0
2026-06-12 08:46:27.491 7 INFO neutron.db.ovn_revision_numbers_db [None req-ca2b1324-fcf8-424f-8924-c3ccf82ffd56 75482eb429bc48e9a8059d5010775b3a e196c58134d6486ca4c6f79cf482aef1 - - default default] Successfully bumped revision number for resource 468c1afa-cc78-4972-913c-e1a466c8d3b5 (type: security_group_rules) to 0
2026-06-12 08:46:27.503 7 INFO neutron.db.ovn_revision_numbers_db [None req-ca2b1324-fcf8-424f-8924-c3ccf82ffd56 75482eb429bc48e9a8059d5010775b3a e196c58134d6486ca4c6f79cf482aef1 - - default default] Successfully bumped revision number for resource ac7c8041-e55f-470a-bb31-29a0843b92f9 (type: security_group_rules) to 0
2026-06-12 08:46:27.515 7 INFO neutron.db.ovn_revision_numbers_db [None req-ca2b1324-fcf8-424f-8924-c3ccf82ffd56 75482eb429bc48e9a8059d5010775b3a e196c58134d6486ca4c6f79cf482aef1 - - default default] Successfully bumped revision number for resource e9eee197-f2e6-4daf-97ab-e3fab052ffe8 (type: security_group_rules) to 0
2026-06-12 08:46:27.589 7 INFO neutron.db.segments_db [None req-ca2b1324-fcf8-424f-8924-c3ccf82ffd56 75482eb429bc48e9a8059d5010775b3a e196c58134d6486ca4c6f79cf482aef1 - - default default] Added segment a6ba4333-c9b0-4b57-80b1-860d762a7031 of type geneve for network 0f6b141e-8faf-4cd5-aede-8c7dee3b7f7d
2026-06-12 08:46:27.712 7 INFO neutron.db.ovn_revision_numbers_db [None req-ca2b1324-fcf8-424f-8924-c3ccf82ffd56 75482eb429bc48e9a8059d5010775b3a e196c58134d6486ca4c6f79cf482aef1 - - default default] Successfully bumped revision number for resource 0f6b141e-8faf-4cd5-aede-8c7dee3b7f7d (type: networks) to 1
2026-06-12 08:46:27.750 8 WARNING neutron.scheduler.dhcp_agent_scheduler [None req-e806d28c-7535-4327-be0d-e1fe3c144a55 c2ba7340212242eca4b26af982df9e0e 0b6ebd70f73f47caaae30e0c35d83997 - - default default] No more DHCP agents
2026-06-12 08:46:27.752 8 WARNING neutron.api.rpc.agentnotifiers.dhcp_rpc_agent_api [None req-e806d28c-7535-4327-be0d-e1fe3c144a55 c2ba7340212242eca4b26af982df9e0e 0b6ebd70f73f47caaae30e0c35d83997 - - default default] Unable to schedule network ac6b81ed-bb3f-4db8-8cb8-027b2e4bfde6: no agents available; will retry on subsequent port and subnet creation events.
2026-06-12 08:46:27.910 8 INFO neutron.db.ovn_revision_numbers_db [None req-e806d28c-7535-4327-be0d-e1fe3c144a55 c2ba7340212242eca4b26af982df9e0e 0b6ebd70f73f47caaae30e0c35d83997 - - default default] Successfully bumped revision number for resource b608a491-cb52-4e8f-ad5c-2fb3c182e589 (type: ports) to 1
2026-06-12 08:46:27.917 7 WARNING neutron.scheduler.dhcp_agent_scheduler [None req-ca2b1324-fcf8-424f-8924-c3ccf82ffd56 75482eb429bc48e9a8059d5010775b3a e196c58134d6486ca4c6f79cf482aef1 - - default default] No more DHCP agents
2026-06-12 08:46:27.921 7 WARNING neutron.api.rpc.agentnotifiers.dhcp_rpc_agent_api [None req-ca2b1324-fcf8-424f-8924-c3ccf82ffd56 75482eb429bc48e9a8059d5010775b3a e196c58134d6486ca4c6f79cf482aef1 - - default default] Unable to schedule network 0f6b141e-8faf-4cd5-aede-8c7dee3b7f7d: no agents available; will retry on subsequent port and subnet creation events.
2026-06-12 08:46:27.967 7 INFO neutron.plugins.ml2.drivers.ovn.mech_driver.mech_driver [None req-b3359586-9d42-42e2-9669-8898288dd4a3 - - - - - -] OVN reports status down for port: fe8ce277-b985-4c28-85bc-69c7b895fa01
2026-06-12 08:46:28.032 7 INFO neutron.db.ovn_revision_numbers_db [None req-ca2b1324-fcf8-424f-8924-c3ccf82ffd56 75482eb429bc48e9a8059d5010775b3a e196c58134d6486ca4c6f79cf482aef1 - - default default] Successfully bumped revision number for resource fe8ce277-b985-4c28-85bc-69c7b895fa01 (type: ports) to 1 [pid: 7|app: 0|req: 1119/2214] 10.0.0.187 () {34 vars in 671 bytes} [Fri Jun 12 08:46:27 2026] POST /v2.0/networks => generated 652 bytes in 962 msecs (HTTP/1.1 201) 4 headers in 162 bytes (1 switches on core 0) [pid: 7|app: 0|req: 1120/2215] 199.204.45.246 () {34 vars in 994 bytes} [Fri Jun 12 08:46:28 2026] GET /v2.0/ports?device_id=a19be138-5c65-4a8c-ab07-2a3b82cb24e5 => generated 969 bytes in 83 msecs (HTTP/1.1 200) 4 headers in 157 bytes (1 switches on core 0)
2026-06-12 08:46:28.632 7 WARNING neutron.scheduler.dhcp_agent_scheduler [None req-e9eeb59d-9b4e-438c-8c3d-b0f282bb5437 75482eb429bc48e9a8059d5010775b3a e196c58134d6486ca4c6f79cf482aef1 - - default default] No more DHCP agents
2026-06-12 08:46:28.633 7 WARNING neutron.api.rpc.agentnotifiers.dhcp_rpc_agent_api [None req-e9eeb59d-9b4e-438c-8c3d-b0f282bb5437 75482eb429bc48e9a8059d5010775b3a e196c58134d6486ca4c6f79cf482aef1 - - default default] Unable to schedule network 13c94be1-f7ec-4118-aee1-873ce4f00bec: no agents available; will retry on subsequent port and subnet creation events.
2026-06-12 08:46:28.634 8 WARNING neutron.scheduler.dhcp_agent_scheduler [None req-e806d28c-7535-4327-be0d-e1fe3c144a55 c2ba7340212242eca4b26af982df9e0e 0b6ebd70f73f47caaae30e0c35d83997 - - default default] No more DHCP agents
2026-06-12 08:46:28.636 8 WARNING neutron.api.rpc.agentnotifiers.dhcp_rpc_agent_api [None req-e806d28c-7535-4327-be0d-e1fe3c144a55 c2ba7340212242eca4b26af982df9e0e 0b6ebd70f73f47caaae30e0c35d83997 - - default default] Unable to schedule network ac6b81ed-bb3f-4db8-8cb8-027b2e4bfde6: no agents available; will retry on subsequent port and subnet creation events.
2026-06-12 08:46:28.772 7 INFO neutron.notifiers.nova [-] Nova event matching ['req-edf98232-27b5-4319-9056-d679436ee26d'] response: {'server_uuid': 'a19be138-5c65-4a8c-ab07-2a3b82cb24e5', 'name': 'network-vif-unplugged', 'status': 'completed', 'tag': '62e2e7f8-4ec5-454d-a4d0-7995c401d4cc', 'code': 200}
2026-06-12 08:46:28.807 7 INFO neutron.db.ovn_revision_numbers_db [None req-e9eeb59d-9b4e-438c-8c3d-b0f282bb5437 75482eb429bc48e9a8059d5010775b3a e196c58134d6486ca4c6f79cf482aef1 - - default default] Successfully bumped revision number for resource 84dd7227-62d4-4f4f-b2c4-57d0c4e79926 (type: ports) to 1
2026-06-12 08:46:29.021 8 INFO neutron.db.ovn_revision_numbers_db [None req-e806d28c-7535-4327-be0d-e1fe3c144a55 c2ba7340212242eca4b26af982df9e0e 0b6ebd70f73f47caaae30e0c35d83997 - - default default] Successfully bumped revision number for resource b608a491-cb52-4e8f-ad5c-2fb3c182e589 (type: router_ports) to 1 [pid: 8|app: 0|req: 1096/2216] 10.0.0.187 () {34 vars in 783 bytes} [Fri Jun 12 08:46:27 2026] PUT /v2.0/routers/7a063351-955e-4076-89fa-ebdef9337695/add_router_interface => generated 309 bytes in 1809 msecs (HTTP/1.1 200) 4 headers in 157 bytes (1 switches on core 0)
2026-06-12 08:46:29.188 8 INFO neutron_taas.services.taas.taas_plugin [req-864bdc30-8f91-4f1e-b21d-2ad39b644fd8 req-3ecbeb11-252d-44c4-8e89-87fdf267d2aa 8c74853b070241fb855ba98a9551af76 4987a5d45faf4549859371357f7075b2 - - default default] TaaS: Handle Delete Port: 62e2e7f8-4ec5-454d-a4d0-7995c401d4cc
2026-06-12 08:46:29.191 8 INFO neutron_taas.services.taas.tap_mirror_plugin [req-864bdc30-8f91-4f1e-b21d-2ad39b644fd8 req-3ecbeb11-252d-44c4-8e89-87fdf267d2aa 8c74853b070241fb855ba98a9551af76 4987a5d45faf4549859371357f7075b2 - - default default] Tap Mirror: Handle Delete Port: 62e2e7f8-4ec5-454d-a4d0-7995c401d4cc [pid: 8|app: 0|req: 1097/2217] 199.204.45.246 () {36 vars in 997 bytes} [Fri Jun 12 08:46:29 2026] DELETE /v2.0/ports/62e2e7f8-4ec5-454d-a4d0-7995c401d4cc => generated 0 bytes in 296 msecs (HTTP/1.1 204) 3 headers in 131 bytes (1 switches on core 0) [pid: 8|app: 0|req: 1098/2218] 10.0.0.52 () {34 vars in 989 bytes} [Fri Jun 12 08:46:29 2026] GET /v2.0/ports?device_id=a19be138-5c65-4a8c-ab07-2a3b82cb24e5 => generated 12 bytes in 38 msecs (HTTP/1.1 200) 4 headers in 156 bytes (1 switches on core 0)
2026-06-12 08:46:29.391 8 INFO neutron.notifiers.nova [-] Nova event matching ['req-bfe56e63-b883-48cc-a224-3973ed41b903'] response: {'server_uuid': 'a19be138-5c65-4a8c-ab07-2a3b82cb24e5', 'name': 'network-vif-deleted', 'tag': '62e2e7f8-4ec5-454d-a4d0-7995c401d4cc', 'status': 'completed', 'code': 200}
2026-06-12 08:46:29.958 8 WARNING neutron.scheduler.dhcp_agent_scheduler [None req-fc8ed6f0-9c7d-4a4c-8599-5f413bbb3b8c - - - - - -] No more DHCP agents
2026-06-12 08:46:29.959 8 WARNING neutron.api.rpc.agentnotifiers.dhcp_rpc_agent_api [None req-fc8ed6f0-9c7d-4a4c-8599-5f413bbb3b8c - - - - - -] Unable to schedule network 13c94be1-f7ec-4118-aee1-873ce4f00bec: no agents available; will retry on subsequent port and subnet creation events.
2026-06-12 08:46:30.018 7 INFO neutron.plugins.ml2.drivers.ovn.mech_driver.ovsdb.commands [None req-881c8001-3a9d-4c27-9333-d16731a8e36e - - - - - -] Schedule LRP lrp-84dd7227-62d4-4f4f-b2c4-57d0c4e79926 on gateway 3f7c8c15-eec4-4e55-a8ec-842a417e0308 with priority 1
2026-06-12 08:46:30.050 7 INFO neutron.plugins.ml2.drivers.ovn.mech_driver.ovsdb.ovsdb_monitor [None req-b873d3aa-7b81-434c-9835-d932999c82cb - - - - - -] Router c4f16982-33da-413f-8552-15bf0d418d99 is bound to host instance
2026-06-12 08:46:30.096 7 INFO neutron.plugins.ml2.drivers.ovn.mech_driver.mech_driver [None req-b3359586-9d42-42e2-9669-8898288dd4a3 - - - - - -] OVN reports status down for port: 5002f6c2-dd32-4338-a59b-5e48efd2a493
2026-06-12 08:46:30.119 8 INFO neutron.db.ovn_revision_numbers_db [None req-fc8ed6f0-9c7d-4a4c-8599-5f413bbb3b8c - - - - - -] Successfully bumped revision number for resource 5002f6c2-dd32-4338-a59b-5e48efd2a493 (type: ports) to 1
2026-06-12 08:46:30.125 7 INFO neutron.db.ovn_revision_numbers_db [None req-e9eeb59d-9b4e-438c-8c3d-b0f282bb5437 75482eb429bc48e9a8059d5010775b3a e196c58134d6486ca4c6f79cf482aef1 - - default default] Successfully bumped revision number for resource 84dd7227-62d4-4f4f-b2c4-57d0c4e79926 (type: router_ports) to 1
2026-06-12 08:46:30.338 7 INFO neutron.db.ovn_revision_numbers_db [None req-e9eeb59d-9b4e-438c-8c3d-b0f282bb5437 75482eb429bc48e9a8059d5010775b3a e196c58134d6486ca4c6f79cf482aef1 - - default default] Successfully bumped revision number for resource c4f16982-33da-413f-8552-15bf0d418d99 (type: routers) to 2 [pid: 7|app: 0|req: 1121/2219] 10.0.0.187 () {34 vars in 669 bytes} [Fri Jun 12 08:46:28 2026] POST /v2.0/routers => generated 954 bytes in 2213 msecs (HTTP/1.1 201) 4 headers in 162 bytes (1 switches on core 0) [pid: 7|app: 0|req: 1122/2220] 10.0.0.187 () {32 vars in 776 bytes} [Fri Jun 12 08:46:30 2026] GET /v2.0/subnets?project_id=e196c58134d6486ca4c6f79cf482aef1&cidr=10.100.0.0%2F28 => generated 14 bytes in 288 msecs (HTTP/1.1 200) 4 headers in 156 bytes (1 switches on core 0) [pid: 7|app: 0|req: 1123/2221] 10.0.0.52 () {34 vars in 989 bytes} [Fri Jun 12 08:46:30 2026] GET /v2.0/ports?device_id=a19be138-5c65-4a8c-ab07-2a3b82cb24e5 => generated 12 bytes in 26 msecs (HTTP/1.1 200) 4 headers in 156 bytes (1 switches on core 0) [pid: 7|app: 0|req: 1124/2222] 10.0.0.187 () {32 vars in 694 bytes} [Fri Jun 12 08:46:30 2026] GET /v2.0/networks?router%3Aexternal=True => generated 791 bytes in 137 msecs (HTTP/1.1 200) 4 headers in 157 bytes (1 switches on core 0)
2026-06-12 08:46:30.873 8 INFO neutron.db.ovn_revision_numbers_db [None req-fc8ed6f0-9c7d-4a4c-8599-5f413bbb3b8c - - - - - -] Successfully bumped revision number for resource 5002f6c2-dd32-4338-a59b-5e48efd2a493 (type: ports) to 3 [pid: 7|app: 0|req: 1125/2223] 10.0.0.187 () {32 vars in 784 bytes} [Fri Jun 12 08:46:30 2026] GET /v2.0/subnets?network_id=13c94be1-f7ec-4118-aee1-873ce4f00bec&cidr=10.100.0.0%2F28 => generated 14 bytes in 73 msecs (HTTP/1.1 200) 4 headers in 156 bytes (1 switches on core 0)
2026-06-12 08:46:30.937 8 INFO neutron.db.segments_db [None req-fc8ed6f0-9c7d-4a4c-8599-5f413bbb3b8c - - - - - -] Added segment 71ff6269-ab22-4732-aea1-debfff0b7f31 of type geneve for network fbc90a56-0a63-4c26-a96b-4ce527890e67
2026-06-12 08:46:31.040 8 INFO neutron.db.ovn_revision_numbers_db [None req-15171035-f8d1-4912-85d4-9297ab188ed9 - - - - - -] Successfully bumped revision number for resource fbc90a56-0a63-4c26-a96b-4ce527890e67 (type: networks) to 1
2026-06-12 08:46:31.175 8 WARNING neutron.scheduler.dhcp_agent_scheduler [None req-15171035-f8d1-4912-85d4-9297ab188ed9 - - - - - -] No more DHCP agents
2026-06-12 08:46:31.176 8 WARNING neutron.api.rpc.agentnotifiers.dhcp_rpc_agent_api [None req-15171035-f8d1-4912-85d4-9297ab188ed9 - - - - - -] Unable to schedule network fbc90a56-0a63-4c26-a96b-4ce527890e67: no agents available; will retry on subsequent port and subnet creation events.
2026-06-12 08:46:31.219 7 INFO neutron.plugins.ml2.drivers.ovn.mech_driver.mech_driver [None req-b3359586-9d42-42e2-9669-8898288dd4a3 - - - - - -] OVN reports status down for port: ab6451ce-a777-4981-a14e-404ed0ebebf2
2026-06-12 08:46:31.246 8 INFO neutron.db.ovn_revision_numbers_db [None req-15171035-f8d1-4912-85d4-9297ab188ed9 - - - - - -] Successfully bumped revision number for resource ab6451ce-a777-4981-a14e-404ed0ebebf2 (type: ports) to 1
2026-06-12 08:46:31.350 7 WARNING neutron.scheduler.dhcp_agent_scheduler [None req-e959ca15-d386-4928-a92f-d5d8e93d7f67 75482eb429bc48e9a8059d5010775b3a e196c58134d6486ca4c6f79cf482aef1 - - default default] No more DHCP agents
2026-06-12 08:46:31.353 7 WARNING neutron.api.rpc.agentnotifiers.dhcp_rpc_agent_api [None req-e959ca15-d386-4928-a92f-d5d8e93d7f67 75482eb429bc48e9a8059d5010775b3a e196c58134d6486ca4c6f79cf482aef1 - - default default] Unable to schedule network 0f6b141e-8faf-4cd5-aede-8c7dee3b7f7d: no agents available; will retry on subsequent port and subnet creation events.
2026-06-12 08:46:31.358 7 INFO neutron.db.ovn_revision_numbers_db [None req-8cbd0a41-f20c-4dd7-bd58-e052f5bda08e - - - - - -] Successfully bumped revision number for resource 84dd7227-62d4-4f4f-b2c4-57d0c4e79926 (type: ports) to 4
2026-06-12 08:46:31.361 8 WARNING neutron.scheduler.dhcp_agent_scheduler [None req-15171035-f8d1-4912-85d4-9297ab188ed9 - - - - - -] No more DHCP agents
2026-06-12 08:46:31.362 8 WARNING neutron.api.rpc.agentnotifiers.dhcp_rpc_agent_api [None req-15171035-f8d1-4912-85d4-9297ab188ed9 - - - - - -] Unable to schedule network fbc90a56-0a63-4c26-a96b-4ce527890e67: no agents available; will retry on subsequent port and subnet creation events.
2026-06-12 08:46:31.385 8 INFO neutron.db.ovn_revision_numbers_db [None req-15171035-f8d1-4912-85d4-9297ab188ed9 - - - - - -] Successfully bumped revision number for resource 2c70649e-4bc2-4719-a79f-73f46ff31236 (type: subnets) to 0
2026-06-12 08:46:31.781 8 WARNING neutron.scheduler.dhcp_agent_scheduler [None req-15171035-f8d1-4912-85d4-9297ab188ed9 - - - - - -] No more DHCP agents
2026-06-12 08:46:31.782 8 WARNING neutron.api.rpc.agentnotifiers.dhcp_rpc_agent_api [None req-15171035-f8d1-4912-85d4-9297ab188ed9 - - - - - -] Unable to schedule network fbc90a56-0a63-4c26-a96b-4ce527890e67: no agents available; will retry on subsequent port and subnet creation events.
2026-06-12 08:46:31.917 8 INFO neutron.db.ovn_revision_numbers_db [None req-15171035-f8d1-4912-85d4-9297ab188ed9 - - - - - -] Successfully bumped revision number for resource f81d5691-190b-4207-9920-b45c47a81354 (type: ports) to 1
2026-06-12 08:46:32.018 7 INFO neutron.db.ovn_revision_numbers_db [None req-8cbd0a41-f20c-4dd7-bd58-e052f5bda08e - - - - - -] Successfully bumped revision number for resource 84dd7227-62d4-4f4f-b2c4-57d0c4e79926 (type: ports) to 5
2026-06-12 08:46:32.219 7 INFO neutron.db.ovn_revision_numbers_db [None req-01cb3bea-effe-42de-ae8a-289edfc5ac9d - - - - - -] Successfully bumped revision number for resource fe8ce277-b985-4c28-85bc-69c7b895fa01 (type: ports) to 2
2026-06-12 08:46:32.252 7 INFO neutron.db.ovn_revision_numbers_db [None req-01cb3bea-effe-42de-ae8a-289edfc5ac9d - - - - - -] Successfully bumped revision number for resource 93134c88-2af2-429f-82ef-b240b2dcf8f7 (type: subnets) to 0 [pid: 7|app: 0|req: 1126/2224] 10.0.0.187 () {34 vars in 669 bytes} [Fri Jun 12 08:46:30 2026] POST /v2.0/subnets => generated 657 bytes in 1344 msecs (HTTP/1.1 201) 4 headers in 162 bytes (1 switches on core 0)
2026-06-12 08:46:32.454 8 WARNING neutron.plugins.ml2.drivers.ovn.mech_driver.ovsdb.ovn_client [None req-6ff667eb-bcdf-41ac-bc5e-c622dc87b145 - - - - - -] No hosting information found for port ada65ba5-9b05-4f27-a9c6-7db8aee7a379: RuntimeError: No hosting information found for port ada65ba5-9b05-4f27-a9c6-7db8aee7a379
2026-06-12 08:46:32.456 8 INFO neutron.plugins.ml2.drivers.ovn.mech_driver.mech_driver [None req-6ff667eb-bcdf-41ac-bc5e-c622dc87b145 - - - - - -] OVN reports status down for port: b608a491-cb52-4e8f-ad5c-2fb3c182e589
2026-06-12 08:46:32.481 7 INFO neutron.db.ovn_revision_numbers_db [None req-5110a4f6-c0c7-4ff1-a8fa-40aa4ff98fe2 ea497c0cd0ea40aab056705a3fee1fec 41ca9636860d41e69fc6de8ccf4efaca - - default default] Successfully bumped revision number for resource 1139f321-93f3-415f-bb8f-f05c413e4206 (type: security_groups) to 1
2026-06-12 08:46:32.494 7 INFO neutron.db.ovn_revision_numbers_db [None req-5110a4f6-c0c7-4ff1-a8fa-40aa4ff98fe2 ea497c0cd0ea40aab056705a3fee1fec 41ca9636860d41e69fc6de8ccf4efaca - - default default] Successfully bumped revision number for resource 042069bc-6e21-40a1-958a-a0d171ff98bb (type: security_group_rules) to 0
2026-06-12 08:46:32.509 7 INFO neutron.db.ovn_revision_numbers_db [None req-5110a4f6-c0c7-4ff1-a8fa-40aa4ff98fe2 ea497c0cd0ea40aab056705a3fee1fec 41ca9636860d41e69fc6de8ccf4efaca - - default default] Successfully bumped revision number for resource 29735da8-c0f9-4a07-b3a9-7b19d8ce5486 (type: security_group_rules) to 0
2026-06-12 08:46:32.526 7 INFO neutron.db.ovn_revision_numbers_db [None req-5110a4f6-c0c7-4ff1-a8fa-40aa4ff98fe2 ea497c0cd0ea40aab056705a3fee1fec 41ca9636860d41e69fc6de8ccf4efaca - - default default] Successfully bumped revision number for resource 725b8a6c-a760-41c6-a8fa-2650accc8772 (type: security_group_rules) to 0
2026-06-12 08:46:32.540 7 INFO neutron.db.ovn_revision_numbers_db [None req-5110a4f6-c0c7-4ff1-a8fa-40aa4ff98fe2 ea497c0cd0ea40aab056705a3fee1fec 41ca9636860d41e69fc6de8ccf4efaca - - default default] Successfully bumped revision number for resource c8054a91-3eab-4b3a-b53f-7e1a92f756d2 (type: security_group_rules) to 0
2026-06-12 08:46:32.579 8 WARNING neutron.plugins.ml2.drivers.ovn.mech_driver.ovsdb.ovn_client [None req-6ff667eb-bcdf-41ac-bc5e-c622dc87b145 - - - - - -] Logical_Switch_Port %s host information not removed, the port state is up
2026-06-12 08:46:32.579 8 INFO neutron.plugins.ml2.drivers.ovn.mech_driver.mech_driver [None req-6ff667eb-bcdf-41ac-bc5e-c622dc87b145 - - - - - -] OVN reports status up for port: b608a491-cb52-4e8f-ad5c-2fb3c182e589
2026-06-12 08:46:32.613 8 INFO neutron.plugins.ml2.plugin [None req-6ff667eb-bcdf-41ac-bc5e-c622dc87b145 - - - - - -] Attempt 1 to provision port b608a491-cb52-4e8f-ad5c-2fb3c182e589
2026-06-12 08:46:32.634 7 INFO neutron.db.segments_db [None req-5110a4f6-c0c7-4ff1-a8fa-40aa4ff98fe2 ea497c0cd0ea40aab056705a3fee1fec 41ca9636860d41e69fc6de8ccf4efaca - - default default] Added segment e49e0e49-186f-4565-ad61-6f4889cf6201 of type geneve for network 9a6a8d69-2cd8-4277-8044-5090546502d5
2026-06-12 08:46:32.753 7 INFO neutron.db.ovn_revision_numbers_db [None req-5110a4f6-c0c7-4ff1-a8fa-40aa4ff98fe2 ea497c0cd0ea40aab056705a3fee1fec 41ca9636860d41e69fc6de8ccf4efaca - - default default] Successfully bumped revision number for resource 9a6a8d69-2cd8-4277-8044-5090546502d5 (type: networks) to 1
2026-06-12 08:46:32.773 8 WARNING neutron.scheduler.dhcp_agent_scheduler [None req-15171035-f8d1-4912-85d4-9297ab188ed9 - - - - - -] No more DHCP agents
2026-06-12 08:46:32.781 8 WARNING neutron.api.rpc.agentnotifiers.dhcp_rpc_agent_api [None req-15171035-f8d1-4912-85d4-9297ab188ed9 - - - - - -] Unable to schedule network fbc90a56-0a63-4c26-a96b-4ce527890e67: no agents available; will retry on subsequent port and subnet creation events.
2026-06-12 08:46:32.930 7 WARNING neutron.scheduler.dhcp_agent_scheduler [None req-5110a4f6-c0c7-4ff1-a8fa-40aa4ff98fe2 ea497c0cd0ea40aab056705a3fee1fec 41ca9636860d41e69fc6de8ccf4efaca - - default default] No more DHCP agents
2026-06-12 08:46:32.932 7 WARNING neutron.api.rpc.agentnotifiers.dhcp_rpc_agent_api [None req-5110a4f6-c0c7-4ff1-a8fa-40aa4ff98fe2 ea497c0cd0ea40aab056705a3fee1fec 41ca9636860d41e69fc6de8ccf4efaca - - default default] Unable to schedule network 9a6a8d69-2cd8-4277-8044-5090546502d5: no agents available; will retry on subsequent port and subnet creation events.
2026-06-12 08:46:33.002 7 INFO neutron.db.ovn_revision_numbers_db [None req-5110a4f6-c0c7-4ff1-a8fa-40aa4ff98fe2 ea497c0cd0ea40aab056705a3fee1fec 41ca9636860d41e69fc6de8ccf4efaca - - default default] Successfully bumped revision number for resource 3746e1e3-e12d-4081-905e-9e9db3542fd6 (type: ports) to 1 [pid: 7|app: 0|req: 1127/2225] 10.0.0.187 () {34 vars in 670 bytes} [Fri Jun 12 08:46:32 2026] POST /v2.0/networks => generated 651 bytes in 756 msecs (HTTP/1.1 201) 4 headers in 162 bytes (1 switches on core 0) [pid: 7|app: 0|req: 1128/2226] 10.0.0.52 () {34 vars in 989 bytes} [Fri Jun 12 08:46:33 2026] GET /v2.0/ports?device_id=a19be138-5c65-4a8c-ab07-2a3b82cb24e5 => generated 12 bytes in 17 msecs (HTTP/1.1 200) 4 headers in 156 bytes (1 switches on core 0)
2026-06-12 08:46:33.342 8 INFO neutron.db.ovn_revision_numbers_db [None req-6ff667eb-bcdf-41ac-bc5e-c622dc87b145 - - - - - -] Successfully bumped revision number for resource b608a491-cb52-4e8f-ad5c-2fb3c182e589 (type: ports) to 2
2026-06-12 08:46:33.528 7 WARNING neutron.scheduler.dhcp_agent_scheduler [None req-7d28d29a-fb25-4cb7-b2a4-5af6373a0680 75482eb429bc48e9a8059d5010775b3a e196c58134d6486ca4c6f79cf482aef1 - - default default] No more DHCP agents
2026-06-12 08:46:33.529 7 WARNING neutron.api.rpc.agentnotifiers.dhcp_rpc_agent_api [None req-7d28d29a-fb25-4cb7-b2a4-5af6373a0680 75482eb429bc48e9a8059d5010775b3a e196c58134d6486ca4c6f79cf482aef1 - - default default] Unable to schedule network 0f6b141e-8faf-4cd5-aede-8c7dee3b7f7d: no agents available; will retry on subsequent port and subnet creation events.
2026-06-12 08:46:33.628 7 INFO neutron.plugins.ml2.drivers.ovn.mech_driver.mech_driver [None req-b3359586-9d42-42e2-9669-8898288dd4a3 - - - - - -] OVN reports status down for port: cdceeda2-107b-4789-96db-4cf2fa743693
2026-06-12 08:46:33.662 8 INFO neutron.db.ovn_revision_numbers_db [None req-15171035-f8d1-4912-85d4-9297ab188ed9 - - - - - -] Successfully bumped revision number for resource f81d5691-190b-4207-9920-b45c47a81354 (type: router_ports) to 1
2026-06-12 08:46:33.681 7 INFO neutron.db.ovn_revision_numbers_db [None req-7d28d29a-fb25-4cb7-b2a4-5af6373a0680 75482eb429bc48e9a8059d5010775b3a e196c58134d6486ca4c6f79cf482aef1 - - default default] Successfully bumped revision number for resource cdceeda2-107b-4789-96db-4cf2fa743693 (type: ports) to 1
2026-06-12 08:46:33.892 8 WARNING neutron.scheduler.dhcp_agent_scheduler [None req-15171035-f8d1-4912-85d4-9297ab188ed9 - - - - - -] No more DHCP agents
2026-06-12 08:46:33.893 8 WARNING neutron.api.rpc.agentnotifiers.dhcp_rpc_agent_api [None req-15171035-f8d1-4912-85d4-9297ab188ed9 - - - - - -] Unable to schedule network fbc90a56-0a63-4c26-a96b-4ce527890e67: no agents available; will retry on subsequent port and subnet creation events.
2026-06-12 08:46:34.028 8 INFO neutron.db.ovn_revision_numbers_db [None req-15171035-f8d1-4912-85d4-9297ab188ed9 - - - - - -] Successfully bumped revision number for resource b0534a18-53eb-41a2-b252-81c8602fcac9 (type: ports) to 1
2026-06-12 08:46:34.263 8 INFO neutron.db.ovn_revision_numbers_db [None req-15171035-f8d1-4912-85d4-9297ab188ed9 - - - - - -] Successfully bumped revision number for resource b0534a18-53eb-41a2-b252-81c8602fcac9 (type: ports) to 3
2026-06-12 08:46:34.372 7 INFO neutron.plugins.ml2.drivers.ovn.mech_driver.mech_driver [None req-b3359586-9d42-42e2-9669-8898288dd4a3 - - - - - -] OVN reports status up for port: cdceeda2-107b-4789-96db-4cf2fa743693
2026-06-12 08:46:34.403 7 INFO neutron.plugins.ml2.plugin [None req-b3359586-9d42-42e2-9669-8898288dd4a3 - - - - - -] Attempt 1 to provision port cdceeda2-107b-4789-96db-4cf2fa743693 [pid: 8|app: 0|req: 1099/2227] 10.0.0.187 () {34 vars in 685 bytes} [Fri Jun 12 08:46:29 2026] POST /v2.0/vpn/vpnservices => generated 457 bytes in 5074 msecs (HTTP/1.1 201) 4 headers in 162 bytes (1 switches on core 0)
2026-06-12 08:46:34.496 7 WARNING neutron.scheduler.dhcp_agent_scheduler [None req-7d28d29a-fb25-4cb7-b2a4-5af6373a0680 75482eb429bc48e9a8059d5010775b3a e196c58134d6486ca4c6f79cf482aef1 - - default default] No more DHCP agents
2026-06-12 08:46:34.498 7 WARNING neutron.api.rpc.agentnotifiers.dhcp_rpc_agent_api [None req-7d28d29a-fb25-4cb7-b2a4-5af6373a0680 75482eb429bc48e9a8059d5010775b3a e196c58134d6486ca4c6f79cf482aef1 - - default default] Unable to schedule network 0f6b141e-8faf-4cd5-aede-8c7dee3b7f7d: no agents available; will retry on subsequent port and subnet creation events.
2026-06-12 08:46:34.664 8 WARNING neutron.scheduler.dhcp_agent_scheduler [None req-2a3affbe-a2cd-4ada-b244-4058fac43eea ea497c0cd0ea40aab056705a3fee1fec 41ca9636860d41e69fc6de8ccf4efaca - - default default] No more DHCP agents
2026-06-12 08:46:34.665 8 WARNING neutron.api.rpc.agentnotifiers.dhcp_rpc_agent_api [None req-2a3affbe-a2cd-4ada-b244-4058fac43eea ea497c0cd0ea40aab056705a3fee1fec 41ca9636860d41e69fc6de8ccf4efaca - - default default] Unable to schedule network 9a6a8d69-2cd8-4277-8044-5090546502d5: no agents available; will retry on subsequent port and subnet creation events.
2026-06-12 08:46:34.781 8 INFO neutron.db.ovn_revision_numbers_db [None req-2a3affbe-a2cd-4ada-b244-4058fac43eea ea497c0cd0ea40aab056705a3fee1fec 41ca9636860d41e69fc6de8ccf4efaca - - default default] Successfully bumped revision number for resource 17dd2354-8f15-419f-a8c7-04fb6bd50e1a (type: ports) to 1 [pid: 8|app: 0|req: 1100/2228] 10.0.0.187 () {34 vars in 664 bytes} [Fri Jun 12 08:46:34 2026] POST /v2.0/ports => generated 743 bytes in 405 msecs (HTTP/1.1 201) 4 headers in 162 bytes (1 switches on core 0) /var/lib/openstack/lib/python3.12/site-packages/pycadf/identifier.py:70: UserWarning: Invalid uuid: neutron. To ensure interoperability, identifiers should be a valid uuid. warnings.warn(('Invalid uuid: %s. To ensure interoperability, ' [pid: 8|app: 0|req: 1101/2229] 10.0.0.187 () {32 vars in 663 bytes} [Fri Jun 12 08:46:34 2026] GET /v2.0/vpn/vpnservices => generated 1305 bytes in 11 msecs (HTTP/1.1 200) 4 headers in 158 bytes (1 switches on core 0)
2026-06-12 08:46:34.945 8 INFO neutron.db.segments_db [None req-4d4c8c9f-e0c4-44d8-9de6-28eedb104739 ea497c0cd0ea40aab056705a3fee1fec 41ca9636860d41e69fc6de8ccf4efaca - - default default] Added segment e24529df-7be7-4c67-a3d2-e349b85ffbff of type geneve for network 09c1d82b-091f-4ce4-912d-2997c6ad2249
2026-06-12 08:46:35.020 7 INFO neutron.db.ovn_revision_numbers_db [None req-b3359586-9d42-42e2-9669-8898288dd4a3 - - - - - -] Successfully bumped revision number for resource cdceeda2-107b-4789-96db-4cf2fa743693 (type: ports) to 2
2026-06-12 08:46:35.056 8 INFO neutron.db.ovn_revision_numbers_db [None req-4d4c8c9f-e0c4-44d8-9de6-28eedb104739 ea497c0cd0ea40aab056705a3fee1fec 41ca9636860d41e69fc6de8ccf4efaca - - default default] Successfully bumped revision number for resource 09c1d82b-091f-4ce4-912d-2997c6ad2249 (type: networks) to 1
2026-06-12 08:46:35.197 7 INFO neutron.db.ovn_revision_numbers_db [None req-7d28d29a-fb25-4cb7-b2a4-5af6373a0680 75482eb429bc48e9a8059d5010775b3a e196c58134d6486ca4c6f79cf482aef1 - - default default] Successfully bumped revision number for resource cdceeda2-107b-4789-96db-4cf2fa743693 (type: router_ports) to 1 [pid: 7|app: 0|req: 1129/2230] 10.0.0.187 () {34 vars in 783 bytes} [Fri Jun 12 08:46:33 2026] PUT /v2.0/routers/c4f16982-33da-413f-8552-15bf0d418d99/add_router_interface => generated 309 bytes in 2162 msecs (HTTP/1.1 200) 4 headers in 157 bytes (1 switches on core 0)
2026-06-12 08:46:35.215 8 WARNING neutron.scheduler.dhcp_agent_scheduler [None req-4d4c8c9f-e0c4-44d8-9de6-28eedb104739 ea497c0cd0ea40aab056705a3fee1fec 41ca9636860d41e69fc6de8ccf4efaca - - default default] No more DHCP agents
2026-06-12 08:46:35.217 8 WARNING neutron.api.rpc.agentnotifiers.dhcp_rpc_agent_api [None req-4d4c8c9f-e0c4-44d8-9de6-28eedb104739 ea497c0cd0ea40aab056705a3fee1fec 41ca9636860d41e69fc6de8ccf4efaca - - default default] Unable to schedule network 09c1d82b-091f-4ce4-912d-2997c6ad2249: no agents available; will retry on subsequent port and subnet creation events.
