2026-06-12 08:45:33.413 8 INFO neutron.services.segments.plugin [-] Segment 06b6ab41-5ef7-49c0-b72b-c20eeff4da70 resource provider not found; error: Placement Client Error (4xx): {"errors": [{"status": 404, "title": "Not Found", "detail": "The resource could not be found.\n\n No resource provider with uuid 06b6ab41-5ef7-49c0-b72b-c20eeff4da70 found for delete ", "request_id": "req-05789a3f-93f1-4fba-9351-325f14b00f32"}]}
2026-06-12 08:45:33.413 8 INFO neutron.services.segments.plugin [-] Segment 06b6ab41-5ef7-49c0-b72b-c20eeff4da70 resource provider not found; error: Placement Client Error (4xx): {"errors": [{"status": 404, "title": "Not Found", "detail": "The resource could not be found.\n\n No resource provider with uuid 06b6ab41-5ef7-49c0-b72b-c20eeff4da70 found for delete ", "request_id": "req-7df2a901-c915-4157-aafd-4c239b54b3a9"}]} [pid: 8|app: 0|req: 872/1824] 10.0.0.187 () {32 vars in 726 bytes} [Fri Jun 12 08:45:33 2026] DELETE /v2.0/networks/d6bd5c10-55bc-4504-8408-2d2d8603bac0 => generated 0 bytes in 346 msecs (HTTP/1.1 204) 3 headers in 131 bytes (1 switches on core 0) [pid: 8|app: 0|req: 873/1825] 10.0.0.187 () {32 vars in 647 bytes} [Fri Jun 12 08:45:33 2026] GET /v2.0/subnets => generated 1280 bytes in 28 msecs (HTTP/1.1 200) 4 headers in 158 bytes (1 switches on core 0)
2026-06-12 08:45:33.487 7 WARNING neutron.scheduler.dhcp_agent_scheduler [None req-eb85936d-056c-492b-9d06-2e0e74305d80 ae3a61bde30b43de8198e8db32c313c2 00d3497cddc04c71a5bcb58bd0b9ddf0 - - default default] No more DHCP agents
2026-06-12 08:45:33.488 7 WARNING neutron.api.rpc.agentnotifiers.dhcp_rpc_agent_api [None req-eb85936d-056c-492b-9d06-2e0e74305d80 ae3a61bde30b43de8198e8db32c313c2 00d3497cddc04c71a5bcb58bd0b9ddf0 - - default default] Unable to schedule network f36f8202-9d28-40f3-b077-6dda0339adf6: no agents available; will retry on subsequent port and subnet creation events. [pid: 8|app: 0|req: 874/1826] 10.0.0.187 () {32 vars in 731 bytes} [Fri Jun 12 08:45:33 2026] GET /v2.0/subnets/c153c4d8-c00d-4f5a-af89-d6b6f92d5e5b/tags => generated 37 bytes in 37 msecs (HTTP/1.1 200) 4 headers in 156 bytes (1 switches on core 0)
2026-06-12 08:45:33.522 7 INFO neutron.plugins.ml2.drivers.ovn.mech_driver.mech_driver [None req-937cc633-a6df-4859-9722-1f82b4d01278 - - - - - -] OVN reports status down for port: 890fbd6d-a955-4c77-99a6-f61006ac1d57 [pid: 8|app: 0|req: 875/1827] 10.0.0.187 () {32 vars in 723 bytes} [Fri Jun 12 08:45:33 2026] GET /v2.0/networks/43fb2d1e-59cd-464c-82f0-c36239d56d77 => generated 707 bytes in 56 msecs (HTTP/1.1 200) 4 headers in 157 bytes (1 switches on core 0)
2026-06-12 08:45:33.577 7 INFO neutron.db.ovn_revision_numbers_db [None req-eb85936d-056c-492b-9d06-2e0e74305d80 ae3a61bde30b43de8198e8db32c313c2 00d3497cddc04c71a5bcb58bd0b9ddf0 - - default default] Successfully bumped revision number for resource 890fbd6d-a955-4c77-99a6-f61006ac1d57 (type: ports) to 1 [pid: 8|app: 0|req: 876/1828] 10.0.0.187 () {32 vars in 739 bytes} [Fri Jun 12 08:45:33 2026] GET /v2.0/subnets/c153c4d8-c00d-4f5a-af89-d6b6f92d5e5b/tags/red => generated 0 bytes in 36 msecs (HTTP/1.1 204) 2 headers in 112 bytes (1 switches on core 0) [pid: 8|app: 0|req: 877/1829] 10.0.0.187 () {32 vars in 721 bytes} [Fri Jun 12 08:45:33 2026] GET /v2.0/subnets/1e4827bd-8248-4ece-9647-fd554391e23b => generated 641 bytes in 23 msecs (HTTP/1.1 200) 4 headers in 157 bytes (1 switches on core 0) [pid: 7|app: 0|req: 953/1830] 10.0.0.187 () {34 vars in 670 bytes} [Fri Jun 12 08:45:33 2026] POST /v2.0/networks => generated 648 bytes in 496 msecs (HTTP/1.1 201) 4 headers in 162 bytes (1 switches on core 0) [pid: 8|app: 0|req: 878/1831] 10.0.0.187 () {32 vars in 774 bytes} [Fri Jun 12 08:45:33 2026] GET /v2.0/security-groups?tenant_id=fcb48c63c48a442c8e79460bfbff0bdd&name=default => generated 2925 bytes in 26 msecs (HTTP/1.1 200) 4 headers in 158 bytes (1 switches on core 0)
2026-06-12 08:45:33.660 7 INFO neutron.api.v2.resource [None req-0eae5f55-b3e3-4e6f-9fe1-bcb78d266b6b a853bd1edd6d47a1879add1021788cac 95590ecc3eee4bbb9e4c63d7f64e261c - - default default] show failed (client error): The resource could not be found. [pid: 7|app: 0|req: 954/1832] 10.0.0.187 () {32 vars in 743 bytes} [Fri Jun 12 08:45:33 2026] GET /v2.0/subnets/c153c4d8-c00d-4f5a-af89-d6b6f92d5e5b/tags/green => generated 99 bytes in 45 msecs (HTTP/1.1 404) 4 headers in 163 bytes (1 switches on core 0)
2026-06-12 08:45:33.673 7 INFO neutron.pecan_wsgi.hooks.translation [None req-8cc47ae6-c06d-4824-abc9-3d172f123ae0 10be6943fcde4c419c6c863beccbd543 ddaca55ab35147d285b7013390acc04d - - default default] DELETE failed (client error): The resource could not be found. [pid: 7|app: 0|req: 955/1833] 10.0.0.187 () {32 vars in 724 bytes} [Fri Jun 12 08:45:33 2026] DELETE /v2.0/subnets/30b8f1b7-d125-4a31-abd3-f52fa9b0a192 => generated 136 bytes in 13 msecs (HTTP/1.1 404) 4 headers in 164 bytes (1 switches on core 0)
2026-06-12 08:45:33.831 8 WARNING neutron.scheduler.dhcp_agent_scheduler [None req-696efee6-3964-489f-88d0-a9586ffded32 ae3a61bde30b43de8198e8db32c313c2 00d3497cddc04c71a5bcb58bd0b9ddf0 - - default default] No more DHCP agents
2026-06-12 08:45:33.833 8 WARNING neutron.api.rpc.agentnotifiers.dhcp_rpc_agent_api [None req-696efee6-3964-489f-88d0-a9586ffded32 ae3a61bde30b43de8198e8db32c313c2 00d3497cddc04c71a5bcb58bd0b9ddf0 - - default default] Unable to schedule network f36f8202-9d28-40f3-b077-6dda0339adf6: no agents available; will retry on subsequent port and subnet creation events. [pid: 7|app: 0|req: 956/1834] 10.0.0.187 () {32 vars in 740 bytes} [Fri Jun 12 08:45:33 2026] DELETE /v2.0/security-groups/63d7b882-101f-41fa-9d39-7fa8c9b36640 => generated 0 bytes in 224 msecs (HTTP/1.1 204) 2 headers in 112 bytes (1 switches on core 0) [pid: 7|app: 0|req: 957/1835] 10.0.0.187 () {32 vars in 742 bytes} [Fri Jun 12 08:45:33 2026] DELETE /v2.0/subnets/c153c4d8-c00d-4f5a-af89-d6b6f92d5e5b/tags/red => generated 0 bytes in 52 msecs (HTTP/1.1 204) 2 headers in 112 bytes (1 switches on core 0)
2026-06-12 08:45:33.964 7 INFO neutron.pecan_wsgi.hooks.translation [None req-837bd2c6-439c-4dae-8d8e-f5365d92f0c5 10be6943fcde4c419c6c863beccbd543 ddaca55ab35147d285b7013390acc04d - - default default] DELETE failed (client error): The resource could not be found. [pid: 7|app: 0|req: 958/1836] 10.0.0.187 () {32 vars in 726 bytes} [Fri Jun 12 08:45:33 2026] DELETE /v2.0/networks/5a5c151e-2c05-4a6e-83a0-d929b20f2afd => generated 138 bytes in 15 msecs (HTTP/1.1 404) 4 headers in 164 bytes (1 switches on core 0) [pid: 7|app: 0|req: 959/1837] 10.0.0.187 () {32 vars in 731 bytes} [Fri Jun 12 08:45:33 2026] GET /v2.0/subnets/c153c4d8-c00d-4f5a-af89-d6b6f92d5e5b/tags => generated 30 bytes in 34 msecs (HTTP/1.1 200) 4 headers in 156 bytes (1 switches on core 0)
2026-06-12 08:45:34.110 7 INFO neutron.services.segments.plugin [-] Segment e2bffad0-35b6-49ce-8882-44be28a38a5d resource provider aggregate not found
2026-06-12 08:45:34.112 7 INFO neutron.services.segments.plugin [-] Segment e2bffad0-35b6-49ce-8882-44be28a38a5d resource provider aggregate not found
2026-06-12 08:45:34.129 7 INFO neutron.services.segments.plugin [-] Segment e2bffad0-35b6-49ce-8882-44be28a38a5d resource provider not found; error: Placement Client Error (4xx): {"errors": [{"status": 404, "title": "Not Found", "detail": "The resource could not be found.\n\n No resource provider with uuid e2bffad0-35b6-49ce-8882-44be28a38a5d found for delete ", "request_id": "req-7038cc31-501c-4b81-9625-afa0fc9088da"}]}
2026-06-12 08:45:34.130 7 INFO neutron.services.segments.plugin [-] Segment e2bffad0-35b6-49ce-8882-44be28a38a5d resource provider not found; error: Placement Client Error (4xx): {"errors": [{"status": 404, "title": "Not Found", "detail": "The resource could not be found.\n\n No resource provider with uuid e2bffad0-35b6-49ce-8882-44be28a38a5d found for delete ", "request_id": "req-797d39b4-d966-4e11-be0d-0aed21ebe788"}]} [pid: 7|app: 0|req: 960/1838] 10.0.0.187 () {32 vars in 724 bytes} [Fri Jun 12 08:45:34 2026] DELETE /v2.0/subnets/1e4827bd-8248-4ece-9647-fd554391e23b => generated 0 bytes in 184 msecs (HTTP/1.1 204) 3 headers in 131 bytes (1 switches on core 0)
2026-06-12 08:45:34.240 7 INFO neutron.api.v2.resource [None req-932dfc28-4e51-4294-b143-72ab1376f2da a853bd1edd6d47a1879add1021788cac 95590ecc3eee4bbb9e4c63d7f64e261c - - default default] delete failed (client error): The resource could not be found. [pid: 7|app: 0|req: 961/1839] 10.0.0.187 () {32 vars in 746 bytes} [Fri Jun 12 08:45:34 2026] DELETE /v2.0/subnets/c153c4d8-c00d-4f5a-af89-d6b6f92d5e5b/tags/green => generated 99 bytes in 56 msecs (HTTP/1.1 404) 4 headers in 163 bytes (1 switches on core 0)
2026-06-12 08:45:34.254 8 INFO neutron.db.ovn_revision_numbers_db [None req-08f2e49e-a361-4909-97aa-e80e98a1c939 - - - - - -] Successfully bumped revision number for resource 890fbd6d-a955-4c77-99a6-f61006ac1d57 (type: ports) to 2
2026-06-12 08:45:34.288 8 INFO neutron.db.ovn_revision_numbers_db [None req-08f2e49e-a361-4909-97aa-e80e98a1c939 - - - - - -] Successfully bumped revision number for resource 9fbef08c-c095-4c2d-b868-bd585792daf8 (type: subnets) to 0 [pid: 8|app: 0|req: 879/1840] 10.0.0.187 () {34 vars in 669 bytes} [Fri Jun 12 08:45:33 2026] POST /v2.0/subnets => generated 626 bytes in 668 msecs (HTTP/1.1 201) 4 headers in 162 bytes (1 switches on core 0)
2026-06-12 08:45:34.354 7 INFO neutron_taas.services.taas.taas_plugin [None req-40a86b8b-4da5-439d-99a4-d6da5f1533c0 10be6943fcde4c419c6c863beccbd543 ddaca55ab35147d285b7013390acc04d - - default default] TaaS: Handle Delete Port: 4cf612cf-349d-49af-92d3-17cb6dffad03 [pid: 8|app: 0|req: 880/1841] 10.0.0.187 () {32 vars in 734 bytes} [Fri Jun 12 08:45:34 2026] DELETE /v2.0/subnets/c153c4d8-c00d-4f5a-af89-d6b6f92d5e5b/tags => generated 0 bytes in 48 msecs (HTTP/1.1 204) 2 headers in 112 bytes (1 switches on core 0)
2026-06-12 08:45:34.356 7 INFO neutron_taas.services.taas.tap_mirror_plugin [None req-40a86b8b-4da5-439d-99a4-d6da5f1533c0 10be6943fcde4c419c6c863beccbd543 ddaca55ab35147d285b7013390acc04d - - default default] Tap Mirror: Handle Delete Port: 4cf612cf-349d-49af-92d3-17cb6dffad03
2026-06-12 08:45:34.485 8 INFO neutron.db.ovn_revision_numbers_db [None req-420add03-9f9c-49e6-bef5-01a27220205c ae3a61bde30b43de8198e8db32c313c2 00d3497cddc04c71a5bcb58bd0b9ddf0 - - default default] Successfully bumped revision number for resource f1a61e70-c760-4c3e-a1d9-6cfddbc2dc62 (type: routers) to 1 [pid: 8|app: 0|req: 881/1842] 10.0.0.187 () {34 vars in 669 bytes} [Fri Jun 12 08:45:34 2026] POST /v2.0/routers => generated 602 bytes in 150 msecs (HTTP/1.1 201) 4 headers in 162 bytes (1 switches on core 0) [pid: 8|app: 0|req: 882/1843] 10.0.0.187 () {32 vars in 731 bytes} [Fri Jun 12 08:45:34 2026] GET /v2.0/subnets/c153c4d8-c00d-4f5a-af89-d6b6f92d5e5b/tags => generated 12 bytes in 39 msecs (HTTP/1.1 200) 4 headers in 156 bytes (1 switches on core 0) [pid: 7|app: 0|req: 962/1844] 10.0.0.187 () {32 vars in 726 bytes} [Fri Jun 12 08:45:34 2026] DELETE /v2.0/networks/43fb2d1e-59cd-464c-82f0-c36239d56d77 => generated 0 bytes in 323 msecs (HTTP/1.1 204) 3 headers in 131 bytes (1 switches on core 0)
2026-06-12 08:45:34.735 8 WARNING neutron.plugins.ml2.drivers.ovn.mech_driver.ovsdb.ovn_client [None req-a6816e38-2917-4c0f-b3a4-b0152d8afd22 - - - - - -] No port found with ID 22f97b1f-b87e-404b-a507-d44efa7c7aba: RuntimeError: No port found with ID 22f97b1f-b87e-404b-a507-d44efa7c7aba
2026-06-12 08:45:34.736 8 INFO neutron.plugins.ml2.drivers.ovn.mech_driver.mech_driver [None req-a6816e38-2917-4c0f-b3a4-b0152d8afd22 - - - - - -] OVN reports status down for port: d24466f3-f6d1-4085-93f7-e814b5bb528d [pid: 7|app: 0|req: 963/1845] 10.0.0.187 () {32 vars in 724 bytes} [Fri Jun 12 08:45:34 2026] DELETE /v2.0/subnets/c153c4d8-c00d-4f5a-af89-d6b6f92d5e5b => generated 0 bytes in 189 msecs (HTTP/1.1 204) 3 headers in 131 bytes (1 switches on core 0)
2026-06-12 08:45:34.870 7 INFO neutron_taas.services.taas.taas_plugin [None req-9e1eb96c-3ab3-4180-a1a0-46bc572739fb a853bd1edd6d47a1879add1021788cac 95590ecc3eee4bbb9e4c63d7f64e261c - - default default] TaaS: Handle Delete Port: d24466f3-f6d1-4085-93f7-e814b5bb528d
2026-06-12 08:45:34.872 7 INFO neutron_taas.services.taas.tap_mirror_plugin [None req-9e1eb96c-3ab3-4180-a1a0-46bc572739fb a853bd1edd6d47a1879add1021788cac 95590ecc3eee4bbb9e4c63d7f64e261c - - default default] Tap Mirror: Handle Delete Port: d24466f3-f6d1-4085-93f7-e814b5bb528d
2026-06-12 08:45:34.984 8 WARNING neutron.scheduler.dhcp_agent_scheduler [None req-eb2596e4-38d6-4ac8-a026-2c136962783f ae3a61bde30b43de8198e8db32c313c2 00d3497cddc04c71a5bcb58bd0b9ddf0 - - default default] No more DHCP agents
2026-06-12 08:45:34.985 8 WARNING neutron.api.rpc.agentnotifiers.dhcp_rpc_agent_api [None req-eb2596e4-38d6-4ac8-a026-2c136962783f ae3a61bde30b43de8198e8db32c313c2 00d3497cddc04c71a5bcb58bd0b9ddf0 - - default default] Unable to schedule network f36f8202-9d28-40f3-b077-6dda0339adf6: no agents available; will retry on subsequent port and subnet creation events. [pid: 7|app: 0|req: 964/1846] 10.0.0.187 () {32 vars in 726 bytes} [Fri Jun 12 08:45:34 2026] DELETE /v2.0/networks/8ddb9547-1af2-4a1d-950d-ab20233fbffe => generated 0 bytes in 306 msecs (HTTP/1.1 204) 3 headers in 131 bytes (1 switches on core 0)
2026-06-12 08:45:35.107 7 INFO neutron.plugins.ml2.drivers.ovn.mech_driver.mech_driver [None req-937cc633-a6df-4859-9722-1f82b4d01278 - - - - - -] OVN reports status down for port: 3d9505ba-65c1-4182-80e5-e38441373a62
2026-06-12 08:45:35.130 8 INFO neutron.db.ovn_revision_numbers_db [None req-eb2596e4-38d6-4ac8-a026-2c136962783f ae3a61bde30b43de8198e8db32c313c2 00d3497cddc04c71a5bcb58bd0b9ddf0 - - default default] Successfully bumped revision number for resource 3d9505ba-65c1-4182-80e5-e38441373a62 (type: ports) to 1 [pid: 7|app: 0|req: 965/1847] 10.0.0.187 () {32 vars in 774 bytes} [Fri Jun 12 08:45:35 2026] GET /v2.0/security-groups?tenant_id=ddaca55ab35147d285b7013390acc04d&name=default => generated 2925 bytes in 266 msecs (HTTP/1.1 200) 4 headers in 158 bytes (1 switches on core 0) [pid: 7|app: 0|req: 966/1848] 10.0.0.187 () {32 vars in 740 bytes} [Fri Jun 12 08:45:35 2026] DELETE /v2.0/security-groups/543bbf23-9d01-4aca-9e2b-8a4830d0989c => generated 0 bytes in 254 msecs (HTTP/1.1 204) 2 headers in 112 bytes (1 switches on core 0)
2026-06-12 08:45:35.696 7 INFO neutron.plugins.ml2.drivers.ovn.mech_driver.mech_driver [None req-937cc633-a6df-4859-9722-1f82b4d01278 - - - - - -] OVN reports status up for port: 3d9505ba-65c1-4182-80e5-e38441373a62
2026-06-12 08:45:35.712 7 INFO neutron.plugins.ml2.plugin [None req-937cc633-a6df-4859-9722-1f82b4d01278 - - - - - -] Attempt 1 to provision port 3d9505ba-65c1-4182-80e5-e38441373a62
2026-06-12 08:45:35.787 8 WARNING neutron.scheduler.dhcp_agent_scheduler [None req-eb2596e4-38d6-4ac8-a026-2c136962783f ae3a61bde30b43de8198e8db32c313c2 00d3497cddc04c71a5bcb58bd0b9ddf0 - - default default] No more DHCP agents
2026-06-12 08:45:35.790 8 WARNING neutron.api.rpc.agentnotifiers.dhcp_rpc_agent_api [None req-eb2596e4-38d6-4ac8-a026-2c136962783f ae3a61bde30b43de8198e8db32c313c2 00d3497cddc04c71a5bcb58bd0b9ddf0 - - default default] Unable to schedule network f36f8202-9d28-40f3-b077-6dda0339adf6: no agents available; will retry on subsequent port and subnet creation events.
2026-06-12 08:45:35.973 8 INFO neutron.db.ovn_revision_numbers_db [None req-eb2596e4-38d6-4ac8-a026-2c136962783f ae3a61bde30b43de8198e8db32c313c2 00d3497cddc04c71a5bcb58bd0b9ddf0 - - default default] Successfully bumped revision number for resource 3d9505ba-65c1-4182-80e5-e38441373a62 (type: router_ports) to 1 [pid: 8|app: 0|req: 883/1849] 10.0.0.187 () {34 vars in 783 bytes} [Fri Jun 12 08:45:34 2026] PUT /v2.0/routers/f1a61e70-c760-4c3e-a1d9-6cfddbc2dc62/add_router_interface => generated 309 bytes in 1431 msecs (HTTP/1.1 200) 4 headers in 157 bytes (1 switches on core 0) [pid: 8|app: 0|req: 884/1850] 10.0.0.187 () {32 vars in 717 bytes} [Fri Jun 12 08:45:35 2026] GET /v2.0/ports/3d9505ba-65c1-4182-80e5-e38441373a62 => generated 943 bytes in 32 msecs (HTTP/1.1 200) 4 headers in 157 bytes (1 switches on core 0) [pid: 8|app: 0|req: 885/1851] 10.0.0.187 () {32 vars in 717 bytes} [Fri Jun 12 08:45:36 2026] GET /v2.0/ports/3d9505ba-65c1-4182-80e5-e38441373a62 => generated 943 bytes in 27 msecs (HTTP/1.1 200) 4 headers in 157 bytes (1 switches on core 0)
2026-06-12 08:45:36.168 7 INFO neutron.services.segments.plugin [-] Segment 6ac8cf9e-2fb0-481f-beae-87d0d7450725 resource provider aggregate not found
2026-06-12 08:45:36.175 7 INFO neutron.services.segments.plugin [-] Segment 6ac8cf9e-2fb0-481f-beae-87d0d7450725 resource provider aggregate not found
2026-06-12 08:45:36.199 7 INFO neutron.services.segments.plugin [-] Segment 6ac8cf9e-2fb0-481f-beae-87d0d7450725 resource provider not found; error: Placement Client Error (4xx): {"errors": [{"status": 404, "title": "Not Found", "detail": "The resource could not be found.\n\n No resource provider with uuid 6ac8cf9e-2fb0-481f-beae-87d0d7450725 found for delete ", "request_id": "req-d9d8402f-fc0d-437f-9b09-6cbe2564c8bd"}]}
2026-06-12 08:45:36.205 7 INFO neutron.services.segments.plugin [-] Segment 6ac8cf9e-2fb0-481f-beae-87d0d7450725 resource provider not found; error: Placement Client Error (4xx): {"errors": [{"status": 404, "title": "Not Found", "detail": "The resource could not be found.\n\n No resource provider with uuid 6ac8cf9e-2fb0-481f-beae-87d0d7450725 found for delete ", "request_id": "req-c8e86ab1-039a-43e6-8442-d4d5f1d4dc4a"}]}
2026-06-12 08:45:36.223 7 INFO neutron.services.segments.plugin [-] Segment 7dc14026-7539-4b73-907d-c784a5171238 resource provider aggregate not found
2026-06-12 08:45:36.232 7 INFO neutron.services.segments.plugin [-] Segment 7dc14026-7539-4b73-907d-c784a5171238 resource provider aggregate not found
2026-06-12 08:45:36.257 7 INFO neutron.services.segments.plugin [-] Segment 7dc14026-7539-4b73-907d-c784a5171238 resource provider not found; error: Placement Client Error (4xx): {"errors": [{"status": 404, "title": "Not Found", "detail": "The resource could not be found.\n\n No resource provider with uuid 7dc14026-7539-4b73-907d-c784a5171238 found for delete ", "request_id": "req-ee3b2405-a565-4e3d-9a74-970891f596f0"}]}
2026-06-12 08:45:36.260 7 INFO neutron.services.segments.plugin [-] Segment 7dc14026-7539-4b73-907d-c784a5171238 resource provider not found; error: Placement Client Error (4xx): {"errors": [{"status": 404, "title": "Not Found", "detail": "The resource could not be found.\n\n No resource provider with uuid 7dc14026-7539-4b73-907d-c784a5171238 found for delete ", "request_id": "req-95716bee-9cd5-41b3-aa3a-13630f2db576"}]}
2026-06-12 08:45:36.290 7 INFO neutron.db.ovn_revision_numbers_db [None req-037fbb48-254d-46b2-bedf-28ca48e9d617 28f93bbf223f413ab3132b66cc002f38 101c03246d944c349f23e09bc5827c04 - - default default] Successfully bumped revision number for resource 4e5e6cd2-a0cb-4468-b5e1-be3a20fab676 (type: security_groups) to 1
2026-06-12 08:45:36.328 7 INFO neutron.db.ovn_revision_numbers_db [None req-037fbb48-254d-46b2-bedf-28ca48e9d617 28f93bbf223f413ab3132b66cc002f38 101c03246d944c349f23e09bc5827c04 - - default default] Successfully bumped revision number for resource 202c2bba-11b2-4964-9f82-797d3d5ef7bd (type: security_group_rules) to 0
2026-06-12 08:45:36.356 7 INFO neutron.db.ovn_revision_numbers_db [None req-037fbb48-254d-46b2-bedf-28ca48e9d617 28f93bbf223f413ab3132b66cc002f38 101c03246d944c349f23e09bc5827c04 - - default default] Successfully bumped revision number for resource 936ddd22-6796-498d-ab18-f9a3c0057148 (type: security_group_rules) to 0
2026-06-12 08:45:36.378 8 INFO neutron_taas.services.taas.taas_plugin [None req-b7f4ff06-051e-4b52-8202-78ec2b0cd065 ae3a61bde30b43de8198e8db32c313c2 00d3497cddc04c71a5bcb58bd0b9ddf0 - - default default] TaaS: Handle Delete Port: 3d9505ba-65c1-4182-80e5-e38441373a62
2026-06-12 08:45:36.381 8 INFO neutron_taas.services.taas.tap_mirror_plugin [None req-b7f4ff06-051e-4b52-8202-78ec2b0cd065 ae3a61bde30b43de8198e8db32c313c2 00d3497cddc04c71a5bcb58bd0b9ddf0 - - default default] Tap Mirror: Handle Delete Port: 3d9505ba-65c1-4182-80e5-e38441373a62
2026-06-12 08:45:36.388 7 INFO neutron.db.ovn_revision_numbers_db [None req-037fbb48-254d-46b2-bedf-28ca48e9d617 28f93bbf223f413ab3132b66cc002f38 101c03246d944c349f23e09bc5827c04 - - default default] Successfully bumped revision number for resource d33a59b5-ac90-4eae-9344-2078d9d1ba67 (type: security_group_rules) to 0
2026-06-12 08:45:36.403 7 INFO neutron.db.ovn_revision_numbers_db [None req-937cc633-a6df-4859-9722-1f82b4d01278 - - - - - -] Successfully bumped revision number for resource 3d9505ba-65c1-4182-80e5-e38441373a62 (type: ports) to 2
2026-06-12 08:45:36.411 7 INFO neutron.db.ovn_revision_numbers_db [None req-037fbb48-254d-46b2-bedf-28ca48e9d617 28f93bbf223f413ab3132b66cc002f38 101c03246d944c349f23e09bc5827c04 - - default default] Successfully bumped revision number for resource eb5ed098-3be7-4ceb-8d7f-b09b777fe9de (type: security_group_rules) to 0 [pid: 7|app: 0|req: 967/1852] 10.0.0.187 () {32 vars in 774 bytes} [Fri Jun 12 08:45:35 2026] GET /v2.0/security-groups?tenant_id=1a4b12c0cfe9457eb422dad45f40d669&name=default => generated 2925 bytes in 765 msecs (HTTP/1.1 200) 4 headers in 158 bytes (1 switches on core 0) [pid: 8|app: 0|req: 886/1855] 10.0.0.187 () {34 vars in 789 bytes} [Fri Jun 12 08:45:36 2026] PUT /v2.0/routers/f1a61e70-c760-4c3e-a1d9-6cfddbc2dc62/remove_router_interface => generated 309 bytes in 710 msecs (HTTP/1.1 200) 4 headers in 157 bytes (1 switches on core 0) [pid: 7|app: 0|req: 970/1856] 10.0.0.187 () {32 vars in 740 bytes} [Fri Jun 12 08:45:36 2026] DELETE /v2.0/security-groups/4e5e6cd2-a0cb-4468-b5e1-be3a20fab676 => generated 0 bytes in 269 msecs (HTTP/1.1 204) 2 headers in 112 bytes (1 switches on core 0) /var/lib/openstack/lib/python3.12/site-packages/pycadf/identifier.py:70: UserWarning: Invalid uuid: neutron. To ensure interoperability, identifiers should be a valid uuid. warnings.warn(('Invalid uuid: %s. To ensure interoperability, ' [pid: 8|app: 0|req: 887/1857] 10.0.0.187 () {32 vars in 736 bytes} [Fri Jun 12 08:45:36 2026] GET /v2.0/ports?device_id=f1a61e70-c760-4c3e-a1d9-6cfddbc2dc62 => generated 12 bytes in 33 msecs (HTTP/1.1 200) 4 headers in 156 bytes (1 switches on core 0)
2026-06-12 08:45:37.112 7 INFO neutron.db.ovn_revision_numbers_db [None req-cd314bc8-ff9c-48a1-b7b9-8c4ede7c6328 28f93bbf223f413ab3132b66cc002f38 101c03246d944c349f23e09bc5827c04 - - default default] Successfully bumped revision number for resource a991ef3e-49f6-4596-818c-eb865a23ae0f (type: security_groups) to 1
2026-06-12 08:45:37.124 7 INFO neutron.db.ovn_revision_numbers_db [None req-cd314bc8-ff9c-48a1-b7b9-8c4ede7c6328 28f93bbf223f413ab3132b66cc002f38 101c03246d944c349f23e09bc5827c04 - - default default] Successfully bumped revision number for resource 2ae7cf0f-9b57-476f-9866-730c9ee26ccf (type: security_group_rules) to 0
2026-06-12 08:45:37.135 7 INFO neutron.db.ovn_revision_numbers_db [None req-cd314bc8-ff9c-48a1-b7b9-8c4ede7c6328 28f93bbf223f413ab3132b66cc002f38 101c03246d944c349f23e09bc5827c04 - - default default] Successfully bumped revision number for resource 7805e293-c7cf-4975-bdac-9bff62ac5067 (type: security_group_rules) to 0
2026-06-12 08:45:37.147 7 INFO neutron.db.ovn_revision_numbers_db [None req-cd314bc8-ff9c-48a1-b7b9-8c4ede7c6328 28f93bbf223f413ab3132b66cc002f38 101c03246d944c349f23e09bc5827c04 - - default default] Successfully bumped revision number for resource 851fd40a-48a5-4922-8b0e-b902abdf5112 (type: security_group_rules) to 0
2026-06-12 08:45:37.158 7 INFO neutron.db.ovn_revision_numbers_db [None req-cd314bc8-ff9c-48a1-b7b9-8c4ede7c6328 28f93bbf223f413ab3132b66cc002f38 101c03246d944c349f23e09bc5827c04 - - default default] Successfully bumped revision number for resource e66237b0-4f59-4b51-b72f-5d3f66de2e02 (type: security_group_rules) to 0 [pid: 7|app: 0|req: 971/1858] 10.0.0.187 () {32 vars in 774 bytes} [Fri Jun 12 08:45:36 2026] GET /v2.0/security-groups?tenant_id=19939bdecd5740f0954130bf06548833&name=default => generated 2925 bytes in 409 msecs (HTTP/1.1 200) 4 headers in 158 bytes (1 switches on core 0) [pid: 7|app: 0|req: 972/1859] 10.0.0.187 () {32 vars in 774 bytes} [Fri Jun 12 08:45:37 2026] GET /v2.0/security-groups?tenant_id=95590ecc3eee4bbb9e4c63d7f64e261c&name=default => generated 2925 bytes in 28 msecs (HTTP/1.1 200) 4 headers in 158 bytes (1 switches on core 0) [pid: 7|app: 0|req: 973/1860] 10.0.0.187 () {32 vars in 740 bytes} [Fri Jun 12 08:45:37 2026] DELETE /v2.0/security-groups/a991ef3e-49f6-4596-818c-eb865a23ae0f => generated 0 bytes in 196 msecs (HTTP/1.1 204) 2 headers in 112 bytes (1 switches on core 0) [pid: 8|app: 0|req: 888/1861] 10.0.0.187 () {32 vars in 724 bytes} [Fri Jun 12 08:45:36 2026] DELETE /v2.0/routers/f1a61e70-c760-4c3e-a1d9-6cfddbc2dc62 => generated 0 bytes in 659 msecs (HTTP/1.1 204) 2 headers in 112 bytes (1 switches on core 0) [pid: 7|app: 0|req: 974/1862] 10.0.0.187 () {32 vars in 740 bytes} [Fri Jun 12 08:45:37 2026] DELETE /v2.0/security-groups/c5eea487-7fe8-4129-bdda-cf99679687c3 => generated 0 bytes in 220 msecs (HTTP/1.1 204) 2 headers in 112 bytes (1 switches on core 0) [pid: 8|app: 0|req: 889/1863] 10.0.0.187 () {32 vars in 724 bytes} [Fri Jun 12 08:45:37 2026] DELETE /v2.0/subnets/9fbef08c-c095-4c2d-b868-bd585792daf8 => generated 0 bytes in 180 msecs (HTTP/1.1 204) 3 headers in 131 bytes (1 switches on core 0)
2026-06-12 08:45:37.787 7 INFO neutron_taas.services.taas.taas_plugin [None req-b77dea6f-9ee5-4d71-ba65-81177d9d8cb8 ae3a61bde30b43de8198e8db32c313c2 00d3497cddc04c71a5bcb58bd0b9ddf0 - - default default] TaaS: Handle Delete Port: 890fbd6d-a955-4c77-99a6-f61006ac1d57
2026-06-12 08:45:37.791 7 INFO neutron_taas.services.taas.tap_mirror_plugin [None req-b77dea6f-9ee5-4d71-ba65-81177d9d8cb8 ae3a61bde30b43de8198e8db32c313c2 00d3497cddc04c71a5bcb58bd0b9ddf0 - - default default] Tap Mirror: Handle Delete Port: 890fbd6d-a955-4c77-99a6-f61006ac1d57 [pid: 7|app: 0|req: 975/1864] 10.0.0.187 () {32 vars in 726 bytes} [Fri Jun 12 08:45:37 2026] DELETE /v2.0/networks/f36f8202-9d28-40f3-b077-6dda0339adf6 => generated 0 bytes in 364 msecs (HTTP/1.1 204) 3 headers in 131 bytes (1 switches on core 0)
2026-06-12 08:45:38.284 7 INFO neutron.services.segments.plugin [-] Segment 05ddb37c-911d-4426-81ed-2b7455daaaf3 resource provider aggregate not found
2026-06-12 08:45:38.289 7 INFO neutron.services.segments.plugin [-] Segment 05ddb37c-911d-4426-81ed-2b7455daaaf3 resource provider aggregate not found
2026-06-12 08:45:38.302 7 INFO neutron.services.segments.plugin [-] Segment 05ddb37c-911d-4426-81ed-2b7455daaaf3 resource provider not found; error: Placement Client Error (4xx): {"errors": [{"status": 404, "title": "Not Found", "detail": "The resource could not be found.\n\n No resource provider with uuid 05ddb37c-911d-4426-81ed-2b7455daaaf3 found for delete ", "request_id": "req-63dc742b-888a-4b07-a540-11d0b171a63a"}]}
2026-06-12 08:45:38.307 7 INFO neutron.services.segments.plugin [-] Segment 05ddb37c-911d-4426-81ed-2b7455daaaf3 resource provider not found; error: Placement Client Error (4xx): {"errors": [{"status": 404, "title": "Not Found", "detail": "The resource could not be found.\n\n No resource provider with uuid 05ddb37c-911d-4426-81ed-2b7455daaaf3 found for delete ", "request_id": "req-ac0e4bba-8cb4-429f-abd0-0fa931cea5cf"}]}
2026-06-12 08:45:38.466 8 WARNING neutron.scheduler.dhcp_agent_scheduler [None req-f63ef12f-8a03-4c37-9366-b0314c303876 ae3a61bde30b43de8198e8db32c313c2 00d3497cddc04c71a5bcb58bd0b9ddf0 - - default default] No more DHCP agents
2026-06-12 08:45:38.467 8 WARNING neutron.api.rpc.agentnotifiers.dhcp_rpc_agent_api [None req-f63ef12f-8a03-4c37-9366-b0314c303876 ae3a61bde30b43de8198e8db32c313c2 00d3497cddc04c71a5bcb58bd0b9ddf0 - - default default] Unable to schedule network 13c94be1-f7ec-4118-aee1-873ce4f00bec: no agents available; will retry on subsequent port and subnet creation events.
2026-06-12 08:45:38.605 8 INFO neutron.db.ovn_revision_numbers_db [None req-f63ef12f-8a03-4c37-9366-b0314c303876 ae3a61bde30b43de8198e8db32c313c2 00d3497cddc04c71a5bcb58bd0b9ddf0 - - default default] Successfully bumped revision number for resource 791726fc-7910-48cd-ae8d-11b356863440 (type: ports) to 1
2026-06-12 08:45:39.298 8 INFO neutron.plugins.ml2.drivers.ovn.mech_driver.ovsdb.commands [None req-51502e37-8cd4-4f0d-b17d-52efb9877f8e - - - - - -] Schedule LRP lrp-791726fc-7910-48cd-ae8d-11b356863440 on gateway 3f7c8c15-eec4-4e55-a8ec-842a417e0308 with priority 1
2026-06-12 08:45:39.358 8 INFO neutron.db.ovn_revision_numbers_db [None req-f63ef12f-8a03-4c37-9366-b0314c303876 ae3a61bde30b43de8198e8db32c313c2 00d3497cddc04c71a5bcb58bd0b9ddf0 - - default default] Successfully bumped revision number for resource 791726fc-7910-48cd-ae8d-11b356863440 (type: router_ports) to 1
2026-06-12 08:45:39.451 8 INFO neutron.db.ovn_revision_numbers_db [None req-f63ef12f-8a03-4c37-9366-b0314c303876 ae3a61bde30b43de8198e8db32c313c2 00d3497cddc04c71a5bcb58bd0b9ddf0 - - default default] Successfully bumped revision number for resource 0c79129c-31a0-4a59-befd-3e0f61c91f49 (type: routers) to 2 [pid: 8|app: 0|req: 890/1865] 10.0.0.187 () {34 vars in 669 bytes} [Fri Jun 12 08:45:38 2026] POST /v2.0/routers => generated 947 bytes in 1443 msecs (HTTP/1.1 201) 4 headers in 162 bytes (1 switches on core 0) [pid: 7|app: 0|req: 976/1866] 10.0.0.187 () {32 vars in 721 bytes} [Fri Jun 12 08:45:39 2026] GET /v2.0/routers/0c79129c-31a0-4a59-befd-3e0f61c91f49 => generated 953 bytes in 89 msecs (HTTP/1.1 200) 4 headers in 157 bytes (1 switches on core 0) [pid: 8|app: 0|req: 891/1867] 10.0.0.187 () {32 vars in 647 bytes} [Fri Jun 12 08:45:39 2026] GET /v2.0/routers => generated 956 bytes in 71 msecs (HTTP/1.1 200) 4 headers in 157 bytes (1 switches on core 0)
2026-06-12 08:45:40.162 7 INFO neutron.db.ovn_revision_numbers_db [None req-6057a1b5-09d5-4b7d-90e3-10cabf87608c ae3a61bde30b43de8198e8db32c313c2 00d3497cddc04c71a5bcb58bd0b9ddf0 - - default default] Successfully bumped revision number for resource 0c79129c-31a0-4a59-befd-3e0f61c91f49 (type: routers) to 3 [pid: 7|app: 0|req: 977/1868] 10.0.0.187 () {34 vars in 741 bytes} [Fri Jun 12 08:45:39 2026] PUT /v2.0/routers/0c79129c-31a0-4a59-befd-3e0f61c91f49 => generated 960 bytes in 505 msecs (HTTP/1.1 200) 4 headers in 157 bytes (1 switches on core 0) [pid: 8|app: 0|req: 892/1869] 10.0.0.187 () {32 vars in 721 bytes} [Fri Jun 12 08:45:40 2026] GET /v2.0/routers/0c79129c-31a0-4a59-befd-3e0f61c91f49 => generated 960 bytes in 67 msecs (HTTP/1.1 200) 4 headers in 157 bytes (1 switches on core 0) [pid: 7|app: 0|req: 978/1870] 10.0.0.187 () {32 vars in 736 bytes} [Fri Jun 12 08:45:40 2026] GET /v2.0/ports?device_id=0c79129c-31a0-4a59-befd-3e0f61c91f49 => generated 12 bytes in 21 msecs (HTTP/1.1 200) 4 headers in 156 bytes (1 switches on core 0)
2026-06-12 08:45:40.615 8 INFO neutron_taas.services.taas.taas_plugin [None req-edc73f5b-7ed7-4e5b-981f-812f2b404998 ae3a61bde30b43de8198e8db32c313c2 00d3497cddc04c71a5bcb58bd0b9ddf0 - - default default] TaaS: Handle Delete Port: 791726fc-7910-48cd-ae8d-11b356863440
2026-06-12 08:45:40.618 8 INFO neutron_taas.services.taas.tap_mirror_plugin [None req-edc73f5b-7ed7-4e5b-981f-812f2b404998 ae3a61bde30b43de8198e8db32c313c2 00d3497cddc04c71a5bcb58bd0b9ddf0 - - default default] Tap Mirror: Handle Delete Port: 791726fc-7910-48cd-ae8d-11b356863440 [pid: 8|app: 0|req: 893/1871] 10.0.0.187 () {32 vars in 724 bytes} [Fri Jun 12 08:45:40 2026] DELETE /v2.0/routers/0c79129c-31a0-4a59-befd-3e0f61c91f49 => generated 0 bytes in 800 msecs (HTTP/1.1 204) 2 headers in 112 bytes (1 switches on core 0) [pid: 8|app: 0|req: 894/1872] 10.0.0.187 () {32 vars in 736 bytes} [Fri Jun 12 08:45:41 2026] GET /v2.0/ports?device_id=0c79129c-31a0-4a59-befd-3e0f61c91f49 => generated 12 bytes in 27 msecs (HTTP/1.1 200) 4 headers in 156 bytes (1 switches on core 0)
2026-06-12 08:45:41.145 8 INFO neutron.api.v2.resource [None req-3eac8e88-bb67-4924-be9c-2cf0df4be001 ae3a61bde30b43de8198e8db32c313c2 00d3497cddc04c71a5bcb58bd0b9ddf0 - - default default] delete failed (client error): The resource could not be found. [pid: 8|app: 0|req: 895/1873] 10.0.0.187 () {32 vars in 724 bytes} [Fri Jun 12 08:45:41 2026] DELETE /v2.0/routers/0c79129c-31a0-4a59-befd-3e0f61c91f49 => generated 135 bytes in 22 msecs (HTTP/1.1 404) 4 headers in 164 bytes (1 switches on core 0)
2026-06-12 08:45:41.317 7 INFO neutron.db.ovn_revision_numbers_db [None req-dc981bd1-2fc8-41e4-8523-bc027b8d22cd ef7e5365551d47dcb0390c1bb1b32163 bb0dee1045c2471eb99d39234425460e - - default default] Successfully bumped revision number for resource fe8d68ba-83d3-44ac-96fc-e7ca4149e7e0 (type: security_groups) to 1
2026-06-12 08:45:41.333 7 INFO neutron.db.ovn_revision_numbers_db [None req-dc981bd1-2fc8-41e4-8523-bc027b8d22cd ef7e5365551d47dcb0390c1bb1b32163 bb0dee1045c2471eb99d39234425460e - - default default] Successfully bumped revision number for resource 1019bdb8-6bfa-435f-a78e-102b8cadf431 (type: security_group_rules) to 0
2026-06-12 08:45:41.337 8 INFO neutron.db.ovn_revision_numbers_db [None req-9ae7eb8a-bdb9-4d51-ad71-0357edf33359 28f93bbf223f413ab3132b66cc002f38 101c03246d944c349f23e09bc5827c04 - - default default] Successfully bumped revision number for resource 90a015ea-470e-443f-84d6-15e63c02873d (type: security_groups) to 1
2026-06-12 08:45:41.346 7 INFO neutron.db.ovn_revision_numbers_db [None req-dc981bd1-2fc8-41e4-8523-bc027b8d22cd ef7e5365551d47dcb0390c1bb1b32163 bb0dee1045c2471eb99d39234425460e - - default default] Successfully bumped revision number for resource 6a69ef79-9457-4899-99b4-58c87cb9ad64 (type: security_group_rules) to 0
2026-06-12 08:45:41.348 8 INFO neutron.db.ovn_revision_numbers_db [None req-9ae7eb8a-bdb9-4d51-ad71-0357edf33359 28f93bbf223f413ab3132b66cc002f38 101c03246d944c349f23e09bc5827c04 - - default default] Successfully bumped revision number for resource 39422e7b-e50f-4355-b1f8-262da2fcf1ba (type: security_group_rules) to 0
2026-06-12 08:45:41.358 7 INFO neutron.db.ovn_revision_numbers_db [None req-dc981bd1-2fc8-41e4-8523-bc027b8d22cd ef7e5365551d47dcb0390c1bb1b32163 bb0dee1045c2471eb99d39234425460e - - default default] Successfully bumped revision number for resource 90696156-f6e9-4a94-9ac9-3a0c5acfde5f (type: security_group_rules) to 0
2026-06-12 08:45:41.360 8 INFO neutron.db.ovn_revision_numbers_db [None req-9ae7eb8a-bdb9-4d51-ad71-0357edf33359 28f93bbf223f413ab3132b66cc002f38 101c03246d944c349f23e09bc5827c04 - - default default] Successfully bumped revision number for resource 8819ae8f-9c27-4153-8bf6-c53b123dbee6 (type: security_group_rules) to 0
2026-06-12 08:45:41.371 7 INFO neutron.db.ovn_revision_numbers_db [None req-dc981bd1-2fc8-41e4-8523-bc027b8d22cd ef7e5365551d47dcb0390c1bb1b32163 bb0dee1045c2471eb99d39234425460e - - default default] Successfully bumped revision number for resource a62c2b67-92e2-46b8-bb98-8eac8adc1a74 (type: security_group_rules) to 0
2026-06-12 08:45:41.374 8 INFO neutron.db.ovn_revision_numbers_db [None req-9ae7eb8a-bdb9-4d51-ad71-0357edf33359 28f93bbf223f413ab3132b66cc002f38 101c03246d944c349f23e09bc5827c04 - - default default] Successfully bumped revision number for resource a580d3e1-c8a2-48a7-b4a8-2b76c2b55da5 (type: security_group_rules) to 0
2026-06-12 08:45:41.386 8 INFO neutron.db.ovn_revision_numbers_db [None req-9ae7eb8a-bdb9-4d51-ad71-0357edf33359 28f93bbf223f413ab3132b66cc002f38 101c03246d944c349f23e09bc5827c04 - - default default] Successfully bumped revision number for resource d5934a91-d11b-42de-aa7f-356ad8c5745d (type: security_group_rules) to 0 [pid: 8|app: 0|req: 896/1874] 10.0.0.187 () {32 vars in 774 bytes} [Fri Jun 12 08:45:41 2026] GET /v2.0/security-groups?tenant_id=4baf3529417445d29289bc287a5a5bec&name=default => generated 2925 bytes in 280 msecs (HTTP/1.1 200) 4 headers in 158 bytes (1 switches on core 0) [pid: 8|app: 0|req: 897/1875] 10.0.0.187 () {32 vars in 736 bytes} [Fri Jun 12 08:45:41 2026] GET /v2.0/ports?device_id=f1a61e70-c760-4c3e-a1d9-6cfddbc2dc62 => generated 12 bytes in 20 msecs (HTTP/1.1 200) 4 headers in 156 bytes (1 switches on core 0)
2026-06-12 08:45:41.462 7 INFO neutron.db.segments_db [None req-dc981bd1-2fc8-41e4-8523-bc027b8d22cd ef7e5365551d47dcb0390c1bb1b32163 bb0dee1045c2471eb99d39234425460e - - default default] Added segment af2aeb41-d876-44ca-b4b2-79268fc1cb01 of type geneve for network 04115b66-ddb7-40bd-93b6-eb59f6d1874a
2026-06-12 08:45:41.571 7 WARNING neutron.plugins.ml2.drivers.ovn.mech_driver.ovsdb.ovn_client [None req-ed011fcb-6949-4d52-adf5-3647e9dc5f8e - - - - - -] No port found with ID 3d9505ba-65c1-4182-80e5-e38441373a62: RuntimeError: No port found with ID 3d9505ba-65c1-4182-80e5-e38441373a62
2026-06-12 08:45:41.634 7 INFO neutron.plugins.ml2.drivers.ovn.mech_driver.mech_driver [None req-ed011fcb-6949-4d52-adf5-3647e9dc5f8e - - - - - -] OVN reports status down for port: 791726fc-7910-48cd-ae8d-11b356863440
2026-06-12 08:45:41.649 8 INFO neutron.db.ovn_revision_numbers_db [None req-c6e1d89c-3de1-471d-8008-8ece06a17d4b 28f93bbf223f413ab3132b66cc002f38 101c03246d944c349f23e09bc5827c04 - - default default] Successfully bumped revision number for resource 1da01865-ba8e-4efb-96c1-42068696f688 (type: security_groups) to 1
2026-06-12 08:45:41.650 7 INFO neutron.db.ovn_revision_numbers_db [None req-dc981bd1-2fc8-41e4-8523-bc027b8d22cd ef7e5365551d47dcb0390c1bb1b32163 bb0dee1045c2471eb99d39234425460e - - default default] Successfully bumped revision number for resource 04115b66-ddb7-40bd-93b6-eb59f6d1874a (type: networks) to 1
2026-06-12 08:45:41.656 7 INFO neutron.plugins.ml2.drivers.ovn.mech_driver.mech_driver [None req-ed011fcb-6949-4d52-adf5-3647e9dc5f8e - - - - - -] OVN reports status up for port: 791726fc-7910-48cd-ae8d-11b356863440
2026-06-12 08:45:41.660 8 INFO neutron.db.ovn_revision_numbers_db [None req-c6e1d89c-3de1-471d-8008-8ece06a17d4b 28f93bbf223f413ab3132b66cc002f38 101c03246d944c349f23e09bc5827c04 - - default default] Successfully bumped revision number for resource 07f4b557-7e34-42e0-8d57-53d5885e416e (type: security_group_rules) to 0
2026-06-12 08:45:41.672 8 INFO neutron.db.ovn_revision_numbers_db [None req-c6e1d89c-3de1-471d-8008-8ece06a17d4b 28f93bbf223f413ab3132b66cc002f38 101c03246d944c349f23e09bc5827c04 - - default default] Successfully bumped revision number for resource 6b8b995e-e3f5-4abd-8b2b-6d1eca6eafd3 (type: security_group_rules) to 0
2026-06-12 08:45:41.685 8 INFO neutron.db.ovn_revision_numbers_db [None req-c6e1d89c-3de1-471d-8008-8ece06a17d4b 28f93bbf223f413ab3132b66cc002f38 101c03246d944c349f23e09bc5827c04 - - default default] Successfully bumped revision number for resource 9b62d097-f1de-483c-ae31-899ae6266db9 (type: security_group_rules) to 0
2026-06-12 08:45:41.699 8 INFO neutron.db.ovn_revision_numbers_db [None req-c6e1d89c-3de1-471d-8008-8ece06a17d4b 28f93bbf223f413ab3132b66cc002f38 101c03246d944c349f23e09bc5827c04 - - default default] Successfully bumped revision number for resource e64e83ef-d7c2-484a-92f2-7fdec00bb1ff (type: security_group_rules) to 0 [pid: 8|app: 0|req: 898/1876] 10.0.0.187 () {32 vars in 774 bytes} [Fri Jun 12 08:45:41 2026] GET /v2.0/security-groups?tenant_id=7a511b347bac47b2a31d4544c970173a&name=default => generated 2925 bytes in 274 msecs (HTTP/1.1 200) 4 headers in 158 bytes (1 switches on core 0)
2026-06-12 08:45:41.876 7 WARNING neutron.scheduler.dhcp_agent_scheduler [None req-dc981bd1-2fc8-41e4-8523-bc027b8d22cd ef7e5365551d47dcb0390c1bb1b32163 bb0dee1045c2471eb99d39234425460e - - default default] No more DHCP agents
2026-06-12 08:45:41.879 7 WARNING neutron.api.rpc.agentnotifiers.dhcp_rpc_agent_api [None req-dc981bd1-2fc8-41e4-8523-bc027b8d22cd ef7e5365551d47dcb0390c1bb1b32163 bb0dee1045c2471eb99d39234425460e - - default default] Unable to schedule network 04115b66-ddb7-40bd-93b6-eb59f6d1874a: no agents available; will retry on subsequent port and subnet creation events.
2026-06-12 08:45:41.939 8 INFO neutron.plugins.ml2.drivers.ovn.mech_driver.mech_driver [None req-a6816e38-2917-4c0f-b3a4-b0152d8afd22 - - - - - -] OVN reports status down for port: 53a1e94d-f53b-45d6-b75a-31adbad90129
2026-06-12 08:45:41.966 7 INFO neutron.db.ovn_revision_numbers_db [None req-dc981bd1-2fc8-41e4-8523-bc027b8d22cd ef7e5365551d47dcb0390c1bb1b32163 bb0dee1045c2471eb99d39234425460e - - default default] Successfully bumped revision number for resource 53a1e94d-f53b-45d6-b75a-31adbad90129 (type: ports) to 1 [pid: 7|app: 0|req: 979/1877] 10.0.0.187 () {34 vars in 670 bytes} [Fri Jun 12 08:45:41 2026] POST /v2.0/networks => generated 651 bytes in 925 msecs (HTTP/1.1 201) 4 headers in 162 bytes (1 switches on core 0) [pid: 8|app: 0|req: 899/1878] 10.0.0.187 () {32 vars in 740 bytes} [Fri Jun 12 08:45:41 2026] DELETE /v2.0/security-groups/90a015ea-470e-443f-84d6-15e63c02873d => generated 0 bytes in 258 msecs (HTTP/1.1 204) 2 headers in 112 bytes (1 switches on core 0)
2026-06-12 08:45:42.013 7 INFO neutron.api.v2.resource [None req-75e6237e-771b-4259-918c-d3d66227fa2e ae3a61bde30b43de8198e8db32c313c2 00d3497cddc04c71a5bcb58bd0b9ddf0 - - default default] delete failed (client error): The resource could not be found. [pid: 7|app: 0|req: 980/1879] 10.0.0.187 () {32 vars in 724 bytes} [Fri Jun 12 08:45:41 2026] DELETE /v2.0/routers/f1a61e70-c760-4c3e-a1d9-6cfddbc2dc62 => generated 135 bytes in 27 msecs (HTTP/1.1 404) 4 headers in 164 bytes (1 switches on core 0)
2026-06-12 08:45:42.188 7 WARNING neutron.scheduler.dhcp_agent_scheduler [None req-260ea2b9-add6-4d0f-9cd4-3cedcb7bd834 ef7e5365551d47dcb0390c1bb1b32163 bb0dee1045c2471eb99d39234425460e - - default default] No more DHCP agents
2026-06-12 08:45:42.191 7 WARNING neutron.api.rpc.agentnotifiers.dhcp_rpc_agent_api [None req-260ea2b9-add6-4d0f-9cd4-3cedcb7bd834 ef7e5365551d47dcb0390c1bb1b32163 bb0dee1045c2471eb99d39234425460e - - default default] Unable to schedule network 04115b66-ddb7-40bd-93b6-eb59f6d1874a: no agents available; will retry on subsequent port and subnet creation events. [pid: 8|app: 0|req: 900/1880] 10.0.0.187 () {32 vars in 740 bytes} [Fri Jun 12 08:45:41 2026] DELETE /v2.0/security-groups/1da01865-ba8e-4efb-96c1-42068696f688 => generated 0 bytes in 250 msecs (HTTP/1.1 204) 2 headers in 112 bytes (1 switches on core 0)
2026-06-12 08:45:42.256 8 INFO neutron.plugins.ml2.drivers.ovn.mech_driver.mech_driver [None req-a6816e38-2917-4c0f-b3a4-b0152d8afd22 - - - - - -] OVN reports status down for port: e553474b-21af-42d7-90a7-98150b56e6c6
2026-06-12 08:45:42.270 8 INFO neutron.pecan_wsgi.hooks.translation [None req-83c75894-75a1-4ccb-9cc7-125a55777974 ae3a61bde30b43de8198e8db32c313c2 00d3497cddc04c71a5bcb58bd0b9ddf0 - - default default] DELETE failed (client error): The resource could not be found. [pid: 8|app: 0|req: 901/1881] 10.0.0.187 () {32 vars in 724 bytes} [Fri Jun 12 08:45:42 2026] DELETE /v2.0/subnets/9fbef08c-c095-4c2d-b868-bd585792daf8 => generated 136 bytes in 37 msecs (HTTP/1.1 404) 4 headers in 164 bytes (1 switches on core 0)
2026-06-12 08:45:42.282 7 INFO neutron.db.ovn_revision_numbers_db [None req-260ea2b9-add6-4d0f-9cd4-3cedcb7bd834 ef7e5365551d47dcb0390c1bb1b32163 bb0dee1045c2471eb99d39234425460e - - default default] Successfully bumped revision number for resource e553474b-21af-42d7-90a7-98150b56e6c6 (type: ports) to 1 [pid: 7|app: 0|req: 981/1882] 10.0.0.187 () {34 vars in 664 bytes} [Fri Jun 12 08:45:42 2026] POST /v2.0/ports => generated 743 bytes in 313 msecs (HTTP/1.1 201) 4 headers in 162 bytes (1 switches on core 0) /var/lib/openstack/lib/python3.12/site-packages/pycadf/identifier.py:70: UserWarning: Invalid uuid: neutron. To ensure interoperability, identifiers should be a valid uuid. warnings.warn(('Invalid uuid: %s. To ensure interoperability, ' [pid: 7|app: 0|req: 982/1883] 10.0.0.187 () {32 vars in 736 bytes} [Fri Jun 12 08:45:42 2026] GET /v2.0/ports?device_id=149d0dca-1bbc-402a-82ec-c3c72f496435 => generated 12 bytes in 19 msecs (HTTP/1.1 200) 4 headers in 156 bytes (1 switches on core 0)
2026-06-12 08:45:42.466 8 INFO neutron.db.ovn_revision_numbers_db [None req-1be8159b-553a-40c3-aaae-c314a3e084cf 28f93bbf223f413ab3132b66cc002f38 101c03246d944c349f23e09bc5827c04 - - default default] Successfully bumped revision number for resource 3100da9d-a753-4d9c-8c94-79f4dc361d40 (type: security_groups) to 1
2026-06-12 08:45:42.478 8 INFO neutron.db.ovn_revision_numbers_db [None req-1be8159b-553a-40c3-aaae-c314a3e084cf 28f93bbf223f413ab3132b66cc002f38 101c03246d944c349f23e09bc5827c04 - - default default] Successfully bumped revision number for resource 1db1fb4b-2e96-4e4f-aa4c-dc2cd670452f (type: security_group_rules) to 0
2026-06-12 08:45:42.488 8 INFO neutron.db.ovn_revision_numbers_db [None req-1be8159b-553a-40c3-aaae-c314a3e084cf 28f93bbf223f413ab3132b66cc002f38 101c03246d944c349f23e09bc5827c04 - - default default] Successfully bumped revision number for resource 569c11d7-fef6-4b2b-85d6-72206d3c0178 (type: security_group_rules) to 0
2026-06-12 08:45:42.500 8 INFO neutron.db.ovn_revision_numbers_db [None req-1be8159b-553a-40c3-aaae-c314a3e084cf 28f93bbf223f413ab3132b66cc002f38 101c03246d944c349f23e09bc5827c04 - - default default] Successfully bumped revision number for resource bf49e167-e989-45a7-8ddd-580442741008 (type: security_group_rules) to 0
2026-06-12 08:45:42.511 8 INFO neutron.db.ovn_revision_numbers_db [None req-1be8159b-553a-40c3-aaae-c314a3e084cf 28f93bbf223f413ab3132b66cc002f38 101c03246d944c349f23e09bc5827c04 - - default default] Successfully bumped revision number for resource ee792d2a-cb82-4326-b8ea-17adb4e8c076 (type: security_group_rules) to 0 [pid: 8|app: 0|req: 902/1884] 10.0.0.187 () {32 vars in 774 bytes} [Fri Jun 12 08:45:42 2026] GET /v2.0/security-groups?tenant_id=3f921c3038c945af9da17c76a3ce27af&name=default => generated 2925 bytes in 275 msecs (HTTP/1.1 200) 4 headers in 158 bytes (1 switches on core 0)
2026-06-12 08:45:42.567 8 INFO neutron.api.v2.resource [None req-5fbd539f-2d5f-4427-b82b-599ed22ca4b8 ae3a61bde30b43de8198e8db32c313c2 00d3497cddc04c71a5bcb58bd0b9ddf0 - - default default] delete failed (client error): The resource could not be found. [pid: 8|app: 0|req: 903/1885] 10.0.0.187 () {32 vars in 724 bytes} [Fri Jun 12 08:45:42 2026] DELETE /v2.0/routers/149d0dca-1bbc-402a-82ec-c3c72f496435 => generated 135 bytes in 15 msecs (HTTP/1.1 404) 4 headers in 164 bytes (1 switches on core 0) [pid: 7|app: 0|req: 983/1886] 10.0.0.187 () {34 vars in 666 bytes} [Fri Jun 12 08:45:42 2026] POST /v2.0/trunks => generated 409 bytes in 225 msecs (HTTP/1.1 201) 4 headers in 162 bytes (1 switches on core 0)
2026-06-12 08:45:42.709 8 INFO neutron.db.ovn_revision_numbers_db [None req-2fafa53e-6d7a-4be7-9e05-5dddf07d238e 28f93bbf223f413ab3132b66cc002f38 101c03246d944c349f23e09bc5827c04 - - default default] Successfully bumped revision number for resource fc35fae1-32ae-4167-b0f6-0d0992cb7ab2 (type: security_groups) to 1
2026-06-12 08:45:42.726 8 INFO neutron.db.ovn_revision_numbers_db [None req-2fafa53e-6d7a-4be7-9e05-5dddf07d238e 28f93bbf223f413ab3132b66cc002f38 101c03246d944c349f23e09bc5827c04 - - default default] Successfully bumped revision number for resource 3f64b959-7084-4a9f-830f-5005cc2cfce0 (type: security_group_rules) to 0
2026-06-12 08:45:42.746 8 INFO neutron.db.ovn_revision_numbers_db [None req-2fafa53e-6d7a-4be7-9e05-5dddf07d238e 28f93bbf223f413ab3132b66cc002f38 101c03246d944c349f23e09bc5827c04 - - default default] Successfully bumped revision number for resource 60f8beca-a661-4c84-9bcc-9edb351b6c03 (type: security_group_rules) to 0
2026-06-12 08:45:42.761 8 INFO neutron.db.ovn_revision_numbers_db [None req-2fafa53e-6d7a-4be7-9e05-5dddf07d238e 28f93bbf223f413ab3132b66cc002f38 101c03246d944c349f23e09bc5827c04 - - default default] Successfully bumped revision number for resource 7e261498-53d9-400c-9790-b80f355bc9b3 (type: security_group_rules) to 0
2026-06-12 08:45:42.777 8 INFO neutron.db.ovn_revision_numbers_db [None req-2fafa53e-6d7a-4be7-9e05-5dddf07d238e 28f93bbf223f413ab3132b66cc002f38 101c03246d944c349f23e09bc5827c04 - - default default] Successfully bumped revision number for resource ed966900-4cc7-41a8-9075-b22c1e759c77 (type: security_group_rules) to 0 [pid: 7|app: 0|req: 984/1887] 10.0.0.187 () {32 vars in 740 bytes} [Fri Jun 12 08:45:42 2026] DELETE /v2.0/security-groups/3100da9d-a753-4d9c-8c94-79f4dc361d40 => generated 0 bytes in 246 msecs (HTTP/1.1 204) 2 headers in 112 bytes (1 switches on core 0) [pid: 8|app: 0|req: 904/1888] 10.0.0.187 () {32 vars in 774 bytes} [Fri Jun 12 08:45:42 2026] GET /v2.0/security-groups?tenant_id=c32200bf7c564a06bb4bb332c6930843&name=default => generated 2925 bytes in 259 msecs (HTTP/1.1 200) 4 headers in 158 bytes (1 switches on core 0)
