2026-06-12 08:47:02.904 8 INFO placement.requestlog [None req-f9843673-534f-447b-97fa-733d7f18b0dd c4e489d04dd94b9e858925af6d3bbbaa 07a6677af8024bb2b0c4dd6c361ad08e - - 480e8a3e964a456c802b0cba11b3723b 480e8a3e964a456c802b0cba11b3723b] 10.0.0.173 "GET /resource_providers/be636313-286a-473f-b112-1d1727d59735/aggregates" status: 404 len: 235 microversion: 1.1 [pid: 8|app: 0|req: 527/1054] 10.0.0.173 () {32 vars in 815 bytes} [Fri Jun 12 08:47:02 2026] GET /resource_providers/be636313-286a-473f-b112-1d1727d59735/aggregates => generated 235 bytes in 9 msecs (HTTP/1.1 404) 5 headers in 202 bytes (1 switches on core 0)
2026-06-12 08:47:02.924 8 INFO placement.requestlog [None req-99798501-5a59-4f8c-8721-91454246234d c4e489d04dd94b9e858925af6d3bbbaa 07a6677af8024bb2b0c4dd6c361ad08e - - 480e8a3e964a456c802b0cba11b3723b 480e8a3e964a456c802b0cba11b3723b] 10.0.0.173 "GET /resource_providers/be636313-286a-473f-b112-1d1727d59735/aggregates" status: 404 len: 235 microversion: 1.1 [pid: 8|app: 0|req: 528/1055] 10.0.0.173 () {32 vars in 815 bytes} [Fri Jun 12 08:47:02 2026] GET /resource_providers/be636313-286a-473f-b112-1d1727d59735/aggregates => generated 235 bytes in 8 msecs (HTTP/1.1 404) 5 headers in 202 bytes (1 switches on core 0)
2026-06-12 08:47:02.926 7 INFO placement.requestlog [None req-40d32f97-607f-4546-9550-19dfbda82c8c c4e489d04dd94b9e858925af6d3bbbaa 07a6677af8024bb2b0c4dd6c361ad08e - - 480e8a3e964a456c802b0cba11b3723b 480e8a3e964a456c802b0cba11b3723b] 10.0.0.173 "DELETE /resource_providers/be636313-286a-473f-b112-1d1727d59735" status: 404 len: 246 microversion: 1.1 [pid: 7|app: 0|req: 528/1056] 10.0.0.173 () {34 vars in 815 bytes} [Fri Jun 12 08:47:02 2026] DELETE /resource_providers/be636313-286a-473f-b112-1d1727d59735 => generated 246 bytes in 12 msecs (HTTP/1.1 404) 6 headers in 231 bytes (1 switches on core 0)
2026-06-12 08:47:02.940 8 INFO placement.requestlog [None req-fda3ac5a-f7c7-4f8c-9841-04ca113b1b22 c4e489d04dd94b9e858925af6d3bbbaa 07a6677af8024bb2b0c4dd6c361ad08e - - 480e8a3e964a456c802b0cba11b3723b 480e8a3e964a456c802b0cba11b3723b] 10.0.0.173 "DELETE /resource_providers/be636313-286a-473f-b112-1d1727d59735" status: 404 len: 246 microversion: 1.1
2026-06-12 08:47:02.940 7 INFO placement.requestlog [None req-df442493-007c-46e3-b182-bc630b361689 c4e489d04dd94b9e858925af6d3bbbaa 07a6677af8024bb2b0c4dd6c361ad08e - - 480e8a3e964a456c802b0cba11b3723b 480e8a3e964a456c802b0cba11b3723b] 10.0.0.173 "GET /resource_providers/20297347-b22a-4090-82bd-970b8a99350c/aggregates" status: 404 len: 235 microversion: 1.1 [pid: 7|app: 0|req: 529/1057] 10.0.0.173 () {32 vars in 815 bytes} [Fri Jun 12 08:47:02 2026] GET /resource_providers/20297347-b22a-4090-82bd-970b8a99350c/aggregates => generated 235 bytes in 7 msecs (HTTP/1.1 404) 5 headers in 202 bytes (1 switches on core 0) [pid: 8|app: 0|req: 529/1058] 10.0.0.173 () {34 vars in 815 bytes} [Fri Jun 12 08:47:02 2026] DELETE /resource_providers/be636313-286a-473f-b112-1d1727d59735 => generated 246 bytes in 7 msecs (HTTP/1.1 404) 6 headers in 231 bytes (1 switches on core 0)
2026-06-12 08:47:02.954 7 INFO placement.requestlog [None req-154f252a-5f7f-44e8-8fcd-12e5843f6d6b c4e489d04dd94b9e858925af6d3bbbaa 07a6677af8024bb2b0c4dd6c361ad08e - - 480e8a3e964a456c802b0cba11b3723b 480e8a3e964a456c802b0cba11b3723b] 10.0.0.173 "GET /resource_providers/20297347-b22a-4090-82bd-970b8a99350c/aggregates" status: 404 len: 235 microversion: 1.1 [pid: 7|app: 0|req: 530/1059] 10.0.0.173 () {32 vars in 815 bytes} [Fri Jun 12 08:47:02 2026] GET /resource_providers/20297347-b22a-4090-82bd-970b8a99350c/aggregates => generated 235 bytes in 7 msecs (HTTP/1.1 404) 5 headers in 202 bytes (1 switches on core 0)
2026-06-12 08:47:02.959 8 INFO placement.requestlog [None req-6c0cb5cd-bbaf-4c00-a6b7-08bbe6adfefd c4e489d04dd94b9e858925af6d3bbbaa 07a6677af8024bb2b0c4dd6c361ad08e - - 480e8a3e964a456c802b0cba11b3723b 480e8a3e964a456c802b0cba11b3723b] 10.0.0.173 "DELETE /resource_providers/20297347-b22a-4090-82bd-970b8a99350c" status: 404 len: 246 microversion: 1.1 [pid: 8|app: 0|req: 530/1060] 10.0.0.173 () {34 vars in 815 bytes} [Fri Jun 12 08:47:02 2026] DELETE /resource_providers/20297347-b22a-4090-82bd-970b8a99350c => generated 246 bytes in 10 msecs (HTTP/1.1 404) 6 headers in 231 bytes (1 switches on core 0)
2026-06-12 08:47:02.968 7 INFO placement.requestlog [None req-ef04b79e-3749-4a30-a6d3-1bfe7cdfbc5a c4e489d04dd94b9e858925af6d3bbbaa 07a6677af8024bb2b0c4dd6c361ad08e - - 480e8a3e964a456c802b0cba11b3723b 480e8a3e964a456c802b0cba11b3723b] 10.0.0.173 "DELETE /resource_providers/20297347-b22a-4090-82bd-970b8a99350c" status: 404 len: 246 microversion: 1.1 [pid: 7|app: 0|req: 531/1061] 10.0.0.173 () {34 vars in 815 bytes} [Fri Jun 12 08:47:02 2026] DELETE /resource_providers/20297347-b22a-4090-82bd-970b8a99350c => generated 246 bytes in 6 msecs (HTTP/1.1 404) 6 headers in 231 bytes (1 switches on core 0)
2026-06-12 08:47:04.933 8 INFO placement.requestlog [None req-f153b176-4a2e-44eb-9c69-334ba1b2f66d - - - - - -] 10.0.0.199 "GET /" status: 200 len: 136 microversion: 1.0
2026-06-12 08:47:04.934 7 INFO placement.requestlog [None req-b7b34bf6-8cff-49a6-b94e-dc1db14effea - - - - - -] 10.0.0.199 "GET /" status: 200 len: 136 microversion: 1.0
2026-06-12 08:47:10.760 8 INFO placement.requestlog [req-afc5128c-573c-4088-9dc4-b1142273b442 req-258fd14b-af7b-4d8c-9b4c-fa7727f955d2 17ebc9bd5e1341cbad1d546594b38348 07a6677af8024bb2b0c4dd6c361ad08e - - 480e8a3e964a456c802b0cba11b3723b 480e8a3e964a456c802b0cba11b3723b] 10.0.0.73 "GET /allocation_candidates?limit=1000&resources=DISK_GB%3A1%2CMEMORY_MB%3A512%2CVCPU%3A1&root_required=%21COMPUTE_STATUS_DISABLED" status: 200 len: 2783 microversion: 1.36 [pid: 8|app: 0|req: 532/1064] 10.0.0.73 () {34 vars in 1010 bytes} [Fri Jun 12 08:47:10 2026] GET /allocation_candidates?limit=1000&resources=DISK_GB%3A1%2CMEMORY_MB%3A512%2CVCPU%3A1&root_required=%21COMPUTE_STATUS_DISABLED => generated 2783 bytes in 74 msecs (HTTP/1.1 200) 8 headers in 297 bytes (1 switches on core 0)
2026-06-12 08:47:10.794 7 INFO placement.requestlog [req-afc5128c-573c-4088-9dc4-b1142273b442 req-e20716c0-c853-48ad-b720-fa9706d20d9e 17ebc9bd5e1341cbad1d546594b38348 07a6677af8024bb2b0c4dd6c361ad08e - - 480e8a3e964a456c802b0cba11b3723b 480e8a3e964a456c802b0cba11b3723b] 10.0.0.73 "GET /allocations/95aca928-c2b2-473a-8623-cbbc4c573152" status: 200 len: 19 microversion: 1.28 [pid: 7|app: 0|req: 533/1065] 10.0.0.73 () {34 vars in 859 bytes} [Fri Jun 12 08:47:10 2026] GET /allocations/95aca928-c2b2-473a-8623-cbbc4c573152 => generated 19 bytes in 9 msecs (HTTP/1.1 200) 8 headers in 295 bytes (1 switches on core 0)
2026-06-12 08:47:10.861 8 INFO placement.requestlog [req-afc5128c-573c-4088-9dc4-b1142273b442 req-db55e6c0-6dc5-4955-b273-8812eb886dda 17ebc9bd5e1341cbad1d546594b38348 07a6677af8024bb2b0c4dd6c361ad08e - - 480e8a3e964a456c802b0cba11b3723b 480e8a3e964a456c802b0cba11b3723b] 10.0.0.73 "PUT /allocations/95aca928-c2b2-473a-8623-cbbc4c573152" status: 204 len: 0 microversion: 1.36 [pid: 8|app: 0|req: 533/1066] 10.0.0.73 () {38 vars in 912 bytes} [Fri Jun 12 08:47:10 2026] PUT /allocations/95aca928-c2b2-473a-8623-cbbc4c573152 => generated 0 bytes in 60 msecs (HTTP/1.1 204) 5 headers in 199 bytes (1 switches on core 0)
2026-06-12 08:47:12.336 7 INFO placement.requestlog [req-afc5128c-573c-4088-9dc4-b1142273b442 req-007062d4-7fc3-4a03-8c9b-09130c743fd8 17ebc9bd5e1341cbad1d546594b38348 07a6677af8024bb2b0c4dd6c361ad08e - - 480e8a3e964a456c802b0cba11b3723b 480e8a3e964a456c802b0cba11b3723b] 199.204.45.246 "GET /allocations/95aca928-c2b2-473a-8623-cbbc4c573152" status: 200 len: 258 microversion: 1.28 [pid: 7|app: 0|req: 534/1067] 199.204.45.246 () {34 vars in 862 bytes} [Fri Jun 12 08:47:12 2026] GET /allocations/95aca928-c2b2-473a-8623-cbbc4c573152 => generated 258 bytes in 12 msecs (HTTP/1.1 200) 8 headers in 296 bytes (1 switches on core 0)
2026-06-12 08:47:13.384 8 INFO placement.requestlog [req-afc5128c-573c-4088-9dc4-b1142273b442 req-a72131ac-535d-4075-959d-69e9b6c28adc 17ebc9bd5e1341cbad1d546594b38348 07a6677af8024bb2b0c4dd6c361ad08e - - 480e8a3e964a456c802b0cba11b3723b 480e8a3e964a456c802b0cba11b3723b] 199.204.45.246 "GET /resource_providers/68a5288a-fc7e-4ece-ae82-6b9ef18c7a56/allocations" status: 200 len: 253 microversion: 1.0 [pid: 8|app: 0|req: 534/1068] 199.204.45.246 () {32 vars in 856 bytes} [Fri Jun 12 08:47:13 2026] GET /resource_providers/68a5288a-fc7e-4ece-ae82-6b9ef18c7a56/allocations => generated 253 bytes in 26 msecs (HTTP/1.1 200) 6 headers in 224 bytes (1 switches on core 0)
2026-06-12 08:47:13.403 7 INFO placement.requestlog [req-afc5128c-573c-4088-9dc4-b1142273b442 req-20a1da42-5910-463e-ac1a-55034a5d74e8 17ebc9bd5e1341cbad1d546594b38348 07a6677af8024bb2b0c4dd6c361ad08e - - 480e8a3e964a456c802b0cba11b3723b 480e8a3e964a456c802b0cba11b3723b] 199.204.45.246 "GET /allocations/95aca928-c2b2-473a-8623-cbbc4c573152" status: 200 len: 258 microversion: 1.28 [pid: 7|app: 0|req: 535/1069] 199.204.45.246 () {34 vars in 862 bytes} [Fri Jun 12 08:47:13 2026] GET /allocations/95aca928-c2b2-473a-8623-cbbc4c573152 => generated 258 bytes in 14 msecs (HTTP/1.1 200) 8 headers in 296 bytes (1 switches on core 0)
2026-06-12 08:47:13.423 8 INFO placement.requestlog [req-afc5128c-573c-4088-9dc4-b1142273b442 req-f82d0c2d-9f28-495b-9fdb-5b57f1696aae 17ebc9bd5e1341cbad1d546594b38348 07a6677af8024bb2b0c4dd6c361ad08e - - 480e8a3e964a456c802b0cba11b3723b 480e8a3e964a456c802b0cba11b3723b] 199.204.45.246 "GET /allocations/66c69d13-4256-4f0d-9e0c-4736ee1bcd81" status: 200 len: 258 microversion: 1.28 [pid: 8|app: 0|req: 535/1070] 199.204.45.246 () {34 vars in 862 bytes} [Fri Jun 12 08:47:13 2026] GET /allocations/66c69d13-4256-4f0d-9e0c-4736ee1bcd81 => generated 258 bytes in 17 msecs (HTTP/1.1 200) 8 headers in 296 bytes (1 switches on core 0)
2026-06-12 08:47:14.933 7 INFO placement.requestlog [None req-666e1459-db13-4565-8590-a5ea81c28419 - - - - - -] 10.0.0.199 "GET /" status: 200 len: 136 microversion: 1.0
2026-06-12 08:47:14.933 8 INFO placement.requestlog [None req-2f51fad0-dada-42c0-b088-b9e54e3f1724 - - - - - -] 10.0.0.199 "GET /" status: 200 len: 136 microversion: 1.0
2026-06-12 08:47:18.627 8 INFO placement.requestlog [None req-73002d04-cb15-4003-a717-6333ce69875a c4e489d04dd94b9e858925af6d3bbbaa 07a6677af8024bb2b0c4dd6c361ad08e - - 480e8a3e964a456c802b0cba11b3723b 480e8a3e964a456c802b0cba11b3723b] 10.0.0.173 "GET /resource_providers/67430aa7-257f-44c0-90c8-c60f2a523bfe/aggregates" status: 404 len: 235 microversion: 1.1 [pid: 8|app: 0|req: 537/1073] 10.0.0.173 () {32 vars in 815 bytes} [Fri Jun 12 08:47:18 2026] GET /resource_providers/67430aa7-257f-44c0-90c8-c60f2a523bfe/aggregates => generated 235 bytes in 9 msecs (HTTP/1.1 404) 5 headers in 202 bytes (1 switches on core 0)
2026-06-12 08:47:18.630 7 INFO placement.requestlog [None req-1423cae1-2730-40ab-acaf-b464d86b3238 c4e489d04dd94b9e858925af6d3bbbaa 07a6677af8024bb2b0c4dd6c361ad08e - - 480e8a3e964a456c802b0cba11b3723b 480e8a3e964a456c802b0cba11b3723b] 10.0.0.173 "GET /resource_providers/67430aa7-257f-44c0-90c8-c60f2a523bfe/aggregates" status: 404 len: 235 microversion: 1.1 [pid: 7|app: 0|req: 537/1074] 10.0.0.173 () {32 vars in 815 bytes} [Fri Jun 12 08:47:18 2026] GET /resource_providers/67430aa7-257f-44c0-90c8-c60f2a523bfe/aggregates => generated 235 bytes in 12 msecs (HTTP/1.1 404) 5 headers in 202 bytes (1 switches on core 0)
2026-06-12 08:47:18.655 7 INFO placement.requestlog [None req-355a4fcb-1fda-4a61-944c-4d4ac13e9794 c4e489d04dd94b9e858925af6d3bbbaa 07a6677af8024bb2b0c4dd6c361ad08e - - 480e8a3e964a456c802b0cba11b3723b 480e8a3e964a456c802b0cba11b3723b] 10.0.0.173 "DELETE /resource_providers/67430aa7-257f-44c0-90c8-c60f2a523bfe" status: 404 len: 246 microversion: 1.1 [pid: 7|app: 0|req: 538/1075] 10.0.0.173 () {34 vars in 815 bytes} [Fri Jun 12 08:47:18 2026] DELETE /resource_providers/67430aa7-257f-44c0-90c8-c60f2a523bfe => generated 246 bytes in 11 msecs (HTTP/1.1 404) 6 headers in 231 bytes (1 switches on core 0)
2026-06-12 08:47:18.664 8 INFO placement.requestlog [None req-7dc79808-1777-460d-a53b-67cdd33365c4 c4e489d04dd94b9e858925af6d3bbbaa 07a6677af8024bb2b0c4dd6c361ad08e - - 480e8a3e964a456c802b0cba11b3723b 480e8a3e964a456c802b0cba11b3723b] 10.0.0.173 "DELETE /resource_providers/67430aa7-257f-44c0-90c8-c60f2a523bfe" status: 404 len: 246 microversion: 1.1 [pid: 8|app: 0|req: 538/1076] 10.0.0.173 () {34 vars in 815 bytes} [Fri Jun 12 08:47:18 2026] DELETE /resource_providers/67430aa7-257f-44c0-90c8-c60f2a523bfe => generated 246 bytes in 21 msecs (HTTP/1.1 404) 6 headers in 231 bytes (1 switches on core 0)
2026-06-12 08:47:19.013 7 INFO placement.requestlog [None req-c305d9b5-3520-45cc-8e61-fed8a5715ecd c4e489d04dd94b9e858925af6d3bbbaa 07a6677af8024bb2b0c4dd6c361ad08e - - 480e8a3e964a456c802b0cba11b3723b 480e8a3e964a456c802b0cba11b3723b] 10.0.0.173 "GET /resource_providers/e3ed87c6-f9b6-4fd8-ac8c-d4fb35ef06a6/aggregates" status: 404 len: 235 microversion: 1.1 [pid: 7|app: 0|req: 539/1077] 10.0.0.173 () {32 vars in 815 bytes} [Fri Jun 12 08:47:19 2026] GET /resource_providers/e3ed87c6-f9b6-4fd8-ac8c-d4fb35ef06a6/aggregates => generated 235 bytes in 10 msecs (HTTP/1.1 404) 5 headers in 202 bytes (1 switches on core 0)
2026-06-12 08:47:19.017 8 INFO placement.requestlog [None req-946aa686-48be-44f1-9444-17bf19e06a86 c4e489d04dd94b9e858925af6d3bbbaa 07a6677af8024bb2b0c4dd6c361ad08e - - 480e8a3e964a456c802b0cba11b3723b 480e8a3e964a456c802b0cba11b3723b] 10.0.0.173 "GET /resource_providers/e3ed87c6-f9b6-4fd8-ac8c-d4fb35ef06a6/aggregates" status: 404 len: 235 microversion: 1.1 [pid: 8|app: 0|req: 539/1078] 10.0.0.173 () {32 vars in 815 bytes} [Fri Jun 12 08:47:19 2026] GET /resource_providers/e3ed87c6-f9b6-4fd8-ac8c-d4fb35ef06a6/aggregates => generated 235 bytes in 10 msecs (HTTP/1.1 404) 5 headers in 202 bytes (1 switches on core 0)
2026-06-12 08:47:19.034 7 INFO placement.requestlog [None req-d5c95bf7-5f5b-4af6-bd8e-94f3193914c7 c4e489d04dd94b9e858925af6d3bbbaa 07a6677af8024bb2b0c4dd6c361ad08e - - 480e8a3e964a456c802b0cba11b3723b 480e8a3e964a456c802b0cba11b3723b] 10.0.0.173 "DELETE /resource_providers/e3ed87c6-f9b6-4fd8-ac8c-d4fb35ef06a6" status: 404 len: 246 microversion: 1.1 [pid: 7|app: 0|req: 540/1079] 10.0.0.173 () {34 vars in 815 bytes} [Fri Jun 12 08:47:19 2026] DELETE /resource_providers/e3ed87c6-f9b6-4fd8-ac8c-d4fb35ef06a6 => generated 246 bytes in 10 msecs (HTTP/1.1 404) 6 headers in 231 bytes (1 switches on core 0)
2026-06-12 08:47:19.042 8 INFO placement.requestlog [None req-d03943c4-3b4a-4ab2-95c1-eea6061c2fa3 c4e489d04dd94b9e858925af6d3bbbaa 07a6677af8024bb2b0c4dd6c361ad08e - - 480e8a3e964a456c802b0cba11b3723b 480e8a3e964a456c802b0cba11b3723b] 10.0.0.173 "DELETE /resource_providers/e3ed87c6-f9b6-4fd8-ac8c-d4fb35ef06a6" status: 404 len: 246 microversion: 1.1 [pid: 8|app: 0|req: 540/1080] 10.0.0.173 () {34 vars in 815 bytes} [Fri Jun 12 08:47:19 2026] DELETE /resource_providers/e3ed87c6-f9b6-4fd8-ac8c-d4fb35ef06a6 => generated 246 bytes in 13 msecs (HTTP/1.1 404) 6 headers in 231 bytes (1 switches on core 0)
2026-06-12 08:47:20.674 7 INFO placement.requestlog [None req-c78e640b-111d-42ec-be93-55c3f801b9a7 c4e489d04dd94b9e858925af6d3bbbaa 07a6677af8024bb2b0c4dd6c361ad08e - - 480e8a3e964a456c802b0cba11b3723b 480e8a3e964a456c802b0cba11b3723b] 10.0.0.173 "GET /resource_providers/b0b8f670-174a-4dff-b213-33a3dae0e56f/aggregates" status: 404 len: 235 microversion: 1.1 [pid: 7|app: 0|req: 541/1081] 10.0.0.173 () {32 vars in 815 bytes} [Fri Jun 12 08:47:20 2026] GET /resource_providers/b0b8f670-174a-4dff-b213-33a3dae0e56f/aggregates => generated 235 bytes in 9 msecs (HTTP/1.1 404) 5 headers in 202 bytes (1 switches on core 0)
2026-06-12 08:47:20.691 8 INFO placement.requestlog [None req-3ff3c821-af85-49b2-bc39-c17e1ad1b236 c4e489d04dd94b9e858925af6d3bbbaa 07a6677af8024bb2b0c4dd6c361ad08e - - 480e8a3e964a456c802b0cba11b3723b 480e8a3e964a456c802b0cba11b3723b] 10.0.0.173 "DELETE /resource_providers/b0b8f670-174a-4dff-b213-33a3dae0e56f" status: 404 len: 246 microversion: 1.1 [pid: 8|app: 0|req: 541/1082] 10.0.0.173 () {34 vars in 815 bytes} [Fri Jun 12 08:47:20 2026] DELETE /resource_providers/b0b8f670-174a-4dff-b213-33a3dae0e56f => generated 246 bytes in 10 msecs (HTTP/1.1 404) 6 headers in 231 bytes (1 switches on core 0)
2026-06-12 08:47:20.693 7 INFO placement.requestlog [None req-3db79db2-b922-4c0a-a044-cbe552d4d354 c4e489d04dd94b9e858925af6d3bbbaa 07a6677af8024bb2b0c4dd6c361ad08e - - 480e8a3e964a456c802b0cba11b3723b 480e8a3e964a456c802b0cba11b3723b] 10.0.0.173 "GET /resource_providers/b0b8f670-174a-4dff-b213-33a3dae0e56f/aggregates" status: 404 len: 235 microversion: 1.1 [pid: 7|app: 0|req: 542/1083] 10.0.0.173 () {32 vars in 815 bytes} [Fri Jun 12 08:47:20 2026] GET /resource_providers/b0b8f670-174a-4dff-b213-33a3dae0e56f/aggregates => generated 235 bytes in 10 msecs (HTTP/1.1 404) 5 headers in 202 bytes (1 switches on core 0)
2026-06-12 08:47:20.708 8 INFO placement.requestlog [None req-902153be-0013-4986-80e8-dcda95506bc6 c4e489d04dd94b9e858925af6d3bbbaa 07a6677af8024bb2b0c4dd6c361ad08e - - 480e8a3e964a456c802b0cba11b3723b 480e8a3e964a456c802b0cba11b3723b] 10.0.0.173 "GET /resource_providers/1a575402-a42e-4040-80de-f6dd191efeb3/aggregates" status: 404 len: 235 microversion: 1.1 [pid: 8|app: 0|req: 542/1084] 10.0.0.173 () {32 vars in 815 bytes} [Fri Jun 12 08:47:20 2026] GET /resource_providers/1a575402-a42e-4040-80de-f6dd191efeb3/aggregates => generated 235 bytes in 8 msecs (HTTP/1.1 404) 5 headers in 202 bytes (1 switches on core 0)
2026-06-12 08:47:20.713 7 INFO placement.requestlog [None req-53207452-bd83-4e02-81f6-fca2cdfad02b c4e489d04dd94b9e858925af6d3bbbaa 07a6677af8024bb2b0c4dd6c361ad08e - - 480e8a3e964a456c802b0cba11b3723b 480e8a3e964a456c802b0cba11b3723b] 10.0.0.173 "DELETE /resource_providers/b0b8f670-174a-4dff-b213-33a3dae0e56f" status: 404 len: 246 microversion: 1.1 [pid: 7|app: 0|req: 543/1085] 10.0.0.173 () {34 vars in 815 bytes} [Fri Jun 12 08:47:20 2026] DELETE /resource_providers/b0b8f670-174a-4dff-b213-33a3dae0e56f => generated 246 bytes in 10 msecs (HTTP/1.1 404) 6 headers in 231 bytes (1 switches on core 0)
2026-06-12 08:47:20.734 8 INFO placement.requestlog [None req-43511999-afec-4f55-9399-fc63f9c4aa41 c4e489d04dd94b9e858925af6d3bbbaa 07a6677af8024bb2b0c4dd6c361ad08e - - 480e8a3e964a456c802b0cba11b3723b 480e8a3e964a456c802b0cba11b3723b] 10.0.0.173 "DELETE /resource_providers/1a575402-a42e-4040-80de-f6dd191efeb3" status: 404 len: 246 microversion: 1.1 [pid: 8|app: 0|req: 543/1086] 10.0.0.173 () {34 vars in 815 bytes} [Fri Jun 12 08:47:20 2026] DELETE /resource_providers/1a575402-a42e-4040-80de-f6dd191efeb3 => generated 246 bytes in 12 msecs (HTTP/1.1 404) 6 headers in 231 bytes (1 switches on core 0)
2026-06-12 08:47:20.738 7 INFO placement.requestlog [None req-f98068fa-e2aa-4592-8b32-f72c3a57190a c4e489d04dd94b9e858925af6d3bbbaa 07a6677af8024bb2b0c4dd6c361ad08e - - 480e8a3e964a456c802b0cba11b3723b 480e8a3e964a456c802b0cba11b3723b] 10.0.0.173 "GET /resource_providers/1a575402-a42e-4040-80de-f6dd191efeb3/aggregates" status: 404 len: 235 microversion: 1.1 [pid: 7|app: 0|req: 544/1087] 10.0.0.173 () {32 vars in 815 bytes} [Fri Jun 12 08:47:20 2026] GET /resource_providers/1a575402-a42e-4040-80de-f6dd191efeb3/aggregates => generated 235 bytes in 13 msecs (HTTP/1.1 404) 5 headers in 202 bytes (1 switches on core 0)
2026-06-12 08:47:20.761 8 INFO placement.requestlog [None req-94f4f94a-b18e-458d-ae0d-b3a18fb171bf c4e489d04dd94b9e858925af6d3bbbaa 07a6677af8024bb2b0c4dd6c361ad08e - - 480e8a3e964a456c802b0cba11b3723b 480e8a3e964a456c802b0cba11b3723b] 10.0.0.173 "DELETE /resource_providers/1a575402-a42e-4040-80de-f6dd191efeb3" status: 404 len: 246 microversion: 1.1 [pid: 8|app: 0|req: 544/1088] 10.0.0.173 () {34 vars in 815 bytes} [Fri Jun 12 08:47:20 2026] DELETE /resource_providers/1a575402-a42e-4040-80de-f6dd191efeb3 => generated 246 bytes in 14 msecs (HTTP/1.1 404) 6 headers in 231 bytes (1 switches on core 0)
2026-06-12 08:47:21.051 7 INFO placement.requestlog [None req-fedcaad6-f6f9-4648-b71a-49296fe5fbc3 c4e489d04dd94b9e858925af6d3bbbaa 07a6677af8024bb2b0c4dd6c361ad08e - - 480e8a3e964a456c802b0cba11b3723b 480e8a3e964a456c802b0cba11b3723b] 10.0.0.173 "GET /resource_providers/14993987-9610-429e-abeb-424d3ccdbe86/aggregates" status: 404 len: 235 microversion: 1.1 [pid: 7|app: 0|req: 545/1089] 10.0.0.173 () {32 vars in 815 bytes} [Fri Jun 12 08:47:21 2026] GET /resource_providers/14993987-9610-429e-abeb-424d3ccdbe86/aggregates => generated 235 bytes in 9 msecs (HTTP/1.1 404) 5 headers in 202 bytes (1 switches on core 0)
2026-06-12 08:47:21.061 8 INFO placement.requestlog [None req-15b90fbd-3fe4-4d75-8abe-42bd8dfcb6b4 c4e489d04dd94b9e858925af6d3bbbaa 07a6677af8024bb2b0c4dd6c361ad08e - - 480e8a3e964a456c802b0cba11b3723b 480e8a3e964a456c802b0cba11b3723b] 10.0.0.173 "GET /resource_providers/14993987-9610-429e-abeb-424d3ccdbe86/aggregates" status: 404 len: 235 microversion: 1.1 [pid: 8|app: 0|req: 545/1090] 10.0.0.173 () {32 vars in 815 bytes} [Fri Jun 12 08:47:21 2026] GET /resource_providers/14993987-9610-429e-abeb-424d3ccdbe86/aggregates => generated 235 bytes in 11 msecs (HTTP/1.1 404) 5 headers in 202 bytes (1 switches on core 0)
2026-06-12 08:47:21.066 7 INFO placement.requestlog [None req-07e2fa76-25d5-4840-976a-4437214f6f37 c4e489d04dd94b9e858925af6d3bbbaa 07a6677af8024bb2b0c4dd6c361ad08e - - 480e8a3e964a456c802b0cba11b3723b 480e8a3e964a456c802b0cba11b3723b] 10.0.0.173 "DELETE /resource_providers/14993987-9610-429e-abeb-424d3ccdbe86" status: 404 len: 246 microversion: 1.1 [pid: 7|app: 0|req: 546/1091] 10.0.0.173 () {34 vars in 815 bytes} [Fri Jun 12 08:47:21 2026] DELETE /resource_providers/14993987-9610-429e-abeb-424d3ccdbe86 => generated 246 bytes in 8 msecs (HTTP/1.1 404) 6 headers in 231 bytes (1 switches on core 0)
2026-06-12 08:47:21.079 8 INFO placement.requestlog [None req-4d4b8b1b-6280-41c2-b75d-18db045b0397 c4e489d04dd94b9e858925af6d3bbbaa 07a6677af8024bb2b0c4dd6c361ad08e - - 480e8a3e964a456c802b0cba11b3723b 480e8a3e964a456c802b0cba11b3723b] 10.0.0.173 "DELETE /resource_providers/14993987-9610-429e-abeb-424d3ccdbe86" status: 404 len: 246 microversion: 1.1 [pid: 8|app: 0|req: 546/1092] 10.0.0.173 () {34 vars in 815 bytes} [Fri Jun 12 08:47:21 2026] DELETE /resource_providers/14993987-9610-429e-abeb-424d3ccdbe86 => generated 246 bytes in 10 msecs (HTTP/1.1 404) 6 headers in 231 bytes (1 switches on core 0)
2026-06-12 08:47:24.933 7 INFO placement.requestlog [None req-9b084fc3-72f6-41f5-ace1-f6debff7ee21 - - - - - -] 10.0.0.199 "GET /" status: 200 len: 136 microversion: 1.0
2026-06-12 08:47:24.933 8 INFO placement.requestlog [None req-089089d9-e3e8-4c5c-b37e-40f570e5f39e - - - - - -] 10.0.0.199 "GET /" status: 200 len: 136 microversion: 1.0
2026-06-12 08:47:30.137 8 INFO placement.requestlog [None req-cb8c7ed9-4c7f-4d84-b553-651409b2d0c7 c4e489d04dd94b9e858925af6d3bbbaa 07a6677af8024bb2b0c4dd6c361ad08e - - 480e8a3e964a456c802b0cba11b3723b 480e8a3e964a456c802b0cba11b3723b] 10.0.0.173 "GET /resource_providers/e7661001-47ca-456d-aff5-8372af39c184/aggregates" status: 404 len: 235 microversion: 1.1 [pid: 8|app: 0|req: 548/1095] 10.0.0.173 () {32 vars in 815 bytes} [Fri Jun 12 08:47:30 2026] GET /resource_providers/e7661001-47ca-456d-aff5-8372af39c184/aggregates => generated 235 bytes in 8 msecs (HTTP/1.1 404) 5 headers in 202 bytes (1 switches on core 0)
2026-06-12 08:47:30.139 7 INFO placement.requestlog [None req-1cb16353-7428-42c2-87e8-65c967822bb9 c4e489d04dd94b9e858925af6d3bbbaa 07a6677af8024bb2b0c4dd6c361ad08e - - 480e8a3e964a456c802b0cba11b3723b 480e8a3e964a456c802b0cba11b3723b] 10.0.0.173 "GET /resource_providers/e7661001-47ca-456d-aff5-8372af39c184/aggregates" status: 404 len: 235 microversion: 1.1 [pid: 7|app: 0|req: 548/1096] 10.0.0.173 () {32 vars in 815 bytes} [Fri Jun 12 08:47:30 2026] GET /resource_providers/e7661001-47ca-456d-aff5-8372af39c184/aggregates => generated 235 bytes in 11 msecs (HTTP/1.1 404) 5 headers in 202 bytes (1 switches on core 0)
2026-06-12 08:47:30.156 8 INFO placement.requestlog [None req-bea316c4-c1ab-4b98-b409-c6fcaba8c1ab c4e489d04dd94b9e858925af6d3bbbaa 07a6677af8024bb2b0c4dd6c361ad08e - - 480e8a3e964a456c802b0cba11b3723b 480e8a3e964a456c802b0cba11b3723b] 10.0.0.173 "DELETE /resource_providers/e7661001-47ca-456d-aff5-8372af39c184" status: 404 len: 246 microversion: 1.1 [pid: 8|app: 0|req: 549/1097] 10.0.0.173 () {34 vars in 815 bytes} [Fri Jun 12 08:47:30 2026] DELETE /resource_providers/e7661001-47ca-456d-aff5-8372af39c184 => generated 246 bytes in 9 msecs (HTTP/1.1 404) 6 headers in 231 bytes (1 switches on core 0)
2026-06-12 08:47:30.163 7 INFO placement.requestlog [None req-854baaf4-d102-492b-919f-63bb668da466 c4e489d04dd94b9e858925af6d3bbbaa 07a6677af8024bb2b0c4dd6c361ad08e - - 480e8a3e964a456c802b0cba11b3723b 480e8a3e964a456c802b0cba11b3723b] 10.0.0.173 "DELETE /resource_providers/e7661001-47ca-456d-aff5-8372af39c184" status: 404 len: 246 microversion: 1.1 [pid: 7|app: 0|req: 549/1098] 10.0.0.173 () {34 vars in 815 bytes} [Fri Jun 12 08:47:30 2026] DELETE /resource_providers/e7661001-47ca-456d-aff5-8372af39c184 => generated 246 bytes in 10 msecs (HTTP/1.1 404) 6 headers in 231 bytes (1 switches on core 0)
2026-06-12 08:47:31.435 8 INFO placement.requestlog [req-ac9e7f38-2287-4dd6-a810-45e828442ef3 req-cef3e4d7-3cf1-4123-b618-20dce726ea8c 17ebc9bd5e1341cbad1d546594b38348 07a6677af8024bb2b0c4dd6c361ad08e - - 480e8a3e964a456c802b0cba11b3723b 480e8a3e964a456c802b0cba11b3723b] 199.204.45.246 "GET /resource_providers/68a5288a-fc7e-4ece-ae82-6b9ef18c7a56/allocations" status: 200 len: 253 microversion: 1.0 [pid: 8|app: 0|req: 550/1099] 199.204.45.246 () {32 vars in 856 bytes} [Fri Jun 12 08:47:31 2026] GET /resource_providers/68a5288a-fc7e-4ece-ae82-6b9ef18c7a56/allocations => generated 253 bytes in 18 msecs (HTTP/1.1 200) 6 headers in 224 bytes (1 switches on core 0)
2026-06-12 08:47:31.461 7 INFO placement.requestlog [req-ac9e7f38-2287-4dd6-a810-45e828442ef3 req-0467ce18-6171-44f0-a67d-36924913a73e 17ebc9bd5e1341cbad1d546594b38348 07a6677af8024bb2b0c4dd6c361ad08e - - 480e8a3e964a456c802b0cba11b3723b 480e8a3e964a456c802b0cba11b3723b] 199.204.45.246 "GET /resource_providers/68a5288a-fc7e-4ece-ae82-6b9ef18c7a56/allocations" status: 200 len: 253 microversion: 1.0 [pid: 7|app: 0|req: 550/1100] 199.204.45.246 () {32 vars in 856 bytes} [Fri Jun 12 08:47:31 2026] GET /resource_providers/68a5288a-fc7e-4ece-ae82-6b9ef18c7a56/allocations => generated 253 bytes in 19 msecs (HTTP/1.1 200) 6 headers in 224 bytes (1 switches on core 0)
2026-06-12 08:47:31.478 8 INFO placement.requestlog [req-ac9e7f38-2287-4dd6-a810-45e828442ef3 req-ead66a35-f949-493e-a8db-298e8e579c72 17ebc9bd5e1341cbad1d546594b38348 07a6677af8024bb2b0c4dd6c361ad08e - - 480e8a3e964a456c802b0cba11b3723b 480e8a3e964a456c802b0cba11b3723b] 199.204.45.246 "GET /allocations/95aca928-c2b2-473a-8623-cbbc4c573152" status: 200 len: 258 microversion: 1.28 [pid: 8|app: 0|req: 551/1101] 199.204.45.246 () {34 vars in 862 bytes} [Fri Jun 12 08:47:31 2026] GET /allocations/95aca928-c2b2-473a-8623-cbbc4c573152 => generated 258 bytes in 10 msecs (HTTP/1.1 200) 8 headers in 296 bytes (1 switches on core 0)
2026-06-12 08:47:31.499 7 INFO placement.requestlog [req-ac9e7f38-2287-4dd6-a810-45e828442ef3 req-5717a263-79b9-4653-b23e-95d7ea9e640f 17ebc9bd5e1341cbad1d546594b38348 07a6677af8024bb2b0c4dd6c361ad08e - - 480e8a3e964a456c802b0cba11b3723b 480e8a3e964a456c802b0cba11b3723b] 199.204.45.246 "GET /allocations/66c69d13-4256-4f0d-9e0c-4736ee1bcd81" status: 200 len: 258 microversion: 1.28 [pid: 7|app: 0|req: 551/1102] 199.204.45.246 () {34 vars in 862 bytes} [Fri Jun 12 08:47:31 2026] GET /allocations/66c69d13-4256-4f0d-9e0c-4736ee1bcd81 => generated 258 bytes in 13 msecs (HTTP/1.1 200) 8 headers in 296 bytes (1 switches on core 0)
2026-06-12 08:47:34.934 8 INFO placement.requestlog [None req-8d106830-32f9-4b0b-ab22-9c7aa473525f - - - - - -] 10.0.0.199 "GET /" status: 200 len: 136 microversion: 1.0
2026-06-12 08:47:34.936 7 INFO placement.requestlog [None req-76c53f19-9fbe-473d-bafb-120fb3a07eb7 - - - - - -] 10.0.0.199 "GET /" status: 200 len: 136 microversion: 1.0
2026-06-12 08:47:40.543 8 INFO placement.requestlog [req-6c899bd3-d5dc-4946-8018-7205387f8ed3 req-1a88c91f-797a-4ab4-b3c6-462376aa57bc 17ebc9bd5e1341cbad1d546594b38348 07a6677af8024bb2b0c4dd6c361ad08e - - 480e8a3e964a456c802b0cba11b3723b 480e8a3e964a456c802b0cba11b3723b] 199.204.45.246 "GET /resource_providers/68a5288a-fc7e-4ece-ae82-6b9ef18c7a56/allocations" status: 200 len: 253 microversion: 1.0 [pid: 8|app: 0|req: 553/1105] 199.204.45.246 () {32 vars in 856 bytes} [Fri Jun 12 08:47:40 2026] GET /resource_providers/68a5288a-fc7e-4ece-ae82-6b9ef18c7a56/allocations => generated 253 bytes in 16 msecs (HTTP/1.1 200) 6 headers in 224 bytes (1 switches on core 0)
2026-06-12 08:47:40.562 7 INFO placement.requestlog [req-6c899bd3-d5dc-4946-8018-7205387f8ed3 req-f709d936-a76e-4d72-9420-dc823b0f6cf9 17ebc9bd5e1341cbad1d546594b38348 07a6677af8024bb2b0c4dd6c361ad08e - - 480e8a3e964a456c802b0cba11b3723b 480e8a3e964a456c802b0cba11b3723b] 199.204.45.246 "GET /allocations/95aca928-c2b2-473a-8623-cbbc4c573152" status: 200 len: 258 microversion: 1.28 [pid: 7|app: 0|req: 553/1106] 199.204.45.246 () {34 vars in 862 bytes} [Fri Jun 12 08:47:40 2026] GET /allocations/95aca928-c2b2-473a-8623-cbbc4c573152 => generated 258 bytes in 12 msecs (HTTP/1.1 200) 8 headers in 296 bytes (1 switches on core 0)
2026-06-12 08:47:40.579 8 INFO placement.requestlog [req-6c899bd3-d5dc-4946-8018-7205387f8ed3 req-078f8fcc-d2a3-4159-a93f-da729e9c3cd7 17ebc9bd5e1341cbad1d546594b38348 07a6677af8024bb2b0c4dd6c361ad08e - - 480e8a3e964a456c802b0cba11b3723b 480e8a3e964a456c802b0cba11b3723b] 199.204.45.246 "GET /allocations/66c69d13-4256-4f0d-9e0c-4736ee1bcd81" status: 200 len: 258 microversion: 1.28 [pid: 8|app: 0|req: 554/1107] 199.204.45.246 () {34 vars in 862 bytes} [Fri Jun 12 08:47:40 2026] GET /allocations/66c69d13-4256-4f0d-9e0c-4736ee1bcd81 => generated 258 bytes in 12 msecs (HTTP/1.1 200) 8 headers in 296 bytes (1 switches on core 0)
2026-06-12 08:47:41.638 7 INFO placement.requestlog [req-6c899bd3-d5dc-4946-8018-7205387f8ed3 req-7e6879a3-bae8-4b8a-9517-2477c9be94ff 17ebc9bd5e1341cbad1d546594b38348 07a6677af8024bb2b0c4dd6c361ad08e - - 480e8a3e964a456c802b0cba11b3723b 480e8a3e964a456c802b0cba11b3723b] 199.204.45.246 "DELETE /allocations/95aca928-c2b2-473a-8623-cbbc4c573152" status: 204 len: 0 microversion: 1.0 [pid: 7|app: 0|req: 554/1108] 199.204.45.246 () {34 vars in 840 bytes} [Fri Jun 12 08:47:41 2026] DELETE /allocations/95aca928-c2b2-473a-8623-cbbc4c573152 => generated 0 bytes in 36 msecs (HTTP/1.1 204) 5 headers in 198 bytes (1 switches on core 0)
2026-06-12 08:47:44.934 7 INFO placement.requestlog [None req-8b063c90-e70a-4fc2-8e79-d2276a4cf340 - - - - - -] 10.0.0.199 "GET /" status: 200 len: 136 microversion: 1.0
2026-06-12 08:47:44.934 8 INFO placement.requestlog [None req-fea59b8c-0fc7-478a-98bb-d1d0a476dad6 - - - - - -] 10.0.0.199 "GET /" status: 200 len: 136 microversion: 1.0
2026-06-12 08:47:48.083 7 INFO placement.requestlog [req-e30d7338-c8e8-48fd-87ae-cf5ee2067fe8 req-2920ae55-b50a-4e89-b017-06abe076a60d 17ebc9bd5e1341cbad1d546594b38348 07a6677af8024bb2b0c4dd6c361ad08e - - 480e8a3e964a456c802b0cba11b3723b 480e8a3e964a456c802b0cba11b3723b] 199.204.45.246 "GET /resource_providers/68a5288a-fc7e-4ece-ae82-6b9ef18c7a56/allocations" status: 200 len: 153 microversion: 1.0 [pid: 7|app: 0|req: 556/1111] 199.204.45.246 () {32 vars in 856 bytes} [Fri Jun 12 08:47:48 2026] GET /resource_providers/68a5288a-fc7e-4ece-ae82-6b9ef18c7a56/allocations => generated 153 bytes in 14 msecs (HTTP/1.1 200) 6 headers in 224 bytes (1 switches on core 0)
2026-06-12 08:47:48.102 8 INFO placement.requestlog [req-e30d7338-c8e8-48fd-87ae-cf5ee2067fe8 req-f82a1ec7-e95b-4b63-82a4-f9ea5303aed3 17ebc9bd5e1341cbad1d546594b38348 07a6677af8024bb2b0c4dd6c361ad08e - - 480e8a3e964a456c802b0cba11b3723b 480e8a3e964a456c802b0cba11b3723b] 199.204.45.246 "GET /allocations/66c69d13-4256-4f0d-9e0c-4736ee1bcd81" status: 200 len: 258 microversion: 1.28 [pid: 8|app: 0|req: 556/1112] 199.204.45.246 () {34 vars in 862 bytes} [Fri Jun 12 08:47:48 2026] GET /allocations/66c69d13-4256-4f0d-9e0c-4736ee1bcd81 => generated 258 bytes in 13 msecs (HTTP/1.1 200) 8 headers in 296 bytes (1 switches on core 0)
2026-06-12 08:47:49.144 7 INFO placement.requestlog [req-e30d7338-c8e8-48fd-87ae-cf5ee2067fe8 req-a85c18c8-38ab-44bd-ac2e-6551c613eb66 17ebc9bd5e1341cbad1d546594b38348 07a6677af8024bb2b0c4dd6c361ad08e - - 480e8a3e964a456c802b0cba11b3723b 480e8a3e964a456c802b0cba11b3723b] 199.204.45.246 "DELETE /allocations/66c69d13-4256-4f0d-9e0c-4736ee1bcd81" status: 204 len: 0 microversion: 1.0 [pid: 7|app: 0|req: 557/1113] 199.204.45.246 () {34 vars in 840 bytes} [Fri Jun 12 08:47:49 2026] DELETE /allocations/66c69d13-4256-4f0d-9e0c-4736ee1bcd81 => generated 0 bytes in 20 msecs (HTTP/1.1 204) 5 headers in 198 bytes (1 switches on core 0)
2026-06-12 08:47:53.041 8 INFO placement.requestlog [None req-c461b053-7e65-4f13-a68c-b10b2f701214 c4e489d04dd94b9e858925af6d3bbbaa 07a6677af8024bb2b0c4dd6c361ad08e - - 480e8a3e964a456c802b0cba11b3723b 480e8a3e964a456c802b0cba11b3723b] 10.0.0.173 "GET /resource_providers/a6ba4333-c9b0-4b57-80b1-860d762a7031/aggregates" status: 404 len: 235 microversion: 1.1 [pid: 8|app: 0|req: 557/1114] 10.0.0.173 () {32 vars in 815 bytes} [Fri Jun 12 08:47:53 2026] GET /resource_providers/a6ba4333-c9b0-4b57-80b1-860d762a7031/aggregates => generated 235 bytes in 8 msecs (HTTP/1.1 404) 5 headers in 202 bytes (1 switches on core 0)
2026-06-12 08:47:53.045 7 INFO placement.requestlog [None req-b1b55a2b-1db5-41b2-ad5a-417a86fc0827 c4e489d04dd94b9e858925af6d3bbbaa 07a6677af8024bb2b0c4dd6c361ad08e - - 480e8a3e964a456c802b0cba11b3723b 480e8a3e964a456c802b0cba11b3723b] 10.0.0.173 "GET /resource_providers/a6ba4333-c9b0-4b57-80b1-860d762a7031/aggregates" status: 404 len: 235 microversion: 1.1 [pid: 7|app: 0|req: 558/1115] 10.0.0.173 () {32 vars in 815 bytes} [Fri Jun 12 08:47:53 2026] GET /resource_providers/a6ba4333-c9b0-4b57-80b1-860d762a7031/aggregates => generated 235 bytes in 12 msecs (HTTP/1.1 404) 5 headers in 202 bytes (1 switches on core 0)
2026-06-12 08:47:53.067 8 INFO placement.requestlog [None req-57486ca0-bfa3-472e-b7db-dac580f2ed96 c4e489d04dd94b9e858925af6d3bbbaa 07a6677af8024bb2b0c4dd6c361ad08e - - 480e8a3e964a456c802b0cba11b3723b 480e8a3e964a456c802b0cba11b3723b] 10.0.0.173 "DELETE /resource_providers/a6ba4333-c9b0-4b57-80b1-860d762a7031" status: 404 len: 246 microversion: 1.1 [pid: 8|app: 0|req: 558/1116] 10.0.0.173 () {34 vars in 815 bytes} [Fri Jun 12 08:47:53 2026] DELETE /resource_providers/a6ba4333-c9b0-4b57-80b1-860d762a7031 => generated 246 bytes in 10 msecs (HTTP/1.1 404) 6 headers in 231 bytes (1 switches on core 0)
2026-06-12 08:47:53.069 7 INFO placement.requestlog [None req-9d98dcb6-785d-462f-ad48-847699b17591 c4e489d04dd94b9e858925af6d3bbbaa 07a6677af8024bb2b0c4dd6c361ad08e - - 480e8a3e964a456c802b0cba11b3723b 480e8a3e964a456c802b0cba11b3723b] 10.0.0.173 "DELETE /resource_providers/a6ba4333-c9b0-4b57-80b1-860d762a7031" status: 404 len: 246 microversion: 1.1 [pid: 7|app: 0|req: 559/1117] 10.0.0.173 () {34 vars in 815 bytes} [Fri Jun 12 08:47:53 2026] DELETE /resource_providers/a6ba4333-c9b0-4b57-80b1-860d762a7031 => generated 246 bytes in 9 msecs (HTTP/1.1 404) 6 headers in 231 bytes (1 switches on core 0)
2026-06-12 08:47:54.933 8 INFO placement.requestlog [None req-471d36c2-47cf-4c93-a852-dbc3c89a0c91 - - - - - -] 10.0.0.199 "GET /" status: 200 len: 136 microversion: 1.0
2026-06-12 08:47:54.933 7 INFO placement.requestlog [None req-0ceab62b-0587-46d6-ba44-6ee865587f30 - - - - - -] 10.0.0.199 "GET /" status: 200 len: 136 microversion: 1.0
2026-06-12 08:48:04.933 7 INFO placement.requestlog [None req-9094851c-7c3a-4c02-a069-1507a50f2d27 - - - - - -] 10.0.0.199 "GET /" status: 200 len: 136 microversion: 1.0
2026-06-12 08:48:04.933 8 INFO placement.requestlog [None req-7d2a140e-f4d5-45ff-a920-95e891971a21 - - - - - -] 10.0.0.199 "GET /" status: 200 len: 136 microversion: 1.0
2026-06-12 08:48:07.977 7 INFO placement.requestlog [req-039d8a98-c11b-4518-b8a4-62892adf205a req-639cf74e-e10a-4352-b5ec-f03467e80733 17ebc9bd5e1341cbad1d546594b38348 07a6677af8024bb2b0c4dd6c361ad08e - - 480e8a3e964a456c802b0cba11b3723b 480e8a3e964a456c802b0cba11b3723b] 10.0.0.73 "GET /allocation_candidates?limit=1000&resources=DISK_GB%3A1%2CMEMORY_MB%3A512%2CVCPU%3A1&root_required=%21COMPUTE_STATUS_DISABLED" status: 200 len: 2781 microversion: 1.36 [pid: 7|app: 0|req: 562/1122] 10.0.0.73 () {34 vars in 1010 bytes} [Fri Jun 12 08:48:07 2026] GET /allocation_candidates?limit=1000&resources=DISK_GB%3A1%2CMEMORY_MB%3A512%2CVCPU%3A1&root_required=%21COMPUTE_STATUS_DISABLED => generated 2781 bytes in 248 msecs (HTTP/1.1 200) 8 headers in 297 bytes (1 switches on core 0)
2026-06-12 08:48:08.019 8 INFO placement.requestlog [req-039d8a98-c11b-4518-b8a4-62892adf205a req-08c8af0b-a059-491b-8bb1-a1e10de4e3ea 17ebc9bd5e1341cbad1d546594b38348 07a6677af8024bb2b0c4dd6c361ad08e - - 480e8a3e964a456c802b0cba11b3723b 480e8a3e964a456c802b0cba11b3723b] 10.0.0.73 "GET /allocations/21a64e09-cf82-458d-9b23-af4b358c1bc2" status: 200 len: 19 microversion: 1.28 [pid: 8|app: 0|req: 561/1123] 10.0.0.73 () {34 vars in 859 bytes} [Fri Jun 12 08:48:08 2026] GET /allocations/21a64e09-cf82-458d-9b23-af4b358c1bc2 => generated 19 bytes in 8 msecs (HTTP/1.1 200) 8 headers in 295 bytes (1 switches on core 0)
2026-06-12 08:48:08.180 7 INFO placement.requestlog [req-039d8a98-c11b-4518-b8a4-62892adf205a req-954f0b7b-4361-4243-8575-fd40fb76b7c5 17ebc9bd5e1341cbad1d546594b38348 07a6677af8024bb2b0c4dd6c361ad08e - - 480e8a3e964a456c802b0cba11b3723b 480e8a3e964a456c802b0cba11b3723b] 10.0.0.73 "PUT /allocations/21a64e09-cf82-458d-9b23-af4b358c1bc2" status: 204 len: 0 microversion: 1.36 [pid: 7|app: 0|req: 563/1124] 10.0.0.73 () {38 vars in 912 bytes} [Fri Jun 12 08:48:08 2026] PUT /allocations/21a64e09-cf82-458d-9b23-af4b358c1bc2 => generated 0 bytes in 155 msecs (HTTP/1.1 204) 5 headers in 199 bytes (1 switches on core 0)
2026-06-12 08:48:09.830 8 INFO placement.requestlog [req-039d8a98-c11b-4518-b8a4-62892adf205a req-d8c4d893-faae-4d2d-a2dc-b3bb2013ffd2 17ebc9bd5e1341cbad1d546594b38348 07a6677af8024bb2b0c4dd6c361ad08e - - 480e8a3e964a456c802b0cba11b3723b 480e8a3e964a456c802b0cba11b3723b] 199.204.45.246 "GET /allocations/21a64e09-cf82-458d-9b23-af4b358c1bc2" status: 200 len: 258 microversion: 1.28 [pid: 8|app: 0|req: 562/1125] 199.204.45.246 () {34 vars in 862 bytes} [Fri Jun 12 08:48:09 2026] GET /allocations/21a64e09-cf82-458d-9b23-af4b358c1bc2 => generated 258 bytes in 13 msecs (HTTP/1.1 200) 8 headers in 296 bytes (1 switches on core 0)
2026-06-12 08:48:10.881 7 INFO placement.requestlog [req-039d8a98-c11b-4518-b8a4-62892adf205a req-57c20ee5-bcb7-4c2a-aba9-7d515df2b184 17ebc9bd5e1341cbad1d546594b38348 07a6677af8024bb2b0c4dd6c361ad08e - - 480e8a3e964a456c802b0cba11b3723b 480e8a3e964a456c802b0cba11b3723b] 199.204.45.246 "GET /resource_providers/68a5288a-fc7e-4ece-ae82-6b9ef18c7a56/allocations" status: 200 len: 153 microversion: 1.0 [pid: 7|app: 0|req: 564/1126] 199.204.45.246 () {32 vars in 856 bytes} [Fri Jun 12 08:48:10 2026] GET /resource_providers/68a5288a-fc7e-4ece-ae82-6b9ef18c7a56/allocations => generated 153 bytes in 17 msecs (HTTP/1.1 200) 6 headers in 224 bytes (1 switches on core 0)
2026-06-12 08:48:10.902 8 INFO placement.requestlog [req-039d8a98-c11b-4518-b8a4-62892adf205a req-78e357f1-0dcd-472e-adc7-3c53401b9c1b 17ebc9bd5e1341cbad1d546594b38348 07a6677af8024bb2b0c4dd6c361ad08e - - 480e8a3e964a456c802b0cba11b3723b 480e8a3e964a456c802b0cba11b3723b] 199.204.45.246 "GET /allocations/21a64e09-cf82-458d-9b23-af4b358c1bc2" status: 200 len: 258 microversion: 1.28 [pid: 8|app: 0|req: 563/1127] 199.204.45.246 () {34 vars in 862 bytes} [Fri Jun 12 08:48:10 2026] GET /allocations/21a64e09-cf82-458d-9b23-af4b358c1bc2 => generated 258 bytes in 18 msecs (HTTP/1.1 200) 8 headers in 296 bytes (1 switches on core 0)
2026-06-12 08:48:14.915 7 INFO placement.requestlog [req-9f382926-9f09-4c82-be4e-e837aa3756a0 req-52ae4fb8-0966-4ceb-9131-8665bca04cab 17ebc9bd5e1341cbad1d546594b38348 07a6677af8024bb2b0c4dd6c361ad08e - - 480e8a3e964a456c802b0cba11b3723b 480e8a3e964a456c802b0cba11b3723b] 10.0.0.73 "GET /allocation_candidates?limit=1000&resources=DISK_GB%3A1%2CMEMORY_MB%3A512%2CVCPU%3A1&root_required=%21COMPUTE_STATUS_DISABLED" status: 200 len: 2783 microversion: 1.36 [pid: 7|app: 0|req: 565/1128] 10.0.0.73 () {34 vars in 1010 bytes} [Fri Jun 12 08:48:14 2026] GET /allocation_candidates?limit=1000&resources=DISK_GB%3A1%2CMEMORY_MB%3A512%2CVCPU%3A1&root_required=%21COMPUTE_STATUS_DISABLED => generated 2783 bytes in 45 msecs (HTTP/1.1 200) 8 headers in 297 bytes (1 switches on core 0)
2026-06-12 08:48:14.933 7 INFO placement.requestlog [None req-c7e2e338-fdde-4593-966b-02e3d0a04b8e - - - - - -] 10.0.0.199 "GET /" status: 200 len: 136 microversion: 1.0
2026-06-12 08:48:14.934 8 INFO placement.requestlog [None req-cd286606-5f5f-4c9b-9870-49d2e978829e - - - - - -] 10.0.0.199 "GET /" status: 200 len: 136 microversion: 1.0
2026-06-12 08:48:14.943 7 INFO placement.requestlog [req-9f382926-9f09-4c82-be4e-e837aa3756a0 req-88828e21-9dce-4eb4-b405-223e51197151 17ebc9bd5e1341cbad1d546594b38348 07a6677af8024bb2b0c4dd6c361ad08e - - 480e8a3e964a456c802b0cba11b3723b 480e8a3e964a456c802b0cba11b3723b] 10.0.0.73 "GET /allocations/29d4cc62-ec51-42b6-814b-d16dff7c9cd6" status: 200 len: 19 microversion: 1.28 [pid: 7|app: 0|req: 567/1131] 10.0.0.73 () {34 vars in 859 bytes} [Fri Jun 12 08:48:14 2026] GET /allocations/29d4cc62-ec51-42b6-814b-d16dff7c9cd6 => generated 19 bytes in 9 msecs (HTTP/1.1 200) 8 headers in 295 bytes (1 switches on core 0)
2026-06-12 08:48:15.036 8 INFO placement.requestlog [req-9f382926-9f09-4c82-be4e-e837aa3756a0 req-1bd62ac9-737b-4356-81c2-8e07ecedd836 17ebc9bd5e1341cbad1d546594b38348 07a6677af8024bb2b0c4dd6c361ad08e - - 480e8a3e964a456c802b0cba11b3723b 480e8a3e964a456c802b0cba11b3723b] 10.0.0.73 "PUT /allocations/29d4cc62-ec51-42b6-814b-d16dff7c9cd6" status: 204 len: 0 microversion: 1.36 [pid: 8|app: 0|req: 565/1132] 10.0.0.73 () {38 vars in 912 bytes} [Fri Jun 12 08:48:14 2026] PUT /allocations/29d4cc62-ec51-42b6-814b-d16dff7c9cd6 => generated 0 bytes in 87 msecs (HTTP/1.1 204) 5 headers in 199 bytes (1 switches on core 0)
2026-06-12 08:48:16.554 7 INFO placement.requestlog [req-9f382926-9f09-4c82-be4e-e837aa3756a0 req-194f0921-4ac1-4341-a9e5-5686382876d6 17ebc9bd5e1341cbad1d546594b38348 07a6677af8024bb2b0c4dd6c361ad08e - - 480e8a3e964a456c802b0cba11b3723b 480e8a3e964a456c802b0cba11b3723b] 199.204.45.246 "GET /allocations/29d4cc62-ec51-42b6-814b-d16dff7c9cd6" status: 200 len: 258 microversion: 1.28 [pid: 7|app: 0|req: 568/1133] 199.204.45.246 () {34 vars in 862 bytes} [Fri Jun 12 08:48:16 2026] GET /allocations/29d4cc62-ec51-42b6-814b-d16dff7c9cd6 => generated 258 bytes in 10 msecs (HTTP/1.1 200) 8 headers in 296 bytes (1 switches on core 0)
2026-06-12 08:48:17.599 8 INFO placement.requestlog [req-9f382926-9f09-4c82-be4e-e837aa3756a0 req-91065020-9c52-48f2-90ef-066974c8cfbe 17ebc9bd5e1341cbad1d546594b38348 07a6677af8024bb2b0c4dd6c361ad08e - - 480e8a3e964a456c802b0cba11b3723b 480e8a3e964a456c802b0cba11b3723b] 199.204.45.246 "GET /resource_providers/68a5288a-fc7e-4ece-ae82-6b9ef18c7a56/allocations" status: 200 len: 253 microversion: 1.0 [pid: 8|app: 0|req: 566/1134] 199.204.45.246 () {32 vars in 856 bytes} [Fri Jun 12 08:48:17 2026] GET /resource_providers/68a5288a-fc7e-4ece-ae82-6b9ef18c7a56/allocations => generated 253 bytes in 19 msecs (HTTP/1.1 200) 6 headers in 224 bytes (1 switches on core 0)
2026-06-12 08:48:17.622 7 INFO placement.requestlog [req-9f382926-9f09-4c82-be4e-e837aa3756a0 req-0edb2259-7035-4b6a-bb3a-900bb2056662 17ebc9bd5e1341cbad1d546594b38348 07a6677af8024bb2b0c4dd6c361ad08e - - 480e8a3e964a456c802b0cba11b3723b 480e8a3e964a456c802b0cba11b3723b] 199.204.45.246 "GET /allocations/21a64e09-cf82-458d-9b23-af4b358c1bc2" status: 200 len: 258 microversion: 1.28 [pid: 7|app: 0|req: 569/1135] 199.204.45.246 () {34 vars in 862 bytes} [Fri Jun 12 08:48:17 2026] GET /allocations/21a64e09-cf82-458d-9b23-af4b358c1bc2 => generated 258 bytes in 14 msecs (HTTP/1.1 200) 8 headers in 296 bytes (1 switches on core 0)
2026-06-12 08:48:17.640 8 INFO placement.requestlog [req-9f382926-9f09-4c82-be4e-e837aa3756a0 req-10770f9f-b82e-40b4-bca2-1470c907e76c 17ebc9bd5e1341cbad1d546594b38348 07a6677af8024bb2b0c4dd6c361ad08e - - 480e8a3e964a456c802b0cba11b3723b 480e8a3e964a456c802b0cba11b3723b] 199.204.45.246 "GET /allocations/29d4cc62-ec51-42b6-814b-d16dff7c9cd6" status: 200 len: 258 microversion: 1.28 [pid: 8|app: 0|req: 567/1136] 199.204.45.246 () {34 vars in 862 bytes} [Fri Jun 12 08:48:17 2026] GET /allocations/29d4cc62-ec51-42b6-814b-d16dff7c9cd6 => generated 258 bytes in 12 msecs (HTTP/1.1 200) 8 headers in 296 bytes (1 switches on core 0)
2026-06-12 08:48:24.933 7 INFO placement.requestlog [None req-57f105e2-fc38-4f21-86e0-2074849adcc4 - - - - - -] 10.0.0.199 "GET /" status: 200 len: 136 microversion: 1.0
2026-06-12 08:48:24.933 8 INFO placement.requestlog [None req-439cf45a-6bc5-427e-bc24-deb6aaeb801c - - - - - -] 10.0.0.199 "GET /" status: 200 len: 136 microversion: 1.0
2026-06-12 08:48:25.493 7 INFO placement.requestlog [req-0072f96c-485f-41d5-ac2a-e901f9e45d0c req-15e2d882-536d-4ee9-979c-9fd6609799b9 17ebc9bd5e1341cbad1d546594b38348 07a6677af8024bb2b0c4dd6c361ad08e - - 480e8a3e964a456c802b0cba11b3723b 480e8a3e964a456c802b0cba11b3723b] 10.0.0.73 "GET /allocation_candidates?limit=1000&resources=DISK_GB%3A1%2CMEMORY_MB%3A512%2CVCPU%3A1&root_required=%21COMPUTE_STATUS_DISABLED" status: 200 len: 2784 microversion: 1.36 [pid: 7|app: 0|req: 571/1139] 10.0.0.73 () {34 vars in 1010 bytes} [Fri Jun 12 08:48:25 2026] GET /allocation_candidates?limit=1000&resources=DISK_GB%3A1%2CMEMORY_MB%3A512%2CVCPU%3A1&root_required=%21COMPUTE_STATUS_DISABLED => generated 2784 bytes in 55 msecs (HTTP/1.1 200) 8 headers in 297 bytes (1 switches on core 0)
2026-06-12 08:48:25.550 8 INFO placement.requestlog [req-0072f96c-485f-41d5-ac2a-e901f9e45d0c req-e117f711-9332-4de7-bd0c-bf921b994fbd 17ebc9bd5e1341cbad1d546594b38348 07a6677af8024bb2b0c4dd6c361ad08e - - 480e8a3e964a456c802b0cba11b3723b 480e8a3e964a456c802b0cba11b3723b] 10.0.0.73 "GET /allocations/dbd4104a-c930-42ad-8156-3cbe02923cbf" status: 200 len: 19 microversion: 1.28 [pid: 8|app: 0|req: 569/1140] 10.0.0.73 () {34 vars in 859 bytes} [Fri Jun 12 08:48:25 2026] GET /allocations/dbd4104a-c930-42ad-8156-3cbe02923cbf => generated 19 bytes in 12 msecs (HTTP/1.1 200) 8 headers in 295 bytes (1 switches on core 0)
2026-06-12 08:48:25.710 7 INFO placement.requestlog [req-0072f96c-485f-41d5-ac2a-e901f9e45d0c req-9ecc1a82-acd7-4e22-9801-4d3e291f2982 17ebc9bd5e1341cbad1d546594b38348 07a6677af8024bb2b0c4dd6c361ad08e - - 480e8a3e964a456c802b0cba11b3723b 480e8a3e964a456c802b0cba11b3723b] 10.0.0.73 "PUT /allocations/dbd4104a-c930-42ad-8156-3cbe02923cbf" status: 204 len: 0 microversion: 1.36 [pid: 7|app: 0|req: 572/1141] 10.0.0.73 () {38 vars in 912 bytes} [Fri Jun 12 08:48:25 2026] PUT /allocations/dbd4104a-c930-42ad-8156-3cbe02923cbf => generated 0 bytes in 151 msecs (HTTP/1.1 204) 5 headers in 199 bytes (1 switches on core 0)
2026-06-12 08:48:27.286 8 INFO placement.requestlog [req-0072f96c-485f-41d5-ac2a-e901f9e45d0c req-9e72d637-924d-4627-b848-efe766a8ba42 17ebc9bd5e1341cbad1d546594b38348 07a6677af8024bb2b0c4dd6c361ad08e - - 480e8a3e964a456c802b0cba11b3723b 480e8a3e964a456c802b0cba11b3723b] 199.204.45.246 "GET /allocations/dbd4104a-c930-42ad-8156-3cbe02923cbf" status: 200 len: 258 microversion: 1.28 [pid: 8|app: 0|req: 570/1142] 199.204.45.246 () {34 vars in 862 bytes} [Fri Jun 12 08:48:27 2026] GET /allocations/dbd4104a-c930-42ad-8156-3cbe02923cbf => generated 258 bytes in 13 msecs (HTTP/1.1 200) 8 headers in 296 bytes (1 switches on core 0)
2026-06-12 08:48:28.395 7 INFO placement.requestlog [req-0072f96c-485f-41d5-ac2a-e901f9e45d0c req-a021c310-e88d-4b30-9b2a-145584e3d0d7 17ebc9bd5e1341cbad1d546594b38348 07a6677af8024bb2b0c4dd6c361ad08e - - 480e8a3e964a456c802b0cba11b3723b 480e8a3e964a456c802b0cba11b3723b] 199.204.45.246 "GET /resource_providers?in_tree=68a5288a-fc7e-4ece-ae82-6b9ef18c7a56" status: 200 len: 798 microversion: 1.14 [pid: 7|app: 0|req: 573/1143] 199.204.45.246 () {34 vars in 891 bytes} [Fri Jun 12 08:48:28 2026] GET /resource_providers?in_tree=68a5288a-fc7e-4ece-ae82-6b9ef18c7a56 => generated 798 bytes in 86 msecs (HTTP/1.1 200) 6 headers in 225 bytes (1 switches on core 0)
2026-06-12 08:48:28.414 8 INFO placement.requestlog [req-0072f96c-485f-41d5-ac2a-e901f9e45d0c req-8940b116-9185-43dd-9d6e-705912845c0b 17ebc9bd5e1341cbad1d546594b38348 07a6677af8024bb2b0c4dd6c361ad08e - - 480e8a3e964a456c802b0cba11b3723b 480e8a3e964a456c802b0cba11b3723b] 199.204.45.246 "GET /resource_providers/68a5288a-fc7e-4ece-ae82-6b9ef18c7a56/inventories" status: 200 len: 401 microversion: 1.0 [pid: 8|app: 0|req: 571/1144] 199.204.45.246 () {32 vars in 856 bytes} [Fri Jun 12 08:48:28 2026] GET /resource_providers/68a5288a-fc7e-4ece-ae82-6b9ef18c7a56/inventories => generated 401 bytes in 12 msecs (HTTP/1.1 200) 6 headers in 224 bytes (1 switches on core 0)
2026-06-12 08:48:28.444 7 INFO placement.requestlog [req-0072f96c-485f-41d5-ac2a-e901f9e45d0c req-9577a1b5-5cf0-40cb-94b1-86638895650d 17ebc9bd5e1341cbad1d546594b38348 07a6677af8024bb2b0c4dd6c361ad08e - - 480e8a3e964a456c802b0cba11b3723b 480e8a3e964a456c802b0cba11b3723b] 199.204.45.246 "GET /resource_providers/68a5288a-fc7e-4ece-ae82-6b9ef18c7a56/aggregates" status: 200 len: 54 microversion: 1.19 [pid: 7|app: 0|req: 574/1145] 199.204.45.246 () {34 vars in 898 bytes} [Fri Jun 12 08:48:28 2026] GET /resource_providers/68a5288a-fc7e-4ece-ae82-6b9ef18c7a56/aggregates => generated 54 bytes in 27 msecs (HTTP/1.1 200) 8 headers in 295 bytes (1 switches on core 0)
