2026-06-12 08:46:10.224 7 INFO placement.requestlog [req-95f06401-0057-42a6-9b14-30a8458c046d req-fd45582a-eba1-4801-8430-0bc2e3704de6 17ebc9bd5e1341cbad1d546594b38348 07a6677af8024bb2b0c4dd6c361ad08e - - 480e8a3e964a456c802b0cba11b3723b 480e8a3e964a456c802b0cba11b3723b] 199.204.45.246 "GET /allocations/a19be138-5c65-4a8c-ab07-2a3b82cb24e5" status: 200 len: 257 microversion: 1.28 [pid: 7|app: 0|req: 484/967] 199.204.45.246 () {34 vars in 862 bytes} [Fri Jun 12 08:46:10 2026] GET /allocations/a19be138-5c65-4a8c-ab07-2a3b82cb24e5 => generated 257 bytes in 10 msecs (HTTP/1.1 200) 8 headers in 296 bytes (1 switches on core 0)
2026-06-12 08:46:14.935 8 INFO placement.requestlog [None req-c38e95b2-c1fd-46e9-81a1-93ab8b95fe18 - - - - - -] 10.0.0.199 "GET /" status: 200 len: 136 microversion: 1.0
2026-06-12 08:46:14.938 7 INFO placement.requestlog [None req-3030b75a-749d-4294-ac6d-e8b01bd870d6 - - - - - -] 10.0.0.199 "GET /" status: 200 len: 136 microversion: 1.0
2026-06-12 08:46:17.819 8 INFO placement.requestlog [None req-9737a1b8-9312-44a4-9598-383060252e1b c4e489d04dd94b9e858925af6d3bbbaa 07a6677af8024bb2b0c4dd6c361ad08e - - 480e8a3e964a456c802b0cba11b3723b 480e8a3e964a456c802b0cba11b3723b] 10.0.0.173 "GET /resource_providers/db7bfdee-3774-41cd-a3f0-0206762bc48d/aggregates" status: 404 len: 235 microversion: 1.1 [pid: 8|app: 0|req: 485/970] 10.0.0.173 () {32 vars in 815 bytes} [Fri Jun 12 08:46:17 2026] GET /resource_providers/db7bfdee-3774-41cd-a3f0-0206762bc48d/aggregates => generated 235 bytes in 17 msecs (HTTP/1.1 404) 5 headers in 202 bytes (1 switches on core 0)
2026-06-12 08:46:17.823 7 INFO placement.requestlog [None req-bec88bf2-508c-4edb-838c-7dffa1c4a166 c4e489d04dd94b9e858925af6d3bbbaa 07a6677af8024bb2b0c4dd6c361ad08e - - 480e8a3e964a456c802b0cba11b3723b 480e8a3e964a456c802b0cba11b3723b] 10.0.0.173 "GET /resource_providers/db7bfdee-3774-41cd-a3f0-0206762bc48d/aggregates" status: 404 len: 235 microversion: 1.1 [pid: 7|app: 0|req: 486/971] 10.0.0.173 () {32 vars in 815 bytes} [Fri Jun 12 08:46:17 2026] GET /resource_providers/db7bfdee-3774-41cd-a3f0-0206762bc48d/aggregates => generated 235 bytes in 19 msecs (HTTP/1.1 404) 5 headers in 202 bytes (1 switches on core 0)
2026-06-12 08:46:17.851 8 INFO placement.requestlog [None req-60faf138-836c-47c6-b241-c9cd227c696b c4e489d04dd94b9e858925af6d3bbbaa 07a6677af8024bb2b0c4dd6c361ad08e - - 480e8a3e964a456c802b0cba11b3723b 480e8a3e964a456c802b0cba11b3723b] 10.0.0.173 "DELETE /resource_providers/db7bfdee-3774-41cd-a3f0-0206762bc48d" status: 404 len: 246 microversion: 1.1 [pid: 8|app: 0|req: 486/972] 10.0.0.173 () {34 vars in 815 bytes} [Fri Jun 12 08:46:17 2026] DELETE /resource_providers/db7bfdee-3774-41cd-a3f0-0206762bc48d => generated 246 bytes in 12 msecs (HTTP/1.1 404) 6 headers in 231 bytes (1 switches on core 0)
2026-06-12 08:46:17.859 7 INFO placement.requestlog [None req-0214413f-2827-4c26-8d58-6845ab895b8b c4e489d04dd94b9e858925af6d3bbbaa 07a6677af8024bb2b0c4dd6c361ad08e - - 480e8a3e964a456c802b0cba11b3723b 480e8a3e964a456c802b0cba11b3723b] 10.0.0.173 "DELETE /resource_providers/db7bfdee-3774-41cd-a3f0-0206762bc48d" status: 404 len: 246 microversion: 1.1 [pid: 7|app: 0|req: 487/973] 10.0.0.173 () {34 vars in 815 bytes} [Fri Jun 12 08:46:17 2026] DELETE /resource_providers/db7bfdee-3774-41cd-a3f0-0206762bc48d => generated 246 bytes in 14 msecs (HTTP/1.1 404) 6 headers in 231 bytes (1 switches on core 0)
2026-06-12 08:46:21.763 8 INFO placement.requestlog [None req-87518e42-4654-40cc-afba-e7a2bddc2e87 c4e489d04dd94b9e858925af6d3bbbaa 07a6677af8024bb2b0c4dd6c361ad08e - - 480e8a3e964a456c802b0cba11b3723b 480e8a3e964a456c802b0cba11b3723b] 10.0.0.173 "GET /resource_providers/eff690ed-d6b5-4d49-8b9b-1915dba46278/aggregates" status: 404 len: 235 microversion: 1.1
2026-06-12 08:46:21.768 7 INFO placement.requestlog [None req-40e1ae67-71e9-4ada-afc4-deee987d71ba c4e489d04dd94b9e858925af6d3bbbaa 07a6677af8024bb2b0c4dd6c361ad08e - - 480e8a3e964a456c802b0cba11b3723b 480e8a3e964a456c802b0cba11b3723b] 10.0.0.173 "GET /resource_providers/eff690ed-d6b5-4d49-8b9b-1915dba46278/aggregates" status: 404 len: 235 microversion: 1.1 [pid: 8|app: 0|req: 487/974] 10.0.0.173 () {32 vars in 815 bytes} [Fri Jun 12 08:46:21 2026] GET /resource_providers/eff690ed-d6b5-4d49-8b9b-1915dba46278/aggregates => generated 235 bytes in 19 msecs (HTTP/1.1 404) 5 headers in 202 bytes (1 switches on core 0) [pid: 7|app: 0|req: 488/975] 10.0.0.173 () {32 vars in 815 bytes} [Fri Jun 12 08:46:21 2026] GET /resource_providers/eff690ed-d6b5-4d49-8b9b-1915dba46278/aggregates => generated 235 bytes in 12 msecs (HTTP/1.1 404) 5 headers in 202 bytes (1 switches on core 0)
2026-06-12 08:46:21.800 8 INFO placement.requestlog [None req-026a4539-5e82-4a5a-a2f0-8194c1e3c46e c4e489d04dd94b9e858925af6d3bbbaa 07a6677af8024bb2b0c4dd6c361ad08e - - 480e8a3e964a456c802b0cba11b3723b 480e8a3e964a456c802b0cba11b3723b] 10.0.0.173 "DELETE /resource_providers/eff690ed-d6b5-4d49-8b9b-1915dba46278" status: 404 len: 246 microversion: 1.1 [pid: 8|app: 0|req: 488/976] 10.0.0.173 () {34 vars in 815 bytes} [Fri Jun 12 08:46:21 2026] DELETE /resource_providers/eff690ed-d6b5-4d49-8b9b-1915dba46278 => generated 246 bytes in 12 msecs (HTTP/1.1 404) 6 headers in 231 bytes (1 switches on core 0)
2026-06-12 08:46:21.808 7 INFO placement.requestlog [None req-741a1829-1e8c-4b25-a9f0-880395a3f3d4 c4e489d04dd94b9e858925af6d3bbbaa 07a6677af8024bb2b0c4dd6c361ad08e - - 480e8a3e964a456c802b0cba11b3723b 480e8a3e964a456c802b0cba11b3723b] 10.0.0.173 "DELETE /resource_providers/eff690ed-d6b5-4d49-8b9b-1915dba46278" status: 404 len: 246 microversion: 1.1 [pid: 7|app: 0|req: 489/977] 10.0.0.173 () {34 vars in 815 bytes} [Fri Jun 12 08:46:21 2026] DELETE /resource_providers/eff690ed-d6b5-4d49-8b9b-1915dba46278 => generated 246 bytes in 20 msecs (HTTP/1.1 404) 6 headers in 231 bytes (1 switches on core 0)
2026-06-12 08:46:22.162 7 INFO placement.requestlog [None req-0ac4cf4a-8891-4bd4-a36f-29ee72325cd8 c4e489d04dd94b9e858925af6d3bbbaa 07a6677af8024bb2b0c4dd6c361ad08e - - 480e8a3e964a456c802b0cba11b3723b 480e8a3e964a456c802b0cba11b3723b] 10.0.0.173 "GET /resource_providers/8023c266-7001-42b5-9e6c-6130c993d36a/aggregates" status: 404 len: 235 microversion: 1.1 [pid: 7|app: 0|req: 490/978] 10.0.0.173 () {32 vars in 815 bytes} [Fri Jun 12 08:46:22 2026] GET /resource_providers/8023c266-7001-42b5-9e6c-6130c993d36a/aggregates => generated 235 bytes in 12 msecs (HTTP/1.1 404) 5 headers in 202 bytes (1 switches on core 0)
2026-06-12 08:46:22.164 8 INFO placement.requestlog [None req-994a9f5a-21a0-435b-8a1a-77154b3580bb c4e489d04dd94b9e858925af6d3bbbaa 07a6677af8024bb2b0c4dd6c361ad08e - - 480e8a3e964a456c802b0cba11b3723b 480e8a3e964a456c802b0cba11b3723b] 10.0.0.173 "GET /resource_providers/8023c266-7001-42b5-9e6c-6130c993d36a/aggregates" status: 404 len: 235 microversion: 1.1 [pid: 8|app: 0|req: 489/979] 10.0.0.173 () {32 vars in 815 bytes} [Fri Jun 12 08:46:22 2026] GET /resource_providers/8023c266-7001-42b5-9e6c-6130c993d36a/aggregates => generated 235 bytes in 14 msecs (HTTP/1.1 404) 5 headers in 202 bytes (1 switches on core 0)
2026-06-12 08:46:22.190 7 INFO placement.requestlog [None req-936118ea-4b91-4427-9bdf-30fe12b595ad c4e489d04dd94b9e858925af6d3bbbaa 07a6677af8024bb2b0c4dd6c361ad08e - - 480e8a3e964a456c802b0cba11b3723b 480e8a3e964a456c802b0cba11b3723b] 10.0.0.173 "DELETE /resource_providers/8023c266-7001-42b5-9e6c-6130c993d36a" status: 404 len: 246 microversion: 1.1 [pid: 7|app: 0|req: 491/980] 10.0.0.173 () {34 vars in 815 bytes} [Fri Jun 12 08:46:22 2026] DELETE /resource_providers/8023c266-7001-42b5-9e6c-6130c993d36a => generated 246 bytes in 12 msecs (HTTP/1.1 404) 6 headers in 231 bytes (1 switches on core 0)
2026-06-12 08:46:22.196 8 INFO placement.requestlog [None req-52a9cb9a-d971-44b7-bddc-ebed75543d9e c4e489d04dd94b9e858925af6d3bbbaa 07a6677af8024bb2b0c4dd6c361ad08e - - 480e8a3e964a456c802b0cba11b3723b 480e8a3e964a456c802b0cba11b3723b] 10.0.0.173 "DELETE /resource_providers/8023c266-7001-42b5-9e6c-6130c993d36a" status: 404 len: 246 microversion: 1.1 [pid: 8|app: 0|req: 490/981] 10.0.0.173 () {34 vars in 815 bytes} [Fri Jun 12 08:46:22 2026] DELETE /resource_providers/8023c266-7001-42b5-9e6c-6130c993d36a => generated 246 bytes in 11 msecs (HTTP/1.1 404) 6 headers in 231 bytes (1 switches on core 0)
2026-06-12 08:46:23.860 7 INFO placement.requestlog [None req-90669cd9-cb3a-47b5-b37c-a0a0a5a5ebe3 c4e489d04dd94b9e858925af6d3bbbaa 07a6677af8024bb2b0c4dd6c361ad08e - - 480e8a3e964a456c802b0cba11b3723b 480e8a3e964a456c802b0cba11b3723b] 10.0.0.173 "GET /resource_providers/f9188d60-8aae-4b89-983f-297cc555f173/aggregates" status: 404 len: 235 microversion: 1.1 [pid: 7|app: 0|req: 492/982] 10.0.0.173 () {32 vars in 815 bytes} [Fri Jun 12 08:46:23 2026] GET /resource_providers/f9188d60-8aae-4b89-983f-297cc555f173/aggregates => generated 235 bytes in 8 msecs (HTTP/1.1 404) 5 headers in 202 bytes (1 switches on core 0)
2026-06-12 08:46:23.868 8 INFO placement.requestlog [None req-e9e8dfc8-030c-4bba-8c2b-baf2d575abe4 c4e489d04dd94b9e858925af6d3bbbaa 07a6677af8024bb2b0c4dd6c361ad08e - - 480e8a3e964a456c802b0cba11b3723b 480e8a3e964a456c802b0cba11b3723b] 10.0.0.173 "GET /resource_providers/f9188d60-8aae-4b89-983f-297cc555f173/aggregates" status: 404 len: 235 microversion: 1.1 [pid: 8|app: 0|req: 491/983] 10.0.0.173 () {32 vars in 815 bytes} [Fri Jun 12 08:46:23 2026] GET /resource_providers/f9188d60-8aae-4b89-983f-297cc555f173/aggregates => generated 235 bytes in 12 msecs (HTTP/1.1 404) 5 headers in 202 bytes (1 switches on core 0)
2026-06-12 08:46:23.878 7 INFO placement.requestlog [None req-3a08c57f-e8cb-4f2f-a5db-559f673f6c94 c4e489d04dd94b9e858925af6d3bbbaa 07a6677af8024bb2b0c4dd6c361ad08e - - 480e8a3e964a456c802b0cba11b3723b 480e8a3e964a456c802b0cba11b3723b] 10.0.0.173 "DELETE /resource_providers/f9188d60-8aae-4b89-983f-297cc555f173" status: 404 len: 246 microversion: 1.1 [pid: 7|app: 0|req: 493/984] 10.0.0.173 () {34 vars in 815 bytes} [Fri Jun 12 08:46:23 2026] DELETE /resource_providers/f9188d60-8aae-4b89-983f-297cc555f173 => generated 246 bytes in 8 msecs (HTTP/1.1 404) 6 headers in 231 bytes (1 switches on core 0)
2026-06-12 08:46:23.887 8 INFO placement.requestlog [None req-33045e60-e9aa-42cd-82cb-e5d5b44946a0 c4e489d04dd94b9e858925af6d3bbbaa 07a6677af8024bb2b0c4dd6c361ad08e - - 480e8a3e964a456c802b0cba11b3723b 480e8a3e964a456c802b0cba11b3723b] 10.0.0.173 "DELETE /resource_providers/f9188d60-8aae-4b89-983f-297cc555f173" status: 404 len: 246 microversion: 1.1 [pid: 8|app: 0|req: 492/985] 10.0.0.173 () {34 vars in 815 bytes} [Fri Jun 12 08:46:23 2026] DELETE /resource_providers/f9188d60-8aae-4b89-983f-297cc555f173 => generated 246 bytes in 9 msecs (HTTP/1.1 404) 6 headers in 231 bytes (1 switches on core 0)
2026-06-12 08:46:24.213 7 INFO placement.requestlog [None req-84961b6e-4aee-41f4-9012-f02af2b964ab c4e489d04dd94b9e858925af6d3bbbaa 07a6677af8024bb2b0c4dd6c361ad08e - - 480e8a3e964a456c802b0cba11b3723b 480e8a3e964a456c802b0cba11b3723b] 10.0.0.173 "GET /resource_providers/2b609252-6f3f-4c6f-bf0c-8aa849b039e7/aggregates" status: 404 len: 235 microversion: 1.1 [pid: 7|app: 0|req: 494/986] 10.0.0.173 () {32 vars in 815 bytes} [Fri Jun 12 08:46:24 2026] GET /resource_providers/2b609252-6f3f-4c6f-bf0c-8aa849b039e7/aggregates => generated 235 bytes in 8 msecs (HTTP/1.1 404) 5 headers in 202 bytes (1 switches on core 0)
2026-06-12 08:46:24.221 8 INFO placement.requestlog [None req-d14f9c57-a29a-40be-a97b-573301e7f916 c4e489d04dd94b9e858925af6d3bbbaa 07a6677af8024bb2b0c4dd6c361ad08e - - 480e8a3e964a456c802b0cba11b3723b 480e8a3e964a456c802b0cba11b3723b] 10.0.0.173 "GET /resource_providers/2b609252-6f3f-4c6f-bf0c-8aa849b039e7/aggregates" status: 404 len: 235 microversion: 1.1 [pid: 8|app: 0|req: 493/987] 10.0.0.173 () {32 vars in 815 bytes} [Fri Jun 12 08:46:24 2026] GET /resource_providers/2b609252-6f3f-4c6f-bf0c-8aa849b039e7/aggregates => generated 235 bytes in 10 msecs (HTTP/1.1 404) 5 headers in 202 bytes (1 switches on core 0)
2026-06-12 08:46:24.230 7 INFO placement.requestlog [None req-4ae1b1c6-79a6-43b2-b6d8-70cbfbfa7078 c4e489d04dd94b9e858925af6d3bbbaa 07a6677af8024bb2b0c4dd6c361ad08e - - 480e8a3e964a456c802b0cba11b3723b 480e8a3e964a456c802b0cba11b3723b] 10.0.0.173 "DELETE /resource_providers/2b609252-6f3f-4c6f-bf0c-8aa849b039e7" status: 404 len: 246 microversion: 1.1 [pid: 7|app: 0|req: 495/988] 10.0.0.173 () {34 vars in 815 bytes} [Fri Jun 12 08:46:24 2026] DELETE /resource_providers/2b609252-6f3f-4c6f-bf0c-8aa849b039e7 => generated 246 bytes in 9 msecs (HTTP/1.1 404) 6 headers in 231 bytes (1 switches on core 0)
2026-06-12 08:46:24.234 8 INFO placement.requestlog [None req-8540989e-1eef-4374-8c68-e2e8991053e1 c4e489d04dd94b9e858925af6d3bbbaa 07a6677af8024bb2b0c4dd6c361ad08e - - 480e8a3e964a456c802b0cba11b3723b 480e8a3e964a456c802b0cba11b3723b] 10.0.0.173 "DELETE /resource_providers/2b609252-6f3f-4c6f-bf0c-8aa849b039e7" status: 404 len: 246 microversion: 1.1 [pid: 8|app: 0|req: 494/989] 10.0.0.173 () {34 vars in 815 bytes} [Fri Jun 12 08:46:24 2026] DELETE /resource_providers/2b609252-6f3f-4c6f-bf0c-8aa849b039e7 => generated 246 bytes in 8 msecs (HTTP/1.1 404) 6 headers in 231 bytes (1 switches on core 0)
2026-06-12 08:46:24.246 7 INFO placement.requestlog [None req-ec19d6a8-afcd-4351-9807-f19ccda19f5d c4e489d04dd94b9e858925af6d3bbbaa 07a6677af8024bb2b0c4dd6c361ad08e - - 480e8a3e964a456c802b0cba11b3723b 480e8a3e964a456c802b0cba11b3723b] 10.0.0.173 "GET /resource_providers/18fd062c-e941-4918-aa35-56ec21738220/aggregates" status: 404 len: 235 microversion: 1.1 [pid: 7|app: 0|req: 496/990] 10.0.0.173 () {32 vars in 815 bytes} [Fri Jun 12 08:46:24 2026] GET /resource_providers/18fd062c-e941-4918-aa35-56ec21738220/aggregates => generated 235 bytes in 9 msecs (HTTP/1.1 404) 5 headers in 202 bytes (1 switches on core 0)
2026-06-12 08:46:24.265 8 INFO placement.requestlog [None req-c46f248c-4a7d-4b11-8c22-e645a541bd98 c4e489d04dd94b9e858925af6d3bbbaa 07a6677af8024bb2b0c4dd6c361ad08e - - 480e8a3e964a456c802b0cba11b3723b 480e8a3e964a456c802b0cba11b3723b] 10.0.0.173 "GET /resource_providers/18fd062c-e941-4918-aa35-56ec21738220/aggregates" status: 404 len: 235 microversion: 1.1 [pid: 8|app: 0|req: 495/991] 10.0.0.173 () {32 vars in 815 bytes} [Fri Jun 12 08:46:24 2026] GET /resource_providers/18fd062c-e941-4918-aa35-56ec21738220/aggregates => generated 235 bytes in 12 msecs (HTTP/1.1 404) 5 headers in 202 bytes (1 switches on core 0)
2026-06-12 08:46:24.270 7 INFO placement.requestlog [None req-40a4b76b-9bbc-438e-9e58-c13380b7adc9 c4e489d04dd94b9e858925af6d3bbbaa 07a6677af8024bb2b0c4dd6c361ad08e - - 480e8a3e964a456c802b0cba11b3723b 480e8a3e964a456c802b0cba11b3723b] 10.0.0.173 "DELETE /resource_providers/18fd062c-e941-4918-aa35-56ec21738220" status: 404 len: 246 microversion: 1.1 [pid: 7|app: 0|req: 497/992] 10.0.0.173 () {34 vars in 815 bytes} [Fri Jun 12 08:46:24 2026] DELETE /resource_providers/18fd062c-e941-4918-aa35-56ec21738220 => generated 246 bytes in 11 msecs (HTTP/1.1 404) 6 headers in 231 bytes (1 switches on core 0)
2026-06-12 08:46:24.290 8 INFO placement.requestlog [None req-76381709-98a0-4dce-bf92-15ad3a1163bb c4e489d04dd94b9e858925af6d3bbbaa 07a6677af8024bb2b0c4dd6c361ad08e - - 480e8a3e964a456c802b0cba11b3723b 480e8a3e964a456c802b0cba11b3723b] 10.0.0.173 "DELETE /resource_providers/18fd062c-e941-4918-aa35-56ec21738220" status: 404 len: 246 microversion: 1.1 [pid: 8|app: 0|req: 496/993] 10.0.0.173 () {34 vars in 815 bytes} [Fri Jun 12 08:46:24 2026] DELETE /resource_providers/18fd062c-e941-4918-aa35-56ec21738220 => generated 246 bytes in 13 msecs (HTTP/1.1 404) 6 headers in 231 bytes (1 switches on core 0)
2026-06-12 08:46:24.934 7 INFO placement.requestlog [None req-14089bec-977b-4e72-94fa-e331b3d0f1e4 - - - - - -] 10.0.0.199 "GET /" status: 200 len: 136 microversion: 1.0
2026-06-12 08:46:24.935 8 INFO placement.requestlog [None req-8f5aa8a0-c91a-4b16-bb78-6a2bf635b71e - - - - - -] 10.0.0.199 "GET /" status: 200 len: 136 microversion: 1.0
2026-06-12 08:46:29.874 7 INFO placement.requestlog [req-4ad0490f-7891-45ce-be7b-1ecff083cdbc req-8f14965b-6773-4e9d-92eb-509f489f48c6 17ebc9bd5e1341cbad1d546594b38348 07a6677af8024bb2b0c4dd6c361ad08e - - 480e8a3e964a456c802b0cba11b3723b 480e8a3e964a456c802b0cba11b3723b] 199.204.45.246 "GET /resource_providers/68a5288a-fc7e-4ece-ae82-6b9ef18c7a56/allocations" status: 200 len: 152 microversion: 1.0 [pid: 7|app: 0|req: 499/996] 199.204.45.246 () {32 vars in 856 bytes} [Fri Jun 12 08:46:29 2026] GET /resource_providers/68a5288a-fc7e-4ece-ae82-6b9ef18c7a56/allocations => generated 152 bytes in 23 msecs (HTTP/1.1 200) 6 headers in 224 bytes (1 switches on core 0)
2026-06-12 08:46:29.904 8 INFO placement.requestlog [req-4ad0490f-7891-45ce-be7b-1ecff083cdbc req-0800b628-8fd5-4a20-a752-b3364f754485 17ebc9bd5e1341cbad1d546594b38348 07a6677af8024bb2b0c4dd6c361ad08e - - 480e8a3e964a456c802b0cba11b3723b 480e8a3e964a456c802b0cba11b3723b] 199.204.45.246 "GET /resource_providers/68a5288a-fc7e-4ece-ae82-6b9ef18c7a56/allocations" status: 200 len: 152 microversion: 1.0 [pid: 8|app: 0|req: 498/997] 199.204.45.246 () {32 vars in 856 bytes} [Fri Jun 12 08:46:29 2026] GET /resource_providers/68a5288a-fc7e-4ece-ae82-6b9ef18c7a56/allocations => generated 152 bytes in 20 msecs (HTTP/1.1 200) 6 headers in 224 bytes (1 switches on core 0)
2026-06-12 08:46:29.918 7 INFO placement.requestlog [req-4ad0490f-7891-45ce-be7b-1ecff083cdbc req-82236e1e-5b31-4f27-83a2-5cc618035ca4 17ebc9bd5e1341cbad1d546594b38348 07a6677af8024bb2b0c4dd6c361ad08e - - 480e8a3e964a456c802b0cba11b3723b 480e8a3e964a456c802b0cba11b3723b] 199.204.45.246 "GET /allocations/a19be138-5c65-4a8c-ab07-2a3b82cb24e5" status: 200 len: 257 microversion: 1.28 [pid: 7|app: 0|req: 500/998] 199.204.45.246 () {34 vars in 862 bytes} [Fri Jun 12 08:46:29 2026] GET /allocations/a19be138-5c65-4a8c-ab07-2a3b82cb24e5 => generated 257 bytes in 10 msecs (HTTP/1.1 200) 8 headers in 296 bytes (1 switches on core 0)
2026-06-12 08:46:30.960 8 INFO placement.requestlog [req-864bdc30-8f91-4f1e-b21d-2ad39b644fd8 req-9e9c3b92-e5f2-4969-94e4-c07754d56b74 17ebc9bd5e1341cbad1d546594b38348 07a6677af8024bb2b0c4dd6c361ad08e - - 480e8a3e964a456c802b0cba11b3723b 480e8a3e964a456c802b0cba11b3723b] 199.204.45.246 "GET /resource_providers/68a5288a-fc7e-4ece-ae82-6b9ef18c7a56/allocations" status: 200 len: 152 microversion: 1.0 [pid: 8|app: 0|req: 499/999] 199.204.45.246 () {32 vars in 856 bytes} [Fri Jun 12 08:46:30 2026] GET /resource_providers/68a5288a-fc7e-4ece-ae82-6b9ef18c7a56/allocations => generated 152 bytes in 16 msecs (HTTP/1.1 200) 6 headers in 224 bytes (1 switches on core 0)
2026-06-12 08:46:30.979 7 INFO placement.requestlog [req-864bdc30-8f91-4f1e-b21d-2ad39b644fd8 req-aca42440-9d9d-4ee3-9324-3a69ced50576 17ebc9bd5e1341cbad1d546594b38348 07a6677af8024bb2b0c4dd6c361ad08e - - 480e8a3e964a456c802b0cba11b3723b 480e8a3e964a456c802b0cba11b3723b] 199.204.45.246 "GET /allocations/a19be138-5c65-4a8c-ab07-2a3b82cb24e5" status: 200 len: 257 microversion: 1.28 [pid: 7|app: 0|req: 501/1000] 199.204.45.246 () {34 vars in 862 bytes} [Fri Jun 12 08:46:30 2026] GET /allocations/a19be138-5c65-4a8c-ab07-2a3b82cb24e5 => generated 257 bytes in 14 msecs (HTTP/1.1 200) 8 headers in 296 bytes (1 switches on core 0)
2026-06-12 08:46:32.034 8 INFO placement.requestlog [req-864bdc30-8f91-4f1e-b21d-2ad39b644fd8 req-2e291f3e-069f-4c38-956d-ffdfabdd02df 17ebc9bd5e1341cbad1d546594b38348 07a6677af8024bb2b0c4dd6c361ad08e - - 480e8a3e964a456c802b0cba11b3723b 480e8a3e964a456c802b0cba11b3723b] 199.204.45.246 "DELETE /allocations/a19be138-5c65-4a8c-ab07-2a3b82cb24e5" status: 204 len: 0 microversion: 1.0 [pid: 8|app: 0|req: 500/1001] 199.204.45.246 () {34 vars in 840 bytes} [Fri Jun 12 08:46:31 2026] DELETE /allocations/a19be138-5c65-4a8c-ab07-2a3b82cb24e5 => generated 0 bytes in 35 msecs (HTTP/1.1 204) 5 headers in 198 bytes (1 switches on core 0)
2026-06-12 08:46:34.933 7 INFO placement.requestlog [None req-8174b410-73c6-420f-b5af-454fdf2c92c3 - - - - - -] 10.0.0.199 "GET /" status: 200 len: 136 microversion: 1.0
2026-06-12 08:46:34.933 8 INFO placement.requestlog [None req-c89f4e43-6106-44f1-92a5-a0380cefe2e9 - - - - - -] 10.0.0.199 "GET /" status: 200 len: 136 microversion: 1.0
2026-06-12 08:46:37.593 7 INFO placement.requestlog [None req-ffe1ad78-8386-4627-a8d3-cc13c72d94ff c4e489d04dd94b9e858925af6d3bbbaa 07a6677af8024bb2b0c4dd6c361ad08e - - 480e8a3e964a456c802b0cba11b3723b 480e8a3e964a456c802b0cba11b3723b] 10.0.0.173 "GET /resource_providers/71ff6269-ab22-4732-aea1-debfff0b7f31/aggregates" status: 404 len: 235 microversion: 1.1 [pid: 7|app: 0|req: 503/1004] 10.0.0.173 () {32 vars in 815 bytes} [Fri Jun 12 08:46:37 2026] GET /resource_providers/71ff6269-ab22-4732-aea1-debfff0b7f31/aggregates => generated 235 bytes in 9 msecs (HTTP/1.1 404) 5 headers in 202 bytes (1 switches on core 0)
2026-06-12 08:46:37.598 8 INFO placement.requestlog [None req-54de754d-c9ab-44fb-80d3-f87b21ed9240 c4e489d04dd94b9e858925af6d3bbbaa 07a6677af8024bb2b0c4dd6c361ad08e - - 480e8a3e964a456c802b0cba11b3723b 480e8a3e964a456c802b0cba11b3723b] 10.0.0.173 "GET /resource_providers/71ff6269-ab22-4732-aea1-debfff0b7f31/aggregates" status: 404 len: 235 microversion: 1.1 [pid: 8|app: 0|req: 502/1005] 10.0.0.173 () {32 vars in 815 bytes} [Fri Jun 12 08:46:37 2026] GET /resource_providers/71ff6269-ab22-4732-aea1-debfff0b7f31/aggregates => generated 235 bytes in 10 msecs (HTTP/1.1 404) 5 headers in 202 bytes (1 switches on core 0)
2026-06-12 08:46:37.609 7 INFO placement.requestlog [None req-c13673f3-86bf-47eb-901b-17f3f1010e55 c4e489d04dd94b9e858925af6d3bbbaa 07a6677af8024bb2b0c4dd6c361ad08e - - 480e8a3e964a456c802b0cba11b3723b 480e8a3e964a456c802b0cba11b3723b] 10.0.0.173 "DELETE /resource_providers/71ff6269-ab22-4732-aea1-debfff0b7f31" status: 404 len: 246 microversion: 1.1 [pid: 7|app: 0|req: 504/1006] 10.0.0.173 () {34 vars in 815 bytes} [Fri Jun 12 08:46:37 2026] DELETE /resource_providers/71ff6269-ab22-4732-aea1-debfff0b7f31 => generated 246 bytes in 5 msecs (HTTP/1.1 404) 6 headers in 231 bytes (1 switches on core 0)
2026-06-12 08:46:37.618 8 INFO placement.requestlog [None req-a8fd5880-7770-408f-9eb1-7bf152e4755a c4e489d04dd94b9e858925af6d3bbbaa 07a6677af8024bb2b0c4dd6c361ad08e - - 480e8a3e964a456c802b0cba11b3723b 480e8a3e964a456c802b0cba11b3723b] 10.0.0.173 "DELETE /resource_providers/71ff6269-ab22-4732-aea1-debfff0b7f31" status: 404 len: 246 microversion: 1.1 [pid: 8|app: 0|req: 503/1007] 10.0.0.173 () {34 vars in 815 bytes} [Fri Jun 12 08:46:37 2026] DELETE /resource_providers/71ff6269-ab22-4732-aea1-debfff0b7f31 => generated 246 bytes in 9 msecs (HTTP/1.1 404) 6 headers in 231 bytes (1 switches on core 0)
2026-06-12 08:46:38.425 7 INFO placement.requestlog [None req-eb63a634-85c1-47eb-98ee-0b5827f76112 c4e489d04dd94b9e858925af6d3bbbaa 07a6677af8024bb2b0c4dd6c361ad08e - - 480e8a3e964a456c802b0cba11b3723b 480e8a3e964a456c802b0cba11b3723b] 10.0.0.173 "GET /resource_providers/ead278a4-d8e2-4fa2-91e8-341a3536becf/aggregates" status: 404 len: 235 microversion: 1.1 [pid: 7|app: 0|req: 505/1008] 10.0.0.173 () {32 vars in 815 bytes} [Fri Jun 12 08:46:38 2026] GET /resource_providers/ead278a4-d8e2-4fa2-91e8-341a3536becf/aggregates => generated 235 bytes in 7 msecs (HTTP/1.1 404) 5 headers in 202 bytes (1 switches on core 0)
2026-06-12 08:46:38.428 8 INFO placement.requestlog [None req-0416eeb2-7089-491b-acf3-62921764c30d c4e489d04dd94b9e858925af6d3bbbaa 07a6677af8024bb2b0c4dd6c361ad08e - - 480e8a3e964a456c802b0cba11b3723b 480e8a3e964a456c802b0cba11b3723b] 10.0.0.173 "GET /resource_providers/ead278a4-d8e2-4fa2-91e8-341a3536becf/aggregates" status: 404 len: 235 microversion: 1.1 [pid: 8|app: 0|req: 504/1009] 10.0.0.173 () {32 vars in 815 bytes} [Fri Jun 12 08:46:38 2026] GET /resource_providers/ead278a4-d8e2-4fa2-91e8-341a3536becf/aggregates => generated 235 bytes in 11 msecs (HTTP/1.1 404) 5 headers in 202 bytes (1 switches on core 0)
2026-06-12 08:46:38.446 7 INFO placement.requestlog [None req-0f82632d-3dd5-48d9-ba91-967f2852bff3 c4e489d04dd94b9e858925af6d3bbbaa 07a6677af8024bb2b0c4dd6c361ad08e - - 480e8a3e964a456c802b0cba11b3723b 480e8a3e964a456c802b0cba11b3723b] 10.0.0.173 "DELETE /resource_providers/ead278a4-d8e2-4fa2-91e8-341a3536becf" status: 404 len: 246 microversion: 1.1 [pid: 7|app: 0|req: 506/1010] 10.0.0.173 () {34 vars in 815 bytes} [Fri Jun 12 08:46:38 2026] DELETE /resource_providers/ead278a4-d8e2-4fa2-91e8-341a3536becf => generated 246 bytes in 9 msecs (HTTP/1.1 404) 6 headers in 231 bytes (1 switches on core 0)
2026-06-12 08:46:38.461 8 INFO placement.requestlog [None req-350205b2-b09e-4173-af20-f0b4b6d17087 c4e489d04dd94b9e858925af6d3bbbaa 07a6677af8024bb2b0c4dd6c361ad08e - - 480e8a3e964a456c802b0cba11b3723b 480e8a3e964a456c802b0cba11b3723b] 10.0.0.173 "DELETE /resource_providers/ead278a4-d8e2-4fa2-91e8-341a3536becf" status: 404 len: 246 microversion: 1.1 [pid: 8|app: 0|req: 505/1011] 10.0.0.173 () {34 vars in 815 bytes} [Fri Jun 12 08:46:38 2026] DELETE /resource_providers/ead278a4-d8e2-4fa2-91e8-341a3536becf => generated 246 bytes in 22 msecs (HTTP/1.1 404) 6 headers in 231 bytes (1 switches on core 0)
2026-06-12 08:46:42.350 7 INFO placement.requestlog [req-2141faa7-f5cc-4755-8a8d-916573a22d4a req-bfbbf249-e705-495c-bddb-947e8f2bb652 17ebc9bd5e1341cbad1d546594b38348 07a6677af8024bb2b0c4dd6c361ad08e - - 480e8a3e964a456c802b0cba11b3723b 480e8a3e964a456c802b0cba11b3723b] 10.0.0.73 "GET /allocation_candidates?limit=1000&resources=DISK_GB%3A1%2CMEMORY_MB%3A512%2CVCPU%3A1&root_required=%21COMPUTE_STATUS_DISABLED" status: 200 len: 2781 microversion: 1.36 [pid: 7|app: 0|req: 507/1012] 10.0.0.73 () {34 vars in 1010 bytes} [Fri Jun 12 08:46:42 2026] GET /allocation_candidates?limit=1000&resources=DISK_GB%3A1%2CMEMORY_MB%3A512%2CVCPU%3A1&root_required=%21COMPUTE_STATUS_DISABLED => generated 2781 bytes in 36 msecs (HTTP/1.1 200) 8 headers in 297 bytes (1 switches on core 0)
2026-06-12 08:46:42.377 8 INFO placement.requestlog [req-2141faa7-f5cc-4755-8a8d-916573a22d4a req-197086e2-d1a6-4d80-a98f-fad761a27998 17ebc9bd5e1341cbad1d546594b38348 07a6677af8024bb2b0c4dd6c361ad08e - - 480e8a3e964a456c802b0cba11b3723b 480e8a3e964a456c802b0cba11b3723b] 10.0.0.73 "GET /allocations/66c69d13-4256-4f0d-9e0c-4736ee1bcd81" status: 200 len: 19 microversion: 1.28 [pid: 8|app: 0|req: 506/1013] 10.0.0.73 () {34 vars in 859 bytes} [Fri Jun 12 08:46:42 2026] GET /allocations/66c69d13-4256-4f0d-9e0c-4736ee1bcd81 => generated 19 bytes in 8 msecs (HTTP/1.1 200) 8 headers in 295 bytes (1 switches on core 0)
2026-06-12 08:46:42.444 7 INFO placement.requestlog [req-2141faa7-f5cc-4755-8a8d-916573a22d4a req-47790e1c-c36c-4266-829a-196b352a36d7 17ebc9bd5e1341cbad1d546594b38348 07a6677af8024bb2b0c4dd6c361ad08e - - 480e8a3e964a456c802b0cba11b3723b 480e8a3e964a456c802b0cba11b3723b] 10.0.0.73 "PUT /allocations/66c69d13-4256-4f0d-9e0c-4736ee1bcd81" status: 204 len: 0 microversion: 1.36 [pid: 7|app: 0|req: 508/1014] 10.0.0.73 () {38 vars in 912 bytes} [Fri Jun 12 08:46:42 2026] PUT /allocations/66c69d13-4256-4f0d-9e0c-4736ee1bcd81 => generated 0 bytes in 61 msecs (HTTP/1.1 204) 5 headers in 199 bytes (1 switches on core 0)
2026-06-12 08:46:43.963 8 INFO placement.requestlog [req-2141faa7-f5cc-4755-8a8d-916573a22d4a req-0044b0ea-3b6c-4b17-9481-8fe4a4c38ee3 17ebc9bd5e1341cbad1d546594b38348 07a6677af8024bb2b0c4dd6c361ad08e - - 480e8a3e964a456c802b0cba11b3723b 480e8a3e964a456c802b0cba11b3723b] 199.204.45.246 "GET /allocations/66c69d13-4256-4f0d-9e0c-4736ee1bcd81" status: 200 len: 258 microversion: 1.28 [pid: 8|app: 0|req: 507/1015] 199.204.45.246 () {34 vars in 862 bytes} [Fri Jun 12 08:46:43 2026] GET /allocations/66c69d13-4256-4f0d-9e0c-4736ee1bcd81 => generated 258 bytes in 10 msecs (HTTP/1.1 200) 8 headers in 296 bytes (1 switches on core 0)
2026-06-12 08:46:44.374 7 INFO placement.requestlog [None req-d065e758-cce3-4f29-bfed-a052a8436bcf c4e489d04dd94b9e858925af6d3bbbaa 07a6677af8024bb2b0c4dd6c361ad08e - - 480e8a3e964a456c802b0cba11b3723b 480e8a3e964a456c802b0cba11b3723b] 10.0.0.173 "GET /resource_providers/167b16ca-f208-45ab-82a1-a2742cb1e122/aggregates" status: 404 len: 235 microversion: 1.1 [pid: 7|app: 0|req: 509/1016] 10.0.0.173 () {32 vars in 815 bytes} [Fri Jun 12 08:46:44 2026] GET /resource_providers/167b16ca-f208-45ab-82a1-a2742cb1e122/aggregates => generated 235 bytes in 8 msecs (HTTP/1.1 404) 5 headers in 202 bytes (1 switches on core 0)
2026-06-12 08:46:44.381 8 INFO placement.requestlog [None req-99c94308-e64b-4ef0-97c5-02c6328acf50 c4e489d04dd94b9e858925af6d3bbbaa 07a6677af8024bb2b0c4dd6c361ad08e - - 480e8a3e964a456c802b0cba11b3723b 480e8a3e964a456c802b0cba11b3723b] 10.0.0.173 "GET /resource_providers/167b16ca-f208-45ab-82a1-a2742cb1e122/aggregates" status: 404 len: 235 microversion: 1.1 [pid: 8|app: 0|req: 508/1017] 10.0.0.173 () {32 vars in 815 bytes} [Fri Jun 12 08:46:44 2026] GET /resource_providers/167b16ca-f208-45ab-82a1-a2742cb1e122/aggregates => generated 235 bytes in 11 msecs (HTTP/1.1 404) 5 headers in 202 bytes (1 switches on core 0)
2026-06-12 08:46:44.395 7 INFO placement.requestlog [None req-7f163d8c-4b82-47c8-a3a6-072a87c05d06 c4e489d04dd94b9e858925af6d3bbbaa 07a6677af8024bb2b0c4dd6c361ad08e - - 480e8a3e964a456c802b0cba11b3723b 480e8a3e964a456c802b0cba11b3723b] 10.0.0.173 "DELETE /resource_providers/167b16ca-f208-45ab-82a1-a2742cb1e122" status: 404 len: 246 microversion: 1.1 [pid: 7|app: 0|req: 510/1018] 10.0.0.173 () {34 vars in 815 bytes} [Fri Jun 12 08:46:44 2026] DELETE /resource_providers/167b16ca-f208-45ab-82a1-a2742cb1e122 => generated 246 bytes in 9 msecs (HTTP/1.1 404) 6 headers in 231 bytes (1 switches on core 0)
2026-06-12 08:46:44.399 8 INFO placement.requestlog [None req-2e17009f-f502-4dfa-911e-482e660957aa c4e489d04dd94b9e858925af6d3bbbaa 07a6677af8024bb2b0c4dd6c361ad08e - - 480e8a3e964a456c802b0cba11b3723b 480e8a3e964a456c802b0cba11b3723b] 10.0.0.173 "DELETE /resource_providers/167b16ca-f208-45ab-82a1-a2742cb1e122" status: 404 len: 246 microversion: 1.1 [pid: 8|app: 0|req: 509/1019] 10.0.0.173 () {34 vars in 815 bytes} [Fri Jun 12 08:46:44 2026] DELETE /resource_providers/167b16ca-f208-45ab-82a1-a2742cb1e122 => generated 246 bytes in 8 msecs (HTTP/1.1 404) 6 headers in 231 bytes (1 switches on core 0)
2026-06-12 08:46:44.598 7 INFO placement.requestlog [None req-2cdac432-9f56-422d-b0aa-c3308e4edb86 c4e489d04dd94b9e858925af6d3bbbaa 07a6677af8024bb2b0c4dd6c361ad08e - - 480e8a3e964a456c802b0cba11b3723b 480e8a3e964a456c802b0cba11b3723b] 10.0.0.173 "GET /resource_providers/e49e0e49-186f-4565-ad61-6f4889cf6201/aggregates" status: 404 len: 235 microversion: 1.1 [pid: 7|app: 0|req: 511/1020] 10.0.0.173 () {32 vars in 815 bytes} [Fri Jun 12 08:46:44 2026] GET /resource_providers/e49e0e49-186f-4565-ad61-6f4889cf6201/aggregates => generated 235 bytes in 9 msecs (HTTP/1.1 404) 5 headers in 202 bytes (1 switches on core 0)
2026-06-12 08:46:44.605 8 INFO placement.requestlog [None req-e426d004-e82c-4ad7-99e8-429eb7acc2f8 c4e489d04dd94b9e858925af6d3bbbaa 07a6677af8024bb2b0c4dd6c361ad08e - - 480e8a3e964a456c802b0cba11b3723b 480e8a3e964a456c802b0cba11b3723b] 10.0.0.173 "GET /resource_providers/e49e0e49-186f-4565-ad61-6f4889cf6201/aggregates" status: 404 len: 235 microversion: 1.1 [pid: 8|app: 0|req: 510/1021] 10.0.0.173 () {32 vars in 815 bytes} [Fri Jun 12 08:46:44 2026] GET /resource_providers/e49e0e49-186f-4565-ad61-6f4889cf6201/aggregates => generated 235 bytes in 12 msecs (HTTP/1.1 404) 5 headers in 202 bytes (1 switches on core 0)
2026-06-12 08:46:44.622 7 INFO placement.requestlog [None req-4bd5c76b-9450-43cb-8e9d-ef0ae8b2da07 c4e489d04dd94b9e858925af6d3bbbaa 07a6677af8024bb2b0c4dd6c361ad08e - - 480e8a3e964a456c802b0cba11b3723b 480e8a3e964a456c802b0cba11b3723b] 10.0.0.173 "DELETE /resource_providers/e49e0e49-186f-4565-ad61-6f4889cf6201" status: 404 len: 246 microversion: 1.1 [pid: 7|app: 0|req: 512/1022] 10.0.0.173 () {34 vars in 815 bytes} [Fri Jun 12 08:46:44 2026] DELETE /resource_providers/e49e0e49-186f-4565-ad61-6f4889cf6201 => generated 246 bytes in 10 msecs (HTTP/1.1 404) 6 headers in 231 bytes (1 switches on core 0)
2026-06-12 08:46:44.625 8 INFO placement.requestlog [None req-74bbafdb-bda0-4631-ba95-fe8540137bd7 c4e489d04dd94b9e858925af6d3bbbaa 07a6677af8024bb2b0c4dd6c361ad08e - - 480e8a3e964a456c802b0cba11b3723b 480e8a3e964a456c802b0cba11b3723b] 10.0.0.173 "DELETE /resource_providers/e49e0e49-186f-4565-ad61-6f4889cf6201" status: 404 len: 246 microversion: 1.1 [pid: 8|app: 0|req: 511/1023] 10.0.0.173 () {34 vars in 815 bytes} [Fri Jun 12 08:46:44 2026] DELETE /resource_providers/e49e0e49-186f-4565-ad61-6f4889cf6201 => generated 246 bytes in 11 msecs (HTTP/1.1 404) 6 headers in 231 bytes (1 switches on core 0)
2026-06-12 08:46:44.933 7 INFO placement.requestlog [None req-951c0e6f-7d6a-4c5d-b1fd-800bf54a4de1 - - - - - -] 10.0.0.199 "GET /" status: 200 len: 136 microversion: 1.0
2026-06-12 08:46:44.934 8 INFO placement.requestlog [None req-e11cab7f-94e3-4985-a337-cff43359bf76 - - - - - -] 10.0.0.199 "GET /" status: 200 len: 136 microversion: 1.0
2026-06-12 08:46:45.001 7 INFO placement.requestlog [req-2141faa7-f5cc-4755-8a8d-916573a22d4a req-2618ca79-d82a-4296-a80b-567702eaa72d 17ebc9bd5e1341cbad1d546594b38348 07a6677af8024bb2b0c4dd6c361ad08e - - 480e8a3e964a456c802b0cba11b3723b 480e8a3e964a456c802b0cba11b3723b] 199.204.45.246 "GET /resource_providers/68a5288a-fc7e-4ece-ae82-6b9ef18c7a56/allocations" status: 200 len: 153 microversion: 1.0 [pid: 7|app: 0|req: 514/1026] 199.204.45.246 () {32 vars in 856 bytes} [Fri Jun 12 08:46:44 2026] GET /resource_providers/68a5288a-fc7e-4ece-ae82-6b9ef18c7a56/allocations => generated 153 bytes in 13 msecs (HTTP/1.1 200) 6 headers in 224 bytes (1 switches on core 0)
2026-06-12 08:46:45.020 8 INFO placement.requestlog [req-2141faa7-f5cc-4755-8a8d-916573a22d4a req-415f1bce-c2c5-47b8-9a71-1c404221ee25 17ebc9bd5e1341cbad1d546594b38348 07a6677af8024bb2b0c4dd6c361ad08e - - 480e8a3e964a456c802b0cba11b3723b 480e8a3e964a456c802b0cba11b3723b] 199.204.45.246 "GET /allocations/66c69d13-4256-4f0d-9e0c-4736ee1bcd81" status: 200 len: 258 microversion: 1.28 [pid: 8|app: 0|req: 513/1027] 199.204.45.246 () {34 vars in 862 bytes} [Fri Jun 12 08:46:45 2026] GET /allocations/66c69d13-4256-4f0d-9e0c-4736ee1bcd81 => generated 258 bytes in 13 msecs (HTTP/1.1 200) 8 headers in 296 bytes (1 switches on core 0)
2026-06-12 08:46:46.438 7 INFO placement.requestlog [None req-af3b6049-7634-4116-bd28-20d0b695e36d c4e489d04dd94b9e858925af6d3bbbaa 07a6677af8024bb2b0c4dd6c361ad08e - - 480e8a3e964a456c802b0cba11b3723b 480e8a3e964a456c802b0cba11b3723b] 10.0.0.173 "GET /resource_providers/05f30c9a-1f17-450e-a99c-c3f1b9254b4f/aggregates" status: 404 len: 235 microversion: 1.1 [pid: 7|app: 0|req: 515/1028] 10.0.0.173 () {32 vars in 815 bytes} [Fri Jun 12 08:46:46 2026] GET /resource_providers/05f30c9a-1f17-450e-a99c-c3f1b9254b4f/aggregates => generated 235 bytes in 15 msecs (HTTP/1.1 404) 5 headers in 202 bytes (1 switches on core 0)
2026-06-12 08:46:46.653 8 INFO placement.requestlog [None req-e43bbe36-e4a5-4fe8-a487-23c186ad8678 c4e489d04dd94b9e858925af6d3bbbaa 07a6677af8024bb2b0c4dd6c361ad08e - - 480e8a3e964a456c802b0cba11b3723b 480e8a3e964a456c802b0cba11b3723b] 10.0.0.173 "GET /resource_providers/e24529df-7be7-4c67-a3d2-e349b85ffbff/aggregates" status: 404 len: 235 microversion: 1.1 [pid: 8|app: 0|req: 514/1029] 10.0.0.173 () {32 vars in 815 bytes} [Fri Jun 12 08:46:46 2026] GET /resource_providers/e24529df-7be7-4c67-a3d2-e349b85ffbff/aggregates => generated 235 bytes in 7 msecs (HTTP/1.1 404) 5 headers in 202 bytes (1 switches on core 0)
2026-06-12 08:46:46.659 7 INFO placement.requestlog [None req-39885126-2dc5-4be0-8ee7-6ba7e678f831 c4e489d04dd94b9e858925af6d3bbbaa 07a6677af8024bb2b0c4dd6c361ad08e - - 480e8a3e964a456c802b0cba11b3723b 480e8a3e964a456c802b0cba11b3723b] 10.0.0.173 "GET /resource_providers/e24529df-7be7-4c67-a3d2-e349b85ffbff/aggregates" status: 404 len: 235 microversion: 1.1 [pid: 7|app: 0|req: 516/1030] 10.0.0.173 () {32 vars in 815 bytes} [Fri Jun 12 08:46:46 2026] GET /resource_providers/e24529df-7be7-4c67-a3d2-e349b85ffbff/aggregates => generated 235 bytes in 13 msecs (HTTP/1.1 404) 5 headers in 202 bytes (1 switches on core 0)
2026-06-12 08:46:46.660 8 INFO placement.requestlog [None req-ab440d4f-05f9-435e-947d-48cf7002cfdd c4e489d04dd94b9e858925af6d3bbbaa 07a6677af8024bb2b0c4dd6c361ad08e - - 480e8a3e964a456c802b0cba11b3723b 480e8a3e964a456c802b0cba11b3723b] 10.0.0.173 "GET /resource_providers/05f30c9a-1f17-450e-a99c-c3f1b9254b4f/aggregates" status: 404 len: 235 microversion: 1.1 [pid: 8|app: 0|req: 515/1031] 10.0.0.173 () {32 vars in 815 bytes} [Fri Jun 12 08:46:46 2026] GET /resource_providers/05f30c9a-1f17-450e-a99c-c3f1b9254b4f/aggregates => generated 235 bytes in 7 msecs (HTTP/1.1 404) 5 headers in 202 bytes (1 switches on core 0)
2026-06-12 08:46:46.667 7 INFO placement.requestlog [None req-7b37cd46-8eec-4883-82fd-72210085c034 c4e489d04dd94b9e858925af6d3bbbaa 07a6677af8024bb2b0c4dd6c361ad08e - - 480e8a3e964a456c802b0cba11b3723b 480e8a3e964a456c802b0cba11b3723b] 10.0.0.173 "DELETE /resource_providers/05f30c9a-1f17-450e-a99c-c3f1b9254b4f" status: 404 len: 246 microversion: 1.1 [pid: 7|app: 0|req: 517/1032] 10.0.0.173 () {34 vars in 815 bytes} [Fri Jun 12 08:46:46 2026] DELETE /resource_providers/05f30c9a-1f17-450e-a99c-c3f1b9254b4f => generated 246 bytes in 7 msecs (HTTP/1.1 404) 6 headers in 231 bytes (1 switches on core 0)
2026-06-12 08:46:46.673 7 INFO placement.requestlog [None req-29412c79-0da0-4a93-946b-a768d2c9fc8d c4e489d04dd94b9e858925af6d3bbbaa 07a6677af8024bb2b0c4dd6c361ad08e - - 480e8a3e964a456c802b0cba11b3723b 480e8a3e964a456c802b0cba11b3723b] 10.0.0.173 "DELETE /resource_providers/05f30c9a-1f17-450e-a99c-c3f1b9254b4f" status: 404 len: 246 microversion: 1.1 [pid: 7|app: 0|req: 518/1033] 10.0.0.173 () {34 vars in 815 bytes} [Fri Jun 12 08:46:46 2026] DELETE /resource_providers/05f30c9a-1f17-450e-a99c-c3f1b9254b4f => generated 246 bytes in 6 msecs (HTTP/1.1 404) 6 headers in 231 bytes (1 switches on core 0)
2026-06-12 08:46:46.675 8 INFO placement.requestlog [None req-494cc1d0-648d-4c30-810c-6d437eb87703 c4e489d04dd94b9e858925af6d3bbbaa 07a6677af8024bb2b0c4dd6c361ad08e - - 480e8a3e964a456c802b0cba11b3723b 480e8a3e964a456c802b0cba11b3723b] 10.0.0.173 "DELETE /resource_providers/e24529df-7be7-4c67-a3d2-e349b85ffbff" status: 404 len: 246 microversion: 1.1 [pid: 8|app: 0|req: 516/1034] 10.0.0.173 () {34 vars in 815 bytes} [Fri Jun 12 08:46:46 2026] DELETE /resource_providers/e24529df-7be7-4c67-a3d2-e349b85ffbff => generated 246 bytes in 9 msecs (HTTP/1.1 404) 6 headers in 231 bytes (1 switches on core 0)
2026-06-12 08:46:46.680 7 INFO placement.requestlog [None req-8c55a731-ac3f-4681-aaea-8a17037d51d4 c4e489d04dd94b9e858925af6d3bbbaa 07a6677af8024bb2b0c4dd6c361ad08e - - 480e8a3e964a456c802b0cba11b3723b 480e8a3e964a456c802b0cba11b3723b] 10.0.0.173 "DELETE /resource_providers/e24529df-7be7-4c67-a3d2-e349b85ffbff" status: 404 len: 246 microversion: 1.1 [pid: 7|app: 0|req: 519/1035] 10.0.0.173 () {34 vars in 815 bytes} [Fri Jun 12 08:46:46 2026] DELETE /resource_providers/e24529df-7be7-4c67-a3d2-e349b85ffbff => generated 246 bytes in 7 msecs (HTTP/1.1 404) 6 headers in 231 bytes (1 switches on core 0)
2026-06-12 08:46:46.694 8 INFO placement.requestlog [None req-89a921fc-12fa-4cd1-9fc5-ef4782d75cce c4e489d04dd94b9e858925af6d3bbbaa 07a6677af8024bb2b0c4dd6c361ad08e - - 480e8a3e964a456c802b0cba11b3723b 480e8a3e964a456c802b0cba11b3723b] 10.0.0.173 "GET /resource_providers/da2057d7-6cdb-458a-8ab9-47e30cc80e2f/aggregates" status: 404 len: 235 microversion: 1.1 [pid: 8|app: 0|req: 517/1036] 10.0.0.173 () {32 vars in 815 bytes} [Fri Jun 12 08:46:46 2026] GET /resource_providers/da2057d7-6cdb-458a-8ab9-47e30cc80e2f/aggregates => generated 235 bytes in 9 msecs (HTTP/1.1 404) 5 headers in 202 bytes (1 switches on core 0)
2026-06-12 08:46:46.705 7 INFO placement.requestlog [None req-ea3b42d5-0113-44d3-b21a-351d24041245 c4e489d04dd94b9e858925af6d3bbbaa 07a6677af8024bb2b0c4dd6c361ad08e - - 480e8a3e964a456c802b0cba11b3723b 480e8a3e964a456c802b0cba11b3723b] 10.0.0.173 "GET /resource_providers/da2057d7-6cdb-458a-8ab9-47e30cc80e2f/aggregates" status: 404 len: 235 microversion: 1.1 [pid: 7|app: 0|req: 520/1037] 10.0.0.173 () {32 vars in 815 bytes} [Fri Jun 12 08:46:46 2026] GET /resource_providers/da2057d7-6cdb-458a-8ab9-47e30cc80e2f/aggregates => generated 235 bytes in 12 msecs (HTTP/1.1 404) 5 headers in 202 bytes (1 switches on core 0)
2026-06-12 08:46:46.716 8 INFO placement.requestlog [None req-4e297b71-160e-4493-b139-fdb4e9ea0567 c4e489d04dd94b9e858925af6d3bbbaa 07a6677af8024bb2b0c4dd6c361ad08e - - 480e8a3e964a456c802b0cba11b3723b 480e8a3e964a456c802b0cba11b3723b] 10.0.0.173 "DELETE /resource_providers/da2057d7-6cdb-458a-8ab9-47e30cc80e2f" status: 404 len: 246 microversion: 1.1 [pid: 8|app: 0|req: 518/1038] 10.0.0.173 () {34 vars in 815 bytes} [Fri Jun 12 08:46:46 2026] DELETE /resource_providers/da2057d7-6cdb-458a-8ab9-47e30cc80e2f => generated 246 bytes in 8 msecs (HTTP/1.1 404) 6 headers in 231 bytes (1 switches on core 0)
2026-06-12 08:46:46.732 8 INFO placement.requestlog [None req-9b613cd2-eac7-43e9-8754-38e13f40e036 c4e489d04dd94b9e858925af6d3bbbaa 07a6677af8024bb2b0c4dd6c361ad08e - - 480e8a3e964a456c802b0cba11b3723b 480e8a3e964a456c802b0cba11b3723b] 10.0.0.173 "GET /resource_providers/698d69d2-cc88-48d4-bc55-ee41c2d22f97/aggregates" status: 404 len: 235 microversion: 1.1 [pid: 8|app: 0|req: 519/1039] 10.0.0.173 () {32 vars in 815 bytes} [Fri Jun 12 08:46:46 2026] GET /resource_providers/698d69d2-cc88-48d4-bc55-ee41c2d22f97/aggregates => generated 235 bytes in 6 msecs (HTTP/1.1 404) 5 headers in 202 bytes (1 switches on core 0)
2026-06-12 08:46:46.742 7 INFO placement.requestlog [None req-31de1172-4107-4491-ae79-2949c7106ed6 c4e489d04dd94b9e858925af6d3bbbaa 07a6677af8024bb2b0c4dd6c361ad08e - - 480e8a3e964a456c802b0cba11b3723b 480e8a3e964a456c802b0cba11b3723b] 10.0.0.173 "DELETE /resource_providers/da2057d7-6cdb-458a-8ab9-47e30cc80e2f" status: 404 len: 246 microversion: 1.1 [pid: 7|app: 0|req: 521/1040] 10.0.0.173 () {34 vars in 815 bytes} [Fri Jun 12 08:46:46 2026] DELETE /resource_providers/da2057d7-6cdb-458a-8ab9-47e30cc80e2f => generated 246 bytes in 16 msecs (HTTP/1.1 404) 6 headers in 231 bytes (1 switches on core 0)
2026-06-12 08:46:46.758 8 INFO placement.requestlog [None req-5144fadf-ca75-4f6c-8adb-aabf0a85eb1e c4e489d04dd94b9e858925af6d3bbbaa 07a6677af8024bb2b0c4dd6c361ad08e - - 480e8a3e964a456c802b0cba11b3723b 480e8a3e964a456c802b0cba11b3723b] 10.0.0.173 "DELETE /resource_providers/698d69d2-cc88-48d4-bc55-ee41c2d22f97" status: 404 len: 246 microversion: 1.1 [pid: 8|app: 0|req: 520/1041] 10.0.0.173 () {34 vars in 815 bytes} [Fri Jun 12 08:46:46 2026] DELETE /resource_providers/698d69d2-cc88-48d4-bc55-ee41c2d22f97 => generated 246 bytes in 10 msecs (HTTP/1.1 404) 6 headers in 231 bytes (1 switches on core 0)
2026-06-12 08:46:46.765 7 INFO placement.requestlog [None req-9cd8fb8b-6f83-4d21-9f8c-bceb10cbcd96 c4e489d04dd94b9e858925af6d3bbbaa 07a6677af8024bb2b0c4dd6c361ad08e - - 480e8a3e964a456c802b0cba11b3723b 480e8a3e964a456c802b0cba11b3723b] 10.0.0.173 "GET /resource_providers/698d69d2-cc88-48d4-bc55-ee41c2d22f97/aggregates" status: 404 len: 235 microversion: 1.1 [pid: 7|app: 0|req: 522/1042] 10.0.0.173 () {32 vars in 815 bytes} [Fri Jun 12 08:46:46 2026] GET /resource_providers/698d69d2-cc88-48d4-bc55-ee41c2d22f97/aggregates => generated 235 bytes in 15 msecs (HTTP/1.1 404) 5 headers in 202 bytes (1 switches on core 0)
2026-06-12 08:46:46.798 8 INFO placement.requestlog [None req-fde27c79-f952-4037-b490-fc4f5d186db8 c4e489d04dd94b9e858925af6d3bbbaa 07a6677af8024bb2b0c4dd6c361ad08e - - 480e8a3e964a456c802b0cba11b3723b 480e8a3e964a456c802b0cba11b3723b] 10.0.0.173 "DELETE /resource_providers/698d69d2-cc88-48d4-bc55-ee41c2d22f97" status: 404 len: 246 microversion: 1.1 [pid: 8|app: 0|req: 521/1043] 10.0.0.173 () {34 vars in 815 bytes} [Fri Jun 12 08:46:46 2026] DELETE /resource_providers/698d69d2-cc88-48d4-bc55-ee41c2d22f97 => generated 246 bytes in 10 msecs (HTTP/1.1 404) 6 headers in 231 bytes (1 switches on core 0)
2026-06-12 08:46:51.011 7 INFO placement.requestlog [None req-7764c1f8-1443-44be-ba36-9f4aa44ce0e2 c4e489d04dd94b9e858925af6d3bbbaa 07a6677af8024bb2b0c4dd6c361ad08e - - 480e8a3e964a456c802b0cba11b3723b 480e8a3e964a456c802b0cba11b3723b] 10.0.0.173 "GET /resource_providers/d7b4be96-e14b-43f1-8679-0ee5d58581a0/aggregates" status: 404 len: 235 microversion: 1.1 [pid: 7|app: 0|req: 523/1044] 10.0.0.173 () {32 vars in 815 bytes} [Fri Jun 12 08:46:50 2026] GET /resource_providers/d7b4be96-e14b-43f1-8679-0ee5d58581a0/aggregates => generated 235 bytes in 12 msecs (HTTP/1.1 404) 5 headers in 202 bytes (1 switches on core 0)
2026-06-12 08:46:51.013 8 INFO placement.requestlog [None req-bfd6fe40-6b61-418c-8081-271f4304468f c4e489d04dd94b9e858925af6d3bbbaa 07a6677af8024bb2b0c4dd6c361ad08e - - 480e8a3e964a456c802b0cba11b3723b 480e8a3e964a456c802b0cba11b3723b] 10.0.0.173 "GET /resource_providers/d7b4be96-e14b-43f1-8679-0ee5d58581a0/aggregates" status: 404 len: 235 microversion: 1.1 [pid: 8|app: 0|req: 522/1045] 10.0.0.173 () {32 vars in 815 bytes} [Fri Jun 12 08:46:51 2026] GET /resource_providers/d7b4be96-e14b-43f1-8679-0ee5d58581a0/aggregates => generated 235 bytes in 8 msecs (HTTP/1.1 404) 5 headers in 202 bytes (1 switches on core 0)
2026-06-12 08:46:51.032 8 INFO placement.requestlog [None req-90823a55-8146-4fc6-b96b-52df041479da c4e489d04dd94b9e858925af6d3bbbaa 07a6677af8024bb2b0c4dd6c361ad08e - - 480e8a3e964a456c802b0cba11b3723b 480e8a3e964a456c802b0cba11b3723b] 10.0.0.173 "DELETE /resource_providers/d7b4be96-e14b-43f1-8679-0ee5d58581a0" status: 404 len: 246 microversion: 1.1 [pid: 8|app: 0|req: 523/1046] 10.0.0.173 () {34 vars in 815 bytes} [Fri Jun 12 08:46:51 2026] DELETE /resource_providers/d7b4be96-e14b-43f1-8679-0ee5d58581a0 => generated 246 bytes in 9 msecs (HTTP/1.1 404) 6 headers in 231 bytes (1 switches on core 0)
2026-06-12 08:46:51.033 7 INFO placement.requestlog [None req-4826ffd3-f16a-4b82-b1f5-18f049696c58 c4e489d04dd94b9e858925af6d3bbbaa 07a6677af8024bb2b0c4dd6c361ad08e - - 480e8a3e964a456c802b0cba11b3723b 480e8a3e964a456c802b0cba11b3723b] 10.0.0.173 "DELETE /resource_providers/d7b4be96-e14b-43f1-8679-0ee5d58581a0" status: 404 len: 246 microversion: 1.1 [pid: 7|app: 0|req: 524/1047] 10.0.0.173 () {34 vars in 815 bytes} [Fri Jun 12 08:46:51 2026] DELETE /resource_providers/d7b4be96-e14b-43f1-8679-0ee5d58581a0 => generated 246 bytes in 11 msecs (HTTP/1.1 404) 6 headers in 231 bytes (1 switches on core 0)
2026-06-12 08:46:54.933 8 INFO placement.requestlog [None req-37f7c672-2be4-4790-a84f-9dac7c297443 - - - - - -] 10.0.0.199 "GET /" status: 200 len: 136 microversion: 1.0
2026-06-12 08:46:54.933 7 INFO placement.requestlog [None req-b9ba549d-3628-4c9a-aa84-8bc7fdec21ba - - - - - -] 10.0.0.199 "GET /" status: 200 len: 136 microversion: 1.0
2026-06-12 08:47:00.864 8 INFO placement.requestlog [None req-5fa98f49-decf-46e2-8dfa-d8ad3941e00c c4e489d04dd94b9e858925af6d3bbbaa 07a6677af8024bb2b0c4dd6c361ad08e - - 480e8a3e964a456c802b0cba11b3723b 480e8a3e964a456c802b0cba11b3723b] 10.0.0.173 "GET /resource_providers/5fa21762-b8a1-47e3-b1ee-07fba75c0ab2/aggregates" status: 404 len: 235 microversion: 1.1 [pid: 8|app: 0|req: 525/1050] 10.0.0.173 () {32 vars in 815 bytes} [Fri Jun 12 08:47:00 2026] GET /resource_providers/5fa21762-b8a1-47e3-b1ee-07fba75c0ab2/aggregates => generated 235 bytes in 9 msecs (HTTP/1.1 404) 5 headers in 202 bytes (1 switches on core 0)
2026-06-12 08:47:00.866 7 INFO placement.requestlog [None req-efe7696b-2fdf-43e5-95d8-44f0c87ebd99 c4e489d04dd94b9e858925af6d3bbbaa 07a6677af8024bb2b0c4dd6c361ad08e - - 480e8a3e964a456c802b0cba11b3723b 480e8a3e964a456c802b0cba11b3723b] 10.0.0.173 "GET /resource_providers/5fa21762-b8a1-47e3-b1ee-07fba75c0ab2/aggregates" status: 404 len: 235 microversion: 1.1 [pid: 7|app: 0|req: 526/1051] 10.0.0.173 () {32 vars in 815 bytes} [Fri Jun 12 08:47:00 2026] GET /resource_providers/5fa21762-b8a1-47e3-b1ee-07fba75c0ab2/aggregates => generated 235 bytes in 11 msecs (HTTP/1.1 404) 5 headers in 202 bytes (1 switches on core 0)
2026-06-12 08:47:00.884 8 INFO placement.requestlog [None req-2dc095f9-0d43-4cc3-b02a-85532abdffe2 c4e489d04dd94b9e858925af6d3bbbaa 07a6677af8024bb2b0c4dd6c361ad08e - - 480e8a3e964a456c802b0cba11b3723b 480e8a3e964a456c802b0cba11b3723b] 10.0.0.173 "DELETE /resource_providers/5fa21762-b8a1-47e3-b1ee-07fba75c0ab2" status: 404 len: 246 microversion: 1.1 [pid: 8|app: 0|req: 526/1052] 10.0.0.173 () {34 vars in 815 bytes} [Fri Jun 12 08:47:00 2026] DELETE /resource_providers/5fa21762-b8a1-47e3-b1ee-07fba75c0ab2 => generated 246 bytes in 10 msecs (HTTP/1.1 404) 6 headers in 231 bytes (1 switches on core 0)
2026-06-12 08:47:00.895 7 INFO placement.requestlog [None req-d095b937-96e7-4ea2-87c7-1092183c46be c4e489d04dd94b9e858925af6d3bbbaa 07a6677af8024bb2b0c4dd6c361ad08e - - 480e8a3e964a456c802b0cba11b3723b 480e8a3e964a456c802b0cba11b3723b] 10.0.0.173 "DELETE /resource_providers/5fa21762-b8a1-47e3-b1ee-07fba75c0ab2" status: 404 len: 246 microversion: 1.1 [pid: 7|app: 0|req: 527/1053] 10.0.0.173 () {34 vars in 815 bytes} [Fri Jun 12 08:47:00 2026] DELETE /resource_providers/5fa21762-b8a1-47e3-b1ee-07fba75c0ab2 => generated 246 bytes in 24 msecs (HTTP/1.1 404) 6 headers in 231 bytes (1 switches on core 0)
