+ COMMAND=start + start + for KEYSTONE_WSGI_SCRIPT in keystone-wsgi-public ++ type -p keystone-wsgi-public + cp -a /var/lib/openstack/bin/keystone-wsgi-public /var/www/cgi-bin/keystone/ + '[' -f /etc/apache2/envvars ']' + source /etc/apache2/envvars ++ unset HOME ++ '[' '' '!=' '' ']' ++ SUFFIX= ++ export APACHE_RUN_USER=www-data ++ APACHE_RUN_USER=www-data ++ export APACHE_RUN_GROUP=www-data ++ APACHE_RUN_GROUP=www-data ++ export APACHE_PID_FILE=/var/run/apache2/apache2.pid ++ APACHE_PID_FILE=/var/run/apache2/apache2.pid ++ export APACHE_RUN_DIR=/var/run/apache2 ++ APACHE_RUN_DIR=/var/run/apache2 ++ export APACHE_LOCK_DIR=/var/lock/apache2 ++ APACHE_LOCK_DIR=/var/lock/apache2 ++ export APACHE_LOG_DIR=/var/log/apache2 ++ APACHE_LOG_DIR=/var/log/apache2 ++ export LANG=C ++ LANG=C ++ export LANG + '[' -f /var/run/apache2/apache2.pid ']' + exec apache2 -DFOREGROUND AH00558: apache2: Could not reliably determine the server's fully qualified domain name, using 10.0.0.49. Set the 'ServerName' directive globally to suppress this message AH00558: apache2: Could not reliably determine the server's fully qualified domain name, using 10.0.0.49. Set the 'ServerName' directive globally to suppress this message
[Thu Apr 30 23:00:51.283166 2026] [mpm_event:notice] [pid 1:tid 139784201705344] AH00489: Apache/2.4.58 (Ubuntu) mod_wsgi/5.0.0 Python/3.12 configured -- resuming normal operations
[Thu Apr 30 23:00:51.283302 2026] [core:notice] [pid 1:tid 139784201705344] AH00094: Command line: 'apache2 -D FOREGROUND'
[Thu Apr 30 23:01:50.567889 2026] [wsgi:error] [pid 9:tid 139783564932800] /var/lib/openstack/lib/python3.12/site-packages/oslo_utils/importutils.py:77: EventletDeprecationWarning:
[Thu Apr 30 23:01:50.568560 2026] [wsgi:error] [pid 9:tid 139783564932800] Eventlet is deprecated. It is currently being maintained in bugfix mode, and
[Thu Apr 30 23:01:50.568574 2026] [wsgi:error] [pid 9:tid 139783564932800] we strongly recommend against using it for new projects.
[Thu Apr 30 23:01:50.568585 2026] [wsgi:error] [pid 9:tid 139783564932800]
[Thu Apr 30 23:01:50.568595 2026] [wsgi:error] [pid 9:tid 139783564932800] If you are already using Eventlet, we recommend migrating to a different
[Thu Apr 30 23:01:50.568605 2026] [wsgi:error] [pid 9:tid 139783564932800] framework. For more detail see
[Thu Apr 30 23:01:50.568616 2026] [wsgi:error] [pid 9:tid 139783564932800] https://eventlet.readthedocs.io/en/latest/asyncio/migration.html
[Thu Apr 30 23:01:50.568632 2026] [wsgi:error] [pid 9:tid 139783564932800]
[Thu Apr 30 23:01:50.568642 2026] [wsgi:error] [pid 9:tid 139783564932800] __import__(import_str)
[Thu Apr 30 23:01:50.570270 2026] [wsgi:error] [pid 12:tid 139783564932800] /var/lib/openstack/lib/python3.12/site-packages/oslo_utils/importutils.py:77: EventletDeprecationWarning:
[Thu Apr 30 23:01:50.570308 2026] [wsgi:error] [pid 12:tid 139783564932800] Eventlet is deprecated. It is currently being maintained in bugfix mode, and
[Thu Apr 30 23:01:50.570310 2026] [wsgi:error] [pid 12:tid 139783564932800] we strongly recommend against using it for new projects.
[Thu Apr 30 23:01:50.570312 2026] [wsgi:error] [pid 12:tid 139783564932800]
[Thu Apr 30 23:01:50.570313 2026] [wsgi:error] [pid 12:tid 139783564932800] If you are already using Eventlet, we recommend migrating to a different
[Thu Apr 30 23:01:50.570314 2026] [wsgi:error] [pid 12:tid 139783564932800] framework. For more detail see
[Thu Apr 30 23:01:50.570316 2026] [wsgi:error] [pid 12:tid 139783564932800] https://eventlet.readthedocs.io/en/latest/asyncio/migration.html
[Thu Apr 30 23:01:50.570317 2026] [wsgi:error] [pid 12:tid 139783564932800]
[Thu Apr 30 23:01:50.570318 2026] [wsgi:error] [pid 12:tid 139783564932800] __import__(import_str) 10.0.0.229 - - [30/Apr/2026:23:01:49 +0000] "GET /v3/ HTTP/1.1" 200 249 10.0.0.229 - - [30/Apr/2026:23:01:49 +0000] "GET /v3/ HTTP/1.1" 200 249
[Thu Apr 30 23:01:55.820069 2026] [wsgi:error] [pid 10:tid 139783564932800] /var/lib/openstack/lib/python3.12/site-packages/oslo_utils/importutils.py:77: EventletDeprecationWarning:
[Thu Apr 30 23:01:55.820105 2026] [wsgi:error] [pid 10:tid 139783564932800] Eventlet is deprecated. It is currently being maintained in bugfix mode, and
[Thu Apr 30 23:01:55.820107 2026] [wsgi:error] [pid 10:tid 139783564932800] we strongly recommend against using it for new projects.
[Thu Apr 30 23:01:55.820109 2026] [wsgi:error] [pid 10:tid 139783564932800]
[Thu Apr 30 23:01:55.820110 2026] [wsgi:error] [pid 10:tid 139783564932800] If you are already using Eventlet, we recommend migrating to a different
[Thu Apr 30 23:01:55.820111 2026] [wsgi:error] [pid 10:tid 139783564932800] framework. For more detail see
[Thu Apr 30 23:01:55.820112 2026] [wsgi:error] [pid 10:tid 139783564932800] https://eventlet.readthedocs.io/en/latest/asyncio/migration.html
[Thu Apr 30 23:01:55.820113 2026] [wsgi:error] [pid 10:tid 139783564932800]
[Thu Apr 30 23:01:55.820114 2026] [wsgi:error] [pid 10:tid 139783564932800] __import__(import_str) 10.0.0.229 - - [30/Apr/2026:23:01:54 +0000] "GET /v3/ HTTP/1.1" 200 249
[Thu Apr 30 23:02:01.826769 2026] [wsgi:error] [pid 11:tid 139783564932800] /var/lib/openstack/lib/python3.12/site-packages/oslo_utils/importutils.py:77: EventletDeprecationWarning:
[Thu Apr 30 23:02:01.826805 2026] [wsgi:error] [pid 11:tid 139783564932800] Eventlet is deprecated. It is currently being maintained in bugfix mode, and
[Thu Apr 30 23:02:01.826807 2026] [wsgi:error] [pid 11:tid 139783564932800] we strongly recommend against using it for new projects.
[Thu Apr 30 23:02:01.826808 2026] [wsgi:error] [pid 11:tid 139783564932800]
[Thu Apr 30 23:02:01.826809 2026] [wsgi:error] [pid 11:tid 139783564932800] If you are already using Eventlet, we recommend migrating to a different
[Thu Apr 30 23:02:01.826810 2026] [wsgi:error] [pid 11:tid 139783564932800] framework. For more detail see
[Thu Apr 30 23:02:01.826811 2026] [wsgi:error] [pid 11:tid 139783564932800] https://eventlet.readthedocs.io/en/latest/asyncio/migration.html
[Thu Apr 30 23:02:01.826812 2026] [wsgi:error] [pid 11:tid 139783564932800]
[Thu Apr 30 23:02:01.826813 2026] [wsgi:error] [pid 11:tid 139783564932800] __import__(import_str) 10.0.0.94 - - [30/Apr/2026:23:02:00 +0000] "GET / HTTP/1.1" 300 295
[Thu Apr 30 23:02:06.428696 2026] [wsgi:error] [pid 12:tid 139783564932800] [remote 10.0.0.94:32962] 2026-04-30 23:02:06.425 12 WARNING keystone.identity.core [None req-721d3d73-bc21-44df-87a1-267ac9094ad8 - - - - - -] Invalid domain name (atmosphere) found in config file name: keystone.exception.DomainNotFound: Could not find domain: atmosphere.
[Thu Apr 30 23:02:06.482676 2026] [wsgi:error] [pid 12:tid 139783564932800] [remote 10.0.0.94:32962] 2026-04-30 23:02:06.482 12 WARNING keystone.common.password_hashing [None req-721d3d73-bc21-44df-87a1-267ac9094ad8 - - - - - -] Truncating password to algorithm specific maximum length 72 characters.
[Thu Apr 30 23:02:06.772568 2026] [wsgi:error] [pid 12:tid 139783564932800] [remote 10.0.0.94:32962] 2026-04-30 23:02:06.772 12 WARNING keystone.common.fernet_utils [None req-721d3d73-bc21-44df-87a1-267ac9094ad8 - - - - - -] key_repository is world readable: /etc/keystone/fernet-keys/ 10.0.0.94 - - [30/Apr/2026:23:02:06 +0000] "POST /v3/auth/tokens HTTP/1.1" 201 1360
[Thu Apr 30 23:02:07.120394 2026] [wsgi:error] [pid 9:tid 139783564932800] [remote 10.0.0.94:32962] 2026-04-30 23:02:07.117 9 WARNING keystone.identity.core [None req-c813ca03-68a6-4d21-bf41-f946f5317b76 - - - - - -] Invalid domain name (atmosphere) found in config file name: keystone.exception.DomainNotFound: Could not find domain: atmosphere. 10.0.0.94 - - [30/Apr/2026:23:02:06 +0000] "POST /v3/domains HTTP/1.1" 201 261 10.0.0.245 - - [30/Apr/2026:23:02:18 +0000] "GET / HTTP/1.1" 300 295
[Thu Apr 30 23:02:18.449868 2026] [wsgi:error] [pid 11:tid 139783564932800] [remote 10.0.0.245:54488] 2026-04-30 23:02:18.449 11 WARNING keystone.common.password_hashing [None req-f03e9797-bbaf-494b-9637-0452c7a5b19d - - - - - -] Truncating password to algorithm specific maximum length 72 characters.
[Thu Apr 30 23:02:18.731536 2026] [wsgi:error] [pid 11:tid 139783564932800] [remote 10.0.0.245:54488] 2026-04-30 23:02:18.731 11 WARNING keystone.common.fernet_utils [None req-f03e9797-bbaf-494b-9637-0452c7a5b19d - - - - - -] key_repository is world readable: /etc/keystone/fernet-keys/ 10.0.0.245 - - [30/Apr/2026:23:02:18 +0000] "POST /v3/auth/tokens HTTP/1.1" 201 1360 10.0.0.245 - - [30/Apr/2026:23:02:18 +0000] "GET /v3/roles/admin HTTP/1.1" 404 83
[Thu Apr 30 23:02:18.928239 2026] [wsgi:error] [pid 9:tid 139783564932800] [remote 10.0.0.245:54488] 2026-04-30 23:02:18.928 9 WARNING keystone.common.rbac_enforcer.enforcer [None req-5a49efbc-3dcd-457d-bb22-37964d66cd95 fe04c8da0dae4adc97ca9f802ca3a715 899e503237494622bfb6ba81605ebb2a - - default default] Deprecated policy rules found. Use oslopolicy-policy-generator and oslopolicy-policy-upgrade to detect and resolve deprecated policies in your configuration. 10.0.0.245 - - [30/Apr/2026:23:02:18 +0000] "GET /v3/roles?name=admin HTTP/1.1" 200 389
[Thu Apr 30 23:02:19.266966 2026] [wsgi:error] [pid 10:tid 139783564932800] [remote 10.0.0.245:54488] 2026-04-30 23:02:19.266 10 WARNING keystone.common.rbac_enforcer.enforcer [None req-e3cb7c26-2440-4801-9631-4f6598dff0cf fe04c8da0dae4adc97ca9f802ca3a715 899e503237494622bfb6ba81605ebb2a - - default default] Deprecated policy rules found. Use oslopolicy-policy-generator and oslopolicy-policy-upgrade to detect and resolve deprecated policies in your configuration. 10.0.0.245 - - [30/Apr/2026:23:02:18 +0000] "GET /v3/users/admin-RegionOne HTTP/1.1" 404 93
[Thu Apr 30 23:02:19.410886 2026] [wsgi:error] [pid 11:tid 139783564932800] [remote 10.0.0.245:54488] 2026-04-30 23:02:19.410 11 WARNING keystone.common.rbac_enforcer.enforcer [None req-e195bf7f-9795-40ca-b559-255496fa0d66 fe04c8da0dae4adc97ca9f802ca3a715 899e503237494622bfb6ba81605ebb2a - - default default] Deprecated policy rules found. Use oslopolicy-policy-generator and oslopolicy-policy-upgrade to detect and resolve deprecated policies in your configuration. 10.0.0.245 - - [30/Apr/2026:23:02:19 +0000] "GET /v3/users?name=admin-RegionOne HTTP/1.1" 200 422
[Thu Apr 30 23:02:19.580014 2026] [wsgi:error] [pid 12:tid 139783564932800] [remote 10.0.0.245:54488] 2026-04-30 23:02:19.579 12 WARNING keystone.common.rbac_enforcer.enforcer [None req-9c727e25-2eef-4e0d-8093-55ff70a3f5e9 fe04c8da0dae4adc97ca9f802ca3a715 899e503237494622bfb6ba81605ebb2a - - default default] Deprecated policy rules found. Use oslopolicy-policy-generator and oslopolicy-policy-upgrade to detect and resolve deprecated policies in your configuration. 10.0.0.245 - - [30/Apr/2026:23:02:19 +0000] "GET /v3/domains/default HTTP/1.1" 200 224 10.0.0.245 - - [30/Apr/2026:23:02:19 +0000] "PUT /v3/domains/default/users/fe04c8da0dae4adc97ca9f802ca3a715/roles/d9b08e3da46b4dfb8438de000bef6d9b HTTP/1.1" 204 - 10.0.0.229 - - [30/Apr/2026:23:02:28 +0000] "GET / HTTP/1.1" 300 281 10.0.0.229 - - [30/Apr/2026:23:02:29 +0000] "GET /v3 HTTP/1.1" 200 266
[Thu Apr 30 23:02:29.820347 2026] [wsgi:error] [pid 12:tid 139783564932800] [remote 10.0.0.229:41054] 2026-04-30 23:02:29.820 12 WARNING keystone.common.password_hashing [None req-f91bd6c6-488d-4297-9495-51476670d734 - - - - - -] Truncating password to algorithm specific maximum length 72 characters.
[Thu Apr 30 23:02:30.094987 2026] [wsgi:error] [pid 12:tid 139783564932800] [remote 10.0.0.229:41054] 2026-04-30 23:02:30.094 12 WARNING keystone.common.fernet_utils [None req-f91bd6c6-488d-4297-9495-51476670d734 - - - - - -] key_repository is world readable: /etc/keystone/fernet-keys/ 10.0.0.229 - - [30/Apr/2026:23:02:29 +0000] "POST /v3/auth/tokens HTTP/1.1" 201 1360 10.0.0.229 - - [30/Apr/2026:23:02:30 +0000] "GET / HTTP/1.1" 300 281 10.0.0.229 - - [30/Apr/2026:23:02:30 +0000] "GET /v3/domains/atmosphere HTTP/1.1" 404 90 10.0.0.229 - - [30/Apr/2026:23:02:30 +0000] "GET /v3/domains?name=atmosphere HTTP/1.1" 200 370 10.0.0.229 - - [30/Apr/2026:23:02:30 +0000] "GET /v3/domains/a820cf06ce2b4338b3f2f62f2e7f0ecf HTTP/1.1" 200 247 10.0.0.229 - - [30/Apr/2026:23:02:31 +0000] "GET /v3 HTTP/1.1" 200 266
[Thu Apr 30 23:02:31.149374 2026] [wsgi:error] [pid 10:tid 139783564932800] [remote 10.0.0.229:41054] 2026-04-30 23:02:31.148 10 WARNING keystone.common.password_hashing [None req-51b02862-13ca-4a58-8cbf-ab15fe387071 - - - - - -] Truncating password to algorithm specific maximum length 72 characters.
[Thu Apr 30 23:02:31.422423 2026] [wsgi:error] [pid 10:tid 139783564932800] [remote 10.0.0.229:41054] 2026-04-30 23:02:31.422 10 WARNING keystone.common.fernet_utils [None req-51b02862-13ca-4a58-8cbf-ab15fe387071 - - - - - -] key_repository is world readable: /etc/keystone/fernet-keys/ 10.0.0.229 - - [30/Apr/2026:23:02:31 +0000] "POST /v3/auth/tokens HTTP/1.1" 201 1360 10.0.0.229 - - [30/Apr/2026:23:02:31 +0000] "GET / HTTP/1.1" 300 281 10.0.0.229 - - [30/Apr/2026:23:02:31 +0000] "GET /v3/OS-FEDERATION/identity_providers/atmosphere HTTP/1.1" 404 101 10.0.0.229 - - [30/Apr/2026:23:02:31 +0000] "GET /v3/OS-FEDERATION/identity_providers HTTP/1.1" 200 156 10.0.0.229 - - [30/Apr/2026:23:02:31 +0000] "PUT /v3/OS-FEDERATION/identity_providers/atmosphere HTTP/1.1" 201 342 10.0.0.229 - - [30/Apr/2026:23:02:32 +0000] "GET /v3 HTTP/1.1" 200 266
[Thu Apr 30 23:02:32.236205 2026] [wsgi:error] [pid 12:tid 139783564932800] [remote 10.0.0.229:41046] 2026-04-30 23:02:32.236 12 WARNING keystone.common.password_hashing [None req-3660ec10-067c-44e8-a98c-7eb45c822232 - - - - - -] Truncating password to algorithm specific maximum length 72 characters.
[Thu Apr 30 23:02:32.508951 2026] [wsgi:error] [pid 12:tid 139783564932800] [remote 10.0.0.229:41046] 2026-04-30 23:02:32.508 12 WARNING keystone.common.fernet_utils [None req-3660ec10-067c-44e8-a98c-7eb45c822232 - - - - - -] key_repository is world readable: /etc/keystone/fernet-keys/ 10.0.0.229 - - [30/Apr/2026:23:02:32 +0000] "POST /v3/auth/tokens HTTP/1.1" 201 1360 10.0.0.229 - - [30/Apr/2026:23:02:32 +0000] "GET / HTTP/1.1" 300 281 10.0.0.229 - - [30/Apr/2026:23:02:32 +0000] "GET /v3/OS-FEDERATION/mappings/atmosphere-openid HTTP/1.1" 404 98 10.0.0.229 - - [30/Apr/2026:23:02:32 +0000] "GET /v3/OS-FEDERATION/mappings HTTP/1.1" 200 136 10.0.0.229 - - [30/Apr/2026:23:02:32 +0000] "PUT /v3/OS-FEDERATION/mappings/atmosphere-openid HTTP/1.1" 201 357 10.0.0.229 - - [30/Apr/2026:23:02:33 +0000] "GET /v3 HTTP/1.1" 200 266
[Thu Apr 30 23:02:33.286996 2026] [wsgi:error] [pid 10:tid 139783564932800] [remote 10.0.0.229:41054] 2026-04-30 23:02:33.286 10 WARNING keystone.common.password_hashing [None req-e5310cca-52d1-4760-acdd-6cd297425925 - - - - - -] Truncating password to algorithm specific maximum length 72 characters.
[Thu Apr 30 23:02:33.553611 2026] [wsgi:error] [pid 10:tid 139783564932800] [remote 10.0.0.229:41054] 2026-04-30 23:02:33.553 10 WARNING keystone.common.fernet_utils [None req-e5310cca-52d1-4760-acdd-6cd297425925 - - - - - -] key_repository is world readable: /etc/keystone/fernet-keys/ 10.0.0.229 - - [30/Apr/2026:23:02:33 +0000] "POST /v3/auth/tokens HTTP/1.1" 201 1360 10.0.0.229 - - [30/Apr/2026:23:02:33 +0000] "GET / HTTP/1.1" 300 281 10.0.0.229 - - [30/Apr/2026:23:02:33 +0000] "GET /v3/OS-FEDERATION/identity_providers/atmosphere/protocols/openid?idp_id=atmosphere HTTP/1.1" 404 131 10.0.0.229 - - [30/Apr/2026:23:02:33 +0000] "GET /v3/OS-FEDERATION/identity_providers/atmosphere/protocols HTTP/1.1" 200 168 10.0.0.229 - - [30/Apr/2026:23:02:33 +0000] "PUT /v3/OS-FEDERATION/identity_providers/atmosphere/protocols/openid HTTP/1.1" 201 224 10.0.0.229 - - [30/Apr/2026:23:02:49 +0000] "GET /v3/ HTTP/1.1" 200 249 10.0.0.229 - - [30/Apr/2026:23:02:49 +0000] "GET /v3/ HTTP/1.1" 200 249 10.0.0.229 - - [30/Apr/2026:23:03:49 +0000] "GET /v3/ HTTP/1.1" 200 249 10.0.0.229 - - [30/Apr/2026:23:03:49 +0000] "GET /v3/ HTTP/1.1" 200 249 10.0.0.94 - - [30/Apr/2026:23:03:54 +0000] "GET / HTTP/1.1" 300 295
[Thu Apr 30 23:03:54.059776 2026] [wsgi:error] [pid 11:tid 139783564932800] [remote 10.0.0.94:36914] 2026-04-30 23:03:54.059 11 WARNING keystone.common.password_hashing [None req-dc000534-a9ae-48bd-95b7-24d449a378b4 - - - - - -] Truncating password to algorithm specific maximum length 72 characters.
[Thu Apr 30 23:03:54.331297 2026] [wsgi:error] [pid 11:tid 139783564932800] [remote 10.0.0.94:36914] 2026-04-30 23:03:54.331 11 WARNING keystone.common.fernet_utils [None req-dc000534-a9ae-48bd-95b7-24d449a378b4 - - - - - -] key_repository is world readable: /etc/keystone/fernet-keys/ 10.0.0.94 - - [30/Apr/2026:23:03:54 +0000] "POST /v3/auth/tokens HTTP/1.1" 201 1360 10.0.0.94 - - [30/Apr/2026:23:03:54 +0000] "GET /v3/services HTTP/1.1" 200 355 10.0.0.94 - - [30/Apr/2026:23:03:57 +0000] "GET / HTTP/1.1" 300 295
[Thu Apr 30 23:03:57.772330 2026] [wsgi:error] [pid 12:tid 139783564932800] [remote 10.0.0.94:36926] 2026-04-30 23:03:57.772 12 WARNING keystone.common.password_hashing [None req-cbcf9f3d-0642-40ef-b314-700c471af14b - - - - - -] Truncating password to algorithm specific maximum length 72 characters.
[Thu Apr 30 23:03:58.044950 2026] [wsgi:error] [pid 12:tid 139783564932800] [remote 10.0.0.94:36926] 2026-04-30 23:03:58.044 12 WARNING keystone.common.fernet_utils [None req-cbcf9f3d-0642-40ef-b314-700c471af14b - - - - - -] key_repository is world readable: /etc/keystone/fernet-keys/ 10.0.0.94 - - [30/Apr/2026:23:03:57 +0000] "POST /v3/auth/tokens HTTP/1.1" 201 1360 10.0.0.94 - - [30/Apr/2026:23:03:58 +0000] "GET /v3/services HTTP/1.1" 200 355 10.0.0.94 - - [30/Apr/2026:23:04:01 +0000] "GET / HTTP/1.1" 300 295
[Thu Apr 30 23:04:01.535603 2026] [wsgi:error] [pid 9:tid 139783564932800] [remote 10.0.0.94:36928] 2026-04-30 23:04:01.534 9 WARNING keystone.common.password_hashing [None req-e73a1cff-dc12-4e1f-b2e1-09f40eefd2ab - - - - - -] Truncating password to algorithm specific maximum length 72 characters.
[Thu Apr 30 23:04:01.822572 2026] [wsgi:error] [pid 9:tid 139783564932800] [remote 10.0.0.94:36928] 2026-04-30 23:04:01.822 9 WARNING keystone.common.fernet_utils [None req-e73a1cff-dc12-4e1f-b2e1-09f40eefd2ab - - - - - -] key_repository is world readable: /etc/keystone/fernet-keys/ 10.0.0.94 - - [30/Apr/2026:23:04:01 +0000] "POST /v3/auth/tokens HTTP/1.1" 201 1360 10.0.0.94 - - [30/Apr/2026:23:04:01 +0000] "GET /v3/services HTTP/1.1" 200 355 10.0.0.94 - - [30/Apr/2026:23:04:05 +0000] "GET / HTTP/1.1" 300 295
[Thu Apr 30 23:04:05.238273 2026] [wsgi:error] [pid 10:tid 139783564932800] [remote 10.0.0.94:55066] 2026-04-30 23:04:05.238 10 WARNING keystone.common.password_hashing [None req-b2e9477f-9e9a-4ffb-a461-c4a7acd71607 - - - - - -] Truncating password to algorithm specific maximum length 72 characters.
[Thu Apr 30 23:04:05.524459 2026] [wsgi:error] [pid 10:tid 139783564932800] [remote 10.0.0.94:55066] 2026-04-30 23:04:05.524 10 WARNING keystone.common.fernet_utils [None req-b2e9477f-9e9a-4ffb-a461-c4a7acd71607 - - - - - -] key_repository is world readable: /etc/keystone/fernet-keys/ 10.0.0.94 - - [30/Apr/2026:23:04:05 +0000] "POST /v3/auth/tokens HTTP/1.1" 201 1360 10.0.0.94 - - [30/Apr/2026:23:04:05 +0000] "POST /v3/services HTTP/1.1" 201 296 10.0.0.192 - - [30/Apr/2026:23:04:16 +0000] "GET / HTTP/1.1" 300 295
[Thu Apr 30 23:04:16.252928 2026] [wsgi:error] [pid 11:tid 139783564932800] [remote 10.0.0.192:42186] 2026-04-30 23:04:16.252 11 WARNING keystone.common.password_hashing [None req-e6251b34-2935-40a6-910e-74fc74ba6da5 - - - - - -] Truncating password to algorithm specific maximum length 72 characters. 10.0.0.192 - - [30/Apr/2026:23:04:16 +0000] "GET / HTTP/1.1" 300 295
[Thu Apr 30 23:04:16.400746 2026] [wsgi:error] [pid 9:tid 139783564932800] [remote 10.0.0.192:42196] 2026-04-30 23:04:16.400 9 WARNING keystone.common.password_hashing [None req-1a11f368-5782-4675-9a07-c85ad295ec05 - - - - - -] Truncating password to algorithm specific maximum length 72 characters. 10.0.0.192 - - [30/Apr/2026:23:04:16 +0000] "GET / HTTP/1.1" 300 295
[Thu Apr 30 23:04:16.450187 2026] [wsgi:error] [pid 10:tid 139783564932800] [remote 10.0.0.192:42208] 2026-04-30 23:04:16.449 10 WARNING keystone.common.password_hashing [None req-b957a61c-ac46-48ef-96db-06d87c4916ee - - - - - -] Truncating password to algorithm specific maximum length 72 characters.
[Thu Apr 30 23:04:16.535216 2026] [wsgi:error] [pid 11:tid 139783564932800] [remote 10.0.0.192:42186] 2026-04-30 23:04:16.534 11 WARNING keystone.common.fernet_utils [None req-e6251b34-2935-40a6-910e-74fc74ba6da5 - - - - - -] key_repository is world readable: /etc/keystone/fernet-keys/ 10.0.0.192 - - [30/Apr/2026:23:04:16 +0000] "POST /v3/auth/tokens HTTP/1.1" 201 1464
[Thu Apr 30 23:04:16.676802 2026] [wsgi:error] [pid 9:tid 139783564932800] [remote 10.0.0.192:42196] 2026-04-30 23:04:16.676 9 WARNING keystone.common.fernet_utils [None req-1a11f368-5782-4675-9a07-c85ad295ec05 - - - - - -] key_repository is world readable: /etc/keystone/fernet-keys/ 10.0.0.192 - - [30/Apr/2026:23:04:16 +0000] "POST /v3/auth/tokens HTTP/1.1" 201 1464 10.0.0.192 - - [30/Apr/2026:23:04:16 +0000] "GET /v3/services HTTP/1.1" 200 639
[Thu Apr 30 23:04:16.726040 2026] [wsgi:error] [pid 10:tid 139783564932800] [remote 10.0.0.192:42208] 2026-04-30 23:04:16.725 10 WARNING keystone.common.fernet_utils [None req-b957a61c-ac46-48ef-96db-06d87c4916ee - - - - - -] key_repository is world readable: /etc/keystone/fernet-keys/ 10.0.0.192 - - [30/Apr/2026:23:04:16 +0000] "POST /v3/auth/tokens HTTP/1.1" 201 1464 10.0.0.192 - - [30/Apr/2026:23:04:16 +0000] "GET /v3/services HTTP/1.1" 200 639 10.0.0.192 - - [30/Apr/2026:23:04:16 +0000] "GET /v3/services HTTP/1.1" 200 639 10.0.0.192 - - [30/Apr/2026:23:04:18 +0000] "GET / HTTP/1.1" 300 295
[Thu Apr 30 23:04:18.066603 2026] [wsgi:error] [pid 10:tid 139783564932800] [remote 10.0.0.192:42214] 2026-04-30 23:04:18.066 10 WARNING keystone.common.password_hashing [None req-ee5880d1-ba5f-47a0-b43d-20bdecfd9af2 - - - - - -] Truncating password to algorithm specific maximum length 72 characters. 10.0.0.192 - - [30/Apr/2026:23:04:18 +0000] "GET / HTTP/1.1" 300 295
[Thu Apr 30 23:04:18.164487 2026] [wsgi:error] [pid 9:tid 139783564932800] [remote 10.0.0.192:42222] 2026-04-30 23:04:18.164 9 WARNING keystone.common.password_hashing [None req-2fc0831a-c87a-429f-b536-85fbfc292de8 - - - - - -] Truncating password to algorithm specific maximum length 72 characters. 10.0.0.192 - - [30/Apr/2026:23:04:18 +0000] "GET / HTTP/1.1" 300 295
[Thu Apr 30 23:04:18.195713 2026] [wsgi:error] [pid 11:tid 139783564932800] [remote 10.0.0.192:42234] 2026-04-30 23:04:18.195 11 WARNING keystone.common.password_hashing [None req-2bdaeb3d-537c-422c-b188-86d54dd6450f - - - - - -] Truncating password to algorithm specific maximum length 72 characters.
[Thu Apr 30 23:04:18.338848 2026] [wsgi:error] [pid 10:tid 139783564932800] [remote 10.0.0.192:42214] 2026-04-30 23:04:18.338 10 WARNING keystone.common.fernet_utils [None req-ee5880d1-ba5f-47a0-b43d-20bdecfd9af2 - - - - - -] key_repository is world readable: /etc/keystone/fernet-keys/ 10.0.0.192 - - [30/Apr/2026:23:04:18 +0000] "POST /v3/auth/tokens HTTP/1.1" 201 1464
[Thu Apr 30 23:04:18.436864 2026] [wsgi:error] [pid 9:tid 139783564932800] [remote 10.0.0.192:42222] 2026-04-30 23:04:18.436 9 WARNING keystone.common.fernet_utils [None req-2fc0831a-c87a-429f-b536-85fbfc292de8 - - - - - -] key_repository is world readable: /etc/keystone/fernet-keys/ 10.0.0.192 - - [30/Apr/2026:23:04:18 +0000] "POST /v3/auth/tokens HTTP/1.1" 201 1464 10.0.0.192 - - [30/Apr/2026:23:04:18 +0000] "GET /v3/endpoints HTTP/1.1" 200 1227
[Thu Apr 30 23:04:18.468975 2026] [wsgi:error] [pid 11:tid 139783564932800] [remote 10.0.0.192:42234] 2026-04-30 23:04:18.468 11 WARNING keystone.common.fernet_utils [None req-2bdaeb3d-537c-422c-b188-86d54dd6450f - - - - - -] key_repository is world readable: /etc/keystone/fernet-keys/ 10.0.0.192 - - [30/Apr/2026:23:04:18 +0000] "POST /v3/auth/tokens HTTP/1.1" 201 1464 10.0.0.192 - - [30/Apr/2026:23:04:18 +0000] "GET /v3/services/bc649421f4c547e2a876856b63c0f960 HTTP/1.1" 200 233 10.0.0.192 - - [30/Apr/2026:23:04:18 +0000] "GET /v3/services/bc649421f4c547e2a876856b63c0f960 HTTP/1.1" 200 233 10.0.0.192 - - [30/Apr/2026:23:04:18 +0000] "GET /v3/services/bc649421f4c547e2a876856b63c0f960 HTTP/1.1" 200 233 10.0.0.192 - - [30/Apr/2026:23:04:18 +0000] "GET /v3/endpoints HTTP/1.1" 200 1227 10.0.0.192 - - [30/Apr/2026:23:04:18 +0000] "GET /v3/services/bc649421f4c547e2a876856b63c0f960 HTTP/1.1" 200 233 10.0.0.192 - - [30/Apr/2026:23:04:18 +0000] "GET /v3/endpoints HTTP/1.1" 200 1227 10.0.0.192 - - [30/Apr/2026:23:04:18 +0000] "GET /v3/services/bc649421f4c547e2a876856b63c0f960 HTTP/1.1" 200 233 10.0.0.192 - - [30/Apr/2026:23:04:18 +0000] "GET /v3/services/bc649421f4c547e2a876856b63c0f960 HTTP/1.1" 200 233 10.0.0.192 - - [30/Apr/2026:23:04:18 +0000] "GET /v3/services/bc649421f4c547e2a876856b63c0f960 HTTP/1.1" 200 233 10.0.0.192 - - [30/Apr/2026:23:04:18 +0000] "GET /v3/services/bc649421f4c547e2a876856b63c0f960 HTTP/1.1" 200 233 10.0.0.192 - - [30/Apr/2026:23:04:18 +0000] "GET /v3/services/bc649421f4c547e2a876856b63c0f960 HTTP/1.1" 200 233 10.0.0.192 - - [30/Apr/2026:23:04:19 +0000] "GET / HTTP/1.1" 300 295
[Thu Apr 30 23:04:19.888232 2026] [wsgi:error] [pid 9:tid 139783564932800] [remote 10.0.0.192:42238] 2026-04-30 23:04:19.888 9 WARNING keystone.common.password_hashing [None req-0817f9b2-ceb0-46c2-91c5-e92c25df8dd0 - - - - - -] Truncating password to algorithm specific maximum length 72 characters. 10.0.0.192 - - [30/Apr/2026:23:04:19 +0000] "GET / HTTP/1.1" 300 295 10.0.0.192 - - [30/Apr/2026:23:04:19 +0000] "GET / HTTP/1.1" 300 295
[Thu Apr 30 23:04:19.914602 2026] [wsgi:error] [pid 11:tid 139783564932800] [remote 10.0.0.192:42246] 2026-04-30 23:04:19.914 11 WARNING keystone.common.password_hashing [None req-1ce715c1-fd3d-4438-afd5-9694abf67a84 - - - - - -] Truncating password to algorithm specific maximum length 72 characters.
[Thu Apr 30 23:04:19.927510 2026] [wsgi:error] [pid 10:tid 139783564932800] [remote 10.0.0.192:42250] 2026-04-30 23:04:19.927 10 WARNING keystone.common.password_hashing [None req-9e9f07cf-a817-4ed8-8a47-84a6dce5395c - - - - - -] Truncating password to algorithm specific maximum length 72 characters.
[Thu Apr 30 23:04:20.159378 2026] [wsgi:error] [pid 9:tid 139783564932800] [remote 10.0.0.192:42238] 2026-04-30 23:04:20.159 9 WARNING keystone.common.fernet_utils [None req-0817f9b2-ceb0-46c2-91c5-e92c25df8dd0 - - - - - -] key_repository is world readable: /etc/keystone/fernet-keys/ 10.0.0.192 - - [30/Apr/2026:23:04:19 +0000] "POST /v3/auth/tokens HTTP/1.1" 201 1464
[Thu Apr 30 23:04:20.183412 2026] [wsgi:error] [pid 11:tid 139783564932800] [remote 10.0.0.192:42246] 2026-04-30 23:04:20.183 11 WARNING keystone.common.fernet_utils [None req-1ce715c1-fd3d-4438-afd5-9694abf67a84 - - - - - -] key_repository is world readable: /etc/keystone/fernet-keys/ 10.0.0.192 - - [30/Apr/2026:23:04:19 +0000] "POST /v3/auth/tokens HTTP/1.1" 201 1464
[Thu Apr 30 23:04:20.220641 2026] [wsgi:error] [pid 10:tid 139783564932800] [remote 10.0.0.192:42250] 2026-04-30 23:04:20.220 10 WARNING keystone.common.fernet_utils [None req-9e9f07cf-a817-4ed8-8a47-84a6dce5395c - - - - - -] key_repository is world readable: /etc/keystone/fernet-keys/ 10.0.0.192 - - [30/Apr/2026:23:04:19 +0000] "POST /v3/auth/tokens HTTP/1.1" 201 1464 10.0.0.192 - - [30/Apr/2026:23:04:20 +0000] "GET /v3/services/5267b6d117664efc813aa93282b06199 HTTP/1.1" 200 296 10.0.0.192 - - [30/Apr/2026:23:04:20 +0000] "GET /v3/services/5267b6d117664efc813aa93282b06199 HTTP/1.1" 200 296 10.0.0.192 - - [30/Apr/2026:23:04:20 +0000] "GET /v3/regions/RegionOne HTTP/1.1" 200 173 10.0.0.192 - - [30/Apr/2026:23:04:20 +0000] "GET /v3/regions/RegionOne HTTP/1.1" 200 173 10.0.0.192 - - [30/Apr/2026:23:04:20 +0000] "GET /v3/services/5267b6d117664efc813aa93282b06199 HTTP/1.1" 200 296 10.0.0.192 - - [30/Apr/2026:23:04:20 +0000] "GET /v3/regions/RegionOne HTTP/1.1" 200 173 10.0.0.192 - - [30/Apr/2026:23:04:20 +0000] "POST /v3/endpoints HTTP/1.1" 201 370 10.0.0.192 - - [30/Apr/2026:23:04:20 +0000] "POST /v3/endpoints HTTP/1.1" 201 380 10.0.0.192 - - [30/Apr/2026:23:04:20 +0000] "POST /v3/endpoints HTTP/1.1" 201 383 10.0.0.192 - - [30/Apr/2026:23:04:21 +0000] "GET / HTTP/1.1" 300 295
[Thu Apr 30 23:04:21.781465 2026] [wsgi:error] [pid 9:tid 139783564932800] [remote 10.0.0.192:42258] 2026-04-30 23:04:21.781 9 WARNING keystone.common.password_hashing [None req-0f042546-383c-4729-97e7-89a319048743 - - - - - -] Truncating password to algorithm specific maximum length 72 characters. 10.0.0.192 - - [30/Apr/2026:23:04:21 +0000] "GET / HTTP/1.1" 300 295
[Thu Apr 30 23:04:21.838213 2026] [wsgi:error] [pid 11:tid 139783564932800] [remote 10.0.0.192:42262] 2026-04-30 23:04:21.837 11 WARNING keystone.common.password_hashing [None req-8441f1f0-4f0a-4d05-ab5c-e237ab5fc71c - - - - - -] Truncating password to algorithm specific maximum length 72 characters. 10.0.0.192 - - [30/Apr/2026:23:04:21 +0000] "GET / HTTP/1.1" 300 295
[Thu Apr 30 23:04:21.893874 2026] [wsgi:error] [pid 12:tid 139783564932800] [remote 10.0.0.192:42264] 2026-04-30 23:04:21.893 12 WARNING keystone.common.password_hashing [None req-f4db3c27-f3b5-407e-b177-56dc8d0fe452 - - - - - -] Truncating password to algorithm specific maximum length 72 characters.
[Thu Apr 30 23:04:22.064114 2026] [wsgi:error] [pid 9:tid 139783564932800] [remote 10.0.0.192:42258] 2026-04-30 23:04:22.063 9 WARNING keystone.common.fernet_utils [None req-0f042546-383c-4729-97e7-89a319048743 - - - - - -] key_repository is world readable: /etc/keystone/fernet-keys/ 10.0.0.192 - - [30/Apr/2026:23:04:21 +0000] "POST /v3/auth/tokens HTTP/1.1" 201 1992
[Thu Apr 30 23:04:22.114241 2026] [wsgi:error] [pid 11:tid 139783564932800] [remote 10.0.0.192:42262] 2026-04-30 23:04:22.114 11 WARNING keystone.common.fernet_utils [None req-8441f1f0-4f0a-4d05-ab5c-e237ab5fc71c - - - - - -] key_repository is world readable: /etc/keystone/fernet-keys/ 10.0.0.192 - - [30/Apr/2026:23:04:21 +0000] "POST /v3/auth/tokens HTTP/1.1" 201 1992
[Thu Apr 30 23:04:22.171993 2026] [wsgi:error] [pid 12:tid 139783564932800] [remote 10.0.0.192:42264] 2026-04-30 23:04:22.171 12 WARNING keystone.common.fernet_utils [None req-f4db3c27-f3b5-407e-b177-56dc8d0fe452 - - - - - -] key_repository is world readable: /etc/keystone/fernet-keys/ 10.0.0.192 - - [30/Apr/2026:23:04:21 +0000] "POST /v3/auth/tokens HTTP/1.1" 201 1992 10.0.0.192 - - [30/Apr/2026:23:04:22 +0000] "GET /v3/endpoints/94365e800adc4bdfb93f9a04f1de1d04 HTTP/1.1" 200 383 10.0.0.192 - - [30/Apr/2026:23:04:22 +0000] "GET /v3/services/5267b6d117664efc813aa93282b06199 HTTP/1.1" 200 296 10.0.0.192 - - [30/Apr/2026:23:04:22 +0000] "GET /v3/endpoints/b30b44f82be442c19f703d19f4b661ca HTTP/1.1" 200 380 10.0.0.192 - - [30/Apr/2026:23:04:22 +0000] "GET /v3/services/5267b6d117664efc813aa93282b06199 HTTP/1.1" 200 296 10.0.0.192 - - [30/Apr/2026:23:04:22 +0000] "GET /v3/endpoints/91f5a211810b42f7925631222be57ff6 HTTP/1.1" 200 370 10.0.0.192 - - [30/Apr/2026:23:04:22 +0000] "GET /v3/services/5267b6d117664efc813aa93282b06199 HTTP/1.1" 200 296 10.0.0.212 - - [30/Apr/2026:23:04:33 +0000] "GET / HTTP/1.1" 300 295
[Thu Apr 30 23:04:33.323924 2026] [wsgi:error] [pid 12:tid 139783564932800] [remote 10.0.0.212:33624] 2026-04-30 23:04:33.323 12 WARNING keystone.common.password_hashing [None req-7b227bd4-7da7-4794-94d5-1eaf8b900f87 - - - - - -] Truncating password to algorithm specific maximum length 72 characters.
[Thu Apr 30 23:04:33.603932 2026] [wsgi:error] [pid 12:tid 139783564932800] [remote 10.0.0.212:33624] 2026-04-30 23:04:33.603 12 WARNING keystone.common.fernet_utils [None req-7b227bd4-7da7-4794-94d5-1eaf8b900f87 - - - - - -] key_repository is world readable: /etc/keystone/fernet-keys/ 10.0.0.212 - - [30/Apr/2026:23:04:33 +0000] "POST /v3/auth/tokens HTTP/1.1" 201 1992 10.0.0.212 - - [30/Apr/2026:23:04:33 +0000] "POST /v3/domains HTTP/1.1" 201 284 10.0.0.212 - - [30/Apr/2026:23:04:35 +0000] "GET / HTTP/1.1" 300 295
[Thu Apr 30 23:04:35.134602 2026] [wsgi:error] [pid 11:tid 139783564932800] [remote 10.0.0.212:46064] 2026-04-30 23:04:35.134 11 WARNING keystone.common.password_hashing [None req-8f8a16cb-0626-49f0-9972-7167e244f525 - - - - - -] Truncating password to algorithm specific maximum length 72 characters.
[Thu Apr 30 23:04:35.404002 2026] [wsgi:error] [pid 11:tid 139783564932800] [remote 10.0.0.212:46064] 2026-04-30 23:04:35.403 11 WARNING keystone.common.fernet_utils [None req-8f8a16cb-0626-49f0-9972-7167e244f525 - - - - - -] key_repository is world readable: /etc/keystone/fernet-keys/ 10.0.0.212 - - [30/Apr/2026:23:04:35 +0000] "POST /v3/auth/tokens HTTP/1.1" 201 1992
[Thu Apr 30 23:04:35.578658 2026] [wsgi:error] [pid 12:tid 139783564932800] [remote 10.0.0.212:46064] 2026-04-30 23:04:35.566 12 ERROR keystone.server.flask.application [None req-8d895221-1fc4-4701-b3ff-98e44706d506 fe04c8da0dae4adc97ca9f802ca3a715 899e503237494622bfb6ba81605ebb2a - - default default] Conflict occurred attempting to store project - it is not permitted to have two projects acting as domains with the same name: service.: keystone.exception.Conflict: Conflict occurred attempting to store project - it is not permitted to have two projects acting as domains with the same name: service.
[Thu Apr 30 23:04:35.578685 2026] [wsgi:error] [pid 12:tid 139783564932800] [remote 10.0.0.212:46064] 2026-04-30 23:04:35.566 12 ERROR keystone.server.flask.application
Traceback (most recent call last):
[Thu Apr 30 23:04:35.578687 2026] [wsgi:error] [pid 12:tid 139783564932800] [remote 10.0.0.212:46064] 2026-04-30 23:04:35.566 12 ERROR keystone.server.flask.application
File "/var/lib/openstack/lib/python3.12/site-packages/sqlalchemy/engine/base.py", line 1967, in _exec_single_context
[Thu Apr 30 23:04:35.578689 2026] [wsgi:error] [pid 12:tid 139783564932800] [remote 10.0.0.212:46064] 2026-04-30 23:04:35.566 12 ERROR keystone.server.flask.application self.dialect.do_execute(
[Thu Apr 30 23:04:35.578691 2026] [wsgi:error] [pid 12:tid 139783564932800] [remote 10.0.0.212:46064] 2026-04-30 23:04:35.566 12 ERROR keystone.server.flask.application
File "/var/lib/openstack/lib/python3.12/site-packages/sqlalchemy/engine/default.py", line 952, in do_execute
[Thu Apr 30 23:04:35.578693 2026] [wsgi:error] [pid 12:tid 139783564932800] [remote 10.0.0.212:46064] 2026-04-30 23:04:35.566 12 ERROR keystone.server.flask.application cursor.execute(statement, parameters)
[Thu Apr 30 23:04:35.578694 2026] [wsgi:error] [pid 12:tid 139783564932800] [remote 10.0.0.212:46064] 2026-04-30 23:04:35.566 12 ERROR keystone.server.flask.application
File "/var/lib/openstack/lib/python3.12/site-packages/pymysql/cursors.py", line 153, in execute
[Thu Apr 30 23:04:35.578696 2026] [wsgi:error] [pid 12:tid 139783564932800] [remote 10.0.0.212:46064] 2026-04-30 23:04:35.566 12 ERROR keystone.server.flask.application result = self._query(query)
[Thu Apr 30 23:04:35.578697 2026] [wsgi:error] [pid 12:tid 139783564932800] [remote 10.0.0.212:46064] 2026-04-30 23:04:35.566 12 ERROR keystone.server.flask.application ^^^^^^^^^^^^^^^^^^
[Thu Apr 30 23:04:35.578698 2026] [wsgi:error] [pid 12:tid 139783564932800] [remote 10.0.0.212:46064] 2026-04-30 23:04:35.566 12 ERROR keystone.server.flask.application
File "/var/lib/openstack/lib/python3.12/site-packages/pymysql/cursors.py", line 322, in _query
[Thu Apr 30 23:04:35.578700 2026] [wsgi:error] [pid 12:tid 139783564932800] [remote 10.0.0.212:46064] 2026-04-30 23:04:35.566 12 ERROR keystone.server.flask.application conn.query(q)
[Thu Apr 30 23:04:35.578701 2026] [wsgi:error] [pid 12:tid 139783564932800] [remote 10.0.0.212:46064] 2026-04-30 23:04:35.566 12 ERROR keystone.server.flask.application
File "/var/lib/openstack/lib/python3.12/site-packages/pymysql/connections.py", line 575, in query
[Thu Apr 30 23:04:35.578703 2026] [wsgi:error] [pid 12:tid 139783564932800] [remote 10.0.0.212:46064] 2026-04-30 23:04:35.566 12 ERROR keystone.server.flask.application self._affected_rows = self._read_query_result(unbuffered=unbuffered)
[Thu Apr 30 23:04:35.578705 2026] [wsgi:error] [pid 12:tid 139783564932800] [remote 10.0.0.212:46064] 2026-04-30 23:04:35.566 12 ERROR keystone.server.flask.application ^^^^^^^^^^^^^^^^^^^^^^^^^^^^^^^^^^^^^^^^^^^^^^
[Thu Apr 30 23:04:35.578706 2026] [wsgi:error] [pid 12:tid 139783564932800] [remote 10.0.0.212:46064] 2026-04-30 23:04:35.566 12 ERROR keystone.server.flask.application
File "/var/lib/openstack/lib/python3.12/site-packages/pymysql/connections.py", line 826, in _read_query_result
[Thu Apr 30 23:04:35.578707 2026] [wsgi:error] [pid 12:tid 139783564932800] [remote 10.0.0.212:46064] 2026-04-30 23:04:35.566 12 ERROR keystone.server.flask.application result.read()
[Thu Apr 30 23:04:35.578710 2026] [wsgi:error] [pid 12:tid 139783564932800] [remote 10.0.0.212:46064] 2026-04-30 23:04:35.566 12 ERROR keystone.server.flask.application
File "/var/lib/openstack/lib/python3.12/site-packages/pymysql/connections.py", line 1203, in read
[Thu Apr 30 23:04:35.578712 2026] [wsgi:error] [pid 12:tid 139783564932800] [remote 10.0.0.212:46064] 2026-04-30 23:04:35.566 12 ERROR keystone.server.flask.application first_packet = self.connection._read_packet()
[Thu Apr 30 23:04:35.578713 2026] [wsgi:error] [pid 12:tid 139783564932800] [remote 10.0.0.212:46064] 2026-04-30 23:04:35.566 12 ERROR keystone.server.flask.application ^^^^^^^^^^^^^^^^^^^^^^^^^^^^^^
[Thu Apr 30 23:04:35.578714 2026] [wsgi:error] [pid 12:tid 139783564932800] [remote 10.0.0.212:46064] 2026-04-30 23:04:35.566 12 ERROR keystone.server.flask.application
File "/var/lib/openstack/lib/python3.12/site-packages/pymysql/connections.py", line 782, in _read_packet
[Thu Apr 30 23:04:35.578718 2026] [wsgi:error] [pid 12:tid 139783564932800] [remote 10.0.0.212:46064] 2026-04-30 23:04:35.566 12 ERROR keystone.server.flask.application packet.raise_for_error()
[Thu Apr 30 23:04:35.578719 2026] [wsgi:error] [pid 12:tid 139783564932800] [remote 10.0.0.212:46064] 2026-04-30 23:04:35.566 12 ERROR keystone.server.flask.application
File "/var/lib/openstack/lib/python3.12/site-packages/pymysql/protocol.py", line 219, in raise_for_error
[Thu Apr 30 23:04:35.578721 2026] [wsgi:error] [pid 12:tid 139783564932800] [remote 10.0.0.212:46064] 2026-04-30 23:04:35.566 12 ERROR keystone.server.flask.application err.raise_mysql_exception(self._data)
[Thu Apr 30 23:04:35.578722 2026] [wsgi:error] [pid 12:tid 139783564932800] [remote 10.0.0.212:46064] 2026-04-30 23:04:35.566 12 ERROR keystone.server.flask.application
File "/var/lib/openstack/lib/python3.12/site-packages/pymysql/err.py", line 150, in raise_mysql_exception
[Thu Apr 30 23:04:35.578724 2026] [wsgi:error] [pid 12:tid 139783564932800] [remote 10.0.0.212:46064] 2026-04-30 23:04:35.566 12 ERROR keystone.server.flask.application raise errorclass(errno, errval)
[Thu Apr 30 23:04:35.578725 2026] [wsgi:error] [pid 12:tid 139783564932800] [remote 10.0.0.212:46064] 2026-04-30 23:04:35.566 12 ERROR keystone.server.flask.application pymysql.err.IntegrityError: (1062, "Duplicate entry '<>-service' for key 'project.ixu_project_name_domain_id'")
[Thu Apr 30 23:04:35.578727 2026] [wsgi:error] [pid 12:tid 139783564932800] [remote 10.0.0.212:46064] 2026-04-30 23:04:35.566 12 ERROR keystone.server.flask.application
[Thu Apr 30 23:04:35.578728 2026] [wsgi:error] [pid 12:tid 139783564932800] [remote 10.0.0.212:46064] 2026-04-30 23:04:35.566 12 ERROR keystone.server.flask.application The above exception was the direct cause of the following exception:
[Thu Apr 30 23:04:35.578730 2026] [wsgi:error] [pid 12:tid 139783564932800] [remote 10.0.0.212:46064] 2026-04-30 23:04:35.566 12 ERROR keystone.server.flask.application
[Thu Apr 30 23:04:35.578731 2026] [wsgi:error] [pid 12:tid 139783564932800] [remote 10.0.0.212:46064] 2026-04-30 23:04:35.566 12 ERROR keystone.server.flask.application
Traceback (most recent call last):
[Thu Apr 30 23:04:35.578732 2026] [wsgi:error] [pid 12:tid 139783564932800] [remote 10.0.0.212:46064] 2026-04-30 23:04:35.566 12 ERROR keystone.server.flask.application
File "/var/lib/openstack/lib/python3.12/site-packages/keystone/common/sql/core.py", line 575, in wrapper
[Thu Apr 30 23:04:35.578734 2026] [wsgi:error] [pid 12:tid 139783564932800] [remote 10.0.0.212:46064] 2026-04-30 23:04:35.566 12 ERROR keystone.server.flask.application return method(*args, **kwargs)
[Thu Apr 30 23:04:35.578735 2026] [wsgi:error] [pid 12:tid 139783564932800] [remote 10.0.0.212:46064] 2026-04-30 23:04:35.566 12 ERROR keystone.server.flask.application ^^^^^^^^^^^^^^^^^^^^^^^
[Thu Apr 30 23:04:35.578738 2026] [wsgi:error] [pid 12:tid 139783564932800] [remote 10.0.0.212:46064] 2026-04-30 23:04:35.566 12 ERROR keystone.server.flask.application
File "/var/lib/openstack/lib/python3.12/site-packages/keystone/resource/backends/sql.py", line 278, in create_project
[Thu Apr 30 23:04:35.578739 2026] [wsgi:error] [pid 12:tid 139783564932800] [remote 10.0.0.212:46064] 2026-04-30 23:04:35.566 12 ERROR keystone.server.flask.application with sql.session_for_write() as session:
[Thu Apr 30 23:04:35.578741 2026] [wsgi:error] [pid 12:tid 139783564932800] [remote 10.0.0.212:46064] 2026-04-30 23:04:35.566 12 ERROR keystone.server.flask.application
File "/usr/lib/python3.12/contextlib.py", line 144, in __exit__
[Thu Apr 30 23:04:35.578742 2026] [wsgi:error] [pid 12:tid 139783564932800] [remote 10.0.0.212:46064] 2026-04-30 23:04:35.566 12 ERROR keystone.server.flask.application next(self.gen)
[Thu Apr 30 23:04:35.578743 2026] [wsgi:error] [pid 12:tid 139783564932800] [remote 10.0.0.212:46064] 2026-04-30 23:04:35.566 12 ERROR keystone.server.flask.application
File "/var/lib/openstack/lib/python3.12/site-packages/oslo_db/sqlalchemy/enginefacade.py", line 1175, in _transaction_scope
[Thu Apr 30 23:04:35.578745 2026] [wsgi:error] [pid 12:tid 139783564932800] [remote 10.0.0.212:46064] 2026-04-30 23:04:35.566 12 ERROR keystone.server.flask.application with current._produce_block(
[Thu Apr 30 23:04:35.578746 2026] [wsgi:error] [pid 12:tid 139783564932800] [remote 10.0.0.212:46064] 2026-04-30 23:04:35.566 12 ERROR keystone.server.flask.application
File "/usr/lib/python3.12/contextlib.py", line 144, in __exit__
[Thu Apr 30 23:04:35.578747 2026] [wsgi:error] [pid 12:tid 139783564932800] [remote 10.0.0.212:46064] 2026-04-30 23:04:35.566 12 ERROR keystone.server.flask.application next(self.gen)
[Thu Apr 30 23:04:35.578749 2026] [wsgi:error] [pid 12:tid 139783564932800] [remote 10.0.0.212:46064] 2026-04-30 23:04:35.566 12 ERROR keystone.server.flask.application
File "/var/lib/openstack/lib/python3.12/site-packages/oslo_db/sqlalchemy/enginefacade.py", line 837, in _session
[Thu Apr 30 23:04:35.578750 2026] [wsgi:error] [pid 12:tid 139783564932800] [remote 10.0.0.212:46064] 2026-04-30 23:04:35.566 12 ERROR keystone.server.flask.application with excutils.save_and_reraise_exception():
[Thu Apr 30 23:04:35.578752 2026] [wsgi:error] [pid 12:tid 139783564932800] [remote 10.0.0.212:46064] 2026-04-30 23:04:35.566 12 ERROR keystone.server.flask.application
File "/var/lib/openstack/lib/python3.12/site-packages/oslo_utils/excutils.py", line 271, in __exit__
[Thu Apr 30 23:04:35.578753 2026] [wsgi:error] [pid 12:tid 139783564932800] [remote 10.0.0.212:46064] 2026-04-30 23:04:35.566 12 ERROR keystone.server.flask.application self.force_reraise()
[Thu Apr 30 23:04:35.578754 2026] [wsgi:error] [pid 12:tid 139783564932800] [remote 10.0.0.212:46064] 2026-04-30 23:04:35.566 12 ERROR keystone.server.flask.application
File "/var/lib/openstack/lib/python3.12/site-packages/oslo_utils/excutils.py", line 233, in force_reraise
[Thu Apr 30 23:04:35.578756 2026] [wsgi:error] [pid 12:tid 139783564932800] [remote 10.0.0.212:46064] 2026-04-30 23:04:35.566 12 ERROR keystone.server.flask.application raise self.value
[Thu Apr 30 23:04:35.578757 2026] [wsgi:error] [pid 12:tid 139783564932800] [remote 10.0.0.212:46064] 2026-04-30 23:04:35.566 12 ERROR keystone.server.flask.application
File "/var/lib/openstack/lib/python3.12/site-packages/oslo_db/sqlalchemy/enginefacade.py", line 835, in _session
[Thu Apr 30 23:04:35.578759 2026] [wsgi:error] [pid 12:tid 139783564932800] [remote 10.0.0.212:46064] 2026-04-30 23:04:35.566 12 ERROR keystone.server.flask.application self._end_session_transaction(self.session)
[Thu Apr 30 23:04:35.578760 2026] [wsgi:error] [pid 12:tid 139783564932800] [remote 10.0.0.212:46064] 2026-04-30 23:04:35.566 12 ERROR keystone.server.flask.application
File "/var/lib/openstack/lib/python3.12/site-packages/oslo_db/sqlalchemy/enginefacade.py", line 748, in _end_session_transaction
[Thu Apr 30 23:04:35.578763 2026] [wsgi:error] [pid 12:tid 139783564932800] [remote 10.0.0.212:46064] 2026-04-30 23:04:35.566 12 ERROR keystone.server.flask.application session.commit()
[Thu Apr 30 23:04:35.578764 2026] [wsgi:error] [pid 12:tid 139783564932800] [remote 10.0.0.212:46064] 2026-04-30 23:04:35.566 12 ERROR keystone.server.flask.application
File "/var/lib/openstack/lib/python3.12/site-packages/sqlalchemy/orm/session.py", line 2030, in commit
[Thu Apr 30 23:04:35.578766 2026] [wsgi:error] [pid 12:tid 139783564932800] [remote 10.0.0.212:46064] 2026-04-30 23:04:35.566 12 ERROR keystone.server.flask.application trans.commit(_to_root=True)
[Thu Apr 30 23:04:35.578767 2026] [wsgi:error] [pid 12:tid 139783564932800] [remote 10.0.0.212:46064] 2026-04-30 23:04:35.566 12 ERROR keystone.server.flask.application File "", line 2, in commit
[Thu Apr 30 23:04:35.578768 2026] [wsgi:error] [pid 12:tid 139783564932800] [remote 10.0.0.212:46064] 2026-04-30 23:04:35.566 12 ERROR keystone.server.flask.application
File "/var/lib/openstack/lib/python3.12/site-packages/sqlalchemy/orm/state_changes.py", line 137, in _go
[Thu Apr 30 23:04:35.578770 2026] [wsgi:error] [pid 12:tid 139783564932800] [remote 10.0.0.212:46064] 2026-04-30 23:04:35.566 12 ERROR keystone.server.flask.application ret_value = fn(self, *arg, **kw)
[Thu Apr 30 23:04:35.578771 2026] [wsgi:error] [pid 12:tid 139783564932800] [remote 10.0.0.212:46064] 2026-04-30 23:04:35.566 12 ERROR keystone.server.flask.application ^^^^^^^^^^^^^^^^^^^^
[Thu Apr 30 23:04:35.578772 2026] [wsgi:error] [pid 12:tid 139783564932800] [remote 10.0.0.212:46064] 2026-04-30 23:04:35.566 12 ERROR keystone.server.flask.application
File "/var/lib/openstack/lib/python3.12/site-packages/sqlalchemy/orm/session.py", line 1311, in commit
[Thu Apr 30 23:04:35.578774 2026] [wsgi:error] [pid 12:tid 139783564932800] [remote 10.0.0.212:46064] 2026-04-30 23:04:35.566 12 ERROR keystone.server.flask.application self._prepare_impl()
[Thu Apr 30 23:04:35.578775 2026] [wsgi:error] [pid 12:tid 139783564932800] [remote 10.0.0.212:46064] 2026-04-30 23:04:35.566 12 ERROR keystone.server.flask.application File "", line 2, in _prepare_impl
[Thu Apr 30 23:04:35.578776 2026] [wsgi:error] [pid 12:tid 139783564932800] [remote 10.0.0.212:46064] 2026-04-30 23:04:35.566 12 ERROR keystone.server.flask.application
File "/var/lib/openstack/lib/python3.12/site-packages/sqlalchemy/orm/state_changes.py", line 137, in _go
[Thu Apr 30 23:04:35.578778 2026] [wsgi:error] [pid 12:tid 139783564932800] [remote 10.0.0.212:46064] 2026-04-30 23:04:35.566 12 ERROR keystone.server.flask.application ret_value = fn(self, *arg, **kw)
[Thu Apr 30 23:04:35.578779 2026] [wsgi:error] [pid 12:tid 139783564932800] [remote 10.0.0.212:46064] 2026-04-30 23:04:35.566 12 ERROR keystone.server.flask.application ^^^^^^^^^^^^^^^^^^^^
[Thu Apr 30 23:04:35.578781 2026] [wsgi:error] [pid 12:tid 139783564932800] [remote 10.0.0.212:46064] 2026-04-30 23:04:35.566 12 ERROR keystone.server.flask.application
File "/var/lib/openstack/lib/python3.12/site-packages/sqlalchemy/orm/session.py", line 1286, in _prepare_impl
[Thu Apr 30 23:04:35.578799 2026] [wsgi:error] [pid 12:tid 139783564932800] [remote 10.0.0.212:46064] 2026-04-30 23:04:35.566 12 ERROR keystone.server.flask.application self.session.flush()
[Thu Apr 30 23:04:35.578801 2026] [wsgi:error] [pid 12:tid 139783564932800] [remote 10.0.0.212:46064] 2026-04-30 23:04:35.566 12 ERROR keystone.server.flask.application
File "/var/lib/openstack/lib/python3.12/site-packages/sqlalchemy/orm/session.py", line 4331, in flush
[Thu Apr 30 23:04:35.578803 2026] [wsgi:error] [pid 12:tid 139783564932800] [remote 10.0.0.212:46064] 2026-04-30 23:04:35.566 12 ERROR keystone.server.flask.application self._flush(objects)
[Thu Apr 30 23:04:35.578805 2026] [wsgi:error] [pid 12:tid 139783564932800] [remote 10.0.0.212:46064] 2026-04-30 23:04:35.566 12 ERROR keystone.server.flask.application
File "/var/lib/openstack/lib/python3.12/site-packages/sqlalchemy/orm/session.py", line 4466, in _flush
[Thu Apr 30 23:04:35.578806 2026] [wsgi:error] [pid 12:tid 139783564932800] [remote 10.0.0.212:46064] 2026-04-30 23:04:35.566 12 ERROR keystone.server.flask.application with util.safe_reraise():
[Thu Apr 30 23:04:35.578808 2026] [wsgi:error] [pid 12:tid 139783564932800] [remote 10.0.0.212:46064] 2026-04-30 23:04:35.566 12 ERROR keystone.server.flask.application
File "/var/lib/openstack/lib/python3.12/site-packages/sqlalchemy/util/langhelpers.py", line 121, in __exit__
[Thu Apr 30 23:04:35.578810 2026] [wsgi:error] [pid 12:tid 139783564932800] [remote 10.0.0.212:46064] 2026-04-30 23:04:35.566 12 ERROR keystone.server.flask.application raise exc_value.with_traceback(exc_tb)
[Thu Apr 30 23:04:35.578811 2026] [wsgi:error] [pid 12:tid 139783564932800] [remote 10.0.0.212:46064] 2026-04-30 23:04:35.566 12 ERROR keystone.server.flask.application
File "/var/lib/openstack/lib/python3.12/site-packages/sqlalchemy/orm/session.py", line 4427, in _flush
[Thu Apr 30 23:04:35.578813 2026] [wsgi:error] [pid 12:tid 139783564932800] [remote 10.0.0.212:46064] 2026-04-30 23:04:35.566 12 ERROR keystone.server.flask.application flush_context.execute()
[Thu Apr 30 23:04:35.578815 2026] [wsgi:error] [pid 12:tid 139783564932800] [remote 10.0.0.212:46064] 2026-04-30 23:04:35.566 12 ERROR keystone.server.flask.application
