2026-04-30 23:58:33.712 7 INFO neutron_taas.services.taas.tap_mirror_plugin [None req-bab87f9e-6a21-4cbb-8037-a07fbf91fc66 3193270c0bb241a782ff70b5a4b32801 5d687e034df84faab4c7ca3b460563d6 - - default default] Tap Mirror: Handle Delete Port: e759bd78-948d-486c-8450-5dbfcaca5173 [pid: 8|app: 0|req: 727/1387] 10.0.0.135 () {34 vars in 990 bytes} [Thu Apr 30 23:58:33 2026] GET /v2.0/ports?device_id=a8a1f1ef-810c-44a6-8800-270bf25d2afa => generated 975 bytes in 86 msecs (HTTP/1.1 200) 4 headers in 157 bytes (1 switches on core 0) [pid: 8|app: 0|req: 728/1388] 10.0.0.135 () {34 vars in 1040 bytes} [Thu Apr 30 23:58:33 2026] GET /v2.0/security-groups?id=5c4c2868-4f0a-4b53-9192-21a32ca8f1ef&fields=id&fields=name => generated 114 bytes in 39 msecs (HTTP/1.1 200) 4 headers in 157 bytes (1 switches on core 0) [pid: 8|app: 0|req: 729/1389] 10.0.0.88 () {32 vars in 735 bytes} [Thu Apr 30 23:58:33 2026] GET /v2.0/ports?device_id=a8a1f1ef-810c-44a6-8800-270bf25d2afa => generated 1236 bytes in 41 msecs (HTTP/1.1 200) 4 headers in 158 bytes (1 switches on core 0) [pid: 7|app: 0|req: 661/1390] 10.0.0.88 () {32 vars in 725 bytes} [Thu Apr 30 23:58:33 2026] DELETE /v2.0/networks/28a6de41-8a4b-430b-bebd-97d3cc2ca188 => generated 0 bytes in 367 msecs (HTTP/1.1 204) 3 headers in 131 bytes (1 switches on core 0)
2026-04-30 23:58:34.171 8 WARNING neutron.scheduler.dhcp_agent_scheduler [None req-42ad6d01-7caa-469f-a4fe-cfa3b8207f05 18250b68039343f9812f510bcfac17ed afcfefd742404e32b53f71cf0d1a0e52 - - default default] No more DHCP agents
2026-04-30 23:58:34.172 8 WARNING neutron.api.rpc.agentnotifiers.dhcp_rpc_agent_api [None req-42ad6d01-7caa-469f-a4fe-cfa3b8207f05 18250b68039343f9812f510bcfac17ed afcfefd742404e32b53f71cf0d1a0e52 - - default default] Unable to schedule network 928baf80-f5dd-4486-a806-b2e3c181a338: no agents available; will retry on subsequent port and subnet creation events.
2026-04-30 23:58:34.778 7 WARNING neutron.db.securitygroups_db [None req-12bba026-8ccd-4848-b79f-5c83da95ae53 fe04c8da0dae4adc97ca9f802ca3a715 899e503237494622bfb6ba81605ebb2a - - default default] project_id key not found in filters, using tenant_id instead. This support has been deprecated and will be removed in a future release. [pid: 7|app: 0|req: 662/1391] 10.0.0.88 () {32 vars in 773 bytes} [Thu Apr 30 23:58:34 2026] GET /v2.0/security-groups?tenant_id=5d687e034df84faab4c7ca3b460563d6&name=default => generated 2925 bytes in 240 msecs (HTTP/1.1 200) 4 headers in 158 bytes (1 switches on core 0) [pid: 7|app: 0|req: 663/1392] 10.0.0.135 () {34 vars in 990 bytes} [Thu Apr 30 23:58:34 2026] GET /v2.0/ports?device_id=b6f06646-ff52-4ee6-b7e5-d5e6c6fa7811 => generated 12 bytes in 13 msecs (HTTP/1.1 200) 4 headers in 156 bytes (1 switches on core 0)
2026-04-30 23:58:34.954 7 INFO neutron.services.segments.plugin [-] Segment a24dec82-66bf-40ec-8822-5deb61e4926f resource provider aggregate not found
2026-04-30 23:58:34.979 7 INFO neutron.services.segments.plugin [-] Segment a24dec82-66bf-40ec-8822-5deb61e4926f resource provider not found; error: Placement Client Error (4xx): {"errors": [{"status": 404, "title": "Not Found", "detail": "The resource could not be found.\n\n No resource provider with uuid a24dec82-66bf-40ec-8822-5deb61e4926f found for delete ", "request_id": "req-852fbfa3-3ece-4b75-bc4d-6e6ea928f1a2"}]}
2026-04-30 23:58:34.981 7 INFO neutron.services.segments.plugin [-] Segment a24dec82-66bf-40ec-8822-5deb61e4926f resource provider aggregate not found
2026-04-30 23:58:34.996 8 INFO neutron.db.ovn_revision_numbers_db [None req-42ad6d01-7caa-469f-a4fe-cfa3b8207f05 18250b68039343f9812f510bcfac17ed afcfefd742404e32b53f71cf0d1a0e52 - - default default] Successfully bumped revision number for resource 349d2553-51c5-4fc9-b57b-aefef888cf80 (type: floatingips) to 1
2026-04-30 23:58:34.996 8 INFO neutron.db.l3_db [None req-42ad6d01-7caa-469f-a4fe-cfa3b8207f05 18250b68039343f9812f510bcfac17ed afcfefd742404e32b53f71cf0d1a0e52 - - default default] Floating IP 349d2553-51c5-4fc9-b57b-aefef888cf80 associated. External IP: 10.96.250.216, port: e8b9de64-12fc-44fb-a071-a65088e54be9.
2026-04-30 23:58:35.003 7 INFO neutron.services.segments.plugin [-] Segment a24dec82-66bf-40ec-8822-5deb61e4926f resource provider not found; error: Placement Client Error (4xx): {"errors": [{"status": 404, "title": "Not Found", "detail": "The resource could not be found.\n\n No resource provider with uuid a24dec82-66bf-40ec-8822-5deb61e4926f found for delete ", "request_id": "req-f3febf92-ab1d-4c11-add4-252675ff0fe8"}]} [pid: 8|app: 0|req: 730/1393] 10.0.0.88 () {34 vars in 676 bytes} [Thu Apr 30 23:58:33 2026] POST /v2.0/floatingips => generated 856 bytes in 1092 msecs (HTTP/1.1 201) 4 headers in 162 bytes (1 switches on core 0)
2026-04-30 23:58:35.077 8 INFO neutron.notifiers.nova [-] Nova event matching ['req-8bdf141c-bd1d-4a99-86e7-0a5b90279f90'] response: {'name': 'network-changed', 'server_uuid': 'a8a1f1ef-810c-44a6-8800-270bf25d2afa', 'tag': 'e8b9de64-12fc-44fb-a071-a65088e54be9', 'status': 'completed', 'code': 200} [pid: 7|app: 0|req: 664/1394] 10.0.0.88 () {32 vars in 739 bytes} [Thu Apr 30 23:58:34 2026] DELETE /v2.0/security-groups/9689a8ee-8238-48f7-af43-6b7dea291d65 => generated 0 bytes in 264 msecs (HTTP/1.1 204) 2 headers in 112 bytes (1 switches on core 0) [pid: 8|app: 0|req: 731/1395] 10.0.0.88 () {32 vars in 728 bytes} [Thu Apr 30 23:58:35 2026] GET /v2.0/floatingips/349d2553-51c5-4fc9-b57b-aefef888cf80 => generated 858 bytes in 46 msecs (HTTP/1.1 200) 4 headers in 157 bytes (1 switches on core 0) /var/lib/openstack/lib/python3.12/site-packages/pycadf/identifier.py:70: UserWarning: Invalid uuid: neutron. To ensure interoperability, identifiers should be a valid uuid. warnings.warn(('Invalid uuid: %s. To ensure interoperability, ' [pid: 7|app: 0|req: 665/1396] 199.19.213.138 () {34 vars in 1080 bytes} [Thu Apr 30 23:58:35 2026] GET /v2.0/ports?tenant_id=afcfefd742404e32b53f71cf0d1a0e52&device_id=a8a1f1ef-810c-44a6-8800-270bf25d2afa => generated 1236 bytes in 34 msecs (HTTP/1.1 200) 4 headers in 158 bytes (1 switches on core 0) [pid: 8|app: 0|req: 732/1397] 199.19.213.138 () {34 vars in 986 bytes} [Thu Apr 30 23:58:35 2026] GET /v2.0/networks?id=fa639a98-fb1b-4b39-bc6c-61c498cccbd7 => generated 796 bytes in 38 msecs (HTTP/1.1 200) 4 headers in 157 bytes (1 switches on core 0) [pid: 7|app: 0|req: 666/1398] 199.19.213.138 () {34 vars in 1060 bytes} [Thu Apr 30 23:58:35 2026] GET /v2.0/floatingips?fixed_ip_address=10.100.0.10&port_id=e8b9de64-12fc-44fb-a071-a65088e54be9 => generated 861 bytes in 43 msecs (HTTP/1.1 200) 4 headers in 157 bytes (1 switches on core 0) [pid: 8|app: 0|req: 733/1399] 199.19.213.138 () {34 vars in 984 bytes} [Thu Apr 30 23:58:35 2026] GET /v2.0/subnets?id=e7279d56-6173-414f-b7e3-4d36f660290a => generated 678 bytes in 28 msecs (HTTP/1.1 200) 4 headers in 157 bytes (1 switches on core 0) [pid: 7|app: 0|req: 667/1400] 199.19.213.138 () {34 vars in 1052 bytes} [Thu Apr 30 23:58:35 2026] GET /v2.0/ports?network_id=fa639a98-fb1b-4b39-bc6c-61c498cccbd7&device_owner=network%3Adhcp => generated 12 bytes in 20 msecs (HTTP/1.1 200) 4 headers in 156 bytes (1 switches on core 0) [pid: 8|app: 0|req: 734/1401] 199.19.213.138 () {34 vars in 1012 bytes} [Thu Apr 30 23:58:35 2026] GET /v2.0/networks/fa639a98-fb1b-4b39-bc6c-61c498cccbd7?fields=segments => generated 14 bytes in 42 msecs (HTTP/1.1 200) 4 headers in 156 bytes (1 switches on core 0) [pid: 7|app: 0|req: 668/1402] 199.19.213.138 () {34 vars in 1112 bytes} [Thu Apr 30 23:58:35 2026] GET /v2.0/networks/fa639a98-fb1b-4b39-bc6c-61c498cccbd7?fields=provider%3Aphysical_network&fields=provider%3Anetwork_type => generated 79 bytes in 49 msecs (HTTP/1.1 200) 4 headers in 156 bytes (1 switches on core 0) [pid: 8|app: 0|req: 735/1403] 10.0.0.88 () {32 vars in 739 bytes} [Thu Apr 30 23:58:35 2026] DELETE /v2.0/security-groups/6a5d8266-2708-46d1-9d64-77ad210988e3 => generated 0 bytes in 171 msecs (HTTP/1.1 204) 2 headers in 112 bytes (1 switches on core 0)
2026-04-30 23:58:36.098 7 INFO neutron.api.v2.resource [None req-03b35019-bfda-4a34-a049-ade50ad18828 cd70dbd845164adf89fb70204c3dbfbf ef9d3502e3cf411991aaa3f32182dad2 - - default default] show failed (client error): The resource could not be found. [pid: 7|app: 0|req: 669/1404] 10.0.0.88 () {32 vars in 736 bytes} [Thu Apr 30 23:58:36 2026] GET /v2.0/security-groups/6a5d8266-2708-46d1-9d64-77ad210988e3 => generated 146 bytes in 14 msecs (HTTP/1.1 404) 4 headers in 164 bytes (1 switches on core 0)
2026-04-30 23:58:36.224 8 INFO neutron_taas.services.taas.taas_plugin [None req-398578f7-bfad-4ceb-9e8a-f163502f236d cd70dbd845164adf89fb70204c3dbfbf ef9d3502e3cf411991aaa3f32182dad2 - - default default] TaaS: Handle Delete Port: b8c164d2-3937-41f9-8559-b105726d3f3f
2026-04-30 23:58:36.228 8 INFO neutron_taas.services.taas.tap_mirror_plugin [None req-398578f7-bfad-4ceb-9e8a-f163502f236d cd70dbd845164adf89fb70204c3dbfbf ef9d3502e3cf411991aaa3f32182dad2 - - default default] Tap Mirror: Handle Delete Port: b8c164d2-3937-41f9-8559-b105726d3f3f [pid: 8|app: 0|req: 736/1405] 10.0.0.88 () {32 vars in 731 bytes} [Thu Apr 30 23:58:36 2026] DELETE /v2.0/floatingips/f354cb6e-cd3c-48d1-9ca9-a693dee04f6b => generated 0 bytes in 274 msecs (HTTP/1.1 204) 2 headers in 112 bytes (1 switches on core 0)
2026-04-30 23:58:36.709 7 INFO neutron_taas.services.taas.taas_plugin [None req-d8a0e031-6ad4-467a-b125-46eca6a30e95 fe04c8da0dae4adc97ca9f802ca3a715 899e503237494622bfb6ba81605ebb2a - - default default] TaaS: Handle Delete Port: 445bd685-030f-4bc7-a084-f220d0244809
2026-04-30 23:58:36.712 7 INFO neutron_taas.services.taas.tap_mirror_plugin [None req-d8a0e031-6ad4-467a-b125-46eca6a30e95 fe04c8da0dae4adc97ca9f802ca3a715 899e503237494622bfb6ba81605ebb2a - - default default] Tap Mirror: Handle Delete Port: 445bd685-030f-4bc7-a084-f220d0244809
2026-04-30 23:58:37.245 8 INFO neutron.db.ovn_revision_numbers_db [None req-8fd52b41-bac8-440e-8328-eeb542a6e3d0 96aedc025e0141e1bb15b6f16c984973 f7a4f1fb23fc427ebcfda672e862b975 - - default default] Successfully bumped revision number for resource 25f4333c-4bd3-43f0-95a5-7e0b26b9a204 (type: security_groups) to 1
2026-04-30 23:58:37.258 8 INFO neutron.db.ovn_revision_numbers_db [None req-8fd52b41-bac8-440e-8328-eeb542a6e3d0 96aedc025e0141e1bb15b6f16c984973 f7a4f1fb23fc427ebcfda672e862b975 - - default default] Successfully bumped revision number for resource 64b734e4-0761-422a-bb3c-417e01364c53 (type: security_group_rules) to 0
2026-04-30 23:58:37.272 8 INFO neutron.db.ovn_revision_numbers_db [None req-8fd52b41-bac8-440e-8328-eeb542a6e3d0 96aedc025e0141e1bb15b6f16c984973 f7a4f1fb23fc427ebcfda672e862b975 - - default default] Successfully bumped revision number for resource 9959e965-60d6-45c0-9744-fafe74df3139 (type: security_group_rules) to 0
2026-04-30 23:58:37.286 8 INFO neutron.db.ovn_revision_numbers_db [None req-8fd52b41-bac8-440e-8328-eeb542a6e3d0 96aedc025e0141e1bb15b6f16c984973 f7a4f1fb23fc427ebcfda672e862b975 - - default default] Successfully bumped revision number for resource e0990970-e454-407f-ae8c-096f859b5edd (type: security_group_rules) to 0
2026-04-30 23:58:37.308 8 INFO neutron.db.ovn_revision_numbers_db [None req-8fd52b41-bac8-440e-8328-eeb542a6e3d0 96aedc025e0141e1bb15b6f16c984973 f7a4f1fb23fc427ebcfda672e862b975 - - default default] Successfully bumped revision number for resource faab46bf-facc-46e6-b359-9a79368961dc (type: security_group_rules) to 0 [pid: 7|app: 0|req: 670/1408] 10.0.0.88 () {34 vars in 788 bytes} [Thu Apr 30 23:58:36 2026] PUT /v2.0/routers/8141317c-131e-4b9d-9531-a271e214e201/remove_router_interface => generated 310 bytes in 939 msecs (HTTP/1.1 200) 4 headers in 157 bytes (1 switches on core 0) /var/lib/openstack/lib/python3.12/site-packages/pycadf/identifier.py:70: UserWarning: Invalid uuid: neutron. To ensure interoperability, identifiers should be a valid uuid. warnings.warn(('Invalid uuid: %s. To ensure interoperability, '
2026-04-30 23:58:37.398 8 INFO neutron.db.segments_db [None req-8fd52b41-bac8-440e-8328-eeb542a6e3d0 96aedc025e0141e1bb15b6f16c984973 f7a4f1fb23fc427ebcfda672e862b975 - - default default] Added segment eb68b4d9-24d8-478c-a2ef-d3ab82fc793c of type geneve for network 6b1857d3-55bc-42df-aa93-800c26a57be0
2026-04-30 23:58:37.512 8 INFO neutron.db.ovn_revision_numbers_db [None req-8fd52b41-bac8-440e-8328-eeb542a6e3d0 96aedc025e0141e1bb15b6f16c984973 f7a4f1fb23fc427ebcfda672e862b975 - - default default] Successfully bumped revision number for resource 6b1857d3-55bc-42df-aa93-800c26a57be0 (type: networks) to 1
2026-04-30 23:58:37.625 7 INFO neutron_taas.services.taas.taas_plugin [None req-589b54cf-ff3a-4b14-b977-73024d305a2d fe04c8da0dae4adc97ca9f802ca3a715 899e503237494622bfb6ba81605ebb2a - - default default] TaaS: Handle Delete Port: 708f6b57-198d-44cf-863d-e3980149af89
2026-04-30 23:58:37.628 7 INFO neutron_taas.services.taas.tap_mirror_plugin [None req-589b54cf-ff3a-4b14-b977-73024d305a2d fe04c8da0dae4adc97ca9f802ca3a715 899e503237494622bfb6ba81605ebb2a - - default default] Tap Mirror: Handle Delete Port: 708f6b57-198d-44cf-863d-e3980149af89
2026-04-30 23:58:37.670 8 WARNING neutron.scheduler.dhcp_agent_scheduler [None req-8fd52b41-bac8-440e-8328-eeb542a6e3d0 96aedc025e0141e1bb15b6f16c984973 f7a4f1fb23fc427ebcfda672e862b975 - - default default] No more DHCP agents
2026-04-30 23:58:37.673 8 WARNING neutron.api.rpc.agentnotifiers.dhcp_rpc_agent_api [None req-8fd52b41-bac8-440e-8328-eeb542a6e3d0 96aedc025e0141e1bb15b6f16c984973 f7a4f1fb23fc427ebcfda672e862b975 - - default default] Unable to schedule network 6b1857d3-55bc-42df-aa93-800c26a57be0: no agents available; will retry on subsequent port and subnet creation events.
2026-04-30 23:58:37.738 8 INFO neutron.plugins.ml2.drivers.ovn.mech_driver.mech_driver [None req-d2f29312-64be-4329-af07-cb7376c67e6f - - - - - -] OVN reports status down for port: 4edb1213-bfb9-4cfe-a48a-ea70b80c6f4b
2026-04-30 23:58:37.807 8 INFO neutron.db.ovn_revision_numbers_db [None req-8fd52b41-bac8-440e-8328-eeb542a6e3d0 96aedc025e0141e1bb15b6f16c984973 f7a4f1fb23fc427ebcfda672e862b975 - - default default] Successfully bumped revision number for resource 4edb1213-bfb9-4cfe-a48a-ea70b80c6f4b (type: ports) to 1 [pid: 8|app: 0|req: 739/1409] 10.0.0.88 () {34 vars in 669 bytes} [Thu Apr 30 23:58:36 2026] POST /v2.0/networks => generated 687 bytes in 1008 msecs (HTTP/1.1 201) 4 headers in 162 bytes (1 switches on core 0) [pid: 7|app: 0|req: 671/1410] 10.0.0.88 () {32 vars in 723 bytes} [Thu Apr 30 23:58:37 2026] DELETE /v2.0/routers/8141317c-131e-4b9d-9531-a271e214e201 => generated 0 bytes in 713 msecs (HTTP/1.1 204) 2 headers in 112 bytes (1 switches on core 0)
2026-04-30 23:58:38.132 8 WARNING neutron.scheduler.dhcp_agent_scheduler [None req-7601d239-7508-44ea-838a-0095a18078d5 96aedc025e0141e1bb15b6f16c984973 f7a4f1fb23fc427ebcfda672e862b975 - - default default] No more DHCP agents
2026-04-30 23:58:38.133 8 WARNING neutron.api.rpc.agentnotifiers.dhcp_rpc_agent_api [None req-7601d239-7508-44ea-838a-0095a18078d5 96aedc025e0141e1bb15b6f16c984973 f7a4f1fb23fc427ebcfda672e862b975 - - default default] Unable to schedule network 6b1857d3-55bc-42df-aa93-800c26a57be0: no agents available; will retry on subsequent port and subnet creation events.
2026-04-30 23:58:38.206 8 INFO neutron.plugins.ml2.drivers.ovn.mech_driver.mech_driver [None req-d2f29312-64be-4329-af07-cb7376c67e6f - - - - - -] OVN reports status down for port: e70d565a-e0a8-4a34-b9ef-2562260ab1f9 [pid: 7|app: 0|req: 672/1411] 10.0.0.88 () {32 vars in 723 bytes} [Thu Apr 30 23:58:38 2026] DELETE /v2.0/subnets/0ebaadc1-66e0-43e2-b74d-387a0a453334 => generated 0 bytes in 215 msecs (HTTP/1.1 204) 3 headers in 131 bytes (1 switches on core 0)
2026-04-30 23:58:38.266 8 INFO neutron.db.ovn_revision_numbers_db [None req-7601d239-7508-44ea-838a-0095a18078d5 96aedc025e0141e1bb15b6f16c984973 f7a4f1fb23fc427ebcfda672e862b975 - - default default] Successfully bumped revision number for resource e70d565a-e0a8-4a34-b9ef-2562260ab1f9 (type: ports) to 1 [pid: 8|app: 0|req: 740/1412] 10.0.0.88 () {34 vars in 664 bytes} [Thu Apr 30 23:58:37 2026] POST /v2.0/ports => generated 779 bytes in 469 msecs (HTTP/1.1 201) 4 headers in 162 bytes (1 switches on core 0) /var/lib/openstack/lib/python3.12/site-packages/pycadf/identifier.py:70: UserWarning: Invalid uuid: neutron. To ensure interoperability, identifiers should be a valid uuid. warnings.warn(('Invalid uuid: %s. To ensure interoperability, '
2026-04-30 23:58:38.382 7 INFO neutron_taas.services.taas.taas_plugin [None req-13950f7c-553b-4d92-a3a8-2bfa077ff355 fe04c8da0dae4adc97ca9f802ca3a715 899e503237494622bfb6ba81605ebb2a - - default default] TaaS: Handle Delete Port: ded8ebf0-7d44-4b8b-b899-ffc42fb93252
2026-04-30 23:58:38.385 7 INFO neutron_taas.services.taas.tap_mirror_plugin [None req-13950f7c-553b-4d92-a3a8-2bfa077ff355 fe04c8da0dae4adc97ca9f802ca3a715 899e503237494622bfb6ba81605ebb2a - - default default] Tap Mirror: Handle Delete Port: ded8ebf0-7d44-4b8b-b899-ffc42fb93252
2026-04-30 23:58:38.444 8 INFO neutron.db.segments_db [None req-b3e9bb84-2b27-48a0-af15-177f7d099fa4 96aedc025e0141e1bb15b6f16c984973 f7a4f1fb23fc427ebcfda672e862b975 - - default default] Added segment 78060403-764a-4662-8f49-55f94e8ff958 of type geneve for network 3786987b-4078-4f48-91a6-a57b13dba34e
2026-04-30 23:58:38.541 7 INFO neutron.services.segments.plugin [-] Segment 72558d70-2e76-4ab8-bd1c-8c337501d8ad resource provider aggregate not found
2026-04-30 23:58:38.544 7 INFO neutron.services.segments.plugin [-] Segment 72558d70-2e76-4ab8-bd1c-8c337501d8ad resource provider aggregate not found
2026-04-30 23:58:38.559 7 INFO neutron.services.segments.plugin [-] Segment 72558d70-2e76-4ab8-bd1c-8c337501d8ad resource provider not found; error: Placement Client Error (4xx): {"errors": [{"status": 404, "title": "Not Found", "detail": "The resource could not be found.\n\n No resource provider with uuid 72558d70-2e76-4ab8-bd1c-8c337501d8ad found for delete ", "request_id": "req-79c93e78-5038-40e2-8ac7-49ad53fccb0c"}]}
2026-04-30 23:58:38.561 7 INFO neutron.services.segments.plugin [-] Segment 72558d70-2e76-4ab8-bd1c-8c337501d8ad resource provider not found; error: Placement Client Error (4xx): {"errors": [{"status": 404, "title": "Not Found", "detail": "The resource could not be found.\n\n No resource provider with uuid 72558d70-2e76-4ab8-bd1c-8c337501d8ad found for delete ", "request_id": "req-69c1c540-7eee-4f86-a89d-7b9c77e0a55e"}]} [pid: 7|app: 0|req: 673/1413] 10.0.0.88 () {32 vars in 725 bytes} [Thu Apr 30 23:58:38 2026] DELETE /v2.0/networks/3b9d0b47-2b1e-49b9-a6da-0b25ae83c291 => generated 0 bytes in 325 msecs (HTTP/1.1 204) 3 headers in 131 bytes (1 switches on core 0)
2026-04-30 23:58:38.591 8 INFO neutron.db.ovn_revision_numbers_db [None req-b3e9bb84-2b27-48a0-af15-177f7d099fa4 96aedc025e0141e1bb15b6f16c984973 f7a4f1fb23fc427ebcfda672e862b975 - - default default] Successfully bumped revision number for resource 3786987b-4078-4f48-91a6-a57b13dba34e (type: networks) to 1
2026-04-30 23:58:38.770 8 WARNING neutron.scheduler.dhcp_agent_scheduler [None req-b3e9bb84-2b27-48a0-af15-177f7d099fa4 96aedc025e0141e1bb15b6f16c984973 f7a4f1fb23fc427ebcfda672e862b975 - - default default] No more DHCP agents
2026-04-30 23:58:38.772 8 WARNING neutron.api.rpc.agentnotifiers.dhcp_rpc_agent_api [None req-b3e9bb84-2b27-48a0-af15-177f7d099fa4 96aedc025e0141e1bb15b6f16c984973 f7a4f1fb23fc427ebcfda672e862b975 - - default default] Unable to schedule network 3786987b-4078-4f48-91a6-a57b13dba34e: no agents available; will retry on subsequent port and subnet creation events.
2026-04-30 23:58:38.818 7 WARNING neutron.db.securitygroups_db [None req-c54f7763-d3cc-4634-813d-36a8aecbd6b9 fe04c8da0dae4adc97ca9f802ca3a715 899e503237494622bfb6ba81605ebb2a - - default default] project_id key not found in filters, using tenant_id instead. This support has been deprecated and will be removed in a future release.
2026-04-30 23:58:38.824 8 INFO neutron.plugins.ml2.drivers.ovn.mech_driver.mech_driver [None req-d2f29312-64be-4329-af07-cb7376c67e6f - - - - - -] OVN reports status down for port: fcc99746-b2c0-4716-a6db-c4064ea71b1c [pid: 7|app: 0|req: 674/1414] 10.0.0.88 () {32 vars in 773 bytes} [Thu Apr 30 23:58:38 2026] GET /v2.0/security-groups?tenant_id=ef9d3502e3cf411991aaa3f32182dad2&name=default => generated 2925 bytes in 60 msecs (HTTP/1.1 200) 4 headers in 158 bytes (1 switches on core 0)
2026-04-30 23:58:38.888 8 INFO neutron.db.ovn_revision_numbers_db [None req-b3e9bb84-2b27-48a0-af15-177f7d099fa4 96aedc025e0141e1bb15b6f16c984973 f7a4f1fb23fc427ebcfda672e862b975 - - default default] Successfully bumped revision number for resource fcc99746-b2c0-4716-a6db-c4064ea71b1c (type: ports) to 1 [pid: 8|app: 0|req: 741/1415] 10.0.0.88 () {34 vars in 669 bytes} [Thu Apr 30 23:58:38 2026] POST /v2.0/networks => generated 673 bytes in 591 msecs (HTTP/1.1 201) 4 headers in 162 bytes (1 switches on core 0)
2026-04-30 23:58:39.074 7 WARNING neutron.db.securitygroups_db [None req-f450c81a-9ab1-4fdb-9935-c066ff3296a2 fe04c8da0dae4adc97ca9f802ca3a715 899e503237494622bfb6ba81605ebb2a - - default default] project_id key not found in filters, using tenant_id instead. This support has been deprecated and will be removed in a future release. [pid: 8|app: 0|req: 742/1416] 10.0.0.88 () {32 vars in 739 bytes} [Thu Apr 30 23:58:38 2026] DELETE /v2.0/security-groups/4ebb928f-4f6d-48a6-9ef4-4b8dfe385bfe => generated 0 bytes in 189 msecs (HTTP/1.1 204) 2 headers in 112 bytes (1 switches on core 0)
2026-04-30 23:58:39.213 7 INFO neutron.db.ovn_revision_numbers_db [None req-f450c81a-9ab1-4fdb-9935-c066ff3296a2 fe04c8da0dae4adc97ca9f802ca3a715 899e503237494622bfb6ba81605ebb2a - - default default] Successfully bumped revision number for resource 554e3b09-208a-49c5-aa94-ff8357fb9ec4 (type: security_groups) to 1
2026-04-30 23:58:39.223 7 INFO neutron.db.ovn_revision_numbers_db [None req-f450c81a-9ab1-4fdb-9935-c066ff3296a2 fe04c8da0dae4adc97ca9f802ca3a715 899e503237494622bfb6ba81605ebb2a - - default default] Successfully bumped revision number for resource 63437f7b-045b-4d2f-807a-6149f1d95a76 (type: security_group_rules) to 0
2026-04-30 23:58:39.236 7 INFO neutron.db.ovn_revision_numbers_db [None req-f450c81a-9ab1-4fdb-9935-c066ff3296a2 fe04c8da0dae4adc97ca9f802ca3a715 899e503237494622bfb6ba81605ebb2a - - default default] Successfully bumped revision number for resource ab125faf-f601-420e-bba5-76c39adf35e9 (type: security_group_rules) to 0
2026-04-30 23:58:39.249 7 INFO neutron.db.ovn_revision_numbers_db [None req-f450c81a-9ab1-4fdb-9935-c066ff3296a2 fe04c8da0dae4adc97ca9f802ca3a715 899e503237494622bfb6ba81605ebb2a - - default default] Successfully bumped revision number for resource b5160ab0-e0ea-415b-8fd4-70fac06b76f1 (type: security_group_rules) to 0
2026-04-30 23:58:39.259 7 INFO neutron.db.ovn_revision_numbers_db [None req-f450c81a-9ab1-4fdb-9935-c066ff3296a2 fe04c8da0dae4adc97ca9f802ca3a715 899e503237494622bfb6ba81605ebb2a - - default default] Successfully bumped revision number for resource f7dff999-4fcd-48a3-9348-e4d10a39f30c (type: security_group_rules) to 0 [pid: 7|app: 0|req: 675/1417] 10.0.0.88 () {32 vars in 773 bytes} [Thu Apr 30 23:58:38 2026] GET /v2.0/security-groups?tenant_id=b90dd2a6192742b48a66f7be5ee9d1b3&name=default => generated 2925 bytes in 434 msecs (HTTP/1.1 200) 4 headers in 158 bytes (1 switches on core 0)
2026-04-30 23:58:39.335 8 WARNING neutron.scheduler.dhcp_agent_scheduler [None req-2c3bc82f-86ce-41cb-a2cd-db293aecfcbd 96aedc025e0141e1bb15b6f16c984973 f7a4f1fb23fc427ebcfda672e862b975 - - default default] No more DHCP agents
2026-04-30 23:58:39.337 8 WARNING neutron.api.rpc.agentnotifiers.dhcp_rpc_agent_api [None req-2c3bc82f-86ce-41cb-a2cd-db293aecfcbd 96aedc025e0141e1bb15b6f16c984973 f7a4f1fb23fc427ebcfda672e862b975 - - default default] Unable to schedule network 3786987b-4078-4f48-91a6-a57b13dba34e: no agents available; will retry on subsequent port and subnet creation events.
2026-04-30 23:58:39.368 8 INFO neutron.db.ovn_revision_numbers_db [None req-2c3bc82f-86ce-41cb-a2cd-db293aecfcbd 96aedc025e0141e1bb15b6f16c984973 f7a4f1fb23fc427ebcfda672e862b975 - - default default] Successfully bumped revision number for resource 98e5623c-b72b-4627-b05a-197e8e2fe066 (type: subnets) to 0 [pid: 8|app: 0|req: 743/1418] 10.0.0.88 () {34 vars in 668 bytes} [Thu Apr 30 23:58:39 2026] POST /v2.0/subnets => generated 646 bytes in 257 msecs (HTTP/1.1 201) 4 headers in 162 bytes (1 switches on core 0) [pid: 7|app: 0|req: 676/1419] 10.0.0.88 () {32 vars in 739 bytes} [Thu Apr 30 23:58:39 2026] DELETE /v2.0/security-groups/554e3b09-208a-49c5-aa94-ff8357fb9ec4 => generated 0 bytes in 163 msecs (HTTP/1.1 204) 2 headers in 112 bytes (1 switches on core 0)
2026-04-30 23:58:39.598 7 WARNING neutron.db.securitygroups_db [None req-a0982cfd-8066-41c5-8bf6-5fd5238ee62a fe04c8da0dae4adc97ca9f802ca3a715 899e503237494622bfb6ba81605ebb2a - - default default] project_id key not found in filters, using tenant_id instead. This support has been deprecated and will be removed in a future release.
2026-04-30 23:58:39.684 8 WARNING neutron.scheduler.dhcp_agent_scheduler [None req-597da59a-f8cc-4619-bf7a-b7079ed3b1a1 96aedc025e0141e1bb15b6f16c984973 f7a4f1fb23fc427ebcfda672e862b975 - - default default] No more DHCP agents
2026-04-30 23:58:39.685 8 WARNING neutron.api.rpc.agentnotifiers.dhcp_rpc_agent_api [None req-597da59a-f8cc-4619-bf7a-b7079ed3b1a1 96aedc025e0141e1bb15b6f16c984973 f7a4f1fb23fc427ebcfda672e862b975 - - default default] Unable to schedule network 3786987b-4078-4f48-91a6-a57b13dba34e: no agents available; will retry on subsequent port and subnet creation events.
2026-04-30 23:58:39.735 7 INFO neutron.db.ovn_revision_numbers_db [None req-a0982cfd-8066-41c5-8bf6-5fd5238ee62a fe04c8da0dae4adc97ca9f802ca3a715 899e503237494622bfb6ba81605ebb2a - - default default] Successfully bumped revision number for resource e1e1c8c3-7783-4db2-8b32-370353fbd3d4 (type: security_groups) to 1
2026-04-30 23:58:39.746 7 INFO neutron.db.ovn_revision_numbers_db [None req-a0982cfd-8066-41c5-8bf6-5fd5238ee62a fe04c8da0dae4adc97ca9f802ca3a715 899e503237494622bfb6ba81605ebb2a - - default default] Successfully bumped revision number for resource 9bb551ec-513f-47a3-a0af-b90a3c188d9f (type: security_group_rules) to 0
2026-04-30 23:58:39.757 7 INFO neutron.db.ovn_revision_numbers_db [None req-a0982cfd-8066-41c5-8bf6-5fd5238ee62a fe04c8da0dae4adc97ca9f802ca3a715 899e503237494622bfb6ba81605ebb2a - - default default] Successfully bumped revision number for resource 9c30a064-39ea-426a-96d3-19c59ad02776 (type: security_group_rules) to 0
2026-04-30 23:58:39.767 7 INFO neutron.db.ovn_revision_numbers_db [None req-a0982cfd-8066-41c5-8bf6-5fd5238ee62a fe04c8da0dae4adc97ca9f802ca3a715 899e503237494622bfb6ba81605ebb2a - - default default] Successfully bumped revision number for resource ba0e56d0-de86-4483-b0fd-04386e1d3bb8 (type: security_group_rules) to 0
2026-04-30 23:58:39.791 7 INFO neutron.db.ovn_revision_numbers_db [None req-a0982cfd-8066-41c5-8bf6-5fd5238ee62a fe04c8da0dae4adc97ca9f802ca3a715 899e503237494622bfb6ba81605ebb2a - - default default] Successfully bumped revision number for resource e845d62e-f44e-429b-a581-e1d522525562 (type: security_group_rules) to 0
2026-04-30 23:58:39.803 8 INFO neutron.plugins.ml2.drivers.ovn.mech_driver.mech_driver [None req-d2f29312-64be-4329-af07-cb7376c67e6f - - - - - -] OVN reports status down for port: f059b6a2-ccaa-4514-a6a3-e33a9142e8f3 [pid: 7|app: 0|req: 677/1420] 10.0.0.88 () {32 vars in 773 bytes} [Thu Apr 30 23:58:39 2026] GET /v2.0/security-groups?tenant_id=afba401b75d24635a34f79163559ba1b&name=default => generated 2925 bytes in 241 msecs (HTTP/1.1 200) 4 headers in 158 bytes (1 switches on core 0)
2026-04-30 23:58:39.873 8 INFO neutron.db.ovn_revision_numbers_db [None req-597da59a-f8cc-4619-bf7a-b7079ed3b1a1 96aedc025e0141e1bb15b6f16c984973 f7a4f1fb23fc427ebcfda672e862b975 - - default default] Successfully bumped revision number for resource f059b6a2-ccaa-4514-a6a3-e33a9142e8f3 (type: ports) to 1 [pid: 8|app: 0|req: 744/1421] 10.0.0.88 () {34 vars in 664 bytes} [Thu Apr 30 23:58:39 2026] POST /v2.0/ports => generated 965 bytes in 535 msecs (HTTP/1.1 201) 4 headers in 162 bytes (1 switches on core 0) /var/lib/openstack/lib/python3.12/site-packages/pycadf/identifier.py:70: UserWarning: Invalid uuid: neutron. To ensure interoperability, identifiers should be a valid uuid. warnings.warn(('Invalid uuid: %s. To ensure interoperability, ' [pid: 7|app: 0|req: 678/1422] 10.0.0.88 () {32 vars in 739 bytes} [Thu Apr 30 23:58:39 2026] DELETE /v2.0/security-groups/e1e1c8c3-7783-4db2-8b32-370353fbd3d4 => generated 0 bytes in 180 msecs (HTTP/1.1 204) 2 headers in 112 bytes (1 switches on core 0)
2026-04-30 23:58:40.085 8 INFO neutron_taas.services.taas.taas_plugin [None req-07c3f857-4f65-441b-834f-7dff2d454be9 96aedc025e0141e1bb15b6f16c984973 f7a4f1fb23fc427ebcfda672e862b975 - - default default] TaaS: Handle Delete Port: f059b6a2-ccaa-4514-a6a3-e33a9142e8f3
2026-04-30 23:58:40.087 8 INFO neutron_taas.services.taas.tap_mirror_plugin [None req-07c3f857-4f65-441b-834f-7dff2d454be9 96aedc025e0141e1bb15b6f16c984973 f7a4f1fb23fc427ebcfda672e862b975 - - default default] Tap Mirror: Handle Delete Port: f059b6a2-ccaa-4514-a6a3-e33a9142e8f3 [pid: 8|app: 0|req: 745/1423] 10.0.0.88 () {32 vars in 719 bytes} [Thu Apr 30 23:58:39 2026] DELETE /v2.0/ports/f059b6a2-ccaa-4514-a6a3-e33a9142e8f3 => generated 0 bytes in 302 msecs (HTTP/1.1 204) 3 headers in 131 bytes (1 switches on core 0)
2026-04-30 23:58:40.258 7 INFO neutron.pecan_wsgi.hooks.translation [None req-d2acb6d7-50af-46ae-b4b1-be561e1df517 96aedc025e0141e1bb15b6f16c984973 f7a4f1fb23fc427ebcfda672e862b975 - - default default] DELETE failed (client error): The resource could not be found. [pid: 7|app: 0|req: 679/1424] 10.0.0.88 () {32 vars in 719 bytes} [Thu Apr 30 23:58:40 2026] DELETE /v2.0/ports/f059b6a2-ccaa-4514-a6a3-e33a9142e8f3 => generated 132 bytes in 21 msecs (HTTP/1.1 404) 4 headers in 164 bytes (1 switches on core 0)
2026-04-30 23:58:40.285 8 INFO neutron.pecan_wsgi.hooks.translation [None req-1f0a630d-7dbd-4de4-a4f8-84a6d8929ccc 96aedc025e0141e1bb15b6f16c984973 f7a4f1fb23fc427ebcfda672e862b975 - - default default] GET failed (client error): The resource could not be found. [pid: 8|app: 0|req: 746/1425] 10.0.0.88 () {32 vars in 716 bytes} [Thu Apr 30 23:58:40 2026] GET /v2.0/ports/f059b6a2-ccaa-4514-a6a3-e33a9142e8f3 => generated 132 bytes in 22 msecs (HTTP/1.1 404) 4 headers in 164 bytes (1 switches on core 0) [pid: 7|app: 0|req: 680/1426] 10.0.0.88 () {32 vars in 723 bytes} [Thu Apr 30 23:58:40 2026] DELETE /v2.0/subnets/98e5623c-b72b-4627-b05a-197e8e2fe066 => generated 0 bytes in 127 msecs (HTTP/1.1 204) 3 headers in 131 bytes (1 switches on core 0)
2026-04-30 23:58:40.547 8 INFO neutron_taas.services.taas.taas_plugin [None req-5c92537e-114d-48dc-9387-5688b56edd9e 96aedc025e0141e1bb15b6f16c984973 f7a4f1fb23fc427ebcfda672e862b975 - - default default] TaaS: Handle Delete Port: fcc99746-b2c0-4716-a6db-c4064ea71b1c
2026-04-30 23:58:40.549 8 INFO neutron_taas.services.taas.tap_mirror_plugin [None req-5c92537e-114d-48dc-9387-5688b56edd9e 96aedc025e0141e1bb15b6f16c984973 f7a4f1fb23fc427ebcfda672e862b975 - - default default] Tap Mirror: Handle Delete Port: fcc99746-b2c0-4716-a6db-c4064ea71b1c
2026-04-30 23:58:40.733 8 INFO neutron.services.segments.plugin [-] Segment 78060403-764a-4662-8f49-55f94e8ff958 resource provider aggregate not found
2026-04-30 23:58:40.738 8 INFO neutron.services.segments.plugin [-] Segment 78060403-764a-4662-8f49-55f94e8ff958 resource provider aggregate not found
2026-04-30 23:58:40.755 8 INFO neutron.services.segments.plugin [-] Segment 78060403-764a-4662-8f49-55f94e8ff958 resource provider not found; error: Placement Client Error (4xx): {"errors": [{"status": 404, "title": "Not Found", "detail": "The resource could not be found.\n\n No resource provider with uuid 78060403-764a-4662-8f49-55f94e8ff958 found for delete ", "request_id": "req-295c5d67-d6dd-48d6-9cde-dceae50ef30f"}]}
2026-04-30 23:58:40.758 8 INFO neutron.services.segments.plugin [-] Segment 78060403-764a-4662-8f49-55f94e8ff958 resource provider not found; error: Placement Client Error (4xx): {"errors": [{"status": 404, "title": "Not Found", "detail": "The resource could not be found.\n\n No resource provider with uuid 78060403-764a-4662-8f49-55f94e8ff958 found for delete ", "request_id": "req-63b8f60e-e8be-4549-b7dd-39093f55c6fe"}]} [pid: 8|app: 0|req: 747/1427] 10.0.0.88 () {32 vars in 725 bytes} [Thu Apr 30 23:58:40 2026] DELETE /v2.0/networks/3786987b-4078-4f48-91a6-a57b13dba34e => generated 0 bytes in 391 msecs (HTTP/1.1 204) 3 headers in 131 bytes (1 switches on core 0)
2026-04-30 23:58:40.907 7 INFO neutron.db.segments_db [None req-7ba849c8-e25d-4d40-8922-043bac1b60bd 96aedc025e0141e1bb15b6f16c984973 f7a4f1fb23fc427ebcfda672e862b975 - - default default] Added segment e68b863c-9de8-4ac6-9d80-c7c0bdf07dfc of type geneve for network be513f81-881d-4db9-a236-dcf565d99ab0
2026-04-30 23:58:41.018 7 INFO neutron.db.ovn_revision_numbers_db [None req-7ba849c8-e25d-4d40-8922-043bac1b60bd 96aedc025e0141e1bb15b6f16c984973 f7a4f1fb23fc427ebcfda672e862b975 - - default default] Successfully bumped revision number for resource be513f81-881d-4db9-a236-dcf565d99ab0 (type: networks) to 1
2026-04-30 23:58:41.173 7 WARNING neutron.scheduler.dhcp_agent_scheduler [None req-7ba849c8-e25d-4d40-8922-043bac1b60bd 96aedc025e0141e1bb15b6f16c984973 f7a4f1fb23fc427ebcfda672e862b975 - - default default] No more DHCP agents
2026-04-30 23:58:41.174 7 WARNING neutron.api.rpc.agentnotifiers.dhcp_rpc_agent_api [None req-7ba849c8-e25d-4d40-8922-043bac1b60bd 96aedc025e0141e1bb15b6f16c984973 f7a4f1fb23fc427ebcfda672e862b975 - - default default] Unable to schedule network be513f81-881d-4db9-a236-dcf565d99ab0: no agents available; will retry on subsequent port and subnet creation events.
2026-04-30 23:58:41.176 8 INFO neutron.db.ovn_revision_numbers_db [None req-9ee979d7-11c3-437e-ba00-d1132d0b4344 fe04c8da0dae4adc97ca9f802ca3a715 899e503237494622bfb6ba81605ebb2a - - default default] Successfully bumped revision number for resource 770e89b6-542a-42ea-853e-811e304e8fc5 (type: security_groups) to 1
2026-04-30 23:58:41.186 8 INFO neutron.db.ovn_revision_numbers_db [None req-9ee979d7-11c3-437e-ba00-d1132d0b4344 fe04c8da0dae4adc97ca9f802ca3a715 899e503237494622bfb6ba81605ebb2a - - default default] Successfully bumped revision number for resource 11468cdd-8389-4bed-b665-c5bfe4d2daa5 (type: security_group_rules) to 0
2026-04-30 23:58:41.199 8 INFO neutron.db.ovn_revision_numbers_db [None req-9ee979d7-11c3-437e-ba00-d1132d0b4344 fe04c8da0dae4adc97ca9f802ca3a715 899e503237494622bfb6ba81605ebb2a - - default default] Successfully bumped revision number for resource 189a38fe-d8da-4e3b-a1f4-49128578d082 (type: security_group_rules) to 0
2026-04-30 23:58:41.225 7 INFO neutron.plugins.ml2.drivers.ovn.mech_driver.mech_driver [None req-dd2c617d-eb04-492a-a00a-aee7b46e648e - - - - - -] OVN reports status down for port: 7d61c87f-499b-4787-bae7-961df53cfdf9
2026-04-30 23:58:41.250 8 INFO neutron.db.ovn_revision_numbers_db [None req-9ee979d7-11c3-437e-ba00-d1132d0b4344 fe04c8da0dae4adc97ca9f802ca3a715 899e503237494622bfb6ba81605ebb2a - - default default] Successfully bumped revision number for resource e2ef3a27-8590-43bc-89b9-59d5fa9d5c91 (type: security_group_rules) to 0
2026-04-30 23:58:41.264 8 INFO neutron.db.ovn_revision_numbers_db [None req-9ee979d7-11c3-437e-ba00-d1132d0b4344 fe04c8da0dae4adc97ca9f802ca3a715 899e503237494622bfb6ba81605ebb2a - - default default] Successfully bumped revision number for resource e6b617b3-4184-41de-9195-6562a9715563 (type: security_group_rules) to 0
2026-04-30 23:58:41.281 7 INFO neutron.db.ovn_revision_numbers_db [None req-7ba849c8-e25d-4d40-8922-043bac1b60bd 96aedc025e0141e1bb15b6f16c984973 f7a4f1fb23fc427ebcfda672e862b975 - - default default] Successfully bumped revision number for resource 7d61c87f-499b-4787-bae7-961df53cfdf9 (type: ports) to 1 [pid: 7|app: 0|req: 681/1428] 10.0.0.88 () {34 vars in 669 bytes} [Thu Apr 30 23:58:40 2026] POST /v2.0/networks => generated 674 bytes in 494 msecs (HTTP/1.1 201) 4 headers in 162 bytes (1 switches on core 0)
2026-04-30 23:58:41.335 8 INFO neutron.db.segments_db [None req-9ee979d7-11c3-437e-ba00-d1132d0b4344 fe04c8da0dae4adc97ca9f802ca3a715 899e503237494622bfb6ba81605ebb2a - - default default] Added segment 454e135f-9d2e-4a92-9f7b-e013679a9b80 of type geneve for network e5c4bb12-012b-4a5b-af1f-3dd43d0fee7b
2026-04-30 23:58:41.449 8 INFO neutron.db.ovn_revision_numbers_db [None req-9ee979d7-11c3-437e-ba00-d1132d0b4344 fe04c8da0dae4adc97ca9f802ca3a715 899e503237494622bfb6ba81605ebb2a - - default default] Successfully bumped revision number for resource e5c4bb12-012b-4a5b-af1f-3dd43d0fee7b (type: networks) to 1
2026-04-30 23:58:41.507 7 WARNING neutron.scheduler.dhcp_agent_scheduler [None req-a49a632e-6b12-4546-adc2-1bbfa252a5c9 96aedc025e0141e1bb15b6f16c984973 f7a4f1fb23fc427ebcfda672e862b975 - - default default] No more DHCP agents
2026-04-30 23:58:41.508 7 WARNING neutron.api.rpc.agentnotifiers.dhcp_rpc_agent_api [None req-a49a632e-6b12-4546-adc2-1bbfa252a5c9 96aedc025e0141e1bb15b6f16c984973 f7a4f1fb23fc427ebcfda672e862b975 - - default default] Unable to schedule network be513f81-881d-4db9-a236-dcf565d99ab0: no agents available; will retry on subsequent port and subnet creation events.
2026-04-30 23:58:41.538 7 INFO neutron.db.ovn_revision_numbers_db [None req-a49a632e-6b12-4546-adc2-1bbfa252a5c9 96aedc025e0141e1bb15b6f16c984973 f7a4f1fb23fc427ebcfda672e862b975 - - default default] Successfully bumped revision number for resource 097f1906-6948-48a5-9fce-940c93262c44 (type: subnets) to 0 [pid: 7|app: 0|req: 682/1429] 10.0.0.88 () {34 vars in 668 bytes} [Thu Apr 30 23:58:41 2026] POST /v2.0/subnets => generated 646 bytes in 237 msecs (HTTP/1.1 201) 4 headers in 162 bytes (1 switches on core 0)
2026-04-30 23:58:41.598 8 WARNING neutron.scheduler.dhcp_agent_scheduler [None req-9ee979d7-11c3-437e-ba00-d1132d0b4344 fe04c8da0dae4adc97ca9f802ca3a715 899e503237494622bfb6ba81605ebb2a - - default default] No more DHCP agents
2026-04-30 23:58:41.599 8 WARNING neutron.api.rpc.agentnotifiers.dhcp_rpc_agent_api [None req-9ee979d7-11c3-437e-ba00-d1132d0b4344 fe04c8da0dae4adc97ca9f802ca3a715 899e503237494622bfb6ba81605ebb2a - - default default] Unable to schedule network e5c4bb12-012b-4a5b-af1f-3dd43d0fee7b: no agents available; will retry on subsequent port and subnet creation events.
2026-04-30 23:58:41.671 8 INFO neutron.db.ovn_revision_numbers_db [None req-9ee979d7-11c3-437e-ba00-d1132d0b4344 fe04c8da0dae4adc97ca9f802ca3a715 899e503237494622bfb6ba81605ebb2a - - default default] Successfully bumped revision number for resource b6a74138-702d-40e6-b1ac-d4cfd27ee16a (type: ports) to 1
2026-04-30 23:58:41.675 7 INFO neutron.plugins.ml2.drivers.ovn.mech_driver.mech_driver [None req-dd2c617d-eb04-492a-a00a-aee7b46e648e - - - - - -] OVN reports status down for port: b6a74138-702d-40e6-b1ac-d4cfd27ee16a [pid: 8|app: 0|req: 748/1430] 10.0.0.88 () {34 vars in 670 bytes} [Thu Apr 30 23:58:40 2026] POST /v2.0/networks => generated 784 bytes in 847 msecs (HTTP/1.1 201) 4 headers in 162 bytes (1 switches on core 0)
2026-04-30 23:58:41.839 8 WARNING neutron.scheduler.dhcp_agent_scheduler [None req-d2592619-ab4b-42bb-a782-7a77f1f72dad fe04c8da0dae4adc97ca9f802ca3a715 899e503237494622bfb6ba81605ebb2a - - default default] No more DHCP agents
2026-04-30 23:58:41.840 8 WARNING neutron.api.rpc.agentnotifiers.dhcp_rpc_agent_api [None req-d2592619-ab4b-42bb-a782-7a77f1f72dad fe04c8da0dae4adc97ca9f802ca3a715 899e503237494622bfb6ba81605ebb2a - - default default] Unable to schedule network e5c4bb12-012b-4a5b-af1f-3dd43d0fee7b: no agents available; will retry on subsequent port and subnet creation events.
2026-04-30 23:58:41.903 7 WARNING neutron.scheduler.dhcp_agent_scheduler [None req-8c5f70d1-2a9b-4fc4-ae66-e520ac859061 96aedc025e0141e1bb15b6f16c984973 f7a4f1fb23fc427ebcfda672e862b975 - - default default] No more DHCP agents
2026-04-30 23:58:41.904 7 WARNING neutron.api.rpc.agentnotifiers.dhcp_rpc_agent_api [None req-8c5f70d1-2a9b-4fc4-ae66-e520ac859061 96aedc025e0141e1bb15b6f16c984973 f7a4f1fb23fc427ebcfda672e862b975 - - default default] Unable to schedule network be513f81-881d-4db9-a236-dcf565d99ab0: no agents available; will retry on subsequent port and subnet creation events.
2026-04-30 23:58:42.014 7 INFO neutron.plugins.ml2.drivers.ovn.mech_driver.mech_driver [None req-dd2c617d-eb04-492a-a00a-aee7b46e648e - - - - - -] OVN reports status down for port: 3b8155a5-c52f-4436-9b19-3e53a0d7cfc0
2026-04-30 23:58:42.071 7 INFO neutron.db.ovn_revision_numbers_db [None req-8c5f70d1-2a9b-4fc4-ae66-e520ac859061 96aedc025e0141e1bb15b6f16c984973 f7a4f1fb23fc427ebcfda672e862b975 - - default default] Successfully bumped revision number for resource 3b8155a5-c52f-4436-9b19-3e53a0d7cfc0 (type: ports) to 1 [pid: 7|app: 0|req: 683/1431] 10.0.0.88 () {34 vars in 664 bytes} [Thu Apr 30 23:58:41 2026] POST /v2.0/ports => generated 928 bytes in 553 msecs (HTTP/1.1 201) 4 headers in 162 bytes (1 switches on core 0)
2026-04-30 23:58:42.236 7 INFO neutron_taas.services.taas.taas_plugin [None req-ce70eb7a-4a8a-4e20-8305-28fc681e8a66 96aedc025e0141e1bb15b6f16c984973 f7a4f1fb23fc427ebcfda672e862b975 - - default default] TaaS: Handle Delete Port: 3b8155a5-c52f-4436-9b19-3e53a0d7cfc0
2026-04-30 23:58:42.239 7 INFO neutron_taas.services.taas.tap_mirror_plugin [None req-ce70eb7a-4a8a-4e20-8305-28fc681e8a66 96aedc025e0141e1bb15b6f16c984973 f7a4f1fb23fc427ebcfda672e862b975 - - default default] Tap Mirror: Handle Delete Port: 3b8155a5-c52f-4436-9b19-3e53a0d7cfc0
2026-04-30 23:58:42.303 8 INFO neutron.db.ovn_revision_numbers_db [None req-d2592619-ab4b-42bb-a782-7a77f1f72dad fe04c8da0dae4adc97ca9f802ca3a715 899e503237494622bfb6ba81605ebb2a - - default default] Successfully bumped revision number for resource b6a74138-702d-40e6-b1ac-d4cfd27ee16a (type: ports) to 2
2026-04-30 23:58:42.333 8 INFO neutron.db.ovn_revision_numbers_db [None req-d2592619-ab4b-42bb-a782-7a77f1f72dad fe04c8da0dae4adc97ca9f802ca3a715 899e503237494622bfb6ba81605ebb2a - - default default] Successfully bumped revision number for resource 0084eb9c-320b-4927-95a2-2aa05d94ca06 (type: subnets) to 0 [pid: 8|app: 0|req: 749/1432] 10.0.0.88 () {34 vars in 668 bytes} [Thu Apr 30 23:58:41 2026] POST /v2.0/subnets => generated 690 bytes in 652 msecs (HTTP/1.1 201) 4 headers in 162 bytes (1 switches on core 0) [pid: 7|app: 0|req: 684/1433] 10.0.0.88 () {32 vars in 719 bytes} [Thu Apr 30 23:58:42 2026] DELETE /v2.0/ports/3b8155a5-c52f-4436-9b19-3e53a0d7cfc0 => generated 0 bytes in 260 msecs (HTTP/1.1 204) 3 headers in 131 bytes (1 switches on core 0)
2026-04-30 23:58:42.538 7 WARNING neutron.db.securitygroups_db [None req-16d1c27d-dada-459b-b31b-8e1fd3dbdb10 fe04c8da0dae4adc97ca9f802ca3a715 899e503237494622bfb6ba81605ebb2a - - default default] project_id key not found in filters, using tenant_id instead. This support has been deprecated and will be removed in a future release.
2026-04-30 23:58:42.673 7 INFO neutron.db.ovn_revision_numbers_db [None req-16d1c27d-dada-459b-b31b-8e1fd3dbdb10 fe04c8da0dae4adc97ca9f802ca3a715 899e503237494622bfb6ba81605ebb2a - - default default] Successfully bumped revision number for resource b09a0099-04a4-4f48-927b-14974f9095dd (type: security_groups) to 1
2026-04-30 23:58:42.685 7 INFO neutron.db.ovn_revision_numbers_db [None req-16d1c27d-dada-459b-b31b-8e1fd3dbdb10 fe04c8da0dae4adc97ca9f802ca3a715 899e503237494622bfb6ba81605ebb2a - - default default] Successfully bumped revision number for resource 12d11a45-412a-47f8-a2e3-a5f519f4e789 (type: security_group_rules) to 0
2026-04-30 23:58:42.696 7 INFO neutron.db.ovn_revision_numbers_db [None req-16d1c27d-dada-459b-b31b-8e1fd3dbdb10 fe04c8da0dae4adc97ca9f802ca3a715 899e503237494622bfb6ba81605ebb2a - - default default] Successfully bumped revision number for resource 3de79d68-c26e-4e0f-b56e-aacb4063a60f (type: security_group_rules) to 0
2026-04-30 23:58:42.709 7 INFO neutron.db.ovn_revision_numbers_db [None req-16d1c27d-dada-459b-b31b-8e1fd3dbdb10 fe04c8da0dae4adc97ca9f802ca3a715 899e503237494622bfb6ba81605ebb2a - - default default] Successfully bumped revision number for resource d7c25859-13ff-48c6-b54b-6581f7ed230f (type: security_group_rules) to 0
2026-04-30 23:58:42.720 7 INFO neutron.db.ovn_revision_numbers_db [None req-16d1c27d-dada-459b-b31b-8e1fd3dbdb10 fe04c8da0dae4adc97ca9f802ca3a715 899e503237494622bfb6ba81605ebb2a - - default default] Successfully bumped revision number for resource fbe07439-525c-4946-a5e0-383c839b1aa6 (type: security_group_rules) to 0
2026-04-30 23:58:42.756 8 WARNING neutron.scheduler.dhcp_agent_scheduler [None req-2f7dfaa6-2f06-49a3-8b13-c8caed255fe4 fe04c8da0dae4adc97ca9f802ca3a715 899e503237494622bfb6ba81605ebb2a - - default default] No more DHCP agents [pid: 7|app: 0|req: 685/1434] 10.0.0.88 () {32 vars in 773 bytes} [Thu Apr 30 23:58:42 2026] GET /v2.0/security-groups?tenant_id=fa6d11de76fc4b11b367895f8bd0e250&name=default => generated 2925 bytes in 374 msecs (HTTP/1.1 200) 4 headers in 158 bytes (1 switches on core 0)
2026-04-30 23:58:42.757 8 WARNING neutron.api.rpc.agentnotifiers.dhcp_rpc_agent_api [None req-2f7dfaa6-2f06-49a3-8b13-c8caed255fe4 fe04c8da0dae4adc97ca9f802ca3a715 899e503237494622bfb6ba81605ebb2a - - default default] Unable to schedule network 928baf80-f5dd-4486-a806-b2e3c181a338: no agents available; will retry on subsequent port and subnet creation events.
2026-04-30 23:58:42.772 7 INFO neutron.pecan_wsgi.hooks.translation [None req-ccd0bca3-4285-432e-a08a-9c37b63134c5 96aedc025e0141e1bb15b6f16c984973 f7a4f1fb23fc427ebcfda672e862b975 - - default default] GET failed (client error): The resource could not be found. [pid: 7|app: 0|req: 686/1435] 10.0.0.88 () {32 vars in 716 bytes} [Thu Apr 30 23:58:42 2026] GET /v2.0/ports/3b8155a5-c52f-4436-9b19-3e53a0d7cfc0 => generated 132 bytes in 16 msecs (HTTP/1.1 404) 4 headers in 164 bytes (1 switches on core 0)
2026-04-30 23:58:42.898 8 INFO neutron.plugins.ml2.drivers.ovn.mech_driver.mech_driver [None req-d2f29312-64be-4329-af07-cb7376c67e6f - - - - - -] OVN reports status down for port: cba01d10-97ac-4979-b6bb-bc7df088d66b [pid: 7|app: 0|req: 687/1436] 10.0.0.88 () {32 vars in 739 bytes} [Thu Apr 30 23:58:42 2026] DELETE /v2.0/security-groups/b09a0099-04a4-4f48-927b-14974f9095dd => generated 0 bytes in 176 msecs (HTTP/1.1 204) 2 headers in 112 bytes (1 switches on core 0)
2026-04-30 23:58:42.965 8 INFO neutron.db.ovn_revision_numbers_db [None req-2f7dfaa6-2f06-49a3-8b13-c8caed255fe4 fe04c8da0dae4adc97ca9f802ca3a715 899e503237494622bfb6ba81605ebb2a - - default default] Successfully bumped revision number for resource cba01d10-97ac-4979-b6bb-bc7df088d66b (type: ports) to 1 [pid: 7|app: 0|req: 688/1437] 10.0.0.88 () {32 vars in 723 bytes} [Thu Apr 30 23:58:42 2026] DELETE /v2.0/subnets/097f1906-6948-48a5-9fce-940c93262c44 => generated 0 bytes in 132 msecs (HTTP/1.1 204) 3 headers in 131 bytes (1 switches on core 0)
2026-04-30 23:58:43.256 7 INFO neutron_taas.services.taas.taas_plugin [None req-fee943c3-71e7-4d9d-a4a7-cd59a227a5eb 96aedc025e0141e1bb15b6f16c984973 f7a4f1fb23fc427ebcfda672e862b975 - - default default] TaaS: Handle Delete Port: 7d61c87f-499b-4787-bae7-961df53cfdf9
2026-04-30 23:58:43.259 7 INFO neutron_taas.services.taas.tap_mirror_plugin [None req-fee943c3-71e7-4d9d-a4a7-cd59a227a5eb 96aedc025e0141e1bb15b6f16c984973 f7a4f1fb23fc427ebcfda672e862b975 - - default default] Tap Mirror: Handle Delete Port: 7d61c87f-499b-4787-bae7-961df53cfdf9
2026-04-30 23:58:43.479 7 INFO neutron.services.segments.plugin [-] Segment e68b863c-9de8-4ac6-9d80-c7c0bdf07dfc resource provider aggregate not found
2026-04-30 23:58:43.483 7 INFO neutron.services.segments.plugin [-] Segment e68b863c-9de8-4ac6-9d80-c7c0bdf07dfc resource provider aggregate not found
2026-04-30 23:58:43.502 7 INFO neutron.services.segments.plugin [-] Segment e68b863c-9de8-4ac6-9d80-c7c0bdf07dfc resource provider not found; error: Placement Client Error (4xx): {"errors": [{"status": 404, "title": "Not Found", "detail": "The resource could not be found.\n\n No resource provider with uuid e68b863c-9de8-4ac6-9d80-c7c0bdf07dfc found for delete ", "request_id": "req-052dbf0c-b02f-46fe-84a4-d20a1f31a063"}]}
2026-04-30 23:58:43.505 7 INFO neutron.services.segments.plugin [-] Segment e68b863c-9de8-4ac6-9d80-c7c0bdf07dfc resource provider not found; error: Placement Client Error (4xx): {"errors": [{"status": 404, "title": "Not Found", "detail": "The resource could not be found.\n\n No resource provider with uuid e68b863c-9de8-4ac6-9d80-c7c0bdf07dfc found for delete ", "request_id": "req-d57a4709-4a73-436c-8821-58497ebe8505"}]} [pid: 7|app: 0|req: 689/1438] 10.0.0.88 () {32 vars in 725 bytes} [Thu Apr 30 23:58:43 2026] DELETE /v2.0/networks/be513f81-881d-4db9-a236-dcf565d99ab0 => generated 0 bytes in 444 msecs (HTTP/1.1 204) 3 headers in 131 bytes (1 switches on core 0)
2026-04-30 23:58:43.703 8 INFO neutron.plugins.ml2.drivers.ovn.mech_driver.ovsdb.ovsdb_monitor [None req-9f4e3f72-626f-4e60-8cf9-9d1e27dfa5f6 - - - - - -] Router fcd34251-8e6c-4c95-bfb0-8579d629e874 is bound to host instance
2026-04-30 23:58:43.714 8 INFO neutron.plugins.ml2.drivers.ovn.mech_driver.mech_driver [None req-d2f29312-64be-4329-af07-cb7376c67e6f - - - - - -] OVN reports status up for port: cba01d10-97ac-4979-b6bb-bc7df088d66b
2026-04-30 23:58:43.760 8 INFO neutron.plugins.ml2.plugin [None req-d2f29312-64be-4329-af07-cb7376c67e6f - - - - - -] Attempt 1 to provision port cba01d10-97ac-4979-b6bb-bc7df088d66b
