2026-04-30 23:59:50.045 7 WARNING neutron.api.rpc.agentnotifiers.dhcp_rpc_agent_api [None req-8cefd5f1-1cb6-4fee-a6bd-9d02e8e2fa16 cc679f4fe4a948189b4ec714ca6b1bc4 3bfc8d1bbdbb47099346074abcac300f - - default default] Unable to schedule network 6cbee03e-0805-4d2a-a437-f6a463bccc30: no agents available; will retry on subsequent port and subnet creation events.
2026-04-30 23:59:50.130 8 INFO neutron_taas.services.taas.taas_plugin [None req-52a5c9d9-646e-4a77-a340-2cb5eb1bc06c fe04c8da0dae4adc97ca9f802ca3a715 899e503237494622bfb6ba81605ebb2a - - default default] TaaS: Handle Delete Port: 3c53919f-77d5-458e-8d53-50413e4cd802
2026-04-30 23:59:50.133 8 INFO neutron_taas.services.taas.tap_mirror_plugin [None req-52a5c9d9-646e-4a77-a340-2cb5eb1bc06c fe04c8da0dae4adc97ca9f802ca3a715 899e503237494622bfb6ba81605ebb2a - - default default] Tap Mirror: Handle Delete Port: 3c53919f-77d5-458e-8d53-50413e4cd802
2026-04-30 23:59:50.321 8 INFO neutron.services.segments.plugin [-] Segment 5577c24e-6e0c-4fd5-b7b2-83eb7edcc467 resource provider aggregate not found
2026-04-30 23:59:50.327 8 INFO neutron.services.segments.plugin [-] Segment 5577c24e-6e0c-4fd5-b7b2-83eb7edcc467 resource provider aggregate not found
2026-04-30 23:59:50.345 8 INFO neutron.services.segments.plugin [-] Segment 5577c24e-6e0c-4fd5-b7b2-83eb7edcc467 resource provider not found; error: Placement Client Error (4xx): {"errors": [{"status": 404, "title": "Not Found", "detail": "The resource could not be found.\n\n No resource provider with uuid 5577c24e-6e0c-4fd5-b7b2-83eb7edcc467 found for delete ", "request_id": "req-117fb7c0-1be5-409a-a11e-444f8c803f60"}]}
2026-04-30 23:59:50.346 8 INFO neutron.services.segments.plugin [-] Segment 5577c24e-6e0c-4fd5-b7b2-83eb7edcc467 resource provider not found; error: Placement Client Error (4xx): {"errors": [{"status": 404, "title": "Not Found", "detail": "The resource could not be found.\n\n No resource provider with uuid 5577c24e-6e0c-4fd5-b7b2-83eb7edcc467 found for delete ", "request_id": "req-3f03957d-8f9e-41d6-9c71-e471982b82d4"}]} [pid: 8|app: 0|req: 942/1866] 10.0.0.88 () {32 vars in 725 bytes} [Thu Apr 30 23:59:49 2026] DELETE /v2.0/networks/de461bf5-9bb7-4261-836b-85f4bad12fee => generated 0 bytes in 373 msecs (HTTP/1.1 204) 3 headers in 131 bytes (1 switches on core 0)
2026-04-30 23:59:50.522 7 INFO neutron.db.ovn_revision_numbers_db [None req-8cefd5f1-1cb6-4fee-a6bd-9d02e8e2fa16 cc679f4fe4a948189b4ec714ca6b1bc4 3bfc8d1bbdbb47099346074abcac300f - - default default] Successfully bumped revision number for resource a49e485f-94eb-4b4d-9d00-9301f089268c (type: ports) to 2
2026-04-30 23:59:50.524 8 WARNING neutron.db.securitygroups_db [None req-e207471e-1c90-4b26-b969-1b30a9f2610b fe04c8da0dae4adc97ca9f802ca3a715 899e503237494622bfb6ba81605ebb2a - - default default] project_id key not found in filters, using tenant_id instead. This support has been deprecated and will be removed in a future release. [pid: 8|app: 0|req: 943/1867] 10.0.0.88 () {32 vars in 773 bytes} [Thu Apr 30 23:59:50 2026] GET /v2.0/security-groups?tenant_id=a8799cd6378a427bbff8e0efb9600eae&name=default => generated 2925 bytes in 30 msecs (HTTP/1.1 200) 4 headers in 158 bytes (1 switches on core 0)
2026-04-30 23:59:50.554 7 INFO neutron.db.ovn_revision_numbers_db [None req-8cefd5f1-1cb6-4fee-a6bd-9d02e8e2fa16 cc679f4fe4a948189b4ec714ca6b1bc4 3bfc8d1bbdbb47099346074abcac300f - - default default] Successfully bumped revision number for resource 1df0e0b9-1052-4c78-a58a-a31dc9b71ac5 (type: subnets) to 0 [pid: 7|app: 0|req: 925/1868] 10.0.0.88 () {34 vars in 668 bytes} [Thu Apr 30 23:59:49 2026] POST /v2.0/subnets => generated 656 bytes in 713 msecs (HTTP/1.1 201) 4 headers in 162 bytes (1 switches on core 0) [pid: 8|app: 0|req: 944/1869] 10.0.0.88 () {32 vars in 739 bytes} [Thu Apr 30 23:59:50 2026] DELETE /v2.0/security-groups/89414f61-8fa1-4017-bff2-88151d3460f8 => generated 0 bytes in 174 msecs (HTTP/1.1 204) 2 headers in 112 bytes (1 switches on core 0)
2026-04-30 23:59:50.749 7 WARNING neutron.scheduler.dhcp_agent_scheduler [None req-8297a4db-abb6-45ac-92e7-0a071d280203 cc679f4fe4a948189b4ec714ca6b1bc4 3bfc8d1bbdbb47099346074abcac300f - - default default] No more DHCP agents
2026-04-30 23:59:50.750 7 WARNING neutron.api.rpc.agentnotifiers.dhcp_rpc_agent_api [None req-8297a4db-abb6-45ac-92e7-0a071d280203 cc679f4fe4a948189b4ec714ca6b1bc4 3bfc8d1bbdbb47099346074abcac300f - - default default] Unable to schedule network 6cbee03e-0805-4d2a-a437-f6a463bccc30: no agents available; will retry on subsequent port and subnet creation events.
2026-04-30 23:59:50.781 7 INFO neutron.db.ovn_revision_numbers_db [None req-8297a4db-abb6-45ac-92e7-0a071d280203 cc679f4fe4a948189b4ec714ca6b1bc4 3bfc8d1bbdbb47099346074abcac300f - - default default] Successfully bumped revision number for resource 1826c59e-9961-4f55-a600-5b1446e08094 (type: subnets) to 0 [pid: 7|app: 0|req: 926/1870] 10.0.0.88 () {34 vars in 668 bytes} [Thu Apr 30 23:59:50 2026] POST /v2.0/subnets => generated 730 bytes in 223 msecs (HTTP/1.1 201) 4 headers in 162 bytes (1 switches on core 0)
2026-04-30 23:59:50.923 8 WARNING neutron.db.securitygroups_db [None req-491ccd4e-ccaf-4cab-8bcf-996f47ea8c97 fe04c8da0dae4adc97ca9f802ca3a715 899e503237494622bfb6ba81605ebb2a - - default default] project_id key not found in filters, using tenant_id instead. This support has been deprecated and will be removed in a future release. [pid: 8|app: 0|req: 945/1871] 10.0.0.88 () {32 vars in 773 bytes} [Thu Apr 30 23:59:50 2026] GET /v2.0/security-groups?tenant_id=6e9df21f45024a3e8a8afda5ed8a59b2&name=default => generated 2925 bytes in 218 msecs (HTTP/1.1 200) 4 headers in 158 bytes (1 switches on core 0) [pid: 8|app: 0|req: 946/1872] 10.0.0.88 () {32 vars in 739 bytes} [Thu Apr 30 23:59:50 2026] DELETE /v2.0/security-groups/d48e888c-d122-4607-a1a2-10e0684c6d3b => generated 0 bytes in 173 msecs (HTTP/1.1 204) 2 headers in 112 bytes (1 switches on core 0)
2026-04-30 23:59:51.211 7 WARNING neutron.scheduler.dhcp_agent_scheduler [None req-2775d3e1-ed25-413c-bad0-bac28acdf033 cc679f4fe4a948189b4ec714ca6b1bc4 3bfc8d1bbdbb47099346074abcac300f - - default default] No more DHCP agents
2026-04-30 23:59:51.212 7 WARNING neutron.api.rpc.agentnotifiers.dhcp_rpc_agent_api [None req-2775d3e1-ed25-413c-bad0-bac28acdf033 cc679f4fe4a948189b4ec714ca6b1bc4 3bfc8d1bbdbb47099346074abcac300f - - default default] Unable to schedule network 928baf80-f5dd-4486-a806-b2e3c181a338: no agents available; will retry on subsequent port and subnet creation events.
2026-04-30 23:59:51.229 8 WARNING neutron.db.securitygroups_db [None req-14a10bdb-1962-4d2d-ac4b-6493c4fbfce3 fe04c8da0dae4adc97ca9f802ca3a715 899e503237494622bfb6ba81605ebb2a - - default default] project_id key not found in filters, using tenant_id instead. This support has been deprecated and will be removed in a future release.
2026-04-30 23:59:51.334 8 INFO neutron.plugins.ml2.drivers.ovn.mech_driver.mech_driver [None req-2b996eba-c189-41c0-b539-a9086dc1d4ca - - - - - -] OVN reports status down for port: 86f2b170-8a06-4cf7-9506-b1aca6499180
2026-04-30 23:59:51.376 7 INFO neutron.db.ovn_revision_numbers_db [None req-2775d3e1-ed25-413c-bad0-bac28acdf033 cc679f4fe4a948189b4ec714ca6b1bc4 3bfc8d1bbdbb47099346074abcac300f - - default default] Successfully bumped revision number for resource 86f2b170-8a06-4cf7-9506-b1aca6499180 (type: ports) to 1
2026-04-30 23:59:51.394 8 INFO neutron.db.ovn_revision_numbers_db [None req-14a10bdb-1962-4d2d-ac4b-6493c4fbfce3 fe04c8da0dae4adc97ca9f802ca3a715 899e503237494622bfb6ba81605ebb2a - - default default] Successfully bumped revision number for resource 711231b3-e1e3-44a2-a2c5-6074ab9b32a1 (type: security_groups) to 1
2026-04-30 23:59:51.863 8 INFO neutron.db.ovn_revision_numbers_db [None req-14a10bdb-1962-4d2d-ac4b-6493c4fbfce3 fe04c8da0dae4adc97ca9f802ca3a715 899e503237494622bfb6ba81605ebb2a - - default default] Successfully bumped revision number for resource 1da45289-fe54-4b6f-9fc8-493dac3434e0 (type: security_group_rules) to 0
2026-04-30 23:59:51.881 8 INFO neutron.db.ovn_revision_numbers_db [None req-14a10bdb-1962-4d2d-ac4b-6493c4fbfce3 fe04c8da0dae4adc97ca9f802ca3a715 899e503237494622bfb6ba81605ebb2a - - default default] Successfully bumped revision number for resource 391e8916-11d8-4f14-ad2f-45aa242fb151 (type: security_group_rules) to 0
2026-04-30 23:59:51.894 8 INFO neutron.db.ovn_revision_numbers_db [None req-14a10bdb-1962-4d2d-ac4b-6493c4fbfce3 fe04c8da0dae4adc97ca9f802ca3a715 899e503237494622bfb6ba81605ebb2a - - default default] Successfully bumped revision number for resource 874af255-c492-4a0d-8cd3-dff8eb7ad399 (type: security_group_rules) to 0
2026-04-30 23:59:51.908 8 INFO neutron.db.ovn_revision_numbers_db [None req-14a10bdb-1962-4d2d-ac4b-6493c4fbfce3 fe04c8da0dae4adc97ca9f802ca3a715 899e503237494622bfb6ba81605ebb2a - - default default] Successfully bumped revision number for resource 8f4350be-24d3-43c0-ae49-3cdd775fd703 (type: security_group_rules) to 0 [pid: 8|app: 0|req: 947/1873] 10.0.0.88 () {32 vars in 773 bytes} [Thu Apr 30 23:59:51 2026] GET /v2.0/security-groups?tenant_id=231a184c3b2840ab8f1f50e2d7ef3278&name=default => generated 2925 bytes in 731 msecs (HTTP/1.1 200) 4 headers in 158 bytes (1 switches on core 0)
2026-04-30 23:59:52.079 8 INFO neutron.plugins.ml2.drivers.ovn.mech_driver.mech_driver [None req-2b996eba-c189-41c0-b539-a9086dc1d4ca - - - - - -] OVN reports status up for port: 86f2b170-8a06-4cf7-9506-b1aca6499180
2026-04-30 23:59:52.104 7 INFO neutron.db.ovn_revision_numbers_db [None req-2775d3e1-ed25-413c-bad0-bac28acdf033 cc679f4fe4a948189b4ec714ca6b1bc4 3bfc8d1bbdbb47099346074abcac300f - - default default] Successfully bumped revision number for resource 86f2b170-8a06-4cf7-9506-b1aca6499180 (type: router_ports) to 1
2026-04-30 23:59:52.127 8 INFO neutron.plugins.ml2.drivers.ovn.mech_driver.ovsdb.ovsdb_monitor [None req-703f9916-1925-421d-8f24-fb9cbe8c70f3 - - - - - -] Router 6a0beb00-8a22-4083-8ecc-b732e83a5372 is bound to host instance
2026-04-30 23:59:52.133 8 INFO neutron.plugins.ml2.plugin [None req-2b996eba-c189-41c0-b539-a9086dc1d4ca - - - - - -] Attempt 1 to provision port 86f2b170-8a06-4cf7-9506-b1aca6499180
2026-04-30 23:59:52.177 7 INFO neutron.db.ovn_revision_numbers_db [None req-2775d3e1-ed25-413c-bad0-bac28acdf033 cc679f4fe4a948189b4ec714ca6b1bc4 3bfc8d1bbdbb47099346074abcac300f - - default default] Successfully bumped revision number for resource 6a0beb00-8a22-4083-8ecc-b732e83a5372 (type: routers) to 2 [pid: 7|app: 0|req: 927/1876] 10.0.0.88 () {34 vars in 668 bytes} [Thu Apr 30 23:59:50 2026] POST /v2.0/routers => generated 965 bytes in 1392 msecs (HTTP/1.1 201) 4 headers in 162 bytes (1 switches on core 0) [pid: 7|app: 0|req: 928/1877] 10.0.0.236 () {32 vars in 801 bytes} [Thu Apr 30 23:59:52 2026] GET /v2.0/extensions => generated 21706 bytes in 6 msecs (HTTP/1.1 200) 4 headers in 159 bytes (1 switches on core 0) [pid: 8|app: 0|req: 950/1878] 10.0.0.88 () {32 vars in 739 bytes} [Thu Apr 30 23:59:51 2026] DELETE /v2.0/security-groups/711231b3-e1e3-44a2-a2c5-6074ab9b32a1 => generated 0 bytes in 497 msecs (HTTP/1.1 204) 2 headers in 112 bytes (1 switches on core 0)
2026-04-30 23:59:52.620 7 WARNING neutron.scheduler.dhcp_agent_scheduler [None req-eda8f8a5-4460-42f3-be4b-e931a5fb5687 cc679f4fe4a948189b4ec714ca6b1bc4 3bfc8d1bbdbb47099346074abcac300f - - default default] No more DHCP agents
2026-04-30 23:59:52.621 7 WARNING neutron.api.rpc.agentnotifiers.dhcp_rpc_agent_api [None req-eda8f8a5-4460-42f3-be4b-e931a5fb5687 cc679f4fe4a948189b4ec714ca6b1bc4 3bfc8d1bbdbb47099346074abcac300f - - default default] Unable to schedule network 30c2f740-a2c2-4718-8242-99e1969826db: no agents available; will retry on subsequent port and subnet creation events. [pid: 8|app: 0|req: 951/1879] 10.0.0.236 () {30 vars in 724 bytes} [Thu Apr 30 23:59:52 2026] GET /v2.0/quotas/59586dd54eb14764ae9e85290af50817/details => generated 847 bytes in 229 msecs (HTTP/1.1 200) 4 headers in 157 bytes (1 switches on core 0)
2026-04-30 23:59:52.700 8 WARNING neutron.db.securitygroups_db [None req-0adfae30-2db0-445e-8342-335a80896c3f fe04c8da0dae4adc97ca9f802ca3a715 899e503237494622bfb6ba81605ebb2a - - default default] project_id key not found in filters, using tenant_id instead. This support has been deprecated and will be removed in a future release.
2026-04-30 23:59:52.740 7 INFO neutron.plugins.ml2.drivers.ovn.mech_driver.mech_driver [None req-5323d5f7-61b0-4b28-95c3-96b465103254 - - - - - -] OVN reports status down for port: 99b86ef4-229e-4ce8-8c72-6955a4ca95a0
2026-04-30 23:59:52.796 7 INFO neutron.db.ovn_revision_numbers_db [None req-eda8f8a5-4460-42f3-be4b-e931a5fb5687 cc679f4fe4a948189b4ec714ca6b1bc4 3bfc8d1bbdbb47099346074abcac300f - - default default] Successfully bumped revision number for resource 99b86ef4-229e-4ce8-8c72-6955a4ca95a0 (type: ports) to 1
2026-04-30 23:59:52.934 8 INFO neutron.db.ovn_revision_numbers_db [None req-0adfae30-2db0-445e-8342-335a80896c3f fe04c8da0dae4adc97ca9f802ca3a715 899e503237494622bfb6ba81605ebb2a - - default default] Successfully bumped revision number for resource b1da5100-ef1b-4965-a8a1-98d718f1f3ab (type: security_groups) to 1
2026-04-30 23:59:52.958 8 INFO neutron.db.ovn_revision_numbers_db [None req-0adfae30-2db0-445e-8342-335a80896c3f fe04c8da0dae4adc97ca9f802ca3a715 899e503237494622bfb6ba81605ebb2a - - default default] Successfully bumped revision number for resource 43e35fe1-230b-4c97-a244-89657ebb1e60 (type: security_group_rules) to 0
2026-04-30 23:59:52.977 8 INFO neutron.db.ovn_revision_numbers_db [None req-0adfae30-2db0-445e-8342-335a80896c3f fe04c8da0dae4adc97ca9f802ca3a715 899e503237494622bfb6ba81605ebb2a - - default default] Successfully bumped revision number for resource 610e2b3a-807c-407e-962a-8ae115503e71 (type: security_group_rules) to 0
2026-04-30 23:59:52.992 8 INFO neutron.db.ovn_revision_numbers_db [None req-0adfae30-2db0-445e-8342-335a80896c3f fe04c8da0dae4adc97ca9f802ca3a715 899e503237494622bfb6ba81605ebb2a - - default default] Successfully bumped revision number for resource 74a85e9f-fb56-4c15-b0ec-c585e663b87e (type: security_group_rules) to 0
2026-04-30 23:59:53.014 8 INFO neutron.db.ovn_revision_numbers_db [None req-0adfae30-2db0-445e-8342-335a80896c3f fe04c8da0dae4adc97ca9f802ca3a715 899e503237494622bfb6ba81605ebb2a - - default default] Successfully bumped revision number for resource 7b50e986-87e3-4863-912e-55ce30a9d1b1 (type: security_group_rules) to 0 [pid: 8|app: 0|req: 952/1880] 10.0.0.88 () {32 vars in 773 bytes} [Thu Apr 30 23:59:52 2026] GET /v2.0/security-groups?tenant_id=937f940bde73482e88b4ad47338049bc&name=default => generated 2925 bytes in 422 msecs (HTTP/1.1 200) 4 headers in 158 bytes (1 switches on core 0) [pid: 8|app: 0|req: 953/1881] 10.0.0.88 () {32 vars in 739 bytes} [Thu Apr 30 23:59:53 2026] DELETE /v2.0/security-groups/b1da5100-ef1b-4965-a8a1-98d718f1f3ab => generated 0 bytes in 301 msecs (HTTP/1.1 204) 2 headers in 112 bytes (1 switches on core 0)
2026-04-30 23:59:53.520 7 INFO neutron.plugins.ml2.drivers.ovn.mech_driver.mech_driver [None req-5323d5f7-61b0-4b28-95c3-96b465103254 - - - - - -] OVN reports status up for port: 99b86ef4-229e-4ce8-8c72-6955a4ca95a0
2026-04-30 23:59:53.531 8 INFO neutron.db.ovn_revision_numbers_db [None req-315a2fdb-8b92-4fed-ac50-c877bbaafcc8 - - - - - -] Successfully bumped revision number for resource 86f2b170-8a06-4cf7-9506-b1aca6499180 (type: ports) to 4
2026-04-30 23:59:53.557 7 INFO neutron.plugins.ml2.plugin [None req-5323d5f7-61b0-4b28-95c3-96b465103254 - - - - - -] Attempt 1 to provision port 99b86ef4-229e-4ce8-8c72-6955a4ca95a0
2026-04-30 23:59:53.707 7 WARNING neutron.scheduler.dhcp_agent_scheduler [None req-eda8f8a5-4460-42f3-be4b-e931a5fb5687 cc679f4fe4a948189b4ec714ca6b1bc4 3bfc8d1bbdbb47099346074abcac300f - - default default] No more DHCP agents
2026-04-30 23:59:53.714 7 WARNING neutron.api.rpc.agentnotifiers.dhcp_rpc_agent_api [None req-eda8f8a5-4460-42f3-be4b-e931a5fb5687 cc679f4fe4a948189b4ec714ca6b1bc4 3bfc8d1bbdbb47099346074abcac300f - - default default] Unable to schedule network 30c2f740-a2c2-4718-8242-99e1969826db: no agents available; will retry on subsequent port and subnet creation events.
2026-04-30 23:59:53.912 8 INFO neutron.db.ovn_revision_numbers_db [None req-315a2fdb-8b92-4fed-ac50-c877bbaafcc8 - - - - - -] Successfully bumped revision number for resource 86f2b170-8a06-4cf7-9506-b1aca6499180 (type: ports) to 5
2026-04-30 23:59:54.280 7 INFO neutron.db.ovn_revision_numbers_db [None req-5323d5f7-61b0-4b28-95c3-96b465103254 - - - - - -] Successfully bumped revision number for resource 99b86ef4-229e-4ce8-8c72-6955a4ca95a0 (type: ports) to 2
2026-04-30 23:59:54.562 7 INFO neutron.db.ovn_revision_numbers_db [None req-eda8f8a5-4460-42f3-be4b-e931a5fb5687 cc679f4fe4a948189b4ec714ca6b1bc4 3bfc8d1bbdbb47099346074abcac300f - - default default] Successfully bumped revision number for resource 99b86ef4-229e-4ce8-8c72-6955a4ca95a0 (type: router_ports) to 1 [pid: 7|app: 0|req: 929/1882] 10.0.0.88 () {34 vars in 782 bytes} [Thu Apr 30 23:59:52 2026] PUT /v2.0/routers/6a0beb00-8a22-4083-8ecc-b732e83a5372/add_router_interface => generated 310 bytes in 2367 msecs (HTTP/1.1 200) 4 headers in 157 bytes (1 switches on core 0)
2026-04-30 23:59:55.121 8 WARNING neutron.scheduler.dhcp_agent_scheduler [None req-ec23a456-0660-424a-ab06-fb28d1b38d73 cc679f4fe4a948189b4ec714ca6b1bc4 3bfc8d1bbdbb47099346074abcac300f - - default default] No more DHCP agents
2026-04-30 23:59:55.123 8 WARNING neutron.api.rpc.agentnotifiers.dhcp_rpc_agent_api [None req-ec23a456-0660-424a-ab06-fb28d1b38d73 cc679f4fe4a948189b4ec714ca6b1bc4 3bfc8d1bbdbb47099346074abcac300f - - default default] Unable to schedule network 63b04cb8-f212-4e24-8e7b-0a5b6b885e0c: no agents available; will retry on subsequent port and subnet creation events.
2026-04-30 23:59:55.250 8 INFO neutron.plugins.ml2.drivers.ovn.mech_driver.mech_driver [None req-2b996eba-c189-41c0-b539-a9086dc1d4ca - - - - - -] OVN reports status down for port: 515cb5fa-335f-4caa-9649-f937dbf5897f
2026-04-30 23:59:55.312 8 INFO neutron.db.ovn_revision_numbers_db [None req-ec23a456-0660-424a-ab06-fb28d1b38d73 cc679f4fe4a948189b4ec714ca6b1bc4 3bfc8d1bbdbb47099346074abcac300f - - default default] Successfully bumped revision number for resource 515cb5fa-335f-4caa-9649-f937dbf5897f (type: ports) to 1
2026-04-30 23:59:56.096 7 WARNING neutron.db.securitygroups_db [None req-29f8ee67-ef2d-442f-a833-e15907f9e239 fe04c8da0dae4adc97ca9f802ca3a715 899e503237494622bfb6ba81605ebb2a - - default default] project_id key not found in filters, using tenant_id instead. This support has been deprecated and will be removed in a future release.
2026-04-30 23:59:56.102 8 INFO neutron.plugins.ml2.drivers.ovn.mech_driver.mech_driver [None req-2b996eba-c189-41c0-b539-a9086dc1d4ca - - - - - -] OVN reports status up for port: 515cb5fa-335f-4caa-9649-f937dbf5897f
2026-04-30 23:59:56.128 8 INFO neutron.plugins.ml2.plugin [None req-2b996eba-c189-41c0-b539-a9086dc1d4ca - - - - - -] Attempt 1 to provision port 515cb5fa-335f-4caa-9649-f937dbf5897f
2026-04-30 23:59:56.219 7 INFO neutron.db.ovn_revision_numbers_db [None req-29f8ee67-ef2d-442f-a833-e15907f9e239 fe04c8da0dae4adc97ca9f802ca3a715 899e503237494622bfb6ba81605ebb2a - - default default] Successfully bumped revision number for resource d321ed85-134f-444d-a190-b038b33d1c1d (type: security_groups) to 1
2026-04-30 23:59:56.231 7 INFO neutron.db.ovn_revision_numbers_db [None req-29f8ee67-ef2d-442f-a833-e15907f9e239 fe04c8da0dae4adc97ca9f802ca3a715 899e503237494622bfb6ba81605ebb2a - - default default] Successfully bumped revision number for resource 34134e08-aed1-4bdd-979f-692de5e4c216 (type: security_group_rules) to 0
2026-04-30 23:59:56.242 7 INFO neutron.db.ovn_revision_numbers_db [None req-29f8ee67-ef2d-442f-a833-e15907f9e239 fe04c8da0dae4adc97ca9f802ca3a715 899e503237494622bfb6ba81605ebb2a - - default default] Successfully bumped revision number for resource 980da697-459c-49c9-bd29-c831c678bc8d (type: security_group_rules) to 0
2026-04-30 23:59:56.254 7 INFO neutron.db.ovn_revision_numbers_db [None req-29f8ee67-ef2d-442f-a833-e15907f9e239 fe04c8da0dae4adc97ca9f802ca3a715 899e503237494622bfb6ba81605ebb2a - - default default] Successfully bumped revision number for resource ad02ffe2-9db0-4593-bb4a-bfab79bab975 (type: security_group_rules) to 0
2026-04-30 23:59:56.264 8 WARNING neutron.scheduler.dhcp_agent_scheduler [None req-ec23a456-0660-424a-ab06-fb28d1b38d73 cc679f4fe4a948189b4ec714ca6b1bc4 3bfc8d1bbdbb47099346074abcac300f - - default default] No more DHCP agents
2026-04-30 23:59:56.265 7 INFO neutron.db.ovn_revision_numbers_db [None req-29f8ee67-ef2d-442f-a833-e15907f9e239 fe04c8da0dae4adc97ca9f802ca3a715 899e503237494622bfb6ba81605ebb2a - - default default] Successfully bumped revision number for resource bb5fabc9-1ea4-438b-b44a-06aeb6f10586 (type: security_group_rules) to 0
2026-04-30 23:59:56.265 8 WARNING neutron.api.rpc.agentnotifiers.dhcp_rpc_agent_api [None req-ec23a456-0660-424a-ab06-fb28d1b38d73 cc679f4fe4a948189b4ec714ca6b1bc4 3bfc8d1bbdbb47099346074abcac300f - - default default] Unable to schedule network 63b04cb8-f212-4e24-8e7b-0a5b6b885e0c: no agents available; will retry on subsequent port and subnet creation events. [pid: 7|app: 0|req: 930/1883] 10.0.0.88 () {32 vars in 773 bytes} [Thu Apr 30 23:59:55 2026] GET /v2.0/security-groups?tenant_id=59586dd54eb14764ae9e85290af50817&name=default => generated 2925 bytes in 411 msecs (HTTP/1.1 200) 4 headers in 158 bytes (1 switches on core 0) [pid: 7|app: 0|req: 931/1884] 10.0.0.88 () {32 vars in 739 bytes} [Thu Apr 30 23:59:56 2026] DELETE /v2.0/security-groups/d321ed85-134f-444d-a190-b038b33d1c1d => generated 0 bytes in 170 msecs (HTTP/1.1 204) 2 headers in 112 bytes (1 switches on core 0)
2026-04-30 23:59:56.823 8 INFO neutron.db.ovn_revision_numbers_db [None req-2b996eba-c189-41c0-b539-a9086dc1d4ca - - - - - -] Successfully bumped revision number for resource 515cb5fa-335f-4caa-9649-f937dbf5897f (type: ports) to 2
2026-04-30 23:59:56.967 8 INFO neutron.db.ovn_revision_numbers_db [None req-ec23a456-0660-424a-ab06-fb28d1b38d73 cc679f4fe4a948189b4ec714ca6b1bc4 3bfc8d1bbdbb47099346074abcac300f - - default default] Successfully bumped revision number for resource 515cb5fa-335f-4caa-9649-f937dbf5897f (type: router_ports) to 1 [pid: 8|app: 0|req: 954/1885] 10.0.0.88 () {34 vars in 782 bytes} [Thu Apr 30 23:59:54 2026] PUT /v2.0/routers/6a0beb00-8a22-4083-8ecc-b732e83a5372/add_router_interface => generated 310 bytes in 2398 msecs (HTTP/1.1 200) 4 headers in 157 bytes (1 switches on core 0)
2026-04-30 23:59:57.483 7 WARNING neutron.scheduler.dhcp_agent_scheduler [None req-cffeae02-bc35-4235-81c6-edfbd4dc110a cc679f4fe4a948189b4ec714ca6b1bc4 3bfc8d1bbdbb47099346074abcac300f - - default default] No more DHCP agents
2026-04-30 23:59:57.484 7 WARNING neutron.api.rpc.agentnotifiers.dhcp_rpc_agent_api [None req-cffeae02-bc35-4235-81c6-edfbd4dc110a cc679f4fe4a948189b4ec714ca6b1bc4 3bfc8d1bbdbb47099346074abcac300f - - default default] Unable to schedule network 6cbee03e-0805-4d2a-a437-f6a463bccc30: no agents available; will retry on subsequent port and subnet creation events.
2026-04-30 23:59:57.549 8 WARNING neutron.db.securitygroups_db [None req-a4aefd2e-c8e9-4d42-a809-9c105b40b680 fe04c8da0dae4adc97ca9f802ca3a715 899e503237494622bfb6ba81605ebb2a - - default default] project_id key not found in filters, using tenant_id instead. This support has been deprecated and will be removed in a future release.
2026-04-30 23:59:57.644 7 INFO neutron.db.ovn_revision_numbers_db [None req-cffeae02-bc35-4235-81c6-edfbd4dc110a cc679f4fe4a948189b4ec714ca6b1bc4 3bfc8d1bbdbb47099346074abcac300f - - default default] Successfully bumped revision number for resource 0cd63a6d-3f38-495f-bcce-008ad8308f74 (type: ports) to 1
2026-04-30 23:59:57.723 8 INFO neutron.db.ovn_revision_numbers_db [None req-a4aefd2e-c8e9-4d42-a809-9c105b40b680 fe04c8da0dae4adc97ca9f802ca3a715 899e503237494622bfb6ba81605ebb2a - - default default] Successfully bumped revision number for resource 91286a8c-af23-46e7-b295-6da02cbf82cb (type: security_groups) to 1
2026-04-30 23:59:57.739 8 INFO neutron.db.ovn_revision_numbers_db [None req-a4aefd2e-c8e9-4d42-a809-9c105b40b680 fe04c8da0dae4adc97ca9f802ca3a715 899e503237494622bfb6ba81605ebb2a - - default default] Successfully bumped revision number for resource 4dbe3645-85bf-44c4-bced-3d942b72aa83 (type: security_group_rules) to 0
2026-04-30 23:59:57.753 8 INFO neutron.db.ovn_revision_numbers_db [None req-a4aefd2e-c8e9-4d42-a809-9c105b40b680 fe04c8da0dae4adc97ca9f802ca3a715 899e503237494622bfb6ba81605ebb2a - - default default] Successfully bumped revision number for resource 61e1075c-a727-4222-98da-ee24e073eca9 (type: security_group_rules) to 0
2026-04-30 23:59:57.765 8 INFO neutron.db.ovn_revision_numbers_db [None req-a4aefd2e-c8e9-4d42-a809-9c105b40b680 fe04c8da0dae4adc97ca9f802ca3a715 899e503237494622bfb6ba81605ebb2a - - default default] Successfully bumped revision number for resource 8a112f7c-85e7-4d00-9b2c-f689c3a2ac25 (type: security_group_rules) to 0
2026-04-30 23:59:57.782 8 INFO neutron.db.ovn_revision_numbers_db [None req-a4aefd2e-c8e9-4d42-a809-9c105b40b680 fe04c8da0dae4adc97ca9f802ca3a715 899e503237494622bfb6ba81605ebb2a - - default default] Successfully bumped revision number for resource 90c14bae-2ee0-4b62-8578-00a8e6773421 (type: security_group_rules) to 0 [pid: 8|app: 0|req: 955/1886] 10.0.0.88 () {32 vars in 773 bytes} [Thu Apr 30 23:59:57 2026] GET /v2.0/security-groups?tenant_id=bfa39d2bb05f4499a57e4c112761d0a5&name=default => generated 2925 bytes in 430 msecs (HTTP/1.1 200) 4 headers in 158 bytes (1 switches on core 0)
2026-04-30 23:59:58.068 8 INFO neutron.db.ovn_revision_numbers_db [None req-0fbae13c-4b34-4024-b895-e02b66115592 60932579f05a49579f4068e8cc4ba691 c63723f5c25a431c92585f539346bdf3 - - default default] Successfully bumped revision number for resource 6a731d5e-d025-495c-8e94-7f6bb6393c59 (type: routers) to 1 [pid: 8|app: 0|req: 956/1887] 10.0.0.88 () {34 vars in 667 bytes} [Thu Apr 30 23:59:57 2026] POST /v2.0/routers => generated 591 bytes in 256 msecs (HTTP/1.1 201) 4 headers in 162 bytes (1 switches on core 0) [pid: 8|app: 0|req: 957/1888] 10.0.0.88 () {32 vars in 739 bytes} [Thu Apr 30 23:59:58 2026] DELETE /v2.0/security-groups/91286a8c-af23-46e7-b295-6da02cbf82cb => generated 0 bytes in 161 msecs (HTTP/1.1 204) 2 headers in 112 bytes (1 switches on core 0)
2026-04-30 23:59:58.365 8 INFO neutron.db.ovn_revision_numbers_db [None req-2cd3c7c4-f62c-4f05-8fdc-0c6033f97cbf 60932579f05a49579f4068e8cc4ba691 c63723f5c25a431c92585f539346bdf3 - - default default] Successfully bumped revision number for resource 5fb404b8-ae5c-49aa-bee7-f501b981a4a2 (type: routers) to 1 [pid: 8|app: 0|req: 958/1889] 10.0.0.88 () {34 vars in 667 bytes} [Thu Apr 30 23:59:58 2026] POST /v2.0/routers => generated 591 bytes in 134 msecs (HTTP/1.1 201) 4 headers in 162 bytes (1 switches on core 0)
2026-04-30 23:59:58.433 7 WARNING neutron.scheduler.dhcp_agent_scheduler [None req-cffeae02-bc35-4235-81c6-edfbd4dc110a cc679f4fe4a948189b4ec714ca6b1bc4 3bfc8d1bbdbb47099346074abcac300f - - default default] No more DHCP agents
2026-04-30 23:59:58.435 7 WARNING neutron.api.rpc.agentnotifiers.dhcp_rpc_agent_api [None req-cffeae02-bc35-4235-81c6-edfbd4dc110a cc679f4fe4a948189b4ec714ca6b1bc4 3bfc8d1bbdbb47099346074abcac300f - - default default] Unable to schedule network 6cbee03e-0805-4d2a-a437-f6a463bccc30: no agents available; will retry on subsequent port and subnet creation events.
2026-04-30 23:59:58.499 8 INFO neutron.db.ovn_revision_numbers_db [None req-6a74563f-9756-4f03-bbd9-5bea0d34733f 60932579f05a49579f4068e8cc4ba691 c63723f5c25a431c92585f539346bdf3 - - default default] Successfully bumped revision number for resource 63c0e01d-29e3-4aef-bf67-1ab6dadc99ed (type: routers) to 1 [pid: 8|app: 0|req: 959/1890] 10.0.0.88 () {34 vars in 667 bytes} [Thu Apr 30 23:59:58 2026] POST /v2.0/routers => generated 591 bytes in 124 msecs (HTTP/1.1 201) 4 headers in 162 bytes (1 switches on core 0)
2026-04-30 23:59:58.516 8 WARNING neutron.db.securitygroups_db [None req-c60dcf3b-94f0-4336-a260-b54e77b690d1 fe04c8da0dae4adc97ca9f802ca3a715 899e503237494622bfb6ba81605ebb2a - - default default] project_id key not found in filters, using tenant_id instead. This support has been deprecated and will be removed in a future release.
2026-04-30 23:59:58.623 8 INFO neutron.db.ovn_revision_numbers_db [None req-c60dcf3b-94f0-4336-a260-b54e77b690d1 fe04c8da0dae4adc97ca9f802ca3a715 899e503237494622bfb6ba81605ebb2a - - default default] Successfully bumped revision number for resource dc87b5c6-7723-4567-bb4a-836897ed59a0 (type: security_groups) to 1
2026-04-30 23:59:58.635 8 INFO neutron.db.ovn_revision_numbers_db [None req-c60dcf3b-94f0-4336-a260-b54e77b690d1 fe04c8da0dae4adc97ca9f802ca3a715 899e503237494622bfb6ba81605ebb2a - - default default] Successfully bumped revision number for resource 11611141-75aa-4c01-b11c-fd84082f6129 (type: security_group_rules) to 0
2026-04-30 23:59:58.646 8 INFO neutron.db.ovn_revision_numbers_db [None req-c60dcf3b-94f0-4336-a260-b54e77b690d1 fe04c8da0dae4adc97ca9f802ca3a715 899e503237494622bfb6ba81605ebb2a - - default default] Successfully bumped revision number for resource 1fc21151-12d1-4e64-889f-8d11cb8cb5ad (type: security_group_rules) to 0
2026-04-30 23:59:58.655 8 INFO neutron.db.ovn_revision_numbers_db [None req-c60dcf3b-94f0-4336-a260-b54e77b690d1 fe04c8da0dae4adc97ca9f802ca3a715 899e503237494622bfb6ba81605ebb2a - - default default] Successfully bumped revision number for resource 4e61f00b-f5fa-4977-bdb4-38662e28573a (type: security_group_rules) to 0
2026-04-30 23:59:58.666 8 INFO neutron.db.ovn_revision_numbers_db [None req-c60dcf3b-94f0-4336-a260-b54e77b690d1 fe04c8da0dae4adc97ca9f802ca3a715 899e503237494622bfb6ba81605ebb2a - - default default] Successfully bumped revision number for resource 98ed53f8-9d75-4221-af82-50ba7593475a (type: security_group_rules) to 0 [pid: 8|app: 0|req: 960/1891] 10.0.0.88 () {32 vars in 773 bytes} [Thu Apr 30 23:59:58 2026] GET /v2.0/security-groups?tenant_id=185df77ca2294f93b7a0a39dbc99a421&name=default => generated 2925 bytes in 188 msecs (HTTP/1.1 200) 4 headers in 158 bytes (1 switches on core 0)
2026-04-30 23:59:58.813 8 INFO neutron.db.ovn_revision_numbers_db [None req-1142e311-aab7-4835-baff-bcd84ac1d451 60932579f05a49579f4068e8cc4ba691 c63723f5c25a431c92585f539346bdf3 - - default default] Successfully bumped revision number for resource 8d3a096e-38d7-4645-8523-fb02aa78dd20 (type: routers) to 1 [pid: 8|app: 0|req: 961/1892] 10.0.0.88 () {34 vars in 667 bytes} [Thu Apr 30 23:59:58 2026] POST /v2.0/routers => generated 591 bytes in 125 msecs (HTTP/1.1 201) 4 headers in 162 bytes (1 switches on core 0)
2026-04-30 23:59:58.835 7 INFO neutron.db.ovn_revision_numbers_db [None req-cffeae02-bc35-4235-81c6-edfbd4dc110a cc679f4fe4a948189b4ec714ca6b1bc4 3bfc8d1bbdbb47099346074abcac300f - - default default] Successfully bumped revision number for resource 0cd63a6d-3f38-495f-bcce-008ad8308f74 (type: router_ports) to 1 [pid: 7|app: 0|req: 932/1893] 10.0.0.88 () {34 vars in 782 bytes} [Thu Apr 30 23:59:56 2026] PUT /v2.0/routers/6a0beb00-8a22-4083-8ecc-b732e83a5372/add_router_interface => generated 310 bytes in 1857 msecs (HTTP/1.1 200) 4 headers in 157 bytes (1 switches on core 0)
2026-04-30 23:59:58.958 7 INFO neutron.db.ovn_revision_numbers_db [None req-37a5f8f9-8fd1-46f7-9363-2e61ab9ada67 60932579f05a49579f4068e8cc4ba691 c63723f5c25a431c92585f539346bdf3 - - default default] Successfully bumped revision number for resource 62873f46-599a-4a77-b1ee-029bc812c513 (type: routers) to 1 [pid: 7|app: 0|req: 933/1894] 10.0.0.88 () {34 vars in 667 bytes} [Thu Apr 30 23:59:58 2026] POST /v2.0/routers => generated 591 bytes in 137 msecs (HTTP/1.1 201) 4 headers in 162 bytes (1 switches on core 0) [pid: 8|app: 0|req: 962/1895] 10.0.0.88 () {32 vars in 739 bytes} [Thu Apr 30 23:59:58 2026] DELETE /v2.0/security-groups/dc87b5c6-7723-4567-bb4a-836897ed59a0 => generated 0 bytes in 167 msecs (HTTP/1.1 204) 2 headers in 112 bytes (1 switches on core 0)
2026-04-30 23:59:59.021 8 WARNING tagging [None req-f81d617f-1529-48d7-9631-b1cd2c288ea3 60932579f05a49579f4068e8cc4ba691 c63723f5c25a431c92585f539346bdf3 - - default default] project_id key not found in request, using tenant_id instead. This support has been deprecated and will be removed in a future release.
2026-04-30 23:59:59.104 7 INFO neutron.db.ovn_revision_numbers_db [None req-acb75f62-290a-4708-b39a-a4c31040bf8e cc679f4fe4a948189b4ec714ca6b1bc4 3bfc8d1bbdbb47099346074abcac300f - - default default] Successfully bumped revision number for resource 5416bd80-cf38-4fe5-934f-8d640e0fa927 (type: security_groups) to 1
2026-04-30 23:59:59.113 7 WARNING neutron.plugins.ml2.drivers.ovn.mech_driver.ovsdb.ovn_client [None req-cbb78b4a-c55b-4945-b2a9-d5bc04311c31 - - - - - -] No hosting information found for port 99b86ef4-229e-4ce8-8c72-6955a4ca95a0: RuntimeError: No hosting information found for port 99b86ef4-229e-4ce8-8c72-6955a4ca95a0 [pid: 8|app: 0|req: 963/1896] 10.0.0.88 () {34 vars in 750 bytes} [Thu Apr 30 23:59:58 2026] PUT /v2.0/routers/6a731d5e-d025-495c-8e94-7f6bb6393c59/tags => generated 17 bytes in 120 msecs (HTTP/1.1 200) 4 headers in 156 bytes (1 switches on core 0)
2026-04-30 23:59:59.120 7 INFO neutron.db.ovn_revision_numbers_db [None req-acb75f62-290a-4708-b39a-a4c31040bf8e cc679f4fe4a948189b4ec714ca6b1bc4 3bfc8d1bbdbb47099346074abcac300f - - default default] Successfully bumped revision number for resource 20504df7-2558-4047-8809-fbd6d7949cd6 (type: security_group_rules) to 0
2026-04-30 23:59:59.137 7 INFO neutron.db.ovn_revision_numbers_db [None req-acb75f62-290a-4708-b39a-a4c31040bf8e cc679f4fe4a948189b4ec714ca6b1bc4 3bfc8d1bbdbb47099346074abcac300f - - default default] Successfully bumped revision number for resource 5a067a81-de07-4284-a1c0-07d28a9a44eb (type: security_group_rules) to 0
2026-04-30 23:59:59.148 7 INFO neutron.common.ovn.utils [None req-cbb78b4a-c55b-4945-b2a9-d5bc04311c31 - - - - - -] HA Chassis Group neutron-30c2f740-a2c2-4718-8242-99e1969826db synchronized; highest priority chassis 4dac3955-0e27-4e1a-b2c2-7c4da7c22d94
2026-04-30 23:59:59.150 8 WARNING tagging [None req-7c2b31ed-0a17-4d52-a266-3004ba15a7ab 60932579f05a49579f4068e8cc4ba691 c63723f5c25a431c92585f539346bdf3 - - default default] project_id key not found in request, using tenant_id instead. This support has been deprecated and will be removed in a future release. [pid: 8|app: 0|req: 964/1897] 10.0.0.88 () {34 vars in 750 bytes} [Thu Apr 30 23:59:59 2026] PUT /v2.0/routers/5fb404b8-ae5c-49aa-bee7-f501b981a4a2/tags => generated 25 bytes in 80 msecs (HTTP/1.1 200) 4 headers in 156 bytes (1 switches on core 0) [pid: 7|app: 0|req: 934/1898] 10.0.0.88 () {34 vars in 683 bytes} [Thu Apr 30 23:59:58 2026] POST /v2.0/security-groups => generated 1627 bytes in 249 msecs (HTTP/1.1 201) 4 headers in 163 bytes (1 switches on core 0)
2026-04-30 23:59:59.234 8 WARNING tagging [None req-eb2a2b25-29e2-47bb-8da8-928d3235a022 60932579f05a49579f4068e8cc4ba691 c63723f5c25a431c92585f539346bdf3 - - default default] project_id key not found in request, using tenant_id instead. This support has been deprecated and will be removed in a future release. [pid: 8|app: 0|req: 965/1899] 10.0.0.88 () {34 vars in 750 bytes} [Thu Apr 30 23:59:59 2026] PUT /v2.0/routers/63c0e01d-29e3-4aef-bf67-1ab6dadc99ed/tags => generated 34 bytes in 88 msecs (HTTP/1.1 200) 4 headers in 156 bytes (1 switches on core 0)
2026-04-30 23:59:59.315 7 INFO neutron.db.ovn_revision_numbers_db [None req-cbb78b4a-c55b-4945-b2a9-d5bc04311c31 - - - - - -] Successfully bumped revision number for resource 99b86ef4-229e-4ce8-8c72-6955a4ca95a0 (type: router_ports) to 2
2026-04-30 23:59:59.337 8 WARNING tagging [None req-615f53f2-7c68-428c-96de-c81bfdc2707f 60932579f05a49579f4068e8cc4ba691 c63723f5c25a431c92585f539346bdf3 - - default default] project_id key not found in request, using tenant_id instead. This support has been deprecated and will be removed in a future release.
2026-04-30 23:59:59.383 7 INFO neutron.common.ovn.utils [None req-cbb78b4a-c55b-4945-b2a9-d5bc04311c31 - - - - - -] HA Chassis Group neutron-63b04cb8-f212-4e24-8e7b-0a5b6b885e0c synchronized; highest priority chassis 4dac3955-0e27-4e1a-b2c2-7c4da7c22d94 [pid: 8|app: 0|req: 966/1900] 10.0.0.88 () {34 vars in 750 bytes} [Thu Apr 30 23:59:59 2026] PUT /v2.0/routers/8d3a096e-38d7-4645-8523-fb02aa78dd20/tags => generated 19 bytes in 85 msecs (HTTP/1.1 200) 4 headers in 156 bytes (1 switches on core 0)
2026-04-30 23:59:59.395 7 INFO neutron.plugins.ml2.drivers.ovn.mech_driver.mech_driver [None req-cbb78b4a-c55b-4945-b2a9-d5bc04311c31 - - - - - -] OVN reports status down for port: 0cd63a6d-3f38-495f-bcce-008ad8308f74 [pid: 8|app: 0|req: 967/1901] 10.0.0.88 () {32 vars in 663 bytes} [Thu Apr 30 23:59:59 2026] GET /v2.0/routers?tags=red => generated 1814 bytes in 91 msecs (HTTP/1.1 200) 4 headers in 158 bytes (1 switches on core 0)
2026-04-30 23:59:59.491 7 INFO neutron.db.ovn_revision_numbers_db [None req-87389909-4aca-47a1-8716-dabd81a8834f cc679f4fe4a948189b4ec714ca6b1bc4 3bfc8d1bbdbb47099346074abcac300f - - default default] Successfully bumped revision number for resource 2447513b-8a6d-467e-95f1-cae75954fee2 (type: security_group_rules) to 0
2026-04-30 23:59:59.505 7 WARNING neutron.plugins.ml2.drivers.ovn.mech_driver.ovsdb.ovn_client [None req-cbb78b4a-c55b-4945-b2a9-d5bc04311c31 - - - - - -] Logical_Switch_Port 0cd63a6d-3f38-495f-bcce-008ad8308f74 host information not removed, the port state is up
2026-04-30 23:59:59.505 7 INFO neutron.plugins.ml2.drivers.ovn.mech_driver.mech_driver [None req-cbb78b4a-c55b-4945-b2a9-d5bc04311c31 - - - - - -] OVN reports status up for port: 0cd63a6d-3f38-495f-bcce-008ad8308f74
2026-04-30 23:59:59.521 7 INFO neutron.plugins.ml2.plugin [None req-cbb78b4a-c55b-4945-b2a9-d5bc04311c31 - - - - - -] Attempt 1 to provision port 0cd63a6d-3f38-495f-bcce-008ad8308f74 [pid: 7|app: 0|req: 935/1902] 10.0.0.88 () {34 vars in 694 bytes} [Thu Apr 30 23:59:59 2026] POST /v2.0/security-group-rules => generated 597 bytes in 313 msecs (HTTP/1.1 201) 4 headers in 162 bytes (1 switches on core 0) [pid: 8|app: 0|req: 968/1903] 10.0.0.88 () {32 vars in 677 bytes} [Thu Apr 30 23:59:59 2026] GET /v2.0/routers?tags=red%2Cblue => generated 1222 bytes in 61 msecs (HTTP/1.1 200) 4 headers in 158 bytes (1 switches on core 0) [pid: 8|app: 0|req: 969/1904] 10.0.0.88 () {32 vars in 673 bytes} [Thu Apr 30 23:59:59 2026] GET /v2.0/routers?tags-any=blue => generated 1222 bytes in 59 msecs (HTTP/1.1 200) 4 headers in 158 bytes (1 switches on core 0) [pid: 8|app: 0|req: 970/1905] 10.0.0.88 () {32 vars in 685 bytes} [Thu Apr 30 23:59:59 2026] GET /v2.0/routers?tags-any=red%2Cblue => generated 1814 bytes in 34 msecs (HTTP/1.1 200) 4 headers in 158 bytes (1 switches on core 0) [pid: 8|app: 0|req: 971/1906] 10.0.0.88 () {32 vars in 671 bytes} [Thu Apr 30 23:59:59 2026] GET /v2.0/routers?not-tags=red => generated 1194 bytes in 67 msecs (HTTP/1.1 200) 4 headers in 158 bytes (1 switches on core 0)
2026-04-30 23:59:59.761 7 INFO neutron.db.ovn_revision_numbers_db [None req-19c56dd2-51cc-4034-8066-8e2701dcc369 cc679f4fe4a948189b4ec714ca6b1bc4 3bfc8d1bbdbb47099346074abcac300f - - default default] Successfully bumped revision number for resource a6cd2917-85ea-4bfe-a987-a727791fb1dd (type: security_group_rules) to 0 [pid: 8|app: 0|req: 972/1908] 10.0.0.88 () {32 vars in 685 bytes} [Thu Apr 30 23:59:59 2026] GET /v2.0/routers?not-tags=red%2Cblue => generated 1786 bytes in 85 msecs (HTTP/1.1 200) 4 headers in 158 bytes (1 switches on core 0) [pid: 7|app: 0|req: 936/1908] 10.0.0.88 () {34 vars in 694 bytes} [Thu Apr 30 23:59:59 2026] POST /v2.0/security-group-rules => generated 597 bytes in 261 msecs (HTTP/1.1 201) 4 headers in 162 bytes (1 switches on core 0)
2026-04-30 23:59:59.932 8 INFO neutron.db.ovn_revision_numbers_db [None req-73a95b5e-fb72-4bd0-8c61-add4f9ddb623 cc679f4fe4a948189b4ec714ca6b1bc4 3bfc8d1bbdbb47099346074abcac300f - - default default] Successfully bumped revision number for resource 952c8dd1-8186-47cb-94b2-fdf47cb75759 (type: security_group_rules) to 0 [pid: 7|app: 0|req: 937/1909] 10.0.0.88 () {32 vars in 681 bytes} [Thu Apr 30 23:59:59 2026] GET /v2.0/routers?not-tags-any=blue => generated 1786 bytes in 132 msecs (HTTP/1.1 200) 4 headers in 158 bytes (1 switches on core 0) [pid: 8|app: 0|req: 973/1910] 10.0.0.88 () {34 vars in 694 bytes} [Thu Apr 30 23:59:59 2026] POST /v2.0/security-group-rules => generated 599 bytes in 147 msecs (HTTP/1.1 201) 4 headers in 162 bytes (1 switches on core 0) [pid: 7|app: 0|req: 938/1911] 10.0.0.88 () {32 vars in 693 bytes} [Thu Apr 30 23:59:59 2026] GET /v2.0/routers?not-tags-any=red%2Cblue => generated 1194 bytes in 87 msecs (HTTP/1.1 200) 4 headers in 158 bytes (1 switches on core 0)
2026-05-01 00:00:00.090 8 INFO neutron.db.ovn_revision_numbers_db [None req-2417ec4f-ae22-4c6c-8982-be0e52b58e14 cc679f4fe4a948189b4ec714ca6b1bc4 3bfc8d1bbdbb47099346074abcac300f - - default default] Successfully bumped revision number for resource b1e51a71-e5c1-4ef7-ad46-17ee480a4062 (type: security_group_rules) to 0 [pid: 8|app: 0|req: 974/1912] 10.0.0.88 () {34 vars in 694 bytes} [Thu Apr 30 23:59:59 2026] POST /v2.0/security-group-rules => generated 601 bytes in 209 msecs (HTTP/1.1 201) 4 headers in 162 bytes (1 switches on core 0) [pid: 7|app: 0|req: 939/1913] 10.0.0.88 () {32 vars in 720 bytes} [Fri May 1 00:00:00 2026] GET /v2.0/routers/6a731d5e-d025-495c-8e94-7f6bb6393c59 => generated 602 bytes in 174 msecs (HTTP/1.1 200) 4 headers in 157 bytes (1 switches on core 0)
2026-05-01 00:00:00.261 7 INFO neutron.db.ovn_revision_numbers_db [None req-cbb78b4a-c55b-4945-b2a9-d5bc04311c31 - - - - - -] Successfully bumped revision number for resource 0cd63a6d-3f38-495f-bcce-008ad8308f74 (type: ports) to 2
2026-05-01 00:00:00.334 8 INFO neutron.db.ovn_revision_numbers_db [None req-ff2a2f36-bdbc-4954-80ef-b6fbfeb2470d cc679f4fe4a948189b4ec714ca6b1bc4 3bfc8d1bbdbb47099346074abcac300f - - default default] Successfully bumped revision number for resource 512d940c-76d7-4b4d-832b-0c79d2f082a8 (type: security_group_rules) to 0 [pid: 8|app: 0|req: 975/1914] 10.0.0.88 () {34 vars in 694 bytes} [Fri May 1 00:00:00 2026] POST /v2.0/security-group-rules => generated 601 bytes in 187 msecs (HTTP/1.1 201) 4 headers in 162 bytes (1 switches on core 0)
2026-05-01 00:00:00.543 8 INFO neutron.db.ovn_revision_numbers_db [None req-5c3843ec-33ac-474b-88f0-2cb0fc0d2430 cc679f4fe4a948189b4ec714ca6b1bc4 3bfc8d1bbdbb47099346074abcac300f - - default default] Successfully bumped revision number for resource 39c4e2c1-c330-46ca-9150-98a08f841ec7 (type: security_group_rules) to 0 [pid: 8|app: 0|req: 976/1915] 10.0.0.88 () {34 vars in 694 bytes} [Fri May 1 00:00:00 2026] POST /v2.0/security-group-rules => generated 597 bytes in 203 msecs (HTTP/1.1 201) 4 headers in 162 bytes (1 switches on core 0)
2026-05-01 00:00:00.713 7 INFO neutron.db.ovn_revision_numbers_db [None req-c26acde0-8391-41d7-adae-42a5f37430cf 60932579f05a49579f4068e8cc4ba691 c63723f5c25a431c92585f539346bdf3 - - default default] Successfully bumped revision number for resource 6a731d5e-d025-495c-8e94-7f6bb6393c59 (type: routers) to 2 [pid: 7|app: 0|req: 940/1916] 10.0.0.88 () {34 vars in 741 bytes} [Fri May 1 00:00:00 2026] PUT /v2.0/routers/6a731d5e-d025-495c-8e94-7f6bb6393c59 => generated 602 bytes in 493 msecs (HTTP/1.1 200) 4 headers in 157 bytes (1 switches on core 0)
2026-05-01 00:00:00.788 8 INFO neutron.db.ovn_revision_numbers_db [None req-e1733d5e-1251-4561-b01e-9ceb1b8dd687 cc679f4fe4a948189b4ec714ca6b1bc4 3bfc8d1bbdbb47099346074abcac300f - - default default] Successfully bumped revision number for resource 93cd88ef-ef6e-4baf-ad49-67ccfe207ec0 (type: security_group_rules) to 0 [pid: 8|app: 0|req: 977/1917] 10.0.0.88 () {34 vars in 694 bytes} [Fri May 1 00:00:00 2026] POST /v2.0/security-group-rules => generated 597 bytes in 251 msecs (HTTP/1.1 201) 4 headers in 162 bytes (1 switches on core 0) [pid: 8|app: 0|req: 978/1918] 10.0.0.88 () {32 vars in 735 bytes} [Fri May 1 00:00:00 2026] GET /v2.0/ports?device_id=6a731d5e-d025-495c-8e94-7f6bb6393c59 => generated 12 bytes in 26 msecs (HTTP/1.1 200) 4 headers in 156 bytes (1 switches on core 0)
2026-05-01 00:00:01.044 8 INFO neutron.db.ovn_revision_numbers_db [None req-9ce0bb26-43f4-409f-a71f-69bec182be8d cc679f4fe4a948189b4ec714ca6b1bc4 3bfc8d1bbdbb47099346074abcac300f - - default default] Successfully bumped revision number for resource b89bb053-e04e-46b6-a5bb-4731f379f6ee (type: security_group_rules) to 0
2026-05-01 00:00:01.070 7 INFO neutron.db.ovn_revision_numbers_db [None req-6de41cb2-8c9f-4707-a37d-26a53b722608 503a1d9f06ef429bb1a7b1f538433b08 3abba88b7b03474d9f80865e3f57e965 - - default default] Successfully bumped revision number for resource e3ccaa88-c052-4ee3-89d3-e3f6b2ddd10f (type: security_groups) to 1
2026-05-01 00:00:01.081 7 INFO neutron.db.ovn_revision_numbers_db [None req-6de41cb2-8c9f-4707-a37d-26a53b722608 503a1d9f06ef429bb1a7b1f538433b08 3abba88b7b03474d9f80865e3f57e965 - - default default] Successfully bumped revision number for resource 21947cb9-f82b-474a-9954-d64b48d3fc8c (type: security_group_rules) to 0
2026-05-01 00:00:01.091 7 INFO neutron.db.ovn_revision_numbers_db [None req-6de41cb2-8c9f-4707-a37d-26a53b722608 503a1d9f06ef429bb1a7b1f538433b08 3abba88b7b03474d9f80865e3f57e965 - - default default] Successfully bumped revision number for resource 2fa46521-ee8c-43a6-aefc-634475d9884f (type: security_group_rules) to 0 [pid: 8|app: 0|req: 979/1919] 10.0.0.88 () {34 vars in 694 bytes} [Fri May 1 00:00:00 2026] POST /v2.0/security-group-rules => generated 597 bytes in 233 msecs (HTTP/1.1 201) 4 headers in 162 bytes (1 switches on core 0)
2026-05-01 00:00:01.104 7 INFO neutron.db.ovn_revision_numbers_db [None req-6de41cb2-8c9f-4707-a37d-26a53b722608 503a1d9f06ef429bb1a7b1f538433b08 3abba88b7b03474d9f80865e3f57e965 - - default default] Successfully bumped revision number for resource 7a940efe-ca60-46e0-8d1c-291ccb5e4c36 (type: security_group_rules) to 0
2026-05-01 00:00:01.125 7 INFO neutron.db.ovn_revision_numbers_db [None req-6de41cb2-8c9f-4707-a37d-26a53b722608 503a1d9f06ef429bb1a7b1f538433b08 3abba88b7b03474d9f80865e3f57e965 - - default default] Successfully bumped revision number for resource aa986926-142c-423a-b5aa-e7550cad81c2 (type: security_group_rules) to 0
2026-05-01 00:00:01.234 7 INFO neutron.db.segments_db [None req-6de41cb2-8c9f-4707-a37d-26a53b722608 503a1d9f06ef429bb1a7b1f538433b08 3abba88b7b03474d9f80865e3f57e965 - - default default] Added segment b448a83e-8aa9-46f5-ac45-8d1b83705d6f of type geneve for network 92bdc219-fe37-4d97-9b3a-864b546f6166 [pid: 8|app: 0|req: 980/1920] 10.0.0.88 () {32 vars in 723 bytes} [Fri May 1 00:00:01 2026] DELETE /v2.0/routers/6a731d5e-d025-495c-8e94-7f6bb6393c59 => generated 0 bytes in 214 msecs (HTTP/1.1 204) 2 headers in 112 bytes (1 switches on core 0)
2026-05-01 00:00:01.354 7 INFO neutron.db.ovn_revision_numbers_db [None req-6de41cb2-8c9f-4707-a37d-26a53b722608 503a1d9f06ef429bb1a7b1f538433b08 3abba88b7b03474d9f80865e3f57e965 - - default default] Successfully bumped revision number for resource 92bdc219-fe37-4d97-9b3a-864b546f6166 (type: networks) to 1
2026-05-01 00:00:01.464 8 INFO neutron.db.ovn_revision_numbers_db [None req-88b37a19-0ba9-49a4-a8f6-e360ff0e27dd cc679f4fe4a948189b4ec714ca6b1bc4 3bfc8d1bbdbb47099346074abcac300f - - default default] Successfully bumped revision number for resource 3db3f5e0-1103-45c3-aa0a-12fd0d2e1232 (type: security_group_rules) to 0 [pid: 8|app: 0|req: 981/1921] 10.0.0.88 () {34 vars in 694 bytes} [Fri May 1 00:00:01 2026] POST /v2.0/security-group-rules => generated 599 bytes in 186 msecs (HTTP/1.1 201) 4 headers in 162 bytes (1 switches on core 0) [pid: 8|app: 0|req: 982/1922] 10.0.0.88 () {32 vars in 720 bytes} [Fri May 1 00:00:01 2026] GET /v2.0/routers/5fb404b8-ae5c-49aa-bee7-f501b981a4a2 => generated 610 bytes in 34 msecs (HTTP/1.1 200) 4 headers in 157 bytes (1 switches on core 0)
2026-05-01 00:00:01.536 7 WARNING neutron.scheduler.dhcp_agent_scheduler [None req-6de41cb2-8c9f-4707-a37d-26a53b722608 503a1d9f06ef429bb1a7b1f538433b08 3abba88b7b03474d9f80865e3f57e965 - - default default] No more DHCP agents
2026-05-01 00:00:01.538 7 WARNING neutron.api.rpc.agentnotifiers.dhcp_rpc_agent_api [None req-6de41cb2-8c9f-4707-a37d-26a53b722608 503a1d9f06ef429bb1a7b1f538433b08 3abba88b7b03474d9f80865e3f57e965 - - default default] Unable to schedule network 92bdc219-fe37-4d97-9b3a-864b546f6166: no agents available; will retry on subsequent port and subnet creation events.
2026-05-01 00:00:01.618 7 INFO neutron.db.ovn_revision_numbers_db [None req-6de41cb2-8c9f-4707-a37d-26a53b722608 503a1d9f06ef429bb1a7b1f538433b08 3abba88b7b03474d9f80865e3f57e965 - - default default] Successfully bumped revision number for resource 9ca9e3b0-adad-4961-9f30-f7d0643ec819 (type: ports) to 1 [pid: 7|app: 0|req: 941/1923] 10.0.0.88 () {34 vars in 669 bytes} [Fri May 1 00:00:00 2026] POST /v2.0/networks => generated 670 bytes in 944 msecs (HTTP/1.1 201) 4 headers in 162 bytes (1 switches on core 0)
2026-05-01 00:00:01.737 8 INFO neutron.db.ovn_revision_numbers_db [None req-8237852b-281a-4cac-9f4c-a6d402606cbd cc679f4fe4a948189b4ec714ca6b1bc4 3bfc8d1bbdbb47099346074abcac300f - - default default] Successfully bumped revision number for resource fa4422b8-fb58-4db0-86b9-768cbecdc2e3 (type: security_group_rules) to 0 [pid: 8|app: 0|req: 983/1924] 10.0.0.88 () {34 vars in 694 bytes} [Fri May 1 00:00:01 2026] POST /v2.0/security-group-rules => generated 601 bytes in 253 msecs (HTTP/1.1 201) 4 headers in 162 bytes (1 switches on core 0)
