Mar 23 05:38:12.451511 np0000160288 devstack@neutron-api.service[102288]: DEBUG neutron.plugins.ml2.drivers.ovn.mech_driver.ovsdb.maintenance [-] Touching Hash Ring node "2ec8371bb5415cb690147b32d4a775be" from periodic health check thread {{(pid=102288) touch_hash_ring_node /opt/stack/neutron/neutron/plugins/ml2/drivers/ovn/mech_driver/ovsdb/maintenance.py:1257}}
Mar 23 05:38:13.199163 np0000160288 devstack@neutron-api.service[102286]: DEBUG futurist.periodics [-] Submitting periodic callback 'neutron.plugins.ml2.drivers.ovn.mech_driver.ovsdb.maintenance.HashRingHealthCheckPeriodics.touch_hash_ring_node' {{(pid=102286) _process_scheduled /opt/stack/data/venv/lib/python3.12/site-packages/futurist/periodics.py:638}}
Mar 23 05:38:13.201077 np0000160288 devstack@neutron-api.service[102286]: DEBUG neutron.plugins.ml2.drivers.ovn.mech_driver.ovsdb.maintenance [-] Touching Hash Ring node "977493fd4ed45ce3b435914fbe688602" from periodic health check thread {{(pid=102286) touch_hash_ring_node /opt/stack/neutron/neutron/plugins/ml2/drivers/ovn/mech_driver/ovsdb/maintenance.py:1257}}
Mar 23 05:38:13.426774 np0000160288 devstack@neutron-api.service[102285]: DEBUG futurist.periodics [-] Submitting periodic callback 'neutron.plugins.ml2.drivers.ovn.mech_driver.ovsdb.maintenance.HashRingHealthCheckPeriodics.touch_hash_ring_node' {{(pid=102285) _process_scheduled /opt/stack/data/venv/lib/python3.12/site-packages/futurist/periodics.py:638}}
Mar 23 05:38:13.427819 np0000160288 devstack@neutron-api.service[102285]: DEBUG neutron.plugins.ml2.drivers.ovn.mech_driver.ovsdb.maintenance [-] Touching Hash Ring node "d3e450ba02f25d7f9684993abb03a048" from periodic health check thread {{(pid=102285) touch_hash_ring_node /opt/stack/neutron/neutron/plugins/ml2/drivers/ovn/mech_driver/ovsdb/maintenance.py:1257}}
Mar 23 05:38:13.438208 np0000160288 devstack@neutron-api.service[102287]: DEBUG futurist.periodics [-] Submitting periodic callback 'neutron.plugins.ml2.drivers.ovn.mech_driver.ovsdb.maintenance.HashRingHealthCheckPeriodics.touch_hash_ring_node' {{(pid=102287) _process_scheduled /opt/stack/data/venv/lib/python3.12/site-packages/futurist/periodics.py:638}}
Mar 23 05:38:13.439793 np0000160288 devstack@neutron-api.service[102287]: DEBUG neutron.plugins.ml2.drivers.ovn.mech_driver.ovsdb.maintenance [-] Touching Hash Ring node "403485c728495ee4a354c7a135672d20" from periodic health check thread {{(pid=102287) touch_hash_ring_node /opt/stack/neutron/neutron/plugins/ml2/drivers/ovn/mech_driver/ovsdb/maintenance.py:1257}}
Mar 23 05:38:22.464035 np0000160288 devstack@neutron-api.service[102288]: DEBUG dbcounter [-] [102288] Writing DB stats neutron:UPDATE=1,neutron:SELECT=1 {{(pid=102288) stat_writer /opt/stack/data/venv/lib/python3.12/site-packages/dbcounter.py:115}}
Mar 23 05:38:23.216472 np0000160288 devstack@neutron-api.service[102286]: DEBUG dbcounter [-] [102286] Writing DB stats neutron:UPDATE=1,neutron:SELECT=1 {{(pid=102286) stat_writer /opt/stack/data/venv/lib/python3.12/site-packages/dbcounter.py:115}}
Mar 23 05:38:23.450639 np0000160288 devstack@neutron-api.service[102287]: DEBUG dbcounter [-] [102287] Writing DB stats neutron:UPDATE=1,neutron:SELECT=1 {{(pid=102287) stat_writer /opt/stack/data/venv/lib/python3.12/site-packages/dbcounter.py:115}}
Mar 23 05:38:23.464796 np0000160288 devstack@neutron-api.service[102285]: DEBUG dbcounter [-] [102285] Writing DB stats neutron:UPDATE=1,neutron:SELECT=1 {{(pid=102285) stat_writer /opt/stack/data/venv/lib/python3.12/site-packages/dbcounter.py:115}}
Mar 23 05:38:27.452042 np0000160288 devstack@neutron-api.service[102288]: DEBUG futurist.periodics [-] Submitting periodic callback 'neutron.plugins.ml2.drivers.ovn.mech_driver.ovsdb.maintenance.HashRingHealthCheckPeriodics.touch_hash_ring_node' {{(pid=102288) _process_scheduled /opt/stack/data/venv/lib/python3.12/site-packages/futurist/periodics.py:638}}
Mar 23 05:38:27.455287 np0000160288 devstack@neutron-api.service[102288]: DEBUG neutron.plugins.ml2.drivers.ovn.mech_driver.ovsdb.maintenance [-] Touching Hash Ring node "2ec8371bb5415cb690147b32d4a775be" from periodic health check thread {{(pid=102288) touch_hash_ring_node /opt/stack/neutron/neutron/plugins/ml2/drivers/ovn/mech_driver/ovsdb/maintenance.py:1257}}
Mar 23 05:38:28.207211 np0000160288 devstack@neutron-api.service[102286]: DEBUG futurist.periodics [-] Submitting periodic callback 'neutron.plugins.ml2.drivers.ovn.mech_driver.ovsdb.maintenance.HashRingHealthCheckPeriodics.touch_hash_ring_node' {{(pid=102286) _process_scheduled /opt/stack/data/venv/lib/python3.12/site-packages/futurist/periodics.py:638}}
Mar 23 05:38:28.211065 np0000160288 devstack@neutron-api.service[102286]: DEBUG neutron.plugins.ml2.drivers.ovn.mech_driver.ovsdb.maintenance [-] Touching Hash Ring node "977493fd4ed45ce3b435914fbe688602" from periodic health check thread {{(pid=102286) touch_hash_ring_node /opt/stack/neutron/neutron/plugins/ml2/drivers/ovn/mech_driver/ovsdb/maintenance.py:1257}}
Mar 23 05:38:28.428425 np0000160288 devstack@neutron-api.service[102285]: DEBUG futurist.periodics [-] Submitting periodic callback 'neutron.plugins.ml2.drivers.ovn.mech_driver.ovsdb.maintenance.HashRingHealthCheckPeriodics.touch_hash_ring_node' {{(pid=102285) _process_scheduled /opt/stack/data/venv/lib/python3.12/site-packages/futurist/periodics.py:638}}
Mar 23 05:38:28.429927 np0000160288 devstack@neutron-api.service[102285]: DEBUG neutron.plugins.ml2.drivers.ovn.mech_driver.ovsdb.maintenance [-] Touching Hash Ring node "d3e450ba02f25d7f9684993abb03a048" from periodic health check thread {{(pid=102285) touch_hash_ring_node /opt/stack/neutron/neutron/plugins/ml2/drivers/ovn/mech_driver/ovsdb/maintenance.py:1257}}
Mar 23 05:38:28.440015 np0000160288 devstack@neutron-api.service[102287]: DEBUG futurist.periodics [-] Submitting periodic callback 'neutron.plugins.ml2.drivers.ovn.mech_driver.ovsdb.maintenance.HashRingHealthCheckPeriodics.touch_hash_ring_node' {{(pid=102287) _process_scheduled /opt/stack/data/venv/lib/python3.12/site-packages/futurist/periodics.py:638}}
Mar 23 05:38:28.441337 np0000160288 devstack@neutron-api.service[102287]: DEBUG neutron.plugins.ml2.drivers.ovn.mech_driver.ovsdb.maintenance [-] Touching Hash Ring node "403485c728495ee4a354c7a135672d20" from periodic health check thread {{(pid=102287) touch_hash_ring_node /opt/stack/neutron/neutron/plugins/ml2/drivers/ovn/mech_driver/ovsdb/maintenance.py:1257}}
Mar 23 05:38:37.482558 np0000160288 devstack@neutron-api.service[102288]: DEBUG dbcounter [-] [102288] Writing DB stats neutron:UPDATE=1,neutron:SELECT=1 {{(pid=102288) stat_writer /opt/stack/data/venv/lib/python3.12/site-packages/dbcounter.py:115}}
Mar 23 05:38:38.231783 np0000160288 devstack@neutron-api.service[102286]: DEBUG dbcounter [-] [102286] Writing DB stats neutron:UPDATE=1,neutron:SELECT=1 {{(pid=102286) stat_writer /opt/stack/data/venv/lib/python3.12/site-packages/dbcounter.py:115}}
Mar 23 05:38:38.441274 np0000160288 devstack@neutron-api.service[102285]: DEBUG dbcounter [-] [102285] Writing DB stats neutron:UPDATE=1,neutron:SELECT=1 {{(pid=102285) stat_writer /opt/stack/data/venv/lib/python3.12/site-packages/dbcounter.py:115}}
Mar 23 05:38:38.451184 np0000160288 devstack@neutron-api.service[102287]: DEBUG dbcounter [-] [102287] Writing DB stats neutron:UPDATE=1,neutron:SELECT=1 {{(pid=102287) stat_writer /opt/stack/data/venv/lib/python3.12/site-packages/dbcounter.py:115}}
Mar 23 05:38:42.454063 np0000160288 devstack@neutron-api.service[102288]: DEBUG futurist.periodics [-] Submitting periodic callback 'neutron.plugins.ml2.drivers.ovn.mech_driver.ovsdb.maintenance.HashRingHealthCheckPeriodics.touch_hash_ring_node' {{(pid=102288) _process_scheduled /opt/stack/data/venv/lib/python3.12/site-packages/futurist/periodics.py:638}}
Mar 23 05:38:42.455753 np0000160288 devstack@neutron-api.service[102288]: DEBUG neutron.plugins.ml2.drivers.ovn.mech_driver.ovsdb.maintenance [-] Touching Hash Ring node "2ec8371bb5415cb690147b32d4a775be" from periodic health check thread {{(pid=102288) touch_hash_ring_node /opt/stack/neutron/neutron/plugins/ml2/drivers/ovn/mech_driver/ovsdb/maintenance.py:1257}}
Mar 23 05:38:43.210559 np0000160288 devstack@neutron-api.service[102286]: DEBUG futurist.periodics [-] Submitting periodic callback 'neutron.plugins.ml2.drivers.ovn.mech_driver.ovsdb.maintenance.HashRingHealthCheckPeriodics.touch_hash_ring_node' {{(pid=102286) _process_scheduled /opt/stack/data/venv/lib/python3.12/site-packages/futurist/periodics.py:638}}
Mar 23 05:38:43.211971 np0000160288 devstack@neutron-api.service[102286]: DEBUG neutron.plugins.ml2.drivers.ovn.mech_driver.ovsdb.maintenance [-] Touching Hash Ring node "977493fd4ed45ce3b435914fbe688602" from periodic health check thread {{(pid=102286) touch_hash_ring_node /opt/stack/neutron/neutron/plugins/ml2/drivers/ovn/mech_driver/ovsdb/maintenance.py:1257}}
Mar 23 05:38:43.430149 np0000160288 devstack@neutron-api.service[102285]: DEBUG futurist.periodics [-] Submitting periodic callback 'neutron.plugins.ml2.drivers.ovn.mech_driver.ovsdb.maintenance.HashRingHealthCheckPeriodics.touch_hash_ring_node' {{(pid=102285) _process_scheduled /opt/stack/data/venv/lib/python3.12/site-packages/futurist/periodics.py:638}}
Mar 23 05:38:43.431655 np0000160288 devstack@neutron-api.service[102285]: DEBUG neutron.plugins.ml2.drivers.ovn.mech_driver.ovsdb.maintenance [-] Touching Hash Ring node "d3e450ba02f25d7f9684993abb03a048" from periodic health check thread {{(pid=102285) touch_hash_ring_node /opt/stack/neutron/neutron/plugins/ml2/drivers/ovn/mech_driver/ovsdb/maintenance.py:1257}}
Mar 23 05:38:43.441401 np0000160288 devstack@neutron-api.service[102287]: DEBUG futurist.periodics [-] Submitting periodic callback 'neutron.plugins.ml2.drivers.ovn.mech_driver.ovsdb.maintenance.HashRingHealthCheckPeriodics.touch_hash_ring_node' {{(pid=102287) _process_scheduled /opt/stack/data/venv/lib/python3.12/site-packages/futurist/periodics.py:638}}
Mar 23 05:38:43.442697 np0000160288 devstack@neutron-api.service[102287]: DEBUG neutron.plugins.ml2.drivers.ovn.mech_driver.ovsdb.maintenance [-] Touching Hash Ring node "403485c728495ee4a354c7a135672d20" from periodic health check thread {{(pid=102287) touch_hash_ring_node /opt/stack/neutron/neutron/plugins/ml2/drivers/ovn/mech_driver/ovsdb/maintenance.py:1257}}
Mar 23 05:38:52.468175 np0000160288 devstack@neutron-api.service[102288]: DEBUG dbcounter [-] [102288] Writing DB stats neutron:UPDATE=1,neutron:SELECT=1 {{(pid=102288) stat_writer /opt/stack/data/venv/lib/python3.12/site-packages/dbcounter.py:115}}
Mar 23 05:38:53.225802 np0000160288 devstack@neutron-api.service[102286]: DEBUG dbcounter [-] [102286] Writing DB stats neutron:UPDATE=1,neutron:SELECT=1 {{(pid=102286) stat_writer /opt/stack/data/venv/lib/python3.12/site-packages/dbcounter.py:115}}
Mar 23 05:38:53.443800 np0000160288 devstack@neutron-api.service[102285]: DEBUG dbcounter [-] [102285] Writing DB stats neutron:UPDATE=1,neutron:SELECT=1 {{(pid=102285) stat_writer /opt/stack/data/venv/lib/python3.12/site-packages/dbcounter.py:115}}
Mar 23 05:38:53.453923 np0000160288 devstack@neutron-api.service[102287]: DEBUG dbcounter [-] [102287] Writing DB stats neutron:UPDATE=1,neutron:SELECT=1 {{(pid=102287) stat_writer /opt/stack/data/venv/lib/python3.12/site-packages/dbcounter.py:115}}
Mar 23 05:38:57.455906 np0000160288 devstack@neutron-api.service[102288]: DEBUG futurist.periodics [-] Submitting periodic callback 'neutron.plugins.ml2.drivers.ovn.mech_driver.ovsdb.maintenance.HashRingHealthCheckPeriodics.touch_hash_ring_node' {{(pid=102288) _process_scheduled /opt/stack/data/venv/lib/python3.12/site-packages/futurist/periodics.py:638}}
Mar 23 05:38:57.457848 np0000160288 devstack@neutron-api.service[102288]: DEBUG neutron.plugins.ml2.drivers.ovn.mech_driver.ovsdb.maintenance [-] Touching Hash Ring node "2ec8371bb5415cb690147b32d4a775be" from periodic health check thread {{(pid=102288) touch_hash_ring_node /opt/stack/neutron/neutron/plugins/ml2/drivers/ovn/mech_driver/ovsdb/maintenance.py:1257}}
Mar 23 05:38:58.212077 np0000160288 devstack@neutron-api.service[102286]: DEBUG futurist.periodics [-] Submitting periodic callback 'neutron.plugins.ml2.drivers.ovn.mech_driver.ovsdb.maintenance.HashRingHealthCheckPeriodics.touch_hash_ring_node' {{(pid=102286) _process_scheduled /opt/stack/data/venv/lib/python3.12/site-packages/futurist/periodics.py:638}}
Mar 23 05:38:58.214378 np0000160288 devstack@neutron-api.service[102286]: DEBUG neutron.plugins.ml2.drivers.ovn.mech_driver.ovsdb.maintenance [-] Touching Hash Ring node "977493fd4ed45ce3b435914fbe688602" from periodic health check thread {{(pid=102286) touch_hash_ring_node /opt/stack/neutron/neutron/plugins/ml2/drivers/ovn/mech_driver/ovsdb/maintenance.py:1257}}
Mar 23 05:38:58.431866 np0000160288 devstack@neutron-api.service[102285]: DEBUG futurist.periodics [-] Submitting periodic callback 'neutron.plugins.ml2.drivers.ovn.mech_driver.ovsdb.maintenance.HashRingHealthCheckPeriodics.touch_hash_ring_node' {{(pid=102285) _process_scheduled /opt/stack/data/venv/lib/python3.12/site-packages/futurist/periodics.py:638}}
Mar 23 05:38:58.433362 np0000160288 devstack@neutron-api.service[102285]: DEBUG neutron.plugins.ml2.drivers.ovn.mech_driver.ovsdb.maintenance [-] Touching Hash Ring node "d3e450ba02f25d7f9684993abb03a048" from periodic health check thread {{(pid=102285) touch_hash_ring_node /opt/stack/neutron/neutron/plugins/ml2/drivers/ovn/mech_driver/ovsdb/maintenance.py:1257}}
Mar 23 05:38:58.442994 np0000160288 devstack@neutron-api.service[102287]: DEBUG futurist.periodics [-] Submitting periodic callback 'neutron.plugins.ml2.drivers.ovn.mech_driver.ovsdb.maintenance.HashRingHealthCheckPeriodics.touch_hash_ring_node' {{(pid=102287) _process_scheduled /opt/stack/data/venv/lib/python3.12/site-packages/futurist/periodics.py:638}}
Mar 23 05:38:58.444473 np0000160288 devstack@neutron-api.service[102287]: DEBUG neutron.plugins.ml2.drivers.ovn.mech_driver.ovsdb.maintenance [-] Touching Hash Ring node "403485c728495ee4a354c7a135672d20" from periodic health check thread {{(pid=102287) touch_hash_ring_node /opt/stack/neutron/neutron/plugins/ml2/drivers/ovn/mech_driver/ovsdb/maintenance.py:1257}}
Mar 23 05:39:07.468360 np0000160288 devstack@neutron-api.service[102288]: DEBUG dbcounter [-] [102288] Writing DB stats neutron:UPDATE=1,neutron:SELECT=1 {{(pid=102288) stat_writer /opt/stack/data/venv/lib/python3.12/site-packages/dbcounter.py:115}}
Mar 23 05:39:08.226194 np0000160288 devstack@neutron-api.service[102286]: DEBUG dbcounter [-] [102286] Writing DB stats neutron:UPDATE=1,neutron:SELECT=1 {{(pid=102286) stat_writer /opt/stack/data/venv/lib/python3.12/site-packages/dbcounter.py:115}}
Mar 23 05:39:08.443064 np0000160288 devstack@neutron-api.service[102285]: DEBUG dbcounter [-] [102285] Writing DB stats neutron:UPDATE=1,neutron:SELECT=1 {{(pid=102285) stat_writer /opt/stack/data/venv/lib/python3.12/site-packages/dbcounter.py:115}}
Mar 23 05:39:08.455118 np0000160288 devstack@neutron-api.service[102287]: DEBUG dbcounter [-] [102287] Writing DB stats neutron:UPDATE=1,neutron:SELECT=1 {{(pid=102287) stat_writer /opt/stack/data/venv/lib/python3.12/site-packages/dbcounter.py:115}}
Mar 23 05:39:08.650587 np0000160288 devstack@neutron-api.service[102286]: INFO neutron.pecan_wsgi.hooks.translation [None req-ebb8d6db-43bf-4682-8bf6-cee2c181bb64 admin admin] GET failed (client error): The resource could not be found.
Mar 23 05:39:08.651142 np0000160288 devstack@neutron-api.service[102286]: [pid: 102286|app: 0|req: 23/91] 199.19.213.250 () {64 vars in 1334 bytes} [Mon Mar 23 05:39:08 2026] GET /networking/v2.0/networks/admin_net => generated 111 bytes in 13 msecs (HTTP/1.1 404) 4 headers in 164 bytes (1 switches on core 0)
Mar 23 05:39:08.694377 np0000160288 devstack@neutron-api.service[102285]: [pid: 102285|app: 0|req: 23/92] 199.19.213.250 () {64 vars in 1346 bytes} [Mon Mar 23 05:39:08 2026] GET /networking/v2.0/networks?name=admin_net => generated 15 bytes in 31 msecs (HTTP/1.1 200) 4 headers in 156 bytes (1 switches on core 0)
Mar 23 05:39:08.969267 np0000160288 devstack@neutron-api.service[102287]: DEBUG neutron.api.v2.base [None req-16e6d151-2afc-4fc5-85b7-abb21ae85483 admin admin] Request body: {'network': {'admin_state_up': True, 'project_id': '754f108d6d5948529f54a2e646493a59', 'name': 'admin_net'}} {{(pid=102287) prepare_request_body /opt/stack/neutron/neutron/api/v2/base.py:729}}
Mar 23 05:39:08.984828 np0000160288 devstack@neutron-api.service[102287]: DEBUG neutron.pecan_wsgi.hooks.quota_enforcement [None req-16e6d151-2afc-4fc5-85b7-abb21ae85483 admin admin] Made reservation on behalf of 754f108d6d5948529f54a2e646493a59 for: {'network': 1} {{(pid=102287) before /opt/stack/neutron/neutron/pecan_wsgi/hooks/quota_enforcement.py:66}}
Mar 23 05:39:08.987495 np0000160288 devstack@neutron-api.service[102287]: DEBUG neutron_lib.callbacks.manager [None req-16e6d151-2afc-4fc5-85b7-abb21ae85483 admin admin] Publish callbacks ['neutron.plugins.ml2.plugin.SecurityGroupDbMixin._ensure_default_security_group_handler-3206414'] for network (None), before_create {{(pid=102287) _notify_loop /opt/stack/data/venv/lib/python3.12/site-packages/neutron_lib/callbacks/manager.py:184}}
Mar 23 05:39:08.994612 np0000160288 devstack@neutron-api.service[102287]: DEBUG neutron_lib.callbacks.manager [None req-16e6d151-2afc-4fc5-85b7-abb21ae85483 admin admin] Publish callbacks [] for security_group (None), before_create {{(pid=102287) _notify_loop /opt/stack/data/venv/lib/python3.12/site-packages/neutron_lib/callbacks/manager.py:184}}
Mar 23 05:39:09.087585 np0000160288 devstack@neutron-api.service[102287]: DEBUG neutron_lib.callbacks.manager [None req-16e6d151-2afc-4fc5-85b7-abb21ae85483 admin admin] Publish callbacks ['neutron.plugins.ml2.drivers.ovn.mech_driver.mech_driver.OVNMechanismDriver._create_security_group_precommit-197192'] for security_group (eba8e16a-6665-4d46-974c-97157587a098), precommit_create {{(pid=102287) _notify_loop /opt/stack/data/venv/lib/python3.12/site-packages/neutron_lib/callbacks/manager.py:184}}
Mar 23 05:39:09.087886 np0000160288 devstack@neutron-api.service[102287]: DEBUG neutron.db.ovn_revision_numbers_db [None req-16e6d151-2afc-4fc5-85b7-abb21ae85483 admin admin] create_initial_revision uuid=eba8e16a-6665-4d46-974c-97157587a098, type=security_groups, rev=-1 {{(pid=102287) create_initial_revision /opt/stack/neutron/neutron/db/ovn_revision_numbers_db.py:98}}
Mar 23 05:39:09.089987 np0000160288 devstack@neutron-api.service[102287]: DEBUG neutron.db.ovn_revision_numbers_db [None req-16e6d151-2afc-4fc5-85b7-abb21ae85483 admin admin] create_initial_revision uuid=0b9ff26e-9aa0-4132-b4b7-6e21d6ec639e, type=security_group_rules, rev=-1 {{(pid=102287) create_initial_revision /opt/stack/neutron/neutron/db/ovn_revision_numbers_db.py:98}}
Mar 23 05:39:09.091461 np0000160288 devstack@neutron-api.service[102287]: DEBUG neutron.db.ovn_revision_numbers_db [None req-16e6d151-2afc-4fc5-85b7-abb21ae85483 admin admin] create_initial_revision uuid=adb1fb67-9183-4b3e-bb5f-5e9270d78020, type=security_group_rules, rev=-1 {{(pid=102287) create_initial_revision /opt/stack/neutron/neutron/db/ovn_revision_numbers_db.py:98}}
Mar 23 05:39:09.092922 np0000160288 devstack@neutron-api.service[102287]: DEBUG neutron.db.ovn_revision_numbers_db [None req-16e6d151-2afc-4fc5-85b7-abb21ae85483 admin admin] create_initial_revision uuid=ae5d8d2e-50f3-41be-8bf3-0eb006fe145a, type=security_group_rules, rev=-1 {{(pid=102287) create_initial_revision /opt/stack/neutron/neutron/db/ovn_revision_numbers_db.py:98}}
Mar 23 05:39:09.094103 np0000160288 devstack@neutron-api.service[102287]: DEBUG neutron.db.ovn_revision_numbers_db [None req-16e6d151-2afc-4fc5-85b7-abb21ae85483 admin admin] create_initial_revision uuid=cea8ce61-44ce-4763-9f2c-6c914ed199a0, type=security_group_rules, rev=-1 {{(pid=102287) create_initial_revision /opt/stack/neutron/neutron/db/ovn_revision_numbers_db.py:98}}
Mar 23 05:39:09.101605 np0000160288 devstack@neutron-api.service[102287]: DEBUG neutron_lib.callbacks.manager [None req-16e6d151-2afc-4fc5-85b7-abb21ae85483 admin admin] Publish callbacks ['neutron.plugins.ml2.drivers.ovn.mech_driver.mech_driver.OVNMechanismDriver._create_security_group-197170', 'neutron.plugins.ml2.ovo_rpc._ObjectChangeHandler.handle_event-1149905'] for security_group (eba8e16a-6665-4d46-974c-97157587a098), after_create {{(pid=102287) _notify_loop /opt/stack/data/venv/lib/python3.12/site-packages/neutron_lib/callbacks/manager.py:184}}
Mar 23 05:39:09.102899 np0000160288 devstack@neutron-api.service[102287]: DEBUG ovsdbapp.backend.ovs_idl.transaction [None req-30a46fd4-c972-49c7-beae-f61c536230cc None None] Running txn n=1 command(idx=0): PgAddCommand(_result=None, name=pg_eba8e16a_6665_4d46_974c_97157587a098, may_exist=False, columns={'acls': [], 'external_ids': {'neutron:security_group_id': 'eba8e16a-6665-4d46-974c-97157587a098'}}) {{(pid=102287) do_commit /opt/stack/data/venv/lib/python3.12/site-packages/ovsdbapp/backend/ovs_idl/transaction.py:89}}
Mar 23 05:39:09.103705 np0000160288 devstack@neutron-api.service[102287]: DEBUG ovsdbapp.backend.ovs_idl.transaction [None req-30a46fd4-c972-49c7-beae-f61c536230cc None None] Running txn n=1 command(idx=1): PgAclAddCommand(_result=None, entity=pg_eba8e16a_6665_4d46_974c_97157587a098, direction=to-lport, priority=1002, match=outport == @pg_eba8e16a_6665_4d46_974c_97157587a098 && ip4 && ip4.src == $pg_eba8e16a_6665_4d46_974c_97157587a098_ip4, action=allow-related, log=False, may_exist=True, severity=[], name=[], meter=[], external_ids={'neutron:security_group_rule_id': '0b9ff26e-9aa0-4132-b4b7-6e21d6ec639e'}) {{(pid=102287) do_commit /opt/stack/data/venv/lib/python3.12/site-packages/ovsdbapp/backend/ovs_idl/transaction.py:89}}
Mar 23 05:39:09.104338 np0000160288 devstack@neutron-api.service[102287]: DEBUG ovsdbapp.backend.ovs_idl.transaction [None req-30a46fd4-c972-49c7-beae-f61c536230cc None None] Running txn n=1 command(idx=2): PgAclAddCommand(_result=None, entity=pg_eba8e16a_6665_4d46_974c_97157587a098, direction=to-lport, priority=1002, match=outport == @pg_eba8e16a_6665_4d46_974c_97157587a098 && ip6 && ip6.src == $pg_eba8e16a_6665_4d46_974c_97157587a098_ip6, action=allow-related, log=False, may_exist=True, severity=[], name=[], meter=[], external_ids={'neutron:security_group_rule_id': 'adb1fb67-9183-4b3e-bb5f-5e9270d78020'}) {{(pid=102287) do_commit /opt/stack/data/venv/lib/python3.12/site-packages/ovsdbapp/backend/ovs_idl/transaction.py:89}}
Mar 23 05:39:09.104713 np0000160288 devstack@neutron-api.service[102287]: DEBUG ovsdbapp.backend.ovs_idl.transaction [None req-30a46fd4-c972-49c7-beae-f61c536230cc None None] Running txn n=1 command(idx=3): PgAclAddCommand(_result=None, entity=pg_eba8e16a_6665_4d46_974c_97157587a098, direction=from-lport, priority=1002, match=inport == @pg_eba8e16a_6665_4d46_974c_97157587a098 && ip6, action=allow-related, log=False, may_exist=True, severity=[], name=[], meter=[], external_ids={'neutron:security_group_rule_id': 'ae5d8d2e-50f3-41be-8bf3-0eb006fe145a'}) {{(pid=102287) do_commit /opt/stack/data/venv/lib/python3.12/site-packages/ovsdbapp/backend/ovs_idl/transaction.py:89}}
Mar 23 05:39:09.105055 np0000160288 devstack@neutron-api.service[102287]: DEBUG ovsdbapp.backend.ovs_idl.transaction [None req-30a46fd4-c972-49c7-beae-f61c536230cc None None] Running txn n=1 command(idx=4): PgAclAddCommand(_result=None, entity=pg_eba8e16a_6665_4d46_974c_97157587a098, direction=from-lport, priority=1002, match=inport == @pg_eba8e16a_6665_4d46_974c_97157587a098 && ip4, action=allow-related, log=False, may_exist=True, severity=[], name=[], meter=[], external_ids={'neutron:security_group_rule_id': 'cea8ce61-44ce-4763-9f2c-6c914ed199a0'}) {{(pid=102287) do_commit /opt/stack/data/venv/lib/python3.12/site-packages/ovsdbapp/backend/ovs_idl/transaction.py:89}}
Mar 23 05:39:09.116472 np0000160288 devstack@neutron-api.service[102287]: DEBUG neutron.common.ovn.hash_ring_manager [None req-30a46fd4-c972-49c7-beae-f61c536230cc None None] Hash Ring loaded. 4 active nodes. 0 offline nodes {{(pid=102287) _load_hash_ring /opt/stack/neutron/neutron/common/ovn/hash_ring_manager.py:102}}
Mar 23 05:39:09.116714 np0000160288 devstack@neutron-api.service[102287]: DEBUG neutron.plugins.ml2.drivers.ovn.mech_driver.ovsdb.ovsdb_monitor [None req-30a46fd4-c972-49c7-beae-f61c536230cc None None] Hash Ring: Node 403485c728495ee4a354c7a135672d20 (host: np0000160288) handling event "create" for row 5e828dfe-9012-4dd9-aadc-c5a87b5155df (table: ACL) {{(pid=102287) notify /opt/stack/neutron/neutron/plugins/ml2/drivers/ovn/mech_driver/ovsdb/ovsdb_monitor.py:906}}
Mar 23 05:39:09.121712 np0000160288 devstack@neutron-api.service[102286]: DEBUG neutron.common.ovn.hash_ring_manager [None req-7196dd7c-583b-4c65-853e-6cd3ec611a12 None None] Hash Ring loaded. 4 active nodes. 0 offline nodes {{(pid=102286) _load_hash_ring /opt/stack/neutron/neutron/common/ovn/hash_ring_manager.py:102}}
Mar 23 05:39:09.121834 np0000160288 devstack@neutron-api.service[102288]: DEBUG neutron.common.ovn.hash_ring_manager [None req-e3bbc01a-eaeb-4b27-ac95-598943755e31 None None] Hash Ring loaded. 4 active nodes. 0 offline nodes {{(pid=102288) _load_hash_ring /opt/stack/neutron/neutron/common/ovn/hash_ring_manager.py:102}}
Mar 23 05:39:09.122262 np0000160288 devstack@neutron-api.service[102288]: DEBUG neutron.plugins.ml2.drivers.ovn.mech_driver.ovsdb.ovsdb_monitor [None req-e3bbc01a-eaeb-4b27-ac95-598943755e31 None None] Hash Ring: Node 2ec8371bb5415cb690147b32d4a775be (host: np0000160288) handling event "create" for row 0252b27a-2d2a-4fc3-89c1-f5fd70ce544a (table: ACL) {{(pid=102288) notify /opt/stack/neutron/neutron/plugins/ml2/drivers/ovn/mech_driver/ovsdb/ovsdb_monitor.py:906}}
Mar 23 05:39:09.122262 np0000160288 devstack@neutron-api.service[102288]: DEBUG neutron.plugins.ml2.drivers.ovn.mech_driver.ovsdb.ovsdb_monitor [None req-e3bbc01a-eaeb-4b27-ac95-598943755e31 None None] Hash Ring: Node 2ec8371bb5415cb690147b32d4a775be (host: np0000160288) handling event "create" for row 6e95911e-3bf8-4bf9-9108-fb63f7cf5434 (table: ACL) {{(pid=102288) notify /opt/stack/neutron/neutron/plugins/ml2/drivers/ovn/mech_driver/ovsdb/ovsdb_monitor.py:906}}
Mar 23 05:39:09.122639 np0000160288 devstack@neutron-api.service[102288]: DEBUG neutron.plugins.ml2.drivers.ovn.mech_driver.ovsdb.ovsdb_monitor [None req-e3bbc01a-eaeb-4b27-ac95-598943755e31 None None] Hash Ring: Node 2ec8371bb5415cb690147b32d4a775be (host: np0000160288) handling event "create" for row 21f99e4d-5b4b-4429-8ea2-adc660f0f12d (table: Port_Group) {{(pid=102288) notify /opt/stack/neutron/neutron/plugins/ml2/drivers/ovn/mech_driver/ovsdb/ovsdb_monitor.py:906}}
Mar 23 05:39:09.123107 np0000160288 devstack@neutron-api.service[102285]: DEBUG neutron.common.ovn.hash_ring_manager [None req-2ee56b9c-4a9d-46aa-9cb9-db54fd94c878 None None] Hash Ring loaded. 4 active nodes. 0 offline nodes {{(pid=102285) _load_hash_ring /opt/stack/neutron/neutron/common/ovn/hash_ring_manager.py:102}}
Mar 23 05:39:09.123516 np0000160288 devstack@neutron-api.service[102285]: DEBUG neutron.plugins.ml2.drivers.ovn.mech_driver.ovsdb.ovsdb_monitor [None req-2ee56b9c-4a9d-46aa-9cb9-db54fd94c878 None None] Hash Ring: Node d3e450ba02f25d7f9684993abb03a048 (host: np0000160288) handling event "create" for row e8f84d6e-23d1-4607-a2ab-afaa06da1b82 (table: ACL) {{(pid=102285) notify /opt/stack/neutron/neutron/plugins/ml2/drivers/ovn/mech_driver/ovsdb/ovsdb_monitor.py:906}}
Mar 23 05:39:09.139078 np0000160288 devstack@neutron-api.service[102287]: INFO neutron.db.ovn_revision_numbers_db [None req-16e6d151-2afc-4fc5-85b7-abb21ae85483 admin admin] Successfully bumped revision number for resource eba8e16a-6665-4d46-974c-97157587a098 (type: security_groups) to 1
Mar 23 05:39:09.155746 np0000160288 devstack@neutron-api.service[102287]: INFO neutron.db.ovn_revision_numbers_db [None req-16e6d151-2afc-4fc5-85b7-abb21ae85483 admin admin] Successfully bumped revision number for resource 0b9ff26e-9aa0-4132-b4b7-6e21d6ec639e (type: security_group_rules) to 0
Mar 23 05:39:09.172422 np0000160288 devstack@neutron-api.service[102287]: INFO neutron.db.ovn_revision_numbers_db [None req-16e6d151-2afc-4fc5-85b7-abb21ae85483 admin admin] Successfully bumped revision number for resource adb1fb67-9183-4b3e-bb5f-5e9270d78020 (type: security_group_rules) to 0
Mar 23 05:39:09.188271 np0000160288 devstack@neutron-api.service[102287]: INFO neutron.db.ovn_revision_numbers_db [None req-16e6d151-2afc-4fc5-85b7-abb21ae85483 admin admin] Successfully bumped revision number for resource ae5d8d2e-50f3-41be-8bf3-0eb006fe145a (type: security_group_rules) to 0
Mar 23 05:39:09.204577 np0000160288 devstack@neutron-api.service[102287]: INFO neutron.db.ovn_revision_numbers_db [None req-16e6d151-2afc-4fc5-85b7-abb21ae85483 admin admin] Successfully bumped revision number for resource cea8ce61-44ce-4763-9f2c-6c914ed199a0 (type: security_group_rules) to 0
Mar 23 05:39:09.237558 np0000160288 devstack@neutron-api.service[102287]: DEBUG neutron.api.rpc.handlers.resources_rpc [None req-16e6d151-2afc-4fc5-85b7-abb21ae85483 admin admin] Pushing event updated for resources: {'SecurityGroup': ['ID=eba8e16a-6665-4d46-974c-97157587a098,revision_number=1']} {{(pid=102287) push /opt/stack/neutron/neutron/api/rpc/handlers/resources_rpc.py:237}}
Mar 23 05:39:09.243809 np0000160288 devstack@neutron-api.service[102287]: DEBUG ovsdbapp.backend.ovs_idl.transaction [None req-30a46fd4-c972-49c7-beae-f61c536230cc None None] Running txn n=1 command(idx=0): CheckLivenessCommand(_result=None) {{(pid=102287) do_commit /opt/stack/data/venv/lib/python3.12/site-packages/ovsdbapp/backend/ovs_idl/transaction.py:89}}
Mar 23 05:39:09.248068 np0000160288 devstack@neutron-api.service[102288]: DEBUG neutron.plugins.ml2.drivers.ovn.mech_driver.ovsdb.ovsdb_monitor [None req-e3bbc01a-eaeb-4b27-ac95-598943755e31 None None] Hash Ring: Node 2ec8371bb5415cb690147b32d4a775be (host: np0000160288) handling event "update" for row ae0cc31a-b312-443d-9e3a-6e360216df89 (table: NB_Global) {{(pid=102288) notify /opt/stack/neutron/neutron/plugins/ml2/drivers/ovn/mech_driver/ovsdb/ovsdb_monitor.py:906}}
Mar 23 05:39:09.248277 np0000160288 devstack@neutron-api.service[102287]: DEBUG neutron.api.rpc.callbacks.version_manager [None req-16e6d151-2afc-4fc5-85b7-abb21ae85483 admin admin] Tracked resource versions report:
Mar 23 05:39:09.248277 np0000160288 devstack@neutron-api.service[102287]: pushed versions:
Mar 23 05:39:09.248277 np0000160288 devstack@neutron-api.service[102287]: { 'AddressGroup': {'1.2'},
Mar 23 05:39:09.248277 np0000160288 devstack@neutron-api.service[102287]: 'Agent': {'1.1'},
Mar 23 05:39:09.248277 np0000160288 devstack@neutron-api.service[102287]: 'ConntrackHelper': {'1.0'},
Mar 23 05:39:09.248277 np0000160288 devstack@neutron-api.service[102287]: 'LocalIPAssociation': {'1.0'},
Mar 23 05:39:09.248277 np0000160288 devstack@neutron-api.service[102287]: 'Log': {'1.0'},
Mar 23 05:39:09.248277 np0000160288 devstack@neutron-api.service[102287]: 'NDPProxy': {'1.0'},
Mar 23 05:39:09.248277 np0000160288 devstack@neutron-api.service[102287]: 'Network': {'1.2'},
Mar 23 05:39:09.248277 np0000160288 devstack@neutron-api.service[102287]: 'Port': {'1.10'},
Mar 23 05:39:09.248277 np0000160288 devstack@neutron-api.service[102287]: 'PortForwarding': {'1.3'},
Mar 23 05:39:09.248277 np0000160288 devstack@neutron-api.service[102287]: 'QosPolicy': {'1.10'},
Mar 23 05:39:09.248277 np0000160288 devstack@neutron-api.service[102287]: 'SecurityGroup': {'1.6'},
Mar 23 05:39:09.248277 np0000160288 devstack@neutron-api.service[102287]: 'SecurityGroupRule': {'1.3'},
Mar 23 05:39:09.248277 np0000160288 devstack@neutron-api.service[102287]: 'SubPort': {'1.0'},
Mar 23 05:39:09.248277 np0000160288 devstack@neutron-api.service[102287]: 'Subnet': {'1.2'},
Mar 23 05:39:09.248277 np0000160288 devstack@neutron-api.service[102287]: 'Trunk': {'1.1'}}
Mar 23 05:39:09.248277 np0000160288 devstack@neutron-api.service[102287]: consumer versions:
Mar 23 05:39:09.248277 np0000160288 devstack@neutron-api.service[102287]: { OVN Neutron agent@np0000160288: {},
Mar 23 05:39:09.248277 np0000160288 devstack@neutron-api.service[102287]: OVN Controller Gateway agent@np0000160288: {}}
Mar 23 05:39:09.248277 np0000160288 devstack@neutron-api.service[102287]: {{(pid=102287) report /opt/stack/neutron/neutron/api/rpc/callbacks/version_manager.py:183}}
Mar 23 05:39:09.249228 np0000160288 devstack@neutron-api.service[102288]: DEBUG neutron.plugins.ml2.drivers.ovn.mech_driver.ovsdb.ovsdb_monitor [None req-e3bbc01a-eaeb-4b27-ac95-598943755e31 None None] Hash Ring: Node 2ec8371bb5415cb690147b32d4a775be (host: np0000160288) handling event "update" for row ae0cc31a-b312-443d-9e3a-6e360216df89 (table: NB_Global) {{(pid=102288) notify /opt/stack/neutron/neutron/plugins/ml2/drivers/ovn/mech_driver/ovsdb/ovsdb_monitor.py:906}}
Mar 23 05:39:09.250294 np0000160288 devstack@neutron-api.service[102288]: DEBUG neutron.plugins.ml2.drivers.ovn.mech_driver.ovsdb.ovsdb_monitor [None req-e3bbc01a-eaeb-4b27-ac95-598943755e31 None None] Hash Ring: Node 2ec8371bb5415cb690147b32d4a775be (host: np0000160288) handling event "update" for row ae0cc31a-b312-443d-9e3a-6e360216df89 (table: NB_Global) {{(pid=102288) notify /opt/stack/neutron/neutron/plugins/ml2/drivers/ovn/mech_driver/ovsdb/ovsdb_monitor.py:906}}
Mar 23 05:39:09.252413 np0000160288 devstack@neutron-api.service[102285]: DEBUG neutron.plugins.ml2.drivers.ovn.mech_driver.ovsdb.ovsdb_monitor [None req-dcbe69ec-24e8-47bd-993d-4e55fccb4254 None None] ChassisAgentWriteEvent : Matched Chassis_Private, update, None None {{(pid=102285) matches /opt/stack/neutron/neutron/plugins/ml2/drivers/ovn/mech_driver/ovsdb/ovsdb_monitor.py:64}}
Mar 23 05:39:09.252760 np0000160288 devstack@neutron-api.service[102288]: DEBUG neutron.plugins.ml2.drivers.ovn.mech_driver.ovsdb.ovsdb_monitor [None req-90eaec64-8c25-458c-9937-b83ac0d3ddd0 None None] ChassisAgentWriteEvent : Matched Chassis_Private, update, None None {{(pid=102288) matches /opt/stack/neutron/neutron/plugins/ml2/drivers/ovn/mech_driver/ovsdb/ovsdb_monitor.py:64}}
Mar 23 05:39:09.253072 np0000160288 devstack@neutron-api.service[102286]: DEBUG neutron.plugins.ml2.drivers.ovn.mech_driver.ovsdb.ovsdb_monitor [None req-7e6cbb17-ec9d-4172-af5d-b2c2dcb521fd None None] ChassisAgentWriteEvent : Matched Chassis_Private, update, None None {{(pid=102286) matches /opt/stack/neutron/neutron/plugins/ml2/drivers/ovn/mech_driver/ovsdb/ovsdb_monitor.py:64}}
Mar 23 05:39:09.254221 np0000160288 devstack@neutron-api.service[102287]: DEBUG neutron.plugins.ml2.drivers.ovn.mech_driver.ovsdb.ovsdb_monitor [None req-adf86f07-8cf4-46ab-9b6a-c9a6a174c594 None None] ChassisAgentWriteEvent : Matched Chassis_Private, update, None None {{(pid=102287) matches /opt/stack/neutron/neutron/plugins/ml2/drivers/ovn/mech_driver/ovsdb/ovsdb_monitor.py:64}}
Mar 23 05:39:09.257781 np0000160288 devstack@neutron-api.service[102288]: DEBUG neutron.plugins.ml2.drivers.ovn.mech_driver.ovsdb.ovsdb_monitor [None req-e3bbc01a-eaeb-4b27-ac95-598943755e31 None None] Hash Ring: Node 2ec8371bb5415cb690147b32d4a775be (host: np0000160288) handling event "update" for row ae0cc31a-b312-443d-9e3a-6e360216df89 (table: NB_Global) {{(pid=102288) notify /opt/stack/neutron/neutron/plugins/ml2/drivers/ovn/mech_driver/ovsdb/ovsdb_monitor.py:906}}
Mar 23 05:39:09.262192 np0000160288 devstack@neutron-api.service[102286]: DEBUG neutron.common.ovn.hash_ring_manager [None req-7e6cbb17-ec9d-4172-af5d-b2c2dcb521fd None None] Hash Ring loaded. 4 active nodes. 0 offline nodes {{(pid=102286) _load_hash_ring /opt/stack/neutron/neutron/common/ovn/hash_ring_manager.py:102}}
Mar 23 05:39:09.262394 np0000160288 devstack@neutron-api.service[102286]: DEBUG neutron.plugins.ml2.drivers.ovn.mech_driver.ovsdb.ovsdb_monitor [None req-7e6cbb17-ec9d-4172-af5d-b2c2dcb521fd None None] Hash Ring: Node 977493fd4ed45ce3b435914fbe688602 (host: np0000160288) handling event "update" for row 9b56aff7-e3d9-4188-a445-faba73c231e6 (table: Chassis_Private) {{(pid=102286) notify /opt/stack/neutron/neutron/plugins/ml2/drivers/ovn/mech_driver/ovsdb/ovsdb_monitor.py:906}}
Mar 23 05:39:09.262574 np0000160288 devstack@neutron-api.service[102288]: DEBUG neutron.common.ovn.hash_ring_manager [None req-90eaec64-8c25-458c-9937-b83ac0d3ddd0 None None] Hash Ring loaded. 4 active nodes. 0 offline nodes {{(pid=102288) _load_hash_ring /opt/stack/neutron/neutron/common/ovn/hash_ring_manager.py:102}}
Mar 23 05:39:09.263656 np0000160288 devstack@neutron-api.service[102285]: DEBUG neutron.common.ovn.hash_ring_manager [None req-dcbe69ec-24e8-47bd-993d-4e55fccb4254 None None] Hash Ring loaded. 4 active nodes. 0 offline nodes {{(pid=102285) _load_hash_ring /opt/stack/neutron/neutron/common/ovn/hash_ring_manager.py:102}}
Mar 23 05:39:09.271846 np0000160288 devstack@neutron-api.service[102287]: DEBUG neutron.common.ovn.hash_ring_manager [None req-adf86f07-8cf4-46ab-9b6a-c9a6a174c594 None None] Hash Ring loaded. 4 active nodes. 0 offline nodes {{(pid=102287) _load_hash_ring /opt/stack/neutron/neutron/common/ovn/hash_ring_manager.py:102}}
Mar 23 05:39:09.305413 np0000160288 devstack@neutron-api.service[102287]: DEBUG neutron.plugins.ml2.drivers.helpers [None req-16e6d151-2afc-4fc5-85b7-abb21ae85483 admin admin] geneve segment allocate from pool success with {'geneve_vni': 42547} {{(pid=102287) allocate_partially_specified_segment /opt/stack/neutron/neutron/plugins/ml2/drivers/helpers.py:142}}
Mar 23 05:39:09.316837 np0000160288 devstack@neutron-api.service[102287]: DEBUG neutron_lib.callbacks.manager [None req-16e6d151-2afc-4fc5-85b7-abb21ae85483 admin admin] Publish callbacks ['neutron.services.segments.db._add_segment_host_mapping_for_segment-8602749656518', 'neutron.plugins.ml2.plugin.Ml2Plugin._handle_segment_change-3471130'] for segment (8e1e59a4-3632-43b2-a380-2c89029fd3d1), precommit_create {{(pid=102287) _notify_loop /opt/stack/data/venv/lib/python3.12/site-packages/neutron_lib/callbacks/manager.py:184}}
Mar 23 05:39:09.317083 np0000160288 devstack@neutron-api.service[102287]: INFO neutron.db.segments_db [None req-16e6d151-2afc-4fc5-85b7-abb21ae85483 admin admin] Added segment 8e1e59a4-3632-43b2-a380-2c89029fd3d1 of type geneve for network bc86dc9f-e606-40aa-b2b9-a4478940d9ab
Mar 23 05:39:09.331973 np0000160288 devstack@neutron-api.service[102287]: DEBUG neutron_lib.callbacks.manager [None req-16e6d151-2afc-4fc5-85b7-abb21ae85483 admin admin] Publish callbacks ['neutron.services.auto_allocate.db._ensure_external_network_default_value_callback-8602748479048'] for network (bc86dc9f-e606-40aa-b2b9-a4478940d9ab), precommit_create {{(pid=102287) _notify_loop /opt/stack/data/venv/lib/python3.12/site-packages/neutron_lib/callbacks/manager.py:184}}
Mar 23 05:39:09.346747 np0000160288 devstack@neutron-api.service[102287]: DEBUG neutron.plugins.ml2.drivers.ovn.mech_driver.mech_driver [None req-16e6d151-2afc-4fc5-85b7-abb21ae85483 admin admin] Validating network segment with type geneve, segmentation ID 42547, physical network None {{(pid=102287) _validate_network_segments /opt/stack/neutron/neutron/plugins/ml2/drivers/ovn/mech_driver/mech_driver.py:630}}
Mar 23 05:39:09.346970 np0000160288 devstack@neutron-api.service[102287]: DEBUG neutron.db.ovn_revision_numbers_db [None req-16e6d151-2afc-4fc5-85b7-abb21ae85483 admin admin] create_initial_revision uuid=bc86dc9f-e606-40aa-b2b9-a4478940d9ab, type=networks, rev=-1 {{(pid=102287) create_initial_revision /opt/stack/neutron/neutron/db/ovn_revision_numbers_db.py:98}}
Mar 23 05:39:09.359792 np0000160288 devstack@neutron-api.service[102287]: DEBUG neutron_lib.callbacks.manager [None req-16e6d151-2afc-4fc5-85b7-abb21ae85483 admin admin] Publish callbacks ['neutron.plugins.ml2.ovo_rpc._ObjectChangeHandler.handle_event-1149621'] for network (bc86dc9f-e606-40aa-b2b9-a4478940d9ab), after_create {{(pid=102287) _notify_loop /opt/stack/data/venv/lib/python3.12/site-packages/neutron_lib/callbacks/manager.py:184}}
Mar 23 05:39:09.380016 np0000160288 devstack@neutron-api.service[102287]: DEBUG neutron.api.rpc.handlers.resources_rpc [None req-16e6d151-2afc-4fc5-85b7-abb21ae85483 admin admin] Pushing event updated for resources: {'Network': ['ID=bc86dc9f-e606-40aa-b2b9-a4478940d9ab,revision_number=1']} {{(pid=102287) push /opt/stack/neutron/neutron/api/rpc/handlers/resources_rpc.py:237}}
Mar 23 05:39:09.388582 np0000160288 devstack@neutron-api.service[102287]: DEBUG ovsdbapp.backend.ovs_idl.transaction [None req-30a46fd4-c972-49c7-beae-f61c536230cc None None] Running txn n=1 command(idx=0): AddNetworkCommand(_result=None, network_uuid=bc86dc9f-e606-40aa-b2b9-a4478940d9ab, may_exist=True, columns={'external_ids': {'neutron:network_name': 'admin_net', 'neutron:mtu': '1372', 'neutron:revision_number': '1', 'neutron:availability_zone_hints': '', 'neutron:provnet-network-type': 'geneve'}, 'other_config': {'mcast_snoop': 'false', 'mcast_flood_unregistered': 'false', 'vlan-passthru': 'false'}}) {{(pid=102287) do_commit /opt/stack/data/venv/lib/python3.12/site-packages/ovsdbapp/backend/ovs_idl/transaction.py:89}}
Mar 23 05:39:09.394011 np0000160288 devstack@neutron-api.service[102286]: DEBUG neutron.plugins.ml2.drivers.ovn.mech_driver.ovsdb.ovsdb_monitor [None req-7196dd7c-583b-4c65-853e-6cd3ec611a12 None None] Hash Ring: Node 977493fd4ed45ce3b435914fbe688602 (host: np0000160288) handling event "create" for row bc86dc9f-e606-40aa-b2b9-a4478940d9ab (table: Logical_Switch) {{(pid=102286) notify /opt/stack/neutron/neutron/plugins/ml2/drivers/ovn/mech_driver/ovsdb/ovsdb_monitor.py:906}}
Mar 23 05:39:09.399699 np0000160288 devstack@neutron-api.service[102285]: DEBUG neutron.plugins.ml2.drivers.ovn.mech_driver.ovsdb.ovsdb_monitor [None req-dcbe69ec-24e8-47bd-993d-4e55fccb4254 None None] Hash Ring: Node d3e450ba02f25d7f9684993abb03a048 (host: np0000160288) handling event "create" for row 561798dd-7d1e-4857-9e3c-1cbe5fc97f7c (table: Datapath_Binding) {{(pid=102285) notify /opt/stack/neutron/neutron/plugins/ml2/drivers/ovn/mech_driver/ovsdb/ovsdb_monitor.py:906}}
Mar 23 05:39:09.422841 np0000160288 devstack@neutron-api.service[102287]: INFO neutron.db.ovn_revision_numbers_db [None req-16e6d151-2afc-4fc5-85b7-abb21ae85483 admin admin] Successfully bumped revision number for resource bc86dc9f-e606-40aa-b2b9-a4478940d9ab (type: networks) to 1
Mar 23 05:39:09.438795 np0000160288 devstack@neutron-api.service[102287]: DEBUG neutron_lib.callbacks.manager [None req-16e6d151-2afc-4fc5-85b7-abb21ae85483 admin admin] Publish callbacks ['neutron.plugins.ml2.plugin.SecurityGroupDbMixin._ensure_default_security_group_handler-3206414'] for port (None), before_create {{(pid=102287) _notify_loop /opt/stack/data/venv/lib/python3.12/site-packages/neutron_lib/callbacks/manager.py:184}}
Mar 23 05:39:09.512225 np0000160288 devstack@neutron-api.service[102287]: DEBUG neutron_lib.callbacks.manager [None req-16e6d151-2afc-4fc5-85b7-abb21ae85483 admin admin] Publish callbacks ['neutron.plugins.ml2.drivers.ovn.mech_driver.mech_driver.OVNMechanismDriver._validate_allowed_address_pairs-197568'] for allowed_address_pair (072b552f-8c47-4b5f-9068-12bdb2467b39), before_create {{(pid=102287) _notify_loop /opt/stack/data/venv/lib/python3.12/site-packages/neutron_lib/callbacks/manager.py:184}}
Mar 23 05:39:09.513279 np0000160288 devstack@neutron-api.service[102287]: DEBUG neutron_lib.callbacks.manager [None req-16e6d151-2afc-4fc5-85b7-abb21ae85483 admin admin] Publish callbacks [] for port (072b552f-8c47-4b5f-9068-12bdb2467b39), precommit_create {{(pid=102287) _notify_loop /opt/stack/data/venv/lib/python3.12/site-packages/neutron_lib/callbacks/manager.py:184}}
Mar 23 05:39:09.513279 np0000160288 devstack@neutron-api.service[102287]: DEBUG neutron.plugins.ml2.drivers.ovn.mech_driver.mech_driver [None req-16e6d151-2afc-4fc5-85b7-abb21ae85483 admin admin] No provisioning block for port 072b552f-8c47-4b5f-9068-12bdb2467b39 since it does not have a host {{(pid=102287) _is_port_provisioning_required /opt/stack/neutron/neutron/plugins/ml2/drivers/ovn/mech_driver/mech_driver.py:883}}
Mar 23 05:39:09.513690 np0000160288 devstack@neutron-api.service[102287]: DEBUG neutron.db.ovn_revision_numbers_db [None req-16e6d151-2afc-4fc5-85b7-abb21ae85483 admin admin] create_initial_revision uuid=072b552f-8c47-4b5f-9068-12bdb2467b39, type=ports, rev=-1 {{(pid=102287) create_initial_revision /opt/stack/neutron/neutron/db/ovn_revision_numbers_db.py:98}}
Mar 23 05:39:09.553467 np0000160288 devstack@neutron-api.service[102287]: DEBUG neutron_lib.callbacks.manager [None req-16e6d151-2afc-4fc5-85b7-abb21ae85483 admin admin] Publish callbacks ['neutron.plugins.ml2.ovo_rpc._ObjectChangeHandler.handle_event-1149472'] for port (072b552f-8c47-4b5f-9068-12bdb2467b39), after_create {{(pid=102287) _notify_loop /opt/stack/data/venv/lib/python3.12/site-packages/neutron_lib/callbacks/manager.py:184}}
Mar 23 05:39:09.592273 np0000160288 devstack@neutron-api.service[102287]: DEBUG neutron.api.rpc.handlers.resources_rpc [None req-16e6d151-2afc-4fc5-85b7-abb21ae85483 admin admin] Pushing event updated for resources: {'Port': ['ID=072b552f-8c47-4b5f-9068-12bdb2467b39,revision_number=1']} {{(pid=102287) push /opt/stack/neutron/neutron/api/rpc/handlers/resources_rpc.py:237}}
Mar 23 05:39:09.599739 np0000160288 devstack@neutron-api.service[102287]: DEBUG ovsdbapp.backend.ovs_idl.transaction [None req-30a46fd4-c972-49c7-beae-f61c536230cc None None] Running txn n=1 command(idx=0): AddLSwitchPortCommand(_result=None, lport=072b552f-8c47-4b5f-9068-12bdb2467b39, lswitch=neutron-bc86dc9f-e606-40aa-b2b9-a4478940d9ab, may_exist=True, network_uuid=bc86dc9f-e606-40aa-b2b9-a4478940d9ab, columns={'addresses': ['fa:16:3e:4d:e2:77'], 'external_ids': {'neutron:port_name': '', 'neutron:device_id': 'ovnmeta-bc86dc9f-e606-40aa-b2b9-a4478940d9ab', 'neutron:project_id': '754f108d6d5948529f54a2e646493a59', 'neutron:cidrs': '', 'neutron:device_owner': 'network:distributed', 'neutron:subnet_pool_addr_scope4': '', 'neutron:subnet_pool_addr_scope6': '', 'neutron:network_name': 'neutron-bc86dc9f-e606-40aa-b2b9-a4478940d9ab', 'neutron:security_group_ids': '', 'neutron:revision_number': '1', 'neutron:vnic_type': 'normal', 'neutron:port_capabilities': '', 'neutron:mtu': ''}, 'parent_name': [], 'tag': [], 'enabled': True, 'options': {}, 'type': 'localport', 'port_security': [], 'dhcpv4_options': [], 'dhcpv6_options': []}) {{(pid=102287) do_commit /opt/stack/data/venv/lib/python3.12/site-packages/ovsdbapp/backend/ovs_idl/transaction.py:89}}
Mar 23 05:39:09.601052 np0000160288 devstack@neutron-api.service[102287]: DEBUG ovsdbapp.backend.ovs_idl.transaction [None req-30a46fd4-c972-49c7-beae-f61c536230cc None None] Running txn n=1 command(idx=1): QoSDelCommand(_result=None, switch=neutron-bc86dc9f-e606-40aa-b2b9-a4478940d9ab, conditions=[('direction', '=', 'to-lport'), ('priority', '=', 2002), ('match', '=', 'outport == "072b552f-8c47-4b5f-9068-12bdb2467b39"')], if_exists=True) {{(pid=102287) do_commit /opt/stack/data/venv/lib/python3.12/site-packages/ovsdbapp/backend/ovs_idl/transaction.py:89}}
Mar 23 05:39:09.601470 np0000160288 devstack@neutron-api.service[102287]: DEBUG ovsdbapp.backend.ovs_idl.transaction [None req-30a46fd4-c972-49c7-beae-f61c536230cc None None] Running txn n=1 command(idx=2): QoSDelCommand(_result=None, switch=neutron-bc86dc9f-e606-40aa-b2b9-a4478940d9ab, conditions=[('direction', '=', 'from-lport'), ('priority', '=', 2002), ('match', '=', 'inport == "072b552f-8c47-4b5f-9068-12bdb2467b39"')], if_exists=True) {{(pid=102287) do_commit /opt/stack/data/venv/lib/python3.12/site-packages/ovsdbapp/backend/ovs_idl/transaction.py:89}}
Mar 23 05:39:09.607938 np0000160288 devstack@neutron-api.service[102286]: DEBUG neutron.plugins.ml2.drivers.ovn.mech_driver.ovsdb.ovsdb_monitor [None req-7196dd7c-583b-4c65-853e-6cd3ec611a12 None None] Hash Ring: Node 977493fd4ed45ce3b435914fbe688602 (host: np0000160288) handling event "update" for row bc86dc9f-e606-40aa-b2b9-a4478940d9ab (table: Logical_Switch) {{(pid=102286) notify /opt/stack/neutron/neutron/plugins/ml2/drivers/ovn/mech_driver/ovsdb/ovsdb_monitor.py:906}}
Mar 23 05:39:09.609934 np0000160288 devstack@neutron-api.service[102285]: DEBUG neutron.plugins.ml2.drivers.ovn.mech_driver.ovsdb.ovsdb_monitor [None req-2ee56b9c-4a9d-46aa-9cb9-db54fd94c878 None None] Hash Ring: Node d3e450ba02f25d7f9684993abb03a048 (host: np0000160288) handling event "create" for row 34d10ba6-412c-4848-bdac-4c6ff5f154dd (table: Logical_Switch_Port) {{(pid=102285) notify /opt/stack/neutron/neutron/plugins/ml2/drivers/ovn/mech_driver/ovsdb/ovsdb_monitor.py:906}}
Mar 23 05:39:09.611802 np0000160288 devstack@neutron-api.service[102285]: DEBUG ovsdbapp.backend.ovs_idl.event [None req-2ee56b9c-4a9d-46aa-9cb9-db54fd94c878 None None] Matched CREATE: LogicalSwitchPortCreateEvent(events=('create',), table='Logical_Switch_Port', conditions=[], old_conditions=None), priority=20 to row=Logical_Switch_Port(uuid=34d10ba6-412c-4848-bdac-4c6ff5f154dd, addresses=['fa:16:3e:4d:e2:77'], dhcpv4_options=[], dhcpv6_options=[], dynamic_addresses=[], enabled=True, external_ids={'neutron:cidrs': '', 'neutron:device_id': 'ovnmeta-bc86dc9f-e606-40aa-b2b9-a4478940d9ab', 'neutron:device_owner': 'network:distributed', 'neutron:mtu': '', 'neutron:network_name': 'neutron-bc86dc9f-e606-40aa-b2b9-a4478940d9ab', 'neutron:port_capabilities': '', 'neutron:port_name': '', 'neutron:project_id': '754f108d6d5948529f54a2e646493a59', 'neutron:revision_number': '1', 'neutron:security_group_ids': '', 'neutron:subnet_pool_addr_scope4': '', 'neutron:subnet_pool_addr_scope6': '', 'neutron:vnic_type': 'normal'}, ha_chassis_group=[], mirror_rules=[], name='072b552f-8c47-4b5f-9068-12bdb2467b39', options={}, parent_name=[], port_security=[], tag=[], tag_request=[], type='localport', up=[]) old= {{(pid=102285) matches /opt/stack/data/venv/lib/python3.12/site-packages/ovsdbapp/backend/ovs_idl/event.py:55}}
