2026-06-04 13:08:07.298 7 INFO neutron.db.ovn_revision_numbers_db [None req-2ec1fe10-ab3b-47e9-9431-a862e643685c aa52d1c46586439598c4c49ec6604243 41a89e0566634a8dbeed4510db577c75 - - default default] Successfully bumped revision number for resource a7e40cf8-cb19-4b91-852d-faa72c53ab6e (type: security_group_rules) to 0 [pid: 8|app: 0|req: 704/1315] 10.0.0.55 () {34 vars in 675 bytes} [Thu Jun 4 13:08:07 2026] POST /v2.0/subnetpools => generated 549 bytes in 96 msecs (HTTP/1.1 201) 4 headers in 162 bytes (1 switches on core 0)
2026-06-04 13:08:07.372 7 INFO neutron.db.segments_db [None req-2ec1fe10-ab3b-47e9-9431-a862e643685c aa52d1c46586439598c4c49ec6604243 41a89e0566634a8dbeed4510db577c75 - - default default] Added segment e3b4669e-f82f-4729-b3dc-085efb3281de of type geneve for network 1d2171b5-fc80-4d3b-a600-05a6f52927f6 [pid: 8|app: 0|req: 705/1316] 10.0.0.55 () {32 vars in 727 bytes} [Thu Jun 4 13:08:07 2026] GET /v2.0/subnetpools/716247a5-c10d-41d0-8c89-04b095528374 => generated 549 bytes in 19 msecs (HTTP/1.1 200) 4 headers in 157 bytes (1 switches on core 0) [pid: 8|app: 0|req: 706/1317] 10.0.0.55 () {34 vars in 747 bytes} [Thu Jun 4 13:08:07 2026] PUT /v2.0/subnetpools/716247a5-c10d-41d0-8c89-04b095528374 => generated 500 bytes in 58 msecs (HTTP/1.1 200) 4 headers in 157 bytes (1 switches on core 0)
2026-06-04 13:08:07.493 7 INFO neutron.db.ovn_revision_numbers_db [None req-2ec1fe10-ab3b-47e9-9431-a862e643685c aa52d1c46586439598c4c49ec6604243 41a89e0566634a8dbeed4510db577c75 - - default default] Successfully bumped revision number for resource 1d2171b5-fc80-4d3b-a600-05a6f52927f6 (type: networks) to 1 [pid: 8|app: 0|req: 707/1318] 10.0.0.55 () {32 vars in 730 bytes} [Thu Jun 4 13:08:07 2026] DELETE /v2.0/subnetpools/716247a5-c10d-41d0-8c89-04b095528374 => generated 0 bytes in 60 msecs (HTTP/1.1 204) 2 headers in 112 bytes (1 switches on core 0)
2026-06-04 13:08:07.515 8 INFO neutron.api.v2.resource [None req-dec00ff8-5c95-4a62-a90b-4c38bbc8b311 c73a359a72c04df8be3cec2e5aacf1da a23863fbdea745ec8073b5928ae7f50e - - default default] show failed (client error): The resource could not be found. [pid: 8|app: 0|req: 708/1319] 10.0.0.55 () {32 vars in 727 bytes} [Thu Jun 4 13:08:07 2026] GET /v2.0/subnetpools/716247a5-c10d-41d0-8c89-04b095528374 => generated 145 bytes in 8 msecs (HTTP/1.1 404) 4 headers in 164 bytes (1 switches on core 0)
2026-06-04 13:08:07.527 8 INFO neutron.api.v2.resource [None req-d0f175f1-979d-443c-b622-79c512ffbd8f c73a359a72c04df8be3cec2e5aacf1da a23863fbdea745ec8073b5928ae7f50e - - default default] delete failed (client error): The resource could not be found. [pid: 8|app: 0|req: 709/1320] 10.0.0.55 () {32 vars in 730 bytes} [Thu Jun 4 13:08:07 2026] DELETE /v2.0/subnetpools/716247a5-c10d-41d0-8c89-04b095528374 => generated 145 bytes in 7 msecs (HTTP/1.1 404) 4 headers in 164 bytes (1 switches on core 0) [pid: 8|app: 0|req: 710/1321] 10.0.0.165 () {34 vars in 989 bytes} [Thu Jun 4 13:08:07 2026] GET /v2.0/ports?device_id=5bd9cf80-d80a-4283-84f9-37ba095ecb60 => generated 12 bytes in 19 msecs (HTTP/1.1 200) 4 headers in 156 bytes (1 switches on core 0)
2026-06-04 13:08:07.652 7 WARNING neutron.scheduler.dhcp_agent_scheduler [None req-2ec1fe10-ab3b-47e9-9431-a862e643685c aa52d1c46586439598c4c49ec6604243 41a89e0566634a8dbeed4510db577c75 - - default default] No more DHCP agents
2026-06-04 13:08:07.653 7 WARNING neutron.api.rpc.agentnotifiers.dhcp_rpc_agent_api [None req-2ec1fe10-ab3b-47e9-9431-a862e643685c aa52d1c46586439598c4c49ec6604243 41a89e0566634a8dbeed4510db577c75 - - default default] Unable to schedule network 1d2171b5-fc80-4d3b-a600-05a6f52927f6: no agents available; will retry on subsequent port and subnet creation events.
2026-06-04 13:08:07.722 7 INFO neutron.plugins.ml2.drivers.ovn.mech_driver.mech_driver [None req-0ee9eafb-d7c9-4259-bc6e-c36a4e9a2968 - - - - - -] OVN reports status down for port: 19dc0884-cdd6-42c9-8cb8-0ecc77d6e351
2026-06-04 13:08:07.786 7 INFO neutron.db.ovn_revision_numbers_db [None req-2ec1fe10-ab3b-47e9-9431-a862e643685c aa52d1c46586439598c4c49ec6604243 41a89e0566634a8dbeed4510db577c75 - - default default] Successfully bumped revision number for resource 19dc0884-cdd6-42c9-8cb8-0ecc77d6e351 (type: ports) to 1 [pid: 7|app: 0|req: 612/1322] 10.0.0.55 () {34 vars in 668 bytes} [Thu Jun 4 13:08:06 2026] POST /v2.0/networks => generated 644 bytes in 889 msecs (HTTP/1.1 201) 4 headers in 162 bytes (1 switches on core 0)
2026-06-04 13:08:08.073 8 WARNING neutron.scheduler.dhcp_agent_scheduler [None req-5dad662e-7372-4128-b909-82b21a0c95f5 aa52d1c46586439598c4c49ec6604243 41a89e0566634a8dbeed4510db577c75 - - default default] No more DHCP agents
2026-06-04 13:08:08.074 8 WARNING neutron.api.rpc.agentnotifiers.dhcp_rpc_agent_api [None req-5dad662e-7372-4128-b909-82b21a0c95f5 aa52d1c46586439598c4c49ec6604243 41a89e0566634a8dbeed4510db577c75 - - default default] Unable to schedule network 1d2171b5-fc80-4d3b-a600-05a6f52927f6: no agents available; will retry on subsequent port and subnet creation events.
2026-06-04 13:08:08.254 7 INFO neutron.db.ovn_revision_numbers_db [None req-ea2c0777-7868-425c-9d74-ce8ccb458e1a 28d839d6f2684b00a95c1f7e1935a150 ba0ce9b242904c238731fa320f66a593 - - default default] Successfully bumped revision number for resource b8543d02-5fa0-499a-9c43-a19ef42831d0 (type: security_groups) to 1
2026-06-04 13:08:08.265 7 INFO neutron.db.ovn_revision_numbers_db [None req-ea2c0777-7868-425c-9d74-ce8ccb458e1a 28d839d6f2684b00a95c1f7e1935a150 ba0ce9b242904c238731fa320f66a593 - - default default] Successfully bumped revision number for resource 6ac50760-e06f-4476-8cd6-46767e3a205d (type: security_group_rules) to 0
2026-06-04 13:08:08.279 7 INFO neutron.db.ovn_revision_numbers_db [None req-ea2c0777-7868-425c-9d74-ce8ccb458e1a 28d839d6f2684b00a95c1f7e1935a150 ba0ce9b242904c238731fa320f66a593 - - default default] Successfully bumped revision number for resource befe35d7-04c5-46ba-bfe6-97e466b59cf8 (type: security_group_rules) to 0
2026-06-04 13:08:08.291 7 INFO neutron.db.ovn_revision_numbers_db [None req-ea2c0777-7868-425c-9d74-ce8ccb458e1a 28d839d6f2684b00a95c1f7e1935a150 ba0ce9b242904c238731fa320f66a593 - - default default] Successfully bumped revision number for resource ca662754-f810-4794-9cdd-0d3267c50632 (type: security_group_rules) to 0
2026-06-04 13:08:08.302 7 INFO neutron.db.ovn_revision_numbers_db [None req-ea2c0777-7868-425c-9d74-ce8ccb458e1a 28d839d6f2684b00a95c1f7e1935a150 ba0ce9b242904c238731fa320f66a593 - - default default] Successfully bumped revision number for resource f5e0bdf4-8253-42a4-9ab6-ad0426da738f (type: security_group_rules) to 0 [pid: 7|app: 0|req: 613/1323] 10.0.0.55 () {32 vars in 772 bytes} [Thu Jun 4 13:08:08 2026] GET /v2.0/security-groups?tenant_id=a23863fbdea745ec8073b5928ae7f50e&name=default => generated 2925 bytes in 330 msecs (HTTP/1.1 200) 4 headers in 158 bytes (1 switches on core 0)
2026-06-04 13:08:08.544 8 INFO neutron.db.ovn_revision_numbers_db [None req-cf5a766a-b8bb-4bc0-899b-c9ca4e0b4566 - - - - - -] Successfully bumped revision number for resource 19dc0884-cdd6-42c9-8cb8-0ecc77d6e351 (type: ports) to 2
2026-06-04 13:08:08.586 8 INFO neutron.db.ovn_revision_numbers_db [None req-cf5a766a-b8bb-4bc0-899b-c9ca4e0b4566 - - - - - -] Successfully bumped revision number for resource 49528caa-fb3f-4aa1-b5c3-011addddef03 (type: subnets) to 0 [pid: 8|app: 0|req: 711/1324] 10.0.0.55 () {34 vars in 667 bytes} [Thu Jun 4 13:08:07 2026] POST /v2.0/subnets => generated 641 bytes in 751 msecs (HTTP/1.1 201) 4 headers in 162 bytes (1 switches on core 0) [pid: 7|app: 0|req: 614/1325] 10.0.0.55 () {32 vars in 738 bytes} [Thu Jun 4 13:08:08 2026] DELETE /v2.0/security-groups/b8543d02-5fa0-499a-9c43-a19ef42831d0 => generated 0 bytes in 321 msecs (HTTP/1.1 204) 2 headers in 112 bytes (1 switches on core 0)
2026-06-04 13:08:08.711 8 INFO neutron.db.segments_db [None req-431051f3-19fc-4ddf-b408-f71175bc1df6 aa52d1c46586439598c4c49ec6604243 41a89e0566634a8dbeed4510db577c75 - - default default] Added segment b8c79674-7438-4e89-948c-f42aa0a22a39 of type geneve for network 0a896f05-6141-43ec-a113-5b8e2b7d7461 [pid: 7|app: 0|req: 615/1326] 10.0.0.165 () {34 vars in 989 bytes} [Thu Jun 4 13:08:08 2026] GET /v2.0/ports?device_id=5bd9cf80-d80a-4283-84f9-37ba095ecb60 => generated 12 bytes in 28 msecs (HTTP/1.1 200) 4 headers in 156 bytes (1 switches on core 0)
2026-06-04 13:08:08.820 8 INFO neutron.db.ovn_revision_numbers_db [None req-431051f3-19fc-4ddf-b408-f71175bc1df6 aa52d1c46586439598c4c49ec6604243 41a89e0566634a8dbeed4510db577c75 - - default default] Successfully bumped revision number for resource 0a896f05-6141-43ec-a113-5b8e2b7d7461 (type: networks) to 1
2026-06-04 13:08:08.998 8 WARNING neutron.scheduler.dhcp_agent_scheduler [None req-431051f3-19fc-4ddf-b408-f71175bc1df6 aa52d1c46586439598c4c49ec6604243 41a89e0566634a8dbeed4510db577c75 - - default default] No more DHCP agents
2026-06-04 13:08:09.010 8 WARNING neutron.api.rpc.agentnotifiers.dhcp_rpc_agent_api [None req-431051f3-19fc-4ddf-b408-f71175bc1df6 aa52d1c46586439598c4c49ec6604243 41a89e0566634a8dbeed4510db577c75 - - default default] Unable to schedule network 0a896f05-6141-43ec-a113-5b8e2b7d7461: no agents available; will retry on subsequent port and subnet creation events.
2026-06-04 13:08:09.078 7 INFO neutron.plugins.ml2.drivers.ovn.mech_driver.mech_driver [None req-0ee9eafb-d7c9-4259-bc6e-c36a4e9a2968 - - - - - -] OVN reports status down for port: 73440f2e-4003-497c-bab0-36b0a095ef01
2026-06-04 13:08:09.131 8 INFO neutron.db.ovn_revision_numbers_db [None req-431051f3-19fc-4ddf-b408-f71175bc1df6 aa52d1c46586439598c4c49ec6604243 41a89e0566634a8dbeed4510db577c75 - - default default] Successfully bumped revision number for resource 73440f2e-4003-497c-bab0-36b0a095ef01 (type: ports) to 1 [pid: 8|app: 0|req: 712/1327] 10.0.0.55 () {34 vars in 668 bytes} [Thu Jun 4 13:08:08 2026] POST /v2.0/networks => generated 643 bytes in 539 msecs (HTTP/1.1 201) 4 headers in 162 bytes (1 switches on core 0)
2026-06-04 13:08:09.319 7 INFO neutron.db.ovn_revision_numbers_db [None req-516d93fc-1a00-4a1c-8261-6e692bc18c97 aa52d1c46586439598c4c49ec6604243 41a89e0566634a8dbeed4510db577c75 - - default default] Successfully bumped revision number for resource 0a896f05-6141-43ec-a113-5b8e2b7d7461 (type: networks) to 2 [pid: 7|app: 0|req: 616/1328] 10.0.0.55 () {34 vars in 741 bytes} [Thu Jun 4 13:08:09 2026] PUT /v2.0/networks/0a896f05-6141-43ec-a113-5b8e2b7d7461 => generated 598 bytes in 157 msecs (HTTP/1.1 200) 4 headers in 157 bytes (1 switches on core 0)
2026-06-04 13:08:09.485 8 INFO neutron.db.ovn_revision_numbers_db [None req-7f2f97b5-49a3-4901-8c11-0e08a9e32f0c 28d839d6f2684b00a95c1f7e1935a150 ba0ce9b242904c238731fa320f66a593 - - default default] Successfully bumped revision number for resource fbb4fa2e-d465-413c-9b60-82ecaab2de1b (type: security_groups) to 1
2026-06-04 13:08:09.495 8 INFO neutron.db.ovn_revision_numbers_db [None req-7f2f97b5-49a3-4901-8c11-0e08a9e32f0c 28d839d6f2684b00a95c1f7e1935a150 ba0ce9b242904c238731fa320f66a593 - - default default] Successfully bumped revision number for resource 032d8842-36a2-46ea-b181-1d674dfe677c (type: security_group_rules) to 0
2026-06-04 13:08:09.506 8 INFO neutron.db.ovn_revision_numbers_db [None req-7f2f97b5-49a3-4901-8c11-0e08a9e32f0c 28d839d6f2684b00a95c1f7e1935a150 ba0ce9b242904c238731fa320f66a593 - - default default] Successfully bumped revision number for resource 5d1a765b-ff21-4190-ac23-29c370423156 (type: security_group_rules) to 0
2026-06-04 13:08:09.519 8 INFO neutron.db.ovn_revision_numbers_db [None req-7f2f97b5-49a3-4901-8c11-0e08a9e32f0c 28d839d6f2684b00a95c1f7e1935a150 ba0ce9b242904c238731fa320f66a593 - - default default] Successfully bumped revision number for resource 8124bc2b-ab2a-4db4-84f8-530912a018b5 (type: security_group_rules) to 0
2026-06-04 13:08:09.531 8 INFO neutron.db.ovn_revision_numbers_db [None req-7f2f97b5-49a3-4901-8c11-0e08a9e32f0c 28d839d6f2684b00a95c1f7e1935a150 ba0ce9b242904c238731fa320f66a593 - - default default] Successfully bumped revision number for resource bea70585-e364-46bd-87b5-80608efb4391 (type: security_group_rules) to 0 [pid: 8|app: 0|req: 713/1329] 10.0.0.55 () {32 vars in 772 bytes} [Thu Jun 4 13:08:09 2026] GET /v2.0/security-groups?tenant_id=fcd8aed943dc451586f110407166210e&name=default => generated 2925 bytes in 323 msecs (HTTP/1.1 200) 4 headers in 158 bytes (1 switches on core 0)
2026-06-04 13:08:09.565 7 WARNING neutron.scheduler.dhcp_agent_scheduler [None req-001f630a-03b8-43b0-ba31-0b74d5f1a3f2 aa52d1c46586439598c4c49ec6604243 41a89e0566634a8dbeed4510db577c75 - - default default] No more DHCP agents
2026-06-04 13:08:09.566 7 WARNING neutron.api.rpc.agentnotifiers.dhcp_rpc_agent_api [None req-001f630a-03b8-43b0-ba31-0b74d5f1a3f2 aa52d1c46586439598c4c49ec6604243 41a89e0566634a8dbeed4510db577c75 - - default default] Unable to schedule network 0a896f05-6141-43ec-a113-5b8e2b7d7461: no agents available; will retry on subsequent port and subnet creation events. [pid: 8|app: 0|req: 714/1330] 10.0.0.55 () {32 vars in 738 bytes} [Thu Jun 4 13:08:09 2026] DELETE /v2.0/security-groups/fbb4fa2e-d465-413c-9b60-82ecaab2de1b => generated 0 bytes in 314 msecs (HTTP/1.1 204) 2 headers in 112 bytes (1 switches on core 0) [pid: 8|app: 0|req: 715/1331] 10.0.0.165 () {34 vars in 989 bytes} [Thu Jun 4 13:08:09 2026] GET /v2.0/ports?device_id=5bd9cf80-d80a-4283-84f9-37ba095ecb60 => generated 12 bytes in 26 msecs (HTTP/1.1 200) 4 headers in 156 bytes (1 switches on core 0)
2026-06-04 13:08:10.060 7 INFO neutron.db.ovn_revision_numbers_db [None req-f7df3b84-f9b7-43ba-b6c6-8cb06ff17904 - - - - - -] Successfully bumped revision number for resource 73440f2e-4003-497c-bab0-36b0a095ef01 (type: ports) to 2
2026-06-04 13:08:10.090 7 INFO neutron.db.ovn_revision_numbers_db [None req-f7df3b84-f9b7-43ba-b6c6-8cb06ff17904 - - - - - -] Successfully bumped revision number for resource 632176e3-555d-4431-b8dc-272a4b09334d (type: subnets) to 0 [pid: 7|app: 0|req: 617/1332] 10.0.0.55 () {34 vars in 667 bytes} [Thu Jun 4 13:08:09 2026] POST /v2.0/subnets => generated 626 bytes in 777 msecs (HTTP/1.1 201) 4 headers in 162 bytes (1 switches on core 0)
2026-06-04 13:08:10.339 8 INFO neutron.db.ovn_revision_numbers_db [None req-cc61efac-58a3-4a0d-aa96-a1180d7c067c aa52d1c46586439598c4c49ec6604243 41a89e0566634a8dbeed4510db577c75 - - default default] Successfully bumped revision number for resource 632176e3-555d-4431-b8dc-272a4b09334d (type: subnets) to 1 [pid: 8|app: 0|req: 716/1333] 10.0.0.55 () {34 vars in 739 bytes} [Thu Jun 4 13:08:10 2026] PUT /v2.0/subnets/632176e3-555d-4431-b8dc-272a4b09334d => generated 636 bytes in 230 msecs (HTTP/1.1 200) 4 headers in 157 bytes (1 switches on core 0)
2026-06-04 13:08:10.472 7 INFO neutron_taas.services.taas.taas_plugin [None req-1e66af7b-eb92-48ea-9219-6ce67512db86 aa52d1c46586439598c4c49ec6604243 41a89e0566634a8dbeed4510db577c75 - - default default] TaaS: Handle Delete Port: 73440f2e-4003-497c-bab0-36b0a095ef01
2026-06-04 13:08:10.475 7 INFO neutron_taas.services.taas.tap_mirror_plugin [None req-1e66af7b-eb92-48ea-9219-6ce67512db86 aa52d1c46586439598c4c49ec6604243 41a89e0566634a8dbeed4510db577c75 - - default default] Tap Mirror: Handle Delete Port: 73440f2e-4003-497c-bab0-36b0a095ef01
2026-06-04 13:08:10.812 7 INFO neutron.services.segments.plugin [-] Segment b8c79674-7438-4e89-948c-f42aa0a22a39 resource provider aggregate not found
2026-06-04 13:08:10.817 7 INFO neutron.services.segments.plugin [-] Segment b8c79674-7438-4e89-948c-f42aa0a22a39 resource provider aggregate not found
2026-06-04 13:08:10.832 7 INFO neutron.services.segments.plugin [-] Segment b8c79674-7438-4e89-948c-f42aa0a22a39 resource provider not found; error: Placement Client Error (4xx): {"errors": [{"status": 404, "title": "Not Found", "detail": "The resource could not be found.\n\n No resource provider with uuid b8c79674-7438-4e89-948c-f42aa0a22a39 found for delete ", "request_id": "req-bb454947-3b3b-47bf-974e-d483ac801ded"}]}
2026-06-04 13:08:10.837 7 INFO neutron.services.segments.plugin [-] Segment b8c79674-7438-4e89-948c-f42aa0a22a39 resource provider not found; error: Placement Client Error (4xx): {"errors": [{"status": 404, "title": "Not Found", "detail": "The resource could not be found.\n\n No resource provider with uuid b8c79674-7438-4e89-948c-f42aa0a22a39 found for delete ", "request_id": "req-5e62d235-8662-43f1-a839-f32d303c4802"}]} [pid: 7|app: 0|req: 618/1334] 10.0.0.55 () {32 vars in 724 bytes} [Thu Jun 4 13:08:10 2026] DELETE /v2.0/networks/0a896f05-6141-43ec-a113-5b8e2b7d7461 => generated 0 bytes in 538 msecs (HTTP/1.1 204) 3 headers in 131 bytes (1 switches on core 0)
2026-06-04 13:08:10.903 7 INFO neutron.pecan_wsgi.hooks.translation [None req-e8ab7dce-1f89-4707-be6a-387bf2f38c31 aa52d1c46586439598c4c49ec6604243 41a89e0566634a8dbeed4510db577c75 - - default default] DELETE failed (client error): The resource could not be found. [pid: 7|app: 0|req: 619/1335] 10.0.0.55 () {32 vars in 724 bytes} [Thu Jun 4 13:08:10 2026] DELETE /v2.0/networks/0a896f05-6141-43ec-a113-5b8e2b7d7461 => generated 138 bytes in 17 msecs (HTTP/1.1 404) 4 headers in 164 bytes (1 switches on core 0) [pid: 7|app: 0|req: 620/1336] 10.0.0.55 () {32 vars in 692 bytes} [Thu Jun 4 13:08:10 2026] GET /v2.0/networks?router%3Aexternal=True => generated 651 bytes in 128 msecs (HTTP/1.1 200) 4 headers in 157 bytes (1 switches on core 0)
2026-06-04 13:08:11.044 8 INFO neutron.db.ovn_revision_numbers_db [None req-3ab4abe4-695f-48c7-a848-10c2979a77a4 28d839d6f2684b00a95c1f7e1935a150 ba0ce9b242904c238731fa320f66a593 - - default default] Successfully bumped revision number for resource 605d96eb-b7ec-4967-a042-bde83fa5f82f (type: security_groups) to 1
2026-06-04 13:08:11.058 8 INFO neutron.db.ovn_revision_numbers_db [None req-3ab4abe4-695f-48c7-a848-10c2979a77a4 28d839d6f2684b00a95c1f7e1935a150 ba0ce9b242904c238731fa320f66a593 - - default default] Successfully bumped revision number for resource 41fb7e30-2709-4cdb-a733-13eb0d5fe421 (type: security_group_rules) to 0
2026-06-04 13:08:11.071 8 INFO neutron.db.ovn_revision_numbers_db [None req-3ab4abe4-695f-48c7-a848-10c2979a77a4 28d839d6f2684b00a95c1f7e1935a150 ba0ce9b242904c238731fa320f66a593 - - default default] Successfully bumped revision number for resource 477a981e-a75d-4aed-9d01-ece34de6107d (type: security_group_rules) to 0
2026-06-04 13:08:11.085 8 INFO neutron.db.ovn_revision_numbers_db [None req-3ab4abe4-695f-48c7-a848-10c2979a77a4 28d839d6f2684b00a95c1f7e1935a150 ba0ce9b242904c238731fa320f66a593 - - default default] Successfully bumped revision number for resource a686512d-a82b-4b0a-97a8-d4d89f68f41b (type: security_group_rules) to 0
2026-06-04 13:08:11.098 8 INFO neutron.db.ovn_revision_numbers_db [None req-3ab4abe4-695f-48c7-a848-10c2979a77a4 28d839d6f2684b00a95c1f7e1935a150 ba0ce9b242904c238731fa320f66a593 - - default default] Successfully bumped revision number for resource ff0d868f-13dd-4cd8-baed-600f4b537401 (type: security_group_rules) to 0 [pid: 8|app: 0|req: 717/1337] 10.0.0.55 () {32 vars in 772 bytes} [Thu Jun 4 13:08:10 2026] GET /v2.0/security-groups?tenant_id=1b3567055f3940e694bf9574ed0f3be2&name=default => generated 2925 bytes in 427 msecs (HTTP/1.1 200) 4 headers in 158 bytes (1 switches on core 0) [pid: 8|app: 0|req: 718/1338] 10.0.0.55 () {32 vars in 740 bytes} [Thu Jun 4 13:08:11 2026] GET /v2.0/subnets?network_id=c62ac45d-35ea-4c41-98cd-824885aac8a8 => generated 649 bytes in 34 msecs (HTTP/1.1 200) 4 headers in 157 bytes (1 switches on core 0) [pid: 7|app: 0|req: 621/1339] 10.0.0.55 () {32 vars in 738 bytes} [Thu Jun 4 13:08:11 2026] DELETE /v2.0/security-groups/5905a395-b750-41ea-bfd6-59eff6f8dc5e => generated 0 bytes in 162 msecs (HTTP/1.1 204) 2 headers in 112 bytes (1 switches on core 0) [pid: 7|app: 0|req: 622/1340] 10.0.0.55 () {32 vars in 651 bytes} [Thu Jun 4 13:08:11 2026] GET /v2.0/extensions => generated 20118 bytes in 4 msecs (HTTP/1.1 200) 4 headers in 159 bytes (1 switches on core 0)
2026-06-04 13:08:11.217 7 INFO neutron.api.v2.resource [None req-ffefa5bb-36f5-4d5b-b1d0-959d90efb242 635afc66e51a4f629d112eb6e93e7dca 5a0bb37374074c63bae73b8910a27353 - - default default] show failed (client error): The resource could not be found. [pid: 7|app: 0|req: 623/1341] 10.0.0.55 () {32 vars in 735 bytes} [Thu Jun 4 13:08:11 2026] GET /v2.0/security-groups/5905a395-b750-41ea-bfd6-59eff6f8dc5e => generated 146 bytes in 7 msecs (HTTP/1.1 404) 4 headers in 164 bytes (1 switches on core 0) [pid: 7|app: 0|req: 624/1342] 10.0.0.55 () {32 vars in 647 bytes} [Thu Jun 4 13:08:11 2026] GET /v2.0/networks => generated 1309 bytes in 55 msecs (HTTP/1.1 200) 4 headers in 158 bytes (1 switches on core 0)
2026-06-04 13:08:11.433 7 INFO neutron_taas.services.taas.taas_plugin [None req-e3953de5-b418-49ab-8b97-3194cd64ac2a 635afc66e51a4f629d112eb6e93e7dca 5a0bb37374074c63bae73b8910a27353 - - default default] TaaS: Handle Delete Port: fc0f2a8b-8383-4d48-9ea3-7576690034e2
2026-06-04 13:08:11.438 7 INFO neutron_taas.services.taas.tap_mirror_plugin [None req-e3953de5-b418-49ab-8b97-3194cd64ac2a 635afc66e51a4f629d112eb6e93e7dca 5a0bb37374074c63bae73b8910a27353 - - default default] Tap Mirror: Handle Delete Port: fc0f2a8b-8383-4d48-9ea3-7576690034e2 [pid: 8|app: 0|req: 719/1343] 10.0.0.55 () {32 vars in 738 bytes} [Thu Jun 4 13:08:11 2026] DELETE /v2.0/security-groups/605d96eb-b7ec-4967-a042-bde83fa5f82f => generated 0 bytes in 293 msecs (HTTP/1.1 204) 2 headers in 112 bytes (1 switches on core 0) [pid: 8|app: 0|req: 720/1344] 10.0.0.55 () {32 vars in 645 bytes} [Thu Jun 4 13:08:11 2026] GET /v2.0/subnets => generated 1280 bytes in 37 msecs (HTTP/1.1 200) 4 headers in 158 bytes (1 switches on core 0) [pid: 8|app: 0|req: 721/1345] 10.0.0.55 () {32 vars in 721 bytes} [Thu Jun 4 13:08:11 2026] GET /v2.0/networks/1d2171b5-fc80-4d3b-a600-05a6f52927f6 => generated 669 bytes in 45 msecs (HTTP/1.1 200) 4 headers in 157 bytes (1 switches on core 0) [pid: 8|app: 0|req: 722/1346] 10.0.0.55 () {32 vars in 719 bytes} [Thu Jun 4 13:08:11 2026] GET /v2.0/subnets/49528caa-fb3f-4aa1-b5c3-011addddef03 => generated 641 bytes in 27 msecs (HTTP/1.1 200) 4 headers in 157 bytes (1 switches on core 0)
2026-06-04 13:08:11.593 8 INFO neutron.pecan_wsgi.hooks.translation [None req-435da41e-cabb-4673-bc54-bde1995e7cd6 aa52d1c46586439598c4c49ec6604243 41a89e0566634a8dbeed4510db577c75 - - default default] DELETE failed (client error): The resource could not be found. [pid: 7|app: 0|req: 625/1347] 10.0.0.55 () {32 vars in 730 bytes} [Thu Jun 4 13:08:11 2026] DELETE /v2.0/floatingips/126a463c-6370-4a86-96cd-6af1d3054d90 => generated 0 bytes in 319 msecs (HTTP/1.1 204) 2 headers in 112 bytes (1 switches on core 0) [pid: 8|app: 0|req: 723/1348] 10.0.0.55 () {32 vars in 722 bytes} [Thu Jun 4 13:08:11 2026] DELETE /v2.0/subnets/632176e3-555d-4431-b8dc-272a4b09334d => generated 136 bytes in 15 msecs (HTTP/1.1 404) 4 headers in 164 bytes (1 switches on core 0)
2026-06-04 13:08:11.614 8 INFO neutron.pecan_wsgi.hooks.translation [None req-86df514c-1e5e-4168-adf8-5140f24a4bfb aa52d1c46586439598c4c49ec6604243 41a89e0566634a8dbeed4510db577c75 - - default default] DELETE failed (client error): The resource could not be found. [pid: 8|app: 0|req: 724/1349] 10.0.0.55 () {32 vars in 724 bytes} [Thu Jun 4 13:08:11 2026] DELETE /v2.0/networks/0a896f05-6141-43ec-a113-5b8e2b7d7461 => generated 138 bytes in 16 msecs (HTTP/1.1 404) 4 headers in 164 bytes (1 switches on core 0) [pid: 8|app: 0|req: 725/1350] 10.0.0.55 () {32 vars in 722 bytes} [Thu Jun 4 13:08:11 2026] DELETE /v2.0/subnets/49528caa-fb3f-4aa1-b5c3-011addddef03 => generated 0 bytes in 159 msecs (HTTP/1.1 204) 3 headers in 131 bytes (1 switches on core 0)
2026-06-04 13:08:11.888 7 INFO neutron_taas.services.taas.taas_plugin [None req-c3dcdfcb-f962-4b25-a41c-eb3c4798c0cf 28d839d6f2684b00a95c1f7e1935a150 ba0ce9b242904c238731fa320f66a593 - - default default] TaaS: Handle Delete Port: 3c597b52-16c2-4406-b745-21c7dd6223a2
2026-06-04 13:08:11.892 7 INFO neutron_taas.services.taas.tap_mirror_plugin [None req-c3dcdfcb-f962-4b25-a41c-eb3c4798c0cf 28d839d6f2684b00a95c1f7e1935a150 ba0ce9b242904c238731fa320f66a593 - - default default] Tap Mirror: Handle Delete Port: 3c597b52-16c2-4406-b745-21c7dd6223a2
2026-06-04 13:08:11.923 8 INFO neutron_taas.services.taas.taas_plugin [None req-4290f2eb-3604-4824-a44b-49e4fb0d8524 aa52d1c46586439598c4c49ec6604243 41a89e0566634a8dbeed4510db577c75 - - default default] TaaS: Handle Delete Port: 19dc0884-cdd6-42c9-8cb8-0ecc77d6e351
2026-06-04 13:08:11.926 8 INFO neutron_taas.services.taas.tap_mirror_plugin [None req-4290f2eb-3604-4824-a44b-49e4fb0d8524 aa52d1c46586439598c4c49ec6604243 41a89e0566634a8dbeed4510db577c75 - - default default] Tap Mirror: Handle Delete Port: 19dc0884-cdd6-42c9-8cb8-0ecc77d6e351
2026-06-04 13:08:12.126 8 INFO neutron.services.segments.plugin [-] Segment e3b4669e-f82f-4729-b3dc-085efb3281de resource provider aggregate not found
2026-06-04 13:08:12.140 8 INFO neutron.services.segments.plugin [-] Segment e3b4669e-f82f-4729-b3dc-085efb3281de resource provider aggregate not found
2026-06-04 13:08:12.154 8 INFO neutron.services.segments.plugin [-] Segment e3b4669e-f82f-4729-b3dc-085efb3281de resource provider not found; error: Placement Client Error (4xx): {"errors": [{"status": 404, "title": "Not Found", "detail": "The resource could not be found.\n\n No resource provider with uuid e3b4669e-f82f-4729-b3dc-085efb3281de found for delete ", "request_id": "req-b9764c69-33bd-4b75-8d33-17e6639ed872"}]}
2026-06-04 13:08:12.160 8 INFO neutron.services.segments.plugin [-] Segment e3b4669e-f82f-4729-b3dc-085efb3281de resource provider not found; error: Placement Client Error (4xx): {"errors": [{"status": 404, "title": "Not Found", "detail": "The resource could not be found.\n\n No resource provider with uuid e3b4669e-f82f-4729-b3dc-085efb3281de found for delete ", "request_id": "req-3bb49851-ea33-470d-a468-516e26ce52c6"}]} [pid: 8|app: 0|req: 726/1351] 10.0.0.55 () {32 vars in 724 bytes} [Thu Jun 4 13:08:11 2026] DELETE /v2.0/networks/1d2171b5-fc80-4d3b-a600-05a6f52927f6 => generated 0 bytes in 412 msecs (HTTP/1.1 204) 3 headers in 131 bytes (1 switches on core 0) [pid: 7|app: 0|req: 626/1352] 10.0.0.55 () {34 vars in 787 bytes} [Thu Jun 4 13:08:11 2026] PUT /v2.0/routers/ae890519-fb1a-4f5b-843b-d3ed2664da93/remove_router_interface => generated 309 bytes in 1005 msecs (HTTP/1.1 200) 4 headers in 157 bytes (1 switches on core 0) /var/lib/openstack/lib/python3.12/site-packages/pycadf/identifier.py:70: UserWarning: Invalid uuid: neutron. To ensure interoperability, identifiers should be a valid uuid. warnings.warn(('Invalid uuid: %s. To ensure interoperability, '
2026-06-04 13:08:12.756 8 INFO neutron.db.ovn_revision_numbers_db [None req-ece8e5bc-3f80-4928-9f55-f40680dda603 03ac73edd03c4188b4539e460465c0fb 235c304a4eba4c38b98bf3664a9b7b05 - - default default] Successfully bumped revision number for resource 78568488-e4c7-4d19-8b82-77ecd891b702 (type: security_groups) to 1
2026-06-04 13:08:12.769 8 INFO neutron.db.ovn_revision_numbers_db [None req-ece8e5bc-3f80-4928-9f55-f40680dda603 03ac73edd03c4188b4539e460465c0fb 235c304a4eba4c38b98bf3664a9b7b05 - - default default] Successfully bumped revision number for resource 08ab64d4-daa2-438f-a8ae-91075d792369 (type: security_group_rules) to 0
2026-06-04 13:08:12.780 8 INFO neutron.db.ovn_revision_numbers_db [None req-ece8e5bc-3f80-4928-9f55-f40680dda603 03ac73edd03c4188b4539e460465c0fb 235c304a4eba4c38b98bf3664a9b7b05 - - default default] Successfully bumped revision number for resource 73782621-3139-4bb3-a5ec-516f213b3680 (type: security_group_rules) to 0
2026-06-04 13:08:12.793 8 INFO neutron.db.ovn_revision_numbers_db [None req-ece8e5bc-3f80-4928-9f55-f40680dda603 03ac73edd03c4188b4539e460465c0fb 235c304a4eba4c38b98bf3664a9b7b05 - - default default] Successfully bumped revision number for resource a7259eaf-3198-4547-950f-48c8f9958ba6 (type: security_group_rules) to 0
2026-06-04 13:08:12.805 8 INFO neutron.db.ovn_revision_numbers_db [None req-ece8e5bc-3f80-4928-9f55-f40680dda603 03ac73edd03c4188b4539e460465c0fb 235c304a4eba4c38b98bf3664a9b7b05 - - default default] Successfully bumped revision number for resource e90a014a-06a6-4b19-bdfb-3d25dfb0acf3 (type: security_group_rules) to 0
2026-06-04 13:08:12.892 8 INFO neutron.db.segments_db [None req-ece8e5bc-3f80-4928-9f55-f40680dda603 03ac73edd03c4188b4539e460465c0fb 235c304a4eba4c38b98bf3664a9b7b05 - - default default] Added segment ec9e5b5f-4d77-4dba-9599-8b185dc9ee10 of type geneve for network ad7f26a6-90b1-4f60-953e-3e54305ee926
2026-06-04 13:08:12.980 7 INFO neutron_taas.services.taas.taas_plugin [None req-4637252a-7a25-4a30-a7c0-dd6f9256e415 28d839d6f2684b00a95c1f7e1935a150 ba0ce9b242904c238731fa320f66a593 - - default default] TaaS: Handle Delete Port: fef37823-019a-46a8-b884-eaab765e90e4
2026-06-04 13:08:12.986 7 INFO neutron_taas.services.taas.tap_mirror_plugin [None req-4637252a-7a25-4a30-a7c0-dd6f9256e415 28d839d6f2684b00a95c1f7e1935a150 ba0ce9b242904c238731fa320f66a593 - - default default] Tap Mirror: Handle Delete Port: fef37823-019a-46a8-b884-eaab765e90e4
2026-06-04 13:08:13.023 8 INFO neutron.db.ovn_revision_numbers_db [None req-ece8e5bc-3f80-4928-9f55-f40680dda603 03ac73edd03c4188b4539e460465c0fb 235c304a4eba4c38b98bf3664a9b7b05 - - default default] Successfully bumped revision number for resource ad7f26a6-90b1-4f60-953e-3e54305ee926 (type: networks) to 1
2026-06-04 13:08:13.206 8 WARNING neutron.scheduler.dhcp_agent_scheduler [None req-ece8e5bc-3f80-4928-9f55-f40680dda603 03ac73edd03c4188b4539e460465c0fb 235c304a4eba4c38b98bf3664a9b7b05 - - default default] No more DHCP agents
2026-06-04 13:08:13.207 8 WARNING neutron.api.rpc.agentnotifiers.dhcp_rpc_agent_api [None req-ece8e5bc-3f80-4928-9f55-f40680dda603 03ac73edd03c4188b4539e460465c0fb 235c304a4eba4c38b98bf3664a9b7b05 - - default default] Unable to schedule network ad7f26a6-90b1-4f60-953e-3e54305ee926: no agents available; will retry on subsequent port and subnet creation events.
2026-06-04 13:08:13.313 7 INFO neutron.plugins.ml2.drivers.ovn.mech_driver.mech_driver [None req-0ee9eafb-d7c9-4259-bc6e-c36a4e9a2968 - - - - - -] OVN reports status down for port: 9717d8ce-9d13-4544-a793-cc6cc5c861a8
2026-06-04 13:08:13.315 8 INFO neutron.db.ovn_revision_numbers_db [None req-ece8e5bc-3f80-4928-9f55-f40680dda603 03ac73edd03c4188b4539e460465c0fb 235c304a4eba4c38b98bf3664a9b7b05 - - default default] Successfully bumped revision number for resource 9717d8ce-9d13-4544-a793-cc6cc5c861a8 (type: ports) to 1 [pid: 8|app: 0|req: 727/1355] 10.0.0.55 () {34 vars in 669 bytes} [Thu Jun 4 13:08:12 2026] POST /v2.0/networks => generated 632 bytes in 880 msecs (HTTP/1.1 201) 4 headers in 162 bytes (1 switches on core 0) [pid: 8|app: 0|req: 728/1356] 10.0.0.55 () {32 vars in 772 bytes} [Thu Jun 4 13:08:13 2026] GET /v2.0/security-groups?tenant_id=41a89e0566634a8dbeed4510db577c75&name=default => generated 2925 bytes in 165 msecs (HTTP/1.1 200) 4 headers in 158 bytes (1 switches on core 0) [pid: 7|app: 0|req: 629/1357] 10.0.0.55 () {32 vars in 722 bytes} [Thu Jun 4 13:08:12 2026] DELETE /v2.0/routers/ae890519-fb1a-4f5b-843b-d3ed2664da93 => generated 0 bytes in 944 msecs (HTTP/1.1 204) 2 headers in 112 bytes (1 switches on core 0) [pid: 7|app: 0|req: 630/1358] 10.0.0.55 () {32 vars in 738 bytes} [Thu Jun 4 13:08:13 2026] DELETE /v2.0/security-groups/0c5c2ac8-2df3-4beb-be56-41a1061c6f93 => generated 0 bytes in 260 msecs (HTTP/1.1 204) 2 headers in 112 bytes (1 switches on core 0)
2026-06-04 13:08:13.980 8 WARNING neutron.scheduler.dhcp_agent_scheduler [None req-6fa06011-b39b-472b-9c0f-0ad06d3cd0b7 03ac73edd03c4188b4539e460465c0fb 235c304a4eba4c38b98bf3664a9b7b05 - - default default] No more DHCP agents
2026-06-04 13:08:13.982 8 WARNING neutron.api.rpc.agentnotifiers.dhcp_rpc_agent_api [None req-6fa06011-b39b-472b-9c0f-0ad06d3cd0b7 03ac73edd03c4188b4539e460465c0fb 235c304a4eba4c38b98bf3664a9b7b05 - - default default] Unable to schedule network c62ac45d-35ea-4c41-98cd-824885aac8a8: no agents available; will retry on subsequent port and subnet creation events. [pid: 7|app: 0|req: 631/1359] 10.0.0.55 () {32 vars in 722 bytes} [Thu Jun 4 13:08:13 2026] DELETE /v2.0/subnets/fe1fd1ca-ced4-40ed-9ac1-6ba59abe620a => generated 0 bytes in 191 msecs (HTTP/1.1 204) 3 headers in 131 bytes (1 switches on core 0)
2026-06-04 13:08:14.127 7 INFO neutron.plugins.ml2.drivers.ovn.mech_driver.mech_driver [None req-0ee9eafb-d7c9-4259-bc6e-c36a4e9a2968 - - - - - -] OVN reports status down for port: 89e34192-c94c-4e3b-a889-9aef20e0e41f
2026-06-04 13:08:14.141 8 INFO neutron.db.ovn_revision_numbers_db [None req-6fa06011-b39b-472b-9c0f-0ad06d3cd0b7 03ac73edd03c4188b4539e460465c0fb 235c304a4eba4c38b98bf3664a9b7b05 - - default default] Successfully bumped revision number for resource 89e34192-c94c-4e3b-a889-9aef20e0e41f (type: ports) to 1
2026-06-04 13:08:14.172 7 INFO neutron_taas.services.taas.taas_plugin [None req-fbfdde21-62d8-4ced-8e6e-2f89d383d154 28d839d6f2684b00a95c1f7e1935a150 ba0ce9b242904c238731fa320f66a593 - - default default] TaaS: Handle Delete Port: 3a48f854-0640-4ebf-b1bf-7646e03f5ece
2026-06-04 13:08:14.181 7 INFO neutron_taas.services.taas.tap_mirror_plugin [None req-fbfdde21-62d8-4ced-8e6e-2f89d383d154 28d839d6f2684b00a95c1f7e1935a150 ba0ce9b242904c238731fa320f66a593 - - default default] Tap Mirror: Handle Delete Port: 3a48f854-0640-4ebf-b1bf-7646e03f5ece
2026-06-04 13:08:14.400 7 INFO neutron.services.segments.plugin [-] Segment e4992e03-f59a-4a69-bce7-542eb9b51faa resource provider aggregate not found
2026-06-04 13:08:14.405 7 INFO neutron.services.segments.plugin [-] Segment e4992e03-f59a-4a69-bce7-542eb9b51faa resource provider aggregate not found
2026-06-04 13:08:14.414 7 INFO neutron.services.segments.plugin [-] Segment e4992e03-f59a-4a69-bce7-542eb9b51faa resource provider not found; error: Placement Client Error (4xx): {"errors": [{"status": 404, "title": "Not Found", "detail": "The resource could not be found.\n\n No resource provider with uuid e4992e03-f59a-4a69-bce7-542eb9b51faa found for delete ", "request_id": "req-a263cd0d-37fb-4370-8f79-1f6251075042"}]}
2026-06-04 13:08:14.422 7 INFO neutron.services.segments.plugin [-] Segment e4992e03-f59a-4a69-bce7-542eb9b51faa resource provider not found; error: Placement Client Error (4xx): {"errors": [{"status": 404, "title": "Not Found", "detail": "The resource could not be found.\n\n No resource provider with uuid e4992e03-f59a-4a69-bce7-542eb9b51faa found for delete ", "request_id": "req-e10846e7-9bdb-4250-8e5c-4e7c54dba349"}]} [pid: 7|app: 0|req: 632/1360] 10.0.0.55 () {32 vars in 724 bytes} [Thu Jun 4 13:08:14 2026] DELETE /v2.0/networks/f6a483cf-7448-49bf-a751-2d2841766d2b => generated 0 bytes in 442 msecs (HTTP/1.1 204) 3 headers in 131 bytes (1 switches on core 0) [pid: 7|app: 0|req: 633/1361] 10.0.0.72 () {30 vars in 648 bytes} [Thu Jun 4 13:08:14 2026] GET /v2.0/extensions => generated 20118 bytes in 192 msecs (HTTP/1.1 200) 4 headers in 159 bytes (1 switches on core 0) [pid: 7|app: 0|req: 634/1362] 10.0.0.55 () {32 vars in 772 bytes} [Thu Jun 4 13:08:14 2026] GET /v2.0/security-groups?tenant_id=5a0bb37374074c63bae73b8910a27353&name=default => generated 2925 bytes in 30 msecs (HTTP/1.1 200) 4 headers in 158 bytes (1 switches on core 0)
2026-06-04 13:08:14.700 8 INFO neutron.plugins.ml2.drivers.ovn.mech_driver.ovsdb.commands [-] Schedule LRP lrp-89e34192-c94c-4e3b-a889-9aef20e0e41f on gateway d32602c9-2e50-4ae5-af5a-b926e028aed9 with priority 1
2026-06-04 13:08:14.828 8 INFO neutron.db.ovn_revision_numbers_db [None req-6fa06011-b39b-472b-9c0f-0ad06d3cd0b7 03ac73edd03c4188b4539e460465c0fb 235c304a4eba4c38b98bf3664a9b7b05 - - default default] Successfully bumped revision number for resource 89e34192-c94c-4e3b-a889-9aef20e0e41f (type: router_ports) to 1 [pid: 7|app: 0|req: 635/1363] 10.0.0.72 () {30 vars in 722 bytes} [Thu Jun 4 13:08:14 2026] GET /v2.0/quotas/c9656bf61e0d4473b4d38cb3f56a1e83/details => generated 847 bytes in 176 msecs (HTTP/1.1 200) 4 headers in 157 bytes (1 switches on core 0)
2026-06-04 13:08:14.867 7 INFO neutron.plugins.ml2.drivers.ovn.mech_driver.ovsdb.ovsdb_monitor [None req-174197ba-b1c7-45f5-9c3b-b7230fbb6774 - - - - - -] Router 6e962ece-b6d9-452b-829b-c42a24ae59d2 is bound to host instance
2026-06-04 13:08:14.942 8 INFO neutron.db.ovn_revision_numbers_db [None req-6fa06011-b39b-472b-9c0f-0ad06d3cd0b7 03ac73edd03c4188b4539e460465c0fb 235c304a4eba4c38b98bf3664a9b7b05 - - default default] Successfully bumped revision number for resource 6e962ece-b6d9-452b-829b-c42a24ae59d2 (type: routers) to 2 [pid: 8|app: 0|req: 729/1364] 10.0.0.55 () {34 vars in 667 bytes} [Thu Jun 4 13:08:13 2026] POST /v2.0/routers => generated 953 bytes in 1457 msecs (HTTP/1.1 201) 4 headers in 162 bytes (1 switches on core 0)
2026-06-04 13:08:14.973 7 INFO neutron.plugins.ml2.drivers.ovn.mech_driver.mech_driver [None req-0ee9eafb-d7c9-4259-bc6e-c36a4e9a2968 - - - - - -] OVN reports status up for port: 89e34192-c94c-4e3b-a889-9aef20e0e41f
2026-06-04 13:08:15.029 7 INFO neutron.plugins.ml2.plugin [None req-0ee9eafb-d7c9-4259-bc6e-c36a4e9a2968 - - - - - -] Attempt 1 to provision port 89e34192-c94c-4e3b-a889-9aef20e0e41f [pid: 8|app: 0|req: 730/1365] 10.0.0.55 () {32 vars in 774 bytes} [Thu Jun 4 13:08:14 2026] GET /v2.0/subnets?project_id=235c304a4eba4c38b98bf3664a9b7b05&cidr=10.100.0.0%2F28 => generated 14 bytes in 243 msecs (HTTP/1.1 200) 4 headers in 156 bytes (1 switches on core 0) [pid: 8|app: 0|req: 731/1366] 10.0.0.55 () {32 vars in 692 bytes} [Thu Jun 4 13:08:15 2026] GET /v2.0/networks?router%3Aexternal=True => generated 753 bytes in 73 msecs (HTTP/1.1 200) 4 headers in 157 bytes (1 switches on core 0) [pid: 8|app: 0|req: 732/1367] 10.0.0.55 () {32 vars in 782 bytes} [Thu Jun 4 13:08:15 2026] GET /v2.0/subnets?network_id=c62ac45d-35ea-4c41-98cd-824885aac8a8&cidr=10.100.0.0%2F28 => generated 14 bytes in 27 msecs (HTTP/1.1 200) 4 headers in 156 bytes (1 switches on core 0) [pid: 7|app: 0|req: 636/1368] 10.0.0.55 () {32 vars in 738 bytes} [Thu Jun 4 13:08:14 2026] DELETE /v2.0/security-groups/f19bb089-f545-4efc-833f-2b7f66567b9c => generated 0 bytes in 711 msecs (HTTP/1.1 204) 2 headers in 112 bytes (1 switches on core 0)
2026-06-04 13:08:16.051 7 INFO neutron.db.ovn_revision_numbers_db [None req-325976e1-f314-44c8-91cd-07eea3bd202a 1dbea2d5a81a4398a8541754da9f882d 6330c66d49ce4267b4b1aa33d02c083e - - default default] Successfully bumped revision number for resource aff92985-2b96-4584-8966-76f499c35797 (type: security_groups) to 1
2026-06-04 13:08:16.071 7 INFO neutron.db.ovn_revision_numbers_db [None req-325976e1-f314-44c8-91cd-07eea3bd202a 1dbea2d5a81a4398a8541754da9f882d 6330c66d49ce4267b4b1aa33d02c083e - - default default] Successfully bumped revision number for resource 3c61cd6e-62e5-4ff5-a63c-56a0516061f9 (type: security_group_rules) to 0
2026-06-04 13:08:16.110 8 WARNING neutron.scheduler.dhcp_agent_scheduler [None req-cab3d912-912a-4ce9-be57-ce3db32353fa 03ac73edd03c4188b4539e460465c0fb 235c304a4eba4c38b98bf3664a9b7b05 - - default default] No more DHCP agents
2026-06-04 13:08:16.120 7 INFO neutron.db.ovn_revision_numbers_db [None req-325976e1-f314-44c8-91cd-07eea3bd202a 1dbea2d5a81a4398a8541754da9f882d 6330c66d49ce4267b4b1aa33d02c083e - - default default] Successfully bumped revision number for resource 6f711bf6-4cb1-4e9a-b04c-21131ecdc254 (type: security_group_rules) to 0
2026-06-04 13:08:16.120 8 WARNING neutron.api.rpc.agentnotifiers.dhcp_rpc_agent_api [None req-cab3d912-912a-4ce9-be57-ce3db32353fa 03ac73edd03c4188b4539e460465c0fb 235c304a4eba4c38b98bf3664a9b7b05 - - default default] Unable to schedule network ad7f26a6-90b1-4f60-953e-3e54305ee926: no agents available; will retry on subsequent port and subnet creation events.
2026-06-04 13:08:16.140 7 INFO neutron.db.ovn_revision_numbers_db [None req-325976e1-f314-44c8-91cd-07eea3bd202a 1dbea2d5a81a4398a8541754da9f882d 6330c66d49ce4267b4b1aa33d02c083e - - default default] Successfully bumped revision number for resource 79aa084a-a052-4f1f-aa63-ed0355fa6dbd (type: security_group_rules) to 0
2026-06-04 13:08:16.178 7 INFO neutron.db.ovn_revision_numbers_db [None req-325976e1-f314-44c8-91cd-07eea3bd202a 1dbea2d5a81a4398a8541754da9f882d 6330c66d49ce4267b4b1aa33d02c083e - - default default] Successfully bumped revision number for resource 98be4fe7-b9c9-4c3b-85f3-3b36c528072e (type: security_group_rules) to 0
2026-06-04 13:08:16.239 7 INFO neutron.db.ovn_revision_numbers_db [None req-2355810f-0051-462e-a934-05cd27174a66 - - - - - -] Successfully bumped revision number for resource 89e34192-c94c-4e3b-a889-9aef20e0e41f (type: ports) to 4
2026-06-04 13:08:16.288 7 INFO neutron.db.segments_db [None req-325976e1-f314-44c8-91cd-07eea3bd202a 1dbea2d5a81a4398a8541754da9f882d 6330c66d49ce4267b4b1aa33d02c083e - - default default] Added segment 33f678d2-26f3-4ec0-b484-ac3575aa56cc of type geneve for network caf57b4e-3426-4c5c-9aee-bd02eb20cae4
2026-06-04 13:08:16.531 7 INFO neutron.db.ovn_revision_numbers_db [None req-325976e1-f314-44c8-91cd-07eea3bd202a 1dbea2d5a81a4398a8541754da9f882d 6330c66d49ce4267b4b1aa33d02c083e - - default default] Successfully bumped revision number for resource caf57b4e-3426-4c5c-9aee-bd02eb20cae4 (type: networks) to 1
2026-06-04 13:08:16.696 8 INFO neutron.db.ovn_revision_numbers_db [None req-48c9e017-deab-4762-acb5-decd7c86976f - - - - - -] Successfully bumped revision number for resource 9717d8ce-9d13-4544-a793-cc6cc5c861a8 (type: ports) to 2
2026-06-04 13:08:16.723 8 INFO neutron.db.ovn_revision_numbers_db [None req-48c9e017-deab-4762-acb5-decd7c86976f - - - - - -] Successfully bumped revision number for resource fb69472f-8001-4955-8440-ed97c00b5380 (type: subnets) to 0 [pid: 8|app: 0|req: 733/1369] 10.0.0.55 () {34 vars in 667 bytes} [Thu Jun 4 13:08:15 2026] POST /v2.0/subnets => generated 657 bytes in 1412 msecs (HTTP/1.1 201) 4 headers in 162 bytes (1 switches on core 0)
2026-06-04 13:08:16.878 7 WARNING neutron.scheduler.dhcp_agent_scheduler [None req-325976e1-f314-44c8-91cd-07eea3bd202a 1dbea2d5a81a4398a8541754da9f882d 6330c66d49ce4267b4b1aa33d02c083e - - default default] No more DHCP agents
2026-06-04 13:08:16.885 7 WARNING neutron.api.rpc.agentnotifiers.dhcp_rpc_agent_api [None req-325976e1-f314-44c8-91cd-07eea3bd202a 1dbea2d5a81a4398a8541754da9f882d 6330c66d49ce4267b4b1aa33d02c083e - - default default] Unable to schedule network caf57b4e-3426-4c5c-9aee-bd02eb20cae4: no agents available; will retry on subsequent port and subnet creation events.
2026-06-04 13:08:16.977 7 INFO neutron.db.ovn_revision_numbers_db [None req-2355810f-0051-462e-a934-05cd27174a66 - - - - - -] Successfully bumped revision number for resource 89e34192-c94c-4e3b-a889-9aef20e0e41f (type: ports) to 5
2026-06-04 13:08:17.089 7 INFO neutron.db.ovn_revision_numbers_db [None req-325976e1-f314-44c8-91cd-07eea3bd202a 1dbea2d5a81a4398a8541754da9f882d 6330c66d49ce4267b4b1aa33d02c083e - - default default] Successfully bumped revision number for resource dfd59940-3cfd-46e0-a0d0-f3b7c54ab67e (type: ports) to 1 [pid: 7|app: 0|req: 637/1370] 10.0.0.55 () {34 vars in 668 bytes} [Thu Jun 4 13:08:15 2026] POST /v2.0/networks => generated 649 bytes in 1544 msecs (HTTP/1.1 201) 4 headers in 162 bytes (1 switches on core 0) [pid: 7|app: 0|req: 638/1371] 10.0.0.72 () {30 vars in 648 bytes} [Thu Jun 4 13:08:17 2026] GET /v2.0/extensions => generated 20118 bytes in 7 msecs (HTTP/1.1 200) 4 headers in 159 bytes (1 switches on core 0)
2026-06-04 13:08:17.322 7 WARNING neutron.scheduler.dhcp_agent_scheduler [None req-83fdf4df-e608-4413-ae52-3557ac000e5a 1dbea2d5a81a4398a8541754da9f882d 6330c66d49ce4267b4b1aa33d02c083e - - default default] No more DHCP agents
2026-06-04 13:08:17.324 7 WARNING neutron.api.rpc.agentnotifiers.dhcp_rpc_agent_api [None req-83fdf4df-e608-4413-ae52-3557ac000e5a 1dbea2d5a81a4398a8541754da9f882d 6330c66d49ce4267b4b1aa33d02c083e - - default default] Unable to schedule network caf57b4e-3426-4c5c-9aee-bd02eb20cae4: no agents available; will retry on subsequent port and subnet creation events.
2026-06-04 13:08:17.342 8 WARNING neutron.scheduler.dhcp_agent_scheduler [None req-495c4879-8b00-4bb7-99bf-c74e96fcd17a 03ac73edd03c4188b4539e460465c0fb 235c304a4eba4c38b98bf3664a9b7b05 - - default default] No more DHCP agents
2026-06-04 13:08:17.343 8 WARNING neutron.api.rpc.agentnotifiers.dhcp_rpc_agent_api [None req-495c4879-8b00-4bb7-99bf-c74e96fcd17a 03ac73edd03c4188b4539e460465c0fb 235c304a4eba4c38b98bf3664a9b7b05 - - default default] Unable to schedule network ad7f26a6-90b1-4f60-953e-3e54305ee926: no agents available; will retry on subsequent port and subnet creation events.
2026-06-04 13:08:17.452 7 INFO neutron.db.ovn_revision_numbers_db [None req-83fdf4df-e608-4413-ae52-3557ac000e5a 1dbea2d5a81a4398a8541754da9f882d 6330c66d49ce4267b4b1aa33d02c083e - - default default] Successfully bumped revision number for resource b84b7ba3-04e0-49fc-b9a0-6f6c93f0cbb6 (type: ports) to 1 [pid: 7|app: 0|req: 639/1372] 10.0.0.55 () {34 vars in 663 bytes} [Thu Jun 4 13:08:17 2026] POST /v2.0/ports => generated 778 bytes in 404 msecs (HTTP/1.1 201) 4 headers in 162 bytes (1 switches on core 0) /var/lib/openstack/lib/python3.12/site-packages/pycadf/identifier.py:70: UserWarning: Invalid uuid: neutron. To ensure interoperability, identifiers should be a valid uuid. warnings.warn(('Invalid uuid: %s. To ensure interoperability, '
2026-06-04 13:08:17.553 8 INFO neutron.db.ovn_revision_numbers_db [None req-495c4879-8b00-4bb7-99bf-c74e96fcd17a 03ac73edd03c4188b4539e460465c0fb 235c304a4eba4c38b98bf3664a9b7b05 - - default default] Successfully bumped revision number for resource d7abb5ba-ab06-4062-91ad-7cab7432c709 (type: ports) to 1 [pid: 7|app: 0|req: 640/1373] 10.0.0.72 () {30 vars in 722 bytes} [Thu Jun 4 13:08:17 2026] GET /v2.0/quotas/c9656bf61e0d4473b4d38cb3f56a1e83/details => generated 847 bytes in 86 msecs (HTTP/1.1 200) 4 headers in 157 bytes (1 switches on core 0)
2026-06-04 13:08:17.915 7 INFO neutron.db.ovn_revision_numbers_db [None req-3398e233-1a3c-459d-a367-1e72ca315ef5 28d839d6f2684b00a95c1f7e1935a150 ba0ce9b242904c238731fa320f66a593 - - default default] Successfully bumped revision number for resource b5765001-a9e1-4b24-8814-2aa5a6eb1a3b (type: security_groups) to 1
2026-06-04 13:08:17.928 7 INFO neutron.db.ovn_revision_numbers_db [None req-3398e233-1a3c-459d-a367-1e72ca315ef5 28d839d6f2684b00a95c1f7e1935a150 ba0ce9b242904c238731fa320f66a593 - - default default] Successfully bumped revision number for resource 28345959-820f-4a19-966e-eac59a267826 (type: security_group_rules) to 0
2026-06-04 13:08:17.940 7 INFO neutron.db.ovn_revision_numbers_db [None req-3398e233-1a3c-459d-a367-1e72ca315ef5 28d839d6f2684b00a95c1f7e1935a150 ba0ce9b242904c238731fa320f66a593 - - default default] Successfully bumped revision number for resource 8b6e3671-4d52-43da-a32b-f9f1b8724b3b (type: security_group_rules) to 0
2026-06-04 13:08:17.952 7 INFO neutron.db.ovn_revision_numbers_db [None req-3398e233-1a3c-459d-a367-1e72ca315ef5 28d839d6f2684b00a95c1f7e1935a150 ba0ce9b242904c238731fa320f66a593 - - default default] Successfully bumped revision number for resource be313fb3-a355-4539-a56c-19c2df7d610f (type: security_group_rules) to 0
2026-06-04 13:08:17.965 7 INFO neutron.db.ovn_revision_numbers_db [None req-3398e233-1a3c-459d-a367-1e72ca315ef5 28d839d6f2684b00a95c1f7e1935a150 ba0ce9b242904c238731fa320f66a593 - - default default] Successfully bumped revision number for resource d7e6361e-bf4f-40ea-841d-d4195e4fadd7 (type: security_group_rules) to 0
2026-06-04 13:08:18.038 7 INFO neutron.db.segments_db [None req-3398e233-1a3c-459d-a367-1e72ca315ef5 28d839d6f2684b00a95c1f7e1935a150 ba0ce9b242904c238731fa320f66a593 - - default default] Added segment 73c0ace5-fbf3-4c9f-a355-4afbf34226a2 of type geneve for network 00f72d02-09ba-45d2-9a60-1f91642e3345
2026-06-04 13:08:18.152 7 INFO neutron.db.ovn_revision_numbers_db [None req-3398e233-1a3c-459d-a367-1e72ca315ef5 28d839d6f2684b00a95c1f7e1935a150 ba0ce9b242904c238731fa320f66a593 - - default default] Successfully bumped revision number for resource 00f72d02-09ba-45d2-9a60-1f91642e3345 (type: networks) to 1
2026-06-04 13:08:18.272 7 INFO neutron.plugins.ml2.drivers.ovn.mech_driver.mech_driver [None req-0ee9eafb-d7c9-4259-bc6e-c36a4e9a2968 - - - - - -] OVN reports status down for port: dfd59940-3cfd-46e0-a0d0-f3b7c54ab67e
2026-06-04 13:08:18.314 8 WARNING neutron.scheduler.dhcp_agent_scheduler [None req-495c4879-8b00-4bb7-99bf-c74e96fcd17a 03ac73edd03c4188b4539e460465c0fb 235c304a4eba4c38b98bf3664a9b7b05 - - default default] No more DHCP agents
2026-06-04 13:08:18.315 8 WARNING neutron.api.rpc.agentnotifiers.dhcp_rpc_agent_api [None req-495c4879-8b00-4bb7-99bf-c74e96fcd17a 03ac73edd03c4188b4539e460465c0fb 235c304a4eba4c38b98bf3664a9b7b05 - - default default] Unable to schedule network ad7f26a6-90b1-4f60-953e-3e54305ee926: no agents available; will retry on subsequent port and subnet creation events.
2026-06-04 13:08:18.389 7 INFO neutron.plugins.ml2.drivers.ovn.mech_driver.mech_driver [None req-0ee9eafb-d7c9-4259-bc6e-c36a4e9a2968 - - - - - -] OVN reports status down for port: b84b7ba3-04e0-49fc-b9a0-6f6c93f0cbb6
2026-06-04 13:08:18.403 7 WARNING neutron.scheduler.dhcp_agent_scheduler [None req-3398e233-1a3c-459d-a367-1e72ca315ef5 28d839d6f2684b00a95c1f7e1935a150 ba0ce9b242904c238731fa320f66a593 - - default default] No more DHCP agents
2026-06-04 13:08:18.406 7 WARNING neutron.api.rpc.agentnotifiers.dhcp_rpc_agent_api [None req-3398e233-1a3c-459d-a367-1e72ca315ef5 28d839d6f2684b00a95c1f7e1935a150 ba0ce9b242904c238731fa320f66a593 - - default default] Unable to schedule network 00f72d02-09ba-45d2-9a60-1f91642e3345: no agents available; will retry on subsequent port and subnet creation events.
