2026-06-04 13:16:05.013 8 INFO neutron.notifiers.nova [-] Nova event matching ['req-52256b27-f5f7-4422-b8d1-e939b81c1620'] response: {'server_uuid': 'b438f162-0613-4a88-9226-ca9f9c2fc928', 'name': 'network-vif-deleted', 'tag': 'c88e7cf6-b6c2-45bd-b744-c563ba1ffcf4', 'status': 'completed', 'code': 200} [pid: 8|app: 0|req: 1732/3416] 10.0.0.165 () {34 vars in 989 bytes} [Thu Jun 4 13:16:07 2026] GET /v2.0/ports?device_id=b438f162-0613-4a88-9226-ca9f9c2fc928 => generated 12 bytes in 25 msecs (HTTP/1.1 200) 4 headers in 156 bytes (1 switches on core 0) [pid: 8|app: 0|req: 1734/3419] 10.0.0.55 () {32 vars in 748 bytes} [Thu Jun 4 13:16:12 2026] DELETE /v2.0/security-group-rules/fad0508e-9394-48c8-9bcd-fd4b7bd7b715 => generated 0 bytes in 169 msecs (HTTP/1.1 204) 2 headers in 112 bytes (1 switches on core 0)
2026-06-04 13:16:12.804 7 INFO neutron.api.v2.resource [None req-032a1719-4702-46c2-be03-e86240561c17 3ba867cc65394aaeb373b27071658935 57f78e43aa5948bb8a3d0bca8a639ba0 - - default default] show failed (client error): The resource could not be found. [pid: 7|app: 0|req: 1686/3420] 10.0.0.55 () {32 vars in 745 bytes} [Thu Jun 4 13:16:12 2026] GET /v2.0/security-group-rules/fad0508e-9394-48c8-9bcd-fd4b7bd7b715 => generated 155 bytes in 12 msecs (HTTP/1.1 404) 4 headers in 164 bytes (1 switches on core 0) [pid: 8|app: 0|req: 1735/3421] 10.0.0.55 () {32 vars in 748 bytes} [Thu Jun 4 13:16:12 2026] DELETE /v2.0/security-group-rules/7e21901f-610f-4184-90da-d5c85b3a92fd => generated 0 bytes in 165 msecs (HTTP/1.1 204) 2 headers in 112 bytes (1 switches on core 0)
2026-06-04 13:16:12.989 7 INFO neutron.api.v2.resource [None req-5cb4bcfa-e481-4bf1-994b-359879111bf7 3ba867cc65394aaeb373b27071658935 57f78e43aa5948bb8a3d0bca8a639ba0 - - default default] show failed (client error): The resource could not be found. [pid: 7|app: 0|req: 1687/3422] 10.0.0.55 () {32 vars in 745 bytes} [Thu Jun 4 13:16:12 2026] GET /v2.0/security-group-rules/7e21901f-610f-4184-90da-d5c85b3a92fd => generated 155 bytes in 10 msecs (HTTP/1.1 404) 4 headers in 164 bytes (1 switches on core 0) [pid: 8|app: 0|req: 1736/3423] 10.0.0.55 () {32 vars in 748 bytes} [Thu Jun 4 13:16:12 2026] DELETE /v2.0/security-group-rules/390364fa-2755-4285-b6bf-09c9a2c34ea3 => generated 0 bytes in 137 msecs (HTTP/1.1 204) 2 headers in 112 bytes (1 switches on core 0)
2026-06-04 13:16:13.148 7 INFO neutron.api.v2.resource [None req-01af3ca0-7457-4153-b795-6beb8ac1ad6c 3ba867cc65394aaeb373b27071658935 57f78e43aa5948bb8a3d0bca8a639ba0 - - default default] show failed (client error): The resource could not be found. [pid: 7|app: 0|req: 1688/3424] 10.0.0.55 () {32 vars in 745 bytes} [Thu Jun 4 13:16:13 2026] GET /v2.0/security-group-rules/390364fa-2755-4285-b6bf-09c9a2c34ea3 => generated 155 bytes in 13 msecs (HTTP/1.1 404) 4 headers in 164 bytes (1 switches on core 0) [pid: 8|app: 0|req: 1737/3425] 10.0.0.55 () {32 vars in 748 bytes} [Thu Jun 4 13:16:13 2026] DELETE /v2.0/security-group-rules/54c90a64-08f7-4210-a643-e4029d6ea750 => generated 0 bytes in 135 msecs (HTTP/1.1 204) 2 headers in 112 bytes (1 switches on core 0)
2026-06-04 13:16:13.303 7 INFO neutron.api.v2.resource [None req-d5e59157-2c2b-43e2-b192-971aad308200 3ba867cc65394aaeb373b27071658935 57f78e43aa5948bb8a3d0bca8a639ba0 - - default default] show failed (client error): The resource could not be found. [pid: 7|app: 0|req: 1689/3426] 10.0.0.55 () {32 vars in 745 bytes} [Thu Jun 4 13:16:13 2026] GET /v2.0/security-group-rules/54c90a64-08f7-4210-a643-e4029d6ea750 => generated 155 bytes in 10 msecs (HTTP/1.1 404) 4 headers in 164 bytes (1 switches on core 0) [pid: 8|app: 0|req: 1738/3427] 10.0.0.55 () {32 vars in 748 bytes} [Thu Jun 4 13:16:13 2026] DELETE /v2.0/security-group-rules/098a1676-d152-48ca-ad7c-4de83112485b => generated 0 bytes in 137 msecs (HTTP/1.1 204) 2 headers in 112 bytes (1 switches on core 0)
2026-06-04 13:16:13.462 7 INFO neutron.api.v2.resource [None req-712ea633-f53e-4fdb-8361-04c3c597a0ab 3ba867cc65394aaeb373b27071658935 57f78e43aa5948bb8a3d0bca8a639ba0 - - default default] show failed (client error): The resource could not be found. [pid: 7|app: 0|req: 1690/3428] 10.0.0.55 () {32 vars in 745 bytes} [Thu Jun 4 13:16:13 2026] GET /v2.0/security-group-rules/098a1676-d152-48ca-ad7c-4de83112485b => generated 155 bytes in 14 msecs (HTTP/1.1 404) 4 headers in 164 bytes (1 switches on core 0) [pid: 8|app: 0|req: 1739/3429] 10.0.0.55 () {32 vars in 748 bytes} [Thu Jun 4 13:16:13 2026] DELETE /v2.0/security-group-rules/35180197-d919-49c1-a0c2-054c90eac4a8 => generated 0 bytes in 128 msecs (HTTP/1.1 204) 2 headers in 112 bytes (1 switches on core 0)
2026-06-04 13:16:13.613 7 INFO neutron.api.v2.resource [None req-c6295295-1844-4000-bdec-ff016373b3f2 3ba867cc65394aaeb373b27071658935 57f78e43aa5948bb8a3d0bca8a639ba0 - - default default] show failed (client error): The resource could not be found. [pid: 7|app: 0|req: 1691/3430] 10.0.0.55 () {32 vars in 745 bytes} [Thu Jun 4 13:16:13 2026] GET /v2.0/security-group-rules/35180197-d919-49c1-a0c2-054c90eac4a8 => generated 155 bytes in 13 msecs (HTTP/1.1 404) 4 headers in 164 bytes (1 switches on core 0) [pid: 8|app: 0|req: 1740/3431] 10.0.0.55 () {32 vars in 748 bytes} [Thu Jun 4 13:16:13 2026] DELETE /v2.0/security-group-rules/c95c4643-45e6-4667-9d04-100517b1001e => generated 0 bytes in 142 msecs (HTTP/1.1 204) 2 headers in 112 bytes (1 switches on core 0)
2026-06-04 13:16:13.780 7 INFO neutron.api.v2.resource [None req-a4d82f9d-b9ff-4572-ae56-b1af0f9aaad9 3ba867cc65394aaeb373b27071658935 57f78e43aa5948bb8a3d0bca8a639ba0 - - default default] show failed (client error): The resource could not be found. [pid: 7|app: 0|req: 1692/3432] 10.0.0.55 () {32 vars in 745 bytes} [Thu Jun 4 13:16:13 2026] GET /v2.0/security-group-rules/c95c4643-45e6-4667-9d04-100517b1001e => generated 155 bytes in 13 msecs (HTTP/1.1 404) 4 headers in 164 bytes (1 switches on core 0) [pid: 8|app: 0|req: 1741/3433] 10.0.0.55 () {32 vars in 748 bytes} [Thu Jun 4 13:16:13 2026] DELETE /v2.0/security-group-rules/4fecc282-8cec-4ce0-aaa7-e02bb5598806 => generated 0 bytes in 143 msecs (HTTP/1.1 204) 2 headers in 112 bytes (1 switches on core 0)
2026-06-04 13:16:13.949 7 INFO neutron.api.v2.resource [None req-241ce81b-2f85-4756-9856-8b02267aa093 3ba867cc65394aaeb373b27071658935 57f78e43aa5948bb8a3d0bca8a639ba0 - - default default] show failed (client error): The resource could not be found. [pid: 7|app: 0|req: 1693/3434] 10.0.0.55 () {32 vars in 745 bytes} [Thu Jun 4 13:16:13 2026] GET /v2.0/security-group-rules/4fecc282-8cec-4ce0-aaa7-e02bb5598806 => generated 155 bytes in 16 msecs (HTTP/1.1 404) 4 headers in 164 bytes (1 switches on core 0) [pid: 8|app: 0|req: 1742/3435] 10.0.0.55 () {32 vars in 748 bytes} [Thu Jun 4 13:16:13 2026] DELETE /v2.0/security-group-rules/7e6d0f85-49f1-4d4d-8c23-3b2cc5f91491 => generated 0 bytes in 134 msecs (HTTP/1.1 204) 2 headers in 112 bytes (1 switches on core 0)
2026-06-04 13:16:14.106 7 INFO neutron.api.v2.resource [None req-972eb3f7-6d10-4cc6-be26-eb846f4fd507 3ba867cc65394aaeb373b27071658935 57f78e43aa5948bb8a3d0bca8a639ba0 - - default default] show failed (client error): The resource could not be found. [pid: 7|app: 0|req: 1694/3436] 10.0.0.55 () {32 vars in 745 bytes} [Thu Jun 4 13:16:14 2026] GET /v2.0/security-group-rules/7e6d0f85-49f1-4d4d-8c23-3b2cc5f91491 => generated 155 bytes in 12 msecs (HTTP/1.1 404) 4 headers in 164 bytes (1 switches on core 0) [pid: 8|app: 0|req: 1743/3437] 10.0.0.55 () {32 vars in 748 bytes} [Thu Jun 4 13:16:14 2026] DELETE /v2.0/security-group-rules/0a822e94-473f-484f-b625-3224bd6fde3d => generated 0 bytes in 127 msecs (HTTP/1.1 204) 2 headers in 112 bytes (1 switches on core 0)
2026-06-04 13:16:14.254 7 INFO neutron.api.v2.resource [None req-fb407da5-0946-4c46-80fe-7ffb4878af6d 3ba867cc65394aaeb373b27071658935 57f78e43aa5948bb8a3d0bca8a639ba0 - - default default] show failed (client error): The resource could not be found. [pid: 7|app: 0|req: 1695/3438] 10.0.0.55 () {32 vars in 745 bytes} [Thu Jun 4 13:16:14 2026] GET /v2.0/security-group-rules/0a822e94-473f-484f-b625-3224bd6fde3d => generated 155 bytes in 11 msecs (HTTP/1.1 404) 4 headers in 164 bytes (1 switches on core 0) [pid: 8|app: 0|req: 1744/3439] 10.0.0.55 () {32 vars in 748 bytes} [Thu Jun 4 13:16:14 2026] DELETE /v2.0/security-group-rules/ddc39340-35ce-4e47-b5d6-a08661bfb6e3 => generated 0 bytes in 129 msecs (HTTP/1.1 204) 2 headers in 112 bytes (1 switches on core 0)
2026-06-04 13:16:14.401 7 INFO neutron.api.v2.resource [None req-c5c6b913-9b26-49fd-8d1d-789c8a89f625 3ba867cc65394aaeb373b27071658935 57f78e43aa5948bb8a3d0bca8a639ba0 - - default default] show failed (client error): The resource could not be found. [pid: 7|app: 0|req: 1696/3440] 10.0.0.55 () {32 vars in 745 bytes} [Thu Jun 4 13:16:14 2026] GET /v2.0/security-group-rules/ddc39340-35ce-4e47-b5d6-a08661bfb6e3 => generated 155 bytes in 9 msecs (HTTP/1.1 404) 4 headers in 164 bytes (1 switches on core 0) [pid: 8|app: 0|req: 1745/3441] 10.0.0.55 () {32 vars in 738 bytes} [Thu Jun 4 13:16:14 2026] DELETE /v2.0/security-groups/6dab0fe0-5a6a-48fb-97ff-3bd282a5d1cb => generated 0 bytes in 132 msecs (HTTP/1.1 204) 2 headers in 112 bytes (1 switches on core 0)
2026-06-04 13:16:14.560 7 INFO neutron.api.v2.resource [None req-9bea70e8-2bf4-4258-b0ff-1356d39e0acf 3ba867cc65394aaeb373b27071658935 57f78e43aa5948bb8a3d0bca8a639ba0 - - default default] show failed (client error): The resource could not be found. [pid: 7|app: 0|req: 1697/3442] 10.0.0.55 () {32 vars in 735 bytes} [Thu Jun 4 13:16:14 2026] GET /v2.0/security-groups/6dab0fe0-5a6a-48fb-97ff-3bd282a5d1cb => generated 146 bytes in 18 msecs (HTTP/1.1 404) 4 headers in 164 bytes (1 switches on core 0)
2026-06-04 13:16:14.889 8 INFO neutron_taas.services.taas.taas_plugin [None req-e1533d99-1ccd-4b7c-894a-df1af808c680 3ba867cc65394aaeb373b27071658935 57f78e43aa5948bb8a3d0bca8a639ba0 - - default default] TaaS: Handle Delete Port: bdace382-7d77-4897-8f03-d4ca1b45632f
2026-06-04 13:16:14.893 8 INFO neutron_taas.services.taas.tap_mirror_plugin [None req-e1533d99-1ccd-4b7c-894a-df1af808c680 3ba867cc65394aaeb373b27071658935 57f78e43aa5948bb8a3d0bca8a639ba0 - - default default] Tap Mirror: Handle Delete Port: bdace382-7d77-4897-8f03-d4ca1b45632f [pid: 8|app: 0|req: 1746/3443] 10.0.0.55 () {34 vars in 787 bytes} [Thu Jun 4 13:16:14 2026] PUT /v2.0/routers/a505868f-b945-4a0d-9bb3-565262c84a21/remove_router_interface => generated 309 bytes in 812 msecs (HTTP/1.1 200) 4 headers in 157 bytes (1 switches on core 0)
2026-06-04 13:16:15.521 7 INFO neutron.api.v2.resource [None req-c92d855c-f2e1-4c8e-92bb-677b8c806b44 3ba867cc65394aaeb373b27071658935 57f78e43aa5948bb8a3d0bca8a639ba0 - - default default] remove_router_interface failed (client error): The resource could not be found. [pid: 7|app: 0|req: 1698/3444] 10.0.0.55 () {34 vars in 787 bytes} [Thu Jun 4 13:16:15 2026] PUT /v2.0/routers/a505868f-b945-4a0d-9bb3-565262c84a21/remove_router_interface => generated 198 bytes in 100 msecs (HTTP/1.1 404) 4 headers in 164 bytes (1 switches on core 0) /var/lib/openstack/lib/python3.12/site-packages/pycadf/identifier.py:70: UserWarning: Invalid uuid: neutron. To ensure interoperability, identifiers should be a valid uuid. warnings.warn(('Invalid uuid: %s. To ensure interoperability, '
2026-06-04 13:16:15.834 8 INFO neutron_taas.services.taas.taas_plugin [None req-69d625da-66f5-46fb-b111-f7fcbb1c86e0 3ba867cc65394aaeb373b27071658935 57f78e43aa5948bb8a3d0bca8a639ba0 - - default default] TaaS: Handle Delete Port: b77f32d1-3dea-491b-ac26-aaf03ce7b0a1
2026-06-04 13:16:15.839 8 INFO neutron_taas.services.taas.tap_mirror_plugin [None req-69d625da-66f5-46fb-b111-f7fcbb1c86e0 3ba867cc65394aaeb373b27071658935 57f78e43aa5948bb8a3d0bca8a639ba0 - - default default] Tap Mirror: Handle Delete Port: b77f32d1-3dea-491b-ac26-aaf03ce7b0a1 [pid: 8|app: 0|req: 1747/3445] 10.0.0.55 () {34 vars in 787 bytes} [Thu Jun 4 13:16:15 2026] PUT /v2.0/routers/a505868f-b945-4a0d-9bb3-565262c84a21/remove_router_interface => generated 309 bytes in 889 msecs (HTTP/1.1 200) 4 headers in 157 bytes (1 switches on core 0)
2026-06-04 13:16:16.538 7 INFO neutron.api.v2.resource [None req-d5b46689-ecd8-4760-8b73-125d1ccc6d1c 3ba867cc65394aaeb373b27071658935 57f78e43aa5948bb8a3d0bca8a639ba0 - - default default] remove_router_interface failed (client error): The resource could not be found. [pid: 7|app: 0|req: 1699/3446] 10.0.0.55 () {34 vars in 787 bytes} [Thu Jun 4 13:16:16 2026] PUT /v2.0/routers/a505868f-b945-4a0d-9bb3-565262c84a21/remove_router_interface => generated 198 bytes in 119 msecs (HTTP/1.1 404) 4 headers in 164 bytes (1 switches on core 0) /var/lib/openstack/lib/python3.12/site-packages/pycadf/identifier.py:70: UserWarning: Invalid uuid: neutron. To ensure interoperability, identifiers should be a valid uuid. warnings.warn(('Invalid uuid: %s. To ensure interoperability, '
2026-06-04 13:16:16.850 8 INFO neutron_taas.services.taas.taas_plugin [None req-8c0e64a1-1bf6-4125-a17e-97d1ef82eec4 3ba867cc65394aaeb373b27071658935 57f78e43aa5948bb8a3d0bca8a639ba0 - - default default] TaaS: Handle Delete Port: 981bb487-1382-4924-afa8-33bf9c30ba40
2026-06-04 13:16:16.855 8 INFO neutron_taas.services.taas.tap_mirror_plugin [None req-8c0e64a1-1bf6-4125-a17e-97d1ef82eec4 3ba867cc65394aaeb373b27071658935 57f78e43aa5948bb8a3d0bca8a639ba0 - - default default] Tap Mirror: Handle Delete Port: 981bb487-1382-4924-afa8-33bf9c30ba40 [pid: 8|app: 0|req: 1748/3447] 10.0.0.55 () {34 vars in 787 bytes} [Thu Jun 4 13:16:16 2026] PUT /v2.0/routers/a505868f-b945-4a0d-9bb3-565262c84a21/remove_router_interface => generated 309 bytes in 859 msecs (HTTP/1.1 200) 4 headers in 157 bytes (1 switches on core 0)
2026-06-04 13:16:17.512 7 INFO neutron.api.v2.resource [None req-fa8bc382-310e-4dfb-8447-54764d93d199 3ba867cc65394aaeb373b27071658935 57f78e43aa5948bb8a3d0bca8a639ba0 - - default default] remove_router_interface failed (client error): The resource could not be found. [pid: 7|app: 0|req: 1700/3448] 10.0.0.55 () {34 vars in 787 bytes} [Thu Jun 4 13:16:17 2026] PUT /v2.0/routers/a505868f-b945-4a0d-9bb3-565262c84a21/remove_router_interface => generated 198 bytes in 103 msecs (HTTP/1.1 404) 4 headers in 164 bytes (1 switches on core 0) /var/lib/openstack/lib/python3.12/site-packages/pycadf/identifier.py:70: UserWarning: Invalid uuid: neutron. To ensure interoperability, identifiers should be a valid uuid. warnings.warn(('Invalid uuid: %s. To ensure interoperability, '
2026-06-04 13:16:17.824 8 INFO neutron_taas.services.taas.taas_plugin [None req-4354b229-b9aa-4342-aa5f-db08e7e301d2 3ba867cc65394aaeb373b27071658935 57f78e43aa5948bb8a3d0bca8a639ba0 - - default default] TaaS: Handle Delete Port: 5f95ad7c-e10e-444b-9dd1-fd68e673ec47
2026-06-04 13:16:17.828 8 INFO neutron_taas.services.taas.tap_mirror_plugin [None req-4354b229-b9aa-4342-aa5f-db08e7e301d2 3ba867cc65394aaeb373b27071658935 57f78e43aa5948bb8a3d0bca8a639ba0 - - default default] Tap Mirror: Handle Delete Port: 5f95ad7c-e10e-444b-9dd1-fd68e673ec47 [pid: 8|app: 0|req: 1749/3449] 10.0.0.55 () {32 vars in 722 bytes} [Thu Jun 4 13:16:17 2026] DELETE /v2.0/routers/a505868f-b945-4a0d-9bb3-565262c84a21 => generated 0 bytes in 774 msecs (HTTP/1.1 204) 2 headers in 112 bytes (1 switches on core 0)
2026-06-04 13:16:18.313 7 INFO neutron.api.v2.resource [None req-875cbd77-d5b8-4554-824e-bcd9118cb9e8 3ba867cc65394aaeb373b27071658935 57f78e43aa5948bb8a3d0bca8a639ba0 - - default default] show failed (client error): The resource could not be found. [pid: 7|app: 0|req: 1701/3450] 10.0.0.55 () {32 vars in 719 bytes} [Thu Jun 4 13:16:18 2026] GET /v2.0/routers/a505868f-b945-4a0d-9bb3-565262c84a21 => generated 135 bytes in 17 msecs (HTTP/1.1 404) 4 headers in 164 bytes (1 switches on core 0) [pid: 8|app: 0|req: 1750/3451] 10.0.0.55 () {32 vars in 722 bytes} [Thu Jun 4 13:16:18 2026] DELETE /v2.0/subnets/82314253-e9d2-4093-a74c-9aa1b97abb75 => generated 0 bytes in 161 msecs (HTTP/1.1 204) 3 headers in 131 bytes (1 switches on core 0)
2026-06-04 13:16:18.500 7 INFO neutron.pecan_wsgi.hooks.translation [None req-fc420427-7dbf-4186-a329-463197d5b18a 3ba867cc65394aaeb373b27071658935 57f78e43aa5948bb8a3d0bca8a639ba0 - - default default] GET failed (client error): The resource could not be found. [pid: 7|app: 0|req: 1702/3452] 10.0.0.55 () {32 vars in 719 bytes} [Thu Jun 4 13:16:18 2026] GET /v2.0/subnets/82314253-e9d2-4093-a74c-9aa1b97abb75 => generated 136 bytes in 16 msecs (HTTP/1.1 404) 4 headers in 164 bytes (1 switches on core 0) [pid: 8|app: 0|req: 1751/3453] 10.0.0.55 () {32 vars in 722 bytes} [Thu Jun 4 13:16:18 2026] DELETE /v2.0/subnets/be37675a-84ce-4bca-b428-b54554ab6fb1 => generated 0 bytes in 173 msecs (HTTP/1.1 204) 3 headers in 131 bytes (1 switches on core 0)
2026-06-04 13:16:18.700 7 INFO neutron.pecan_wsgi.hooks.translation [None req-954a8f4e-9c26-4eab-9aea-8f45a024ff82 3ba867cc65394aaeb373b27071658935 57f78e43aa5948bb8a3d0bca8a639ba0 - - default default] GET failed (client error): The resource could not be found. [pid: 7|app: 0|req: 1703/3454] 10.0.0.55 () {32 vars in 719 bytes} [Thu Jun 4 13:16:18 2026] GET /v2.0/subnets/be37675a-84ce-4bca-b428-b54554ab6fb1 => generated 136 bytes in 17 msecs (HTTP/1.1 404) 4 headers in 164 bytes (1 switches on core 0)
2026-06-04 13:16:18.820 8 INFO neutron_taas.services.taas.taas_plugin [None req-49995e9a-4648-456e-97d8-c5c16042f20d 3ba867cc65394aaeb373b27071658935 57f78e43aa5948bb8a3d0bca8a639ba0 - - default default] TaaS: Handle Delete Port: ec615662-e7c6-48d9-8247-bce26541d9b1
2026-06-04 13:16:18.822 8 INFO neutron_taas.services.taas.tap_mirror_plugin [None req-49995e9a-4648-456e-97d8-c5c16042f20d 3ba867cc65394aaeb373b27071658935 57f78e43aa5948bb8a3d0bca8a639ba0 - - default default] Tap Mirror: Handle Delete Port: ec615662-e7c6-48d9-8247-bce26541d9b1
2026-06-04 13:16:19.088 8 INFO neutron.services.segments.plugin [-] Segment 6c08090b-49ac-4080-8f80-ff7e5e5610dc resource provider aggregate not found
2026-06-04 13:16:19.102 8 INFO neutron.services.segments.plugin [-] Segment 6c08090b-49ac-4080-8f80-ff7e5e5610dc resource provider not found; error: Placement Client Error (4xx): {"errors": [{"status": 404, "title": "Not Found", "detail": "The resource could not be found.\n\n No resource provider with uuid 6c08090b-49ac-4080-8f80-ff7e5e5610dc found for delete ", "request_id": "req-20af3535-ab73-4281-a8e7-c2256c4f084f"}]} [pid: 8|app: 0|req: 1752/3455] 10.0.0.55 () {32 vars in 724 bytes} [Thu Jun 4 13:16:18 2026] DELETE /v2.0/networks/c9cfcfcf-de34-4b85-8634-1ef5e7ffe431 => generated 0 bytes in 399 msecs (HTTP/1.1 204) 3 headers in 131 bytes (1 switches on core 0)
2026-06-04 13:16:19.109 8 INFO neutron.services.segments.plugin [-] Segment 6c08090b-49ac-4080-8f80-ff7e5e5610dc resource provider aggregate not found
2026-06-04 13:16:19.127 7 INFO neutron.pecan_wsgi.hooks.translation [None req-7637f1d1-b712-40a0-b659-1ad44c12773a 3ba867cc65394aaeb373b27071658935 57f78e43aa5948bb8a3d0bca8a639ba0 - - default default] GET failed (client error): The resource could not be found.
2026-06-04 13:16:19.127 8 INFO neutron.services.segments.plugin [-] Segment 6c08090b-49ac-4080-8f80-ff7e5e5610dc resource provider not found; error: Placement Client Error (4xx): {"errors": [{"status": 404, "title": "Not Found", "detail": "The resource could not be found.\n\n No resource provider with uuid 6c08090b-49ac-4080-8f80-ff7e5e5610dc found for delete ", "request_id": "req-01d76528-f5ba-463a-ab7f-3a9754026f07"}]} [pid: 7|app: 0|req: 1704/3456] 10.0.0.55 () {32 vars in 721 bytes} [Thu Jun 4 13:16:19 2026] GET /v2.0/networks/c9cfcfcf-de34-4b85-8634-1ef5e7ffe431 => generated 138 bytes in 16 msecs (HTTP/1.1 404) 4 headers in 164 bytes (1 switches on core 0) [pid: 8|app: 0|req: 1753/3457] 10.0.0.55 () {32 vars in 722 bytes} [Thu Jun 4 13:16:19 2026] DELETE /v2.0/subnets/4ac4f3d0-66cb-4752-acd5-b299956c62d3 => generated 0 bytes in 159 msecs (HTTP/1.1 204) 3 headers in 131 bytes (1 switches on core 0)
2026-06-04 13:16:19.312 7 INFO neutron.pecan_wsgi.hooks.translation [None req-657c7ff2-2a57-4325-8e7f-e7f267f3bf67 3ba867cc65394aaeb373b27071658935 57f78e43aa5948bb8a3d0bca8a639ba0 - - default default] GET failed (client error): The resource could not be found. [pid: 7|app: 0|req: 1705/3458] 10.0.0.55 () {32 vars in 719 bytes} [Thu Jun 4 13:16:19 2026] GET /v2.0/subnets/4ac4f3d0-66cb-4752-acd5-b299956c62d3 => generated 136 bytes in 14 msecs (HTTP/1.1 404) 4 headers in 164 bytes (1 switches on core 0) [pid: 8|app: 0|req: 1754/3459] 10.0.0.55 () {32 vars in 722 bytes} [Thu Jun 4 13:16:19 2026] DELETE /v2.0/subnets/62a25959-f845-46c4-9ce2-a53ecf5144d4 => generated 0 bytes in 191 msecs (HTTP/1.1 204) 3 headers in 131 bytes (1 switches on core 0)
2026-06-04 13:16:19.529 7 INFO neutron.pecan_wsgi.hooks.translation [None req-47feae72-9434-4d0d-9e06-699a05fb413a 3ba867cc65394aaeb373b27071658935 57f78e43aa5948bb8a3d0bca8a639ba0 - - default default] GET failed (client error): The resource could not be found. [pid: 7|app: 0|req: 1706/3460] 10.0.0.55 () {32 vars in 719 bytes} [Thu Jun 4 13:16:19 2026] GET /v2.0/subnets/62a25959-f845-46c4-9ce2-a53ecf5144d4 => generated 136 bytes in 16 msecs (HTTP/1.1 404) 4 headers in 164 bytes (1 switches on core 0)
2026-06-04 13:16:19.659 8 INFO neutron_taas.services.taas.taas_plugin [None req-256bcff4-3230-4aa3-8cd4-4f89048842ef 3ba867cc65394aaeb373b27071658935 57f78e43aa5948bb8a3d0bca8a639ba0 - - default default] TaaS: Handle Delete Port: 3434f9a0-1feb-438c-962c-452f4f0374e1
2026-06-04 13:16:19.662 8 INFO neutron_taas.services.taas.tap_mirror_plugin [None req-256bcff4-3230-4aa3-8cd4-4f89048842ef 3ba867cc65394aaeb373b27071658935 57f78e43aa5948bb8a3d0bca8a639ba0 - - default default] Tap Mirror: Handle Delete Port: 3434f9a0-1feb-438c-962c-452f4f0374e1 [pid: 8|app: 0|req: 1755/3461] 10.0.0.55 () {32 vars in 724 bytes} [Thu Jun 4 13:16:19 2026] DELETE /v2.0/networks/78ae4258-b4fc-4879-b76d-00e6ec2dd196 => generated 0 bytes in 389 msecs (HTTP/1.1 204) 3 headers in 131 bytes (1 switches on core 0)
2026-06-04 13:16:19.952 7 INFO neutron.pecan_wsgi.hooks.translation [None req-ed75a33e-40c0-46b2-a6a5-88119d128b01 3ba867cc65394aaeb373b27071658935 57f78e43aa5948bb8a3d0bca8a639ba0 - - default default] GET failed (client error): The resource could not be found. [pid: 7|app: 0|req: 1707/3462] 10.0.0.55 () {32 vars in 721 bytes} [Thu Jun 4 13:16:19 2026] GET /v2.0/networks/78ae4258-b4fc-4879-b76d-00e6ec2dd196 => generated 138 bytes in 24 msecs (HTTP/1.1 404) 4 headers in 164 bytes (1 switches on core 0) [pid: 8|app: 0|req: 1756/3463] 10.0.0.55 () {32 vars in 722 bytes} [Thu Jun 4 13:16:19 2026] DELETE /v2.0/subnets/9fcc7c34-7e57-4bdf-83dc-6608b20196c3 => generated 0 bytes in 149 msecs (HTTP/1.1 204) 3 headers in 131 bytes (1 switches on core 0)
2026-06-04 13:16:20.127 7 INFO neutron.pecan_wsgi.hooks.translation [None req-70e2a63e-b92e-4e95-b192-7793324be6ca 3ba867cc65394aaeb373b27071658935 57f78e43aa5948bb8a3d0bca8a639ba0 - - default default] GET failed (client error): The resource could not be found. [pid: 7|app: 0|req: 1708/3464] 10.0.0.55 () {32 vars in 719 bytes} [Thu Jun 4 13:16:20 2026] GET /v2.0/subnets/9fcc7c34-7e57-4bdf-83dc-6608b20196c3 => generated 136 bytes in 15 msecs (HTTP/1.1 404) 4 headers in 164 bytes (1 switches on core 0) [pid: 8|app: 0|req: 1757/3465] 10.0.0.55 () {32 vars in 722 bytes} [Thu Jun 4 13:16:20 2026] DELETE /v2.0/subnets/53a0062e-7b00-4940-8f7a-4505e968a733 => generated 0 bytes in 156 msecs (HTTP/1.1 204) 3 headers in 131 bytes (1 switches on core 0)
2026-06-04 13:16:20.308 7 INFO neutron.pecan_wsgi.hooks.translation [None req-98b656e4-5a8f-4e7f-b524-d60fa9bb38a8 3ba867cc65394aaeb373b27071658935 57f78e43aa5948bb8a3d0bca8a639ba0 - - default default] GET failed (client error): The resource could not be found. [pid: 7|app: 0|req: 1709/3466] 10.0.0.55 () {32 vars in 719 bytes} [Thu Jun 4 13:16:20 2026] GET /v2.0/subnets/53a0062e-7b00-4940-8f7a-4505e968a733 => generated 136 bytes in 14 msecs (HTTP/1.1 404) 4 headers in 164 bytes (1 switches on core 0)
2026-06-04 13:16:20.420 8 INFO neutron_taas.services.taas.taas_plugin [None req-672fd420-648e-4679-831c-32a5487a469a 3ba867cc65394aaeb373b27071658935 57f78e43aa5948bb8a3d0bca8a639ba0 - - default default] TaaS: Handle Delete Port: 22811242-0df4-4fb9-89ec-bb6b2ca4d93a
2026-06-04 13:16:20.423 8 INFO neutron_taas.services.taas.tap_mirror_plugin [None req-672fd420-648e-4679-831c-32a5487a469a 3ba867cc65394aaeb373b27071658935 57f78e43aa5948bb8a3d0bca8a639ba0 - - default default] Tap Mirror: Handle Delete Port: 22811242-0df4-4fb9-89ec-bb6b2ca4d93a [pid: 8|app: 0|req: 1758/3467] 10.0.0.55 () {32 vars in 724 bytes} [Thu Jun 4 13:16:20 2026] DELETE /v2.0/networks/0053749a-776b-44ed-93bb-7b068dca2cb4 => generated 0 bytes in 344 msecs (HTTP/1.1 204) 3 headers in 131 bytes (1 switches on core 0)
2026-06-04 13:16:20.676 7 INFO neutron.pecan_wsgi.hooks.translation [None req-c3d76124-6bde-46f5-b2f6-817bdce97680 3ba867cc65394aaeb373b27071658935 57f78e43aa5948bb8a3d0bca8a639ba0 - - default default] GET failed (client error): The resource could not be found. [pid: 7|app: 0|req: 1710/3468] 10.0.0.55 () {32 vars in 721 bytes} [Thu Jun 4 13:16:20 2026] GET /v2.0/networks/0053749a-776b-44ed-93bb-7b068dca2cb4 => generated 138 bytes in 16 msecs (HTTP/1.1 404) 4 headers in 164 bytes (1 switches on core 0)
2026-06-04 13:16:21.120 8 INFO neutron.services.segments.plugin [-] Segment 6c173e30-524b-4bcf-9d87-4bacc742c202 resource provider aggregate not found
2026-06-04 13:16:21.134 8 INFO neutron.services.segments.plugin [-] Segment 6c173e30-524b-4bcf-9d87-4bacc742c202 resource provider not found; error: Placement Client Error (4xx): {"errors": [{"status": 404, "title": "Not Found", "detail": "The resource could not be found.\n\n No resource provider with uuid 6c173e30-524b-4bcf-9d87-4bacc742c202 found for delete ", "request_id": "req-4bfc2ac3-1546-4438-8982-9216b0365012"}]}
2026-06-04 13:16:21.142 8 INFO neutron.services.segments.plugin [-] Segment 6c173e30-524b-4bcf-9d87-4bacc742c202 resource provider aggregate not found
2026-06-04 13:16:21.147 8 INFO neutron.services.segments.plugin [-] Segment 8e811bb0-e32e-400c-845f-7cedd2825f2f resource provider aggregate not found
2026-06-04 13:16:21.157 8 INFO neutron.services.segments.plugin [-] Segment 6c173e30-524b-4bcf-9d87-4bacc742c202 resource provider not found; error: Placement Client Error (4xx): {"errors": [{"status": 404, "title": "Not Found", "detail": "The resource could not be found.\n\n No resource provider with uuid 6c173e30-524b-4bcf-9d87-4bacc742c202 found for delete ", "request_id": "req-6f38cd40-3ff2-4bf6-8816-09b8c6caf408"}]}
2026-06-04 13:16:21.163 8 INFO neutron.services.segments.plugin [-] Segment 8e811bb0-e32e-400c-845f-7cedd2825f2f resource provider not found; error: Placement Client Error (4xx): {"errors": [{"status": 404, "title": "Not Found", "detail": "The resource could not be found.\n\n No resource provider with uuid 8e811bb0-e32e-400c-845f-7cedd2825f2f found for delete ", "request_id": "req-af1881c0-e445-42e2-af98-5f08e0bd3711"}]}
2026-06-04 13:16:21.169 8 INFO neutron.services.segments.plugin [-] Segment 8e811bb0-e32e-400c-845f-7cedd2825f2f resource provider aggregate not found
2026-06-04 13:16:21.182 8 INFO neutron.services.segments.plugin [-] Segment 8e811bb0-e32e-400c-845f-7cedd2825f2f resource provider not found; error: Placement Client Error (4xx): {"errors": [{"status": 404, "title": "Not Found", "detail": "The resource could not be found.\n\n No resource provider with uuid 8e811bb0-e32e-400c-845f-7cedd2825f2f found for delete ", "request_id": "req-961906b0-a365-4ad4-97d4-27cf0ffd0e79"}]} [pid: 8|app: 0|req: 1759/3469] 10.0.0.55 () {32 vars in 772 bytes} [Thu Jun 4 13:16:22 2026] GET /v2.0/security-groups?tenant_id=57f78e43aa5948bb8a3d0bca8a639ba0&name=default => generated 2929 bytes in 154 msecs (HTTP/1.1 200) 4 headers in 158 bytes (1 switches on core 0) [pid: 7|app: 0|req: 1711/3470] 10.0.0.55 () {32 vars in 738 bytes} [Thu Jun 4 13:16:22 2026] DELETE /v2.0/security-groups/ca19162e-b9e7-4a31-a220-57e6f20bdf6d => generated 0 bytes in 337 msecs (HTTP/1.1 204) 2 headers in 112 bytes (1 switches on core 0)
2026-06-04 13:16:23.116 8 INFO neutron.db.ovn_revision_numbers_db [None req-1f62abb0-d82c-46ac-a059-4c950ab7a6e3 28d839d6f2684b00a95c1f7e1935a150 ba0ce9b242904c238731fa320f66a593 - - default default] Successfully bumped revision number for resource 421834bf-3e09-44e5-ab23-a81792b602b7 (type: security_groups) to 1
2026-06-04 13:16:23.128 8 INFO neutron.db.ovn_revision_numbers_db [None req-1f62abb0-d82c-46ac-a059-4c950ab7a6e3 28d839d6f2684b00a95c1f7e1935a150 ba0ce9b242904c238731fa320f66a593 - - default default] Successfully bumped revision number for resource 1a8efbdf-76c8-4703-88cc-ff24369d3c21 (type: security_group_rules) to 0
2026-06-04 13:16:23.138 8 INFO neutron.db.ovn_revision_numbers_db [None req-1f62abb0-d82c-46ac-a059-4c950ab7a6e3 28d839d6f2684b00a95c1f7e1935a150 ba0ce9b242904c238731fa320f66a593 - - default default] Successfully bumped revision number for resource 41abc20c-c1d0-4f00-9fff-993db21b231a (type: security_group_rules) to 0
2026-06-04 13:16:23.149 8 INFO neutron.db.ovn_revision_numbers_db [None req-1f62abb0-d82c-46ac-a059-4c950ab7a6e3 28d839d6f2684b00a95c1f7e1935a150 ba0ce9b242904c238731fa320f66a593 - - default default] Successfully bumped revision number for resource 6569e60e-5c7b-49f2-bec8-df1678539a40 (type: security_group_rules) to 0
2026-06-04 13:16:23.158 8 INFO neutron.db.ovn_revision_numbers_db [None req-1f62abb0-d82c-46ac-a059-4c950ab7a6e3 28d839d6f2684b00a95c1f7e1935a150 ba0ce9b242904c238731fa320f66a593 - - default default] Successfully bumped revision number for resource ff4c6ca8-d268-4dc4-8bef-97ef651a7f1e (type: security_group_rules) to 0 [pid: 8|app: 0|req: 1760/3471] 10.0.0.55 () {32 vars in 772 bytes} [Thu Jun 4 13:16:22 2026] GET /v2.0/security-groups?tenant_id=2c916c6c00b348be89cf16ee3b64725b&name=default => generated 2929 bytes in 239 msecs (HTTP/1.1 200) 4 headers in 158 bytes (1 switches on core 0) [pid: 7|app: 0|req: 1712/3472] 10.0.0.55 () {32 vars in 738 bytes} [Thu Jun 4 13:16:23 2026] DELETE /v2.0/security-groups/421834bf-3e09-44e5-ab23-a81792b602b7 => generated 0 bytes in 276 msecs (HTTP/1.1 204) 2 headers in 112 bytes (1 switches on core 0)
2026-06-04 13:16:23.734 8 INFO neutron.db.ovn_revision_numbers_db [None req-f71ea1c1-a293-4d28-a9b6-01f23b025187 28d839d6f2684b00a95c1f7e1935a150 ba0ce9b242904c238731fa320f66a593 - - default default] Successfully bumped revision number for resource cc789fc7-04e3-4229-bbd5-39335a032afb (type: security_groups) to 1
2026-06-04 13:16:23.749 8 INFO neutron.db.ovn_revision_numbers_db [None req-f71ea1c1-a293-4d28-a9b6-01f23b025187 28d839d6f2684b00a95c1f7e1935a150 ba0ce9b242904c238731fa320f66a593 - - default default] Successfully bumped revision number for resource c5e168e7-0266-4de2-b2b0-0b766fe926f2 (type: security_group_rules) to 0
2026-06-04 13:16:23.762 8 INFO neutron.db.ovn_revision_numbers_db [None req-f71ea1c1-a293-4d28-a9b6-01f23b025187 28d839d6f2684b00a95c1f7e1935a150 ba0ce9b242904c238731fa320f66a593 - - default default] Successfully bumped revision number for resource c813dbbb-9962-4e98-9bdb-993b02c307b9 (type: security_group_rules) to 0
2026-06-04 13:16:23.775 8 INFO neutron.db.ovn_revision_numbers_db [None req-f71ea1c1-a293-4d28-a9b6-01f23b025187 28d839d6f2684b00a95c1f7e1935a150 ba0ce9b242904c238731fa320f66a593 - - default default] Successfully bumped revision number for resource f2bb6152-7fd8-4bc6-8514-fc569dda9671 (type: security_group_rules) to 0
2026-06-04 13:16:23.786 8 INFO neutron.db.ovn_revision_numbers_db [None req-f71ea1c1-a293-4d28-a9b6-01f23b025187 28d839d6f2684b00a95c1f7e1935a150 ba0ce9b242904c238731fa320f66a593 - - default default] Successfully bumped revision number for resource fa22f298-0500-429c-8cf4-afbc08dc25f6 (type: security_group_rules) to 0 [pid: 8|app: 0|req: 1761/3473] 10.0.0.55 () {32 vars in 772 bytes} [Thu Jun 4 13:16:23 2026] GET /v2.0/security-groups?tenant_id=676967fa909246019d34fde8c4b1c81d&name=default => generated 2929 bytes in 222 msecs (HTTP/1.1 200) 4 headers in 158 bytes (1 switches on core 0) [pid: 7|app: 0|req: 1713/3474] 10.0.0.55 () {32 vars in 738 bytes} [Thu Jun 4 13:16:23 2026] DELETE /v2.0/security-groups/cc789fc7-04e3-4229-bbd5-39335a032afb => generated 0 bytes in 276 msecs (HTTP/1.1 204) 2 headers in 112 bytes (1 switches on core 0)
2026-06-04 13:16:24.376 8 INFO neutron.db.ovn_revision_numbers_db [None req-5cb163fd-4664-4fb8-9da0-2523a0a9bf7d 28d839d6f2684b00a95c1f7e1935a150 ba0ce9b242904c238731fa320f66a593 - - default default] Successfully bumped revision number for resource cc613170-c593-4547-9245-97c7b1395ea7 (type: security_groups) to 1
2026-06-04 13:16:24.384 8 INFO neutron.db.ovn_revision_numbers_db [None req-5cb163fd-4664-4fb8-9da0-2523a0a9bf7d 28d839d6f2684b00a95c1f7e1935a150 ba0ce9b242904c238731fa320f66a593 - - default default] Successfully bumped revision number for resource 191db311-1d88-4a70-a103-587c9a5b03db (type: security_group_rules) to 0
2026-06-04 13:16:24.395 8 INFO neutron.db.ovn_revision_numbers_db [None req-5cb163fd-4664-4fb8-9da0-2523a0a9bf7d 28d839d6f2684b00a95c1f7e1935a150 ba0ce9b242904c238731fa320f66a593 - - default default] Successfully bumped revision number for resource 500a2e9a-a80f-476d-a1b1-d9f281e33b26 (type: security_group_rules) to 0
2026-06-04 13:16:24.406 8 INFO neutron.db.ovn_revision_numbers_db [None req-5cb163fd-4664-4fb8-9da0-2523a0a9bf7d 28d839d6f2684b00a95c1f7e1935a150 ba0ce9b242904c238731fa320f66a593 - - default default] Successfully bumped revision number for resource 6386f5ac-a442-4d85-8350-610e704e1263 (type: security_group_rules) to 0
2026-06-04 13:16:24.419 8 INFO neutron.db.ovn_revision_numbers_db [None req-5cb163fd-4664-4fb8-9da0-2523a0a9bf7d 28d839d6f2684b00a95c1f7e1935a150 ba0ce9b242904c238731fa320f66a593 - - default default] Successfully bumped revision number for resource 77eccaee-0feb-40e8-8e8d-b29ee512e7e3 (type: security_group_rules) to 0 [pid: 8|app: 0|req: 1762/3475] 10.0.0.55 () {32 vars in 772 bytes} [Thu Jun 4 13:16:24 2026] GET /v2.0/security-groups?tenant_id=a9c50b1ac9cf4bb2a534d1df363b961b&name=default => generated 2929 bytes in 230 msecs (HTTP/1.1 200) 4 headers in 158 bytes (1 switches on core 0) [pid: 7|app: 0|req: 1714/3476] 10.0.0.55 () {32 vars in 738 bytes} [Thu Jun 4 13:16:24 2026] DELETE /v2.0/security-groups/cc613170-c593-4547-9245-97c7b1395ea7 => generated 0 bytes in 270 msecs (HTTP/1.1 204) 2 headers in 112 bytes (1 switches on core 0)
2026-06-04 13:16:25.041 8 INFO neutron.db.ovn_revision_numbers_db [None req-15ed51eb-5c84-43b8-822d-5af06f470f8a 28d839d6f2684b00a95c1f7e1935a150 ba0ce9b242904c238731fa320f66a593 - - default default] Successfully bumped revision number for resource fd9347be-5dcc-4abf-9a4f-bb41d2f601a1 (type: security_groups) to 1
2026-06-04 13:16:25.052 8 INFO neutron.db.ovn_revision_numbers_db [None req-15ed51eb-5c84-43b8-822d-5af06f470f8a 28d839d6f2684b00a95c1f7e1935a150 ba0ce9b242904c238731fa320f66a593 - - default default] Successfully bumped revision number for resource 0242e333-c27a-414d-8356-9ee140127bca (type: security_group_rules) to 0
2026-06-04 13:16:25.064 8 INFO neutron.db.ovn_revision_numbers_db [None req-15ed51eb-5c84-43b8-822d-5af06f470f8a 28d839d6f2684b00a95c1f7e1935a150 ba0ce9b242904c238731fa320f66a593 - - default default] Successfully bumped revision number for resource 36b6930a-a0b6-4e72-8097-25c9cf6fce8d (type: security_group_rules) to 0
2026-06-04 13:16:25.076 8 INFO neutron.db.ovn_revision_numbers_db [None req-15ed51eb-5c84-43b8-822d-5af06f470f8a 28d839d6f2684b00a95c1f7e1935a150 ba0ce9b242904c238731fa320f66a593 - - default default] Successfully bumped revision number for resource b75f3e6f-a718-468d-8db9-588cdf32e66a (type: security_group_rules) to 0
2026-06-04 13:16:25.089 8 INFO neutron.db.ovn_revision_numbers_db [None req-15ed51eb-5c84-43b8-822d-5af06f470f8a 28d839d6f2684b00a95c1f7e1935a150 ba0ce9b242904c238731fa320f66a593 - - default default] Successfully bumped revision number for resource d2eef4e2-eb39-4625-9b49-9d2c53fe0db8 (type: security_group_rules) to 0 [pid: 8|app: 0|req: 1763/3477] 10.0.0.55 () {32 vars in 772 bytes} [Thu Jun 4 13:16:24 2026] GET /v2.0/security-groups?tenant_id=9303f9042cab4c018853b55dc93e1d59&name=default => generated 2929 bytes in 251 msecs (HTTP/1.1 200) 4 headers in 158 bytes (1 switches on core 0) [pid: 7|app: 0|req: 1715/3478] 10.0.0.55 () {32 vars in 738 bytes} [Thu Jun 4 13:16:25 2026] DELETE /v2.0/security-groups/fd9347be-5dcc-4abf-9a4f-bb41d2f601a1 => generated 0 bytes in 273 msecs (HTTP/1.1 204) 2 headers in 112 bytes (1 switches on core 0)
2026-06-04 13:16:25.706 8 INFO neutron.db.ovn_revision_numbers_db [None req-4134b404-1305-472b-844f-83e556e5d530 28d839d6f2684b00a95c1f7e1935a150 ba0ce9b242904c238731fa320f66a593 - - default default] Successfully bumped revision number for resource f7c86813-16d0-4036-82b5-445aae8c8374 (type: security_groups) to 1
2026-06-04 13:16:25.717 8 INFO neutron.db.ovn_revision_numbers_db [None req-4134b404-1305-472b-844f-83e556e5d530 28d839d6f2684b00a95c1f7e1935a150 ba0ce9b242904c238731fa320f66a593 - - default default] Successfully bumped revision number for resource 825d4f3b-b540-4419-8930-da4d128445bc (type: security_group_rules) to 0
2026-06-04 13:16:25.731 8 INFO neutron.db.ovn_revision_numbers_db [None req-4134b404-1305-472b-844f-83e556e5d530 28d839d6f2684b00a95c1f7e1935a150 ba0ce9b242904c238731fa320f66a593 - - default default] Successfully bumped revision number for resource d15d9131-3005-4159-91b8-bbd093f8d79f (type: security_group_rules) to 0
2026-06-04 13:16:25.748 8 INFO neutron.db.ovn_revision_numbers_db [None req-4134b404-1305-472b-844f-83e556e5d530 28d839d6f2684b00a95c1f7e1935a150 ba0ce9b242904c238731fa320f66a593 - - default default] Successfully bumped revision number for resource f677be5d-31e8-4c0f-a48a-414b32c1f051 (type: security_group_rules) to 0
2026-06-04 13:16:25.762 8 INFO neutron.db.ovn_revision_numbers_db [None req-4134b404-1305-472b-844f-83e556e5d530 28d839d6f2684b00a95c1f7e1935a150 ba0ce9b242904c238731fa320f66a593 - - default default] Successfully bumped revision number for resource fbe45f7f-c8b0-49c3-bab2-6665ebbd08cd (type: security_group_rules) to 0 [pid: 8|app: 0|req: 1764/3479] 10.0.0.55 () {32 vars in 772 bytes} [Thu Jun 4 13:16:25 2026] GET /v2.0/security-groups?tenant_id=69196fce2d45489ca7e4d7775226d632&name=default => generated 2929 bytes in 265 msecs (HTTP/1.1 200) 4 headers in 158 bytes (1 switches on core 0) [pid: 7|app: 0|req: 1716/3480] 10.0.0.55 () {32 vars in 738 bytes} [Thu Jun 4 13:16:25 2026] DELETE /v2.0/security-groups/f7c86813-16d0-4036-82b5-445aae8c8374 => generated 0 bytes in 276 msecs (HTTP/1.1 204) 2 headers in 112 bytes (1 switches on core 0)
2026-06-04 13:16:26.415 8 INFO neutron.db.ovn_revision_numbers_db [None req-1d3c9614-065a-4d67-b736-c68d1d3073ab 28d839d6f2684b00a95c1f7e1935a150 ba0ce9b242904c238731fa320f66a593 - - default default] Successfully bumped revision number for resource 251979a0-b412-4a42-8d38-dbf2a30f7212 (type: security_groups) to 1
2026-06-04 13:16:26.428 8 INFO neutron.db.ovn_revision_numbers_db [None req-1d3c9614-065a-4d67-b736-c68d1d3073ab 28d839d6f2684b00a95c1f7e1935a150 ba0ce9b242904c238731fa320f66a593 - - default default] Successfully bumped revision number for resource 038b0800-6f80-48a0-a99c-4d749732c71f (type: security_group_rules) to 0
2026-06-04 13:16:26.440 8 INFO neutron.db.ovn_revision_numbers_db [None req-1d3c9614-065a-4d67-b736-c68d1d3073ab 28d839d6f2684b00a95c1f7e1935a150 ba0ce9b242904c238731fa320f66a593 - - default default] Successfully bumped revision number for resource 56290ee6-6bf8-4428-9553-774db125e3d7 (type: security_group_rules) to 0
2026-06-04 13:16:26.452 8 INFO neutron.db.ovn_revision_numbers_db [None req-1d3c9614-065a-4d67-b736-c68d1d3073ab 28d839d6f2684b00a95c1f7e1935a150 ba0ce9b242904c238731fa320f66a593 - - default default] Successfully bumped revision number for resource a5c53f12-4648-42a5-b866-5ebc0c1f27b1 (type: security_group_rules) to 0
2026-06-04 13:16:26.465 8 INFO neutron.db.ovn_revision_numbers_db [None req-1d3c9614-065a-4d67-b736-c68d1d3073ab 28d839d6f2684b00a95c1f7e1935a150 ba0ce9b242904c238731fa320f66a593 - - default default] Successfully bumped revision number for resource a8751a67-e4c7-4ab6-a45d-5526de118f6e (type: security_group_rules) to 0 [pid: 8|app: 0|req: 1765/3481] 10.0.0.55 () {32 vars in 772 bytes} [Thu Jun 4 13:16:26 2026] GET /v2.0/security-groups?tenant_id=2632f0047cce4a7b9b16582508e5765d&name=default => generated 2929 bytes in 287 msecs (HTTP/1.1 200) 4 headers in 158 bytes (1 switches on core 0) [pid: 7|app: 0|req: 1717/3482] 10.0.0.55 () {32 vars in 738 bytes} [Thu Jun 4 13:16:26 2026] DELETE /v2.0/security-groups/251979a0-b412-4a42-8d38-dbf2a30f7212 => generated 0 bytes in 270 msecs (HTTP/1.1 204) 2 headers in 112 bytes (1 switches on core 0)
2026-06-04 13:16:31.059 8 INFO neutron.db.ovn_revision_numbers_db [None req-985a2c27-9f05-4934-8f74-eda0659c757e 14bb903cd0e24809b6add95b842b97b7 c5d67fa8e9344762a3d7cc0f64c2bc34 - - default default] Successfully bumped revision number for resource 63faf7bd-49a9-4a83-84f2-f8d2b79c3255 (type: security_groups) to 1
2026-06-04 13:16:31.073 8 INFO neutron.db.ovn_revision_numbers_db [None req-985a2c27-9f05-4934-8f74-eda0659c757e 14bb903cd0e24809b6add95b842b97b7 c5d67fa8e9344762a3d7cc0f64c2bc34 - - default default] Successfully bumped revision number for resource 1c6465bb-14e8-469c-bfd8-cb42a8ec3414 (type: security_group_rules) to 0
2026-06-04 13:16:31.085 8 INFO neutron.db.ovn_revision_numbers_db [None req-985a2c27-9f05-4934-8f74-eda0659c757e 14bb903cd0e24809b6add95b842b97b7 c5d67fa8e9344762a3d7cc0f64c2bc34 - - default default] Successfully bumped revision number for resource 3e6ef394-dd43-4897-b762-d98f28e21630 (type: security_group_rules) to 0
2026-06-04 13:16:31.097 8 INFO neutron.db.ovn_revision_numbers_db [None req-985a2c27-9f05-4934-8f74-eda0659c757e 14bb903cd0e24809b6add95b842b97b7 c5d67fa8e9344762a3d7cc0f64c2bc34 - - default default] Successfully bumped revision number for resource 9d66d5e8-da24-4f06-9e16-a4c8ab252947 (type: security_group_rules) to 0
2026-06-04 13:16:31.109 8 INFO neutron.db.ovn_revision_numbers_db [None req-985a2c27-9f05-4934-8f74-eda0659c757e 14bb903cd0e24809b6add95b842b97b7 c5d67fa8e9344762a3d7cc0f64c2bc34 - - default default] Successfully bumped revision number for resource afad0ff5-35d6-475d-87db-ab3d89226816 (type: security_group_rules) to 0
2026-06-04 13:16:31.194 8 INFO neutron.db.segments_db [None req-985a2c27-9f05-4934-8f74-eda0659c757e 14bb903cd0e24809b6add95b842b97b7 c5d67fa8e9344762a3d7cc0f64c2bc34 - - default default] Added segment 19ab3fa7-dbe7-4fe0-82e9-594b57015d9b of type geneve for network b09ac5ee-ba95-43ab-839c-26409cefd180
2026-06-04 13:16:31.309 8 INFO neutron.db.ovn_revision_numbers_db [None req-985a2c27-9f05-4934-8f74-eda0659c757e 14bb903cd0e24809b6add95b842b97b7 c5d67fa8e9344762a3d7cc0f64c2bc34 - - default default] Successfully bumped revision number for resource b09ac5ee-ba95-43ab-839c-26409cefd180 (type: networks) to 1
2026-06-04 13:16:31.433 8 WARNING neutron.scheduler.dhcp_agent_scheduler [None req-985a2c27-9f05-4934-8f74-eda0659c757e 14bb903cd0e24809b6add95b842b97b7 c5d67fa8e9344762a3d7cc0f64c2bc34 - - default default] No more DHCP agents
2026-06-04 13:16:31.434 8 WARNING neutron.api.rpc.agentnotifiers.dhcp_rpc_agent_api [None req-985a2c27-9f05-4934-8f74-eda0659c757e 14bb903cd0e24809b6add95b842b97b7 c5d67fa8e9344762a3d7cc0f64c2bc34 - - default default] Unable to schedule network b09ac5ee-ba95-43ab-839c-26409cefd180: no agents available; will retry on subsequent port and subnet creation events.
2026-06-04 13:16:31.500 7 INFO neutron.plugins.ml2.drivers.ovn.mech_driver.mech_driver [None req-f8df1ac8-2f75-47fd-be78-4acf94685781 - - - - - -] OVN reports status down for port: 8f3062bf-675b-4af5-82ca-1e27b9289b19
2026-06-04 13:16:31.541 8 INFO neutron.db.ovn_revision_numbers_db [None req-985a2c27-9f05-4934-8f74-eda0659c757e 14bb903cd0e24809b6add95b842b97b7 c5d67fa8e9344762a3d7cc0f64c2bc34 - - default default] Successfully bumped revision number for resource 8f3062bf-675b-4af5-82ca-1e27b9289b19 (type: ports) to 1 [pid: 8|app: 0|req: 1767/3485] 10.0.0.55 () {34 vars in 668 bytes} [Thu Jun 4 13:16:30 2026] POST /v2.0/networks => generated 729 bytes in 868 msecs (HTTP/1.1 201) 4 headers in 162 bytes (1 switches on core 0)
2026-06-04 13:16:31.683 7 WARNING neutron.scheduler.dhcp_agent_scheduler [None req-9485dd25-c379-4768-b7f4-00244f6eb737 14bb903cd0e24809b6add95b842b97b7 c5d67fa8e9344762a3d7cc0f64c2bc34 - - default default] No more DHCP agents
2026-06-04 13:16:31.684 7 WARNING neutron.api.rpc.agentnotifiers.dhcp_rpc_agent_api [None req-9485dd25-c379-4768-b7f4-00244f6eb737 14bb903cd0e24809b6add95b842b97b7 c5d67fa8e9344762a3d7cc0f64c2bc34 - - default default] Unable to schedule network b09ac5ee-ba95-43ab-839c-26409cefd180: no agents available; will retry on subsequent port and subnet creation events.
2026-06-04 13:16:32.134 7 INFO neutron.db.ovn_revision_numbers_db [None req-eb3fe11c-9c63-4a65-8767-e055865f4db0 - - - - - -] Successfully bumped revision number for resource 8f3062bf-675b-4af5-82ca-1e27b9289b19 (type: ports) to 2
2026-06-04 13:16:32.166 7 INFO neutron.db.ovn_revision_numbers_db [None req-eb3fe11c-9c63-4a65-8767-e055865f4db0 - - - - - -] Successfully bumped revision number for resource e33be397-6475-4208-81c5-844a8a24a005 (type: subnets) to 0 [pid: 7|app: 0|req: 1719/3486] 10.0.0.55 () {34 vars in 667 bytes} [Thu Jun 4 13:16:31 2026] POST /v2.0/subnets => generated 644 bytes in 612 msecs (HTTP/1.1 201) 4 headers in 162 bytes (1 switches on core 0)
2026-06-04 13:16:32.193 8 WARNING neutron.api.v2.base [None req-045426b7-5c63-4a2f-b6b1-72ef846fe582 14bb903cd0e24809b6add95b842b97b7 c5d67fa8e9344762a3d7cc0f64c2bc34 - - default default] An exception happened while processing the request body. The exception message is [Invalid input for target_tenant. Reason: 'None' is not a valid string.].: webob.exc.HTTPBadRequest: Invalid input for target_tenant. Reason: 'None' is not a valid string.
2026-06-04 13:16:32.194 8 INFO neutron.api.v2.resource [None req-045426b7-5c63-4a2f-b6b1-72ef846fe582 14bb903cd0e24809b6add95b842b97b7 c5d67fa8e9344762a3d7cc0f64c2bc34 - - default default] create failed (client error): Invalid input for target_tenant. Reason: 'None' is not a valid string. [pid: 8|app: 0|req: 1768/3487] 10.0.0.55 () {34 vars in 679 bytes} [Thu Jun 4 13:16:32 2026] POST /v2.0/rbac-policies => generated 143 bytes in 7 msecs (HTTP/1.1 400) 4 headers in 166 bytes (1 switches on core 0)
2026-06-04 13:16:32.332 7 INFO neutron_taas.services.taas.taas_plugin [None req-c1c76537-e409-4882-b355-8051fd7d6a86 14bb903cd0e24809b6add95b842b97b7 c5d67fa8e9344762a3d7cc0f64c2bc34 - - default default] TaaS: Handle Delete Port: 8f3062bf-675b-4af5-82ca-1e27b9289b19
2026-06-04 13:16:32.336 7 INFO neutron_taas.services.taas.tap_mirror_plugin [None req-c1c76537-e409-4882-b355-8051fd7d6a86 14bb903cd0e24809b6add95b842b97b7 c5d67fa8e9344762a3d7cc0f64c2bc34 - - default default] Tap Mirror: Handle Delete Port: 8f3062bf-675b-4af5-82ca-1e27b9289b19 [pid: 7|app: 0|req: 1720/3488] 10.0.0.55 () {32 vars in 724 bytes} [Thu Jun 4 13:16:32 2026] DELETE /v2.0/networks/b09ac5ee-ba95-43ab-839c-26409cefd180 => generated 0 bytes in 512 msecs (HTTP/1.1 204) 3 headers in 131 bytes (1 switches on core 0)
2026-06-04 13:16:32.741 7 INFO neutron.services.segments.plugin [-] Segment 19ab3fa7-dbe7-4fe0-82e9-594b57015d9b resource provider aggregate not found
2026-06-04 13:16:32.758 7 INFO neutron.services.segments.plugin [-] Segment 19ab3fa7-dbe7-4fe0-82e9-594b57015d9b resource provider not found; error: Placement Client Error (4xx): {"errors": [{"status": 404, "title": "Not Found", "detail": "The resource could not be found.\n\n No resource provider with uuid 19ab3fa7-dbe7-4fe0-82e9-594b57015d9b found for delete ", "request_id": "req-2e8bbb57-62ff-4009-b358-8c5fbe4585cf"}]}
2026-06-04 13:16:32.760 7 INFO neutron.services.segments.plugin [-] Segment 19ab3fa7-dbe7-4fe0-82e9-594b57015d9b resource provider aggregate not found
2026-06-04 13:16:32.773 7 INFO neutron.services.segments.plugin [-] Segment 19ab3fa7-dbe7-4fe0-82e9-594b57015d9b resource provider not found; error: Placement Client Error (4xx): {"errors": [{"status": 404, "title": "Not Found", "detail": "The resource could not be found.\n\n No resource provider with uuid 19ab3fa7-dbe7-4fe0-82e9-594b57015d9b found for delete ", "request_id": "req-36f596d2-a789-4305-bcda-8280ee7b6f96"}]}
2026-06-04 13:16:32.802 8 INFO neutron.db.segments_db [None req-5dbfc540-7c0f-463f-990c-1fcf78e604d0 14bb903cd0e24809b6add95b842b97b7 c5d67fa8e9344762a3d7cc0f64c2bc34 - - default default] Added segment d46d5906-8844-4f63-b150-ac74e62b8c5c of type geneve for network f572a81d-526a-4ee8-8655-f84e43f41c82
2026-06-04 13:16:32.940 8 INFO neutron.db.ovn_revision_numbers_db [None req-5dbfc540-7c0f-463f-990c-1fcf78e604d0 14bb903cd0e24809b6add95b842b97b7 c5d67fa8e9344762a3d7cc0f64c2bc34 - - default default] Successfully bumped revision number for resource f572a81d-526a-4ee8-8655-f84e43f41c82 (type: networks) to 1
2026-06-04 13:16:33.084 8 WARNING neutron.scheduler.dhcp_agent_scheduler [None req-5dbfc540-7c0f-463f-990c-1fcf78e604d0 14bb903cd0e24809b6add95b842b97b7 c5d67fa8e9344762a3d7cc0f64c2bc34 - - default default] No more DHCP agents
2026-06-04 13:16:33.085 8 WARNING neutron.api.rpc.agentnotifiers.dhcp_rpc_agent_api [None req-5dbfc540-7c0f-463f-990c-1fcf78e604d0 14bb903cd0e24809b6add95b842b97b7 c5d67fa8e9344762a3d7cc0f64c2bc34 - - default default] Unable to schedule network f572a81d-526a-4ee8-8655-f84e43f41c82: no agents available; will retry on subsequent port and subnet creation events.
