2026-06-04 13:08:18.524 7 INFO neutron.plugins.ml2.drivers.ovn.mech_driver.mech_driver [None req-0ee9eafb-d7c9-4259-bc6e-c36a4e9a2968 - - - - - -] OVN reports status down for port: d7abb5ba-ab06-4062-91ad-7cab7432c709
2026-06-04 13:08:18.565 7 INFO neutron.db.ovn_revision_numbers_db [None req-3398e233-1a3c-459d-a367-1e72ca315ef5 28d839d6f2684b00a95c1f7e1935a150 ba0ce9b242904c238731fa320f66a593 - - default default] Successfully bumped revision number for resource 79f42dbd-d79d-4704-b75c-20cbccb6e0da (type: ports) to 1 [pid: 7|app: 0|req: 641/1374] 10.0.0.55 () {34 vars in 669 bytes} [Thu Jun 4 13:08:17 2026] POST /v2.0/networks => generated 746 bytes in 995 msecs (HTTP/1.1 201) 4 headers in 162 bytes (1 switches on core 0)
2026-06-04 13:08:18.632 7 WARNING neutron.plugins.ml2.drivers.ovn.mech_driver.ovsdb.ovn_client [None req-0ee9eafb-d7c9-4259-bc6e-c36a4e9a2968 - - - - - -] Logical_Switch_Port d7abb5ba-ab06-4062-91ad-7cab7432c709 host information not removed, the port state is up
2026-06-04 13:08:18.633 7 INFO neutron.plugins.ml2.drivers.ovn.mech_driver.mech_driver [None req-0ee9eafb-d7c9-4259-bc6e-c36a4e9a2968 - - - - - -] OVN reports status up for port: d7abb5ba-ab06-4062-91ad-7cab7432c709
2026-06-04 13:08:18.671 7 INFO neutron.plugins.ml2.plugin [None req-0ee9eafb-d7c9-4259-bc6e-c36a4e9a2968 - - - - - -] Attempt 1 to provision port d7abb5ba-ab06-4062-91ad-7cab7432c709
2026-06-04 13:08:18.767 8 INFO neutron.db.ovn_revision_numbers_db [None req-495c4879-8b00-4bb7-99bf-c74e96fcd17a 03ac73edd03c4188b4539e460465c0fb 235c304a4eba4c38b98bf3664a9b7b05 - - default default] Successfully bumped revision number for resource d7abb5ba-ab06-4062-91ad-7cab7432c709 (type: router_ports) to 1 [pid: 8|app: 0|req: 734/1375] 10.0.0.55 () {34 vars in 781 bytes} [Thu Jun 4 13:08:16 2026] PUT /v2.0/routers/6e962ece-b6d9-452b-829b-c42a24ae59d2/add_router_interface => generated 309 bytes in 2028 msecs (HTTP/1.1 200) 4 headers in 157 bytes (1 switches on core 0)
2026-06-04 13:08:18.796 7 INFO neutron.db.segments_db [None req-22e0656a-31a4-44fe-a9bd-feef2f291af9 1dbea2d5a81a4398a8541754da9f882d 6330c66d49ce4267b4b1aa33d02c083e - - default default] Added segment 8ff6a8df-bfc9-4000-bfca-49ac4fb163e5 of type geneve for network a0324c97-597b-43aa-9adf-22db7245daaa
2026-06-04 13:08:18.960 8 WARNING neutron.scheduler.dhcp_agent_scheduler [None req-520e417b-607e-4c07-8384-dec639c05931 28d839d6f2684b00a95c1f7e1935a150 ba0ce9b242904c238731fa320f66a593 - - default default] No more DHCP agents
2026-06-04 13:08:18.962 8 WARNING neutron.api.rpc.agentnotifiers.dhcp_rpc_agent_api [None req-520e417b-607e-4c07-8384-dec639c05931 28d839d6f2684b00a95c1f7e1935a150 ba0ce9b242904c238731fa320f66a593 - - default default] Unable to schedule network 00f72d02-09ba-45d2-9a60-1f91642e3345: no agents available; will retry on subsequent port and subnet creation events.
2026-06-04 13:08:19.147 7 INFO neutron.db.ovn_revision_numbers_db [None req-22e0656a-31a4-44fe-a9bd-feef2f291af9 1dbea2d5a81a4398a8541754da9f882d 6330c66d49ce4267b4b1aa33d02c083e - - default default] Successfully bumped revision number for resource a0324c97-597b-43aa-9adf-22db7245daaa (type: networks) to 1
2026-06-04 13:08:19.420 7 WARNING neutron.scheduler.dhcp_agent_scheduler [None req-22e0656a-31a4-44fe-a9bd-feef2f291af9 1dbea2d5a81a4398a8541754da9f882d 6330c66d49ce4267b4b1aa33d02c083e - - default default] No more DHCP agents
2026-06-04 13:08:19.425 7 WARNING neutron.api.rpc.agentnotifiers.dhcp_rpc_agent_api [None req-22e0656a-31a4-44fe-a9bd-feef2f291af9 1dbea2d5a81a4398a8541754da9f882d 6330c66d49ce4267b4b1aa33d02c083e - - default default] Unable to schedule network a0324c97-597b-43aa-9adf-22db7245daaa: no agents available; will retry on subsequent port and subnet creation events.
2026-06-04 13:08:19.459 8 INFO neutron.db.ovn_revision_numbers_db [None req-26bd945d-77bd-465c-a3de-384fe19297c0 - - - - - -] Successfully bumped revision number for resource 79f42dbd-d79d-4704-b75c-20cbccb6e0da (type: ports) to 2
2026-06-04 13:08:19.489 8 INFO neutron.db.ovn_revision_numbers_db [None req-26bd945d-77bd-465c-a3de-384fe19297c0 - - - - - -] Successfully bumped revision number for resource 53dde308-889f-406d-b70d-a10a3a0e057d (type: subnets) to 0 [pid: 8|app: 0|req: 735/1376] 10.0.0.55 () {34 vars in 667 bytes} [Thu Jun 4 13:08:18 2026] POST /v2.0/subnets => generated 690 bytes in 733 msecs (HTTP/1.1 201) 4 headers in 162 bytes (1 switches on core 0)
2026-06-04 13:08:19.576 7 INFO neutron.db.ovn_revision_numbers_db [None req-0ee9eafb-d7c9-4259-bc6e-c36a4e9a2968 - - - - - -] Successfully bumped revision number for resource d7abb5ba-ab06-4062-91ad-7cab7432c709 (type: ports) to 2 [pid: 8|app: 0|req: 736/1377] 10.0.0.55 () {32 vars in 647 bytes} [Thu Jun 4 13:08:19 2026] GET /v2.0/networks => generated 5112 bytes in 122 msecs (HTTP/1.1 200) 4 headers in 158 bytes (1 switches on core 0)
2026-06-04 13:08:19.651 7 INFO neutron.db.ovn_revision_numbers_db [None req-22e0656a-31a4-44fe-a9bd-feef2f291af9 1dbea2d5a81a4398a8541754da9f882d 6330c66d49ce4267b4b1aa33d02c083e - - default default] Successfully bumped revision number for resource 09c1549f-ed28-4096-a9dd-105698395826 (type: ports) to 1 [pid: 7|app: 0|req: 642/1378] 10.0.0.55 () {34 vars in 668 bytes} [Thu Jun 4 13:08:18 2026] POST /v2.0/networks => generated 636 bytes in 1092 msecs (HTTP/1.1 201) 4 headers in 162 bytes (1 switches on core 0)
2026-06-04 13:08:19.975 7 INFO neutron.db.ovn_revision_numbers_db [None req-2d7dc0c3-f846-4c66-ac76-afd09cab57e6 28d839d6f2684b00a95c1f7e1935a150 ba0ce9b242904c238731fa320f66a593 - - default default] Successfully bumped revision number for resource 443fd35a-a957-4e39-a871-a911b1a49bcc (type: security_groups) to 1
2026-06-04 13:08:19.986 7 INFO neutron.db.ovn_revision_numbers_db [None req-2d7dc0c3-f846-4c66-ac76-afd09cab57e6 28d839d6f2684b00a95c1f7e1935a150 ba0ce9b242904c238731fa320f66a593 - - default default] Successfully bumped revision number for resource 301a5404-9348-4f1b-976a-1e7d4716dee1 (type: security_group_rules) to 0
2026-06-04 13:08:20.001 7 INFO neutron.db.ovn_revision_numbers_db [None req-2d7dc0c3-f846-4c66-ac76-afd09cab57e6 28d839d6f2684b00a95c1f7e1935a150 ba0ce9b242904c238731fa320f66a593 - - default default] Successfully bumped revision number for resource 89d721a2-6742-4091-ac6a-4291c4e1391d (type: security_group_rules) to 0
2026-06-04 13:08:20.014 7 INFO neutron.db.ovn_revision_numbers_db [None req-2d7dc0c3-f846-4c66-ac76-afd09cab57e6 28d839d6f2684b00a95c1f7e1935a150 ba0ce9b242904c238731fa320f66a593 - - default default] Successfully bumped revision number for resource d1ad696c-ffbb-40f4-9ee0-f804950f7923 (type: security_group_rules) to 0
2026-06-04 13:08:20.025 7 INFO neutron.db.ovn_revision_numbers_db [None req-2d7dc0c3-f846-4c66-ac76-afd09cab57e6 28d839d6f2684b00a95c1f7e1935a150 ba0ce9b242904c238731fa320f66a593 - - default default] Successfully bumped revision number for resource dc607c37-62ca-4ab0-9dcb-20406e91db75 (type: security_group_rules) to 0 [pid: 7|app: 0|req: 643/1379] 10.0.0.55 () {32 vars in 772 bytes} [Thu Jun 4 13:08:19 2026] GET /v2.0/security-groups?tenant_id=c9656bf61e0d4473b4d38cb3f56a1e83&name=default => generated 2925 bytes in 361 msecs (HTTP/1.1 200) 4 headers in 158 bytes (1 switches on core 0)
2026-06-04 13:08:20.071 8 WARNING neutron.scheduler.dhcp_agent_scheduler [None req-38b9fd61-17dd-4aee-a836-909202654b67 28d839d6f2684b00a95c1f7e1935a150 ba0ce9b242904c238731fa320f66a593 - - default default] No more DHCP agents
2026-06-04 13:08:20.072 8 WARNING neutron.api.rpc.agentnotifiers.dhcp_rpc_agent_api [None req-38b9fd61-17dd-4aee-a836-909202654b67 28d839d6f2684b00a95c1f7e1935a150 ba0ce9b242904c238731fa320f66a593 - - default default] Unable to schedule network c62ac45d-35ea-4c41-98cd-824885aac8a8: no agents available; will retry on subsequent port and subnet creation events. [pid: 7|app: 0|req: 644/1380] 10.0.0.55 () {32 vars in 645 bytes} [Thu Jun 4 13:08:20 2026] GET /v2.0/subnets => generated 2653 bytes in 43 msecs (HTTP/1.1 200) 4 headers in 158 bytes (1 switches on core 0)
2026-06-04 13:08:20.233 8 INFO neutron.db.ovn_revision_numbers_db [None req-38b9fd61-17dd-4aee-a836-909202654b67 28d839d6f2684b00a95c1f7e1935a150 ba0ce9b242904c238731fa320f66a593 - - default default] Successfully bumped revision number for resource dd61f8b7-b323-41ef-a778-56fd13dfd421 (type: ports) to 1
2026-06-04 13:08:20.337 7 WARNING neutron.scheduler.dhcp_agent_scheduler [None req-b5507353-c369-4797-9eb6-e1f716d26ab7 1dbea2d5a81a4398a8541754da9f882d 6330c66d49ce4267b4b1aa33d02c083e - - default default] No more DHCP agents
2026-06-04 13:08:20.338 7 WARNING neutron.api.rpc.agentnotifiers.dhcp_rpc_agent_api [None req-b5507353-c369-4797-9eb6-e1f716d26ab7 1dbea2d5a81a4398a8541754da9f882d 6330c66d49ce4267b4b1aa33d02c083e - - default default] Unable to schedule network a0324c97-597b-43aa-9adf-22db7245daaa: no agents available; will retry on subsequent port and subnet creation events.
2026-06-04 13:08:20.372 7 INFO neutron.db.ovn_revision_numbers_db [None req-b5507353-c369-4797-9eb6-e1f716d26ab7 1dbea2d5a81a4398a8541754da9f882d 6330c66d49ce4267b4b1aa33d02c083e - - default default] Successfully bumped revision number for resource 22d99ba2-3225-4f3b-a092-d3d3d918238c (type: subnets) to 0 [pid: 7|app: 0|req: 645/1381] 10.0.0.55 () {34 vars in 667 bytes} [Thu Jun 4 13:08:20 2026] POST /v2.0/subnets => generated 646 bytes in 281 msecs (HTTP/1.1 201) 4 headers in 162 bytes (1 switches on core 0) [pid: 7|app: 0|req: 646/1382] 10.0.0.55 () {32 vars in 738 bytes} [Thu Jun 4 13:08:20 2026] DELETE /v2.0/security-groups/443fd35a-a957-4e39-a871-a911b1a49bcc => generated 0 bytes in 250 msecs (HTTP/1.1 204) 2 headers in 112 bytes (1 switches on core 0) [pid: 7|app: 0|req: 647/1383] 10.0.0.55 () {32 vars in 645 bytes} [Thu Jun 4 13:08:20 2026] GET /v2.0/routers => generated 1932 bytes in 68 msecs (HTTP/1.1 200) 4 headers in 158 bytes (1 switches on core 0)
2026-06-04 13:08:20.861 8 INFO neutron.plugins.ml2.drivers.ovn.mech_driver.ovsdb.commands [-] Schedule LRP lrp-dd61f8b7-b323-41ef-a778-56fd13dfd421 on gateway d32602c9-2e50-4ae5-af5a-b926e028aed9 with priority 1
2026-06-04 13:08:21.011 7 INFO neutron.plugins.ml2.drivers.ovn.mech_driver.ovsdb.ovsdb_monitor [None req-2355810f-0051-462e-a934-05cd27174a66 - - - - - -] Router 3c9102b9-e68e-491c-8e7d-e0a836d17267 is bound to host instance
2026-06-04 13:08:21.046 8 INFO neutron.db.ovn_revision_numbers_db [None req-38b9fd61-17dd-4aee-a836-909202654b67 28d839d6f2684b00a95c1f7e1935a150 ba0ce9b242904c238731fa320f66a593 - - default default] Successfully bumped revision number for resource dd61f8b7-b323-41ef-a778-56fd13dfd421 (type: router_ports) to 1
2026-06-04 13:08:21.112 8 INFO neutron.db.ovn_revision_numbers_db [None req-38b9fd61-17dd-4aee-a836-909202654b67 28d839d6f2684b00a95c1f7e1935a150 ba0ce9b242904c238731fa320f66a593 - - default default] Successfully bumped revision number for resource 3c9102b9-e68e-491c-8e7d-e0a836d17267 (type: routers) to 2 [pid: 8|app: 0|req: 737/1384] 10.0.0.55 () {34 vars in 667 bytes} [Thu Jun 4 13:08:19 2026] POST /v2.0/routers => generated 968 bytes in 1502 msecs (HTTP/1.1 201) 4 headers in 162 bytes (1 switches on core 0)
2026-06-04 13:08:21.186 7 WARNING neutron.scheduler.dhcp_agent_scheduler [None req-63ccbd47-5e8d-4bb4-b31c-e3386f49ce73 1dbea2d5a81a4398a8541754da9f882d 6330c66d49ce4267b4b1aa33d02c083e - - default default] No more DHCP agents
2026-06-04 13:08:21.190 7 WARNING neutron.api.rpc.agentnotifiers.dhcp_rpc_agent_api [None req-63ccbd47-5e8d-4bb4-b31c-e3386f49ce73 1dbea2d5a81a4398a8541754da9f882d 6330c66d49ce4267b4b1aa33d02c083e - - default default] Unable to schedule network a0324c97-597b-43aa-9adf-22db7245daaa: no agents available; will retry on subsequent port and subnet creation events.
2026-06-04 13:08:21.276 8 INFO neutron.db.ovn_revision_numbers_db [None req-c0b815fc-6443-4a08-b03d-15b9f9f07bff 03ac73edd03c4188b4539e460465c0fb 235c304a4eba4c38b98bf3664a9b7b05 - - default default] Successfully bumped revision number for resource e7066552-b153-477f-bf32-7a08558ea1a0 (type: security_groups) to 1
2026-06-04 13:08:21.291 8 INFO neutron.db.ovn_revision_numbers_db [None req-c0b815fc-6443-4a08-b03d-15b9f9f07bff 03ac73edd03c4188b4539e460465c0fb 235c304a4eba4c38b98bf3664a9b7b05 - - default default] Successfully bumped revision number for resource 94669331-e8e2-427a-a132-2800780a63f2 (type: security_group_rules) to 0
2026-06-04 13:08:21.306 8 INFO neutron.db.ovn_revision_numbers_db [None req-c0b815fc-6443-4a08-b03d-15b9f9f07bff 03ac73edd03c4188b4539e460465c0fb 235c304a4eba4c38b98bf3664a9b7b05 - - default default] Successfully bumped revision number for resource eca94921-2f51-40ff-b339-201e07122827 (type: security_group_rules) to 0 [pid: 8|app: 0|req: 738/1385] 10.0.0.55 () {34 vars in 683 bytes} [Thu Jun 4 13:08:21 2026] POST /v2.0/security-groups => generated 1675 bytes in 210 msecs (HTTP/1.1 201) 4 headers in 163 bytes (1 switches on core 0)
2026-06-04 13:08:21.560 7 INFO neutron.db.ovn_revision_numbers_db [None req-63ccbd47-5e8d-4bb4-b31c-e3386f49ce73 1dbea2d5a81a4398a8541754da9f882d 6330c66d49ce4267b4b1aa33d02c083e - - default default] Successfully bumped revision number for resource ae6a0107-323d-4445-ba89-b13ddafef7a2 (type: ports) to 1 [pid: 7|app: 0|req: 648/1386] 10.0.0.55 () {34 vars in 663 bytes} [Thu Jun 4 13:08:20 2026] POST /v2.0/ports => generated 962 bytes in 911 msecs (HTTP/1.1 201) 4 headers in 162 bytes (1 switches on core 0) /var/lib/openstack/lib/python3.12/site-packages/pycadf/identifier.py:70: UserWarning: Invalid uuid: neutron. To ensure interoperability, identifiers should be a valid uuid. warnings.warn(('Invalid uuid: %s. To ensure interoperability, '
2026-06-04 13:08:21.840 8 WARNING neutron.scheduler.dhcp_agent_scheduler [None req-9881edae-1236-41f5-b0b9-3a512a134213 28d839d6f2684b00a95c1f7e1935a150 ba0ce9b242904c238731fa320f66a593 - - default default] No more DHCP agents
2026-06-04 13:08:21.840 7 INFO neutron.db.ovn_revision_numbers_db [None req-9b27f47b-9b2d-4b47-b8b1-43c7f6c23687 03ac73edd03c4188b4539e460465c0fb 235c304a4eba4c38b98bf3664a9b7b05 - - default default] Successfully bumped revision number for resource 13ff799f-16ce-4330-aba5-e19d7a66474d (type: security_group_rules) to 0
2026-06-04 13:08:21.841 8 WARNING neutron.api.rpc.agentnotifiers.dhcp_rpc_agent_api [None req-9881edae-1236-41f5-b0b9-3a512a134213 28d839d6f2684b00a95c1f7e1935a150 ba0ce9b242904c238731fa320f66a593 - - default default] Unable to schedule network 00f72d02-09ba-45d2-9a60-1f91642e3345: no agents available; will retry on subsequent port and subnet creation events. [pid: 7|app: 0|req: 649/1387] 10.0.0.55 () {34 vars in 693 bytes} [Thu Jun 4 13:08:21 2026] POST /v2.0/security-group-rules => generated 597 bytes in 291 msecs (HTTP/1.1 201) 4 headers in 162 bytes (1 switches on core 0)
2026-06-04 13:08:22.008 8 INFO neutron.db.ovn_revision_numbers_db [None req-9881edae-1236-41f5-b0b9-3a512a134213 28d839d6f2684b00a95c1f7e1935a150 ba0ce9b242904c238731fa320f66a593 - - default default] Successfully bumped revision number for resource 630352b0-9869-453a-97d7-e167113d8f56 (type: ports) to 1
2026-06-04 13:08:22.174 7 INFO neutron_taas.services.taas.taas_plugin [None req-c7a1a699-2625-4626-aacb-d82f95026e59 1dbea2d5a81a4398a8541754da9f882d 6330c66d49ce4267b4b1aa33d02c083e - - default default] TaaS: Handle Delete Port: ae6a0107-323d-4445-ba89-b13ddafef7a2
2026-06-04 13:08:22.180 7 INFO neutron_taas.services.taas.tap_mirror_plugin [None req-c7a1a699-2625-4626-aacb-d82f95026e59 1dbea2d5a81a4398a8541754da9f882d 6330c66d49ce4267b4b1aa33d02c083e - - default default] Tap Mirror: Handle Delete Port: ae6a0107-323d-4445-ba89-b13ddafef7a2
2026-06-04 13:08:22.370 7 INFO neutron.db.ovn_revision_numbers_db [None req-73fa5057-4e69-4df8-9a85-705330598477 - - - - - -] Successfully bumped revision number for resource dd61f8b7-b323-41ef-a778-56fd13dfd421 (type: ports) to 4 [pid: 7|app: 0|req: 650/1388] 10.0.0.55 () {32 vars in 718 bytes} [Thu Jun 4 13:08:21 2026] DELETE /v2.0/ports/ae6a0107-323d-4445-ba89-b13ddafef7a2 => generated 0 bytes in 554 msecs (HTTP/1.1 204) 3 headers in 131 bytes (1 switches on core 0)
2026-06-04 13:08:22.696 8 WARNING neutron.scheduler.dhcp_agent_scheduler [None req-9881edae-1236-41f5-b0b9-3a512a134213 28d839d6f2684b00a95c1f7e1935a150 ba0ce9b242904c238731fa320f66a593 - - default default] No more DHCP agents
2026-06-04 13:08:22.698 8 WARNING neutron.api.rpc.agentnotifiers.dhcp_rpc_agent_api [None req-9881edae-1236-41f5-b0b9-3a512a134213 28d839d6f2684b00a95c1f7e1935a150 ba0ce9b242904c238731fa320f66a593 - - default default] Unable to schedule network 00f72d02-09ba-45d2-9a60-1f91642e3345: no agents available; will retry on subsequent port and subnet creation events.
2026-06-04 13:08:22.799 7 INFO neutron.db.ovn_revision_numbers_db [None req-dc777af7-c2f7-4cd4-b9b5-1155b4c017d1 03ac73edd03c4188b4539e460465c0fb 235c304a4eba4c38b98bf3664a9b7b05 - - default default] Successfully bumped revision number for resource ea235b9f-21e0-4148-8951-d1fa9b9936ec (type: security_group_rules) to 0 [pid: 7|app: 0|req: 651/1389] 10.0.0.55 () {34 vars in 693 bytes} [Thu Jun 4 13:08:22 2026] POST /v2.0/security-group-rules => generated 596 bytes in 405 msecs (HTTP/1.1 201) 4 headers in 162 bytes (1 switches on core 0)
2026-06-04 13:08:22.959 7 INFO neutron.db.ovn_revision_numbers_db [None req-73fa5057-4e69-4df8-9a85-705330598477 - - - - - -] Successfully bumped revision number for resource dd61f8b7-b323-41ef-a778-56fd13dfd421 (type: ports) to 5
2026-06-04 13:08:23.200 7 INFO neutron.db.ovn_revision_numbers_db [None req-46dfd12e-2933-4a1f-a2fd-639cdee2758c 28d839d6f2684b00a95c1f7e1935a150 ba0ce9b242904c238731fa320f66a593 - - default default] Successfully bumped revision number for resource d802afb6-2e62-4596-a5c1-44ae461bcd6b (type: security_groups) to 1
2026-06-04 13:08:23.226 7 INFO neutron.db.ovn_revision_numbers_db [None req-46dfd12e-2933-4a1f-a2fd-639cdee2758c 28d839d6f2684b00a95c1f7e1935a150 ba0ce9b242904c238731fa320f66a593 - - default default] Successfully bumped revision number for resource 103ada02-09f3-4a21-b404-00ed02554c14 (type: security_group_rules) to 0
2026-06-04 13:08:23.248 7 INFO neutron.db.ovn_revision_numbers_db [None req-46dfd12e-2933-4a1f-a2fd-639cdee2758c 28d839d6f2684b00a95c1f7e1935a150 ba0ce9b242904c238731fa320f66a593 - - default default] Successfully bumped revision number for resource 7b1cf973-df12-476a-9cbd-0b62de3257bb (type: security_group_rules) to 0
2026-06-04 13:08:23.268 7 INFO neutron.db.ovn_revision_numbers_db [None req-46dfd12e-2933-4a1f-a2fd-639cdee2758c 28d839d6f2684b00a95c1f7e1935a150 ba0ce9b242904c238731fa320f66a593 - - default default] Successfully bumped revision number for resource 7c199ffe-6e9b-4e2f-b3a5-dbda31e55f42 (type: security_group_rules) to 0
2026-06-04 13:08:23.282 7 INFO neutron.db.ovn_revision_numbers_db [None req-46dfd12e-2933-4a1f-a2fd-639cdee2758c 28d839d6f2684b00a95c1f7e1935a150 ba0ce9b242904c238731fa320f66a593 - - default default] Successfully bumped revision number for resource 8b8312d4-8f05-420c-b6ed-243e1f730df0 (type: security_group_rules) to 0
2026-06-04 13:08:23.284 8 INFO neutron.db.ovn_revision_numbers_db [None req-9881edae-1236-41f5-b0b9-3a512a134213 28d839d6f2684b00a95c1f7e1935a150 ba0ce9b242904c238731fa320f66a593 - - default default] Successfully bumped revision number for resource 630352b0-9869-453a-97d7-e167113d8f56 (type: router_ports) to 1 [pid: 8|app: 0|req: 739/1390] 10.0.0.55 () {34 vars in 781 bytes} [Thu Jun 4 13:08:21 2026] PUT /v2.0/routers/3c9102b9-e68e-491c-8e7d-e0a836d17267/add_router_interface => generated 309 bytes in 1948 msecs (HTTP/1.1 200) 4 headers in 157 bytes (1 switches on core 0)
2026-06-04 13:08:23.301 8 INFO neutron.pecan_wsgi.hooks.translation [None req-34a56061-de9b-410f-bdea-c29c24350235 1dbea2d5a81a4398a8541754da9f882d 6330c66d49ce4267b4b1aa33d02c083e - - default default] DELETE failed (client error): The resource could not be found. [pid: 8|app: 0|req: 740/1391] 10.0.0.55 () {32 vars in 718 bytes} [Thu Jun 4 13:08:23 2026] DELETE /v2.0/ports/ae6a0107-323d-4445-ba89-b13ddafef7a2 => generated 132 bytes in 13 msecs (HTTP/1.1 404) 4 headers in 164 bytes (1 switches on core 0)
2026-06-04 13:08:23.379 7 INFO neutron.db.segments_db [None req-46dfd12e-2933-4a1f-a2fd-639cdee2758c 28d839d6f2684b00a95c1f7e1935a150 ba0ce9b242904c238731fa320f66a593 - - default default] Added segment d3a15829-f832-488d-9e8e-858ad6d30e0c of type geneve for network 271dad1e-f25f-491e-8e35-a41ed121e4a7
2026-06-04 13:08:23.439 8 INFO neutron.db.ovn_revision_numbers_db [None req-e9cb5c55-b3b5-4fcc-b8a7-f590c0a2bd98 03ac73edd03c4188b4539e460465c0fb 235c304a4eba4c38b98bf3664a9b7b05 - - default default] Successfully bumped revision number for resource d0f384c8-f7fd-4da9-bdfa-7447da669c7f (type: security_group_rules) to 0 [pid: 8|app: 0|req: 741/1392] 10.0.0.55 () {34 vars in 693 bytes} [Thu Jun 4 13:08:23 2026] POST /v2.0/security-group-rules => generated 602 bytes in 157 msecs (HTTP/1.1 201) 4 headers in 162 bytes (1 switches on core 0)
2026-06-04 13:08:23.482 8 INFO neutron.pecan_wsgi.hooks.translation [None req-bab7fef8-02d4-44ec-a569-083a8d75fbfe 1dbea2d5a81a4398a8541754da9f882d 6330c66d49ce4267b4b1aa33d02c083e - - default default] GET failed (client error): The resource could not be found. [pid: 8|app: 0|req: 742/1393] 10.0.0.55 () {32 vars in 715 bytes} [Thu Jun 4 13:08:23 2026] GET /v2.0/ports/ae6a0107-323d-4445-ba89-b13ddafef7a2 => generated 132 bytes in 25 msecs (HTTP/1.1 404) 4 headers in 164 bytes (1 switches on core 0)
2026-06-04 13:08:23.518 7 INFO neutron.db.ovn_revision_numbers_db [None req-46dfd12e-2933-4a1f-a2fd-639cdee2758c 28d839d6f2684b00a95c1f7e1935a150 ba0ce9b242904c238731fa320f66a593 - - default default] Successfully bumped revision number for resource 271dad1e-f25f-491e-8e35-a41ed121e4a7 (type: networks) to 1
2026-06-04 13:08:23.649 8 INFO neutron.db.ovn_revision_numbers_db [None req-bde1cd1d-cd32-4556-9112-14930934886d 03ac73edd03c4188b4539e460465c0fb 235c304a4eba4c38b98bf3664a9b7b05 - - default default] Successfully bumped revision number for resource f67ac8fe-e516-4995-b6ea-f0a2cb834119 (type: security_group_rules) to 0
2026-06-04 13:08:23.666 7 WARNING neutron.scheduler.dhcp_agent_scheduler [None req-46dfd12e-2933-4a1f-a2fd-639cdee2758c 28d839d6f2684b00a95c1f7e1935a150 ba0ce9b242904c238731fa320f66a593 - - default default] No more DHCP agents
2026-06-04 13:08:23.667 7 WARNING neutron.api.rpc.agentnotifiers.dhcp_rpc_agent_api [None req-46dfd12e-2933-4a1f-a2fd-639cdee2758c 28d839d6f2684b00a95c1f7e1935a150 ba0ce9b242904c238731fa320f66a593 - - default default] Unable to schedule network 271dad1e-f25f-491e-8e35-a41ed121e4a7: no agents available; will retry on subsequent port and subnet creation events. [pid: 8|app: 0|req: 743/1394] 10.0.0.55 () {34 vars in 693 bytes} [Thu Jun 4 13:08:23 2026] POST /v2.0/security-group-rules => generated 601 bytes in 192 msecs (HTTP/1.1 201) 4 headers in 162 bytes (1 switches on core 0)
2026-06-04 13:08:23.773 7 INFO neutron.db.ovn_revision_numbers_db [None req-46dfd12e-2933-4a1f-a2fd-639cdee2758c 28d839d6f2684b00a95c1f7e1935a150 ba0ce9b242904c238731fa320f66a593 - - default default] Successfully bumped revision number for resource 4a850e0f-be02-4d41-8582-fbbbd91c590d (type: ports) to 1 [pid: 7|app: 0|req: 652/1395] 10.0.0.55 () {34 vars in 669 bytes} [Thu Jun 4 13:08:22 2026] POST /v2.0/networks => generated 744 bytes in 931 msecs (HTTP/1.1 201) 4 headers in 162 bytes (1 switches on core 0)
2026-06-04 13:08:23.841 7 INFO neutron.db.securitygroups_db [None req-bcfdb283-d4a0-4846-8baf-5a1aa24b21ba 03ac73edd03c4188b4539e460465c0fb 235c304a4eba4c38b98bf3664a9b7b05 - - default default] Project 235c304a4eba4c38b98bf3664a9b7b05 added a security group rule with legacy IPv6 ICMP protocol name icmp, ipv6-icmp should be used instead. It was automatically converted. [pid: 8|app: 0|req: 744/1396] 10.0.0.55 () {32 vars in 722 bytes} [Thu Jun 4 13:08:23 2026] DELETE /v2.0/subnets/22d99ba2-3225-4f3b-a092-d3d3d918238c => generated 0 bytes in 172 msecs (HTTP/1.1 204) 3 headers in 131 bytes (1 switches on core 0)
2026-06-04 13:08:24.018 8 INFO neutron.db.ovn_revision_numbers_db [None req-79a64c7b-d9b3-4c51-b1ee-da6947001070 c83f0c4d215442dfa79e06e881a11a89 51c73c0ef33847a487728eeb321070c2 - - default default] Successfully bumped revision number for resource 00f4e82b-3c28-44c1-82b0-5ef0405f1cb6 (type: security_groups) to 1
2026-06-04 13:08:24.028 7 INFO neutron.db.ovn_revision_numbers_db [None req-bcfdb283-d4a0-4846-8baf-5a1aa24b21ba 03ac73edd03c4188b4539e460465c0fb 235c304a4eba4c38b98bf3664a9b7b05 - - default default] Successfully bumped revision number for resource 3ff9438e-c523-4fa9-87fc-7db8a5029bd5 (type: security_group_rules) to 0
2026-06-04 13:08:24.029 8 INFO neutron.db.ovn_revision_numbers_db [None req-79a64c7b-d9b3-4c51-b1ee-da6947001070 c83f0c4d215442dfa79e06e881a11a89 51c73c0ef33847a487728eeb321070c2 - - default default] Successfully bumped revision number for resource a42b0a92-db78-4fc5-97a6-0fc49b338695 (type: security_group_rules) to 0
2026-06-04 13:08:24.043 8 INFO neutron.db.ovn_revision_numbers_db [None req-79a64c7b-d9b3-4c51-b1ee-da6947001070 c83f0c4d215442dfa79e06e881a11a89 51c73c0ef33847a487728eeb321070c2 - - default default] Successfully bumped revision number for resource e9f167a4-140b-45dc-aafa-9a893568a250 (type: security_group_rules) to 0 [pid: 7|app: 0|req: 653/1397] 10.0.0.55 () {34 vars in 693 bytes} [Thu Jun 4 13:08:23 2026] POST /v2.0/security-group-rules => generated 607 bytes in 259 msecs (HTTP/1.1 201) 4 headers in 162 bytes (1 switches on core 0) [pid: 8|app: 0|req: 745/1398] 10.0.0.55 () {34 vars in 683 bytes} [Thu Jun 4 13:08:23 2026] POST /v2.0/security-groups => generated 1661 bytes in 223 msecs (HTTP/1.1 201) 4 headers in 163 bytes (1 switches on core 0)
2026-06-04 13:08:24.180 8 INFO neutron_taas.services.taas.taas_plugin [None req-5e5e433d-9cb7-42bd-807d-9e812a9798e7 1dbea2d5a81a4398a8541754da9f882d 6330c66d49ce4267b4b1aa33d02c083e - - default default] TaaS: Handle Delete Port: 09c1549f-ed28-4096-a9dd-105698395826
2026-06-04 13:08:24.183 8 INFO neutron_taas.services.taas.tap_mirror_plugin [None req-5e5e433d-9cb7-42bd-807d-9e812a9798e7 1dbea2d5a81a4398a8541754da9f882d 6330c66d49ce4267b4b1aa33d02c083e - - default default] Tap Mirror: Handle Delete Port: 09c1549f-ed28-4096-a9dd-105698395826
2026-06-04 13:08:24.191 7 WARNING neutron.scheduler.dhcp_agent_scheduler [None req-0801f4ec-dcda-4523-b0de-25cbecdeddc4 28d839d6f2684b00a95c1f7e1935a150 ba0ce9b242904c238731fa320f66a593 - - default default] No more DHCP agents
2026-06-04 13:08:24.193 7 WARNING neutron.api.rpc.agentnotifiers.dhcp_rpc_agent_api [None req-0801f4ec-dcda-4523-b0de-25cbecdeddc4 28d839d6f2684b00a95c1f7e1935a150 ba0ce9b242904c238731fa320f66a593 - - default default] Unable to schedule network 271dad1e-f25f-491e-8e35-a41ed121e4a7: no agents available; will retry on subsequent port and subnet creation events.
2026-06-04 13:08:24.352 8 INFO neutron.services.segments.plugin [-] Segment 8ff6a8df-bfc9-4000-bfca-49ac4fb163e5 resource provider aggregate not found
2026-06-04 13:08:24.356 8 INFO neutron.services.segments.plugin [-] Segment 8ff6a8df-bfc9-4000-bfca-49ac4fb163e5 resource provider aggregate not found
2026-06-04 13:08:24.373 8 INFO neutron.services.segments.plugin [-] Segment 8ff6a8df-bfc9-4000-bfca-49ac4fb163e5 resource provider not found; error: Placement Client Error (4xx): {"errors": [{"status": 404, "title": "Not Found", "detail": "The resource could not be found.\n\n No resource provider with uuid 8ff6a8df-bfc9-4000-bfca-49ac4fb163e5 found for delete ", "request_id": "req-1bb05c36-0314-4e2f-8e7e-43c038dba15d"}]}
2026-06-04 13:08:24.375 8 INFO neutron.services.segments.plugin [-] Segment 8ff6a8df-bfc9-4000-bfca-49ac4fb163e5 resource provider not found; error: Placement Client Error (4xx): {"errors": [{"status": 404, "title": "Not Found", "detail": "The resource could not be found.\n\n No resource provider with uuid 8ff6a8df-bfc9-4000-bfca-49ac4fb163e5 found for delete ", "request_id": "req-d80b561a-77c4-42db-8417-4097663dfa08"}]} [pid: 8|app: 0|req: 746/1399] 10.0.0.55 () {32 vars in 724 bytes} [Thu Jun 4 13:08:24 2026] DELETE /v2.0/networks/a0324c97-597b-43aa-9adf-22db7245daaa => generated 0 bytes in 318 msecs (HTTP/1.1 204) 3 headers in 131 bytes (1 switches on core 0)
2026-06-04 13:08:24.422 8 INFO neutron.db.securitygroups_db [None req-36e774ac-63ce-4f5a-b27c-844594d1487f 03ac73edd03c4188b4539e460465c0fb 235c304a4eba4c38b98bf3664a9b7b05 - - default default] Project 235c304a4eba4c38b98bf3664a9b7b05 added a security group rule with legacy IPv6 ICMP protocol name icmp, ipv6-icmp should be used instead. It was automatically converted.
2026-06-04 13:08:24.530 8 INFO neutron.db.ovn_revision_numbers_db [None req-36e774ac-63ce-4f5a-b27c-844594d1487f 03ac73edd03c4188b4539e460465c0fb 235c304a4eba4c38b98bf3664a9b7b05 - - default default] Successfully bumped revision number for resource a71863d1-75ac-4372-9d4e-4199241b1ef3 (type: security_group_rules) to 0 [pid: 8|app: 0|req: 747/1400] 10.0.0.55 () {34 vars in 693 bytes} [Thu Jun 4 13:08:24 2026] POST /v2.0/security-group-rules => generated 606 bytes in 162 msecs (HTTP/1.1 201) 4 headers in 162 bytes (1 switches on core 0)
2026-06-04 13:08:24.688 7 INFO neutron.db.ovn_revision_numbers_db [None req-c3ce8097-07c6-4570-bdfd-ebcd14d6d00a - - - - - -] Successfully bumped revision number for resource 4a850e0f-be02-4d41-8582-fbbbd91c590d (type: ports) to 2
2026-06-04 13:08:24.717 7 INFO neutron.db.ovn_revision_numbers_db [None req-c3ce8097-07c6-4570-bdfd-ebcd14d6d00a - - - - - -] Successfully bumped revision number for resource 295732ef-ed46-4b3f-9e01-bcebc939c670 (type: subnets) to 0
2026-06-04 13:08:24.726 8 INFO neutron.db.ovn_revision_numbers_db [None req-fc4e5db7-180e-4321-8aff-65ecb887fe07 c83f0c4d215442dfa79e06e881a11a89 51c73c0ef33847a487728eeb321070c2 - - default default] Successfully bumped revision number for resource 127b69d7-52ac-4a62-b992-db044f378e59 (type: security_group_rules) to 0 [pid: 7|app: 0|req: 654/1401] 10.0.0.55 () {34 vars in 667 bytes} [Thu Jun 4 13:08:24 2026] POST /v2.0/subnets => generated 688 bytes in 673 msecs (HTTP/1.1 201) 4 headers in 162 bytes (1 switches on core 0) [pid: 8|app: 0|req: 748/1402] 10.0.0.55 () {34 vars in 693 bytes} [Thu Jun 4 13:08:24 2026] POST /v2.0/security-group-rules => generated 597 bytes in 210 msecs (HTTP/1.1 201) 4 headers in 162 bytes (1 switches on core 0)
2026-06-04 13:08:24.834 7 INFO neutron.db.segments_db [None req-5c841e12-13be-49aa-90b7-bd82cc44d940 1dbea2d5a81a4398a8541754da9f882d 6330c66d49ce4267b4b1aa33d02c083e - - default default] Added segment 46c3c812-7b43-4670-8c4d-897c7d6acc36 of type geneve for network 68dba6bb-a523-46fa-8d16-01e81e3493ba
2026-06-04 13:08:24.979 7 INFO neutron.db.ovn_revision_numbers_db [None req-5c841e12-13be-49aa-90b7-bd82cc44d940 1dbea2d5a81a4398a8541754da9f882d 6330c66d49ce4267b4b1aa33d02c083e - - default default] Successfully bumped revision number for resource 68dba6bb-a523-46fa-8d16-01e81e3493ba (type: networks) to 1
2026-06-04 13:08:25.043 7 WARNING neutron.plugins.ml2.drivers.ovn.mech_driver.ovsdb.ovn_client [None req-92f95c90-9132-4fdb-90ed-e8ca40b427cd - - - - - -] No hosting information found for port d7abb5ba-ab06-4062-91ad-7cab7432c709: RuntimeError: No hosting information found for port d7abb5ba-ab06-4062-91ad-7cab7432c709
2026-06-04 13:08:25.044 7 INFO neutron.plugins.ml2.drivers.ovn.mech_driver.mech_driver [None req-92f95c90-9132-4fdb-90ed-e8ca40b427cd - - - - - -] OVN reports status down for port: 79f42dbd-d79d-4704-b75c-20cbccb6e0da
2026-06-04 13:08:25.201 8 WARNING neutron.scheduler.dhcp_agent_scheduler [None req-a64ea209-3213-4225-87ae-ce087cdc8eb3 28d839d6f2684b00a95c1f7e1935a150 ba0ce9b242904c238731fa320f66a593 - - default default] No more DHCP agents
2026-06-04 13:08:25.202 8 WARNING neutron.api.rpc.agentnotifiers.dhcp_rpc_agent_api [None req-a64ea209-3213-4225-87ae-ce087cdc8eb3 28d839d6f2684b00a95c1f7e1935a150 ba0ce9b242904c238731fa320f66a593 - - default default] Unable to schedule network c62ac45d-35ea-4c41-98cd-824885aac8a8: no agents available; will retry on subsequent port and subnet creation events.
2026-06-04 13:08:25.247 7 WARNING neutron.scheduler.dhcp_agent_scheduler [None req-5c841e12-13be-49aa-90b7-bd82cc44d940 1dbea2d5a81a4398a8541754da9f882d 6330c66d49ce4267b4b1aa33d02c083e - - default default] No more DHCP agents
2026-06-04 13:08:25.252 7 WARNING neutron.api.rpc.agentnotifiers.dhcp_rpc_agent_api [None req-5c841e12-13be-49aa-90b7-bd82cc44d940 1dbea2d5a81a4398a8541754da9f882d 6330c66d49ce4267b4b1aa33d02c083e - - default default] Unable to schedule network 68dba6bb-a523-46fa-8d16-01e81e3493ba: no agents available; will retry on subsequent port and subnet creation events.
2026-06-04 13:08:25.326 7 INFO neutron.db.ovn_revision_numbers_db [None req-92f95c90-9132-4fdb-90ed-e8ca40b427cd - - - - - -] Successfully bumped revision number for resource d7abb5ba-ab06-4062-91ad-7cab7432c709 (type: router_ports) to 2
2026-06-04 13:08:25.435 8 INFO neutron.db.ovn_revision_numbers_db [None req-a64ea209-3213-4225-87ae-ce087cdc8eb3 28d839d6f2684b00a95c1f7e1935a150 ba0ce9b242904c238731fa320f66a593 - - default default] Successfully bumped revision number for resource 7a3f2863-04ef-42c8-be15-b279bb361646 (type: ports) to 1
2026-06-04 13:08:25.447 7 INFO neutron.plugins.ml2.drivers.ovn.mech_driver.mech_driver [None req-92f95c90-9132-4fdb-90ed-e8ca40b427cd - - - - - -] OVN reports status down for port: 09c1549f-ed28-4096-a9dd-105698395826
2026-06-04 13:08:25.466 7 INFO neutron.plugins.ml2.drivers.ovn.mech_driver.mech_driver [None req-92f95c90-9132-4fdb-90ed-e8ca40b427cd - - - - - -] OVN reports status down for port: dd61f8b7-b323-41ef-a778-56fd13dfd421
2026-06-04 13:08:25.493 7 INFO neutron.db.ovn_revision_numbers_db [None req-5c841e12-13be-49aa-90b7-bd82cc44d940 1dbea2d5a81a4398a8541754da9f882d 6330c66d49ce4267b4b1aa33d02c083e - - default default] Successfully bumped revision number for resource d6d31a9f-ea8a-4d06-aec7-d9fb3557cf27 (type: ports) to 1 [pid: 7|app: 0|req: 655/1403] 10.0.0.55 () {34 vars in 668 bytes} [Thu Jun 4 13:08:24 2026] POST /v2.0/networks => generated 636 bytes in 784 msecs (HTTP/1.1 201) 4 headers in 162 bytes (1 switches on core 0)
2026-06-04 13:08:25.766 7 INFO neutron.db.ovn_revision_numbers_db [None req-0491eae0-1fbb-4162-a3aa-d1dc616058a9 c83f0c4d215442dfa79e06e881a11a89 51c73c0ef33847a487728eeb321070c2 - - default default] Successfully bumped revision number for resource af52e2c0-1e38-42ba-9271-3974827e762d (type: security_group_rules) to 0 [pid: 7|app: 0|req: 656/1404] 10.0.0.55 () {34 vars in 693 bytes} [Thu Jun 4 13:08:25 2026] POST /v2.0/security-group-rules => generated 602 bytes in 300 msecs (HTTP/1.1 201) 4 headers in 162 bytes (1 switches on core 0) [pid: 7|app: 0|req: 657/1405] 10.0.0.55 () {32 vars in 647 bytes} [Thu Jun 4 13:08:25 2026] GET /v2.0/networks => generated 1297 bytes in 174 msecs (HTTP/1.1 200) 4 headers in 158 bytes (1 switches on core 0)
2026-06-04 13:08:26.018 7 INFO neutron.db.ovn_revision_numbers_db [None req-92f95c90-9132-4fdb-90ed-e8ca40b427cd - - - - - -] Successfully bumped revision number for resource dd61f8b7-b323-41ef-a778-56fd13dfd421 (type: ports) to 6
2026-06-04 13:08:26.062 8 INFO neutron.plugins.ml2.drivers.ovn.mech_driver.ovsdb.commands [-] Schedule LRP lrp-7a3f2863-04ef-42c8-be15-b279bb361646 on gateway d32602c9-2e50-4ae5-af5a-b926e028aed9 with priority 1
2026-06-04 13:08:26.185 8 INFO neutron.db.ovn_revision_numbers_db [None req-a64ea209-3213-4225-87ae-ce087cdc8eb3 28d839d6f2684b00a95c1f7e1935a150 ba0ce9b242904c238731fa320f66a593 - - default default] Successfully bumped revision number for resource 7a3f2863-04ef-42c8-be15-b279bb361646 (type: router_ports) to 1
2026-06-04 13:08:26.237 7 INFO neutron.plugins.ml2.drivers.ovn.mech_driver.ovsdb.ovsdb_monitor [None req-73fa5057-4e69-4df8-9a85-705330598477 - - - - - -] Router eb17873c-c5e2-4037-b350-94c907eb8854 is bound to host instance
2026-06-04 13:08:26.242 8 INFO neutron.db.ovn_revision_numbers_db [None req-a64ea209-3213-4225-87ae-ce087cdc8eb3 28d839d6f2684b00a95c1f7e1935a150 ba0ce9b242904c238731fa320f66a593 - - default default] Successfully bumped revision number for resource eb17873c-c5e2-4037-b350-94c907eb8854 (type: routers) to 2 [pid: 8|app: 0|req: 749/1406] 10.0.0.55 () {34 vars in 667 bytes} [Thu Jun 4 13:08:24 2026] POST /v2.0/routers => generated 966 bytes in 1490 msecs (HTTP/1.1 201) 4 headers in 162 bytes (1 switches on core 0)
2026-06-04 13:08:26.286 7 WARNING neutron.plugins.ml2.drivers.ovn.mech_driver.ovsdb.ovn_client [None req-33c687df-8f83-46e3-b5bc-1160f7fea6ea - - - - - -] Logical_Switch_Port dd61f8b7-b323-41ef-a778-56fd13dfd421 host information not removed, the port state is up
2026-06-04 13:08:26.287 7 INFO neutron.plugins.ml2.drivers.ovn.mech_driver.mech_driver [None req-33c687df-8f83-46e3-b5bc-1160f7fea6ea - - - - - -] OVN reports status up for port: dd61f8b7-b323-41ef-a778-56fd13dfd421
2026-06-04 13:08:26.484 8 WARNING neutron.scheduler.dhcp_agent_scheduler [None req-49590340-658e-470d-8f03-75e9017d325f c83f0c4d215442dfa79e06e881a11a89 51c73c0ef33847a487728eeb321070c2 - - default default] No more DHCP agents
2026-06-04 13:08:26.485 8 WARNING neutron.api.rpc.agentnotifiers.dhcp_rpc_agent_api [None req-49590340-658e-470d-8f03-75e9017d325f c83f0c4d215442dfa79e06e881a11a89 51c73c0ef33847a487728eeb321070c2 - - default default] Unable to schedule network c62ac45d-35ea-4c41-98cd-824885aac8a8: no agents available; will retry on subsequent port and subnet creation events.
2026-06-04 13:08:26.749 7 INFO neutron.plugins.ml2.plugin [None req-33c687df-8f83-46e3-b5bc-1160f7fea6ea - - - - - -] Attempt 1 to provision port dd61f8b7-b323-41ef-a778-56fd13dfd421 [pid: 8|app: 0|req: 750/1407] 10.0.0.55 () {34 vars in 674 bytes} [Thu Jun 4 13:08:26 2026] POST /v2.0/floatingips => generated 552 bytes in 493 msecs (HTTP/1.1 201) 4 headers in 162 bytes (1 switches on core 0) [pid: 8|app: 0|req: 751/1408] 10.0.0.165 () {34 vars in 1099 bytes} [Thu Jun 4 13:08:26 2026] GET /v2.0/security-groups?name=tempest-secgroup-smoke-1451854244&fields=id&tenant_id=235c304a4eba4c38b98bf3664a9b7b05 => generated 69 bytes in 36 msecs (HTTP/1.1 200) 4 headers in 156 bytes (1 switches on core 0)
2026-06-04 13:08:27.094 7 WARNING neutron.scheduler.dhcp_agent_scheduler [None req-380ef4ca-c375-4661-b679-f3c4afc5536c 1dbea2d5a81a4398a8541754da9f882d 6330c66d49ce4267b4b1aa33d02c083e - - default default] No more DHCP agents
2026-06-04 13:08:27.102 7 WARNING neutron.api.rpc.agentnotifiers.dhcp_rpc_agent_api [None req-380ef4ca-c375-4661-b679-f3c4afc5536c 1dbea2d5a81a4398a8541754da9f882d 6330c66d49ce4267b4b1aa33d02c083e - - default default] Unable to schedule network 68dba6bb-a523-46fa-8d16-01e81e3493ba: no agents available; will retry on subsequent port and subnet creation events.
2026-06-04 13:08:27.208 8 WARNING neutron.scheduler.dhcp_agent_scheduler [None req-bfc2fa97-cbd3-4311-8ca2-25d412c6f235 28d839d6f2684b00a95c1f7e1935a150 ba0ce9b242904c238731fa320f66a593 - - default default] No more DHCP agents
2026-06-04 13:08:27.209 8 WARNING neutron.api.rpc.agentnotifiers.dhcp_rpc_agent_api [None req-bfc2fa97-cbd3-4311-8ca2-25d412c6f235 28d839d6f2684b00a95c1f7e1935a150 ba0ce9b242904c238731fa320f66a593 - - default default] Unable to schedule network 271dad1e-f25f-491e-8e35-a41ed121e4a7: no agents available; will retry on subsequent port and subnet creation events.
2026-06-04 13:08:27.220 7 INFO neutron.db.ovn_revision_numbers_db [None req-380ef4ca-c375-4661-b679-f3c4afc5536c 1dbea2d5a81a4398a8541754da9f882d 6330c66d49ce4267b4b1aa33d02c083e - - default default] Successfully bumped revision number for resource e177f538-bb3f-4b6f-8fe3-f7776359ef7e (type: subnets) to 0 [pid: 7|app: 0|req: 658/1409] 10.0.0.55 () {34 vars in 667 bytes} [Thu Jun 4 13:08:25 2026] POST /v2.0/subnets => generated 646 bytes in 1272 msecs (HTTP/1.1 201) 4 headers in 162 bytes (1 switches on core 0)
2026-06-04 13:08:27.392 8 INFO neutron.db.ovn_revision_numbers_db [None req-bfc2fa97-cbd3-4311-8ca2-25d412c6f235 28d839d6f2684b00a95c1f7e1935a150 ba0ce9b242904c238731fa320f66a593 - - default default] Successfully bumped revision number for resource 59387f67-a284-484e-9450-d2b5259ab630 (type: ports) to 1 [pid: 7|app: 0|req: 659/1410] 10.0.0.165 () {34 vars in 981 bytes} [Thu Jun 4 13:08:27 2026] GET /v2.0/networks?id=ad7f26a6-90b1-4f60-953e-3e54305ee926 => generated 660 bytes in 226 msecs (HTTP/1.1 200) 4 headers in 157 bytes (1 switches on core 0) [pid: 7|app: 0|req: 660/1411] 10.0.0.165 () {34 vars in 1099 bytes} [Thu Jun 4 13:08:27 2026] GET /v2.0/security-groups?name=tempest-securitygroup--1318466525&fields=id&tenant_id=51c73c0ef33847a487728eeb321070c2 => generated 69 bytes in 85 msecs (HTTP/1.1 200) 4 headers in 156 bytes (1 switches on core 0)
2026-06-04 13:08:27.811 7 INFO neutron.db.ovn_revision_numbers_db [None req-33c687df-8f83-46e3-b5bc-1160f7fea6ea - - - - - -] Successfully bumped revision number for resource dd61f8b7-b323-41ef-a778-56fd13dfd421 (type: ports) to 7
2026-06-04 13:08:28.031 8 WARNING neutron.scheduler.dhcp_agent_scheduler [None req-bfc2fa97-cbd3-4311-8ca2-25d412c6f235 28d839d6f2684b00a95c1f7e1935a150 ba0ce9b242904c238731fa320f66a593 - - default default] No more DHCP agents
2026-06-04 13:08:28.032 8 WARNING neutron.api.rpc.agentnotifiers.dhcp_rpc_agent_api [None req-bfc2fa97-cbd3-4311-8ca2-25d412c6f235 28d839d6f2684b00a95c1f7e1935a150 ba0ce9b242904c238731fa320f66a593 - - default default] Unable to schedule network 271dad1e-f25f-491e-8e35-a41ed121e4a7: no agents available; will retry on subsequent port and subnet creation events.
2026-06-04 13:08:28.204 7 INFO neutron.plugins.ml2.drivers.ovn.mech_driver.mech_driver [None req-38337984-fad3-46bf-be85-cc053e984046 - - - - - -] OVN reports status down for port: ae6a0107-323d-4445-ba89-b13ddafef7a2
2026-06-04 13:08:28.225 7 INFO neutron.plugins.ml2.drivers.ovn.mech_driver.mech_driver [None req-38337984-fad3-46bf-be85-cc053e984046 - - - - - -] OVN reports status down for port: 630352b0-9869-453a-97d7-e167113d8f56
2026-06-04 13:08:28.352 7 WARNING neutron.scheduler.dhcp_agent_scheduler [None req-6f007e30-e553-4bc0-b84f-06c4dc2ab6c7 1dbea2d5a81a4398a8541754da9f882d 6330c66d49ce4267b4b1aa33d02c083e - - default default] No more DHCP agents
2026-06-04 13:08:28.358 7 WARNING neutron.api.rpc.agentnotifiers.dhcp_rpc_agent_api [None req-6f007e30-e553-4bc0-b84f-06c4dc2ab6c7 1dbea2d5a81a4398a8541754da9f882d 6330c66d49ce4267b4b1aa33d02c083e - - default default] Unable to schedule network 68dba6bb-a523-46fa-8d16-01e81e3493ba: no agents available; will retry on subsequent port and subnet creation events.
2026-06-04 13:08:28.364 7 WARNING neutron.plugins.ml2.drivers.ovn.mech_driver.ovsdb.ovn_client [None req-38337984-fad3-46bf-be85-cc053e984046 - - - - - -] Logical_Switch_Port 630352b0-9869-453a-97d7-e167113d8f56 host information not removed, the port state is up
2026-06-04 13:08:28.364 7 INFO neutron.plugins.ml2.drivers.ovn.mech_driver.mech_driver [None req-38337984-fad3-46bf-be85-cc053e984046 - - - - - -] OVN reports status up for port: 630352b0-9869-453a-97d7-e167113d8f56
2026-06-04 13:08:28.407 7 INFO neutron.plugins.ml2.plugin [None req-38337984-fad3-46bf-be85-cc053e984046 - - - - - -] Attempt 1 to provision port 630352b0-9869-453a-97d7-e167113d8f56
2026-06-04 13:08:28.475 8 INFO neutron.db.ovn_revision_numbers_db [None req-bfc2fa97-cbd3-4311-8ca2-25d412c6f235 28d839d6f2684b00a95c1f7e1935a150 ba0ce9b242904c238731fa320f66a593 - - default default] Successfully bumped revision number for resource 59387f67-a284-484e-9450-d2b5259ab630 (type: router_ports) to 1 [pid: 8|app: 0|req: 752/1412] 10.0.0.55 () {34 vars in 781 bytes} [Thu Jun 4 13:08:26 2026] PUT /v2.0/routers/eb17873c-c5e2-4037-b350-94c907eb8854/add_router_interface => generated 309 bytes in 1692 msecs (HTTP/1.1 200) 4 headers in 157 bytes (1 switches on core 0) [pid: 8|app: 0|req: 753/1413] 10.0.0.165 () {34 vars in 964 bytes} [Thu Jun 4 13:08:28 2026] GET /v2.0/quotas/235c304a4eba4c38b98bf3664a9b7b05 => generated 292 bytes in 8 msecs (HTTP/1.1 200) 4 headers in 157 bytes (1 switches on core 0) [pid: 8|app: 0|req: 756/1416] 10.0.0.165 () {34 vars in 981 bytes} [Thu Jun 4 13:08:28 2026] GET /v2.0/networks?id=00f72d02-09ba-45d2-9a60-1f91642e3345 => generated 675 bytes in 38 msecs (HTTP/1.1 200) 4 headers in 157 bytes (1 switches on core 0) [pid: 8|app: 0|req: 757/1417] 10.0.0.165 () {34 vars in 1001 bytes} [Thu Jun 4 13:08:28 2026] GET /v2.0/ports?tenant_id=235c304a4eba4c38b98bf3664a9b7b05&fields=id => generated 103 bytes in 64 msecs (HTTP/1.1 200) 4 headers in 157 bytes (1 switches on core 0) [pid: 8|app: 0|req: 758/1418] 10.0.0.165 () {34 vars in 964 bytes} [Thu Jun 4 13:08:28 2026] GET /v2.0/quotas/51c73c0ef33847a487728eeb321070c2 => generated 292 bytes in 8 msecs (HTTP/1.1 200) 4 headers in 157 bytes (1 switches on core 0) [pid: 8|app: 0|req: 759/1419] 10.0.0.165 () {34 vars in 1001 bytes} [Thu Jun 4 13:08:28 2026] GET /v2.0/ports?tenant_id=51c73c0ef33847a487728eeb321070c2&fields=id => generated 103 bytes in 78 msecs (HTTP/1.1 200) 4 headers in 157 bytes (1 switches on core 0) [pid: 8|app: 0|req: 760/1420] 10.0.0.165 () {34 vars in 1007 bytes} [Thu Jun 4 13:08:28 2026] GET /v2.0/networks/ad7f26a6-90b1-4f60-953e-3e54305ee926?fields=segments => generated 14 bytes in 34 msecs (HTTP/1.1 200) 4 headers in 156 bytes (1 switches on core 0) [pid: 8|app: 0|req: 761/1421] 10.0.0.165 () {34 vars in 1007 bytes} [Thu Jun 4 13:08:28 2026] GET /v2.0/networks/00f72d02-09ba-45d2-9a60-1f91642e3345?fields=segments => generated 14 bytes in 49 msecs (HTTP/1.1 200) 4 headers in 156 bytes (1 switches on core 0) [pid: 8|app: 0|req: 762/1422] 10.0.0.165 () {34 vars in 1107 bytes} [Thu Jun 4 13:08:28 2026] GET /v2.0/networks/ad7f26a6-90b1-4f60-953e-3e54305ee926?fields=provider%3Aphysical_network&fields=provider%3Anetwork_type => generated 79 bytes in 34 msecs (HTTP/1.1 200) 4 headers in 156 bytes (1 switches on core 0) [pid: 8|app: 0|req: 763/1423] 10.0.0.165 () {34 vars in 1107 bytes} [Thu Jun 4 13:08:28 2026] GET /v2.0/networks/00f72d02-09ba-45d2-9a60-1f91642e3345?fields=provider%3Aphysical_network&fields=provider%3Anetwork_type => generated 79 bytes in 126 msecs (HTTP/1.1 200) 4 headers in 156 bytes (1 switches on core 0) [pid: 8|app: 0|req: 764/1424] 10.0.0.165 () {34 vars in 989 bytes} [Thu Jun 4 13:08:28 2026] GET /v2.0/ports?device_id=ba27940e-e21d-4f8e-9d40-9c5c67b34336 => generated 12 bytes in 19 msecs (HTTP/1.1 200) 4 headers in 156 bytes (1 switches on core 0) [pid: 8|app: 0|req: 765/1425] 10.0.0.165 () {34 vars in 989 bytes} [Thu Jun 4 13:08:29 2026] GET /v2.0/ports?device_id=16280d5c-94b4-4e76-8e21-f53a68a970d9 => generated 12 bytes in 25 msecs (HTTP/1.1 200) 4 headers in 156 bytes (1 switches on core 0)
2026-06-04 13:08:29.095 7 INFO neutron.db.ovn_revision_numbers_db [None req-6f007e30-e553-4bc0-b84f-06c4dc2ab6c7 1dbea2d5a81a4398a8541754da9f882d 6330c66d49ce4267b4b1aa33d02c083e - - default default] Successfully bumped revision number for resource afce36e8-7216-40e4-a122-4b04d080b7e2 (type: ports) to 1
2026-06-04 13:08:29.148 7 INFO neutron.db.ovn_revision_numbers_db [None req-6025d6fe-d783-4d2e-9764-0ed72c98eb7b - - - - - -] Successfully bumped revision number for resource 7a3f2863-04ef-42c8-be15-b279bb361646 (type: ports) to 4 [pid: 7|app: 0|req: 661/1426] 10.0.0.55 () {34 vars in 663 bytes} [Thu Jun 4 13:08:27 2026] POST /v2.0/ports => generated 927 bytes in 1584 msecs (HTTP/1.1 201) 4 headers in 162 bytes (1 switches on core 0)
2026-06-04 13:08:29.383 8 INFO neutron_taas.services.taas.taas_plugin [None req-881ae391-d3a9-4044-8fca-1402f7e3833a 1dbea2d5a81a4398a8541754da9f882d 6330c66d49ce4267b4b1aa33d02c083e - - default default] TaaS: Handle Delete Port: afce36e8-7216-40e4-a122-4b04d080b7e2
2026-06-04 13:08:29.385 8 INFO neutron_taas.services.taas.tap_mirror_plugin [None req-881ae391-d3a9-4044-8fca-1402f7e3833a 1dbea2d5a81a4398a8541754da9f882d 6330c66d49ce4267b4b1aa33d02c083e - - default default] Tap Mirror: Handle Delete Port: afce36e8-7216-40e4-a122-4b04d080b7e2
2026-06-04 13:08:29.441 7 INFO neutron.db.ovn_revision_numbers_db [None req-38337984-fad3-46bf-be85-cc053e984046 - - - - - -] Successfully bumped revision number for resource 630352b0-9869-453a-97d7-e167113d8f56 (type: ports) to 2 [pid: 8|app: 0|req: 766/1427] 10.0.0.55 () {32 vars in 718 bytes} [Thu Jun 4 13:08:29 2026] DELETE /v2.0/ports/afce36e8-7216-40e4-a122-4b04d080b7e2 => generated 0 bytes in 369 msecs (HTTP/1.1 204) 3 headers in 131 bytes (1 switches on core 0)
2026-06-04 13:08:29.558 8 INFO neutron.pecan_wsgi.hooks.translation [None req-ce0ed634-c911-4cf7-8e0d-a24af096c779 1dbea2d5a81a4398a8541754da9f882d 6330c66d49ce4267b4b1aa33d02c083e - - default default] GET failed (client error): The resource could not be found. [pid: 8|app: 0|req: 767/1428] 10.0.0.55 () {32 vars in 715 bytes} [Thu Jun 4 13:08:29 2026] GET /v2.0/ports/afce36e8-7216-40e4-a122-4b04d080b7e2 => generated 132 bytes in 19 msecs (HTTP/1.1 404) 4 headers in 164 bytes (1 switches on core 0) [pid: 8|app: 0|req: 768/1429] 10.0.0.55 () {32 vars in 722 bytes} [Thu Jun 4 13:08:29 2026] DELETE /v2.0/subnets/e177f538-bb3f-4b6f-8fe3-f7776359ef7e => generated 0 bytes in 149 msecs (HTTP/1.1 204) 3 headers in 131 bytes (1 switches on core 0)
2026-06-04 13:08:29.828 7 INFO neutron.db.ovn_revision_numbers_db [None req-a4608aee-66e3-4f93-ae63-290ef9e2235a 28d839d6f2684b00a95c1f7e1935a150 ba0ce9b242904c238731fa320f66a593 - - default default] Successfully bumped revision number for resource a0f767be-4815-4355-8cde-1002fff932ec (type: security_groups) to 1
2026-06-04 13:08:29.848 7 INFO neutron.db.ovn_revision_numbers_db [None req-a4608aee-66e3-4f93-ae63-290ef9e2235a 28d839d6f2684b00a95c1f7e1935a150 ba0ce9b242904c238731fa320f66a593 - - default default] Successfully bumped revision number for resource 22ad199a-354d-4de9-a6fa-0861b36cae0f (type: security_group_rules) to 0
