2026-04-28 23:30:59.367 10 INFO neutron.db.ovn_revision_numbers_db [None req-1e727232-38a4-41d8-b60f-0fe0114d6656 d9949a3886b94522933392f3b7c5d2c3 caf4c065f9414a01b9e06ee8ba75c5ce - - default default] Successfully bumped revision number for resource 44b994c4-9795-40b5-ae8c-99eca24cd6e5 (type: security_group_rules) to 0
2026-04-28 23:30:59.380 10 INFO neutron.db.ovn_revision_numbers_db [None req-1e727232-38a4-41d8-b60f-0fe0114d6656 d9949a3886b94522933392f3b7c5d2c3 caf4c065f9414a01b9e06ee8ba75c5ce - - default default] Successfully bumped revision number for resource 707f3d32-5e10-4c53-9902-2b6bf87c40fa (type: security_group_rules) to 0
2026-04-28 23:30:59.394 10 INFO neutron.db.ovn_revision_numbers_db [None req-1e727232-38a4-41d8-b60f-0fe0114d6656 d9949a3886b94522933392f3b7c5d2c3 caf4c065f9414a01b9e06ee8ba75c5ce - - default default] Successfully bumped revision number for resource a6481a7f-2ce4-4e2a-bc6c-32042f1aef4c (type: security_group_rules) to 0
2026-04-28 23:30:59.407 10 INFO neutron.db.ovn_revision_numbers_db [None req-1e727232-38a4-41d8-b60f-0fe0114d6656 d9949a3886b94522933392f3b7c5d2c3 caf4c065f9414a01b9e06ee8ba75c5ce - - default default] Successfully bumped revision number for resource bf9a6433-d615-4fe6-af6e-c8c57b92323f (type: security_group_rules) to 0
2026-04-28 23:30:59.461 10 INFO neutron.db.segments_db [None req-1e727232-38a4-41d8-b60f-0fe0114d6656 d9949a3886b94522933392f3b7c5d2c3 caf4c065f9414a01b9e06ee8ba75c5ce - - default default] Added segment ca0de373-2f33-4a71-877e-6b3c544792dc of type geneve for network 104284ae-03f5-4dd7-8d53-56518125aa6c
2026-04-28 23:30:59.543 10 INFO neutron.services.segments.plugin [-] Segment 7f59231d-2288-4fe4-85d8-7ef2127caa04 resource provider aggregate not found
2026-04-28 23:30:59.558 10 INFO neutron.services.segments.plugin [-] Segment 7f59231d-2288-4fe4-85d8-7ef2127caa04 resource provider aggregate not found
2026-04-28 23:30:59.573 10 INFO neutron.services.segments.plugin [-] Segment 7f59231d-2288-4fe4-85d8-7ef2127caa04 resource provider not found; error: Placement Client Error (4xx): {"errors": [{"status": 404, "title": "Not Found", "detail": "The resource could not be found.\n\n No resource provider with uuid 7f59231d-2288-4fe4-85d8-7ef2127caa04 found for delete ", "request_id": "req-d7b57236-5994-4194-b66b-a3a6db958219"}]}
2026-04-28 23:30:59.587 10 INFO neutron.services.segments.plugin [-] Segment 7f59231d-2288-4fe4-85d8-7ef2127caa04 resource provider not found; error: Placement Client Error (4xx): {"errors": [{"status": 404, "title": "Not Found", "detail": "The resource could not be found.\n\n No resource provider with uuid 7f59231d-2288-4fe4-85d8-7ef2127caa04 found for delete ", "request_id": "req-a6bf9545-0226-4f95-85d5-208c80977b98"}]}
2026-04-28 23:30:59.631 10 INFO neutron.db.ovn_revision_numbers_db [None req-1e727232-38a4-41d8-b60f-0fe0114d6656 d9949a3886b94522933392f3b7c5d2c3 caf4c065f9414a01b9e06ee8ba75c5ce - - default default] Successfully bumped revision number for resource 104284ae-03f5-4dd7-8d53-56518125aa6c (type: networks) to 1
2026-04-28 23:30:59.738 9 INFO neutron.db.ovn_revision_numbers_db [None req-aa8fb6c5-7735-4a4a-9279-916cf3f50185 6710507775db4c0586cf4634b6d87a72 c991ce7655ff4b41a00da575c0f0e0fc - - default default] Successfully bumped revision number for resource ab75fcb4-13c7-4e3c-a31c-d76c8dff6323 (type: ports) to 2
2026-04-28 23:30:59.764 9 INFO neutron.db.ovn_revision_numbers_db [None req-aa8fb6c5-7735-4a4a-9279-916cf3f50185 6710507775db4c0586cf4634b6d87a72 c991ce7655ff4b41a00da575c0f0e0fc - - default default] Successfully bumped revision number for resource f6635138-a0bb-4291-9c76-9ea6286cf3c0 (type: subnets) to 0
2026-04-28 23:30:59.782 9 INFO neutron.wsgi [None req-aa8fb6c5-7735-4a4a-9279-916cf3f50185 6710507775db4c0586cf4634b6d87a72 c991ce7655ff4b41a00da575c0f0e0fc - - default default] 10.0.0.216 "POST /v2.0/subnets HTTP/1.1" status: 201 len: 801 time: 0.7493553
2026-04-28 23:30:59.796 10 WARNING neutron.scheduler.dhcp_agent_scheduler [None req-1e727232-38a4-41d8-b60f-0fe0114d6656 d9949a3886b94522933392f3b7c5d2c3 caf4c065f9414a01b9e06ee8ba75c5ce - - default default] No more DHCP agents
2026-04-28 23:30:59.799 10 WARNING neutron.api.rpc.agentnotifiers.dhcp_rpc_agent_api [None req-1e727232-38a4-41d8-b60f-0fe0114d6656 d9949a3886b94522933392f3b7c5d2c3 caf4c065f9414a01b9e06ee8ba75c5ce - - default default] Unable to schedule network 104284ae-03f5-4dd7-8d53-56518125aa6c: no agents available; will retry on subsequent port and subnet creation events.
2026-04-28 23:30:59.894 10 INFO neutron.db.ovn_revision_numbers_db [None req-1e727232-38a4-41d8-b60f-0fe0114d6656 d9949a3886b94522933392f3b7c5d2c3 caf4c065f9414a01b9e06ee8ba75c5ce - - default default] Successfully bumped revision number for resource ed60cb55-2f66-42f0-a7a3-c5b772dd8a79 (type: ports) to 1
2026-04-28 23:30:59.913 10 INFO neutron.wsgi [None req-1e727232-38a4-41d8-b60f-0fe0114d6656 d9949a3886b94522933392f3b7c5d2c3 caf4c065f9414a01b9e06ee8ba75c5ce - - default default] 10.0.0.216 "POST /v2.0/networks HTTP/1.1" status: 201 len: 940 time: 0.8260314
2026-04-28 23:30:59.934 9 INFO neutron.db.ovn_revision_numbers_db [None req-9f9391a1-3b86-4a5c-8c5c-34801f3938a1 6710507775db4c0586cf4634b6d87a72 c991ce7655ff4b41a00da575c0f0e0fc - - default default] Successfully bumped revision number for resource 3f262bb6-6294-463a-88e2-ed5091ac8719 (type: routers) to 1
2026-04-28 23:30:59.967 9 INFO neutron.wsgi [None req-9f9391a1-3b86-4a5c-8c5c-34801f3938a1 6710507775db4c0586cf4634b6d87a72 c991ce7655ff4b41a00da575c0f0e0fc - - default default] 10.0.0.216 "POST /v2.0/routers HTTP/1.1" status: 201 len: 686 time: 0.1803193
2026-04-28 23:31:00.056 9 WARNING neutron.scheduler.dhcp_agent_scheduler [None req-4fa2759f-f853-4a32-9479-2c1d774d94b3 d9949a3886b94522933392f3b7c5d2c3 caf4c065f9414a01b9e06ee8ba75c5ce - - default default] No more DHCP agents
2026-04-28 23:31:00.058 9 WARNING neutron.api.rpc.agentnotifiers.dhcp_rpc_agent_api [None req-4fa2759f-f853-4a32-9479-2c1d774d94b3 d9949a3886b94522933392f3b7c5d2c3 caf4c065f9414a01b9e06ee8ba75c5ce - - default default] Unable to schedule network 104284ae-03f5-4dd7-8d53-56518125aa6c: no agents available; will retry on subsequent port and subnet creation events.
2026-04-28 23:31:00.180 10 WARNING neutron.plugins.ml2.drivers.ovn.mech_driver.ovsdb.ovn_client [None req-77ce5834-fdbe-4938-af3e-775d023d66e9 - - - - - -] No port found with ID 05584ca8-b3ff-4ad7-980f-57e4ce28f5dd: RuntimeError: No port found with ID 05584ca8-b3ff-4ad7-980f-57e4ce28f5dd
2026-04-28 23:31:00.311 10 WARNING neutron.scheduler.dhcp_agent_scheduler [None req-bf4642fa-8f6e-4db1-b658-df5e6377e49f 6710507775db4c0586cf4634b6d87a72 c991ce7655ff4b41a00da575c0f0e0fc - - default default] No more DHCP agents
2026-04-28 23:31:00.313 10 WARNING neutron.api.rpc.agentnotifiers.dhcp_rpc_agent_api [None req-bf4642fa-8f6e-4db1-b658-df5e6377e49f 6710507775db4c0586cf4634b6d87a72 c991ce7655ff4b41a00da575c0f0e0fc - - default default] Unable to schedule network 1620d6a0-b574-4ab1-a8c9-1db0d74e2e27: no agents available; will retry on subsequent port and subnet creation events.
2026-04-28 23:31:00.475 10 INFO neutron.db.ovn_revision_numbers_db [None req-bf4642fa-8f6e-4db1-b658-df5e6377e49f 6710507775db4c0586cf4634b6d87a72 c991ce7655ff4b41a00da575c0f0e0fc - - default default] Successfully bumped revision number for resource 26ea01b6-043f-450b-95b9-8dcad47c2c45 (type: ports) to 1
2026-04-28 23:31:00.496 10 INFO neutron.wsgi [None req-bf4642fa-8f6e-4db1-b658-df5e6377e49f 6710507775db4c0586cf4634b6d87a72 c991ce7655ff4b41a00da575c0f0e0fc - - default default] 10.0.0.216 "POST /v2.0/ports HTTP/1.1" status: 201 len: 1149 time: 0.5234513 /var/lib/openstack/lib/python3.10/site-packages/pycadf/identifier.py:71: UserWarning: Invalid uuid: neutron. To ensure interoperability, identifiers should be a valid uuid. warnings.warn(('Invalid uuid: %s. To ensure interoperability, '
2026-04-28 23:31:00.646 9 INFO neutron.db.ovn_revision_numbers_db [None req-4fa2759f-f853-4a32-9479-2c1d774d94b3 d9949a3886b94522933392f3b7c5d2c3 caf4c065f9414a01b9e06ee8ba75c5ce - - default default] Successfully bumped revision number for resource ed60cb55-2f66-42f0-a7a3-c5b772dd8a79 (type: ports) to 2
2026-04-28 23:31:00.674 9 INFO neutron.db.ovn_revision_numbers_db [None req-4fa2759f-f853-4a32-9479-2c1d774d94b3 d9949a3886b94522933392f3b7c5d2c3 caf4c065f9414a01b9e06ee8ba75c5ce - - default default] Successfully bumped revision number for resource bb0f064c-5b46-4ef0-a18e-5d579819d0ca (type: subnets) to 0
2026-04-28 23:31:00.690 9 INFO neutron.wsgi [None req-4fa2759f-f853-4a32-9479-2c1d774d94b3 d9949a3886b94522933392f3b7c5d2c3 caf4c065f9414a01b9e06ee8ba75c5ce - - default default] 10.0.0.216 "POST /v2.0/subnets HTTP/1.1" status: 201 len: 860 time: 0.7715747
2026-04-28 23:31:00.979 10 INFO neutron.plugins.ml2.drivers.ovn.mech_driver.mech_driver [None req-77ce5834-fdbe-4938-af3e-775d023d66e9 - - - - - -] OVN reports status up for port: 26ea01b6-043f-450b-95b9-8dcad47c2c45
2026-04-28 23:31:00.987 10 INFO neutron.plugins.ml2.plugin [None req-77ce5834-fdbe-4938-af3e-775d023d66e9 - - - - - -] Attempt 1 to provision port 26ea01b6-043f-450b-95b9-8dcad47c2c45
2026-04-28 23:31:01.006 10 INFO neutron.db.ovn_revision_numbers_db [None req-0928d1ed-a336-40e6-a015-55a6fec03302 6710507775db4c0586cf4634b6d87a72 c991ce7655ff4b41a00da575c0f0e0fc - - default default] Successfully bumped revision number for resource 26ea01b6-043f-450b-95b9-8dcad47c2c45 (type: router_ports) to 2
2026-04-28 23:31:01.126 9 WARNING neutron.scheduler.dhcp_agent_scheduler [None req-23b0c198-0b32-4bc6-ab76-d7c303829f5b d9949a3886b94522933392f3b7c5d2c3 caf4c065f9414a01b9e06ee8ba75c5ce - - default default] No more DHCP agents
2026-04-28 23:31:01.127 9 WARNING neutron.api.rpc.agentnotifiers.dhcp_rpc_agent_api [None req-23b0c198-0b32-4bc6-ab76-d7c303829f5b d9949a3886b94522933392f3b7c5d2c3 caf4c065f9414a01b9e06ee8ba75c5ce - - default default] Unable to schedule network b62a734d-eb7d-4c80-ad9c-6ecac9e2e701: no agents available; will retry on subsequent port and subnet creation events.
2026-04-28 23:31:01.226 10 INFO neutron.db.ovn_revision_numbers_db [None req-0928d1ed-a336-40e6-a015-55a6fec03302 6710507775db4c0586cf4634b6d87a72 c991ce7655ff4b41a00da575c0f0e0fc - - default default] Successfully bumped revision number for resource 26ea01b6-043f-450b-95b9-8dcad47c2c45 (type: ports) to 2
2026-04-28 23:31:01.276 9 INFO neutron.db.ovn_revision_numbers_db [None req-23b0c198-0b32-4bc6-ab76-d7c303829f5b d9949a3886b94522933392f3b7c5d2c3 caf4c065f9414a01b9e06ee8ba75c5ce - - default default] Successfully bumped revision number for resource fec12314-aa8a-4b28-93c5-c8f5337f2bc4 (type: ports) to 1
2026-04-28 23:31:01.346 10 INFO neutron.db.ovn_revision_numbers_db [None req-77ce5834-fdbe-4938-af3e-775d023d66e9 - - - - - -] Successfully bumped revision number for resource 26ea01b6-043f-450b-95b9-8dcad47c2c45 (type: ports) to 3
2026-04-28 23:31:01.518 10 INFO neutron.db.ovn_revision_numbers_db [None req-77ce5834-fdbe-4938-af3e-775d023d66e9 - - - - - -] Successfully bumped revision number for resource 26ea01b6-043f-450b-95b9-8dcad47c2c45 (type: router_ports) to 3
2026-04-28 23:31:01.821 10 INFO neutron.db.ovn_revision_numbers_db [None req-0928d1ed-a336-40e6-a015-55a6fec03302 6710507775db4c0586cf4634b6d87a72 c991ce7655ff4b41a00da575c0f0e0fc - - default default] Successfully bumped revision number for resource 26ea01b6-043f-450b-95b9-8dcad47c2c45 (type: ports) to 3
2026-04-28 23:31:01.826 9 INFO neutron.plugins.ml2.drivers.ovn.mech_driver.ovsdb.ovsdb_monitor [-] Router d1e36aef-87eb-430a-a871-8a4aabb39db6 is bound to host instance
2026-04-28 23:31:01.857 9 INFO neutron.db.ovn_revision_numbers_db [None req-23b0c198-0b32-4bc6-ab76-d7c303829f5b d9949a3886b94522933392f3b7c5d2c3 caf4c065f9414a01b9e06ee8ba75c5ce - - default default] Successfully bumped revision number for resource fec12314-aa8a-4b28-93c5-c8f5337f2bc4 (type: router_ports) to 1
2026-04-28 23:31:01.886 10 WARNING neutron.scheduler.dhcp_agent_scheduler [None req-0928d1ed-a336-40e6-a015-55a6fec03302 6710507775db4c0586cf4634b6d87a72 c991ce7655ff4b41a00da575c0f0e0fc - - default default] No more DHCP agents
2026-04-28 23:31:01.888 10 WARNING neutron.api.rpc.agentnotifiers.dhcp_rpc_agent_api [None req-0928d1ed-a336-40e6-a015-55a6fec03302 6710507775db4c0586cf4634b6d87a72 c991ce7655ff4b41a00da575c0f0e0fc - - default default] Unable to schedule network 1620d6a0-b574-4ab1-a8c9-1db0d74e2e27: no agents available; will retry on subsequent port and subnet creation events.
2026-04-28 23:31:01.963 9 INFO neutron.db.ovn_revision_numbers_db [None req-23b0c198-0b32-4bc6-ab76-d7c303829f5b d9949a3886b94522933392f3b7c5d2c3 caf4c065f9414a01b9e06ee8ba75c5ce - - default default] Successfully bumped revision number for resource d1e36aef-87eb-430a-a871-8a4aabb39db6 (type: routers) to 2
2026-04-28 23:31:01.982 9 INFO neutron.wsgi [None req-23b0c198-0b32-4bc6-ab76-d7c303829f5b d9949a3886b94522933392f3b7c5d2c3 caf4c065f9414a01b9e06ee8ba75c5ce - - default default] 10.0.0.216 "POST /v2.0/routers HTTP/1.1" status: 201 len: 871 time: 1.2889526
2026-04-28 23:31:02.042 10 INFO neutron.db.ovn_revision_numbers_db [None req-0928d1ed-a336-40e6-a015-55a6fec03302 6710507775db4c0586cf4634b6d87a72 c991ce7655ff4b41a00da575c0f0e0fc - - default default] Successfully bumped revision number for resource 26ea01b6-043f-450b-95b9-8dcad47c2c45 (type: router_ports) to 3
2026-04-28 23:31:02.045 10 INFO neutron.wsgi [None req-0928d1ed-a336-40e6-a015-55a6fec03302 6710507775db4c0586cf4634b6d87a72 c991ce7655ff4b41a00da575c0f0e0fc - - default default] 10.0.0.216 "PUT /v2.0/routers/3f262bb6-6294-463a-88e2-ed5091ac8719/add_router_interface HTTP/1.1" status: 200 len: 503 time: 1.5289631 /var/lib/openstack/lib/python3.10/site-packages/pycadf/identifier.py:71: UserWarning: Invalid uuid: neutron. To ensure interoperability, identifiers should be a valid uuid. warnings.warn(('Invalid uuid: %s. To ensure interoperability, '
2026-04-28 23:31:02.117 10 INFO neutron.wsgi [None req-cc3d59b4-8a52-4bff-bacb-a54bdb62370e 6710507775db4c0586cf4634b6d87a72 c991ce7655ff4b41a00da575c0f0e0fc - - default default] 10.0.0.216 "GET /v2.0/ports/26ea01b6-043f-450b-95b9-8dcad47c2c45 HTTP/1.1" status: 200 len: 1207 time: 0.0658970
2026-04-28 23:31:02.486 9 INFO neutron.db.ovn_revision_numbers_db [None req-1376606f-3885-4ea6-9b74-598a53b3f3cf d9949a3886b94522933392f3b7c5d2c3 caf4c065f9414a01b9e06ee8ba75c5ce - - default default] Successfully bumped revision number for resource 195f9f13-52ca-4e86-8484-02a95ee858a6 (type: security_groups) to 1
2026-04-28 23:31:02.532 9 INFO neutron.db.ovn_revision_numbers_db [None req-1376606f-3885-4ea6-9b74-598a53b3f3cf d9949a3886b94522933392f3b7c5d2c3 caf4c065f9414a01b9e06ee8ba75c5ce - - default default] Successfully bumped revision number for resource 3337199c-7d13-40df-a0a8-b077e9246d20 (type: security_group_rules) to 0
2026-04-28 23:31:02.536 9 INFO neutron.wsgi [req-cc84f67a-5a6d-4658-986c-54bb90b1fe25 req-c7167fb4-a041-46e1-9d3d-8c15e15c27f9 b564d173c95c4fcfbd1ac2095754c325 c19f6fea06174e1f8a5de22cc378066e - - f03097fe19c54228bef42d7301077843 f03097fe19c54228bef42d7301077843] 10.0.0.176 "GET /v2.0/ports?device_id=bf2de132-370b-436b-a050-9e276281719b HTTP/1.1" status: 200 len: 1413 time: 0.1566567
2026-04-28 23:31:02.573 9 INFO neutron.db.ovn_revision_numbers_db [None req-1376606f-3885-4ea6-9b74-598a53b3f3cf d9949a3886b94522933392f3b7c5d2c3 caf4c065f9414a01b9e06ee8ba75c5ce - - default default] Successfully bumped revision number for resource 45d47b7c-eef3-4264-a103-f2fc3d018620 (type: security_group_rules) to 0
2026-04-28 23:31:02.600 9 INFO neutron.db.ovn_revision_numbers_db [None req-1376606f-3885-4ea6-9b74-598a53b3f3cf d9949a3886b94522933392f3b7c5d2c3 caf4c065f9414a01b9e06ee8ba75c5ce - - default default] Successfully bumped revision number for resource cb69f1b8-976d-4eb1-91df-2eb31a461699 (type: security_group_rules) to 0
2026-04-28 23:31:02.630 9 INFO neutron.wsgi [req-cc84f67a-5a6d-4658-986c-54bb90b1fe25 req-039d3028-5548-41a4-babf-e615c9a322b4 b564d173c95c4fcfbd1ac2095754c325 c19f6fea06174e1f8a5de22cc378066e - - f03097fe19c54228bef42d7301077843 f03097fe19c54228bef42d7301077843] 10.0.0.176 "GET /v2.0/security-groups?id=d5178b6a-892a-4243-9829-4bc586282aa6&fields=id&fields=name HTTP/1.1" status: 200 len: 312 time: 0.0860782
2026-04-28 23:31:02.632 9 INFO neutron.db.ovn_revision_numbers_db [None req-1376606f-3885-4ea6-9b74-598a53b3f3cf d9949a3886b94522933392f3b7c5d2c3 caf4c065f9414a01b9e06ee8ba75c5ce - - default default] Successfully bumped revision number for resource fee89eba-e0ee-46a0-b7c9-3bf51aaf6b4d (type: security_group_rules) to 0
2026-04-28 23:31:02.666 9 INFO neutron.wsgi [None req-1376606f-3885-4ea6-9b74-598a53b3f3cf d9949a3886b94522933392f3b7c5d2c3 caf4c065f9414a01b9e06ee8ba75c5ce - - default default] 10.0.0.216 "GET /v2.0/security-groups?tenant_id=48ed1f5b8eaf47019975992875aa98d5&name=default HTTP/1.1" status: 200 len: 2996 time: 0.7787113 /var/lib/openstack/lib/python3.10/site-packages/pycadf/identifier.py:71: UserWarning: Invalid uuid: neutron. To ensure interoperability, identifiers should be a valid uuid. warnings.warn(('Invalid uuid: %s. To ensure interoperability, '
2026-04-28 23:31:02.812 9 INFO neutron.db.ovn_revision_numbers_db [None req-e4762809-8571-45b0-a88a-4a0c86105a34 - - - - - -] Successfully bumped revision number for resource fec12314-aa8a-4b28-93c5-c8f5337f2bc4 (type: ports) to 1
2026-04-28 23:31:02.820 9 WARNING neutron.scheduler.dhcp_agent_scheduler [None req-c1177a39-0a1b-4e29-9ac1-4d6a63a05666 d9949a3886b94522933392f3b7c5d2c3 caf4c065f9414a01b9e06ee8ba75c5ce - - default default] No more DHCP agents
2026-04-28 23:31:02.821 9 WARNING neutron.api.rpc.agentnotifiers.dhcp_rpc_agent_api [None req-c1177a39-0a1b-4e29-9ac1-4d6a63a05666 d9949a3886b94522933392f3b7c5d2c3 caf4c065f9414a01b9e06ee8ba75c5ce - - default default] Unable to schedule network 104284ae-03f5-4dd7-8d53-56518125aa6c: no agents available; will retry on subsequent port and subnet creation events.
2026-04-28 23:31:02.963 10 INFO neutron.wsgi [None req-154a78ee-0ec1-4357-94f6-dedd3deee086 d9949a3886b94522933392f3b7c5d2c3 caf4c065f9414a01b9e06ee8ba75c5ce - - default default] 10.0.0.216 "DELETE /v2.0/security-groups/195f9f13-52ca-4e86-8484-02a95ee858a6 HTTP/1.1" status: 204 len: 168 time: 0.2849960
2026-04-28 23:31:03.016 10 INFO neutron.wsgi [None req-40d649bf-c4a3-4c9d-9c72-422c6912ec63 6710507775db4c0586cf4634b6d87a72 c991ce7655ff4b41a00da575c0f0e0fc - - default default] 10.0.0.216 "PUT /v2.0/routers/3f262bb6-6294-463a-88e2-ed5091ac8719/remove_router_interface HTTP/1.1" status: 200 len: 503 time: 0.8943014 /var/lib/openstack/lib/python3.10/site-packages/pycadf/identifier.py:71: UserWarning: Invalid uuid: neutron. To ensure interoperability, identifiers should be a valid uuid. warnings.warn(('Invalid uuid: %s. To ensure interoperability, '
2026-04-28 23:31:03.029 9 INFO neutron.db.ovn_revision_numbers_db [None req-c1177a39-0a1b-4e29-9ac1-4d6a63a05666 d9949a3886b94522933392f3b7c5d2c3 caf4c065f9414a01b9e06ee8ba75c5ce - - default default] Successfully bumped revision number for resource 828455da-b9e6-4f91-a40c-419c33d2df71 (type: ports) to 1
2026-04-28 23:31:03.092 10 INFO neutron.api.v2.resource [None req-0226270d-82c7-4652-ba54-c6219ee3d6a8 6710507775db4c0586cf4634b6d87a72 c991ce7655ff4b41a00da575c0f0e0fc - - default default] remove_router_interface failed (client error): The resource could not be found.
2026-04-28 23:31:03.093 10 INFO neutron.wsgi [None req-0226270d-82c7-4652-ba54-c6219ee3d6a8 6710507775db4c0586cf4634b6d87a72 c991ce7655ff4b41a00da575c0f0e0fc - - default default] 10.0.0.216 "PUT /v2.0/routers/3f262bb6-6294-463a-88e2-ed5091ac8719/remove_router_interface HTTP/1.1" status: 404 len: 398 time: 0.0723836
2026-04-28 23:31:03.114 10 INFO neutron.wsgi [None req-5be82353-a595-4194-b433-bc39ea677eb4 6710507775db4c0586cf4634b6d87a72 c991ce7655ff4b41a00da575c0f0e0fc - - default default] 10.0.0.216 "GET /v2.0/ports?device_id=3f262bb6-6294-463a-88e2-ed5091ac8719 HTTP/1.1" status: 200 len: 205 time: 0.0158851
2026-04-28 23:31:03.114 9 INFO neutron.db.ovn_revision_numbers_db [None req-e4762809-8571-45b0-a88a-4a0c86105a34 - - - - - -] Successfully bumped revision number for resource fec12314-aa8a-4b28-93c5-c8f5337f2bc4 (type: router_ports) to 3
2026-04-28 23:31:03.283 10 INFO neutron.db.ovn_revision_numbers_db [None req-3d31f206-94ac-4f60-9881-d51835cf6cff d9949a3886b94522933392f3b7c5d2c3 caf4c065f9414a01b9e06ee8ba75c5ce - - default default] Successfully bumped revision number for resource 81ff7ad0-8042-42b2-8a1b-2c4a1d680d6c (type: security_groups) to 1
2026-04-28 23:31:03.310 9 INFO neutron.db.ovn_revision_numbers_db [None req-e4762809-8571-45b0-a88a-4a0c86105a34 - - - - - -] Successfully bumped revision number for resource fec12314-aa8a-4b28-93c5-c8f5337f2bc4 (type: ports) to 2
2026-04-28 23:31:03.311 10 INFO neutron.db.ovn_revision_numbers_db [None req-3d31f206-94ac-4f60-9881-d51835cf6cff d9949a3886b94522933392f3b7c5d2c3 caf4c065f9414a01b9e06ee8ba75c5ce - - default default] Successfully bumped revision number for resource 415f4d24-da30-4d08-aec6-0a2d2f6a8f5a (type: security_group_rules) to 0
2026-04-28 23:31:03.327 10 INFO neutron.db.ovn_revision_numbers_db [None req-3d31f206-94ac-4f60-9881-d51835cf6cff d9949a3886b94522933392f3b7c5d2c3 caf4c065f9414a01b9e06ee8ba75c5ce - - default default] Successfully bumped revision number for resource 632d9dca-de33-442c-ac7b-807770bc2af7 (type: security_group_rules) to 0
2026-04-28 23:31:03.334 10 INFO neutron.wsgi [None req-19f212f7-2776-42e0-a0d6-c943c1200212 6710507775db4c0586cf4634b6d87a72 c991ce7655ff4b41a00da575c0f0e0fc - - default default] 10.0.0.216 "DELETE /v2.0/routers/3f262bb6-6294-463a-88e2-ed5091ac8719 HTTP/1.1" status: 204 len: 168 time: 0.2155814
2026-04-28 23:31:03.345 10 INFO neutron.db.ovn_revision_numbers_db [None req-3d31f206-94ac-4f60-9881-d51835cf6cff d9949a3886b94522933392f3b7c5d2c3 caf4c065f9414a01b9e06ee8ba75c5ce - - default default] Successfully bumped revision number for resource b6ca0268-3cd6-4cf9-a79a-ac871445f307 (type: security_group_rules) to 0
2026-04-28 23:31:03.361 10 INFO neutron.db.ovn_revision_numbers_db [None req-3d31f206-94ac-4f60-9881-d51835cf6cff d9949a3886b94522933392f3b7c5d2c3 caf4c065f9414a01b9e06ee8ba75c5ce - - default default] Successfully bumped revision number for resource b91db522-3f63-4b05-9dfe-7a779cd8ca73 (type: security_group_rules) to 0
2026-04-28 23:31:03.385 10 INFO neutron.wsgi [None req-3d31f206-94ac-4f60-9881-d51835cf6cff d9949a3886b94522933392f3b7c5d2c3 caf4c065f9414a01b9e06ee8ba75c5ce - - default default] 10.0.0.216 "GET /v2.0/security-groups?tenant_id=4e37400ab2e74613a14be5d5f44c20bb&name=default HTTP/1.1" status: 200 len: 2996 time: 0.3034074
2026-04-28 23:31:03.579 10 INFO neutron.wsgi [None req-a20573f6-8604-452f-ba28-d011662a8083 d9949a3886b94522933392f3b7c5d2c3 caf4c065f9414a01b9e06ee8ba75c5ce - - default default] 10.0.0.216 "DELETE /v2.0/security-groups/81ff7ad0-8042-42b2-8a1b-2c4a1d680d6c HTTP/1.1" status: 204 len: 168 time: 0.1874170
2026-04-28 23:31:03.619 9 INFO neutron.plugins.ml2.drivers.ovn.mech_driver.mech_driver [None req-20776235-b1e3-41ef-bf45-185eabcd187b - - - - - -] OVN reports status up for port: 828455da-b9e6-4f91-a40c-419c33d2df71
2026-04-28 23:31:03.640 9 INFO neutron.plugins.ml2.plugin [None req-20776235-b1e3-41ef-bf45-185eabcd187b - - - - - -] Attempt 1 to provision port 828455da-b9e6-4f91-a40c-419c33d2df71
2026-04-28 23:31:03.667 9 INFO neutron.db.ovn_revision_numbers_db [None req-c1177a39-0a1b-4e29-9ac1-4d6a63a05666 d9949a3886b94522933392f3b7c5d2c3 caf4c065f9414a01b9e06ee8ba75c5ce - - default default] Successfully bumped revision number for resource 828455da-b9e6-4f91-a40c-419c33d2df71 (type: router_ports) to 1
2026-04-28 23:31:03.736 9 INFO neutron.wsgi [None req-9ddf9ad4-fbfd-4d8e-86e7-6b6f644781b0 6710507775db4c0586cf4634b6d87a72 c991ce7655ff4b41a00da575c0f0e0fc - - default default] 10.0.0.216 "DELETE /v2.0/subnets/f6635138-a0bb-4291-9c76-9ea6286cf3c0 HTTP/1.1" status: 204 len: 168 time: 0.3952579
2026-04-28 23:31:03.784 9 INFO neutron.db.ovn_revision_numbers_db [None req-e4762809-8571-45b0-a88a-4a0c86105a34 - - - - - -] Successfully bumped revision number for resource fec12314-aa8a-4b28-93c5-c8f5337f2bc4 (type: ports) to 4
2026-04-28 23:31:04.124 10 INFO neutron.services.segments.plugin [-] Segment c57d07c1-eab9-4014-b7b2-c9d54a129efb resource provider aggregate not found
2026-04-28 23:31:04.130 10 INFO neutron.services.segments.plugin [-] Segment c57d07c1-eab9-4014-b7b2-c9d54a129efb resource provider aggregate not found
2026-04-28 23:31:04.137 9 INFO neutron.db.ovn_revision_numbers_db [None req-c1177a39-0a1b-4e29-9ac1-4d6a63a05666 d9949a3886b94522933392f3b7c5d2c3 caf4c065f9414a01b9e06ee8ba75c5ce - - default default] Successfully bumped revision number for resource 828455da-b9e6-4f91-a40c-419c33d2df71 (type: ports) to 1
2026-04-28 23:31:04.152 10 INFO neutron.services.segments.plugin [-] Segment c57d07c1-eab9-4014-b7b2-c9d54a129efb resource provider not found; error: Placement Client Error (4xx): {"errors": [{"status": 404, "title": "Not Found", "detail": "The resource could not be found.\n\n No resource provider with uuid c57d07c1-eab9-4014-b7b2-c9d54a129efb found for delete ", "request_id": "req-f488e28c-3192-4a17-8676-9dc9c2ae5c83"}]}
2026-04-28 23:31:04.159 10 INFO neutron.services.segments.plugin [-] Segment c57d07c1-eab9-4014-b7b2-c9d54a129efb resource provider not found; error: Placement Client Error (4xx): {"errors": [{"status": 404, "title": "Not Found", "detail": "The resource could not be found.\n\n No resource provider with uuid c57d07c1-eab9-4014-b7b2-c9d54a129efb found for delete ", "request_id": "req-9bd82df9-40d7-48cf-b69d-ba799916f92c"}]}
2026-04-28 23:31:04.170 10 INFO neutron.wsgi [None req-3faae078-69a3-406d-8bc1-aac5687d7fc1 6710507775db4c0586cf4634b6d87a72 c991ce7655ff4b41a00da575c0f0e0fc - - default default] 10.0.0.216 "DELETE /v2.0/networks/1620d6a0-b574-4ab1-a8c9-1db0d74e2e27 HTTP/1.1" status: 204 len: 168 time: 0.4233611
2026-04-28 23:31:04.245 9 WARNING neutron.scheduler.dhcp_agent_scheduler [None req-c1177a39-0a1b-4e29-9ac1-4d6a63a05666 d9949a3886b94522933392f3b7c5d2c3 caf4c065f9414a01b9e06ee8ba75c5ce - - default default] No more DHCP agents
2026-04-28 23:31:04.255 9 WARNING neutron.api.rpc.agentnotifiers.dhcp_rpc_agent_api [None req-c1177a39-0a1b-4e29-9ac1-4d6a63a05666 d9949a3886b94522933392f3b7c5d2c3 caf4c065f9414a01b9e06ee8ba75c5ce - - default default] Unable to schedule network 104284ae-03f5-4dd7-8d53-56518125aa6c: no agents available; will retry on subsequent port and subnet creation events.
2026-04-28 23:31:04.275 10 INFO neutron.db.segments_db [None req-0bcada4a-66c8-48bc-81df-a113d9e0a38b 6710507775db4c0586cf4634b6d87a72 c991ce7655ff4b41a00da575c0f0e0fc - - default default] Added segment edab14e1-7650-4d1d-827e-6b23067b9456 of type geneve for network 1225b710-045c-4752-b8a1-63c36b0ae573
2026-04-28 23:31:04.356 9 INFO neutron.db.ovn_revision_numbers_db [None req-20776235-b1e3-41ef-bf45-185eabcd187b - - - - - -] Successfully bumped revision number for resource 828455da-b9e6-4f91-a40c-419c33d2df71 (type: ports) to 2
2026-04-28 23:31:04.395 9 INFO neutron.db.ovn_revision_numbers_db [None req-e4762809-8571-45b0-a88a-4a0c86105a34 - - - - - -] Successfully bumped revision number for resource fec12314-aa8a-4b28-93c5-c8f5337f2bc4 (type: router_ports) to 4
2026-04-28 23:31:04.425 10 INFO neutron.db.ovn_revision_numbers_db [None req-0bcada4a-66c8-48bc-81df-a113d9e0a38b 6710507775db4c0586cf4634b6d87a72 c991ce7655ff4b41a00da575c0f0e0fc - - default default] Successfully bumped revision number for resource 1225b710-045c-4752-b8a1-63c36b0ae573 (type: networks) to 1
2026-04-28 23:31:04.548 9 INFO neutron.db.ovn_revision_numbers_db [None req-20776235-b1e3-41ef-bf45-185eabcd187b - - - - - -] Successfully bumped revision number for resource 828455da-b9e6-4f91-a40c-419c33d2df71 (type: router_ports) to 2
2026-04-28 23:31:04.606 10 WARNING neutron.scheduler.dhcp_agent_scheduler [None req-0bcada4a-66c8-48bc-81df-a113d9e0a38b 6710507775db4c0586cf4634b6d87a72 c991ce7655ff4b41a00da575c0f0e0fc - - default default] No more DHCP agents
2026-04-28 23:31:04.608 10 WARNING neutron.api.rpc.agentnotifiers.dhcp_rpc_agent_api [None req-0bcada4a-66c8-48bc-81df-a113d9e0a38b 6710507775db4c0586cf4634b6d87a72 c991ce7655ff4b41a00da575c0f0e0fc - - default default] Unable to schedule network 1225b710-045c-4752-b8a1-63c36b0ae573: no agents available; will retry on subsequent port and subnet creation events.
2026-04-28 23:31:04.688 10 INFO neutron.db.ovn_revision_numbers_db [None req-0bcada4a-66c8-48bc-81df-a113d9e0a38b 6710507775db4c0586cf4634b6d87a72 c991ce7655ff4b41a00da575c0f0e0fc - - default default] Successfully bumped revision number for resource f9015271-f7ba-4c19-aaa0-33f6511e3a22 (type: ports) to 1
2026-04-28 23:31:04.708 10 INFO neutron.wsgi [None req-0bcada4a-66c8-48bc-81df-a113d9e0a38b 6710507775db4c0586cf4634b6d87a72 c991ce7655ff4b41a00da575c0f0e0fc - - default default] 10.0.0.216 "POST /v2.0/networks HTTP/1.1" status: 201 len: 827 time: 0.5262229
2026-04-28 23:31:04.878 9 INFO neutron.db.ovn_revision_numbers_db [None req-c1177a39-0a1b-4e29-9ac1-4d6a63a05666 d9949a3886b94522933392f3b7c5d2c3 caf4c065f9414a01b9e06ee8ba75c5ce - - default default] Successfully bumped revision number for resource 828455da-b9e6-4f91-a40c-419c33d2df71 (type: router_ports) to 2
2026-04-28 23:31:04.881 9 INFO neutron.wsgi [None req-c1177a39-0a1b-4e29-9ac1-4d6a63a05666 d9949a3886b94522933392f3b7c5d2c3 caf4c065f9414a01b9e06ee8ba75c5ce - - default default] 10.0.0.216 "PUT /v2.0/routers/d1e36aef-87eb-430a-a871-8a4aabb39db6/add_router_interface HTTP/1.1" status: 200 len: 503 time: 2.8899333
2026-04-28 23:31:04.953 10 WARNING neutron.scheduler.dhcp_agent_scheduler [None req-3a1deb27-de35-4cf5-93fd-a9843762695b 6710507775db4c0586cf4634b6d87a72 c991ce7655ff4b41a00da575c0f0e0fc - - default default] No more DHCP agents
2026-04-28 23:31:04.955 10 WARNING neutron.api.rpc.agentnotifiers.dhcp_rpc_agent_api [None req-3a1deb27-de35-4cf5-93fd-a9843762695b 6710507775db4c0586cf4634b6d87a72 c991ce7655ff4b41a00da575c0f0e0fc - - default default] Unable to schedule network 1225b710-045c-4752-b8a1-63c36b0ae573: no agents available; will retry on subsequent port and subnet creation events.
2026-04-28 23:31:05.430 10 INFO neutron.db.ovn_revision_numbers_db [None req-3a1deb27-de35-4cf5-93fd-a9843762695b 6710507775db4c0586cf4634b6d87a72 c991ce7655ff4b41a00da575c0f0e0fc - - default default] Successfully bumped revision number for resource f9015271-f7ba-4c19-aaa0-33f6511e3a22 (type: ports) to 2
2026-04-28 23:31:05.462 10 INFO neutron.db.ovn_revision_numbers_db [None req-3a1deb27-de35-4cf5-93fd-a9843762695b 6710507775db4c0586cf4634b6d87a72 c991ce7655ff4b41a00da575c0f0e0fc - - default default] Successfully bumped revision number for resource 4bd839e7-8aeb-421b-9952-0ee5b5f95ff5 (type: subnets) to 0
2026-04-28 23:31:05.483 10 INFO neutron.wsgi [None req-3a1deb27-de35-4cf5-93fd-a9843762695b 6710507775db4c0586cf4634b6d87a72 c991ce7655ff4b41a00da575c0f0e0fc - - default default] 10.0.0.216 "POST /v2.0/subnets HTTP/1.1" status: 201 len: 801 time: 0.7698920
2026-04-28 23:31:05.656 10 INFO neutron.db.ovn_revision_numbers_db [None req-5f538277-f833-4dd8-a23b-285041a24257 6710507775db4c0586cf4634b6d87a72 c991ce7655ff4b41a00da575c0f0e0fc - - default default] Successfully bumped revision number for resource b3297d55-daa5-4344-827b-b2f3d4b5baaf (type: routers) to 1
2026-04-28 23:31:05.669 10 INFO neutron.wsgi [None req-5f538277-f833-4dd8-a23b-285041a24257 6710507775db4c0586cf4634b6d87a72 c991ce7655ff4b41a00da575c0f0e0fc - - default default] 10.0.0.216 "POST /v2.0/routers HTTP/1.1" status: 201 len: 687 time: 0.1811290
2026-04-28 23:31:05.708 10 INFO neutron.db.ovn_revision_numbers_db [None req-42b5c298-1ad3-4bf2-86fe-cfae32119966 91c729a083c147cf8a5db68490406dd0 d0965f79df7b45e1ab1b1b181cc0e8e6 - - default default] Successfully bumped revision number for resource 495fb27e-4c5f-4fb2-b29e-314ef544f38e (type: security_groups) to 1
2026-04-28 23:31:05.721 10 INFO neutron.db.ovn_revision_numbers_db [None req-42b5c298-1ad3-4bf2-86fe-cfae32119966 91c729a083c147cf8a5db68490406dd0 d0965f79df7b45e1ab1b1b181cc0e8e6 - - default default] Successfully bumped revision number for resource 2dc1cf4a-5f34-4169-9121-858a44799057 (type: security_group_rules) to 0
2026-04-28 23:31:05.734 10 INFO neutron.db.ovn_revision_numbers_db [None req-42b5c298-1ad3-4bf2-86fe-cfae32119966 91c729a083c147cf8a5db68490406dd0 d0965f79df7b45e1ab1b1b181cc0e8e6 - - default default] Successfully bumped revision number for resource 7e70299c-795b-4917-a6e9-043788bebf54 (type: security_group_rules) to 0
2026-04-28 23:31:05.754 10 INFO neutron.wsgi [None req-42b5c298-1ad3-4bf2-86fe-cfae32119966 91c729a083c147cf8a5db68490406dd0 d0965f79df7b45e1ab1b1b181cc0e8e6 - - default default] 10.0.0.216 "POST /v2.0/security-groups HTTP/1.1" status: 201 len: 1796 time: 0.1872442
2026-04-28 23:31:05.858 10 INFO neutron.db.ovn_revision_numbers_db [None req-9f6a6115-ba7d-49ab-8b82-2a97ddcffdec 91c729a083c147cf8a5db68490406dd0 d0965f79df7b45e1ab1b1b181cc0e8e6 - - default default] Successfully bumped revision number for resource 709b29cb-eeff-4148-829a-212f02c77796 (type: security_group_rules) to 0
2026-04-28 23:31:05.880 10 INFO neutron.wsgi [None req-9f6a6115-ba7d-49ab-8b82-2a97ddcffdec 91c729a083c147cf8a5db68490406dd0 d0965f79df7b45e1ab1b1b181cc0e8e6 - - default default] 10.0.0.216 "POST /v2.0/security-group-rules HTTP/1.1" status: 201 len: 764 time: 0.1220562
2026-04-28 23:31:05.984 10 INFO neutron.db.ovn_revision_numbers_db [None req-8312a041-c7c3-406f-8a87-df04f080abbe 91c729a083c147cf8a5db68490406dd0 d0965f79df7b45e1ab1b1b181cc0e8e6 - - default default] Successfully bumped revision number for resource 6bdfa2c5-208c-4021-a27b-ce576b0b4daa (type: security_group_rules) to 0
2026-04-28 23:31:06.006 10 INFO neutron.wsgi [None req-8312a041-c7c3-406f-8a87-df04f080abbe 91c729a083c147cf8a5db68490406dd0 d0965f79df7b45e1ab1b1b181cc0e8e6 - - default default] 10.0.0.216 "POST /v2.0/security-group-rules HTTP/1.1" status: 201 len: 769 time: 0.1211679
2026-04-28 23:31:06.114 9 WARNING neutron.scheduler.dhcp_agent_scheduler [None req-dacf5651-39be-4414-b267-c7db11cfc8e8 6710507775db4c0586cf4634b6d87a72 c991ce7655ff4b41a00da575c0f0e0fc - - default default] No more DHCP agents
2026-04-28 23:31:06.115 9 WARNING neutron.api.rpc.agentnotifiers.dhcp_rpc_agent_api [None req-dacf5651-39be-4414-b267-c7db11cfc8e8 6710507775db4c0586cf4634b6d87a72 c991ce7655ff4b41a00da575c0f0e0fc - - default default] Unable to schedule network 1225b710-045c-4752-b8a1-63c36b0ae573: no agents available; will retry on subsequent port and subnet creation events.
2026-04-28 23:31:06.284 9 INFO neutron.db.ovn_revision_numbers_db [None req-dacf5651-39be-4414-b267-c7db11cfc8e8 6710507775db4c0586cf4634b6d87a72 c991ce7655ff4b41a00da575c0f0e0fc - - default default] Successfully bumped revision number for resource 10c68251-70f6-410d-b276-bd626e7843a2 (type: ports) to 1
2026-04-28 23:31:06.314 10 WARNING neutron.scheduler.dhcp_agent_scheduler [None req-5bac9a38-76f7-408f-a786-5b597e6b1a71 91c729a083c147cf8a5db68490406dd0 d0965f79df7b45e1ab1b1b181cc0e8e6 - - default default] No more DHCP agents
2026-04-28 23:31:06.315 10 WARNING neutron.api.rpc.agentnotifiers.dhcp_rpc_agent_api [None req-5bac9a38-76f7-408f-a786-5b597e6b1a71 91c729a083c147cf8a5db68490406dd0 d0965f79df7b45e1ab1b1b181cc0e8e6 - - default default] Unable to schedule network b62a734d-eb7d-4c80-ad9c-6ecac9e2e701: no agents available; will retry on subsequent port and subnet creation events.
2026-04-28 23:31:06.597 10 WARNING neutron.plugins.ml2.drivers.ovn.mech_driver.ovsdb.ovn_client [None req-77ce5834-fdbe-4938-af3e-775d023d66e9 - - - - - -] No port found with ID 26ea01b6-043f-450b-95b9-8dcad47c2c45: RuntimeError: No port found with ID 26ea01b6-043f-450b-95b9-8dcad47c2c45
2026-04-28 23:31:06.597 10 INFO neutron.plugins.ml2.drivers.ovn.mech_driver.mech_driver [None req-77ce5834-fdbe-4938-af3e-775d023d66e9 - - - - - -] OVN reports status up for port: fec12314-aa8a-4b28-93c5-c8f5337f2bc4
2026-04-28 23:31:06.606 10 INFO neutron.db.ovn_revision_numbers_db [None req-5bac9a38-76f7-408f-a786-5b597e6b1a71 91c729a083c147cf8a5db68490406dd0 d0965f79df7b45e1ab1b1b181cc0e8e6 - - default default] Successfully bumped revision number for resource b71afc94-9903-4e1d-820d-a228b49a16b3 (type: floatingips) to 0
2026-04-28 23:31:06.609 10 INFO neutron.plugins.ml2.plugin [None req-77ce5834-fdbe-4938-af3e-775d023d66e9 - - - - - -] Attempt 1 to provision port fec12314-aa8a-4b28-93c5-c8f5337f2bc4
2026-04-28 23:31:06.625 10 INFO neutron.wsgi [None req-5bac9a38-76f7-408f-a786-5b597e6b1a71 91c729a083c147cf8a5db68490406dd0 d0965f79df7b45e1ab1b1b181cc0e8e6 - - default default] 10.0.0.216 "POST /v2.0/floatingips HTTP/1.1" status: 201 len: 751 time: 0.6130166
2026-04-28 23:31:06.685 10 INFO neutron.plugins.ml2.drivers.ovn.mech_driver.mech_driver [None req-77ce5834-fdbe-4938-af3e-775d023d66e9 - - - - - -] OVN reports status up for port: 10c68251-70f6-410d-b276-bd626e7843a2
2026-04-28 23:31:06.692 10 INFO neutron.plugins.ml2.plugin [None req-77ce5834-fdbe-4938-af3e-775d023d66e9 - - - - - -] Attempt 1 to provision port 10c68251-70f6-410d-b276-bd626e7843a2
2026-04-28 23:31:06.850 9 INFO neutron.db.ovn_revision_numbers_db [None req-dacf5651-39be-4414-b267-c7db11cfc8e8 6710507775db4c0586cf4634b6d87a72 c991ce7655ff4b41a00da575c0f0e0fc - - default default] Successfully bumped revision number for resource 10c68251-70f6-410d-b276-bd626e7843a2 (type: router_ports) to 1
2026-04-28 23:31:06.940 9 INFO neutron.wsgi [req-313af0c0-27ae-49e6-bc9a-4600116b933a req-447f8810-73cf-43a6-ab66-8dad26b1e760 0a90f589281f425087947a4568c98a83 adbddf8fa63d41ed94fca137fbda38a9 - - default default] 10.0.0.82 "GET /v2.0/ports?device_id=bf2de132-370b-436b-a050-9e276281719b HTTP/1.1" status: 200 len: 1174 time: 0.1033726
2026-04-28 23:31:06.997 10 INFO neutron.db.ovn_revision_numbers_db [None req-77ce5834-fdbe-4938-af3e-775d023d66e9 - - - - - -] Successfully bumped revision number for resource 10c68251-70f6-410d-b276-bd626e7843a2 (type: ports) to 2
2026-04-28 23:31:07.025 9 ERROR ovsdbapp.backend.ovs_idl.transaction [None req-dacf5651-39be-4414-b267-c7db11cfc8e8 6710507775db4c0586cf4634b6d87a72 c991ce7655ff4b41a00da575c0f0e0fc - - default default]
Traceback (most recent call last): File "/var/lib/openstack/lib/python3.10/site-packages/ovsdbapp/backend/ovs_idl/connection.py", line 118, in run txn.results.put(txn.do_commit())
File "/var/lib/openstack/lib/python3.10/site-packages/ovsdbapp/backend/ovs_idl/transaction.py", line 92, in do_commit command.run_idl(txn)
File "/var/lib/openstack/lib/python3.10/site-packages/neutron/plugins/ml2/drivers/ovn/mech_driver/ovsdb/commands.py", line 825, in run_idl raise ovn_exc.RevisionConflict( neutron.common.ovn.exceptions.RevisionConflict: OVN revision number for 10c68251-70f6-410d-b276-bd626e7843a2 (type: ports) is higher than the given resource. Skipping update 
2026-04-28 23:31:07.026 9 INFO neutron.plugins.ml2.drivers.ovn.mech_driver.ovsdb.impl_idl_ovn [None req-dacf5651-39be-4414-b267-c7db11cfc8e8 6710507775db4c0586cf4634b6d87a72 c991ce7655ff4b41a00da575c0f0e0fc - - default default] Transaction aborted. Reason: OVN revision number for 10c68251-70f6-410d-b276-bd626e7843a2 (type: ports) is higher than the given resource. Skipping update
2026-04-28 23:31:07.092 9 WARNING neutron.scheduler.dhcp_agent_scheduler [None req-dacf5651-39be-4414-b267-c7db11cfc8e8 6710507775db4c0586cf4634b6d87a72 c991ce7655ff4b41a00da575c0f0e0fc - - default default] No more DHCP agents
2026-04-28 23:31:07.094 9 WARNING neutron.api.rpc.agentnotifiers.dhcp_rpc_agent_api [None req-dacf5651-39be-4414-b267-c7db11cfc8e8 6710507775db4c0586cf4634b6d87a72 c991ce7655ff4b41a00da575c0f0e0fc - - default default] Unable to schedule network 1225b710-045c-4752-b8a1-63c36b0ae573: no agents available; will retry on subsequent port and subnet creation events.
2026-04-28 23:31:07.136 10 INFO neutron.wsgi [req-6274786a-497e-44ba-ba5b-1591682e8758 req-f651c3cb-7542-4c85-8a1b-7491c430ac72 0a90f589281f425087947a4568c98a83 adbddf8fa63d41ed94fca137fbda38a9 - - default default] 10.0.0.82 "GET /v2.0/ports/f46c43f7-82e5-4086-9259-2e892a25df4a HTTP/1.1" status: 200 len: 1171 time: 0.1069937
2026-04-28 23:31:07.152 10 INFO neutron.db.ovn_revision_numbers_db [None req-77ce5834-fdbe-4938-af3e-775d023d66e9 - - - - - -] Successfully bumped revision number for resource 10c68251-70f6-410d-b276-bd626e7843a2 (type: router_ports) to 2
2026-04-28 23:31:07.168 9 INFO neutron.wsgi [req-6b48ff5a-884b-493b-b31e-261a222cea85 req-1c22c148-69e9-4107-8880-10ca92f975d0 91c729a083c147cf8a5db68490406dd0 d0965f79df7b45e1ab1b1b181cc0e8e6 - - default default] 10.0.0.82 "GET /v2.0/security-groups?name=tempest-securitygroup--185765818&fields=id&tenant_id=d0965f79df7b45e1ab1b1b181cc0e8e6 HTTP/1.1" status: 200 len: 267 time: 0.0648000
2026-04-28 23:31:07.271 9 INFO neutron.wsgi [req-6b48ff5a-884b-493b-b31e-261a222cea85 req-455c3e9f-5e38-4951-88de-5594798adf85 91c729a083c147cf8a5db68490406dd0 d0965f79df7b45e1ab1b1b181cc0e8e6 - - default default] 10.0.0.82 "GET /v2.0/networks?id=104284ae-03f5-4dd7-8d53-56518125aa6c HTTP/1.1" status: 200 len: 869 time: 0.0942283
2026-04-28 23:31:07.297 9 INFO neutron.wsgi [req-6b48ff5a-884b-493b-b31e-261a222cea85 req-5faf199e-ed28-4133-a944-fb2327551cd1 91c729a083c147cf8a5db68490406dd0 d0965f79df7b45e1ab1b1b181cc0e8e6 - - default default] 10.0.0.82 "GET /v2.0/quotas/d0965f79df7b45e1ab1b1b181cc0e8e6 HTTP/1.1" status: 200 len: 386 time: 0.0180757
2026-04-28 23:31:07.323 10 INFO neutron.wsgi [req-e6a629c1-0fae-4965-9b1f-d04a48aeda19 req-bd7fee26-f378-4acc-bc14-df758c11dc59 0a90f589281f425087947a4568c98a83 adbddf8fa63d41ed94fca137fbda38a9 - - default default] 199.204.45.3 "GET /v2.0/subnets?network_id=276c78ff-9dc9-416b-98df-ba135d1ab13b HTTP/1.1" status: 200 len: 858 time: 0.0546939
2026-04-28 23:31:07.349 9 INFO neutron.db.ovn_revision_numbers_db [None req-dacf5651-39be-4414-b267-c7db11cfc8e8 6710507775db4c0586cf4634b6d87a72 c991ce7655ff4b41a00da575c0f0e0fc - - default default] Successfully bumped revision number for resource 10c68251-70f6-410d-b276-bd626e7843a2 (type: router_ports) to 2
2026-04-28 23:31:07.351 9 INFO neutron.wsgi [None req-dacf5651-39be-4414-b267-c7db11cfc8e8 6710507775db4c0586cf4634b6d87a72 c991ce7655ff4b41a00da575c0f0e0fc - - default default] 10.0.0.216 "PUT /v2.0/routers/b3297d55-daa5-4344-827b-b2f3d4b5baaf/add_router_interface HTTP/1.1" status: 200 len: 503 time: 1.6764174
2026-04-28 23:31:07.440 9 INFO neutron.wsgi [req-6b48ff5a-884b-493b-b31e-261a222cea85 req-be50195a-955d-48bc-8fb5-d9634710ab9c 91c729a083c147cf8a5db68490406dd0 d0965f79df7b45e1ab1b1b181cc0e8e6 - - default default] 10.0.0.82 "GET /v2.0/ports?tenant_id=d0965f79df7b45e1ab1b1b181cc0e8e6&fields=id HTTP/1.1" status: 200 len: 302 time: 0.1372743
2026-04-28 23:31:07.464 9 INFO neutron.wsgi [None req-3ad475e8-b264-48fd-a652-ae7a047a16fa 6710507775db4c0586cf4634b6d87a72 c991ce7655ff4b41a00da575c0f0e0fc - - default default] 10.0.0.216 "GET /v2.0/ports/10c68251-70f6-410d-b276-bd626e7843a2 HTTP/1.1" status: 200 len: 1137 time: 0.1033893
2026-04-28 23:31:07.529 9 INFO neutron.wsgi [None req-fe0ba214-6ae8-457a-8731-dbe121b6dd94 6710507775db4c0586cf4634b6d87a72 c991ce7655ff4b41a00da575c0f0e0fc - - default default] 10.0.0.216 "GET /v2.0/ports/10c68251-70f6-410d-b276-bd626e7843a2 HTTP/1.1" status: 200 len: 1137 time: 0.0587630
2026-04-28 23:31:07.583 9 INFO neutron.wsgi [req-6b48ff5a-884b-493b-b31e-261a222cea85 req-0533493c-383a-448e-b61f-a471be8cc7fe b564d173c95c4fcfbd1ac2095754c325 c19f6fea06174e1f8a5de22cc378066e - - f03097fe19c54228bef42d7301077843 f03097fe19c54228bef42d7301077843] 10.0.0.82 "GET /v2.0/networks/104284ae-03f5-4dd7-8d53-56518125aa6c?fields=segments HTTP/1.1" status: 200 len: 212 time: 0.1015375
2026-04-28 23:31:07.599 10 INFO neutron.wsgi [req-e6a629c1-0fae-4965-9b1f-d04a48aeda19 req-63fb8846-3867-4ae3-bcdf-709f4624bafa 0a90f589281f425087947a4568c98a83 adbddf8fa63d41ed94fca137fbda38a9 - - default default] 199.204.45.3 "GET /v2.0/ports?device_id=bf2de132-370b-436b-a050-9e276281719b&device_owner=compute%3Anova&network_id=276c78ff-9dc9-416b-98df-ba135d1ab13b HTTP/1.1" status: 200 len: 1174 time: 0.2724216
2026-04-28 23:31:07.685 9 INFO neutron.wsgi [req-6b48ff5a-884b-493b-b31e-261a222cea85 req-0c4511ed-0173-48c7-8e5b-e462cb80b332 b564d173c95c4fcfbd1ac2095754c325 c19f6fea06174e1f8a5de22cc378066e - - f03097fe19c54228bef42d7301077843 f03097fe19c54228bef42d7301077843] 10.0.0.82 "GET /v2.0/networks/104284ae-03f5-4dd7-8d53-56518125aa6c?fields=provider%3Aphysical_network&fields=provider%3Anetwork_type HTTP/1.1" status: 200 len: 277 time: 0.0945828
2026-04-28 23:31:07.951 10 INFO neutron.wsgi [req-0b3ea88a-2985-4566-8f75-97b1c04e0124 req-b216b37d-476c-4658-a495-71710eec8ee6 91c729a083c147cf8a5db68490406dd0 d0965f79df7b45e1ab1b1b181cc0e8e6 - - default default] 10.0.0.82 "GET /v2.0/ports?device_id=cbbb8290-2d76-40bd-9776-958ecc118147 HTTP/1.1" status: 200 len: 210 time: 0.0243425
2026-04-28 23:31:08.107 10 INFO neutron.db.ovn_revision_numbers_db [req-e6a629c1-0fae-4965-9b1f-d04a48aeda19 req-96a59292-2031-45e6-b87b-3c29e22ec889 0a90f589281f425087947a4568c98a83 adbddf8fa63d41ed94fca137fbda38a9 - - default default] Successfully bumped revision number for resource f46c43f7-82e5-4086-9259-2e892a25df4a (type: ports) to 5
2026-04-28 23:31:08.120 10 INFO neutron.wsgi [req-e6a629c1-0fae-4965-9b1f-d04a48aeda19 req-96a59292-2031-45e6-b87b-3c29e22ec889 0a90f589281f425087947a4568c98a83 adbddf8fa63d41ed94fca137fbda38a9 - - default default] 199.204.45.3 "PUT /v2.0/ports/f46c43f7-82e5-4086-9259-2e892a25df4a HTTP/1.1" status: 200 len: 1353 time: 0.5116532 /var/lib/openstack/lib/python3.10/site-packages/pycadf/identifier.py:71: UserWarning: Invalid uuid: neutron. To ensure interoperability, identifiers should be a valid uuid. warnings.warn(('Invalid uuid: %s. To ensure interoperability, '
2026-04-28 23:31:08.158 10 INFO neutron.notifiers.nova [-] Nova event matching ['req-eaaa5736-794b-4ebd-9804-9c96f6de4cb8'] response: {'name': 'network-changed', 'server_uuid': 'bf2de132-370b-436b-a050-9e276281719b', 'tag': 'f46c43f7-82e5-4086-9259-2e892a25df4a', 'status': 'completed', 'code': 200}
2026-04-28 23:31:08.179 10 INFO neutron.wsgi [req-e6a629c1-0fae-4965-9b1f-d04a48aeda19 req-8dcca5c7-ed46-4c8b-8574-528dae1d98fd b564d173c95c4fcfbd1ac2095754c325 c19f6fea06174e1f8a5de22cc378066e - - f03097fe19c54228bef42d7301077843 f03097fe19c54228bef42d7301077843] 199.204.45.3 "GET /v2.0/ports?tenant_id=adbddf8fa63d41ed94fca137fbda38a9&device_id=bf2de132-370b-436b-a050-9e276281719b HTTP/1.1" status: 200 len: 1594 time: 0.0400643
2026-04-28 23:31:08.179 9 INFO neutron.db.ovn_revision_numbers_db [None req-7878d51c-e312-4308-ad38-ef9b80d374c8 d9949a3886b94522933392f3b7c5d2c3 caf4c065f9414a01b9e06ee8ba75c5ce - - default default] Successfully bumped revision number for resource cf8bfd56-7e2f-4364-88be-79de3db964ef (type: security_groups) to 1
2026-04-28 23:31:08.203 9 INFO neutron.db.ovn_revision_numbers_db [None req-7878d51c-e312-4308-ad38-ef9b80d374c8 d9949a3886b94522933392f3b7c5d2c3 caf4c065f9414a01b9e06ee8ba75c5ce - - default default] Successfully bumped revision number for resource 108ab3ef-4e9f-4bde-8bea-7c71512cbb80 (type: security_group_rules) to 0
2026-04-28 23:31:08.233 9 INFO neutron.db.ovn_revision_numbers_db [None req-7878d51c-e312-4308-ad38-ef9b80d374c8 d9949a3886b94522933392f3b7c5d2c3 caf4c065f9414a01b9e06ee8ba75c5ce - - default default] Successfully bumped revision number for resource 1e0dfae8-1ae4-4bee-ae28-3a32fedf3316 (type: security_group_rules) to 0
2026-04-28 23:31:08.254 9 INFO neutron.db.ovn_revision_numbers_db [None req-7878d51c-e312-4308-ad38-ef9b80d374c8 d9949a3886b94522933392f3b7c5d2c3 caf4c065f9414a01b9e06ee8ba75c5ce - - default default] Successfully bumped revision number for resource 6db4bb0b-88df-410b-8b95-4464dbe388bb (type: security_group_rules) to 0
2026-04-28 23:31:08.259 10 INFO neutron.wsgi [req-e6a629c1-0fae-4965-9b1f-d04a48aeda19 req-c5bdbb0f-bf2a-4a60-8f17-9568b2bd74c6 b564d173c95c4fcfbd1ac2095754c325 c19f6fea06174e1f8a5de22cc378066e - - f03097fe19c54228bef42d7301077843 f03097fe19c54228bef42d7301077843] 199.204.45.3 "GET /v2.0/networks?id=276c78ff-9dc9-416b-98df-ba135d1ab13b HTTP/1.1" status: 200 len: 981 time: 0.0754013
2026-04-28 23:31:08.297 10 INFO neutron.wsgi [req-e6a629c1-0fae-4965-9b1f-d04a48aeda19 req-b39f9ee9-1281-417b-84bb-fae990f090d3 b564d173c95c4fcfbd1ac2095754c325 c19f6fea06174e1f8a5de22cc378066e - - f03097fe19c54228bef42d7301077843 f03097fe19c54228bef42d7301077843] 199.204.45.3 "GET /v2.0/floatingips?fixed_ip_address=10.100.0.11&port_id=f46c43f7-82e5-4086-9259-2e892a25df4a HTTP/1.1" status: 200 len: 217 time: 0.0304127
2026-04-28 23:31:08.297 9 INFO neutron.wsgi [None req-19643f1c-e920-4c01-9b6e-9cd50bd7d995 6710507775db4c0586cf4634b6d87a72 c991ce7655ff4b41a00da575c0f0e0fc - - default default] 10.0.0.216 "PUT /v2.0/routers/b3297d55-daa5-4344-827b-b2f3d4b5baaf/remove_router_interface HTTP/1.1" status: 200 len: 503 time: 0.7626128
2026-04-28 23:31:08.301 9 INFO neutron.db.ovn_revision_numbers_db [None req-7878d51c-e312-4308-ad38-ef9b80d374c8 d9949a3886b94522933392f3b7c5d2c3 caf4c065f9414a01b9e06ee8ba75c5ce - - default default] Successfully bumped revision number for resource fc0296d4-dda6-444d-8637-d8f8586fe8cb (type: security_group_rules) to 0
2026-04-28 23:31:08.325 10 INFO neutron.wsgi [None req-22fce0df-3126-4d22-828d-7262b84d44b9 6710507775db4c0586cf4634b6d87a72 c991ce7655ff4b41a00da575c0f0e0fc - - default default] 10.0.0.216 "GET /v2.0/ports?device_id=b3297d55-daa5-4344-827b-b2f3d4b5baaf HTTP/1.1" status: 200 len: 205 time: 0.0219471
