2026-04-28 23:30:40.439 10 INFO neutron.wsgi [req-4895aad7-5d32-4dce-919d-991b90a6fc20 req-27cffe38-2e4a-455c-a8e4-96426af54456 b564d173c95c4fcfbd1ac2095754c325 c19f6fea06174e1f8a5de22cc378066e - - f03097fe19c54228bef42d7301077843 f03097fe19c54228bef42d7301077843] 199.204.45.3 "GET /v2.0/ports?tenant_id=f10eda349e71482fa620e57da0242db6&device_id=a61f14a1-0961-4445-af7a-c59df070405d HTTP/1.1" status: 200 len: 1411 time: 0.0451243
2026-04-28 23:30:40.483 9 INFO neutron.wsgi [None req-d1d333ea-5f5c-49da-ab47-7f35a4e41853 d9949a3886b94522933392f3b7c5d2c3 caf4c065f9414a01b9e06ee8ba75c5ce - - default default] 10.0.0.216 "DELETE /v2.0/security-groups/3e354caf-0b2f-4849-8e80-0814572ca0b0 HTTP/1.1" status: 204 len: 168 time: 0.2758150
2026-04-28 23:30:40.514 10 INFO neutron.wsgi [req-4895aad7-5d32-4dce-919d-991b90a6fc20 req-8832efd6-1f1e-4fde-bc0e-a76c0b9344bf b564d173c95c4fcfbd1ac2095754c325 c19f6fea06174e1f8a5de22cc378066e - - f03097fe19c54228bef42d7301077843 f03097fe19c54228bef42d7301077843] 199.204.45.3 "GET /v2.0/networks?id=96b613c2-732a-4ce3-8518-e40dd23db32c HTTP/1.1" status: 200 len: 974 time: 0.0676274
2026-04-28 23:30:40.546 10 INFO neutron.wsgi [req-4895aad7-5d32-4dce-919d-991b90a6fc20 req-7ad18e3f-d0ba-4ec1-8d88-4936e6722f76 b564d173c95c4fcfbd1ac2095754c325 c19f6fea06174e1f8a5de22cc378066e - - f03097fe19c54228bef42d7301077843 f03097fe19c54228bef42d7301077843] 199.204.45.3 "GET /v2.0/floatingips?fixed_ip_address=10.100.0.11&port_id=aca90e9c-5604-42e5-83f2-a0bcc3ea8a04 HTTP/1.1" status: 200 len: 217 time: 0.0215015
2026-04-28 23:30:40.596 10 INFO neutron.wsgi [req-4895aad7-5d32-4dce-919d-991b90a6fc20 req-c1ffb903-3421-419d-8005-2317bd9c013e b564d173c95c4fcfbd1ac2095754c325 c19f6fea06174e1f8a5de22cc378066e - - f03097fe19c54228bef42d7301077843 f03097fe19c54228bef42d7301077843] 199.204.45.3 "GET /v2.0/subnets?id=3dd5e3a0-29a6-4a35-8d9a-151b61023b85 HTTP/1.1" status: 200 len: 869 time: 0.0294514
2026-04-28 23:30:40.597 10 INFO neutron.db.ovn_revision_numbers_db [None req-ff9cc0eb-afca-48f1-90c3-dfc7963632a9 - - - - - -] Successfully bumped revision number for resource 690a7605-47e4-4abf-913e-bbe7e607676e (type: router_ports) to 4
2026-04-28 23:30:40.630 10 INFO neutron.wsgi [req-4895aad7-5d32-4dce-919d-991b90a6fc20 req-b42d7130-27de-4f8a-802f-8950c6610b07 b564d173c95c4fcfbd1ac2095754c325 c19f6fea06174e1f8a5de22cc378066e - - f03097fe19c54228bef42d7301077843 f03097fe19c54228bef42d7301077843] 199.204.45.3 "GET /v2.0/ports?network_id=96b613c2-732a-4ce3-8518-e40dd23db32c&device_owner=network%3Adhcp HTTP/1.1" status: 200 len: 210 time: 0.0257142
2026-04-28 23:30:40.707 9 INFO neutron.wsgi [req-008de9c7-1e82-4dd3-a2d1-c8b9d6a09d42 req-a10424e8-42a8-4a87-995e-94d1a82c0797 33dacf7cef16482e9a92e8caca33197f 7dc8fc4055ce46da897e4fc48fe258fa - - default default] 10.0.0.82 "GET /v2.0/ports?device_id=4e5e7bb0-b88b-4291-9e6e-f6e9a7f37348 HTTP/1.1" status: 200 len: 1172 time: 0.0343490
2026-04-28 23:30:40.713 10 INFO neutron.wsgi [req-4895aad7-5d32-4dce-919d-991b90a6fc20 req-dafa380b-149e-40bb-bc03-6a77f3ef9d40 b564d173c95c4fcfbd1ac2095754c325 c19f6fea06174e1f8a5de22cc378066e - - f03097fe19c54228bef42d7301077843 f03097fe19c54228bef42d7301077843] 199.204.45.3 "GET /v2.0/networks/96b613c2-732a-4ce3-8518-e40dd23db32c?fields=segments HTTP/1.1" status: 200 len: 212 time: 0.0762577
2026-04-28 23:30:40.770 9 INFO neutron.wsgi [req-008de9c7-1e82-4dd3-a2d1-c8b9d6a09d42 req-1328c547-63be-4341-ad3c-6120d5c52b91 33dacf7cef16482e9a92e8caca33197f 7dc8fc4055ce46da897e4fc48fe258fa - - default default] 10.0.0.82 "GET /v2.0/security-groups?id=a483158f-85dd-4df9-a37d-d92870cf8414&fields=id&fields=name HTTP/1.1" status: 200 len: 312 time: 0.0557642
2026-04-28 23:30:40.793 10 INFO neutron.wsgi [req-4895aad7-5d32-4dce-919d-991b90a6fc20 req-559b20e7-ab70-46f4-9345-cfa3500678d5 b564d173c95c4fcfbd1ac2095754c325 c19f6fea06174e1f8a5de22cc378066e - - f03097fe19c54228bef42d7301077843 f03097fe19c54228bef42d7301077843] 199.204.45.3 "GET /v2.0/networks/96b613c2-732a-4ce3-8518-e40dd23db32c?fields=provider%3Aphysical_network&fields=provider%3Anetwork_type HTTP/1.1" status: 200 len: 277 time: 0.0757158
2026-04-28 23:30:40.956 9 INFO neutron.db.ovn_revision_numbers_db [None req-578ad120-27a7-4965-b7f6-2ac1dc4180cd d9949a3886b94522933392f3b7c5d2c3 caf4c065f9414a01b9e06ee8ba75c5ce - - default default] Successfully bumped revision number for resource 91be43aa-2ab3-4d87-a409-ace82711e3cc (type: router_ports) to 1
2026-04-28 23:30:40.958 9 INFO neutron.wsgi [None req-578ad120-27a7-4965-b7f6-2ac1dc4180cd d9949a3886b94522933392f3b7c5d2c3 caf4c065f9414a01b9e06ee8ba75c5ce - - default default] 10.0.0.216 "PUT /v2.0/routers/db69411e-2e09-424f-9ecc-32e6b2fa49be/add_router_interface HTTP/1.1" status: 200 len: 503 time: 2.0754626
2026-04-28 23:30:41.119 9 INFO neutron.plugins.ml2.drivers.ovn.mech_driver.mech_driver [None req-20776235-b1e3-41ef-bf45-185eabcd187b - - - - - -] OVN reports status up for port: 91be43aa-2ab3-4d87-a409-ace82711e3cc
2026-04-28 23:30:41.127 9 INFO neutron.plugins.ml2.plugin [None req-20776235-b1e3-41ef-bf45-185eabcd187b - - - - - -] Attempt 1 to provision port 91be43aa-2ab3-4d87-a409-ace82711e3cc
2026-04-28 23:30:41.453 9 INFO neutron.db.ovn_revision_numbers_db [None req-20776235-b1e3-41ef-bf45-185eabcd187b - - - - - -] Successfully bumped revision number for resource 91be43aa-2ab3-4d87-a409-ace82711e3cc (type: ports) to 2
2026-04-28 23:30:41.506 9 INFO neutron.wsgi [req-24357e4e-2995-45c0-b166-cce17095572e req-da0eacaf-74ee-4b26-811f-9a739a6344d4 41579dd19ea742ee9e23fc0e9f34bac8 f10eda349e71482fa620e57da0242db6 - - default default] 10.0.0.82 "GET /v2.0/ports?device_id=a61f14a1-0961-4445-af7a-c59df070405d HTTP/1.1" status: 200 len: 1172 time: 0.0514410
2026-04-28 23:30:41.572 9 INFO neutron.wsgi [req-24357e4e-2995-45c0-b166-cce17095572e req-c6f70f24-f32b-4604-a7a3-c50adab7f58a 41579dd19ea742ee9e23fc0e9f34bac8 f10eda349e71482fa620e57da0242db6 - - default default] 10.0.0.82 "GET /v2.0/security-groups?id=8aaae53e-2620-4720-b04a-3b945a9c04d1&fields=id&fields=name HTTP/1.1" status: 200 len: 313 time: 0.0570972
2026-04-28 23:30:41.602 9 INFO neutron.db.ovn_revision_numbers_db [None req-20776235-b1e3-41ef-bf45-185eabcd187b - - - - - -] Successfully bumped revision number for resource 91be43aa-2ab3-4d87-a409-ace82711e3cc (type: router_ports) to 2
2026-04-28 23:30:41.792 10 INFO neutron.db.ovn_revision_numbers_db [None req-60cdabba-394e-490a-8695-b3fccb2baaac 0a90f589281f425087947a4568c98a83 adbddf8fa63d41ed94fca137fbda38a9 - - default default] Successfully bumped revision number for resource d5178b6a-892a-4243-9829-4bc586282aa6 (type: security_groups) to 1
2026-04-28 23:30:41.805 10 INFO neutron.db.ovn_revision_numbers_db [None req-60cdabba-394e-490a-8695-b3fccb2baaac 0a90f589281f425087947a4568c98a83 adbddf8fa63d41ed94fca137fbda38a9 - - default default] Successfully bumped revision number for resource c854bf60-49f6-4e67-8382-addb412c9c97 (type: security_group_rules) to 0
2026-04-28 23:30:41.820 10 INFO neutron.db.ovn_revision_numbers_db [None req-60cdabba-394e-490a-8695-b3fccb2baaac 0a90f589281f425087947a4568c98a83 adbddf8fa63d41ed94fca137fbda38a9 - - default default] Successfully bumped revision number for resource f615cf94-c28c-4021-b365-fd7c7e912a7d (type: security_group_rules) to 0
2026-04-28 23:30:41.841 10 INFO neutron.wsgi [None req-60cdabba-394e-490a-8695-b3fccb2baaac 0a90f589281f425087947a4568c98a83 adbddf8fa63d41ed94fca137fbda38a9 - - default default] 10.0.0.216 "POST /v2.0/security-groups HTTP/1.1" status: 201 len: 1796 time: 0.1643953
2026-04-28 23:30:41.898 9 INFO neutron.wsgi [req-dce5461b-588f-41c8-8e05-a3e658bb66a1 req-3c94f6b0-f531-4ce3-a6c7-5584c82da026 33dacf7cef16482e9a92e8caca33197f 7dc8fc4055ce46da897e4fc48fe258fa - - default default] 10.0.0.82 "GET /v2.0/ports?device_id=4e5e7bb0-b88b-4291-9e6e-f6e9a7f37348 HTTP/1.1" status: 200 len: 1172 time: 0.0498242
2026-04-28 23:30:41.937 10 INFO neutron.db.ovn_revision_numbers_db [None req-4037c6ab-0bcb-4ed8-b77d-1a460a42609b 0a90f589281f425087947a4568c98a83 adbddf8fa63d41ed94fca137fbda38a9 - - default default] Successfully bumped revision number for resource f3d32593-3998-4586-912b-7f138601133b (type: security_group_rules) to 0
2026-04-28 23:30:41.939 9 INFO neutron.wsgi [req-dce5461b-588f-41c8-8e05-a3e658bb66a1 req-0d5ee2a2-0224-4ef6-90c7-9e236f522150 33dacf7cef16482e9a92e8caca33197f 7dc8fc4055ce46da897e4fc48fe258fa - - default default] 10.0.0.82 "GET /v2.0/security-groups?id=a483158f-85dd-4df9-a37d-d92870cf8414&fields=id&fields=name HTTP/1.1" status: 200 len: 312 time: 0.0331109
2026-04-28 23:30:41.963 10 INFO neutron.wsgi [None req-4037c6ab-0bcb-4ed8-b77d-1a460a42609b 0a90f589281f425087947a4568c98a83 adbddf8fa63d41ed94fca137fbda38a9 - - default default] 10.0.0.216 "POST /v2.0/security-group-rules HTTP/1.1" status: 201 len: 764 time: 0.1169975
2026-04-28 23:30:42.066 10 INFO neutron.db.ovn_revision_numbers_db [None req-08805a26-3567-40a9-988b-614d037fca9e 0a90f589281f425087947a4568c98a83 adbddf8fa63d41ed94fca137fbda38a9 - - default default] Successfully bumped revision number for resource 9956cf2f-1c90-4c23-9619-047fd5f50a3d (type: security_group_rules) to 0
2026-04-28 23:30:42.093 10 INFO neutron.wsgi [None req-08805a26-3567-40a9-988b-614d037fca9e 0a90f589281f425087947a4568c98a83 adbddf8fa63d41ed94fca137fbda38a9 - - default default] 10.0.0.216 "POST /v2.0/security-group-rules HTTP/1.1" status: 201 len: 769 time: 0.1241629
2026-04-28 23:30:42.344 10 WARNING neutron.scheduler.dhcp_agent_scheduler [None req-9aab8818-7953-4866-b759-8c1f5b41bc41 0a90f589281f425087947a4568c98a83 adbddf8fa63d41ed94fca137fbda38a9 - - default default] No more DHCP agents
2026-04-28 23:30:42.346 10 WARNING neutron.api.rpc.agentnotifiers.dhcp_rpc_agent_api [None req-9aab8818-7953-4866-b759-8c1f5b41bc41 0a90f589281f425087947a4568c98a83 adbddf8fa63d41ed94fca137fbda38a9 - - default default] Unable to schedule network b62a734d-eb7d-4c80-ad9c-6ecac9e2e701: no agents available; will retry on subsequent port and subnet creation events.
2026-04-28 23:30:42.613 10 INFO neutron.db.ovn_revision_numbers_db [None req-9aab8818-7953-4866-b759-8c1f5b41bc41 0a90f589281f425087947a4568c98a83 adbddf8fa63d41ed94fca137fbda38a9 - - default default] Successfully bumped revision number for resource 743a047a-9e17-427e-b076-d7e2431a6ac4 (type: floatingips) to 0
2026-04-28 23:30:42.624 10 INFO neutron.wsgi [None req-9aab8818-7953-4866-b759-8c1f5b41bc41 0a90f589281f425087947a4568c98a83 adbddf8fa63d41ed94fca137fbda38a9 - - default default] 10.0.0.216 "POST /v2.0/floatingips HTTP/1.1" status: 201 len: 751 time: 0.5265837
2026-04-28 23:30:42.661 10 INFO neutron.wsgi [req-dc52a029-43ed-4a33-9132-2c8bce151105 req-c0ad61f7-d37f-4f63-b603-e13177cfa8d0 41579dd19ea742ee9e23fc0e9f34bac8 f10eda349e71482fa620e57da0242db6 - - default default] 10.0.0.82 "GET /v2.0/ports?device_id=a61f14a1-0961-4445-af7a-c59df070405d HTTP/1.1" status: 200 len: 1172 time: 0.0282955
2026-04-28 23:30:42.694 10 INFO neutron.wsgi [req-dc52a029-43ed-4a33-9132-2c8bce151105 req-1c1f4d49-63e7-4f44-a113-dec1f9581153 41579dd19ea742ee9e23fc0e9f34bac8 f10eda349e71482fa620e57da0242db6 - - default default] 10.0.0.82 "GET /v2.0/security-groups?id=8aaae53e-2620-4720-b04a-3b945a9c04d1&fields=id&fields=name HTTP/1.1" status: 200 len: 313 time: 0.0271397
2026-04-28 23:30:43.048 9 INFO neutron.wsgi [req-30c974f2-bda9-42fe-9389-092e50c18b7a req-08798f57-356c-46e5-ba59-aa0819e10dc6 33dacf7cef16482e9a92e8caca33197f 7dc8fc4055ce46da897e4fc48fe258fa - - default default] 10.0.0.82 "GET /v2.0/ports?device_id=4e5e7bb0-b88b-4291-9e6e-f6e9a7f37348 HTTP/1.1" status: 200 len: 1172 time: 0.0423868
2026-04-28 23:30:43.095 9 INFO neutron.wsgi [req-30c974f2-bda9-42fe-9389-092e50c18b7a req-240dbf77-3b12-43cf-bb60-62dda0da107e 33dacf7cef16482e9a92e8caca33197f 7dc8fc4055ce46da897e4fc48fe258fa - - default default] 10.0.0.82 "GET /v2.0/security-groups?id=a483158f-85dd-4df9-a37d-d92870cf8414&fields=id&fields=name HTTP/1.1" status: 200 len: 312 time: 0.0382683
2026-04-28 23:30:43.196 9 INFO neutron.db.ovn_revision_numbers_db [None req-f82cf34a-1b6c-4607-8f9f-2405b50e3048 d9949a3886b94522933392f3b7c5d2c3 caf4c065f9414a01b9e06ee8ba75c5ce - - default default] Successfully bumped revision number for resource e8fb6a06-e0e5-4ed1-88ba-ae6bb0d9b792 (type: security_groups) to 1
2026-04-28 23:30:43.201 10 INFO neutron.wsgi [req-54d8af9a-d789-4b44-8918-c70fff466b5c req-802154cb-d13b-42bd-9cf0-7079375fdd2d 0a90f589281f425087947a4568c98a83 adbddf8fa63d41ed94fca137fbda38a9 - - default default] 10.0.0.82 "GET /v2.0/security-groups?name=tempest-securitygroup--693472112&fields=id&tenant_id=adbddf8fa63d41ed94fca137fbda38a9 HTTP/1.1" status: 200 len: 267 time: 0.0490329
2026-04-28 23:30:43.209 9 INFO neutron.db.ovn_revision_numbers_db [None req-f82cf34a-1b6c-4607-8f9f-2405b50e3048 d9949a3886b94522933392f3b7c5d2c3 caf4c065f9414a01b9e06ee8ba75c5ce - - default default] Successfully bumped revision number for resource 0e219c3b-c02e-4417-9a7e-b2d4b3e24b9a (type: security_group_rules) to 0
2026-04-28 23:30:43.222 9 INFO neutron.db.ovn_revision_numbers_db [None req-f82cf34a-1b6c-4607-8f9f-2405b50e3048 d9949a3886b94522933392f3b7c5d2c3 caf4c065f9414a01b9e06ee8ba75c5ce - - default default] Successfully bumped revision number for resource 13168abe-9127-4432-99a9-3d36efac4b12 (type: security_group_rules) to 0
2026-04-28 23:30:43.236 9 INFO neutron.db.ovn_revision_numbers_db [None req-f82cf34a-1b6c-4607-8f9f-2405b50e3048 d9949a3886b94522933392f3b7c5d2c3 caf4c065f9414a01b9e06ee8ba75c5ce - - default default] Successfully bumped revision number for resource b3599070-66ca-47fd-b3ad-8743d4d2150e (type: security_group_rules) to 0
2026-04-28 23:30:43.248 9 INFO neutron.db.ovn_revision_numbers_db [None req-f82cf34a-1b6c-4607-8f9f-2405b50e3048 d9949a3886b94522933392f3b7c5d2c3 caf4c065f9414a01b9e06ee8ba75c5ce - - default default] Successfully bumped revision number for resource d43f0adb-3e83-4c85-ae2c-96d4ed82516b (type: security_group_rules) to 0
2026-04-28 23:30:43.272 9 INFO neutron.wsgi [None req-f82cf34a-1b6c-4607-8f9f-2405b50e3048 d9949a3886b94522933392f3b7c5d2c3 caf4c065f9414a01b9e06ee8ba75c5ce - - default default] 10.0.0.216 "GET /v2.0/security-groups?tenant_id=5cdc13eb23f942cf87515f7100965d30&name=default HTTP/1.1" status: 200 len: 2996 time: 0.3249457
2026-04-28 23:30:43.280 10 INFO neutron.wsgi [req-54d8af9a-d789-4b44-8918-c70fff466b5c req-f76093e5-30b4-42ba-aab0-a9379e5a05cb 0a90f589281f425087947a4568c98a83 adbddf8fa63d41ed94fca137fbda38a9 - - default default] 10.0.0.82 "GET /v2.0/networks?id=276c78ff-9dc9-416b-98df-ba135d1ab13b HTTP/1.1" status: 200 len: 882 time: 0.0744362
2026-04-28 23:30:43.303 10 INFO neutron.wsgi [req-54d8af9a-d789-4b44-8918-c70fff466b5c req-028776cc-c618-4c89-8328-45422d4ec145 0a90f589281f425087947a4568c98a83 adbddf8fa63d41ed94fca137fbda38a9 - - default default] 10.0.0.82 "GET /v2.0/quotas/adbddf8fa63d41ed94fca137fbda38a9 HTTP/1.1" status: 200 len: 386 time: 0.0133884
2026-04-28 23:30:43.430 10 INFO neutron.wsgi [req-54d8af9a-d789-4b44-8918-c70fff466b5c req-3d7efebe-167a-43e4-a18f-6dec04cc52a0 0a90f589281f425087947a4568c98a83 adbddf8fa63d41ed94fca137fbda38a9 - - default default] 10.0.0.82 "GET /v2.0/ports?tenant_id=adbddf8fa63d41ed94fca137fbda38a9&fields=id HTTP/1.1" status: 200 len: 302 time: 0.1199152
2026-04-28 23:30:43.474 9 INFO neutron.wsgi [None req-59d9abdb-bc92-4205-ab0c-bf9c4b116792 d9949a3886b94522933392f3b7c5d2c3 caf4c065f9414a01b9e06ee8ba75c5ce - - default default] 10.0.0.216 "DELETE /v2.0/security-groups/e8fb6a06-e0e5-4ed1-88ba-ae6bb0d9b792 HTTP/1.1" status: 204 len: 168 time: 0.1947963
2026-04-28 23:30:43.894 10 INFO neutron.wsgi [req-54d8af9a-d789-4b44-8918-c70fff466b5c req-2c2ac558-2085-49d7-92ae-5720a50e93ae b564d173c95c4fcfbd1ac2095754c325 c19f6fea06174e1f8a5de22cc378066e - - f03097fe19c54228bef42d7301077843 f03097fe19c54228bef42d7301077843] 10.0.0.82 "GET /v2.0/extensions HTTP/1.1" status: 200 len: 16525 time: 0.0585158
2026-04-28 23:30:43.905 9 INFO neutron.wsgi [req-4236ec82-707e-4871-9a59-87bfb28f4dff req-bf66145f-8889-40bd-90a3-8411154d3061 41579dd19ea742ee9e23fc0e9f34bac8 f10eda349e71482fa620e57da0242db6 - - default default] 10.0.0.82 "GET /v2.0/ports?device_id=a61f14a1-0961-4445-af7a-c59df070405d HTTP/1.1" status: 200 len: 1172 time: 0.1461372
2026-04-28 23:30:43.947 9 INFO neutron.wsgi [req-4236ec82-707e-4871-9a59-87bfb28f4dff req-4b37f6d9-2ce9-4c8f-819a-d405054c66e8 41579dd19ea742ee9e23fc0e9f34bac8 f10eda349e71482fa620e57da0242db6 - - default default] 10.0.0.82 "GET /v2.0/security-groups?id=8aaae53e-2620-4720-b04a-3b945a9c04d1&fields=id&fields=name HTTP/1.1" status: 200 len: 313 time: 0.0362492
2026-04-28 23:30:43.952 10 INFO neutron.wsgi [req-54d8af9a-d789-4b44-8918-c70fff466b5c req-213b995e-f857-4012-8398-87608c345976 b564d173c95c4fcfbd1ac2095754c325 c19f6fea06174e1f8a5de22cc378066e - - f03097fe19c54228bef42d7301077843 f03097fe19c54228bef42d7301077843] 10.0.0.82 "GET /v2.0/networks/276c78ff-9dc9-416b-98df-ba135d1ab13b?fields=segments HTTP/1.1" status: 200 len: 212 time: 0.0535741
2026-04-28 23:30:44.016 10 INFO neutron.wsgi [req-54d8af9a-d789-4b44-8918-c70fff466b5c req-37c428c2-22ce-473e-b6a7-240ca500b261 b564d173c95c4fcfbd1ac2095754c325 c19f6fea06174e1f8a5de22cc378066e - - f03097fe19c54228bef42d7301077843 f03097fe19c54228bef42d7301077843] 10.0.0.82 "GET /v2.0/networks/276c78ff-9dc9-416b-98df-ba135d1ab13b?fields=provider%3Aphysical_network&fields=provider%3Anetwork_type HTTP/1.1" status: 200 len: 277 time: 0.0566709
2026-04-28 23:30:44.165 9 INFO neutron.wsgi [req-4833afd8-32d8-4f3e-80f1-2025e6ff665f req-6ed44462-9b6a-49c8-a150-8ebdc363a646 0a90f589281f425087947a4568c98a83 adbddf8fa63d41ed94fca137fbda38a9 - - default default] 10.0.0.82 "GET /v2.0/ports?device_id=bf2de132-370b-436b-a050-9e276281719b HTTP/1.1" status: 200 len: 210 time: 0.0250387
2026-04-28 23:30:44.240 10 INFO neutron.wsgi [req-c88b65b0-cbe9-49e3-8825-eb97ab32b8a6 req-a1043301-69af-4de8-8cb2-c3e09fe6cfcd 33dacf7cef16482e9a92e8caca33197f 7dc8fc4055ce46da897e4fc48fe258fa - - default default] 10.0.0.82 "GET /v2.0/ports?device_id=4e5e7bb0-b88b-4291-9e6e-f6e9a7f37348 HTTP/1.1" status: 200 len: 1172 time: 0.0788169
2026-04-28 23:30:44.279 10 INFO neutron.wsgi [req-c88b65b0-cbe9-49e3-8825-eb97ab32b8a6 req-b90e56a6-5371-43a0-a83c-cfae9546f46b 33dacf7cef16482e9a92e8caca33197f 7dc8fc4055ce46da897e4fc48fe258fa - - default default] 10.0.0.82 "GET /v2.0/security-groups?id=a483158f-85dd-4df9-a37d-d92870cf8414&fields=id&fields=name HTTP/1.1" status: 200 len: 312 time: 0.0315499
2026-04-28 23:30:44.995 10 INFO neutron.wsgi [req-54d8af9a-d789-4b44-8918-c70fff466b5c req-3b647e14-751c-404e-9575-edbfb5db40a1 0a90f589281f425087947a4568c98a83 adbddf8fa63d41ed94fca137fbda38a9 - - default default] 199.204.45.3 "GET /v2.0/networks?id=276c78ff-9dc9-416b-98df-ba135d1ab13b HTTP/1.1" status: 200 len: 882 time: 0.0685792
2026-04-28 23:30:45.044 10 INFO neutron.wsgi [req-54d8af9a-d789-4b44-8918-c70fff466b5c req-c50ce57a-57a4-49cc-9fb7-8985137af3ca 0a90f589281f425087947a4568c98a83 adbddf8fa63d41ed94fca137fbda38a9 - - default default] 199.204.45.3 "GET /v2.0/security-groups?fields=id&fields=name&tenant_id=adbddf8fa63d41ed94fca137fbda38a9 HTTP/1.1" status: 200 len: 379 time: 0.0434854
2026-04-28 23:30:45.049 9 INFO neutron.wsgi [req-e0d42a44-5d21-4e8f-bcca-b97ab4e5f5a5 req-e2d34e81-0eed-485d-98ce-cc6c3721b605 41579dd19ea742ee9e23fc0e9f34bac8 f10eda349e71482fa620e57da0242db6 - - default default] 10.0.0.82 "GET /v2.0/ports?device_id=a61f14a1-0961-4445-af7a-c59df070405d HTTP/1.1" status: 200 len: 1172 time: 0.0351157
2026-04-28 23:30:45.092 9 INFO neutron.wsgi [req-e0d42a44-5d21-4e8f-bcca-b97ab4e5f5a5 req-78a9cca4-32f4-4c68-a236-21d58d610513 41579dd19ea742ee9e23fc0e9f34bac8 f10eda349e71482fa620e57da0242db6 - - default default] 10.0.0.82 "GET /v2.0/security-groups?id=8aaae53e-2620-4720-b04a-3b945a9c04d1&fields=id&fields=name HTTP/1.1" status: 200 len: 313 time: 0.0382633
2026-04-28 23:30:45.253 10 INFO neutron.wsgi [req-be3a6977-8476-4a62-af9d-476e24acb579 req-66baf4bc-340c-4548-a9cb-05853bbbd5fb 0a90f589281f425087947a4568c98a83 adbddf8fa63d41ed94fca137fbda38a9 - - default default] 10.0.0.82 "GET /v2.0/ports?device_id=bf2de132-370b-436b-a050-9e276281719b HTTP/1.1" status: 200 len: 210 time: 0.0284278
2026-04-28 23:30:45.382 10 WARNING neutron.scheduler.dhcp_agent_scheduler [req-54d8af9a-d789-4b44-8918-c70fff466b5c req-e059a828-a2ee-4b59-92cb-adb59f4e3e60 0a90f589281f425087947a4568c98a83 adbddf8fa63d41ed94fca137fbda38a9 - - default default] No more DHCP agents
2026-04-28 23:30:45.384 10 WARNING neutron.api.rpc.agentnotifiers.dhcp_rpc_agent_api [req-54d8af9a-d789-4b44-8918-c70fff466b5c req-e059a828-a2ee-4b59-92cb-adb59f4e3e60 0a90f589281f425087947a4568c98a83 adbddf8fa63d41ed94fca137fbda38a9 - - default default] Unable to schedule network 276c78ff-9dc9-416b-98df-ba135d1ab13b: no agents available; will retry on subsequent port and subnet creation events.
2026-04-28 23:30:45.412 9 INFO neutron.wsgi [req-7f056d5d-cee5-47d3-bb07-a93d86ab49c4 req-155a712b-c5d2-4735-9568-6c8b8fb87aed 33dacf7cef16482e9a92e8caca33197f 7dc8fc4055ce46da897e4fc48fe258fa - - default default] 10.0.0.82 "GET /v2.0/ports?device_id=4e5e7bb0-b88b-4291-9e6e-f6e9a7f37348 HTTP/1.1" status: 200 len: 1172 time: 0.0767298
2026-04-28 23:30:45.432 10 INFO neutron.db.ovn_revision_numbers_db [None req-e570323d-1959-4818-b574-04be1bb8a9e2 6710507775db4c0586cf4634b6d87a72 c991ce7655ff4b41a00da575c0f0e0fc - - default default] Successfully bumped revision number for resource b5366774-d803-490b-afeb-e889db4c565d (type: security_groups) to 1
2026-04-28 23:30:45.455 10 INFO neutron.db.ovn_revision_numbers_db [None req-e570323d-1959-4818-b574-04be1bb8a9e2 6710507775db4c0586cf4634b6d87a72 c991ce7655ff4b41a00da575c0f0e0fc - - default default] Successfully bumped revision number for resource 3aff328f-7c17-4ffa-9aee-0c5d50e314a2 (type: security_group_rules) to 0
2026-04-28 23:30:45.455 9 INFO neutron.wsgi [req-7f056d5d-cee5-47d3-bb07-a93d86ab49c4 req-c0e827bc-fe34-40b1-aa12-9ff8ef6ffab4 33dacf7cef16482e9a92e8caca33197f 7dc8fc4055ce46da897e4fc48fe258fa - - default default] 10.0.0.82 "GET /v2.0/security-groups?id=a483158f-85dd-4df9-a37d-d92870cf8414&fields=id&fields=name HTTP/1.1" status: 200 len: 312 time: 0.0366294
2026-04-28 23:30:45.475 10 INFO neutron.db.ovn_revision_numbers_db [None req-e570323d-1959-4818-b574-04be1bb8a9e2 6710507775db4c0586cf4634b6d87a72 c991ce7655ff4b41a00da575c0f0e0fc - - default default] Successfully bumped revision number for resource 3deed964-3487-4f23-8160-c03e242184a2 (type: security_group_rules) to 0
2026-04-28 23:30:45.492 10 INFO neutron.db.ovn_revision_numbers_db [None req-e570323d-1959-4818-b574-04be1bb8a9e2 6710507775db4c0586cf4634b6d87a72 c991ce7655ff4b41a00da575c0f0e0fc - - default default] Successfully bumped revision number for resource 3ea86f10-c13a-4028-b1b6-8fa0d33bb0bf (type: security_group_rules) to 0
2026-04-28 23:30:45.518 10 INFO neutron.db.ovn_revision_numbers_db [None req-e570323d-1959-4818-b574-04be1bb8a9e2 6710507775db4c0586cf4634b6d87a72 c991ce7655ff4b41a00da575c0f0e0fc - - default default] Successfully bumped revision number for resource 923bef2c-4598-4f2b-a37a-48d953593bdd (type: security_group_rules) to 0
2026-04-28 23:30:45.568 10 INFO neutron.db.ovn_revision_numbers_db [req-54d8af9a-d789-4b44-8918-c70fff466b5c req-e059a828-a2ee-4b59-92cb-adb59f4e3e60 0a90f589281f425087947a4568c98a83 adbddf8fa63d41ed94fca137fbda38a9 - - default default] Successfully bumped revision number for resource f46c43f7-82e5-4086-9259-2e892a25df4a (type: ports) to 1
2026-04-28 23:30:45.570 10 INFO neutron.db.segments_db [None req-e570323d-1959-4818-b574-04be1bb8a9e2 6710507775db4c0586cf4634b6d87a72 c991ce7655ff4b41a00da575c0f0e0fc - - default default] Added segment 7f59231d-2288-4fe4-85d8-7ef2127caa04 of type geneve for network c9b4074a-d14c-416a-8ba4-4e110306bfd1
2026-04-28 23:30:45.599 10 INFO neutron.wsgi [req-54d8af9a-d789-4b44-8918-c70fff466b5c req-e059a828-a2ee-4b59-92cb-adb59f4e3e60 0a90f589281f425087947a4568c98a83 adbddf8fa63d41ed94fca137fbda38a9 - - default default] 199.204.45.3 "POST /v2.0/ports HTTP/1.1" status: 201 len: 1162 time: 0.5516498 /var/lib/openstack/lib/python3.10/site-packages/pycadf/identifier.py:71: UserWarning: Invalid uuid: neutron. To ensure interoperability, identifiers should be a valid uuid. warnings.warn(('Invalid uuid: %s. To ensure interoperability, '
2026-04-28 23:30:45.755 10 INFO neutron.db.ovn_revision_numbers_db [None req-e570323d-1959-4818-b574-04be1bb8a9e2 6710507775db4c0586cf4634b6d87a72 c991ce7655ff4b41a00da575c0f0e0fc - - default default] Successfully bumped revision number for resource c9b4074a-d14c-416a-8ba4-4e110306bfd1 (type: networks) to 1
2026-04-28 23:30:46.142 10 WARNING neutron.scheduler.dhcp_agent_scheduler [None req-e570323d-1959-4818-b574-04be1bb8a9e2 6710507775db4c0586cf4634b6d87a72 c991ce7655ff4b41a00da575c0f0e0fc - - default default] No more DHCP agents
2026-04-28 23:30:46.146 10 WARNING neutron.api.rpc.agentnotifiers.dhcp_rpc_agent_api [None req-e570323d-1959-4818-b574-04be1bb8a9e2 6710507775db4c0586cf4634b6d87a72 c991ce7655ff4b41a00da575c0f0e0fc - - default default] Unable to schedule network c9b4074a-d14c-416a-8ba4-4e110306bfd1: no agents available; will retry on subsequent port and subnet creation events.
2026-04-28 23:30:46.301 10 INFO neutron.db.ovn_revision_numbers_db [None req-e570323d-1959-4818-b574-04be1bb8a9e2 6710507775db4c0586cf4634b6d87a72 c991ce7655ff4b41a00da575c0f0e0fc - - default default] Successfully bumped revision number for resource e55320e1-b80c-4c8f-a824-e1ecd5bd51ff (type: ports) to 1
2026-04-28 23:30:46.332 10 INFO neutron.wsgi [req-eb0f99c4-9b60-412d-a15c-757e13a01a72 req-3439834e-8473-4096-b0a3-3af3f6721a37 41579dd19ea742ee9e23fc0e9f34bac8 f10eda349e71482fa620e57da0242db6 - - default default] 10.0.0.82 "GET /v2.0/ports?device_id=a61f14a1-0961-4445-af7a-c59df070405d HTTP/1.1" status: 200 len: 1172 time: 0.1813755
2026-04-28 23:30:46.336 10 INFO neutron.wsgi [None req-e570323d-1959-4818-b574-04be1bb8a9e2 6710507775db4c0586cf4634b6d87a72 c991ce7655ff4b41a00da575c0f0e0fc - - default default] 10.0.0.216 "POST /v2.0/networks HTTP/1.1" status: 201 len: 828 time: 1.2590184 /var/lib/openstack/lib/python3.10/site-packages/pycadf/identifier.py:71: UserWarning: Invalid uuid: neutron. To ensure interoperability, identifiers should be a valid uuid. warnings.warn(('Invalid uuid: %s. To ensure interoperability, '
2026-04-28 23:30:46.385 10 INFO neutron.db.ovn_revision_numbers_db [req-54d8af9a-d789-4b44-8918-c70fff466b5c req-6f54c685-65ad-4e86-bbdf-332b77869b05 b564d173c95c4fcfbd1ac2095754c325 c19f6fea06174e1f8a5de22cc378066e - - f03097fe19c54228bef42d7301077843 f03097fe19c54228bef42d7301077843] Successfully bumped revision number for resource f46c43f7-82e5-4086-9259-2e892a25df4a (type: ports) to 2
2026-04-28 23:30:46.390 10 INFO neutron.wsgi [req-eb0f99c4-9b60-412d-a15c-757e13a01a72 req-53f7e7f8-a9b8-4273-9c01-45736bd6d5df 41579dd19ea742ee9e23fc0e9f34bac8 f10eda349e71482fa620e57da0242db6 - - default default] 10.0.0.82 "GET /v2.0/security-groups?id=8aaae53e-2620-4720-b04a-3b945a9c04d1&fields=id&fields=name HTTP/1.1" status: 200 len: 313 time: 0.0461555
2026-04-28 23:30:46.434 9 INFO neutron.wsgi [req-be8d2311-5d31-469e-ab82-c4f7686fa23a req-aeae1fff-8037-44e2-b6d3-62ba1f59d7c5 0a90f589281f425087947a4568c98a83 adbddf8fa63d41ed94fca137fbda38a9 - - default default] 10.0.0.82 "GET /v2.0/ports?device_id=bf2de132-370b-436b-a050-9e276281719b HTTP/1.1" status: 200 len: 1172 time: 0.1007609
2026-04-28 23:30:46.457 9 INFO neutron.db.segments_db [None req-a6b6539a-0a93-427c-8375-647bf76f2519 6710507775db4c0586cf4634b6d87a72 c991ce7655ff4b41a00da575c0f0e0fc - - default default] Added segment 84d74539-5bdd-49b9-a3f8-5b8bfb5163fa of type geneve for network f4d3a124-4b6c-4763-a3c0-3045e001c801
2026-04-28 23:30:46.485 9 INFO neutron.wsgi [req-be8d2311-5d31-469e-ab82-c4f7686fa23a req-7bbe3054-559f-4179-95fe-17c22a95520b 0a90f589281f425087947a4568c98a83 adbddf8fa63d41ed94fca137fbda38a9 - - default default] 10.0.0.82 "GET /v2.0/security-groups?id=d5178b6a-892a-4243-9829-4bc586282aa6&fields=id&fields=name HTTP/1.1" status: 200 len: 312 time: 0.0465131
2026-04-28 23:30:46.562 10 INFO neutron.wsgi [req-63310d34-3d26-4fc5-8d28-27878e9d1db3 req-602b15cb-1c36-419c-91c0-df4dce97cbea 33dacf7cef16482e9a92e8caca33197f 7dc8fc4055ce46da897e4fc48fe258fa - - default default] 10.0.0.82 "GET /v2.0/ports?device_id=4e5e7bb0-b88b-4291-9e6e-f6e9a7f37348 HTTP/1.1" status: 200 len: 1172 time: 0.0514960 /var/lib/openstack/lib/python3.10/site-packages/pycadf/identifier.py:71: UserWarning: Invalid uuid: neutron. To ensure interoperability, identifiers should be a valid uuid. warnings.warn(('Invalid uuid: %s. To ensure interoperability, '
2026-04-28 23:30:46.613 9 INFO neutron.db.ovn_revision_numbers_db [None req-a6b6539a-0a93-427c-8375-647bf76f2519 6710507775db4c0586cf4634b6d87a72 c991ce7655ff4b41a00da575c0f0e0fc - - default default] Successfully bumped revision number for resource f4d3a124-4b6c-4763-a3c0-3045e001c801 (type: networks) to 1
2026-04-28 23:30:46.628 10 INFO neutron.wsgi [req-63310d34-3d26-4fc5-8d28-27878e9d1db3 req-33d5dafb-616c-41ac-a6d8-d14e36c0a776 33dacf7cef16482e9a92e8caca33197f 7dc8fc4055ce46da897e4fc48fe258fa - - default default] 10.0.0.82 "GET /v2.0/security-groups?id=a483158f-85dd-4df9-a37d-d92870cf8414&fields=id&fields=name HTTP/1.1" status: 200 len: 312 time: 0.0587702
2026-04-28 23:30:46.649 10 INFO neutron.db.ovn_revision_numbers_db [req-54d8af9a-d789-4b44-8918-c70fff466b5c req-6f54c685-65ad-4e86-bbdf-332b77869b05 b564d173c95c4fcfbd1ac2095754c325 c19f6fea06174e1f8a5de22cc378066e - - f03097fe19c54228bef42d7301077843 f03097fe19c54228bef42d7301077843] Successfully bumped revision number for resource f46c43f7-82e5-4086-9259-2e892a25df4a (type: ports) to 2
2026-04-28 23:30:46.662 10 INFO neutron.wsgi [req-54d8af9a-d789-4b44-8918-c70fff466b5c req-6f54c685-65ad-4e86-bbdf-332b77869b05 b564d173c95c4fcfbd1ac2095754c325 c19f6fea06174e1f8a5de22cc378066e - - f03097fe19c54228bef42d7301077843 f03097fe19c54228bef42d7301077843] 199.204.45.3 "PUT /v2.0/ports/f46c43f7-82e5-4086-9259-2e892a25df4a HTTP/1.1" status: 200 len: 1380 time: 1.0550258
2026-04-28 23:30:46.711 10 INFO neutron.notifiers.nova [-] Nova event matching ['req-58142750-77b7-453e-bcc1-efa3ec369ba3'] response: {'name': 'network-changed', 'server_uuid': 'bf2de132-370b-436b-a050-9e276281719b', 'tag': 'f46c43f7-82e5-4086-9259-2e892a25df4a', 'status': 'completed', 'code': 200}
2026-04-28 23:30:46.734 10 INFO neutron.wsgi [req-54d8af9a-d789-4b44-8918-c70fff466b5c req-2f5f7c40-1896-4c39-ba1c-30a00d865575 b564d173c95c4fcfbd1ac2095754c325 c19f6fea06174e1f8a5de22cc378066e - - f03097fe19c54228bef42d7301077843 f03097fe19c54228bef42d7301077843] 199.204.45.3 "GET /v2.0/ports?tenant_id=adbddf8fa63d41ed94fca137fbda38a9&device_id=bf2de132-370b-436b-a050-9e276281719b HTTP/1.1" status: 200 len: 1411 time: 0.0388603
2026-04-28 23:30:46.769 10 INFO neutron.wsgi [req-54d8af9a-d789-4b44-8918-c70fff466b5c req-45f14cb2-5c9e-4830-b0f8-59bc463e61b5 b564d173c95c4fcfbd1ac2095754c325 c19f6fea06174e1f8a5de22cc378066e - - f03097fe19c54228bef42d7301077843 f03097fe19c54228bef42d7301077843] 199.204.45.3 "GET /v2.0/floatingips?fixed_ip_address=10.100.0.14&port_id=f46c43f7-82e5-4086-9259-2e892a25df4a HTTP/1.1" status: 200 len: 217 time: 0.0282421
2026-04-28 23:30:46.790 9 WARNING neutron.scheduler.dhcp_agent_scheduler [None req-a6b6539a-0a93-427c-8375-647bf76f2519 6710507775db4c0586cf4634b6d87a72 c991ce7655ff4b41a00da575c0f0e0fc - - default default] No more DHCP agents
2026-04-28 23:30:46.793 9 WARNING neutron.api.rpc.agentnotifiers.dhcp_rpc_agent_api [None req-a6b6539a-0a93-427c-8375-647bf76f2519 6710507775db4c0586cf4634b6d87a72 c991ce7655ff4b41a00da575c0f0e0fc - - default default] Unable to schedule network f4d3a124-4b6c-4763-a3c0-3045e001c801: no agents available; will retry on subsequent port and subnet creation events.
2026-04-28 23:30:46.804 10 INFO neutron.wsgi [req-54d8af9a-d789-4b44-8918-c70fff466b5c req-0262cd37-518d-4888-909a-8f0baba844dd b564d173c95c4fcfbd1ac2095754c325 c19f6fea06174e1f8a5de22cc378066e - - f03097fe19c54228bef42d7301077843 f03097fe19c54228bef42d7301077843] 199.204.45.3 "GET /v2.0/subnets?id=a16fa8d0-7b7d-4329-867e-3bbd8d97ef57 HTTP/1.1" status: 200 len: 876 time: 0.0309515
2026-04-28 23:30:46.828 10 INFO neutron.wsgi [req-54d8af9a-d789-4b44-8918-c70fff466b5c req-872979a5-3975-41bc-a588-395c2a6796ac b564d173c95c4fcfbd1ac2095754c325 c19f6fea06174e1f8a5de22cc378066e - - f03097fe19c54228bef42d7301077843 f03097fe19c54228bef42d7301077843] 199.204.45.3 "GET /v2.0/ports?network_id=276c78ff-9dc9-416b-98df-ba135d1ab13b&device_owner=network%3Adhcp HTTP/1.1" status: 200 len: 210 time: 0.0196621
2026-04-28 23:30:46.855 9 WARNING neutron.plugins.ml2.drivers.ovn.mech_driver.ovsdb.ovn_client [None req-20776235-b1e3-41ef-bf45-185eabcd187b - - - - - -] No hosting information found for port 91be43aa-2ab3-4d87-a409-ace82711e3cc: RuntimeError: No hosting information found for port 91be43aa-2ab3-4d87-a409-ace82711e3cc
2026-04-28 23:30:46.855 9 INFO neutron.plugins.ml2.drivers.ovn.mech_driver.mech_driver [None req-20776235-b1e3-41ef-bf45-185eabcd187b - - - - - -] OVN reports status up for port: c260b924-98e1-47ae-bc54-69880f56ffb7
2026-04-28 23:30:46.867 9 INFO neutron.plugins.ml2.plugin [None req-20776235-b1e3-41ef-bf45-185eabcd187b - - - - - -] Attempt 1 to provision port c260b924-98e1-47ae-bc54-69880f56ffb7
2026-04-28 23:30:46.869 9 INFO neutron.db.ovn_revision_numbers_db [None req-a6b6539a-0a93-427c-8375-647bf76f2519 6710507775db4c0586cf4634b6d87a72 c991ce7655ff4b41a00da575c0f0e0fc - - default default] Successfully bumped revision number for resource 5a581657-a7de-46a0-a38e-827639a8a4f0 (type: ports) to 1
2026-04-28 23:30:46.890 10 INFO neutron.wsgi [req-54d8af9a-d789-4b44-8918-c70fff466b5c req-335ef679-772d-4c8d-ac11-43137b42e7ca b564d173c95c4fcfbd1ac2095754c325 c19f6fea06174e1f8a5de22cc378066e - - f03097fe19c54228bef42d7301077843 f03097fe19c54228bef42d7301077843] 199.204.45.3 "GET /v2.0/networks/276c78ff-9dc9-416b-98df-ba135d1ab13b?fields=segments HTTP/1.1" status: 200 len: 212 time: 0.0582414
2026-04-28 23:30:46.892 9 INFO neutron.wsgi [None req-a6b6539a-0a93-427c-8375-647bf76f2519 6710507775db4c0586cf4634b6d87a72 c991ce7655ff4b41a00da575c0f0e0fc - - default default] 10.0.0.216 "POST /v2.0/networks HTTP/1.1" status: 201 len: 828 time: 0.5464833
2026-04-28 23:30:46.990 10 INFO neutron.wsgi [req-54d8af9a-d789-4b44-8918-c70fff466b5c req-bf90460d-197d-4dd0-8db9-cd247b19e2c1 b564d173c95c4fcfbd1ac2095754c325 c19f6fea06174e1f8a5de22cc378066e - - f03097fe19c54228bef42d7301077843 f03097fe19c54228bef42d7301077843] 199.204.45.3 "GET /v2.0/networks/276c78ff-9dc9-416b-98df-ba135d1ab13b?fields=provider%3Aphysical_network&fields=provider%3Anetwork_type HTTP/1.1" status: 200 len: 277 time: 0.0923686
2026-04-28 23:30:47.079 9 INFO neutron.db.ovn_revision_numbers_db [None req-20776235-b1e3-41ef-bf45-185eabcd187b - - - - - -] Successfully bumped revision number for resource c260b924-98e1-47ae-bc54-69880f56ffb7 (type: ports) to 4
2026-04-28 23:30:47.097 10 INFO neutron.wsgi [req-84705b8f-6603-42b9-b06d-6ef6a023d80b req-4d5aceb9-bab7-4e8e-bf68-11613a488af2 b564d173c95c4fcfbd1ac2095754c325 c19f6fea06174e1f8a5de22cc378066e - - f03097fe19c54228bef42d7301077843 f03097fe19c54228bef42d7301077843] 199.204.45.3 "GET /v2.0/ports?tenant_id=adbddf8fa63d41ed94fca137fbda38a9&device_id=bf2de132-370b-436b-a050-9e276281719b HTTP/1.1" status: 200 len: 1411 time: 0.0521920
2026-04-28 23:30:47.122 9 INFO neutron.plugins.ml2.drivers.ovn.mech_driver.mech_driver [None req-20776235-b1e3-41ef-bf45-185eabcd187b - - - - - -] OVN reports status up for port: aca90e9c-5604-42e5-83f2-a0bcc3ea8a04
2026-04-28 23:30:47.136 9 INFO neutron.plugins.ml2.plugin [None req-20776235-b1e3-41ef-bf45-185eabcd187b - - - - - -] Attempt 1 to provision port aca90e9c-5604-42e5-83f2-a0bcc3ea8a04
2026-04-28 23:30:47.200 10 INFO neutron.wsgi [req-84705b8f-6603-42b9-b06d-6ef6a023d80b req-7da6c11d-d85c-43aa-810e-db5c16d80c96 b564d173c95c4fcfbd1ac2095754c325 c19f6fea06174e1f8a5de22cc378066e - - f03097fe19c54228bef42d7301077843 f03097fe19c54228bef42d7301077843] 199.204.45.3 "GET /v2.0/networks?id=276c78ff-9dc9-416b-98df-ba135d1ab13b HTTP/1.1" status: 200 len: 981 time: 0.0944102
2026-04-28 23:30:47.266 10 INFO neutron.wsgi [req-84705b8f-6603-42b9-b06d-6ef6a023d80b req-a816a37e-d8da-4031-9cbc-b0ab10a975ac b564d173c95c4fcfbd1ac2095754c325 c19f6fea06174e1f8a5de22cc378066e - - f03097fe19c54228bef42d7301077843 f03097fe19c54228bef42d7301077843] 199.204.45.3 "GET /v2.0/floatingips?fixed_ip_address=10.100.0.14&port_id=f46c43f7-82e5-4086-9259-2e892a25df4a HTTP/1.1" status: 200 len: 217 time: 0.0386386
2026-04-28 23:30:47.308 10 WARNING neutron.scheduler.dhcp_agent_scheduler [None req-45146389-ecca-48ad-b011-44a255d78e60 6710507775db4c0586cf4634b6d87a72 c991ce7655ff4b41a00da575c0f0e0fc - - default default] No more DHCP agents
2026-04-28 23:30:47.312 10 WARNING neutron.api.rpc.agentnotifiers.dhcp_rpc_agent_api [None req-45146389-ecca-48ad-b011-44a255d78e60 6710507775db4c0586cf4634b6d87a72 c991ce7655ff4b41a00da575c0f0e0fc - - default default] Unable to schedule network c9b4074a-d14c-416a-8ba4-4e110306bfd1: no agents available; will retry on subsequent port and subnet creation events.
2026-04-28 23:30:47.341 10 INFO neutron.wsgi [req-84705b8f-6603-42b9-b06d-6ef6a023d80b req-9ec823a8-f961-409e-ab93-57983c20f361 b564d173c95c4fcfbd1ac2095754c325 c19f6fea06174e1f8a5de22cc378066e - - f03097fe19c54228bef42d7301077843 f03097fe19c54228bef42d7301077843] 199.204.45.3 "GET /v2.0/subnets?id=a16fa8d0-7b7d-4329-867e-3bbd8d97ef57 HTTP/1.1" status: 200 len: 876 time: 0.0676293
2026-04-28 23:30:47.373 10 INFO neutron.wsgi [req-84705b8f-6603-42b9-b06d-6ef6a023d80b req-3597af63-4945-4623-89ad-d9e50b4bb4c6 b564d173c95c4fcfbd1ac2095754c325 c19f6fea06174e1f8a5de22cc378066e - - f03097fe19c54228bef42d7301077843 f03097fe19c54228bef42d7301077843] 199.204.45.3 "GET /v2.0/ports?network_id=276c78ff-9dc9-416b-98df-ba135d1ab13b&device_owner=network%3Adhcp HTTP/1.1" status: 200 len: 210 time: 0.0265262
2026-04-28 23:30:47.465 10 INFO neutron.wsgi [req-84705b8f-6603-42b9-b06d-6ef6a023d80b req-f2dd636b-c681-4c21-a1e9-a18daaac72ec b564d173c95c4fcfbd1ac2095754c325 c19f6fea06174e1f8a5de22cc378066e - - f03097fe19c54228bef42d7301077843 f03097fe19c54228bef42d7301077843] 199.204.45.3 "GET /v2.0/networks/276c78ff-9dc9-416b-98df-ba135d1ab13b?fields=segments HTTP/1.1" status: 200 len: 212 time: 0.0855730 /var/lib/openstack/lib/python3.10/site-packages/pycadf/identifier.py:71: UserWarning: Invalid uuid: neutron. To ensure interoperability, identifiers should be a valid uuid. warnings.warn(('Invalid uuid: %s. To ensure interoperability, '
2026-04-28 23:30:47.512 9 INFO neutron.wsgi [req-06264050-1129-41d0-8869-b9df687a8b37 req-0834551c-43ed-447a-9c21-13b77a45ca15 41579dd19ea742ee9e23fc0e9f34bac8 f10eda349e71482fa620e57da0242db6 - - default default] 10.0.0.82 "GET /v2.0/ports?device_id=a61f14a1-0961-4445-af7a-c59df070405d HTTP/1.1" status: 200 len: 1174 time: 0.0441186
2026-04-28 23:30:47.556 9 INFO neutron.db.ovn_revision_numbers_db [None req-20776235-b1e3-41ef-bf45-185eabcd187b - - - - - -] Successfully bumped revision number for resource aca90e9c-5604-42e5-83f2-a0bcc3ea8a04 (type: ports) to 4
2026-04-28 23:30:47.572 10 INFO neutron.wsgi [req-84705b8f-6603-42b9-b06d-6ef6a023d80b req-32aa26e7-6ce6-4233-b41f-26b080d4b396 b564d173c95c4fcfbd1ac2095754c325 c19f6fea06174e1f8a5de22cc378066e - - f03097fe19c54228bef42d7301077843 f03097fe19c54228bef42d7301077843] 199.204.45.3 "GET /v2.0/networks/276c78ff-9dc9-416b-98df-ba135d1ab13b?fields=provider%3Aphysical_network&fields=provider%3Anetwork_type HTTP/1.1" status: 200 len: 277 time: 0.1005301
2026-04-28 23:30:47.594 9 INFO neutron.notifiers.nova [-] Nova event matching ['req-0c0d9a22-bef7-4526-8e32-8be4f8d9be93'] response: {'server_uuid': '4e5e7bb0-b88b-4291-9e6e-f6e9a7f37348', 'name': 'network-vif-plugged', 'status': 'completed', 'tag': 'c260b924-98e1-47ae-bc54-69880f56ffb7', 'code': 200}
2026-04-28 23:30:47.621 9 INFO neutron.wsgi [req-06264050-1129-41d0-8869-b9df687a8b37 req-409f31fd-ea02-4290-9cf4-b10cb617ce45 41579dd19ea742ee9e23fc0e9f34bac8 f10eda349e71482fa620e57da0242db6 - - default default] 10.0.0.82 "GET /v2.0/security-groups?id=8aaae53e-2620-4720-b04a-3b945a9c04d1&fields=id&fields=name HTTP/1.1" status: 200 len: 313 time: 0.1004121
2026-04-28 23:30:47.642 9 INFO neutron.plugins.ml2.drivers.ovn.mech_driver.mech_driver [None req-20776235-b1e3-41ef-bf45-185eabcd187b - - - - - -] OVN reports status up for port: f46c43f7-82e5-4086-9259-2e892a25df4a
2026-04-28 23:30:47.659 9 INFO neutron.plugins.ml2.plugin [None req-20776235-b1e3-41ef-bf45-185eabcd187b - - - - - -] Attempt 1 to provision port f46c43f7-82e5-4086-9259-2e892a25df4a
2026-04-28 23:30:47.691 10 INFO neutron.wsgi [req-8299680a-0974-41f4-a6bf-79099511abcc req-926f76f8-e471-43bc-9044-85db12367b7a 0a90f589281f425087947a4568c98a83 adbddf8fa63d41ed94fca137fbda38a9 - - default default] 10.0.0.82 "GET /v2.0/ports?device_id=bf2de132-370b-436b-a050-9e276281719b HTTP/1.1" status: 200 len: 1172 time: 0.0569885 /var/lib/openstack/lib/python3.10/site-packages/pycadf/identifier.py:71: UserWarning: Invalid uuid: neutron. To ensure interoperability, identifiers should be a valid uuid. warnings.warn(('Invalid uuid: %s. To ensure interoperability, '
2026-04-28 23:30:47.746 9 INFO neutron.wsgi [req-ea728846-1751-4e9a-a782-413e15cdbd34 req-7adf9ff5-88a9-4502-a094-f0c2bbee18c2 33dacf7cef16482e9a92e8caca33197f 7dc8fc4055ce46da897e4fc48fe258fa - - default default] 10.0.0.82 "GET /v2.0/ports?device_id=4e5e7bb0-b88b-4291-9e6e-f6e9a7f37348 HTTP/1.1" status: 200 len: 1174 time: 0.0454493
2026-04-28 23:30:47.771 10 INFO neutron.wsgi [req-8299680a-0974-41f4-a6bf-79099511abcc req-be129289-46d2-4919-b6ee-86bd5a87e058 0a90f589281f425087947a4568c98a83 adbddf8fa63d41ed94fca137fbda38a9 - - default default] 10.0.0.82 "GET /v2.0/security-groups?id=d5178b6a-892a-4243-9829-4bc586282aa6&fields=id&fields=name HTTP/1.1" status: 200 len: 312 time: 0.0681586
2026-04-28 23:30:47.807 9 INFO neutron.wsgi [req-ea728846-1751-4e9a-a782-413e15cdbd34 req-316a08f7-7a18-42cd-b2b3-8ed761e87c49 33dacf7cef16482e9a92e8caca33197f 7dc8fc4055ce46da897e4fc48fe258fa - - default default] 10.0.0.82 "GET /v2.0/security-groups?id=a483158f-85dd-4df9-a37d-d92870cf8414&fields=id&fields=name HTTP/1.1" status: 200 len: 312 time: 0.0539162
2026-04-28 23:30:47.970 9 INFO neutron.db.ovn_revision_numbers_db [None req-20776235-b1e3-41ef-bf45-185eabcd187b - - - - - -] Successfully bumped revision number for resource f46c43f7-82e5-4086-9259-2e892a25df4a (type: ports) to 4
2026-04-28 23:30:47.999 10 INFO neutron.db.ovn_revision_numbers_db [None req-45146389-ecca-48ad-b011-44a255d78e60 6710507775db4c0586cf4634b6d87a72 c991ce7655ff4b41a00da575c0f0e0fc - - default default] Successfully bumped revision number for resource e55320e1-b80c-4c8f-a824-e1ecd5bd51ff (type: ports) to 2
2026-04-28 23:30:48.209 10 INFO neutron.db.ovn_revision_numbers_db [None req-45146389-ecca-48ad-b011-44a255d78e60 6710507775db4c0586cf4634b6d87a72 c991ce7655ff4b41a00da575c0f0e0fc - - default default] Successfully bumped revision number for resource 24a83402-24fa-454e-89b9-8eabefae52bd (type: subnets) to 0
2026-04-28 23:30:48.222 10 INFO neutron.wsgi [None req-45146389-ecca-48ad-b011-44a255d78e60 6710507775db4c0586cf4634b6d87a72 c991ce7655ff4b41a00da575c0f0e0fc - - default default] 10.0.0.216 "POST /v2.0/subnets HTTP/1.1" status: 201 len: 801 time: 1.3251863
2026-04-28 23:30:48.454 10 WARNING neutron.scheduler.dhcp_agent_scheduler [None req-e318daf5-19be-4901-9e80-af09af0ddbcc 6710507775db4c0586cf4634b6d87a72 c991ce7655ff4b41a00da575c0f0e0fc - - default default] No more DHCP agents
2026-04-28 23:30:48.456 10 WARNING neutron.api.rpc.agentnotifiers.dhcp_rpc_agent_api [None req-e318daf5-19be-4901-9e80-af09af0ddbcc 6710507775db4c0586cf4634b6d87a72 c991ce7655ff4b41a00da575c0f0e0fc - - default default] Unable to schedule network f4d3a124-4b6c-4763-a3c0-3045e001c801: no agents available; will retry on subsequent port and subnet creation events.
2026-04-28 23:30:48.730 10 INFO neutron.wsgi [None req-891a0a00-489b-474f-a17f-f744f1a4891f d9949a3886b94522933392f3b7c5d2c3 caf4c065f9414a01b9e06ee8ba75c5ce - - default default] 10.0.0.145 "GET /v2.0/networks HTTP/1.1" status: 200 len: 6125 time: 0.1436465
2026-04-28 23:30:48.739 10 INFO neutron.wsgi [req-59662d95-a087-4ef3-a7b6-68fe12281faa req-96d45147-610d-423d-ac17-d2db3d6a3a6f 41579dd19ea742ee9e23fc0e9f34bac8 f10eda349e71482fa620e57da0242db6 - - default default] 10.0.0.82 "GET /v2.0/ports?device_id=a61f14a1-0961-4445-af7a-c59df070405d HTTP/1.1" status: 200 len: 1174 time: 0.0557785
2026-04-28 23:30:48.795 10 INFO neutron.wsgi [None req-c244a0b8-5552-41fa-9a11-3ef48c065c83 d9949a3886b94522933392f3b7c5d2c3 caf4c065f9414a01b9e06ee8ba75c5ce - - default default] 10.0.0.145 "GET /v2.0/subnets HTTP/1.1" status: 200 len: 4638 time: 0.0538421
2026-04-28 23:30:48.835 10 INFO neutron.wsgi [req-59662d95-a087-4ef3-a7b6-68fe12281faa req-ea8c9adf-e344-4aea-b8c9-b0ec72fe391d 41579dd19ea742ee9e23fc0e9f34bac8 f10eda349e71482fa620e57da0242db6 - - default default] 10.0.0.82 "GET /v2.0/security-groups?id=8aaae53e-2620-4720-b04a-3b945a9c04d1&fields=id&fields=name HTTP/1.1" status: 200 len: 313 time: 0.0862741 /var/lib/openstack/lib/python3.10/site-packages/pycadf/identifier.py:71: UserWarning: Invalid uuid: neutron. To ensure interoperability, identifiers should be a valid uuid. warnings.warn(('Invalid uuid: %s. To ensure interoperability, '
2026-04-28 23:30:48.852 10 INFO neutron.wsgi [None req-ec88024a-cae4-460d-8d46-483dcf653363 d9949a3886b94522933392f3b7c5d2c3 caf4c065f9414a01b9e06ee8ba75c5ce - - default default] 10.0.0.145 "GET /v2.0/floatingips HTTP/1.1" status: 200 len: 1807 time: 0.0548978
2026-04-28 23:30:48.879 9 INFO neutron.wsgi [req-d268f11a-b84b-4fa8-adfd-c6eb56e1bb75 req-c0bf8003-8d8b-4f8c-af56-9cbcd6f1bc42 0a90f589281f425087947a4568c98a83 adbddf8fa63d41ed94fca137fbda38a9 - - default default] 10.0.0.82 "GET /v2.0/ports?device_id=bf2de132-370b-436b-a050-9e276281719b HTTP/1.1" status: 200 len: 1174 time: 0.0387790
2026-04-28 23:30:48.923 9 INFO neutron.wsgi [req-d268f11a-b84b-4fa8-adfd-c6eb56e1bb75 req-0b2a90a5-024e-475a-b836-02776c84d7fa 0a90f589281f425087947a4568c98a83 adbddf8fa63d41ed94fca137fbda38a9 - - default default] 10.0.0.82 "GET /v2.0/security-groups?id=d5178b6a-892a-4243-9829-4bc586282aa6&fields=id&fields=name HTTP/1.1" status: 200 len: 312 time: 0.0351553
2026-04-28 23:30:48.956 10 INFO neutron.wsgi [req-604fe3cd-a7f7-45c9-8503-8e98b211e057 req-f9f3c459-6966-42cf-82c5-aa064bba7c1b 33dacf7cef16482e9a92e8caca33197f 7dc8fc4055ce46da897e4fc48fe258fa - - default default] 10.0.0.82 "GET /v2.0/ports?device_id=4e5e7bb0-b88b-4291-9e6e-f6e9a7f37348 HTTP/1.1" status: 200 len: 1174 time: 0.0681059
2026-04-28 23:30:49.007 10 INFO neutron.wsgi [None req-f7e8bf32-0916-45f2-8c15-e836468b0fa1 d9949a3886b94522933392f3b7c5d2c3 caf4c065f9414a01b9e06ee8ba75c5ce - - default default] 10.0.0.145 "GET /v2.0/routers HTTP/1.1" status: 200 len: 2221 time: 0.1526492
2026-04-28 23:30:49.032 10 INFO neutron.wsgi [req-604fe3cd-a7f7-45c9-8503-8e98b211e057 req-f90a349d-8bb0-40fe-b350-97659ddaff18 33dacf7cef16482e9a92e8caca33197f 7dc8fc4055ce46da897e4fc48fe258fa - - default default] 10.0.0.82 "GET /v2.0/security-groups?id=a483158f-85dd-4df9-a37d-d92870cf8414&fields=id&fields=name HTTP/1.1" status: 200 len: 312 time: 0.0652590
2026-04-28 23:30:49.060 10 INFO neutron.wsgi [None req-3081b8ee-ffb7-4a70-9490-1a4f9849d8f9 d9949a3886b94522933392f3b7c5d2c3 caf4c065f9414a01b9e06ee8ba75c5ce - - default default] 10.0.0.145 "GET /v2.0/agents?binary=ovn-controller HTTP/1.1" status: 200 len: 591 time: 0.0504127
2026-04-28 23:30:49.102 10 INFO neutron.wsgi [None req-ed5dd5a3-3a79-49ae-991c-f235afc0823c d9949a3886b94522933392f3b7c5d2c3 caf4c065f9414a01b9e06ee8ba75c5ce - - default default] 10.0.0.145 "GET /v2.0/subnets HTTP/1.1" status: 200 len: 4638 time: 0.0393941
2026-04-28 23:30:49.118 10 INFO neutron.wsgi [None req-8290d821-f08d-4d95-987e-9b0db15c0c16 d9949a3886b94522933392f3b7c5d2c3 caf4c065f9414a01b9e06ee8ba75c5ce - - default default] 10.0.0.145 "GET /v2.0/subnetpools HTTP/1.1" status: 200 len: 193 time: 0.0136011
2026-04-28 23:30:49.157 9 INFO neutron.wsgi [req-c52acaca-f553-49f7-81a1-56380e157394 req-d789e2e0-0e73-4d43-aa88-487161dfdd7c 33dacf7cef16482e9a92e8caca33197f 7dc8fc4055ce46da897e4fc48fe258fa - - default default] 10.0.0.82 "GET /v2.0/ports?device_id=4e5e7bb0-b88b-4291-9e6e-f6e9a7f37348 HTTP/1.1" status: 200 len: 1174 time: 0.0474613
2026-04-28 23:30:49.183 10 INFO neutron.db.ovn_revision_numbers_db [None req-e318daf5-19be-4901-9e80-af09af0ddbcc 6710507775db4c0586cf4634b6d87a72 c991ce7655ff4b41a00da575c0f0e0fc - - default default] Successfully bumped revision number for resource 5a581657-a7de-46a0-a38e-827639a8a4f0 (type: ports) to 2
2026-04-28 23:30:49.194 10 INFO neutron.wsgi [None req-9b43e36d-047e-4ec7-af08-83b63fca520a d9949a3886b94522933392f3b7c5d2c3 caf4c065f9414a01b9e06ee8ba75c5ce - - default default] 10.0.0.145 "GET /v2.0/security-groups HTTP/1.1" status: 200 len: 36139 time: 0.0742424
2026-04-28 23:30:49.237 10 INFO neutron.db.ovn_revision_numbers_db [None req-e318daf5-19be-4901-9e80-af09af0ddbcc 6710507775db4c0586cf4634b6d87a72 c991ce7655ff4b41a00da575c0f0e0fc - - default default] Successfully bumped revision number for resource 6c81f53f-b86b-42be-b548-50123a13e4a5 (type: subnets) to 0
2026-04-28 23:30:49.244 10 INFO neutron.wsgi [None req-c2fae612-da8a-401e-b9f6-4fc32cf9f429 d9949a3886b94522933392f3b7c5d2c3 caf4c065f9414a01b9e06ee8ba75c5ce - - default default] 10.0.0.145 "GET /v2.0/ports HTTP/1.1" status: 200 len: 23717 time: 0.0421553
