2026-04-28 23:31:31.508 10 INFO neutron.db.ovn_revision_numbers_db [None req-82929e04-cdf1-4713-b154-a7cae3d58473 01201ce15f634e9f86452e931534c5ac 55ca9d99fb3c43c3b6e150110c75bc3e - - default default] Successfully bumped revision number for resource d579cb11-abf6-4754-b47f-ca47526f637a (type: ports) to 1
2026-04-28 23:31:31.525 9 INFO neutron.db.ovn_revision_numbers_db [None req-aedd5ff8-d8cc-4f82-8b3a-a669aa12239a 5401bf8b45f84d67b1871acd8e93b329 167fcf4d91564c2391279172426e293d - - default default] Successfully bumped revision number for resource ea67b125-fffc-48e2-b21a-3ddc62ec35f5 (type: subnets) to 0
2026-04-28 23:31:31.540 9 INFO neutron.wsgi [None req-aedd5ff8-d8cc-4f82-8b3a-a669aa12239a 5401bf8b45f84d67b1871acd8e93b329 167fcf4d91564c2391279172426e293d - - default default] 10.0.0.216 "POST /v2.0/subnets HTTP/1.1" status: 201 len: 819 time: 1.0444796
2026-04-28 23:31:31.552 10 INFO neutron.wsgi [None req-82929e04-cdf1-4713-b154-a7cae3d58473 01201ce15f634e9f86452e931534c5ac 55ca9d99fb3c43c3b6e150110c75bc3e - - default default] 10.0.0.216 "POST /v2.0/networks HTTP/1.1" status: 201 len: 833 time: 0.6483722
2026-04-28 23:31:31.555 10 INFO neutron.wsgi [req-78cec048-9038-4978-8939-8bf3976c5a42 req-e792365e-9341-4d0d-b8c1-3dd4b79769cf c526271e83dc4edf9f6552086c9c542d ddf7d5a4a6ed435f91e6c72bb96e8fd9 - - default default] 10.0.0.82 "GET /v2.0/ports?device_id=77fe3234-4c1a-4b3d-a7ad-ea4527154fa0 HTTP/1.1" status: 200 len: 210 time: 0.0299356
2026-04-28 23:31:31.555 9 WARNING neutron.api.v2.base [None req-14878afc-d4fe-4365-990d-20c4f2c935ae 5401bf8b45f84d67b1871acd8e93b329 167fcf4d91564c2391279172426e293d - - default default] An exception happened while processing the request body. The exception message is [Invalid input for target_tenant. Reason: 'None' is not a valid string.].: webob.exc.HTTPBadRequest: Invalid input for target_tenant. Reason: 'None' is not a valid string.
2026-04-28 23:31:31.557 9 INFO neutron.api.v2.resource [None req-14878afc-d4fe-4365-990d-20c4f2c935ae 5401bf8b45f84d67b1871acd8e93b329 167fcf4d91564c2391279172426e293d - - default default] create failed (client error): Invalid input for target_tenant. Reason: 'None' is not a valid string.
2026-04-28 23:31:31.558 9 INFO neutron.wsgi [None req-14878afc-d4fe-4365-990d-20c4f2c935ae 5401bf8b45f84d67b1871acd8e93b329 167fcf4d91564c2391279172426e293d - - default default] 10.0.0.216 "POST /v2.0/rbac-policies HTTP/1.1" status: 400 len: 346 time: 0.0124662
2026-04-28 23:31:31.874 10 WARNING neutron.scheduler.dhcp_agent_scheduler [None req-2f52b45e-8a33-42af-b726-b5cd4d83e3e7 01201ce15f634e9f86452e931534c5ac 55ca9d99fb3c43c3b6e150110c75bc3e - - default default] No more DHCP agents
2026-04-28 23:31:31.881 10 WARNING neutron.api.rpc.agentnotifiers.dhcp_rpc_agent_api [None req-2f52b45e-8a33-42af-b726-b5cd4d83e3e7 01201ce15f634e9f86452e931534c5ac 55ca9d99fb3c43c3b6e150110c75bc3e - - default default] Unable to schedule network 71c9028e-002c-4e66-bdb7-0f2791f21fbc: no agents available; will retry on subsequent port and subnet creation events.
2026-04-28 23:31:31.923 10 INFO neutron.db.ovn_revision_numbers_db [None req-2f52b45e-8a33-42af-b726-b5cd4d83e3e7 01201ce15f634e9f86452e931534c5ac 55ca9d99fb3c43c3b6e150110c75bc3e - - default default] Successfully bumped revision number for resource 09666547-b490-4b2d-8627-d9c21db31edf (type: subnets) to 0
2026-04-28 23:31:31.943 10 INFO neutron.wsgi [None req-2f52b45e-8a33-42af-b726-b5cd4d83e3e7 01201ce15f634e9f86452e931534c5ac 55ca9d99fb3c43c3b6e150110c75bc3e - - default default] 10.0.0.216 "POST /v2.0/subnets HTTP/1.1" status: 201 len: 821 time: 0.3863168
2026-04-28 23:31:32.019 10 INFO neutron.db.ovn_revision_numbers_db [req-bf90e52c-f7d6-4173-8af6-18e3fe9ed182 req-bf114433-e430-4d19-8e6e-66967ba3b579 b564d173c95c4fcfbd1ac2095754c325 c19f6fea06174e1f8a5de22cc378066e - - f03097fe19c54228bef42d7301077843 f03097fe19c54228bef42d7301077843] Successfully bumped revision number for resource 62add86d-14cd-414d-99b9-63c1aba1f6c8 (type: ports) to 2
2026-04-28 23:31:32.170 9 INFO neutron.services.segments.plugin [-] Segment 10c8e4b5-6168-459b-b428-6d95ecbea829 resource provider aggregate not found /var/lib/openstack/lib/python3.10/site-packages/pycadf/identifier.py:71: UserWarning: Invalid uuid: neutron. To ensure interoperability, identifiers should be a valid uuid. warnings.warn(('Invalid uuid: %s. To ensure interoperability, '
2026-04-28 23:31:32.184 9 INFO neutron.services.segments.plugin [-] Segment 10c8e4b5-6168-459b-b428-6d95ecbea829 resource provider aggregate not found
2026-04-28 23:31:32.195 9 INFO neutron.services.segments.plugin [-] Segment 10c8e4b5-6168-459b-b428-6d95ecbea829 resource provider not found; error: Placement Client Error (4xx): {"errors": [{"status": 404, "title": "Not Found", "detail": "The resource could not be found.\n\n No resource provider with uuid 10c8e4b5-6168-459b-b428-6d95ecbea829 found for delete ", "request_id": "req-f18f1652-aaab-41cb-a341-a02da7ef52a2"}]}
2026-04-28 23:31:32.199 9 INFO neutron.services.segments.plugin [-] Segment 10c8e4b5-6168-459b-b428-6d95ecbea829 resource provider not found; error: Placement Client Error (4xx): {"errors": [{"status": 404, "title": "Not Found", "detail": "The resource could not be found.\n\n No resource provider with uuid 10c8e4b5-6168-459b-b428-6d95ecbea829 found for delete ", "request_id": "req-57069034-4310-4b8b-8a5f-56d21ea4a377"}]}
2026-04-28 23:31:32.214 9 INFO neutron.wsgi [req-6e8b243a-e520-4c05-9a17-5b59553fff39 req-e09621d1-c558-451a-a7aa-79fc5d1f6ef8 c21e7090d05d44a1ac0d1c97f0464084 5133d67dda0f4093a8142c19ae6fb3c7 - - default default] 10.0.0.82 "GET /v2.0/ports?device_id=62da0e89-518e-4671-9f8a-33b413123196 HTTP/1.1" status: 200 len: 1168 time: 0.0630786
2026-04-28 23:31:32.251 10 INFO neutron.wsgi [req-6d03dad0-aac8-4a37-8a10-1a432ff1c69b req-48e5c810-9e6c-45d7-83a7-f07103028fd4 c526271e83dc4edf9f6552086c9c542d ddf7d5a4a6ed435f91e6c72bb96e8fd9 - - default default] 199.204.45.3 "GET /v2.0/networks?id=1c402196-b060-4c7f-990a-8e88a447f2d2 HTTP/1.1" status: 200 len: 876 time: 0.0785158
2026-04-28 23:31:32.256 9 INFO neutron.wsgi [None req-b356ee2d-b02f-4a6c-8d26-b146b6ec3273 5401bf8b45f84d67b1871acd8e93b329 167fcf4d91564c2391279172426e293d - - default default] 10.0.0.216 "DELETE /v2.0/networks/af28a61f-36e9-42ca-8125-8320d9f06d8c HTTP/1.1" status: 204 len: 168 time: 0.6934566
2026-04-28 23:31:32.278 10 INFO neutron.db.ovn_revision_numbers_db [req-bf90e52c-f7d6-4173-8af6-18e3fe9ed182 req-bf114433-e430-4d19-8e6e-66967ba3b579 b564d173c95c4fcfbd1ac2095754c325 c19f6fea06174e1f8a5de22cc378066e - - f03097fe19c54228bef42d7301077843 f03097fe19c54228bef42d7301077843] Successfully bumped revision number for resource 62add86d-14cd-414d-99b9-63c1aba1f6c8 (type: ports) to 2
2026-04-28 23:31:32.285 9 INFO neutron.wsgi [req-6e8b243a-e520-4c05-9a17-5b59553fff39 req-9a685ff8-64e3-4f71-862a-aff2e414121f c21e7090d05d44a1ac0d1c97f0464084 5133d67dda0f4093a8142c19ae6fb3c7 - - default default] 10.0.0.82 "GET /v2.0/security-groups?id=43c0d05e-9cb8-4ebd-a774-fafb51dd6efa&fields=id&fields=name HTTP/1.1" status: 200 len: 313 time: 0.0650034
2026-04-28 23:31:32.324 10 INFO neutron.wsgi [req-bf90e52c-f7d6-4173-8af6-18e3fe9ed182 req-bf114433-e430-4d19-8e6e-66967ba3b579 b564d173c95c4fcfbd1ac2095754c325 c19f6fea06174e1f8a5de22cc378066e - - f03097fe19c54228bef42d7301077843 f03097fe19c54228bef42d7301077843] 199.204.45.3 "PUT /v2.0/ports/62add86d-14cd-414d-99b9-63c1aba1f6c8 HTTP/1.1" status: 200 len: 1376 time: 0.8332255
2026-04-28 23:31:32.330 9 WARNING neutron.scheduler.dhcp_agent_scheduler [None req-c9923af7-f208-4da6-b8f7-50b59ae6ddbc 01201ce15f634e9f86452e931534c5ac 55ca9d99fb3c43c3b6e150110c75bc3e - - default default] No more DHCP agents
2026-04-28 23:31:32.333 9 WARNING neutron.api.rpc.agentnotifiers.dhcp_rpc_agent_api [None req-c9923af7-f208-4da6-b8f7-50b59ae6ddbc 01201ce15f634e9f86452e931534c5ac 55ca9d99fb3c43c3b6e150110c75bc3e - - default default] Unable to schedule network 28b9a9d8-126b-4926-8c2e-c7826e6d266b: no agents available; will retry on subsequent port and subnet creation events.
2026-04-28 23:31:32.373 10 INFO neutron.notifiers.nova [-] Nova event matching ['req-07dc262d-a9c0-438c-9996-113440cc29df'] response: {'name': 'network-changed', 'server_uuid': '62da0e89-518e-4671-9f8a-33b413123196', 'tag': '62add86d-14cd-414d-99b9-63c1aba1f6c8', 'status': 'completed', 'code': 200}
2026-04-28 23:31:32.380 10 WARNING neutron.plugins.ml2.drivers.ovn.mech_driver.ovsdb.ovn_client [None req-77ce5834-fdbe-4938-af3e-775d023d66e9 - - - - - -] No hosting information found for port 9b58bba9-2e39-459f-a1d3-f0909c50b78a: RuntimeError: No hosting information found for port 9b58bba9-2e39-459f-a1d3-f0909c50b78a
2026-04-28 23:31:32.381 10 INFO neutron.plugins.ml2.drivers.ovn.mech_driver.mech_driver [None req-77ce5834-fdbe-4938-af3e-775d023d66e9 - - - - - -] OVN reports status up for port: f6609d55-4af0-4291-b433-d72736e971ae
2026-04-28 23:31:32.387 9 INFO neutron.db.ovn_revision_numbers_db [None req-c9923af7-f208-4da6-b8f7-50b59ae6ddbc 01201ce15f634e9f86452e931534c5ac 55ca9d99fb3c43c3b6e150110c75bc3e - - default default] Successfully bumped revision number for resource de0f7e51-5553-49b4-9fc7-be991cbb9dd4 (type: subnets) to 0
2026-04-28 23:31:32.404 9 INFO neutron.wsgi [None req-c9923af7-f208-4da6-b8f7-50b59ae6ddbc 01201ce15f634e9f86452e931534c5ac 55ca9d99fb3c43c3b6e150110c75bc3e - - default default] 10.0.0.216 "POST /v2.0/subnets HTTP/1.1" status: 201 len: 830 time: 0.4531350
2026-04-28 23:31:32.414 10 INFO neutron.plugins.ml2.plugin [None req-77ce5834-fdbe-4938-af3e-775d023d66e9 - - - - - -] Attempt 1 to provision port f6609d55-4af0-4291-b433-d72736e971ae
2026-04-28 23:31:32.419 10 INFO neutron.wsgi [req-bf90e52c-f7d6-4173-8af6-18e3fe9ed182 req-ac8a82d1-6d28-47d8-b9ca-5227fd53ac60 b564d173c95c4fcfbd1ac2095754c325 c19f6fea06174e1f8a5de22cc378066e - - f03097fe19c54228bef42d7301077843 f03097fe19c54228bef42d7301077843] 199.204.45.3 "GET /v2.0/ports?tenant_id=5133d67dda0f4093a8142c19ae6fb3c7&device_id=62da0e89-518e-4671-9f8a-33b413123196 HTTP/1.1" status: 200 len: 1407 time: 0.0427499
2026-04-28 23:31:32.460 10 INFO neutron.wsgi [req-bf90e52c-f7d6-4173-8af6-18e3fe9ed182 req-af6762a3-5163-4881-9834-b68a789842cf b564d173c95c4fcfbd1ac2095754c325 c19f6fea06174e1f8a5de22cc378066e - - f03097fe19c54228bef42d7301077843 f03097fe19c54228bef42d7301077843] 199.204.45.3 "GET /v2.0/floatingips?fixed_ip_address=10.100.0.9&port_id=62add86d-14cd-414d-99b9-63c1aba1f6c8 HTTP/1.1" status: 200 len: 217 time: 0.0313499
2026-04-28 23:31:32.465 10 INFO neutron.db.segments_db [None req-fb768b57-e614-4264-b959-f5d3f2c5a76d 5401bf8b45f84d67b1871acd8e93b329 167fcf4d91564c2391279172426e293d - - default default] Added segment 3ab1dc9a-9b6a-483e-8914-2304a5c7e173 of type geneve for network 4b1d6849-609e-42a5-8995-55880da79be6
2026-04-28 23:31:32.546 10 INFO neutron.wsgi [req-bf90e52c-f7d6-4173-8af6-18e3fe9ed182 req-11094711-7438-4823-b8d7-24a2b7f5ad6b b564d173c95c4fcfbd1ac2095754c325 c19f6fea06174e1f8a5de22cc378066e - - f03097fe19c54228bef42d7301077843 f03097fe19c54228bef42d7301077843] 199.204.45.3 "GET /v2.0/subnets?id=9b067058-211a-49d9-ad23-054de8ae75ac HTTP/1.1" status: 200 len: 869 time: 0.0771279
2026-04-28 23:31:32.556 9 INFO neutron.db.ovn_revision_numbers_db [None req-34996325-89dd-4e75-928e-0543ee361de1 01201ce15f634e9f86452e931534c5ac 55ca9d99fb3c43c3b6e150110c75bc3e - - default default] Successfully bumped revision number for resource 58672356-3e41-4161-9635-8990f4b2b595 (type: routers) to 1
2026-04-28 23:31:32.573 9 INFO neutron.wsgi [None req-34996325-89dd-4e75-928e-0543ee361de1 01201ce15f634e9f86452e931534c5ac 55ca9d99fb3c43c3b6e150110c75bc3e - - default default] 10.0.0.216 "POST /v2.0/routers HTTP/1.1" status: 201 len: 690 time: 0.1616011
2026-04-28 23:31:32.606 10 INFO neutron.wsgi [req-bf90e52c-f7d6-4173-8af6-18e3fe9ed182 req-dab14da5-05c9-41fb-b7d4-cfb10ed04ac5 b564d173c95c4fcfbd1ac2095754c325 c19f6fea06174e1f8a5de22cc378066e - - f03097fe19c54228bef42d7301077843 f03097fe19c54228bef42d7301077843] 199.204.45.3 "GET /v2.0/ports?network_id=720ed2fb-6af3-4762-8ed2-6dc2b264e603&device_owner=network%3Adhcp HTTP/1.1" status: 200 len: 210 time: 0.0504413
2026-04-28 23:31:32.652 9 INFO neutron.wsgi [req-4a94d8e7-0276-48b9-8cd3-e645b7f42ff6 req-b1df6329-cce1-4ace-abe2-86d5446d598a c526271e83dc4edf9f6552086c9c542d ddf7d5a4a6ed435f91e6c72bb96e8fd9 - - default default] 10.0.0.82 "GET /v2.0/ports?device_id=77fe3234-4c1a-4b3d-a7ad-ea4527154fa0 HTTP/1.1" status: 200 len: 210 time: 0.0295475
2026-04-28 23:31:32.731 10 INFO neutron.wsgi [req-bf90e52c-f7d6-4173-8af6-18e3fe9ed182 req-27fae701-62a1-4f25-8ceb-ad126612a3f1 b564d173c95c4fcfbd1ac2095754c325 c19f6fea06174e1f8a5de22cc378066e - - f03097fe19c54228bef42d7301077843 f03097fe19c54228bef42d7301077843] 199.204.45.3 "GET /v2.0/networks/720ed2fb-6af3-4762-8ed2-6dc2b264e603?fields=segments HTTP/1.1" status: 200 len: 212 time: 0.1141152
2026-04-28 23:31:32.733 10 INFO neutron.db.ovn_revision_numbers_db [None req-fb768b57-e614-4264-b959-f5d3f2c5a76d 5401bf8b45f84d67b1871acd8e93b329 167fcf4d91564c2391279172426e293d - - default default] Successfully bumped revision number for resource 4b1d6849-609e-42a5-8995-55880da79be6 (type: networks) to 1
2026-04-28 23:31:32.849 10 INFO neutron.wsgi [req-bf90e52c-f7d6-4173-8af6-18e3fe9ed182 req-689a6bef-7236-4834-b1ca-bfb46db7ee05 b564d173c95c4fcfbd1ac2095754c325 c19f6fea06174e1f8a5de22cc378066e - - f03097fe19c54228bef42d7301077843 f03097fe19c54228bef42d7301077843] 199.204.45.3 "GET /v2.0/networks/720ed2fb-6af3-4762-8ed2-6dc2b264e603?fields=provider%3Aphysical_network&fields=provider%3Anetwork_type HTTP/1.1" status: 200 len: 277 time: 0.1070330 /var/lib/openstack/lib/python3.10/site-packages/pycadf/identifier.py:71: UserWarning: Invalid uuid: neutron. To ensure interoperability, identifiers should be a valid uuid. warnings.warn(('Invalid uuid: %s. To ensure interoperability, '
2026-04-28 23:31:32.935 10 WARNING neutron.scheduler.dhcp_agent_scheduler [req-6d03dad0-aac8-4a37-8a10-1a432ff1c69b req-bd2dfd4f-5db5-47d1-b100-abc818768bed c526271e83dc4edf9f6552086c9c542d ddf7d5a4a6ed435f91e6c72bb96e8fd9 - - default default] No more DHCP agents
2026-04-28 23:31:32.940 10 WARNING neutron.api.rpc.agentnotifiers.dhcp_rpc_agent_api [req-6d03dad0-aac8-4a37-8a10-1a432ff1c69b req-bd2dfd4f-5db5-47d1-b100-abc818768bed c526271e83dc4edf9f6552086c9c542d ddf7d5a4a6ed435f91e6c72bb96e8fd9 - - default default] Unable to schedule network 1c402196-b060-4c7f-990a-8e88a447f2d2: no agents available; will retry on subsequent port and subnet creation events.
2026-04-28 23:31:32.962 10 INFO neutron.wsgi [req-7b6044c2-9be0-4616-b182-6cda398e6131 req-69d2553b-41eb-43fe-bc5c-8ed6c491811c b564d173c95c4fcfbd1ac2095754c325 c19f6fea06174e1f8a5de22cc378066e - - f03097fe19c54228bef42d7301077843 f03097fe19c54228bef42d7301077843] 199.204.45.3 "GET /v2.0/ports?tenant_id=5133d67dda0f4093a8142c19ae6fb3c7&device_id=62da0e89-518e-4671-9f8a-33b413123196 HTTP/1.1" status: 200 len: 1407 time: 0.0535166 /var/lib/openstack/lib/python3.10/site-packages/pycadf/identifier.py:71: UserWarning: Invalid uuid: neutron. To ensure interoperability, identifiers should be a valid uuid. warnings.warn(('Invalid uuid: %s. To ensure interoperability, '
2026-04-28 23:31:33.009 10 WARNING neutron.scheduler.dhcp_agent_scheduler [None req-fb768b57-e614-4264-b959-f5d3f2c5a76d 5401bf8b45f84d67b1871acd8e93b329 167fcf4d91564c2391279172426e293d - - default default] No more DHCP agents
2026-04-28 23:31:33.009 9 WARNING neutron.scheduler.dhcp_agent_scheduler [None req-d695a871-f3c1-4beb-8b66-bf4bbabf6fd0 01201ce15f634e9f86452e931534c5ac 55ca9d99fb3c43c3b6e150110c75bc3e - - default default] No more DHCP agents
2026-04-28 23:31:33.013 10 WARNING neutron.api.rpc.agentnotifiers.dhcp_rpc_agent_api [None req-fb768b57-e614-4264-b959-f5d3f2c5a76d 5401bf8b45f84d67b1871acd8e93b329 167fcf4d91564c2391279172426e293d - - default default] Unable to schedule network 4b1d6849-609e-42a5-8995-55880da79be6: no agents available; will retry on subsequent port and subnet creation events.
2026-04-28 23:31:33.013 9 WARNING neutron.api.rpc.agentnotifiers.dhcp_rpc_agent_api [None req-d695a871-f3c1-4beb-8b66-bf4bbabf6fd0 01201ce15f634e9f86452e931534c5ac 55ca9d99fb3c43c3b6e150110c75bc3e - - default default] Unable to schedule network 71c9028e-002c-4e66-bdb7-0f2791f21fbc: no agents available; will retry on subsequent port and subnet creation events.
2026-04-28 23:31:33.074 10 INFO neutron.wsgi [req-7b6044c2-9be0-4616-b182-6cda398e6131 req-fbd5ffc3-937d-476a-83ca-bcdf11ced806 b564d173c95c4fcfbd1ac2095754c325 c19f6fea06174e1f8a5de22cc378066e - - f03097fe19c54228bef42d7301077843 f03097fe19c54228bef42d7301077843] 199.204.45.3 "GET /v2.0/networks?id=720ed2fb-6af3-4762-8ed2-6dc2b264e603 HTTP/1.1" status: 200 len: 973 time: 0.1040652
2026-04-28 23:31:33.100 10 INFO neutron.wsgi [req-7b6044c2-9be0-4616-b182-6cda398e6131 req-26bfd658-1b5c-404a-86dc-65737e5a7d7c b564d173c95c4fcfbd1ac2095754c325 c19f6fea06174e1f8a5de22cc378066e - - f03097fe19c54228bef42d7301077843 f03097fe19c54228bef42d7301077843] 199.204.45.3 "GET /v2.0/floatingips?fixed_ip_address=10.100.0.9&port_id=62add86d-14cd-414d-99b9-63c1aba1f6c8 HTTP/1.1" status: 200 len: 217 time: 0.0199523
2026-04-28 23:31:33.159 9 INFO neutron.db.ovn_revision_numbers_db [None req-d695a871-f3c1-4beb-8b66-bf4bbabf6fd0 01201ce15f634e9f86452e931534c5ac 55ca9d99fb3c43c3b6e150110c75bc3e - - default default] Successfully bumped revision number for resource eba2f518-d0ee-45c0-90a2-2c63d186c71f (type: ports) to 1
2026-04-28 23:31:33.167 10 INFO neutron.wsgi [req-7b6044c2-9be0-4616-b182-6cda398e6131 req-7887e61a-9a61-4a5e-aec7-c61a8dfa3ce5 b564d173c95c4fcfbd1ac2095754c325 c19f6fea06174e1f8a5de22cc378066e - - f03097fe19c54228bef42d7301077843 f03097fe19c54228bef42d7301077843] 199.204.45.3 "GET /v2.0/subnets?id=9b067058-211a-49d9-ad23-054de8ae75ac HTTP/1.1" status: 200 len: 869 time: 0.0606916
2026-04-28 23:31:33.169 10 INFO neutron.db.ovn_revision_numbers_db [None req-fb768b57-e614-4264-b959-f5d3f2c5a76d 5401bf8b45f84d67b1871acd8e93b329 167fcf4d91564c2391279172426e293d - - default default] Successfully bumped revision number for resource 957bd065-8c58-40be-9bfa-578e77785047 (type: ports) to 1
2026-04-28 23:31:33.198 10 INFO neutron.wsgi [req-7b6044c2-9be0-4616-b182-6cda398e6131 req-073bb3cd-3562-4a3b-952e-2882e188f7f0 b564d173c95c4fcfbd1ac2095754c325 c19f6fea06174e1f8a5de22cc378066e - - f03097fe19c54228bef42d7301077843 f03097fe19c54228bef42d7301077843] 199.204.45.3 "GET /v2.0/ports?network_id=720ed2fb-6af3-4762-8ed2-6dc2b264e603&device_owner=network%3Adhcp HTTP/1.1" status: 200 len: 210 time: 0.0228693
2026-04-28 23:31:33.204 10 INFO neutron.wsgi [None req-fb768b57-e614-4264-b959-f5d3f2c5a76d 5401bf8b45f84d67b1871acd8e93b329 167fcf4d91564c2391279172426e293d - - default default] 10.0.0.216 "POST /v2.0/networks HTTP/1.1" status: 201 len: 929 time: 0.9394798
2026-04-28 23:31:33.243 10 INFO neutron.db.ovn_revision_numbers_db [req-6d03dad0-aac8-4a37-8a10-1a432ff1c69b req-bd2dfd4f-5db5-47d1-b100-abc818768bed c526271e83dc4edf9f6552086c9c542d ddf7d5a4a6ed435f91e6c72bb96e8fd9 - - default default] Successfully bumped revision number for resource 270eda52-787d-4a21-8ea8-1c858c0b0a3d (type: ports) to 1
2026-04-28 23:31:33.263 10 INFO neutron.wsgi [req-7b6044c2-9be0-4616-b182-6cda398e6131 req-414d9dc6-194e-4d01-bc32-211fa05e3587 b564d173c95c4fcfbd1ac2095754c325 c19f6fea06174e1f8a5de22cc378066e - - f03097fe19c54228bef42d7301077843 f03097fe19c54228bef42d7301077843] 199.204.45.3 "GET /v2.0/networks/720ed2fb-6af3-4762-8ed2-6dc2b264e603?fields=segments HTTP/1.1" status: 200 len: 212 time: 0.0591409
2026-04-28 23:31:33.271 10 INFO neutron.wsgi [req-6d03dad0-aac8-4a37-8a10-1a432ff1c69b req-bd2dfd4f-5db5-47d1-b100-abc818768bed c526271e83dc4edf9f6552086c9c542d ddf7d5a4a6ed435f91e6c72bb96e8fd9 - - default default] 199.204.45.3 "POST /v2.0/ports HTTP/1.1" status: 201 len: 1162 time: 1.0139198
2026-04-28 23:31:33.341 10 INFO neutron.wsgi [req-7b6044c2-9be0-4616-b182-6cda398e6131 req-04913f51-2f0c-4a3d-8870-cddd347442f1 b564d173c95c4fcfbd1ac2095754c325 c19f6fea06174e1f8a5de22cc378066e - - f03097fe19c54228bef42d7301077843 f03097fe19c54228bef42d7301077843] 199.204.45.3 "GET /v2.0/networks/720ed2fb-6af3-4762-8ed2-6dc2b264e603?fields=provider%3Aphysical_network&fields=provider%3Anetwork_type HTTP/1.1" status: 200 len: 277 time: 0.0714829
2026-04-28 23:31:33.441 9 WARNING neutron.scheduler.dhcp_agent_scheduler [None req-8f339d1c-5e3e-4cca-a733-c2eb930e3e06 5401bf8b45f84d67b1871acd8e93b329 167fcf4d91564c2391279172426e293d - - default default] No more DHCP agents
2026-04-28 23:31:33.443 9 WARNING neutron.api.rpc.agentnotifiers.dhcp_rpc_agent_api [None req-8f339d1c-5e3e-4cca-a733-c2eb930e3e06 5401bf8b45f84d67b1871acd8e93b329 167fcf4d91564c2391279172426e293d - - default default] Unable to schedule network 4b1d6849-609e-42a5-8995-55880da79be6: no agents available; will retry on subsequent port and subnet creation events.
2026-04-28 23:31:33.481 10 INFO neutron.wsgi [req-e9c050c4-a267-430e-8a8c-3a4ca86ec181 req-94d866fe-bb50-4800-b96a-f97351736ee0 c21e7090d05d44a1ac0d1c97f0464084 5133d67dda0f4093a8142c19ae6fb3c7 - - default default] 10.0.0.82 "GET /v2.0/ports?device_id=62da0e89-518e-4671-9f8a-33b413123196 HTTP/1.1" status: 200 len: 1168 time: 0.0975134
2026-04-28 23:31:33.532 10 INFO neutron.wsgi [req-e9c050c4-a267-430e-8a8c-3a4ca86ec181 req-0030ec39-3733-458c-9e1d-1e6230d3b79f c21e7090d05d44a1ac0d1c97f0464084 5133d67dda0f4093a8142c19ae6fb3c7 - - default default] 10.0.0.82 "GET /v2.0/security-groups?id=43c0d05e-9cb8-4ebd-a774-fafb51dd6efa&fields=id&fields=name HTTP/1.1" status: 200 len: 313 time: 0.0409656
2026-04-28 23:31:33.664 9 INFO neutron.db.ovn_revision_numbers_db [None req-d695a871-f3c1-4beb-8b66-bf4bbabf6fd0 01201ce15f634e9f86452e931534c5ac 55ca9d99fb3c43c3b6e150110c75bc3e - - default default] Successfully bumped revision number for resource eba2f518-d0ee-45c0-90a2-2c63d186c71f (type: router_ports) to 1
2026-04-28 23:31:33.770 9 INFO neutron.wsgi [req-fdf50a68-e601-4023-beb1-d5281bfe37a5 req-fd464b55-43b3-4086-94b7-ae01b1c19091 c526271e83dc4edf9f6552086c9c542d ddf7d5a4a6ed435f91e6c72bb96e8fd9 - - default default] 10.0.0.82 "GET /v2.0/ports?device_id=77fe3234-4c1a-4b3d-a7ad-ea4527154fa0 HTTP/1.1" status: 200 len: 1172 time: 0.0579777
2026-04-28 23:31:33.810 10 INFO neutron.plugins.ml2.drivers.ovn.mech_driver.mech_driver [None req-77ce5834-fdbe-4938-af3e-775d023d66e9 - - - - - -] OVN reports status up for port: eba2f518-d0ee-45c0-90a2-2c63d186c71f
2026-04-28 23:31:33.819 10 INFO neutron.plugins.ml2.plugin [None req-77ce5834-fdbe-4938-af3e-775d023d66e9 - - - - - -] Attempt 1 to provision port eba2f518-d0ee-45c0-90a2-2c63d186c71f
2026-04-28 23:31:33.844 9 INFO neutron.db.ovn_revision_numbers_db [None req-d695a871-f3c1-4beb-8b66-bf4bbabf6fd0 01201ce15f634e9f86452e931534c5ac 55ca9d99fb3c43c3b6e150110c75bc3e - - default default] Successfully bumped revision number for resource eba2f518-d0ee-45c0-90a2-2c63d186c71f (type: ports) to 1
2026-04-28 23:31:33.849 9 INFO neutron.wsgi [req-fdf50a68-e601-4023-beb1-d5281bfe37a5 req-1ed02e2e-69c3-45af-8ad2-b9131547882e c526271e83dc4edf9f6552086c9c542d ddf7d5a4a6ed435f91e6c72bb96e8fd9 - - default default] 10.0.0.82 "GET /v2.0/security-groups?id=ae2defed-63f3-4b52-9922-6914b7003653&fields=id&fields=name HTTP/1.1" status: 200 len: 286 time: 0.0738561
2026-04-28 23:31:33.935 10 INFO neutron.db.ovn_revision_numbers_db [req-6d03dad0-aac8-4a37-8a10-1a432ff1c69b req-b85a035a-00f2-4e34-a89e-6b167145bec3 b564d173c95c4fcfbd1ac2095754c325 c19f6fea06174e1f8a5de22cc378066e - - f03097fe19c54228bef42d7301077843 f03097fe19c54228bef42d7301077843] Successfully bumped revision number for resource 270eda52-787d-4a21-8ea8-1c858c0b0a3d (type: ports) to 2
2026-04-28 23:31:33.944 9 WARNING neutron.scheduler.dhcp_agent_scheduler [None req-d695a871-f3c1-4beb-8b66-bf4bbabf6fd0 01201ce15f634e9f86452e931534c5ac 55ca9d99fb3c43c3b6e150110c75bc3e - - default default] No more DHCP agents
2026-04-28 23:31:33.946 9 WARNING neutron.api.rpc.agentnotifiers.dhcp_rpc_agent_api [None req-d695a871-f3c1-4beb-8b66-bf4bbabf6fd0 01201ce15f634e9f86452e931534c5ac 55ca9d99fb3c43c3b6e150110c75bc3e - - default default] Unable to schedule network 71c9028e-002c-4e66-bdb7-0f2791f21fbc: no agents available; will retry on subsequent port and subnet creation events.
2026-04-28 23:31:34.054 9 INFO neutron.db.ovn_revision_numbers_db [None req-8f339d1c-5e3e-4cca-a733-c2eb930e3e06 5401bf8b45f84d67b1871acd8e93b329 167fcf4d91564c2391279172426e293d - - default default] Successfully bumped revision number for resource 957bd065-8c58-40be-9bfa-578e77785047 (type: ports) to 2
2026-04-28 23:31:34.129 10 INFO neutron.db.ovn_revision_numbers_db [None req-77ce5834-fdbe-4938-af3e-775d023d66e9 - - - - - -] Successfully bumped revision number for resource eba2f518-d0ee-45c0-90a2-2c63d186c71f (type: ports) to 2
2026-04-28 23:31:34.204 10 INFO neutron.db.ovn_revision_numbers_db [req-6d03dad0-aac8-4a37-8a10-1a432ff1c69b req-b85a035a-00f2-4e34-a89e-6b167145bec3 b564d173c95c4fcfbd1ac2095754c325 c19f6fea06174e1f8a5de22cc378066e - - f03097fe19c54228bef42d7301077843 f03097fe19c54228bef42d7301077843] Successfully bumped revision number for resource 270eda52-787d-4a21-8ea8-1c858c0b0a3d (type: ports) to 2
2026-04-28 23:31:34.223 10 INFO neutron.wsgi [req-6d03dad0-aac8-4a37-8a10-1a432ff1c69b req-b85a035a-00f2-4e34-a89e-6b167145bec3 b564d173c95c4fcfbd1ac2095754c325 c19f6fea06174e1f8a5de22cc378066e - - f03097fe19c54228bef42d7301077843 f03097fe19c54228bef42d7301077843] 199.204.45.3 "PUT /v2.0/ports/270eda52-787d-4a21-8ea8-1c858c0b0a3d HTTP/1.1" status: 200 len: 1380 time: 0.9467916
2026-04-28 23:31:34.248 10 INFO neutron.db.ovn_revision_numbers_db [None req-77ce5834-fdbe-4938-af3e-775d023d66e9 - - - - - -] Successfully bumped revision number for resource eba2f518-d0ee-45c0-90a2-2c63d186c71f (type: router_ports) to 2 /var/lib/openstack/lib/python3.10/site-packages/pycadf/identifier.py:71: UserWarning: Invalid uuid: neutron. To ensure interoperability, identifiers should be a valid uuid. warnings.warn(('Invalid uuid: %s. To ensure interoperability, '
2026-04-28 23:31:34.283 10 INFO neutron.wsgi [req-6d03dad0-aac8-4a37-8a10-1a432ff1c69b req-eb3e7acb-6cf6-48a4-ae1f-34f9321b7d0a b564d173c95c4fcfbd1ac2095754c325 c19f6fea06174e1f8a5de22cc378066e - - f03097fe19c54228bef42d7301077843 f03097fe19c54228bef42d7301077843] 199.204.45.3 "GET /v2.0/ports?tenant_id=ddf7d5a4a6ed435f91e6c72bb96e8fd9&device_id=77fe3234-4c1a-4b3d-a7ad-ea4527154fa0 HTTP/1.1" status: 200 len: 1411 time: 0.0254228
2026-04-28 23:31:34.291 9 INFO neutron.db.ovn_revision_numbers_db [None req-8f339d1c-5e3e-4cca-a733-c2eb930e3e06 5401bf8b45f84d67b1871acd8e93b329 167fcf4d91564c2391279172426e293d - - default default] Successfully bumped revision number for resource e0dcfd01-f9ab-4be9-a03a-8b54062340ed (type: subnets) to 0
2026-04-28 23:31:34.309 9 INFO neutron.wsgi [None req-8f339d1c-5e3e-4cca-a733-c2eb930e3e06 5401bf8b45f84d67b1871acd8e93b329 167fcf4d91564c2391279172426e293d - - default default] 10.0.0.216 "POST /v2.0/subnets HTTP/1.1" status: 201 len: 822 time: 1.1005838
2026-04-28 23:31:34.311 10 INFO neutron.wsgi [req-6d03dad0-aac8-4a37-8a10-1a432ff1c69b req-2b9e1658-c576-47bf-8ae3-9c0d55749e8f b564d173c95c4fcfbd1ac2095754c325 c19f6fea06174e1f8a5de22cc378066e - - f03097fe19c54228bef42d7301077843 f03097fe19c54228bef42d7301077843] 199.204.45.3 "GET /v2.0/floatingips?fixed_ip_address=10.100.0.11&port_id=270eda52-787d-4a21-8ea8-1c858c0b0a3d HTTP/1.1" status: 200 len: 217 time: 0.0186596
2026-04-28 23:31:34.321 9 INFO neutron.db.ovn_revision_numbers_db [None req-d695a871-f3c1-4beb-8b66-bf4bbabf6fd0 01201ce15f634e9f86452e931534c5ac 55ca9d99fb3c43c3b6e150110c75bc3e - - default default] Successfully bumped revision number for resource eba2f518-d0ee-45c0-90a2-2c63d186c71f (type: router_ports) to 2
2026-04-28 23:31:34.323 9 INFO neutron.wsgi [None req-d695a871-f3c1-4beb-8b66-bf4bbabf6fd0 01201ce15f634e9f86452e931534c5ac 55ca9d99fb3c43c3b6e150110c75bc3e - - default default] 10.0.0.216 "PUT /v2.0/routers/58672356-3e41-4161-9635-8990f4b2b595/add_router_interface HTTP/1.1" status: 200 len: 503 time: 1.7454391
2026-04-28 23:31:34.326 10 WARNING neutron.api.v2.base [None req-4de23412-f7da-4ded-89ac-3e3356889eea 5401bf8b45f84d67b1871acd8e93b329 167fcf4d91564c2391279172426e293d - - default default] An exception happened while processing the request body. The exception message is [Invalid input for target_tenant. Reason: '1234123412341234123412341234123412341234123412341234123412341234123412341234123412341234123412341234123412341234123412341234123412341234123412341234123412341234123412341234123412341234123412341234123412341234123412341234123412341234123412341234123412341234123412341234123412341234123412341234123412341234123412341234123412341234123412341234123412341234123412341234123412341234123412341234123412341234' exceeds maximum length of 255.].: webob.exc.HTTPBadRequest: Invalid input for target_tenant. Reason: '1234123412341234123412341234123412341234123412341234123412341234123412341234123412341234123412341234123412341234123412341234123412341234123412341234123412341234123412341234123412341234123412341234123412341234123412341234123412341234123412341234123412341234123412341234123412341234123412341234123412341234123412341234123412341234123412341234123412341234123412341234123412341234123412341234123412341234' exceeds maximum length of 255.
2026-04-28 23:31:34.327 10 INFO neutron.api.v2.resource [None req-4de23412-f7da-4ded-89ac-3e3356889eea 5401bf8b45f84d67b1871acd8e93b329 167fcf4d91564c2391279172426e293d - - default default] create failed (client error): Invalid input for target_tenant. Reason: '1234123412341234123412341234123412341234123412341234123412341234123412341234123412341234123412341234123412341234123412341234123412341234123412341234123412341234123412341234123412341234123412341234123412341234123412341234123412341234123412341234123412341234123412341234123412341234123412341234123412341234123412341234123412341234123412341234123412341234123412341234123412341234123412341234123412341234' exceeds maximum length of 255.
2026-04-28 23:31:34.328 10 INFO neutron.wsgi [None req-4de23412-f7da-4ded-89ac-3e3356889eea 5401bf8b45f84d67b1871acd8e93b329 167fcf4d91564c2391279172426e293d - - default default] 10.0.0.216 "POST /v2.0/rbac-policies HTTP/1.1" status: 400 len: 750 time: 0.0087299
2026-04-28 23:31:34.365 10 INFO neutron.wsgi [req-6d03dad0-aac8-4a37-8a10-1a432ff1c69b req-6ef42a76-2b07-4246-8e2b-737c9742f25d b564d173c95c4fcfbd1ac2095754c325 c19f6fea06174e1f8a5de22cc378066e - - f03097fe19c54228bef42d7301077843 f03097fe19c54228bef42d7301077843] 199.204.45.3 "GET /v2.0/subnets?id=4513694c-661e-4c28-b342-fbc97f7dbbbe HTTP/1.1" status: 200 len: 870 time: 0.0467710
2026-04-28 23:31:34.405 10 INFO neutron.wsgi [req-6d03dad0-aac8-4a37-8a10-1a432ff1c69b req-7ba08e71-910d-46c5-98b2-3d26d6a71f30 b564d173c95c4fcfbd1ac2095754c325 c19f6fea06174e1f8a5de22cc378066e - - f03097fe19c54228bef42d7301077843 f03097fe19c54228bef42d7301077843] 199.204.45.3 "GET /v2.0/ports?network_id=1c402196-b060-4c7f-990a-8e88a447f2d2&device_owner=network%3Adhcp HTTP/1.1" status: 200 len: 210 time: 0.0353446
2026-04-28 23:31:34.426 10 INFO neutron.notifiers.nova [-] Nova event matching ['req-c3305163-22b5-4766-ac01-b76b9e6ccf34'] response: {'name': 'network-changed', 'server_uuid': '77fe3234-4c1a-4b3d-a7ad-ea4527154fa0', 'tag': '270eda52-787d-4a21-8ea8-1c858c0b0a3d', 'status': 'completed', 'code': 200}
2026-04-28 23:31:34.437 9 INFO neutron.wsgi [None req-11a41bc2-6a3b-468c-88e8-54b6fe927cbb 01201ce15f634e9f86452e931534c5ac 55ca9d99fb3c43c3b6e150110c75bc3e - - default default] 10.0.0.216 "GET /v2.0/ports/eba2f518-d0ee-45c0-90a2-2c63d186c71f HTTP/1.1" status: 200 len: 1141 time: 0.1095071
2026-04-28 23:31:34.502 10 INFO neutron.wsgi [req-6d03dad0-aac8-4a37-8a10-1a432ff1c69b req-b30b4df6-7002-4c0f-9550-35966b2b971a b564d173c95c4fcfbd1ac2095754c325 c19f6fea06174e1f8a5de22cc378066e - - f03097fe19c54228bef42d7301077843 f03097fe19c54228bef42d7301077843] 199.204.45.3 "GET /v2.0/networks/1c402196-b060-4c7f-990a-8e88a447f2d2?fields=segments HTTP/1.1" status: 200 len: 212 time: 0.0891612
2026-04-28 23:31:34.585 10 INFO neutron.wsgi [req-6d03dad0-aac8-4a37-8a10-1a432ff1c69b req-aabd2048-382d-4210-8ebf-d663ebfef002 b564d173c95c4fcfbd1ac2095754c325 c19f6fea06174e1f8a5de22cc378066e - - f03097fe19c54228bef42d7301077843 f03097fe19c54228bef42d7301077843] 199.204.45.3 "GET /v2.0/networks/1c402196-b060-4c7f-990a-8e88a447f2d2?fields=provider%3Aphysical_network&fields=provider%3Anetwork_type HTTP/1.1" status: 200 len: 277 time: 0.0759459
2026-04-28 23:31:34.626 9 INFO neutron.wsgi [req-f3fe3a8a-092d-4b2a-93aa-137436deedbf req-f975c8d5-2532-448b-bb6d-233cbeb9d6c9 c21e7090d05d44a1ac0d1c97f0464084 5133d67dda0f4093a8142c19ae6fb3c7 - - default default] 10.0.0.82 "GET /v2.0/ports?device_id=62da0e89-518e-4671-9f8a-33b413123196 HTTP/1.1" status: 200 len: 1168 time: 0.0375946
2026-04-28 23:31:34.659 10 INFO neutron.wsgi [req-a995abc5-009f-484a-a4cd-ea84cb762a73 req-575963f1-ac32-4541-ba6f-e71b95728983 b564d173c95c4fcfbd1ac2095754c325 c19f6fea06174e1f8a5de22cc378066e - - f03097fe19c54228bef42d7301077843 f03097fe19c54228bef42d7301077843] 199.204.45.3 "GET /v2.0/ports?tenant_id=ddf7d5a4a6ed435f91e6c72bb96e8fd9&device_id=77fe3234-4c1a-4b3d-a7ad-ea4527154fa0 HTTP/1.1" status: 200 len: 1411 time: 0.0341358
2026-04-28 23:31:34.704 9 INFO neutron.wsgi [req-f3fe3a8a-092d-4b2a-93aa-137436deedbf req-931fc63f-bebf-4d3b-95b4-50f6b82d0953 c21e7090d05d44a1ac0d1c97f0464084 5133d67dda0f4093a8142c19ae6fb3c7 - - default default] 10.0.0.82 "GET /v2.0/security-groups?id=43c0d05e-9cb8-4ebd-a774-fafb51dd6efa&fields=id&fields=name HTTP/1.1" status: 200 len: 313 time: 0.0582159
2026-04-28 23:31:34.751 10 INFO neutron.wsgi [req-a995abc5-009f-484a-a4cd-ea84cb762a73 req-7b290842-3391-46af-86e7-2511a8e4be9d b564d173c95c4fcfbd1ac2095754c325 c19f6fea06174e1f8a5de22cc378066e - - f03097fe19c54228bef42d7301077843 f03097fe19c54228bef42d7301077843] 199.204.45.3 "GET /v2.0/networks?id=1c402196-b060-4c7f-990a-8e88a447f2d2 HTTP/1.1" status: 200 len: 975 time: 0.0866020
2026-04-28 23:31:34.781 9 WARNING neutron.plugins.ml2.drivers.ovn.mech_driver.ovsdb.ovn_client [None req-20776235-b1e3-41ef-bf45-185eabcd187b - - - - - -] No hosting information found for port 709d342b-8031-410a-850f-6cb20a4f438b: RuntimeError: No hosting information found for port 709d342b-8031-410a-850f-6cb20a4f438b
2026-04-28 23:31:34.781 9 INFO neutron.plugins.ml2.drivers.ovn.mech_driver.mech_driver [None req-20776235-b1e3-41ef-bf45-185eabcd187b - - - - - -] OVN reports status up for port: 62add86d-14cd-414d-99b9-63c1aba1f6c8
2026-04-28 23:31:34.790 10 INFO neutron.wsgi [req-a995abc5-009f-484a-a4cd-ea84cb762a73 req-744dbf83-4b2b-424c-8b69-a56b85b5b285 b564d173c95c4fcfbd1ac2095754c325 c19f6fea06174e1f8a5de22cc378066e - - f03097fe19c54228bef42d7301077843 f03097fe19c54228bef42d7301077843] 199.204.45.3 "GET /v2.0/floatingips?fixed_ip_address=10.100.0.11&port_id=270eda52-787d-4a21-8ea8-1c858c0b0a3d HTTP/1.1" status: 200 len: 217 time: 0.0262573
2026-04-28 23:31:34.798 9 INFO neutron.plugins.ml2.plugin [None req-20776235-b1e3-41ef-bf45-185eabcd187b - - - - - -] Attempt 1 to provision port 62add86d-14cd-414d-99b9-63c1aba1f6c8
2026-04-28 23:31:34.830 10 INFO neutron.wsgi [req-a995abc5-009f-484a-a4cd-ea84cb762a73 req-983c584c-801d-4f06-84df-b6d0dfdcfcc9 b564d173c95c4fcfbd1ac2095754c325 c19f6fea06174e1f8a5de22cc378066e - - f03097fe19c54228bef42d7301077843 f03097fe19c54228bef42d7301077843] 199.204.45.3 "GET /v2.0/subnets?id=4513694c-661e-4c28-b342-fbc97f7dbbbe HTTP/1.1" status: 200 len: 870 time: 0.0318968
2026-04-28 23:31:34.858 10 INFO neutron.wsgi [req-a995abc5-009f-484a-a4cd-ea84cb762a73 req-8d475559-dbf7-403f-b15d-798cd78be192 b564d173c95c4fcfbd1ac2095754c325 c19f6fea06174e1f8a5de22cc378066e - - f03097fe19c54228bef42d7301077843 f03097fe19c54228bef42d7301077843] 199.204.45.3 "GET /v2.0/ports?network_id=1c402196-b060-4c7f-990a-8e88a447f2d2&device_owner=network%3Adhcp HTTP/1.1" status: 200 len: 210 time: 0.0245013
2026-04-28 23:31:34.947 10 INFO neutron.wsgi [req-a995abc5-009f-484a-a4cd-ea84cb762a73 req-d56be3fb-f85e-4018-ab01-1ede2d56d06e b564d173c95c4fcfbd1ac2095754c325 c19f6fea06174e1f8a5de22cc378066e - - f03097fe19c54228bef42d7301077843 f03097fe19c54228bef42d7301077843] 199.204.45.3 "GET /v2.0/networks/1c402196-b060-4c7f-990a-8e88a447f2d2?fields=segments HTTP/1.1" status: 200 len: 212 time: 0.0835392
2026-04-28 23:31:34.949 9 INFO neutron.notifiers.nova [-] Nova event matching ['req-a36e424f-c8da-4ad8-a4c8-9644058819ef'] response: {'server_uuid': '62da0e89-518e-4671-9f8a-33b413123196', 'name': 'network-vif-plugged', 'status': 'completed', 'tag': '62add86d-14cd-414d-99b9-63c1aba1f6c8', 'code': 200}
2026-04-28 23:31:35.005 9 WARNING neutron.scheduler.dhcp_agent_scheduler [None req-69007257-9d77-48c2-b998-2f47dc536e31 01201ce15f634e9f86452e931534c5ac 55ca9d99fb3c43c3b6e150110c75bc3e - - default default] No more DHCP agents
2026-04-28 23:31:35.006 9 WARNING neutron.api.rpc.agentnotifiers.dhcp_rpc_agent_api [None req-69007257-9d77-48c2-b998-2f47dc536e31 01201ce15f634e9f86452e931534c5ac 55ca9d99fb3c43c3b6e150110c75bc3e - - default default] Unable to schedule network 28b9a9d8-126b-4926-8c2e-c7826e6d266b: no agents available; will retry on subsequent port and subnet creation events.
2026-04-28 23:31:35.046 10 INFO neutron.wsgi [req-a995abc5-009f-484a-a4cd-ea84cb762a73 req-72eea311-0c3b-4262-9a33-a15f6c1d2659 b564d173c95c4fcfbd1ac2095754c325 c19f6fea06174e1f8a5de22cc378066e - - f03097fe19c54228bef42d7301077843 f03097fe19c54228bef42d7301077843] 199.204.45.3 "GET /v2.0/networks/1c402196-b060-4c7f-990a-8e88a447f2d2?fields=provider%3Aphysical_network&fields=provider%3Anetwork_type HTTP/1.1" status: 200 len: 277 time: 0.0913408
2026-04-28 23:31:35.050 10 INFO neutron.wsgi [req-b15cd70a-38c5-4d4f-b746-b995cfe74c4a req-b97172c3-d146-494d-9436-e14b1f51efe5 c526271e83dc4edf9f6552086c9c542d ddf7d5a4a6ed435f91e6c72bb96e8fd9 - - default default] 10.0.0.82 "GET /v2.0/ports?device_id=77fe3234-4c1a-4b3d-a7ad-ea4527154fa0 HTTP/1.1" status: 200 len: 1172 time: 0.1271839
2026-04-28 23:31:35.092 10 INFO neutron.services.segments.plugin [-] Segment 3ab1dc9a-9b6a-483e-8914-2304a5c7e173 resource provider aggregate not found
2026-04-28 23:31:35.098 10 INFO neutron.services.segments.plugin [-] Segment 3ab1dc9a-9b6a-483e-8914-2304a5c7e173 resource provider aggregate not found
2026-04-28 23:31:35.113 10 INFO neutron.services.segments.plugin [-] Segment 3ab1dc9a-9b6a-483e-8914-2304a5c7e173 resource provider not found; error: Placement Client Error (4xx): {"errors": [{"status": 404, "title": "Not Found", "detail": "The resource could not be found.\n\n No resource provider with uuid 3ab1dc9a-9b6a-483e-8914-2304a5c7e173 found for delete ", "request_id": "req-c9966b59-55f8-465c-a7ac-16164c52fb7c"}]}
2026-04-28 23:31:35.117 10 INFO neutron.wsgi [req-b15cd70a-38c5-4d4f-b746-b995cfe74c4a req-e5f97f41-9530-4be3-b58f-272697617238 c526271e83dc4edf9f6552086c9c542d ddf7d5a4a6ed435f91e6c72bb96e8fd9 - - default default] 10.0.0.82 "GET /v2.0/security-groups?id=ae2defed-63f3-4b52-9922-6914b7003653&fields=id&fields=name HTTP/1.1" status: 200 len: 286 time: 0.0631046
2026-04-28 23:31:35.118 10 INFO neutron.services.segments.plugin [-] Segment 3ab1dc9a-9b6a-483e-8914-2304a5c7e173 resource provider not found; error: Placement Client Error (4xx): {"errors": [{"status": 404, "title": "Not Found", "detail": "The resource could not be found.\n\n No resource provider with uuid 3ab1dc9a-9b6a-483e-8914-2304a5c7e173 found for delete ", "request_id": "req-75d8a832-b18c-4a46-8d16-001287b73b47"}]}
2026-04-28 23:31:35.140 10 INFO neutron.wsgi [None req-4aecb6c1-620c-4e7b-8a17-917df910f9ba 5401bf8b45f84d67b1871acd8e93b329 167fcf4d91564c2391279172426e293d - - default default] 10.0.0.216 "DELETE /v2.0/networks/4b1d6849-609e-42a5-8995-55880da79be6 HTTP/1.1" status: 204 len: 168 time: 0.8038070
2026-04-28 23:31:35.163 9 INFO neutron.db.ovn_revision_numbers_db [None req-69007257-9d77-48c2-b998-2f47dc536e31 01201ce15f634e9f86452e931534c5ac 55ca9d99fb3c43c3b6e150110c75bc3e - - default default] Successfully bumped revision number for resource ebeef2ed-40e7-45f6-ab2b-71ee6917519e (type: ports) to 1
2026-04-28 23:31:35.170 9 INFO neutron.db.ovn_revision_numbers_db [None req-20776235-b1e3-41ef-bf45-185eabcd187b - - - - - -] Successfully bumped revision number for resource 62add86d-14cd-414d-99b9-63c1aba1f6c8 (type: ports) to 4
2026-04-28 23:31:35.219 10 INFO neutron.db.segments_db [None req-e6209d47-4282-4d81-a53c-d422e6bd91ea 5401bf8b45f84d67b1871acd8e93b329 167fcf4d91564c2391279172426e293d - - default default] Added segment 1421b8b4-13e4-4b31-a422-dcdb011daaa4 of type geneve for network fb182d46-ff67-4be8-8e2e-8b464cb61b0a
2026-04-28 23:31:35.236 9 INFO neutron.plugins.ml2.drivers.ovn.mech_driver.mech_driver [None req-20776235-b1e3-41ef-bf45-185eabcd187b - - - - - -] OVN reports status up for port: 270eda52-787d-4a21-8ea8-1c858c0b0a3d
2026-04-28 23:31:35.256 9 INFO neutron.plugins.ml2.plugin [None req-20776235-b1e3-41ef-bf45-185eabcd187b - - - - - -] Attempt 1 to provision port 270eda52-787d-4a21-8ea8-1c858c0b0a3d
2026-04-28 23:31:35.340 10 INFO neutron.db.ovn_revision_numbers_db [None req-e6209d47-4282-4d81-a53c-d422e6bd91ea 5401bf8b45f84d67b1871acd8e93b329 167fcf4d91564c2391279172426e293d - - default default] Successfully bumped revision number for resource fb182d46-ff67-4be8-8e2e-8b464cb61b0a (type: networks) to 1
2026-04-28 23:31:35.485 10 WARNING neutron.scheduler.dhcp_agent_scheduler [None req-e6209d47-4282-4d81-a53c-d422e6bd91ea 5401bf8b45f84d67b1871acd8e93b329 167fcf4d91564c2391279172426e293d - - default default] No more DHCP agents
2026-04-28 23:31:35.487 10 WARNING neutron.api.rpc.agentnotifiers.dhcp_rpc_agent_api [None req-e6209d47-4282-4d81-a53c-d422e6bd91ea 5401bf8b45f84d67b1871acd8e93b329 167fcf4d91564c2391279172426e293d - - default default] Unable to schedule network fb182d46-ff67-4be8-8e2e-8b464cb61b0a: no agents available; will retry on subsequent port and subnet creation events.
2026-04-28 23:31:35.562 10 INFO neutron.db.ovn_revision_numbers_db [None req-e6209d47-4282-4d81-a53c-d422e6bd91ea 5401bf8b45f84d67b1871acd8e93b329 167fcf4d91564c2391279172426e293d - - default default] Successfully bumped revision number for resource e8f01d69-c899-4745-8732-8193c7319a8b (type: ports) to 1
2026-04-28 23:31:35.580 10 INFO neutron.wsgi [None req-e6209d47-4282-4d81-a53c-d422e6bd91ea 5401bf8b45f84d67b1871acd8e93b329 167fcf4d91564c2391279172426e293d - - default default] 10.0.0.216 "POST /v2.0/networks HTTP/1.1" status: 201 len: 927 time: 0.4332142
2026-04-28 23:31:35.594 9 INFO neutron.db.ovn_revision_numbers_db [None req-20776235-b1e3-41ef-bf45-185eabcd187b - - - - - -] Successfully bumped revision number for resource 270eda52-787d-4a21-8ea8-1c858c0b0a3d (type: ports) to 4
2026-04-28 23:31:35.675 9 INFO neutron.plugins.ml2.drivers.ovn.mech_driver.mech_driver [None req-20776235-b1e3-41ef-bf45-185eabcd187b - - - - - -] OVN reports status up for port: ebeef2ed-40e7-45f6-ab2b-71ee6917519e
2026-04-28 23:31:35.684 9 INFO neutron.plugins.ml2.plugin [None req-20776235-b1e3-41ef-bf45-185eabcd187b - - - - - -] Attempt 1 to provision port ebeef2ed-40e7-45f6-ab2b-71ee6917519e
2026-04-28 23:31:35.695 9 INFO neutron.db.ovn_revision_numbers_db [None req-69007257-9d77-48c2-b998-2f47dc536e31 01201ce15f634e9f86452e931534c5ac 55ca9d99fb3c43c3b6e150110c75bc3e - - default default] Successfully bumped revision number for resource ebeef2ed-40e7-45f6-ab2b-71ee6917519e (type: router_ports) to 1
2026-04-28 23:31:35.747 10 WARNING neutron.scheduler.dhcp_agent_scheduler [None req-bcbf6201-c797-4dec-98e6-0e5480aa6a3d 5401bf8b45f84d67b1871acd8e93b329 167fcf4d91564c2391279172426e293d - - default default] No more DHCP agents
2026-04-28 23:31:35.749 10 WARNING neutron.api.rpc.agentnotifiers.dhcp_rpc_agent_api [None req-bcbf6201-c797-4dec-98e6-0e5480aa6a3d 5401bf8b45f84d67b1871acd8e93b329 167fcf4d91564c2391279172426e293d - - default default] Unable to schedule network fb182d46-ff67-4be8-8e2e-8b464cb61b0a: no agents available; will retry on subsequent port and subnet creation events. /var/lib/openstack/lib/python3.10/site-packages/pycadf/identifier.py:71: UserWarning: Invalid uuid: neutron. To ensure interoperability, identifiers should be a valid uuid. warnings.warn(('Invalid uuid: %s. To ensure interoperability, '
2026-04-28 23:31:35.831 9 INFO neutron.db.ovn_revision_numbers_db [None req-69007257-9d77-48c2-b998-2f47dc536e31 01201ce15f634e9f86452e931534c5ac 55ca9d99fb3c43c3b6e150110c75bc3e - - default default] Successfully bumped revision number for resource ebeef2ed-40e7-45f6-ab2b-71ee6917519e (type: ports) to 1
2026-04-28 23:31:35.865 9 INFO neutron.wsgi [req-2520fed8-9ad2-4c7f-841c-77351da0c693 req-17250af7-a778-49ff-b8ba-4d9dfec985d9 c21e7090d05d44a1ac0d1c97f0464084 5133d67dda0f4093a8142c19ae6fb3c7 - - default default] 10.0.0.82 "GET /v2.0/ports?device_id=62da0e89-518e-4671-9f8a-33b413123196 HTTP/1.1" status: 200 len: 1170 time: 0.1043932
2026-04-28 23:31:35.935 9 INFO neutron.wsgi [req-2520fed8-9ad2-4c7f-841c-77351da0c693 req-6b8436d1-5c99-40dc-9c94-f43cbc5a08a4 c21e7090d05d44a1ac0d1c97f0464084 5133d67dda0f4093a8142c19ae6fb3c7 - - default default] 10.0.0.82 "GET /v2.0/security-groups?id=43c0d05e-9cb8-4ebd-a774-fafb51dd6efa&fields=id&fields=name HTTP/1.1" status: 200 len: 313 time: 0.0621314
2026-04-28 23:31:35.946 9 WARNING neutron.scheduler.dhcp_agent_scheduler [None req-69007257-9d77-48c2-b998-2f47dc536e31 01201ce15f634e9f86452e931534c5ac 55ca9d99fb3c43c3b6e150110c75bc3e - - default default] No more DHCP agents
2026-04-28 23:31:35.947 9 WARNING neutron.api.rpc.agentnotifiers.dhcp_rpc_agent_api [None req-69007257-9d77-48c2-b998-2f47dc536e31 01201ce15f634e9f86452e931534c5ac 55ca9d99fb3c43c3b6e150110c75bc3e - - default default] Unable to schedule network 28b9a9d8-126b-4926-8c2e-c7826e6d266b: no agents available; will retry on subsequent port and subnet creation events.
2026-04-28 23:31:36.063 10 INFO neutron.wsgi [req-f7ed5f14-4b7b-47ce-89ad-eb644662198e req-deb37d8b-bc5a-494b-8319-cf5168775b96 c21e7090d05d44a1ac0d1c97f0464084 5133d67dda0f4093a8142c19ae6fb3c7 - - default default] 10.0.0.82 "GET /v2.0/ports?device_id=62da0e89-518e-4671-9f8a-33b413123196 HTTP/1.1" status: 200 len: 1170 time: 0.0520785
2026-04-28 23:31:36.103 9 INFO neutron.db.ovn_revision_numbers_db [None req-20776235-b1e3-41ef-bf45-185eabcd187b - - - - - -] Successfully bumped revision number for resource ebeef2ed-40e7-45f6-ab2b-71ee6917519e (type: ports) to 2
2026-04-28 23:31:36.132 9 INFO neutron.db.ovn_revision_numbers_db [None req-69007257-9d77-48c2-b998-2f47dc536e31 01201ce15f634e9f86452e931534c5ac 55ca9d99fb3c43c3b6e150110c75bc3e - - default default] Successfully bumped revision number for resource ebeef2ed-40e7-45f6-ab2b-71ee6917519e (type: router_ports) to 2
2026-04-28 23:31:36.134 9 INFO neutron.wsgi [None req-69007257-9d77-48c2-b998-2f47dc536e31 01201ce15f634e9f86452e931534c5ac 55ca9d99fb3c43c3b6e150110c75bc3e - - default default] 10.0.0.216 "PUT /v2.0/routers/58672356-3e41-4161-9635-8990f4b2b595/add_router_interface HTTP/1.1" status: 200 len: 503 time: 1.6906550
2026-04-28 23:31:36.221 9 INFO neutron.wsgi [req-2ab6ac33-8143-4010-90b8-046d6f641c81 req-8ddefe5a-49b5-4750-8d0f-73d7f151e5d5 c526271e83dc4edf9f6552086c9c542d ddf7d5a4a6ed435f91e6c72bb96e8fd9 - - default default] 10.0.0.82 "GET /v2.0/ports?device_id=77fe3234-4c1a-4b3d-a7ad-ea4527154fa0 HTTP/1.1" status: 200 len: 1174 time: 0.0413775
2026-04-28 23:31:36.262 9 INFO neutron.wsgi [req-2ab6ac33-8143-4010-90b8-046d6f641c81 req-d2665aa0-de2b-415a-bc19-78914f36971d c526271e83dc4edf9f6552086c9c542d ddf7d5a4a6ed435f91e6c72bb96e8fd9 - - default default] 10.0.0.82 "GET /v2.0/security-groups?id=ae2defed-63f3-4b52-9922-6914b7003653&fields=id&fields=name HTTP/1.1" status: 200 len: 286 time: 0.0333037
2026-04-28 23:31:36.313 10 INFO neutron.wsgi [None req-ecd9a647-9912-48d7-b033-e1923404ddc2 01201ce15f634e9f86452e931534c5ac 55ca9d99fb3c43c3b6e150110c75bc3e - - default default] 10.0.0.216 "GET /v2.0/ports/ebeef2ed-40e7-45f6-ab2b-71ee6917519e HTTP/1.1" status: 200 len: 1149 time: 0.1722472
2026-04-28 23:31:36.356 9 INFO neutron.wsgi [None req-d337f6e3-cc8f-4c90-bd3d-f87a33f82e2f 01201ce15f634e9f86452e931534c5ac 55ca9d99fb3c43c3b6e150110c75bc3e - - default default] 10.0.0.216 "GET /v2.0/ports/ebeef2ed-40e7-45f6-ab2b-71ee6917519e HTTP/1.1" status: 200 len: 1149 time: 0.0368955
2026-04-28 23:31:36.387 10 INFO neutron.db.ovn_revision_numbers_db [None req-bcbf6201-c797-4dec-98e6-0e5480aa6a3d 5401bf8b45f84d67b1871acd8e93b329 167fcf4d91564c2391279172426e293d - - default default] Successfully bumped revision number for resource e8f01d69-c899-4745-8732-8193c7319a8b (type: ports) to 2
2026-04-28 23:31:36.408 10 INFO neutron.db.l3_db [None req-1b499b54-215f-43bc-8c36-b09244ea1491 c21e7090d05d44a1ac0d1c97f0464084 5133d67dda0f4093a8142c19ae6fb3c7 - - default default] Floating IP 11dc8dc4-a2b6-4046-b626-53ad74a1ff71 associated. External IP: 10.96.250.201, port: 62add86d-14cd-414d-99b9-63c1aba1f6c8.
2026-04-28 23:31:36.436 10 INFO neutron.db.ovn_revision_numbers_db [None req-bcbf6201-c797-4dec-98e6-0e5480aa6a3d 5401bf8b45f84d67b1871acd8e93b329 167fcf4d91564c2391279172426e293d - - default default] Successfully bumped revision number for resource cc95cc5d-9df6-4033-9671-ee31a57142f1 (type: subnets) to 0
2026-04-28 23:31:36.458 10 INFO neutron.wsgi [None req-bcbf6201-c797-4dec-98e6-0e5480aa6a3d 5401bf8b45f84d67b1871acd8e93b329 167fcf4d91564c2391279172426e293d - - default default] 10.0.0.216 "POST /v2.0/subnets HTTP/1.1" status: 201 len: 822 time: 0.8732200
