2026-04-28 23:30:23.234 9 WARNING neutron.scheduler.dhcp_agent_scheduler [None req-713eae74-6871-464d-a2df-443d7c8bdf5d d9949a3886b94522933392f3b7c5d2c3 caf4c065f9414a01b9e06ee8ba75c5ce - - default default] No more DHCP agents
2026-04-28 23:30:23.244 9 WARNING neutron.api.rpc.agentnotifiers.dhcp_rpc_agent_api [None req-713eae74-6871-464d-a2df-443d7c8bdf5d d9949a3886b94522933392f3b7c5d2c3 caf4c065f9414a01b9e06ee8ba75c5ce - - default default] Unable to schedule network 2c486e46-3ae5-459a-ba50-42762c067426: no agents available; will retry on subsequent port and subnet creation events.
2026-04-28 23:30:23.284 9 INFO neutron.plugins.ml2.drivers.ovn.mech_driver.mech_driver [None req-20776235-b1e3-41ef-bf45-185eabcd187b - - - - - -] OVN reports status up for port: bc0f5cdb-ce4e-4158-ac18-c4214403b7d5
2026-04-28 23:30:23.288 9 INFO neutron.db.ovn_revision_numbers_db [None req-74a34e1b-442e-4070-a6fd-97849f98e2a9 d9949a3886b94522933392f3b7c5d2c3 caf4c065f9414a01b9e06ee8ba75c5ce - - default default] Successfully bumped revision number for resource ee542b0f-2d0b-4064-bb36-0f6db8dfeb69 (type: ports) to 1
2026-04-28 23:30:23.300 9 INFO neutron.plugins.ml2.plugin [None req-20776235-b1e3-41ef-bf45-185eabcd187b - - - - - -] Attempt 1 to provision port bc0f5cdb-ce4e-4158-ac18-c4214403b7d5
2026-04-28 23:30:23.314 10 INFO neutron.db.ovn_revision_numbers_db [None req-287ab00f-3241-40d8-a304-b08b686a1124 d9949a3886b94522933392f3b7c5d2c3 caf4c065f9414a01b9e06ee8ba75c5ce - - default default] Successfully bumped revision number for resource bc0f5cdb-ce4e-4158-ac18-c4214403b7d5 (type: router_ports) to 1
2026-04-28 23:30:23.334 9 INFO neutron.wsgi [None req-74a34e1b-442e-4070-a6fd-97849f98e2a9 d9949a3886b94522933392f3b7c5d2c3 caf4c065f9414a01b9e06ee8ba75c5ce - - default default] 10.0.0.216 "POST /v2.0/networks HTTP/1.1" status: 201 len: 946 time: 1.5091810
2026-04-28 23:30:23.369 10 INFO neutron.db.ovn_revision_numbers_db [None req-ff9cc0eb-afca-48f1-90c3-dfc7963632a9 - - - - - -] Successfully bumped revision number for resource bdd8e0bd-94eb-41df-b474-07b2c6167c44 (type: ports) to 4
2026-04-28 23:30:23.472 10 INFO neutron.db.ovn_revision_numbers_db [None req-287ab00f-3241-40d8-a304-b08b686a1124 d9949a3886b94522933392f3b7c5d2c3 caf4c065f9414a01b9e06ee8ba75c5ce - - default default] Successfully bumped revision number for resource bc0f5cdb-ce4e-4158-ac18-c4214403b7d5 (type: ports) to 1
2026-04-28 23:30:23.506 9 INFO neutron.db.ovn_revision_numbers_db [None req-713eae74-6871-464d-a2df-443d7c8bdf5d d9949a3886b94522933392f3b7c5d2c3 caf4c065f9414a01b9e06ee8ba75c5ce - - default default] Successfully bumped revision number for resource 108bbee4-854d-473a-bbd1-2a12aa32937f (type: ports) to 1
2026-04-28 23:30:23.564 9 WARNING neutron.scheduler.dhcp_agent_scheduler [None req-7c12e2bf-d32b-47a7-96a7-5d902d4383af d9949a3886b94522933392f3b7c5d2c3 caf4c065f9414a01b9e06ee8ba75c5ce - - default default] No more DHCP agents
2026-04-28 23:30:23.573 9 WARNING neutron.api.rpc.agentnotifiers.dhcp_rpc_agent_api [None req-7c12e2bf-d32b-47a7-96a7-5d902d4383af d9949a3886b94522933392f3b7c5d2c3 caf4c065f9414a01b9e06ee8ba75c5ce - - default default] Unable to schedule network b76f52f6-c4d5-4745-9ad0-f3aa4791fce7: no agents available; will retry on subsequent port and subnet creation events.
2026-04-28 23:30:23.645 10 WARNING neutron.scheduler.dhcp_agent_scheduler [None req-287ab00f-3241-40d8-a304-b08b686a1124 d9949a3886b94522933392f3b7c5d2c3 caf4c065f9414a01b9e06ee8ba75c5ce - - default default] No more DHCP agents
2026-04-28 23:30:23.647 10 WARNING neutron.api.rpc.agentnotifiers.dhcp_rpc_agent_api [None req-287ab00f-3241-40d8-a304-b08b686a1124 d9949a3886b94522933392f3b7c5d2c3 caf4c065f9414a01b9e06ee8ba75c5ce - - default default] Unable to schedule network 6a11d637-e6d3-486e-9d26-f70b1f524b7a: no agents available; will retry on subsequent port and subnet creation events.
2026-04-28 23:30:23.730 9 WARNING neutron.scheduler.dhcp_agent_scheduler [None req-ba5d5f0f-8df4-45a8-bf5a-4f6caad21b2e d9949a3886b94522933392f3b7c5d2c3 caf4c065f9414a01b9e06ee8ba75c5ce - - default default] No more DHCP agents
2026-04-28 23:30:23.739 9 WARNING neutron.api.rpc.agentnotifiers.dhcp_rpc_agent_api [None req-ba5d5f0f-8df4-45a8-bf5a-4f6caad21b2e d9949a3886b94522933392f3b7c5d2c3 caf4c065f9414a01b9e06ee8ba75c5ce - - default default] Unable to schedule network 96b613c2-732a-4ce3-8518-e40dd23db32c: no agents available; will retry on subsequent port and subnet creation events.
2026-04-28 23:30:23.768 10 INFO neutron.db.ovn_revision_numbers_db [None req-ff9cc0eb-afca-48f1-90c3-dfc7963632a9 - - - - - -] Successfully bumped revision number for resource bdd8e0bd-94eb-41df-b474-07b2c6167c44 (type: router_ports) to 4
2026-04-28 23:30:23.801 10 INFO neutron.plugins.ml2.drivers.ovn.mech_driver.ovsdb.ovsdb_monitor [None req-ff9cc0eb-afca-48f1-90c3-dfc7963632a9 - - - - - -] Router cf6fd42d-8eb0-47c9-94aa-2b457cf0ad6a is bound to host instance
2026-04-28 23:30:23.987 9 INFO neutron.db.ovn_revision_numbers_db [None req-20776235-b1e3-41ef-bf45-185eabcd187b - - - - - -] Successfully bumped revision number for resource bc0f5cdb-ce4e-4158-ac18-c4214403b7d5 (type: ports) to 2
2026-04-28 23:30:23.996 9 INFO neutron.db.ovn_revision_numbers_db [None req-7c12e2bf-d32b-47a7-96a7-5d902d4383af d9949a3886b94522933392f3b7c5d2c3 caf4c065f9414a01b9e06ee8ba75c5ce - - default default] Successfully bumped revision number for resource b0dfb150-962a-473b-8133-4cbbcbd13c5e (type: ports) to 1
2026-04-28 23:30:24.304 9 INFO neutron.db.ovn_revision_numbers_db [None req-20776235-b1e3-41ef-bf45-185eabcd187b - - - - - -] Successfully bumped revision number for resource bc0f5cdb-ce4e-4158-ac18-c4214403b7d5 (type: router_ports) to 2
2026-04-28 23:30:24.494 10 INFO neutron.db.ovn_revision_numbers_db [None req-287ab00f-3241-40d8-a304-b08b686a1124 d9949a3886b94522933392f3b7c5d2c3 caf4c065f9414a01b9e06ee8ba75c5ce - - default default] Successfully bumped revision number for resource bc0f5cdb-ce4e-4158-ac18-c4214403b7d5 (type: router_ports) to 2
2026-04-28 23:30:24.497 10 INFO neutron.wsgi [None req-287ab00f-3241-40d8-a304-b08b686a1124 d9949a3886b94522933392f3b7c5d2c3 caf4c065f9414a01b9e06ee8ba75c5ce - - default default] 10.0.0.216 "PUT /v2.0/routers/788b2e9b-86db-49a2-a1c7-5cd19bc0d727/add_router_interface HTTP/1.1" status: 200 len: 503 time: 2.5266159
2026-04-28 23:30:24.552 10 INFO neutron.db.ovn_revision_numbers_db [None req-ff9cc0eb-afca-48f1-90c3-dfc7963632a9 - - - - - -] Successfully bumped revision number for resource 78a25622-71e7-456e-a9f2-1009eaa30779 (type: ports) to 1
2026-04-28 23:30:24.615 9 INFO neutron.db.ovn_revision_numbers_db [None req-713eae74-6871-464d-a2df-443d7c8bdf5d d9949a3886b94522933392f3b7c5d2c3 caf4c065f9414a01b9e06ee8ba75c5ce - - default default] Successfully bumped revision number for resource 108bbee4-854d-473a-bbd1-2a12aa32937f (type: router_ports) to 1
2026-04-28 23:30:24.657 10 INFO neutron.wsgi [-] 10.0.0.244 "GET / HTTP/1.1" status: 200 len: 246 time: 0.0015104
2026-04-28 23:30:24.659 10 INFO neutron.wsgi [-] 10.0.0.244 "GET / HTTP/1.1" status: 200 len: 246 time: 0.0008481
2026-04-28 23:30:24.782 10 INFO neutron.plugins.ml2.drivers.ovn.mech_driver.mech_driver [None req-77ce5834-fdbe-4938-af3e-775d023d66e9 - - - - - -] OVN reports status up for port: 78a25622-71e7-456e-a9f2-1009eaa30779
2026-04-28 23:30:24.804 10 INFO neutron.plugins.ml2.plugin [None req-77ce5834-fdbe-4938-af3e-775d023d66e9 - - - - - -] Attempt 1 to provision port 78a25622-71e7-456e-a9f2-1009eaa30779
2026-04-28 23:30:24.876 10 INFO neutron.db.ovn_revision_numbers_db [None req-ff9cc0eb-afca-48f1-90c3-dfc7963632a9 - - - - - -] Successfully bumped revision number for resource 78a25622-71e7-456e-a9f2-1009eaa30779 (type: router_ports) to 3
2026-04-28 23:30:24.918 9 INFO neutron.db.ovn_revision_numbers_db [None req-ba5d5f0f-8df4-45a8-bf5a-4f6caad21b2e d9949a3886b94522933392f3b7c5d2c3 caf4c065f9414a01b9e06ee8ba75c5ce - - default default] Successfully bumped revision number for resource ee542b0f-2d0b-4064-bb36-0f6db8dfeb69 (type: ports) to 2
2026-04-28 23:30:24.961 9 INFO neutron.db.ovn_revision_numbers_db [None req-713eae74-6871-464d-a2df-443d7c8bdf5d d9949a3886b94522933392f3b7c5d2c3 caf4c065f9414a01b9e06ee8ba75c5ce - - default default] Successfully bumped revision number for resource 108bbee4-854d-473a-bbd1-2a12aa32937f (type: ports) to 1
2026-04-28 23:30:24.971 9 INFO neutron.db.ovn_revision_numbers_db [None req-ba5d5f0f-8df4-45a8-bf5a-4f6caad21b2e d9949a3886b94522933392f3b7c5d2c3 caf4c065f9414a01b9e06ee8ba75c5ce - - default default] Successfully bumped revision number for resource 3dd5e3a0-29a6-4a35-8d9a-151b61023b85 (type: subnets) to 0
2026-04-28 23:30:24.987 9 INFO neutron.wsgi [None req-ba5d5f0f-8df4-45a8-bf5a-4f6caad21b2e d9949a3886b94522933392f3b7c5d2c3 caf4c065f9414a01b9e06ee8ba75c5ce - - default default] 10.0.0.216 "POST /v2.0/subnets HTTP/1.1" status: 201 len: 866 time: 1.6389890
2026-04-28 23:30:24.991 9 INFO neutron.db.ovn_revision_numbers_db [None req-7c12e2bf-d32b-47a7-96a7-5d902d4383af d9949a3886b94522933392f3b7c5d2c3 caf4c065f9414a01b9e06ee8ba75c5ce - - default default] Successfully bumped revision number for resource b0dfb150-962a-473b-8133-4cbbcbd13c5e (type: router_ports) to 1
2026-04-28 23:30:25.059 10 INFO neutron.db.ovn_revision_numbers_db [None req-ff9cc0eb-afca-48f1-90c3-dfc7963632a9 - - - - - -] Successfully bumped revision number for resource 78a25622-71e7-456e-a9f2-1009eaa30779 (type: ports) to 2
2026-04-28 23:30:25.107 9 WARNING neutron.scheduler.dhcp_agent_scheduler [None req-713eae74-6871-464d-a2df-443d7c8bdf5d d9949a3886b94522933392f3b7c5d2c3 caf4c065f9414a01b9e06ee8ba75c5ce - - default default] No more DHCP agents
2026-04-28 23:30:25.109 9 WARNING neutron.api.rpc.agentnotifiers.dhcp_rpc_agent_api [None req-713eae74-6871-464d-a2df-443d7c8bdf5d d9949a3886b94522933392f3b7c5d2c3 caf4c065f9414a01b9e06ee8ba75c5ce - - default default] Unable to schedule network 2c486e46-3ae5-459a-ba50-42762c067426: no agents available; will retry on subsequent port and subnet creation events.
2026-04-28 23:30:25.109 10 INFO neutron.plugins.ml2.drivers.ovn.mech_driver.ovsdb.ovsdb_monitor [None req-ff9cc0eb-afca-48f1-90c3-dfc7963632a9 - - - - - -] Router f302e9a9-7112-4a72-be54-748b667da181 is bound to host instance
2026-04-28 23:30:25.111 10 INFO neutron.db.ovn_revision_numbers_db [None req-77ce5834-fdbe-4938-af3e-775d023d66e9 - - - - - -] Successfully bumped revision number for resource 78a25622-71e7-456e-a9f2-1009eaa30779 (type: ports) to 4
2026-04-28 23:30:25.271 9 INFO neutron.db.ovn_revision_numbers_db [None req-7c12e2bf-d32b-47a7-96a7-5d902d4383af d9949a3886b94522933392f3b7c5d2c3 caf4c065f9414a01b9e06ee8ba75c5ce - - default default] Successfully bumped revision number for resource b0dfb150-962a-473b-8133-4cbbcbd13c5e (type: ports) to 1
2026-04-28 23:30:25.400 10 INFO neutron.db.ovn_revision_numbers_db [None req-77ce5834-fdbe-4938-af3e-775d023d66e9 - - - - - -] Successfully bumped revision number for resource 78a25622-71e7-456e-a9f2-1009eaa30779 (type: router_ports) to 4
2026-04-28 23:30:25.405 9 WARNING neutron.scheduler.dhcp_agent_scheduler [None req-7c12e2bf-d32b-47a7-96a7-5d902d4383af d9949a3886b94522933392f3b7c5d2c3 caf4c065f9414a01b9e06ee8ba75c5ce - - default default] No more DHCP agents
2026-04-28 23:30:25.413 9 WARNING neutron.api.rpc.agentnotifiers.dhcp_rpc_agent_api [None req-7c12e2bf-d32b-47a7-96a7-5d902d4383af d9949a3886b94522933392f3b7c5d2c3 caf4c065f9414a01b9e06ee8ba75c5ce - - default default] Unable to schedule network b76f52f6-c4d5-4745-9ad0-f3aa4791fce7: no agents available; will retry on subsequent port and subnet creation events.
2026-04-28 23:30:25.494 10 INFO neutron.plugins.ml2.drivers.ovn.mech_driver.mech_driver [None req-77ce5834-fdbe-4938-af3e-775d023d66e9 - - - - - -] OVN reports status up for port: 53998436-346c-4da3-ba04-7f868677373d
2026-04-28 23:30:25.510 10 INFO neutron.plugins.ml2.plugin [None req-77ce5834-fdbe-4938-af3e-775d023d66e9 - - - - - -] Attempt 1 to provision port 53998436-346c-4da3-ba04-7f868677373d
2026-04-28 23:30:25.702 10 INFO neutron.plugins.ml2.drivers.ovn.mech_driver.mech_driver [None req-77ce5834-fdbe-4938-af3e-775d023d66e9 - - - - - -] OVN reports status up for port: 108bbee4-854d-473a-bbd1-2a12aa32937f
2026-04-28 23:30:25.715 10 INFO neutron.plugins.ml2.plugin [None req-77ce5834-fdbe-4938-af3e-775d023d66e9 - - - - - -] Attempt 1 to provision port 108bbee4-854d-473a-bbd1-2a12aa32937f
2026-04-28 23:30:25.760 10 INFO neutron.db.ovn_revision_numbers_db [req-4e1b4e2b-cced-4d39-9dfb-9a8366be8e48 req-e2741397-048f-45cc-a68d-e13507953c6b 071bf77fdf3c4bf9bb9d2414ab104075 63e88f4089f2429b879653c46467b5a4 - - default default] Successfully bumped revision number for resource 1decd834-9f0e-46cb-9ecb-bfe05add38ce (type: security_groups) to 1
2026-04-28 23:30:25.789 10 INFO neutron.db.ovn_revision_numbers_db [req-4e1b4e2b-cced-4d39-9dfb-9a8366be8e48 req-e2741397-048f-45cc-a68d-e13507953c6b 071bf77fdf3c4bf9bb9d2414ab104075 63e88f4089f2429b879653c46467b5a4 - - default default] Successfully bumped revision number for resource 32f7da35-dd9a-458f-917d-d299ebd47e3d (type: security_group_rules) to 0
2026-04-28 23:30:25.817 10 INFO neutron.db.ovn_revision_numbers_db [req-4e1b4e2b-cced-4d39-9dfb-9a8366be8e48 req-e2741397-048f-45cc-a68d-e13507953c6b 071bf77fdf3c4bf9bb9d2414ab104075 63e88f4089f2429b879653c46467b5a4 - - default default] Successfully bumped revision number for resource 58bf3737-8523-4b37-ab5f-ebb2843e861c (type: security_group_rules) to 0
2026-04-28 23:30:25.848 10 INFO neutron.wsgi [req-4e1b4e2b-cced-4d39-9dfb-9a8366be8e48 req-e2741397-048f-45cc-a68d-e13507953c6b 071bf77fdf3c4bf9bb9d2414ab104075 63e88f4089f2429b879653c46467b5a4 - - default default] 10.0.0.82 "POST /v2.0/security-groups HTTP/1.1" status: 201 len: 1820 time: 0.4940727
2026-04-28 23:30:25.856 9 WARNING neutron.scheduler.dhcp_agent_scheduler [None req-521c567f-0a7f-453f-a7c3-12215e3b1f47 d9949a3886b94522933392f3b7c5d2c3 caf4c065f9414a01b9e06ee8ba75c5ce - - default default] No more DHCP agents
2026-04-28 23:30:25.860 9 WARNING neutron.api.rpc.agentnotifiers.dhcp_rpc_agent_api [None req-521c567f-0a7f-453f-a7c3-12215e3b1f47 d9949a3886b94522933392f3b7c5d2c3 caf4c065f9414a01b9e06ee8ba75c5ce - - default default] Unable to schedule network b62a734d-eb7d-4c80-ad9c-6ecac9e2e701: no agents available; will retry on subsequent port and subnet creation events.
2026-04-28 23:30:25.974 10 INFO neutron.db.ovn_revision_numbers_db [None req-ff9cc0eb-afca-48f1-90c3-dfc7963632a9 - - - - - -] Successfully bumped revision number for resource 53998436-346c-4da3-ba04-7f868677373d (type: ports) to 1
2026-04-28 23:30:26.114 9 INFO neutron.db.ovn_revision_numbers_db [None req-521c567f-0a7f-453f-a7c3-12215e3b1f47 d9949a3886b94522933392f3b7c5d2c3 caf4c065f9414a01b9e06ee8ba75c5ce - - default default] Successfully bumped revision number for resource 3f2a94ca-b7ef-448a-adcb-dd13d2ceb211 (type: ports) to 1
2026-04-28 23:30:26.124 10 INFO neutron.db.ovn_revision_numbers_db [None req-77ce5834-fdbe-4938-af3e-775d023d66e9 - - - - - -] Successfully bumped revision number for resource 108bbee4-854d-473a-bbd1-2a12aa32937f (type: ports) to 2
2026-04-28 23:30:26.283 10 INFO neutron.db.ovn_revision_numbers_db [None req-77ce5834-fdbe-4938-af3e-775d023d66e9 - - - - - -] Successfully bumped revision number for resource 108bbee4-854d-473a-bbd1-2a12aa32937f (type: router_ports) to 2
2026-04-28 23:30:26.331 10 INFO neutron.db.ovn_revision_numbers_db [None req-ff9cc0eb-afca-48f1-90c3-dfc7963632a9 - - - - - -] Successfully bumped revision number for resource 53998436-346c-4da3-ba04-7f868677373d (type: router_ports) to 3
2026-04-28 23:30:26.448 10 INFO neutron.db.ovn_revision_numbers_db [None req-ff9cc0eb-afca-48f1-90c3-dfc7963632a9 - - - - - -] Successfully bumped revision number for resource 53998436-346c-4da3-ba04-7f868677373d (type: ports) to 2
2026-04-28 23:30:26.464 9 INFO neutron.wsgi [None req-713eae74-6871-464d-a2df-443d7c8bdf5d d9949a3886b94522933392f3b7c5d2c3 caf4c065f9414a01b9e06ee8ba75c5ce - - default default] 10.0.0.216 "PUT /v2.0/routers/cf6fd42d-8eb0-47c9-94aa-2b457cf0ad6a/add_router_interface HTTP/1.1" status: 200 len: 503 time: 4.0311162
2026-04-28 23:30:26.615 9 INFO neutron.db.ovn_revision_numbers_db [req-59d4b34c-a809-497e-ab4d-5ec255f5c1af req-ed3d9301-5bde-4ecf-bb80-c75fc11e3266 071bf77fdf3c4bf9bb9d2414ab104075 63e88f4089f2429b879653c46467b5a4 - - default default] Successfully bumped revision number for resource 3fe7164e-127c-40cb-9b7e-f534feeb1a36 (type: security_groups) to 1
2026-04-28 23:30:26.645 9 INFO neutron.db.ovn_revision_numbers_db [req-59d4b34c-a809-497e-ab4d-5ec255f5c1af req-ed3d9301-5bde-4ecf-bb80-c75fc11e3266 071bf77fdf3c4bf9bb9d2414ab104075 63e88f4089f2429b879653c46467b5a4 - - default default] Successfully bumped revision number for resource 74b050d6-8ebb-4f69-adfe-ed0199ac81c7 (type: security_group_rules) to 0
2026-04-28 23:30:26.673 9 INFO neutron.db.ovn_revision_numbers_db [req-59d4b34c-a809-497e-ab4d-5ec255f5c1af req-ed3d9301-5bde-4ecf-bb80-c75fc11e3266 071bf77fdf3c4bf9bb9d2414ab104075 63e88f4089f2429b879653c46467b5a4 - - default default] Successfully bumped revision number for resource 7a222102-670a-4fc2-88ab-7fbaac7e3624 (type: security_group_rules) to 0
2026-04-28 23:30:26.692 10 INFO neutron.db.ovn_revision_numbers_db [None req-ff9cc0eb-afca-48f1-90c3-dfc7963632a9 - - - - - -] Successfully bumped revision number for resource 53998436-346c-4da3-ba04-7f868677373d (type: ports) to 4
2026-04-28 23:30:26.713 9 INFO neutron.wsgi [req-59d4b34c-a809-497e-ab4d-5ec255f5c1af req-ed3d9301-5bde-4ecf-bb80-c75fc11e3266 071bf77fdf3c4bf9bb9d2414ab104075 63e88f4089f2429b879653c46467b5a4 - - default default] 10.0.0.82 "POST /v2.0/security-groups HTTP/1.1" status: 201 len: 1822 time: 0.5096993
2026-04-28 23:30:26.824 9 INFO neutron.db.ovn_revision_numbers_db [None req-7c12e2bf-d32b-47a7-96a7-5d902d4383af d9949a3886b94522933392f3b7c5d2c3 caf4c065f9414a01b9e06ee8ba75c5ce - - default default] Successfully bumped revision number for resource b0dfb150-962a-473b-8133-4cbbcbd13c5e (type: router_ports) to 1
2026-04-28 23:30:26.828 9 INFO neutron.wsgi [None req-7c12e2bf-d32b-47a7-96a7-5d902d4383af d9949a3886b94522933392f3b7c5d2c3 caf4c065f9414a01b9e06ee8ba75c5ce - - default default] 10.0.0.216 "PUT /v2.0/routers/f302e9a9-7112-4a72-be54-748b667da181/add_router_interface HTTP/1.1" status: 200 len: 503 time: 4.1538916
2026-04-28 23:30:26.905 10 INFO neutron.db.ovn_revision_numbers_db [req-6a1c11fa-b289-4221-b260-98b3ced280df req-9367d5f4-a88a-4748-b2dc-e6809c5971fc 071bf77fdf3c4bf9bb9d2414ab104075 63e88f4089f2429b879653c46467b5a4 - - default default] Successfully bumped revision number for resource 379dadeb-7c7d-4415-a508-21ab8bdb17a8 (type: security_groups) to 1
2026-04-28 23:30:26.924 10 INFO neutron.db.ovn_revision_numbers_db [req-6a1c11fa-b289-4221-b260-98b3ced280df req-9367d5f4-a88a-4748-b2dc-e6809c5971fc 071bf77fdf3c4bf9bb9d2414ab104075 63e88f4089f2429b879653c46467b5a4 - - default default] Successfully bumped revision number for resource 19cbe1d9-2cac-40dc-9c32-28ad56dce188 (type: security_group_rules) to 0
2026-04-28 23:30:26.947 10 INFO neutron.db.ovn_revision_numbers_db [req-6a1c11fa-b289-4221-b260-98b3ced280df req-9367d5f4-a88a-4748-b2dc-e6809c5971fc 071bf77fdf3c4bf9bb9d2414ab104075 63e88f4089f2429b879653c46467b5a4 - - default default] Successfully bumped revision number for resource c1f59bd3-3cfa-415a-9479-4bcf2dc8bdde (type: security_group_rules) to 0
2026-04-28 23:30:26.975 10 INFO neutron.db.ovn_revision_numbers_db [None req-ff9cc0eb-afca-48f1-90c3-dfc7963632a9 - - - - - -] Successfully bumped revision number for resource 53998436-346c-4da3-ba04-7f868677373d (type: router_ports) to 4
2026-04-28 23:30:26.989 10 INFO neutron.wsgi [req-6a1c11fa-b289-4221-b260-98b3ced280df req-9367d5f4-a88a-4748-b2dc-e6809c5971fc 071bf77fdf3c4bf9bb9d2414ab104075 63e88f4089f2429b879653c46467b5a4 - - default default] 10.0.0.82 "POST /v2.0/security-groups HTTP/1.1" status: 201 len: 1821 time: 0.2501175
2026-04-28 23:30:27.037 9 INFO neutron.db.ovn_revision_numbers_db [None req-521c567f-0a7f-453f-a7c3-12215e3b1f47 d9949a3886b94522933392f3b7c5d2c3 caf4c065f9414a01b9e06ee8ba75c5ce - - default default] Successfully bumped revision number for resource 3f2a94ca-b7ef-448a-adcb-dd13d2ceb211 (type: router_ports) to 1
2026-04-28 23:30:27.041 10 INFO neutron.plugins.ml2.drivers.ovn.mech_driver.ovsdb.ovsdb_monitor [None req-ff9cc0eb-afca-48f1-90c3-dfc7963632a9 - - - - - -] Router e86391f4-4408-422e-9bfc-00ddc9b5d706 is bound to host instance
2026-04-28 23:30:27.105 9 INFO neutron.wsgi [req-a45a4fc1-67ef-4ca7-9bba-72fb39e55494 req-70806ecb-9e55-4b63-a1d5-7b82205fb88d 071bf77fdf3c4bf9bb9d2414ab104075 63e88f4089f2429b879653c46467b5a4 - - default default] 10.0.0.82 "GET /v2.0/security-groups?tenant_id=63e88f4089f2429b879653c46467b5a4 HTTP/1.1" status: 200 len: 7791 time: 0.0740225
2026-04-28 23:30:27.124 9 INFO neutron.db.ovn_revision_numbers_db [None req-521c567f-0a7f-453f-a7c3-12215e3b1f47 d9949a3886b94522933392f3b7c5d2c3 caf4c065f9414a01b9e06ee8ba75c5ce - - default default] Successfully bumped revision number for resource e86391f4-4408-422e-9bfc-00ddc9b5d706 (type: routers) to 2
2026-04-28 23:30:27.138 9 INFO neutron.wsgi [req-a45a4fc1-67ef-4ca7-9bba-72fb39e55494 req-810fd2b4-c709-4a64-a026-827953836bd2 071bf77fdf3c4bf9bb9d2414ab104075 63e88f4089f2429b879653c46467b5a4 - - default default] 10.0.0.82 "GET /v2.0/security-groups/e631c81b-da36-4bd8-b2fa-3259305434d0 HTTP/1.1" status: 200 len: 2994 time: 0.0270073
2026-04-28 23:30:27.141 9 INFO neutron.wsgi [None req-521c567f-0a7f-453f-a7c3-12215e3b1f47 d9949a3886b94522933392f3b7c5d2c3 caf4c065f9414a01b9e06ee8ba75c5ce - - default default] 10.0.0.216 "POST /v2.0/routers HTTP/1.1" status: 201 len: 877 time: 2.1463668
2026-04-28 23:30:27.204 9 INFO neutron.wsgi [req-a45a4fc1-67ef-4ca7-9bba-72fb39e55494 req-ea55b09b-6cba-4e8b-b5cf-363fecde11b9 071bf77fdf3c4bf9bb9d2414ab104075 63e88f4089f2429b879653c46467b5a4 - - default default] 10.0.0.82 "GET /v2.0/security-groups/e631c81b-da36-4bd8-b2fa-3259305434d0 HTTP/1.1" status: 200 len: 2994 time: 0.0485642
2026-04-28 23:30:27.307 10 INFO neutron.db.ovn_revision_numbers_db [None req-7341fb0a-c069-4d8c-88fe-4d5a984b5e90 33dacf7cef16482e9a92e8caca33197f 7dc8fc4055ce46da897e4fc48fe258fa - - default default] Successfully bumped revision number for resource a483158f-85dd-4df9-a37d-d92870cf8414 (type: security_groups) to 1
2026-04-28 23:30:27.334 10 INFO neutron.wsgi [req-844682bb-143c-4b22-a85f-cbd8d40e568a req-aa617f52-55da-45d4-8dcd-c4557a868940 071bf77fdf3c4bf9bb9d2414ab104075 63e88f4089f2429b879653c46467b5a4 - - default default] 10.0.0.82 "GET /v2.0/security-groups/1decd834-9f0e-46cb-9ecb-bfe05add38ce HTTP/1.1" status: 200 len: 1815 time: 0.0547950
2026-04-28 23:30:27.335 10 INFO neutron.db.ovn_revision_numbers_db [None req-7341fb0a-c069-4d8c-88fe-4d5a984b5e90 33dacf7cef16482e9a92e8caca33197f 7dc8fc4055ce46da897e4fc48fe258fa - - default default] Successfully bumped revision number for resource 530aade6-7792-4078-a4a9-864db292da0d (type: security_group_rules) to 0
2026-04-28 23:30:27.366 10 INFO neutron.db.ovn_revision_numbers_db [None req-7341fb0a-c069-4d8c-88fe-4d5a984b5e90 33dacf7cef16482e9a92e8caca33197f 7dc8fc4055ce46da897e4fc48fe258fa - - default default] Successfully bumped revision number for resource bc120b9f-4bd7-4d52-b569-697c9b871bd2 (type: security_group_rules) to 0
2026-04-28 23:30:27.397 10 INFO neutron.wsgi [None req-7341fb0a-c069-4d8c-88fe-4d5a984b5e90 33dacf7cef16482e9a92e8caca33197f 7dc8fc4055ce46da897e4fc48fe258fa - - default default] 10.0.0.216 "POST /v2.0/security-groups HTTP/1.1" status: 201 len: 1796 time: 0.3784807
2026-04-28 23:30:27.517 9 INFO neutron.db.ovn_revision_numbers_db [req-5ed5bae7-c776-49af-a68b-09f434bd5a1c req-cefa66ee-aaf2-4c16-9f94-d0bfa3fddae6 93ceb048109b44988d15c37c5a19c1b2 6568ef67884d4a80882eb8b296db058d - - default default] Successfully bumped revision number for resource cf31ed17-54ce-4f7a-ba89-becff0efe6de (type: security_groups) to 1
2026-04-28 23:30:27.547 9 INFO neutron.db.ovn_revision_numbers_db [req-5ed5bae7-c776-49af-a68b-09f434bd5a1c req-cefa66ee-aaf2-4c16-9f94-d0bfa3fddae6 93ceb048109b44988d15c37c5a19c1b2 6568ef67884d4a80882eb8b296db058d - - default default] Successfully bumped revision number for resource 33527957-9908-4433-bb6c-08b75d23acc1 (type: security_group_rules) to 0
2026-04-28 23:30:27.547 10 INFO neutron.wsgi [req-844682bb-143c-4b22-a85f-cbd8d40e568a req-15430a78-7f78-47b3-870f-4e945f7c376a 071bf77fdf3c4bf9bb9d2414ab104075 63e88f4089f2429b879653c46467b5a4 - - default default] 10.0.0.82 "DELETE /v2.0/security-groups/1decd834-9f0e-46cb-9ecb-bfe05add38ce HTTP/1.1" status: 204 len: 173 time: 0.2096522
2026-04-28 23:30:27.561 9 INFO neutron.db.ovn_revision_numbers_db [req-5ed5bae7-c776-49af-a68b-09f434bd5a1c req-cefa66ee-aaf2-4c16-9f94-d0bfa3fddae6 93ceb048109b44988d15c37c5a19c1b2 6568ef67884d4a80882eb8b296db058d - - default default] Successfully bumped revision number for resource 3d100962-1d0e-4ce3-8156-4c8315cfdf0b (type: security_group_rules) to 0
2026-04-28 23:30:27.586 9 INFO neutron.wsgi [req-5ed5bae7-c776-49af-a68b-09f434bd5a1c req-cefa66ee-aaf2-4c16-9f94-d0bfa3fddae6 93ceb048109b44988d15c37c5a19c1b2 6568ef67884d4a80882eb8b296db058d - - default default] 10.0.0.82 "POST /v2.0/security-groups HTTP/1.1" status: 201 len: 1826 time: 0.1928265
2026-04-28 23:30:27.605 10 INFO neutron.api.v2.resource [req-109afa3d-6829-4278-8371-8857bdeffafb req-210c1e6f-a4ab-4b16-978a-d8022d81fc8f 071bf77fdf3c4bf9bb9d2414ab104075 63e88f4089f2429b879653c46467b5a4 - - default default] show failed (client error): The resource could not be found.
2026-04-28 23:30:27.606 10 INFO neutron.wsgi [req-109afa3d-6829-4278-8371-8857bdeffafb req-210c1e6f-a4ab-4b16-978a-d8022d81fc8f 071bf77fdf3c4bf9bb9d2414ab104075 63e88f4089f2429b879653c46467b5a4 - - default default] 10.0.0.82 "GET /v2.0/security-groups/1decd834-9f0e-46cb-9ecb-bfe05add38ce HTTP/1.1" status: 404 len: 352 time: 0.0371916
2026-04-28 23:30:27.636 10 INFO neutron.db.ovn_revision_numbers_db [None req-8db06aeb-bc5a-4974-b207-f56e9e7bac8b 33dacf7cef16482e9a92e8caca33197f 7dc8fc4055ce46da897e4fc48fe258fa - - default default] Successfully bumped revision number for resource 379d4266-3641-4229-afa7-5b8cc06e1c33 (type: security_group_rules) to 0
2026-04-28 23:30:27.649 9 INFO neutron.wsgi [req-d615763f-98fb-42b0-a807-22dc0b032dd5 req-31eed530-ea65-45b2-8374-7a8fbddb858e 93ceb048109b44988d15c37c5a19c1b2 6568ef67884d4a80882eb8b296db058d - - default default] 10.0.0.82 "GET /v2.0/security-groups/cf31ed17-54ce-4f7a-ba89-becff0efe6de HTTP/1.1" status: 200 len: 1821 time: 0.0334160
2026-04-28 23:30:27.680 10 INFO neutron.wsgi [req-f22cea50-663e-4e78-b558-7c27df2cbd88 req-06a579db-5faf-4606-98df-ce9aada3c420 071bf77fdf3c4bf9bb9d2414ab104075 63e88f4089f2429b879653c46467b5a4 - - default default] 10.0.0.82 "GET /v2.0/security-groups/3fe7164e-127c-40cb-9b7e-f534feeb1a36 HTTP/1.1" status: 200 len: 1817 time: 0.0549078
2026-04-28 23:30:27.685 10 INFO neutron.wsgi [None req-8db06aeb-bc5a-4974-b207-f56e9e7bac8b 33dacf7cef16482e9a92e8caca33197f 7dc8fc4055ce46da897e4fc48fe258fa - - default default] 10.0.0.216 "POST /v2.0/security-group-rules HTTP/1.1" status: 201 len: 764 time: 0.2816405
2026-04-28 23:30:27.750 9 WARNING neutron.scheduler.dhcp_agent_scheduler [None req-92a202da-5298-4d65-9593-23629137217c d9949a3886b94522933392f3b7c5d2c3 caf4c065f9414a01b9e06ee8ba75c5ce - - default default] No more DHCP agents
2026-04-28 23:30:27.753 9 WARNING neutron.api.rpc.agentnotifiers.dhcp_rpc_agent_api [None req-92a202da-5298-4d65-9593-23629137217c d9949a3886b94522933392f3b7c5d2c3 caf4c065f9414a01b9e06ee8ba75c5ce - - default default] Unable to schedule network 96b613c2-732a-4ce3-8518-e40dd23db32c: no agents available; will retry on subsequent port and subnet creation events.
2026-04-28 23:30:27.801 9 INFO neutron.db.ovn_revision_numbers_db [req-d615763f-98fb-42b0-a807-22dc0b032dd5 req-b8a49e02-9859-41a9-85ef-1bcdcf297e0d 93ceb048109b44988d15c37c5a19c1b2 6568ef67884d4a80882eb8b296db058d - - default default] Successfully bumped revision number for resource 3963d1c3-bc9e-4fc7-8eb8-d05b829dad14 (type: security_group_rules) to 0
2026-04-28 23:30:27.842 9 INFO neutron.wsgi [req-d615763f-98fb-42b0-a807-22dc0b032dd5 req-b8a49e02-9859-41a9-85ef-1bcdcf297e0d 93ceb048109b44988d15c37c5a19c1b2 6568ef67884d4a80882eb8b296db058d - - default default] 10.0.0.82 "POST /v2.0/security-group-rules HTTP/1.1" status: 201 len: 786 time: 0.1831920
2026-04-28 23:30:27.882 10 INFO neutron.db.ovn_revision_numbers_db [None req-ff9cc0eb-afca-48f1-90c3-dfc7963632a9 - - - - - -] Successfully bumped revision number for resource 3f2a94ca-b7ef-448a-adcb-dd13d2ceb211 (type: ports) to 1
2026-04-28 23:30:27.896 9 INFO neutron.db.ovn_revision_numbers_db [None req-92a202da-5298-4d65-9593-23629137217c d9949a3886b94522933392f3b7c5d2c3 caf4c065f9414a01b9e06ee8ba75c5ce - - default default] Successfully bumped revision number for resource 57a75123-e18d-41ab-b041-31682702176d (type: ports) to 1
2026-04-28 23:30:27.908 10 INFO neutron.wsgi [req-f22cea50-663e-4e78-b558-7c27df2cbd88 req-74b83237-186a-4b0a-b801-55b9a32df592 071bf77fdf3c4bf9bb9d2414ab104075 63e88f4089f2429b879653c46467b5a4 - - default default] 10.0.0.82 "DELETE /v2.0/security-groups/3fe7164e-127c-40cb-9b7e-f534feeb1a36 HTTP/1.1" status: 204 len: 173 time: 0.2150943
2026-04-28 23:30:27.917 10 INFO neutron.db.ovn_revision_numbers_db [None req-992b7893-2655-4715-9de9-6ee04c4e84f7 33dacf7cef16482e9a92e8caca33197f 7dc8fc4055ce46da897e4fc48fe258fa - - default default] Successfully bumped revision number for resource ba5cc905-fa37-4f9b-85b5-5d41ac527bce (type: security_group_rules) to 0
2026-04-28 23:30:27.944 10 INFO neutron.api.v2.resource [req-18653fe7-dc4e-4f67-8f21-ab9c886d2ebc req-f198c740-f87c-40c3-af13-dfdd9732d68c 071bf77fdf3c4bf9bb9d2414ab104075 63e88f4089f2429b879653c46467b5a4 - - default default] show failed (client error): The resource could not be found.
2026-04-28 23:30:27.945 10 INFO neutron.wsgi [req-18653fe7-dc4e-4f67-8f21-ab9c886d2ebc req-f198c740-f87c-40c3-af13-dfdd9732d68c 071bf77fdf3c4bf9bb9d2414ab104075 63e88f4089f2429b879653c46467b5a4 - - default default] 10.0.0.82 "GET /v2.0/security-groups/3fe7164e-127c-40cb-9b7e-f534feeb1a36 HTTP/1.1" status: 404 len: 352 time: 0.0193479
2026-04-28 23:30:27.960 10 INFO neutron.wsgi [None req-992b7893-2655-4715-9de9-6ee04c4e84f7 33dacf7cef16482e9a92e8caca33197f 7dc8fc4055ce46da897e4fc48fe258fa - - default default] 10.0.0.216 "POST /v2.0/security-group-rules HTTP/1.1" status: 201 len: 769 time: 0.2701466
2026-04-28 23:30:28.001 9 INFO neutron.db.ovn_revision_numbers_db [req-2bbfe73e-dc68-456b-830e-2f28afa91729 req-cd9c4a90-3af5-49a6-9fa5-1c0742007e90 93ceb048109b44988d15c37c5a19c1b2 6568ef67884d4a80882eb8b296db058d - - default default] Successfully bumped revision number for resource ee275202-267d-429a-ace3-f931be7326e0 (type: security_groups) to 1
2026-04-28 23:30:28.015 9 INFO neutron.db.ovn_revision_numbers_db [req-2bbfe73e-dc68-456b-830e-2f28afa91729 req-cd9c4a90-3af5-49a6-9fa5-1c0742007e90 93ceb048109b44988d15c37c5a19c1b2 6568ef67884d4a80882eb8b296db058d - - default default] Successfully bumped revision number for resource 2caa0895-84b0-4e44-a3e5-4345e3bd8e78 (type: security_group_rules) to 0
2026-04-28 23:30:28.033 9 INFO neutron.db.ovn_revision_numbers_db [req-2bbfe73e-dc68-456b-830e-2f28afa91729 req-cd9c4a90-3af5-49a6-9fa5-1c0742007e90 93ceb048109b44988d15c37c5a19c1b2 6568ef67884d4a80882eb8b296db058d - - default default] Successfully bumped revision number for resource be55938c-cd50-4ecd-a482-2719fdce9698 (type: security_group_rules) to 0
2026-04-28 23:30:28.041 10 INFO neutron.wsgi [req-2f6409fe-6b22-4e20-bc18-8298c0b79f8f req-00c7c915-62e2-40ba-b26b-06c377d5f72a 071bf77fdf3c4bf9bb9d2414ab104075 63e88f4089f2429b879653c46467b5a4 - - default default] 10.0.0.82 "GET /v2.0/security-groups/379dadeb-7c7d-4415-a508-21ab8bdb17a8 HTTP/1.1" status: 200 len: 1816 time: 0.0700130
2026-04-28 23:30:28.054 9 INFO neutron.wsgi [req-2bbfe73e-dc68-456b-830e-2f28afa91729 req-cd9c4a90-3af5-49a6-9fa5-1c0742007e90 93ceb048109b44988d15c37c5a19c1b2 6568ef67884d4a80882eb8b296db058d - - default default] 10.0.0.82 "POST /v2.0/security-groups HTTP/1.1" status: 201 len: 1825 time: 0.1823053
2026-04-28 23:30:28.118 9 INFO neutron.wsgi [req-64904de3-f07a-4da1-9860-182d1863fb28 req-0ee5df91-7ed9-41e9-ac92-4194aef35c6b 93ceb048109b44988d15c37c5a19c1b2 6568ef67884d4a80882eb8b296db058d - - default default] 10.0.0.82 "GET /v2.0/security-groups/ee275202-267d-429a-ace3-f931be7326e0 HTTP/1.1" status: 200 len: 1820 time: 0.0382977
2026-04-28 23:30:28.296 9 INFO neutron.db.ovn_revision_numbers_db [req-64904de3-f07a-4da1-9860-182d1863fb28 req-fff0f876-dc00-4466-9fe6-647332cc3ad4 93ceb048109b44988d15c37c5a19c1b2 6568ef67884d4a80882eb8b296db058d - - default default] Successfully bumped revision number for resource 64033426-bd38-4994-bcd7-9ccd86f5b829 (type: security_group_rules) to 0
2026-04-28 23:30:28.319 10 INFO neutron.wsgi [req-2f6409fe-6b22-4e20-bc18-8298c0b79f8f req-4e6b53e1-4395-4293-ae0a-5a3b6009eaeb 071bf77fdf3c4bf9bb9d2414ab104075 63e88f4089f2429b879653c46467b5a4 - - default default] 10.0.0.82 "DELETE /v2.0/security-groups/379dadeb-7c7d-4415-a508-21ab8bdb17a8 HTTP/1.1" status: 204 len: 173 time: 0.2680199
2026-04-28 23:30:28.329 9 INFO neutron.wsgi [req-64904de3-f07a-4da1-9860-182d1863fb28 req-fff0f876-dc00-4466-9fe6-647332cc3ad4 93ceb048109b44988d15c37c5a19c1b2 6568ef67884d4a80882eb8b296db058d - - default default] 10.0.0.82 "POST /v2.0/security-group-rules HTTP/1.1" status: 201 len: 786 time: 0.1998265
2026-04-28 23:30:28.342 9 INFO neutron.db.ovn_revision_numbers_db [None req-92a202da-5298-4d65-9593-23629137217c d9949a3886b94522933392f3b7c5d2c3 caf4c065f9414a01b9e06ee8ba75c5ce - - default default] Successfully bumped revision number for resource 57a75123-e18d-41ab-b041-31682702176d (type: router_ports) to 1
2026-04-28 23:30:28.363 10 INFO neutron.api.v2.resource [req-0cbbde73-3e85-4452-ae1d-19efed985242 req-89201575-165f-406a-944a-e487ebcdfcc0 071bf77fdf3c4bf9bb9d2414ab104075 63e88f4089f2429b879653c46467b5a4 - - default default] show failed (client error): The resource could not be found.
2026-04-28 23:30:28.364 10 INFO neutron.wsgi [req-0cbbde73-3e85-4452-ae1d-19efed985242 req-89201575-165f-406a-944a-e487ebcdfcc0 071bf77fdf3c4bf9bb9d2414ab104075 63e88f4089f2429b879653c46467b5a4 - - default default] 10.0.0.82 "GET /v2.0/security-groups/379dadeb-7c7d-4415-a508-21ab8bdb17a8 HTTP/1.1" status: 404 len: 352 time: 0.0264215
2026-04-28 23:30:28.381 10 INFO neutron.db.ovn_revision_numbers_db [None req-ff9cc0eb-afca-48f1-90c3-dfc7963632a9 - - - - - -] Successfully bumped revision number for resource 3f2a94ca-b7ef-448a-adcb-dd13d2ceb211 (type: router_ports) to 3
2026-04-28 23:30:28.390 9 INFO neutron.wsgi [req-4e76b0ba-77b1-4590-96ef-0ae47bb5ed18 req-a31e7c6e-6aad-4ba9-bfd2-f4890d2212b1 93ceb048109b44988d15c37c5a19c1b2 6568ef67884d4a80882eb8b296db058d - - default default] 10.0.0.82 "GET /v2.0/security-groups/ee275202-267d-429a-ace3-f931be7326e0 HTTP/1.1" status: 200 len: 2413 time: 0.0342410
2026-04-28 23:30:28.480 9 INFO neutron.db.ovn_revision_numbers_db [None req-92a202da-5298-4d65-9593-23629137217c d9949a3886b94522933392f3b7c5d2c3 caf4c065f9414a01b9e06ee8ba75c5ce - - default default] Successfully bumped revision number for resource 57a75123-e18d-41ab-b041-31682702176d (type: ports) to 1
2026-04-28 23:30:28.544 9 INFO neutron.db.ovn_revision_numbers_db [req-4e76b0ba-77b1-4590-96ef-0ae47bb5ed18 req-78a16b04-9304-494d-970a-e1f271f8ebbb 93ceb048109b44988d15c37c5a19c1b2 6568ef67884d4a80882eb8b296db058d - - default default] Successfully bumped revision number for resource d1f57db5-7796-4a5b-94e9-cdfa7b6c94df (type: security_group_rules) to 0
2026-04-28 23:30:28.546 9 WARNING neutron.scheduler.dhcp_agent_scheduler [None req-92a202da-5298-4d65-9593-23629137217c d9949a3886b94522933392f3b7c5d2c3 caf4c065f9414a01b9e06ee8ba75c5ce - - default default] No more DHCP agents
2026-04-28 23:30:28.549 10 WARNING neutron.scheduler.dhcp_agent_scheduler [None req-1f5460c4-bdd2-4b4d-b939-67da7ac243b3 33dacf7cef16482e9a92e8caca33197f 7dc8fc4055ce46da897e4fc48fe258fa - - default default] No more DHCP agents
2026-04-28 23:30:28.550 9 WARNING neutron.api.rpc.agentnotifiers.dhcp_rpc_agent_api [None req-92a202da-5298-4d65-9593-23629137217c d9949a3886b94522933392f3b7c5d2c3 caf4c065f9414a01b9e06ee8ba75c5ce - - default default] Unable to schedule network 96b613c2-732a-4ce3-8518-e40dd23db32c: no agents available; will retry on subsequent port and subnet creation events.
2026-04-28 23:30:28.555 10 WARNING neutron.api.rpc.agentnotifiers.dhcp_rpc_agent_api [None req-1f5460c4-bdd2-4b4d-b939-67da7ac243b3 33dacf7cef16482e9a92e8caca33197f 7dc8fc4055ce46da897e4fc48fe258fa - - default default] Unable to schedule network b62a734d-eb7d-4c80-ad9c-6ecac9e2e701: no agents available; will retry on subsequent port and subnet creation events.
2026-04-28 23:30:28.562 10 INFO neutron.wsgi [req-1893cdd1-60af-419a-816e-28384407ad18 req-b0ef46d0-b5a3-48a5-b3ab-7d9efaa1a4e3 071bf77fdf3c4bf9bb9d2414ab104075 63e88f4089f2429b879653c46467b5a4 - - default default] 10.0.0.82 "GET /v2.0/security-groups?tenant_id=63e88f4089f2429b879653c46467b5a4 HTTP/1.1" status: 200 len: 2997 time: 0.1729205
2026-04-28 23:30:28.578 9 INFO neutron.wsgi [req-4e76b0ba-77b1-4590-96ef-0ae47bb5ed18 req-78a16b04-9304-494d-970a-e1f271f8ebbb 93ceb048109b44988d15c37c5a19c1b2 6568ef67884d4a80882eb8b296db058d - - default default] 10.0.0.82 "POST /v2.0/security-group-rules HTTP/1.1" status: 201 len: 791 time: 0.1792433
2026-04-28 23:30:28.629 10 INFO neutron.wsgi [req-1893cdd1-60af-419a-816e-28384407ad18 req-182779d5-d97c-44aa-a43a-74a3510d528e 071bf77fdf3c4bf9bb9d2414ab104075 63e88f4089f2429b879653c46467b5a4 - - default default] 10.0.0.82 "GET /v2.0/security-groups/e631c81b-da36-4bd8-b2fa-3259305434d0 HTTP/1.1" status: 200 len: 2994 time: 0.0553713
2026-04-28 23:30:28.642 9 INFO neutron.wsgi [req-0cc1a421-6de2-48a8-b057-856a37e84945 req-6ea85a9f-3810-4f90-a6b3-a2d74217aa93 93ceb048109b44988d15c37c5a19c1b2 6568ef67884d4a80882eb8b296db058d - - default default] 10.0.0.82 "GET /v2.0/security-groups/ee275202-267d-429a-ace3-f931be7326e0 HTTP/1.1" status: 200 len: 3011 time: 0.0317109
2026-04-28 23:30:28.692 9 INFO neutron.wsgi [req-562bcd8a-2576-4518-b287-7b256d014a97 req-953e2549-154f-48f0-96fb-3aceb85d9802 93ceb048109b44988d15c37c5a19c1b2 6568ef67884d4a80882eb8b296db058d - - default default] 10.0.0.82 "GET /v2.0/security-group-rules/d1f57db5-7796-4a5b-94e9-cdfa7b6c94df HTTP/1.1" status: 200 len: 783 time: 0.0212209
2026-04-28 23:30:28.700 10 INFO neutron.wsgi [req-1893cdd1-60af-419a-816e-28384407ad18 req-d5fe232a-262e-46d0-a679-b29b8ebefea5 071bf77fdf3c4bf9bb9d2414ab104075 63e88f4089f2429b879653c46467b5a4 - - default default] 10.0.0.82 "GET /v2.0/security-groups/e631c81b-da36-4bd8-b2fa-3259305434d0 HTTP/1.1" status: 200 len: 2994 time: 0.0606179
2026-04-28 23:30:28.730 10 INFO neutron.db.ovn_revision_numbers_db [None req-ff9cc0eb-afca-48f1-90c3-dfc7963632a9 - - - - - -] Successfully bumped revision number for resource 3f2a94ca-b7ef-448a-adcb-dd13d2ceb211 (type: ports) to 2
2026-04-28 23:30:28.746 9 INFO neutron.wsgi [req-562bcd8a-2576-4518-b287-7b256d014a97 req-fd922cdc-6399-445b-aeea-a2d5a969df55 93ceb048109b44988d15c37c5a19c1b2 6568ef67884d4a80882eb8b296db058d - - default default] 10.0.0.82 "GET /v2.0/security-groups/ee275202-267d-429a-ace3-f931be7326e0 HTTP/1.1" status: 200 len: 3011 time: 0.0464308
2026-04-28 23:30:28.750 10 INFO neutron.api.v2.resource [req-7e06d7ba-9dac-4b00-af17-05d48b4d77c4 req-d9869484-c8b4-4924-87d1-5357285eb0fa 071bf77fdf3c4bf9bb9d2414ab104075 63e88f4089f2429b879653c46467b5a4 - - default default] show failed (client error): The resource could not be found.
2026-04-28 23:30:28.751 10 INFO neutron.wsgi [req-7e06d7ba-9dac-4b00-af17-05d48b4d77c4 req-d9869484-c8b4-4924-87d1-5357285eb0fa 071bf77fdf3c4bf9bb9d2414ab104075 63e88f4089f2429b879653c46467b5a4 - - default default] 10.0.0.82 "GET /v2.0/security-groups/379dadeb-7c7d-4415-a508-21ab8bdb17a8 HTTP/1.1" status: 404 len: 352 time: 0.0161722
2026-04-28 23:30:28.814 10 INFO neutron.api.v2.resource [req-c78b32f9-e665-481c-b19f-b2ca3f6456b2 req-2399147e-bb45-4e51-b927-2f6edec1ad98 071bf77fdf3c4bf9bb9d2414ab104075 63e88f4089f2429b879653c46467b5a4 - - default default] show failed (client error): The resource could not be found.
2026-04-28 23:30:28.815 10 INFO neutron.wsgi [req-c78b32f9-e665-481c-b19f-b2ca3f6456b2 req-2399147e-bb45-4e51-b927-2f6edec1ad98 071bf77fdf3c4bf9bb9d2414ab104075 63e88f4089f2429b879653c46467b5a4 - - default default] 10.0.0.82 "GET /v2.0/security-groups/3fe7164e-127c-40cb-9b7e-f534feeb1a36 HTTP/1.1" status: 404 len: 352 time: 0.0267475
2026-04-28 23:30:28.847 10 INFO neutron.api.v2.resource [req-5a908f05-4aa5-49c6-bb40-097bc0f7620c req-ec9f03f7-11db-4931-8d17-59776f999e97 071bf77fdf3c4bf9bb9d2414ab104075 63e88f4089f2429b879653c46467b5a4 - - default default] show failed (client error): The resource could not be found.
2026-04-28 23:30:28.848 10 INFO neutron.wsgi [req-5a908f05-4aa5-49c6-bb40-097bc0f7620c req-ec9f03f7-11db-4931-8d17-59776f999e97 071bf77fdf3c4bf9bb9d2414ab104075 63e88f4089f2429b879653c46467b5a4 - - default default] 10.0.0.82 "GET /v2.0/security-groups/1decd834-9f0e-46cb-9ecb-bfe05add38ce HTTP/1.1" status: 404 len: 352 time: 0.0140121
2026-04-28 23:30:28.975 10 INFO neutron.db.ovn_revision_numbers_db [None req-1f5460c4-bdd2-4b4d-b939-67da7ac243b3 33dacf7cef16482e9a92e8caca33197f 7dc8fc4055ce46da897e4fc48fe258fa - - default default] Successfully bumped revision number for resource 77aa3223-5d3d-44fe-a909-de1993ce3f75 (type: floatingips) to 0
2026-04-28 23:30:28.996 10 INFO neutron.wsgi [None req-1f5460c4-bdd2-4b4d-b939-67da7ac243b3 33dacf7cef16482e9a92e8caca33197f 7dc8fc4055ce46da897e4fc48fe258fa - - default default] 10.0.0.216 "POST /v2.0/floatingips HTTP/1.1" status: 201 len: 751 time: 1.0273547
2026-04-28 23:30:29.039 9 INFO neutron.wsgi [req-562bcd8a-2576-4518-b287-7b256d014a97 req-d3b3e3c1-3fcd-409d-b7f1-0853c6ab2a83 93ceb048109b44988d15c37c5a19c1b2 6568ef67884d4a80882eb8b296db058d - - default default] 10.0.0.82 "DELETE /v2.0/security-group-rules/d1f57db5-7796-4a5b-94e9-cdfa7b6c94df HTTP/1.1" status: 204 len: 173 time: 0.2839484
2026-04-28 23:30:29.052 10 INFO neutron.db.ovn_revision_numbers_db [None req-ff9cc0eb-afca-48f1-90c3-dfc7963632a9 - - - - - -] Successfully bumped revision number for resource 3f2a94ca-b7ef-448a-adcb-dd13d2ceb211 (type: ports) to 4
2026-04-28 23:30:29.120 10 INFO neutron.wsgi [req-5494c68f-ffaa-4d28-9ede-3fe45e23095e req-7c8a8db1-89f8-4fcf-814e-e34b2ab1d1ec 93ceb048109b44988d15c37c5a19c1b2 6568ef67884d4a80882eb8b296db058d - - default default] 10.0.0.82 "GET /v2.0/security-groups/ee275202-267d-429a-ace3-f931be7326e0 HTTP/1.1" status: 200 len: 2413 time: 0.0550854
2026-04-28 23:30:29.287 10 INFO neutron.wsgi [req-5494c68f-ffaa-4d28-9ede-3fe45e23095e req-ce37e0e6-34d1-4a87-b061-ad2de033833d 93ceb048109b44988d15c37c5a19c1b2 6568ef67884d4a80882eb8b296db058d - - default default] 10.0.0.82 "DELETE /v2.0/security-groups/ee275202-267d-429a-ace3-f931be7326e0 HTTP/1.1" status: 204 len: 173 time: 0.1536763
2026-04-28 23:30:29.324 10 INFO neutron.db.ovn_revision_numbers_db [None req-ff9cc0eb-afca-48f1-90c3-dfc7963632a9 - - - - - -] Successfully bumped revision number for resource 3f2a94ca-b7ef-448a-adcb-dd13d2ceb211 (type: router_ports) to 4
2026-04-28 23:30:29.371 9 INFO neutron.wsgi [req-f5b4d3a9-2dce-4dd5-bcf7-a58fa3b2ac85 req-be2ad4db-c3f0-4c80-9019-353cc015413e 93ceb048109b44988d15c37c5a19c1b2 6568ef67884d4a80882eb8b296db058d - - default default] 10.0.0.82 "GET /v2.0/security-groups/cf31ed17-54ce-4f7a-ba89-becff0efe6de HTTP/1.1" status: 200 len: 2414 time: 0.0615802
2026-04-28 23:30:29.608 9 INFO neutron.wsgi [req-f5b4d3a9-2dce-4dd5-bcf7-a58fa3b2ac85 req-61887a95-c269-48ae-94d3-13ffad6471e4 93ceb048109b44988d15c37c5a19c1b2 6568ef67884d4a80882eb8b296db058d - - default default] 10.0.0.82 "DELETE /v2.0/security-groups/cf31ed17-54ce-4f7a-ba89-becff0efe6de HTTP/1.1" status: 204 len: 173 time: 0.2264700
2026-04-28 23:30:29.629 9 WARNING neutron.plugins.ml2.drivers.ovn.mech_driver.ovsdb.ovn_client [None req-20776235-b1e3-41ef-bf45-185eabcd187b - - - - - -] No port found with ID bc0f5cdb-ce4e-4158-ac18-c4214403b7d5: RuntimeError: No port found with ID bc0f5cdb-ce4e-4158-ac18-c4214403b7d5
2026-04-28 23:30:29.629 9 INFO neutron.plugins.ml2.drivers.ovn.mech_driver.mech_driver [None req-20776235-b1e3-41ef-bf45-185eabcd187b - - - - - -] OVN reports status up for port: 3f2a94ca-b7ef-448a-adcb-dd13d2ceb211
2026-04-28 23:30:29.653 9 INFO neutron.plugins.ml2.plugin [None req-20776235-b1e3-41ef-bf45-185eabcd187b - - - - - -] Attempt 1 to provision port 3f2a94ca-b7ef-448a-adcb-dd13d2ceb211
2026-04-28 23:30:29.686 9 INFO neutron.db.ovn_revision_numbers_db [None req-92a202da-5298-4d65-9593-23629137217c d9949a3886b94522933392f3b7c5d2c3 caf4c065f9414a01b9e06ee8ba75c5ce - - default default] Successfully bumped revision number for resource 57a75123-e18d-41ab-b041-31682702176d (type: router_ports) to 1
2026-04-28 23:30:29.688 9 INFO neutron.wsgi [None req-92a202da-5298-4d65-9593-23629137217c d9949a3886b94522933392f3b7c5d2c3 caf4c065f9414a01b9e06ee8ba75c5ce - - default default] 10.0.0.216 "PUT /v2.0/routers/e86391f4-4408-422e-9bfc-00ddc9b5d706/add_router_interface HTTP/1.1" status: 200 len: 503 time: 2.5396798
2026-04-28 23:30:29.840 9 INFO neutron.plugins.ml2.drivers.ovn.mech_driver.mech_driver [None req-20776235-b1e3-41ef-bf45-185eabcd187b - - - - - -] OVN reports status up for port: 57a75123-e18d-41ab-b041-31682702176d
2026-04-28 23:30:29.850 9 INFO neutron.plugins.ml2.plugin [None req-20776235-b1e3-41ef-bf45-185eabcd187b - - - - - -] Attempt 1 to provision port 57a75123-e18d-41ab-b041-31682702176d
2026-04-28 23:30:30.222 9 INFO neutron.db.ovn_revision_numbers_db [None req-20776235-b1e3-41ef-bf45-185eabcd187b - - - - - -] Successfully bumped revision number for resource 57a75123-e18d-41ab-b041-31682702176d (type: ports) to 2
2026-04-28 23:30:30.441 9 INFO neutron.db.ovn_revision_numbers_db [None req-20776235-b1e3-41ef-bf45-185eabcd187b - - - - - -] Successfully bumped revision number for resource 57a75123-e18d-41ab-b041-31682702176d (type: router_ports) to 2
2026-04-28 23:30:30.454 9 INFO neutron.db.ovn_revision_numbers_db [None req-4f59e6aa-8342-4712-bf24-75241a9dbe6f 41579dd19ea742ee9e23fc0e9f34bac8 f10eda349e71482fa620e57da0242db6 - - default default] Successfully bumped revision number for resource 8aaae53e-2620-4720-b04a-3b945a9c04d1 (type: security_groups) to 1
2026-04-28 23:30:30.480 9 INFO neutron.db.ovn_revision_numbers_db [None req-4f59e6aa-8342-4712-bf24-75241a9dbe6f 41579dd19ea742ee9e23fc0e9f34bac8 f10eda349e71482fa620e57da0242db6 - - default default] Successfully bumped revision number for resource 10e63a2b-e0c7-4078-8075-61fe9e1110ad (type: security_group_rules) to 0
2026-04-28 23:30:30.512 9 INFO neutron.db.ovn_revision_numbers_db [None req-4f59e6aa-8342-4712-bf24-75241a9dbe6f 41579dd19ea742ee9e23fc0e9f34bac8 f10eda349e71482fa620e57da0242db6 - - default default] Successfully bumped revision number for resource fe053415-d392-447e-adcd-9586d6376816 (type: security_group_rules) to 0
2026-04-28 23:30:30.541 9 INFO neutron.wsgi [None req-4f59e6aa-8342-4712-bf24-75241a9dbe6f 41579dd19ea742ee9e23fc0e9f34bac8 f10eda349e71482fa620e57da0242db6 - - default default] 10.0.0.216 "POST /v2.0/security-groups HTTP/1.1" status: 201 len: 1797 time: 0.3468037
2026-04-28 23:30:30.773 9 INFO neutron.wsgi [None req-3fb8e6f9-392e-4494-a5f5-9ffc1318a965 d9949a3886b94522933392f3b7c5d2c3 caf4c065f9414a01b9e06ee8ba75c5ce - - default default] 10.0.0.216 "PUT /v2.0/routers/788b2e9b-86db-49a2-a1c7-5cd19bc0d727/remove_router_interface HTTP/1.1" status: 200 len: 503 time: 1.9133108
2026-04-28 23:30:30.803 9 INFO neutron.db.ovn_revision_numbers_db [None req-19e816e2-6817-4cd1-8c41-353527064951 41579dd19ea742ee9e23fc0e9f34bac8 f10eda349e71482fa620e57da0242db6 - - default default] Successfully bumped revision number for resource 8d43aae1-c661-45f6-8cdf-6d54b52b59a3 (type: security_group_rules) to 0
2026-04-28 23:30:30.828 9 INFO neutron.wsgi [None req-19e816e2-6817-4cd1-8c41-353527064951 41579dd19ea742ee9e23fc0e9f34bac8 f10eda349e71482fa620e57da0242db6 - - default default] 10.0.0.216 "POST /v2.0/security-group-rules HTTP/1.1" status: 201 len: 764 time: 0.2821417 /var/lib/openstack/lib/python3.10/site-packages/pycadf/identifier.py:71: UserWarning: Invalid uuid: neutron. To ensure interoperability, identifiers should be a valid uuid. warnings.warn(('Invalid uuid: %s. To ensure interoperability, '
2026-04-28 23:30:30.938 9 INFO neutron.db.ovn_revision_numbers_db [None req-773f6759-49ba-4ea8-80ed-e2ad1ca85ab5 41579dd19ea742ee9e23fc0e9f34bac8 f10eda349e71482fa620e57da0242db6 - - default default] Successfully bumped revision number for resource 43d20721-a9be-4342-a3fb-b9c082ac8c9c (type: security_group_rules) to 0
2026-04-28 23:30:30.959 9 INFO neutron.wsgi [None req-773f6759-49ba-4ea8-80ed-e2ad1ca85ab5 41579dd19ea742ee9e23fc0e9f34bac8 f10eda349e71482fa620e57da0242db6 - - default default] 10.0.0.216 "POST /v2.0/security-group-rules HTTP/1.1" status: 201 len: 769 time: 0.1263080
2026-04-28 23:30:30.997 10 INFO neutron.wsgi [None req-05a99644-5415-4cd7-a765-17b0489da974 d9949a3886b94522933392f3b7c5d2c3 caf4c065f9414a01b9e06ee8ba75c5ce - - default default] 10.0.0.216 "PUT /v2.0/routers/f302e9a9-7112-4a72-be54-748b667da181/remove_router_interface HTTP/1.1" status: 200 len: 503 time: 1.3814640 /var/lib/openstack/lib/python3.10/site-packages/pycadf/identifier.py:71: UserWarning: Invalid uuid: neutron. To ensure interoperability, identifiers should be a valid uuid. warnings.warn(('Invalid uuid: %s. To ensure interoperability, '
