2026-04-28 23:33:29.878 9 INFO neutron.wsgi [None req-5121e3eb-d9ff-4cce-8dda-554a1f8f3434 e94eb66f1dab4130b3719f7604a37cc9 686daf18bcd04699b751192b3c967cb1 - - default default] 10.0.0.216 "DELETE /v2.0/networks/656dbcb4-d45e-49f7-932e-069322a8ae77 HTTP/1.1" status: 204 len: 168 time: 0.3710895
2026-04-28 23:33:29.885 9 INFO neutron.wsgi [None req-414826bd-96d6-4028-9b9a-28841ed69d71 2054b9e932ad4a1598cb49b7ac293377 3efc04a23d834494bb2705f5c9597239 - - default default] 10.0.0.216 "PUT /v2.0/trunks/8493c7bb-0fdc-4898-8cf4-cfaedb2e38c9/tags/black.or.white HTTP/1.1" status: 201 len: 201 time: 0.0322788
2026-04-28 23:33:29.899 10 INFO neutron.wsgi [None req-c1927476-56c4-46d6-8609-2b5b1f994660 08c3fccc6dfa4ac79e1e8bfe827adae2 ce2bca163e8340e790d71a697c1f7788 - - default default] 10.0.0.216 "POST /v2.0/subnets HTTP/1.1" status: 201 len: 801 time: 0.9323337
2026-04-28 23:33:29.902 9 INFO neutron.wsgi [None req-79278b49-87aa-42de-a764-066baeb1847b 2054b9e932ad4a1598cb49b7ac293377 3efc04a23d834494bb2705f5c9597239 - - default default] 10.0.0.216 "GET /v2.0/trunks/8493c7bb-0fdc-4898-8cf4-cfaedb2e38c9/tags HTTP/1.1" status: 200 len: 245 time: 0.0124156
2026-04-28 23:33:29.937 9 INFO neutron.wsgi [None req-bbb42be4-c273-4e21-9704-9efc40d5f8cb 2054b9e932ad4a1598cb49b7ac293377 3efc04a23d834494bb2705f5c9597239 - - default default] 10.0.0.216 "PUT /v2.0/trunks/8493c7bb-0fdc-4898-8cf4-cfaedb2e38c9/tags HTTP/1.1" status: 200 len: 230 time: 0.0302906
2026-04-28 23:33:29.962 9 INFO neutron.wsgi [None req-8e7a62d5-a426-4a28-8f9a-0f5fea254fb1 2054b9e932ad4a1598cb49b7ac293377 3efc04a23d834494bb2705f5c9597239 - - default default] 10.0.0.216 "GET /v2.0/trunks/8493c7bb-0fdc-4898-8cf4-cfaedb2e38c9/tags HTTP/1.1" status: 200 len: 230 time: 0.0219820
2026-04-28 23:33:29.983 9 INFO neutron.wsgi [None req-f168b528-2734-4820-8d7d-1a7314599e98 2054b9e932ad4a1598cb49b7ac293377 3efc04a23d834494bb2705f5c9597239 - - default default] 10.0.0.216 "GET /v2.0/trunks/8493c7bb-0fdc-4898-8cf4-cfaedb2e38c9/tags/red HTTP/1.1" status: 204 len: 168 time: 0.0164764
2026-04-28 23:33:30.000 9 INFO neutron.api.v2.resource [None req-323ecc1e-f181-4937-9737-356900e66446 2054b9e932ad4a1598cb49b7ac293377 3efc04a23d834494bb2705f5c9597239 - - default default] show failed (client error): The resource could not be found.
2026-04-28 23:33:30.001 9 INFO neutron.wsgi [None req-323ecc1e-f181-4937-9737-356900e66446 2054b9e932ad4a1598cb49b7ac293377 3efc04a23d834494bb2705f5c9597239 - - default default] 10.0.0.216 "GET /v2.0/trunks/8493c7bb-0fdc-4898-8cf4-cfaedb2e38c9/tags/green HTTP/1.1" status: 404 len: 299 time: 0.0129387
2026-04-28 23:33:30.030 9 INFO neutron.wsgi [None req-4504bd8a-9ae0-4379-8e6a-dddc90ad3eb7 2054b9e932ad4a1598cb49b7ac293377 3efc04a23d834494bb2705f5c9597239 - - default default] 10.0.0.216 "DELETE /v2.0/trunks/8493c7bb-0fdc-4898-8cf4-cfaedb2e38c9/tags/red HTTP/1.1" status: 204 len: 168 time: 0.0251200
2026-04-28 23:33:30.047 9 INFO neutron.wsgi [None req-54d00888-5f05-45c0-842c-9a695d657736 2054b9e932ad4a1598cb49b7ac293377 3efc04a23d834494bb2705f5c9597239 - - default default] 10.0.0.216 "GET /v2.0/trunks/8493c7bb-0fdc-4898-8cf4-cfaedb2e38c9/tags HTTP/1.1" status: 200 len: 223 time: 0.0130119
2026-04-28 23:33:30.066 9 INFO neutron.api.v2.resource [None req-bf9d2453-538f-4597-b93f-ac90732320ab 2054b9e932ad4a1598cb49b7ac293377 3efc04a23d834494bb2705f5c9597239 - - default default] delete failed (client error): The resource could not be found.
2026-04-28 23:33:30.067 9 INFO neutron.wsgi [None req-bf9d2453-538f-4597-b93f-ac90732320ab 2054b9e932ad4a1598cb49b7ac293377 3efc04a23d834494bb2705f5c9597239 - - default default] 10.0.0.216 "DELETE /v2.0/trunks/8493c7bb-0fdc-4898-8cf4-cfaedb2e38c9/tags/green HTTP/1.1" status: 404 len: 299 time: 0.0151711
2026-04-28 23:33:30.097 9 INFO neutron.wsgi [None req-7346432a-4fd8-47b0-973d-78c7d7850b55 2054b9e932ad4a1598cb49b7ac293377 3efc04a23d834494bb2705f5c9597239 - - default default] 10.0.0.216 "DELETE /v2.0/trunks/8493c7bb-0fdc-4898-8cf4-cfaedb2e38c9/tags HTTP/1.1" status: 204 len: 168 time: 0.0264473
2026-04-28 23:33:30.116 9 INFO neutron.wsgi [None req-f2f562d8-c6be-4ee5-80f4-91c7b7f691f3 2054b9e932ad4a1598cb49b7ac293377 3efc04a23d834494bb2705f5c9597239 - - default default] 10.0.0.216 "GET /v2.0/trunks/8493c7bb-0fdc-4898-8cf4-cfaedb2e38c9/tags HTTP/1.1" status: 200 len: 205 time: 0.0146744
2026-04-28 23:33:30.140 9 INFO neutron.wsgi [None req-672d4f79-d2d0-401f-bbdc-c6cf968e9487 2054b9e932ad4a1598cb49b7ac293377 3efc04a23d834494bb2705f5c9597239 - - default default] 10.0.0.216 "GET /v2.0/trunks/8493c7bb-0fdc-4898-8cf4-cfaedb2e38c9 HTTP/1.1" status: 200 len: 603 time: 0.0149977
2026-04-28 23:33:30.233 9 INFO neutron.wsgi [None req-d155b1cb-23d9-430c-af28-3722a20c4f61 2054b9e932ad4a1598cb49b7ac293377 3efc04a23d834494bb2705f5c9597239 - - default default] 10.0.0.216 "GET /v2.0/ports/6b975137-3a2a-4d33-99bd-ac02b1c97ed8 HTTP/1.1" status: 200 len: 1020 time: 0.0880885
2026-04-28 23:33:30.326 9 INFO neutron.wsgi [None req-f3ed3073-fedd-4aa4-b56e-a31838f337d9 2054b9e932ad4a1598cb49b7ac293377 3efc04a23d834494bb2705f5c9597239 - - default default] 10.0.0.216 "DELETE /v2.0/trunks/8493c7bb-0fdc-4898-8cf4-cfaedb2e38c9 HTTP/1.1" status: 204 len: 168 time: 0.0883200
2026-04-28 23:33:30.358 9 INFO neutron.db.ovn_revision_numbers_db [None req-85744464-3b2d-4303-bc78-76981abbc40c d9949a3886b94522933392f3b7c5d2c3 caf4c065f9414a01b9e06ee8ba75c5ce - - default default] Successfully bumped revision number for resource 48dd502a-ec0f-4420-b09c-e9eb8f223bd0 (type: security_groups) to 1
2026-04-28 23:33:30.379 9 INFO neutron.db.ovn_revision_numbers_db [None req-85744464-3b2d-4303-bc78-76981abbc40c d9949a3886b94522933392f3b7c5d2c3 caf4c065f9414a01b9e06ee8ba75c5ce - - default default] Successfully bumped revision number for resource 7002deea-0919-40e5-8172-b82ba5aa4498 (type: security_group_rules) to 0
2026-04-28 23:33:30.397 9 INFO neutron.db.ovn_revision_numbers_db [None req-85744464-3b2d-4303-bc78-76981abbc40c d9949a3886b94522933392f3b7c5d2c3 caf4c065f9414a01b9e06ee8ba75c5ce - - default default] Successfully bumped revision number for resource 8d672f3d-03ca-45e9-9e48-f8ea122ff52b (type: security_group_rules) to 0
2026-04-28 23:33:30.409 9 INFO neutron.db.ovn_revision_numbers_db [None req-85744464-3b2d-4303-bc78-76981abbc40c d9949a3886b94522933392f3b7c5d2c3 caf4c065f9414a01b9e06ee8ba75c5ce - - default default] Successfully bumped revision number for resource a6b3a103-fa52-458f-8215-3b2c0408ba51 (type: security_group_rules) to 0
2026-04-28 23:33:30.441 9 INFO neutron.db.ovn_revision_numbers_db [None req-85744464-3b2d-4303-bc78-76981abbc40c d9949a3886b94522933392f3b7c5d2c3 caf4c065f9414a01b9e06ee8ba75c5ce - - default default] Successfully bumped revision number for resource ff6d1a6d-17a4-49cc-a0c4-7b618874d8ed (type: security_group_rules) to 0
2026-04-28 23:33:30.476 9 INFO neutron.wsgi [None req-85744464-3b2d-4303-bc78-76981abbc40c d9949a3886b94522933392f3b7c5d2c3 caf4c065f9414a01b9e06ee8ba75c5ce - - default default] 10.0.0.216 "GET /v2.0/security-groups?tenant_id=1c56a93648b742b384bf4081e6544da4&name=default HTTP/1.1" status: 200 len: 2996 time: 0.3585093 /var/lib/openstack/lib/python3.10/site-packages/pycadf/identifier.py:71: UserWarning: Invalid uuid: neutron. To ensure interoperability, identifiers should be a valid uuid. warnings.warn(('Invalid uuid: %s. To ensure interoperability, '
2026-04-28 23:33:30.540 10 WARNING neutron.scheduler.dhcp_agent_scheduler [None req-a57b761a-9d46-40d5-b41b-26de9a9243d1 08c3fccc6dfa4ac79e1e8bfe827adae2 ce2bca163e8340e790d71a697c1f7788 - - default default] No more DHCP agents
2026-04-28 23:33:30.542 10 WARNING neutron.api.rpc.agentnotifiers.dhcp_rpc_agent_api [None req-a57b761a-9d46-40d5-b41b-26de9a9243d1 08c3fccc6dfa4ac79e1e8bfe827adae2 ce2bca163e8340e790d71a697c1f7788 - - default default] Unable to schedule network 2c6dbe6c-7a56-4a69-be19-57247f734f39: no agents available; will retry on subsequent port and subnet creation events.
2026-04-28 23:33:30.575 9 INFO neutron.wsgi [None req-ec51b849-d015-4fc9-aefc-2cfdba97efc5 2054b9e932ad4a1598cb49b7ac293377 3efc04a23d834494bb2705f5c9597239 - - default default] 10.0.0.216 "DELETE /v2.0/ports/6b975137-3a2a-4d33-99bd-ac02b1c97ed8 HTTP/1.1" status: 204 len: 168 time: 0.2440479
2026-04-28 23:33:30.578 10 INFO neutron.wsgi [None req-834d27ab-5aa5-4d2c-b309-993749ac22c2 e94eb66f1dab4130b3719f7604a37cc9 686daf18bcd04699b751192b3c967cb1 - - default default] 10.0.0.216 "DELETE /v2.0/networks/fb213c4b-c58f-4368-8d90-1db5900b0d38 HTTP/1.1" status: 204 len: 168 time: 0.6947727
2026-04-28 23:33:30.732 10 INFO neutron.db.ovn_revision_numbers_db [None req-a57b761a-9d46-40d5-b41b-26de9a9243d1 08c3fccc6dfa4ac79e1e8bfe827adae2 ce2bca163e8340e790d71a697c1f7788 - - default default] Successfully bumped revision number for resource 5ee2956a-d674-491b-b3dc-837ddba347b9 (type: ports) to 1
2026-04-28 23:33:30.750 10 INFO neutron.wsgi [None req-a57b761a-9d46-40d5-b41b-26de9a9243d1 08c3fccc6dfa4ac79e1e8bfe827adae2 ce2bca163e8340e790d71a697c1f7788 - - default default] 10.0.0.216 "POST /v2.0/ports HTTP/1.1" status: 201 len: 1147 time: 0.8467958 /var/lib/openstack/lib/python3.10/site-packages/pycadf/identifier.py:71: UserWarning: Invalid uuid: neutron. To ensure interoperability, identifiers should be a valid uuid. warnings.warn(('Invalid uuid: %s. To ensure interoperability, '
2026-04-28 23:33:30.790 10 INFO neutron.wsgi [None req-6400e4ef-99b6-46b8-a0cd-04af06d3f2c4 d9949a3886b94522933392f3b7c5d2c3 caf4c065f9414a01b9e06ee8ba75c5ce - - default default] 10.0.0.216 "DELETE /v2.0/security-groups/48dd502a-ec0f-4420-b09c-e9eb8f223bd0 HTTP/1.1" status: 204 len: 168 time: 0.3078849
2026-04-28 23:33:30.966 10 INFO neutron.wsgi [None req-58523a7b-8376-43a8-b7f6-ad7d24908cc0 d9949a3886b94522933392f3b7c5d2c3 caf4c065f9414a01b9e06ee8ba75c5ce - - default default] 10.0.0.216 "GET /v2.0/security-groups?tenant_id=56641a0846d84d47ac417b9a625d7920&name=default HTTP/1.1" status: 200 len: 2996 time: 0.0790443
2026-04-28 23:33:31.043 9 INFO neutron.wsgi [None req-d1d4082f-951f-4e2f-a694-6bdc1398f790 2054b9e932ad4a1598cb49b7ac293377 3efc04a23d834494bb2705f5c9597239 - - default default] 10.0.0.216 "DELETE /v2.0/networks/840ecb1f-94e8-4190-b7f9-efed3d607051 HTTP/1.1" status: 204 len: 168 time: 0.4640677
2026-04-28 23:33:31.046 9 INFO neutron.services.segments.plugin [-] Segment a8c43509-d070-4104-8f97-008c147a28cf resource provider aggregate not found
2026-04-28 23:33:31.053 9 INFO neutron.services.segments.plugin [-] Segment a8c43509-d070-4104-8f97-008c147a28cf resource provider aggregate not found
2026-04-28 23:33:31.074 9 INFO neutron.services.segments.plugin [-] Segment a8c43509-d070-4104-8f97-008c147a28cf resource provider not found; error: Placement Client Error (4xx): {"errors": [{"status": 404, "title": "Not Found", "detail": "The resource could not be found.\n\n No resource provider with uuid a8c43509-d070-4104-8f97-008c147a28cf found for delete ", "request_id": "req-b29273fa-d315-4794-8284-323359fd0210"}]}
2026-04-28 23:33:31.082 9 INFO neutron.wsgi [None req-a226402f-0885-43e9-bf3c-3f1fb3f53e73 e94eb66f1dab4130b3719f7604a37cc9 686daf18bcd04699b751192b3c967cb1 - - default default] 10.0.0.216 "DELETE /v2.0/networks/4ff7032a-bf7a-40a3-b00d-f7e0769a18b6 HTTP/1.1" status: 204 len: 168 time: 0.4949367
2026-04-28 23:33:31.083 9 INFO neutron.services.segments.plugin [-] Segment a8c43509-d070-4104-8f97-008c147a28cf resource provider not found; error: Placement Client Error (4xx): {"errors": [{"status": 404, "title": "Not Found", "detail": "The resource could not be found.\n\n No resource provider with uuid a8c43509-d070-4104-8f97-008c147a28cf found for delete ", "request_id": "req-49ae97a6-9098-4f82-94ff-6696848856d1"}]}
2026-04-28 23:33:31.105 9 INFO neutron.services.segments.plugin [-] Segment 0708b829-6ec1-4d5e-8d3b-8dcd0dc9bdeb resource provider aggregate not found
2026-04-28 23:33:31.111 9 INFO neutron.services.segments.plugin [-] Segment 0708b829-6ec1-4d5e-8d3b-8dcd0dc9bdeb resource provider aggregate not found
2026-04-28 23:33:31.121 9 INFO neutron.services.segments.plugin [-] Segment 0708b829-6ec1-4d5e-8d3b-8dcd0dc9bdeb resource provider not found; error: Placement Client Error (4xx): {"errors": [{"status": 404, "title": "Not Found", "detail": "The resource could not be found.\n\n No resource provider with uuid 0708b829-6ec1-4d5e-8d3b-8dcd0dc9bdeb found for delete ", "request_id": "req-fca3bf66-8509-4228-9296-bf7a1e1e54f1"}]}
2026-04-28 23:33:31.132 9 INFO neutron.services.segments.plugin [-] Segment 0708b829-6ec1-4d5e-8d3b-8dcd0dc9bdeb resource provider not found; error: Placement Client Error (4xx): {"errors": [{"status": 404, "title": "Not Found", "detail": "The resource could not be found.\n\n No resource provider with uuid 0708b829-6ec1-4d5e-8d3b-8dcd0dc9bdeb found for delete ", "request_id": "req-f1045055-ac77-472e-83f2-6887a5c10a31"}]}
2026-04-28 23:33:31.138 9 INFO neutron.services.segments.plugin [-] Segment 4fa1c6a6-fdc7-4317-82b6-b10e15ee5ba5 resource provider aggregate not found
2026-04-28 23:33:31.147 10 INFO neutron.wsgi [None req-15700fc0-9fc0-4c91-a47a-1f5046c28146 08c3fccc6dfa4ac79e1e8bfe827adae2 ce2bca163e8340e790d71a697c1f7788 - - default default] 10.0.0.216 "DELETE /v2.0/ports/5ee2956a-d674-491b-b3dc-837ddba347b9 HTTP/1.1" status: 204 len: 168 time: 0.3913827
2026-04-28 23:33:31.152 9 INFO neutron.services.segments.plugin [-] Segment 4fa1c6a6-fdc7-4317-82b6-b10e15ee5ba5 resource provider not found; error: Placement Client Error (4xx): {"errors": [{"status": 404, "title": "Not Found", "detail": "The resource could not be found.\n\n No resource provider with uuid 4fa1c6a6-fdc7-4317-82b6-b10e15ee5ba5 found for delete ", "request_id": "req-b2a1d0ac-52ff-4747-b996-87fea5b323b6"}]}
2026-04-28 23:33:31.159 9 INFO neutron.services.segments.plugin [-] Segment 4fa1c6a6-fdc7-4317-82b6-b10e15ee5ba5 resource provider aggregate not found
2026-04-28 23:33:31.167 9 INFO neutron.services.segments.plugin [-] Segment 10b94478-2ffe-4bb7-9b57-bf9bfeaf8ddd resource provider aggregate not found
2026-04-28 23:33:31.171 10 INFO neutron.pecan_wsgi.hooks.translation [None req-23ce2dfb-86ca-44be-a108-e24f4cdd91c4 08c3fccc6dfa4ac79e1e8bfe827adae2 ce2bca163e8340e790d71a697c1f7788 - - default default] DELETE failed (client error): The resource could not be found.
2026-04-28 23:33:31.173 10 INFO neutron.wsgi [None req-23ce2dfb-86ca-44be-a108-e24f4cdd91c4 08c3fccc6dfa4ac79e1e8bfe827adae2 ce2bca163e8340e790d71a697c1f7788 - - default default] 10.0.0.216 "DELETE /v2.0/ports/5ee2956a-d674-491b-b3dc-837ddba347b9 HTTP/1.1" status: 404 len: 333 time: 0.0211768
2026-04-28 23:33:31.180 9 INFO neutron.services.segments.plugin [-] Segment 4fa1c6a6-fdc7-4317-82b6-b10e15ee5ba5 resource provider not found; error: Placement Client Error (4xx): {"errors": [{"status": 404, "title": "Not Found", "detail": "The resource could not be found.\n\n No resource provider with uuid 4fa1c6a6-fdc7-4317-82b6-b10e15ee5ba5 found for delete ", "request_id": "req-266acf97-3a4a-42bf-92bb-9ecb2a113536"}]}
2026-04-28 23:33:31.185 9 INFO neutron.services.segments.plugin [-] Segment 10b94478-2ffe-4bb7-9b57-bf9bfeaf8ddd resource provider not found; error: Placement Client Error (4xx): {"errors": [{"status": 404, "title": "Not Found", "detail": "The resource could not be found.\n\n No resource provider with uuid 10b94478-2ffe-4bb7-9b57-bf9bfeaf8ddd found for delete ", "request_id": "req-b7f1d6db-120f-4a6f-8d66-c1052719a157"}]}
2026-04-28 23:33:31.198 9 INFO neutron.pecan_wsgi.hooks.translation [None req-9f7b9db5-b415-4f43-ba72-a97825d1ea2d 08c3fccc6dfa4ac79e1e8bfe827adae2 ce2bca163e8340e790d71a697c1f7788 - - default default] GET failed (client error): The resource could not be found.
2026-04-28 23:33:31.200 9 INFO neutron.wsgi [None req-9f7b9db5-b415-4f43-ba72-a97825d1ea2d 08c3fccc6dfa4ac79e1e8bfe827adae2 ce2bca163e8340e790d71a697c1f7788 - - default default] 10.0.0.216 "GET /v2.0/ports/5ee2956a-d674-491b-b3dc-837ddba347b9 HTTP/1.1" status: 404 len: 333 time: 0.0210314
2026-04-28 23:33:31.203 9 INFO neutron.services.segments.plugin [-] Segment 10b94478-2ffe-4bb7-9b57-bf9bfeaf8ddd resource provider aggregate not found
2026-04-28 23:33:31.218 9 INFO neutron.services.segments.plugin [-] Segment 10b94478-2ffe-4bb7-9b57-bf9bfeaf8ddd resource provider not found; error: Placement Client Error (4xx): {"errors": [{"status": 404, "title": "Not Found", "detail": "The resource could not be found.\n\n No resource provider with uuid 10b94478-2ffe-4bb7-9b57-bf9bfeaf8ddd found for delete ", "request_id": "req-fccd8197-1b0e-4c39-92e6-a03adecab006"}]}
2026-04-28 23:33:31.234 10 INFO neutron.wsgi [None req-37764a26-896a-44c4-a351-9257217421b3 d9949a3886b94522933392f3b7c5d2c3 caf4c065f9414a01b9e06ee8ba75c5ce - - default default] 10.0.0.216 "DELETE /v2.0/security-groups/7b7fdd08-5ee3-4e18-bea2-75b2e6181abf HTTP/1.1" status: 204 len: 168 time: 0.2618206
2026-04-28 23:33:31.422 10 INFO neutron.wsgi [None req-612e8f93-791f-4c16-86cb-90f2d04eb78e 08c3fccc6dfa4ac79e1e8bfe827adae2 ce2bca163e8340e790d71a697c1f7788 - - default default] 10.0.0.216 "DELETE /v2.0/subnets/96c299c5-c519-48fd-bfb9-11ace9421674 HTTP/1.1" status: 204 len: 168 time: 0.2142859
2026-04-28 23:33:31.465 10 INFO neutron.services.segments.plugin [-] Segment d0edea51-871b-4ada-b933-1754186184cd resource provider aggregate not found
2026-04-28 23:33:31.470 10 INFO neutron.services.segments.plugin [-] Segment d0edea51-871b-4ada-b933-1754186184cd resource provider aggregate not found
2026-04-28 23:33:31.485 10 INFO neutron.services.segments.plugin [-] Segment d0edea51-871b-4ada-b933-1754186184cd resource provider not found; error: Placement Client Error (4xx): {"errors": [{"status": 404, "title": "Not Found", "detail": "The resource could not be found.\n\n No resource provider with uuid d0edea51-871b-4ada-b933-1754186184cd found for delete ", "request_id": "req-8a9d6fcb-0de2-4dc5-8d28-f486da519d11"}]}
2026-04-28 23:33:31.486 10 INFO neutron.services.segments.plugin [-] Segment d0edea51-871b-4ada-b933-1754186184cd resource provider not found; error: Placement Client Error (4xx): {"errors": [{"status": 404, "title": "Not Found", "detail": "The resource could not be found.\n\n No resource provider with uuid d0edea51-871b-4ada-b933-1754186184cd found for delete ", "request_id": "req-486cb96f-9731-42a7-8d4c-b85697b3fe98"}]}
2026-04-28 23:33:31.798 10 INFO neutron.wsgi [None req-5444f3fd-7f43-477f-98bd-50167cfc7db6 08c3fccc6dfa4ac79e1e8bfe827adae2 ce2bca163e8340e790d71a697c1f7788 - - default default] 10.0.0.216 "DELETE /v2.0/networks/2c6dbe6c-7a56-4a69-be19-57247f734f39 HTTP/1.1" status: 204 len: 168 time: 0.3728352
2026-04-28 23:33:31.890 9 INFO neutron.db.segments_db [None req-65aa9693-44e9-4139-98da-8b5e0bcd7675 08c3fccc6dfa4ac79e1e8bfe827adae2 ce2bca163e8340e790d71a697c1f7788 - - default default] Added segment 7570b41e-1ac7-4190-89c1-53dc6b7b3d9b of type geneve for network 8f3e0386-3287-47ed-bfc5-853e0ac9b3eb
2026-04-28 23:33:32.056 9 INFO neutron.db.ovn_revision_numbers_db [None req-65aa9693-44e9-4139-98da-8b5e0bcd7675 08c3fccc6dfa4ac79e1e8bfe827adae2 ce2bca163e8340e790d71a697c1f7788 - - default default] Successfully bumped revision number for resource 8f3e0386-3287-47ed-bfc5-853e0ac9b3eb (type: networks) to 1
2026-04-28 23:33:32.086 10 INFO neutron.db.ovn_revision_numbers_db [None req-38b55b97-434e-4f99-926a-0528f16dea0d d9949a3886b94522933392f3b7c5d2c3 caf4c065f9414a01b9e06ee8ba75c5ce - - default default] Successfully bumped revision number for resource 36e740b1-669d-491c-a3f2-0f6ec311ce57 (type: security_groups) to 1
2026-04-28 23:33:32.090 9 INFO neutron.db.ovn_revision_numbers_db [None req-816a5430-8013-4a51-8e74-b5a54b48ea77 d9949a3886b94522933392f3b7c5d2c3 caf4c065f9414a01b9e06ee8ba75c5ce - - default default] Successfully bumped revision number for resource 76777ad1-048a-4c7f-9a30-f658d771c973 (type: security_groups) to 1
2026-04-28 23:33:32.098 10 INFO neutron.db.ovn_revision_numbers_db [None req-38b55b97-434e-4f99-926a-0528f16dea0d d9949a3886b94522933392f3b7c5d2c3 caf4c065f9414a01b9e06ee8ba75c5ce - - default default] Successfully bumped revision number for resource 28f96115-71fa-47e8-bf6e-bfef5fe74b14 (type: security_group_rules) to 0
2026-04-28 23:33:32.105 9 INFO neutron.db.ovn_revision_numbers_db [None req-816a5430-8013-4a51-8e74-b5a54b48ea77 d9949a3886b94522933392f3b7c5d2c3 caf4c065f9414a01b9e06ee8ba75c5ce - - default default] Successfully bumped revision number for resource 1e089d9b-a8bc-4ad2-9235-bf372a42be83 (type: security_group_rules) to 0
2026-04-28 23:33:32.109 10 INFO neutron.db.ovn_revision_numbers_db [None req-38b55b97-434e-4f99-926a-0528f16dea0d d9949a3886b94522933392f3b7c5d2c3 caf4c065f9414a01b9e06ee8ba75c5ce - - default default] Successfully bumped revision number for resource 448dda7c-97a0-4b4d-b2d0-92890aaa6bec (type: security_group_rules) to 0
2026-04-28 23:33:32.122 10 INFO neutron.db.ovn_revision_numbers_db [None req-38b55b97-434e-4f99-926a-0528f16dea0d d9949a3886b94522933392f3b7c5d2c3 caf4c065f9414a01b9e06ee8ba75c5ce - - default default] Successfully bumped revision number for resource 92d5e155-1e71-4934-8787-156efb9801ed (type: security_group_rules) to 0
2026-04-28 23:33:32.132 9 INFO neutron.db.ovn_revision_numbers_db [None req-816a5430-8013-4a51-8e74-b5a54b48ea77 d9949a3886b94522933392f3b7c5d2c3 caf4c065f9414a01b9e06ee8ba75c5ce - - default default] Successfully bumped revision number for resource 1f9c1850-e303-47f5-81cc-3a7b4156228b (type: security_group_rules) to 0
2026-04-28 23:33:32.134 10 INFO neutron.db.ovn_revision_numbers_db [None req-38b55b97-434e-4f99-926a-0528f16dea0d d9949a3886b94522933392f3b7c5d2c3 caf4c065f9414a01b9e06ee8ba75c5ce - - default default] Successfully bumped revision number for resource a4bb003d-610b-4353-874e-8668734b98fc (type: security_group_rules) to 0
2026-04-28 23:33:32.151 9 INFO neutron.db.ovn_revision_numbers_db [None req-816a5430-8013-4a51-8e74-b5a54b48ea77 d9949a3886b94522933392f3b7c5d2c3 caf4c065f9414a01b9e06ee8ba75c5ce - - default default] Successfully bumped revision number for resource 52ad3ddf-6adc-403d-9b78-859cb9c4495a (type: security_group_rules) to 0
2026-04-28 23:33:32.155 10 INFO neutron.wsgi [None req-38b55b97-434e-4f99-926a-0528f16dea0d d9949a3886b94522933392f3b7c5d2c3 caf4c065f9414a01b9e06ee8ba75c5ce - - default default] 10.0.0.216 "GET /v2.0/security-groups?tenant_id=0f7994cb83d04e919f14fd3853085ba0&name=default HTTP/1.1" status: 200 len: 2996 time: 0.2158251
2026-04-28 23:33:32.182 9 INFO neutron.db.ovn_revision_numbers_db [None req-816a5430-8013-4a51-8e74-b5a54b48ea77 d9949a3886b94522933392f3b7c5d2c3 caf4c065f9414a01b9e06ee8ba75c5ce - - default default] Successfully bumped revision number for resource 5b318840-356f-41f1-a62d-add344c75885 (type: security_group_rules) to 0
2026-04-28 23:33:32.217 9 INFO neutron.wsgi [None req-816a5430-8013-4a51-8e74-b5a54b48ea77 d9949a3886b94522933392f3b7c5d2c3 caf4c065f9414a01b9e06ee8ba75c5ce - - default default] 10.0.0.216 "GET /v2.0/security-groups?tenant_id=814de2bdbcf64418b985522c20c57bcc&name=default HTTP/1.1" status: 200 len: 2996 time: 0.4909806
2026-04-28 23:33:32.263 9 WARNING neutron.scheduler.dhcp_agent_scheduler [None req-65aa9693-44e9-4139-98da-8b5e0bcd7675 08c3fccc6dfa4ac79e1e8bfe827adae2 ce2bca163e8340e790d71a697c1f7788 - - default default] No more DHCP agents
2026-04-28 23:33:32.266 9 WARNING neutron.api.rpc.agentnotifiers.dhcp_rpc_agent_api [None req-65aa9693-44e9-4139-98da-8b5e0bcd7675 08c3fccc6dfa4ac79e1e8bfe827adae2 ce2bca163e8340e790d71a697c1f7788 - - default default] Unable to schedule network 8f3e0386-3287-47ed-bfc5-853e0ac9b3eb: no agents available; will retry on subsequent port and subnet creation events.
2026-04-28 23:33:32.344 9 INFO neutron.db.ovn_revision_numbers_db [None req-65aa9693-44e9-4139-98da-8b5e0bcd7675 08c3fccc6dfa4ac79e1e8bfe827adae2 ce2bca163e8340e790d71a697c1f7788 - - default default] Successfully bumped revision number for resource 4b6d2c7e-cc53-4cd9-9907-303a6eb7b910 (type: ports) to 1
2026-04-28 23:33:32.364 9 INFO neutron.wsgi [None req-65aa9693-44e9-4139-98da-8b5e0bcd7675 08c3fccc6dfa4ac79e1e8bfe827adae2 ce2bca163e8340e790d71a697c1f7788 - - default default] 10.0.0.216 "POST /v2.0/networks HTTP/1.1" status: 201 len: 831 time: 0.5587320
2026-04-28 23:33:32.379 10 INFO neutron.wsgi [None req-c0c664c0-6b11-4a30-b175-ce84a7d4bb7a d9949a3886b94522933392f3b7c5d2c3 caf4c065f9414a01b9e06ee8ba75c5ce - - default default] 10.0.0.216 "DELETE /v2.0/security-groups/36e740b1-669d-491c-a3f2-0f6ec311ce57 HTTP/1.1" status: 204 len: 168 time: 0.2150202
2026-04-28 23:33:32.439 10 INFO neutron.wsgi [None req-0294d842-574b-42bd-a1f3-3457bb76ce1f d9949a3886b94522933392f3b7c5d2c3 caf4c065f9414a01b9e06ee8ba75c5ce - - default default] 10.0.0.216 "DELETE /v2.0/security-groups/76777ad1-048a-4c7f-9a30-f658d771c973 HTTP/1.1" status: 204 len: 168 time: 0.2169306
2026-04-28 23:33:32.571 9 WARNING neutron.scheduler.dhcp_agent_scheduler [None req-e81ac029-57fb-4de7-a551-d64b3b698243 08c3fccc6dfa4ac79e1e8bfe827adae2 ce2bca163e8340e790d71a697c1f7788 - - default default] No more DHCP agents
2026-04-28 23:33:32.575 9 WARNING neutron.api.rpc.agentnotifiers.dhcp_rpc_agent_api [None req-e81ac029-57fb-4de7-a551-d64b3b698243 08c3fccc6dfa4ac79e1e8bfe827adae2 ce2bca163e8340e790d71a697c1f7788 - - default default] Unable to schedule network 8f3e0386-3287-47ed-bfc5-853e0ac9b3eb: no agents available; will retry on subsequent port and subnet creation events.
2026-04-28 23:33:32.587 10 INFO neutron.db.ovn_revision_numbers_db [None req-3d23b647-bed7-421c-8942-6da720fde3fc d9949a3886b94522933392f3b7c5d2c3 caf4c065f9414a01b9e06ee8ba75c5ce - - default default] Successfully bumped revision number for resource 7befcdc8-c8ad-444e-a481-6bf088168929 (type: security_groups) to 1
2026-04-28 23:33:32.606 10 INFO neutron.db.ovn_revision_numbers_db [None req-3d23b647-bed7-421c-8942-6da720fde3fc d9949a3886b94522933392f3b7c5d2c3 caf4c065f9414a01b9e06ee8ba75c5ce - - default default] Successfully bumped revision number for resource cdc3fa86-77c1-474c-8ae6-d2b541141d86 (type: security_group_rules) to 0
2026-04-28 23:33:32.614 10 INFO neutron.wsgi [None req-4108856e-c191-4919-bf59-dbb1368b4c18 d9949a3886b94522933392f3b7c5d2c3 caf4c065f9414a01b9e06ee8ba75c5ce - - default default] 10.0.0.216 "GET /v2.0/security-groups?tenant_id=3efc04a23d834494bb2705f5c9597239&name=default HTTP/1.1" status: 200 len: 2996 time: 0.0473819
2026-04-28 23:33:32.624 10 INFO neutron.db.ovn_revision_numbers_db [None req-3d23b647-bed7-421c-8942-6da720fde3fc d9949a3886b94522933392f3b7c5d2c3 caf4c065f9414a01b9e06ee8ba75c5ce - - default default] Successfully bumped revision number for resource d46d4e07-09c7-42b0-96c4-89a1fe8630e6 (type: security_group_rules) to 0
2026-04-28 23:33:32.646 10 INFO neutron.db.ovn_revision_numbers_db [None req-3d23b647-bed7-421c-8942-6da720fde3fc d9949a3886b94522933392f3b7c5d2c3 caf4c065f9414a01b9e06ee8ba75c5ce - - default default] Successfully bumped revision number for resource d87791a8-ae44-42f3-8771-9ae535eaccf3 (type: security_group_rules) to 0
2026-04-28 23:33:32.661 10 INFO neutron.db.ovn_revision_numbers_db [None req-3d23b647-bed7-421c-8942-6da720fde3fc d9949a3886b94522933392f3b7c5d2c3 caf4c065f9414a01b9e06ee8ba75c5ce - - default default] Successfully bumped revision number for resource db63bf48-d798-4e1e-b119-99d140c1888d (type: security_group_rules) to 0
2026-04-28 23:33:32.686 10 INFO neutron.wsgi [None req-3d23b647-bed7-421c-8942-6da720fde3fc d9949a3886b94522933392f3b7c5d2c3 caf4c065f9414a01b9e06ee8ba75c5ce - - default default] 10.0.0.216 "GET /v2.0/security-groups?tenant_id=e79763921310487ea00a3925fc779aa7&name=default HTTP/1.1" status: 200 len: 2996 time: 0.2084079
2026-04-28 23:33:32.835 10 INFO neutron.wsgi [None req-695705fb-7c6c-42cb-b980-cecd5761103e d9949a3886b94522933392f3b7c5d2c3 caf4c065f9414a01b9e06ee8ba75c5ce - - default default] 10.0.0.216 "DELETE /v2.0/security-groups/50d4e1a8-89bb-4f7b-a5e6-7335ec5d2893 HTTP/1.1" status: 204 len: 168 time: 0.2161779
2026-04-28 23:33:32.887 10 INFO neutron.wsgi [None req-c5595200-730b-4a5a-9bbf-457a66e8f85b d9949a3886b94522933392f3b7c5d2c3 caf4c065f9414a01b9e06ee8ba75c5ce - - default default] 10.0.0.216 "DELETE /v2.0/security-groups/7befcdc8-c8ad-444e-a481-6bf088168929 HTTP/1.1" status: 204 len: 168 time: 0.1932182
2026-04-28 23:33:33.022 9 INFO neutron.db.ovn_revision_numbers_db [None req-e81ac029-57fb-4de7-a551-d64b3b698243 08c3fccc6dfa4ac79e1e8bfe827adae2 ce2bca163e8340e790d71a697c1f7788 - - default default] Successfully bumped revision number for resource 4b6d2c7e-cc53-4cd9-9907-303a6eb7b910 (type: ports) to 2
2026-04-28 23:33:33.054 9 INFO neutron.db.ovn_revision_numbers_db [None req-e81ac029-57fb-4de7-a551-d64b3b698243 08c3fccc6dfa4ac79e1e8bfe827adae2 ce2bca163e8340e790d71a697c1f7788 - - default default] Successfully bumped revision number for resource e96873a4-1905-4b9f-97b0-1952950df2a4 (type: subnets) to 0
2026-04-28 23:33:33.069 9 INFO neutron.wsgi [None req-e81ac029-57fb-4de7-a551-d64b3b698243 08c3fccc6dfa4ac79e1e8bfe827adae2 ce2bca163e8340e790d71a697c1f7788 - - default default] 10.0.0.216 "POST /v2.0/subnets HTTP/1.1" status: 201 len: 801 time: 0.6999400
2026-04-28 23:33:33.073 10 INFO neutron.wsgi [None req-5c9da3c6-153f-4cab-b1e7-cc8690c72fc2 d9949a3886b94522933392f3b7c5d2c3 caf4c065f9414a01b9e06ee8ba75c5ce - - default default] 10.0.0.216 "GET /v2.0/security-groups?tenant_id=686daf18bcd04699b751192b3c967cb1&name=default HTTP/1.1" status: 200 len: 2996 time: 0.0356295
2026-04-28 23:33:33.271 10 INFO neutron.wsgi [None req-5698205b-7ff9-4274-a226-b91e45ec4a9f d9949a3886b94522933392f3b7c5d2c3 caf4c065f9414a01b9e06ee8ba75c5ce - - default default] 10.0.0.216 "DELETE /v2.0/security-groups/f95b8b21-e6b3-4a6d-a527-29db223edf2e HTTP/1.1" status: 204 len: 168 time: 0.1937020
2026-04-28 23:33:33.362 9 WARNING neutron.scheduler.dhcp_agent_scheduler [None req-647746c3-af28-4bfb-961d-99325109a9ac 08c3fccc6dfa4ac79e1e8bfe827adae2 ce2bca163e8340e790d71a697c1f7788 - - default default] No more DHCP agents
2026-04-28 23:33:33.365 9 WARNING neutron.api.rpc.agentnotifiers.dhcp_rpc_agent_api [None req-647746c3-af28-4bfb-961d-99325109a9ac 08c3fccc6dfa4ac79e1e8bfe827adae2 ce2bca163e8340e790d71a697c1f7788 - - default default] Unable to schedule network 8f3e0386-3287-47ed-bfc5-853e0ac9b3eb: no agents available; will retry on subsequent port and subnet creation events.
2026-04-28 23:33:33.512 10 INFO neutron.services.segments.plugin [-] Segment b5b22502-e64a-4c9a-8466-7a94d8d24c09 resource provider aggregate not found
2026-04-28 23:33:33.518 10 INFO neutron.services.segments.plugin [-] Segment b5b22502-e64a-4c9a-8466-7a94d8d24c09 resource provider aggregate not found
2026-04-28 23:33:33.535 10 INFO neutron.services.segments.plugin [-] Segment b5b22502-e64a-4c9a-8466-7a94d8d24c09 resource provider not found; error: Placement Client Error (4xx): {"errors": [{"status": 404, "title": "Not Found", "detail": "The resource could not be found.\n\n No resource provider with uuid b5b22502-e64a-4c9a-8466-7a94d8d24c09 found for delete ", "request_id": "req-10f2aa7d-5420-4d26-90fb-013d737c2d77"}]}
2026-04-28 23:33:33.536 10 INFO neutron.services.segments.plugin [-] Segment b5b22502-e64a-4c9a-8466-7a94d8d24c09 resource provider not found; error: Placement Client Error (4xx): {"errors": [{"status": 404, "title": "Not Found", "detail": "The resource could not be found.\n\n No resource provider with uuid b5b22502-e64a-4c9a-8466-7a94d8d24c09 found for delete ", "request_id": "req-e7cbe804-9ab8-4099-a567-66fcd93b18dc"}]}
2026-04-28 23:33:33.545 9 INFO neutron.db.ovn_revision_numbers_db [None req-647746c3-af28-4bfb-961d-99325109a9ac 08c3fccc6dfa4ac79e1e8bfe827adae2 ce2bca163e8340e790d71a697c1f7788 - - default default] Successfully bumped revision number for resource 13730105-3b0a-464e-ac07-79f6fe6a7553 (type: ports) to 1
2026-04-28 23:33:33.569 9 INFO neutron.wsgi [None req-647746c3-af28-4bfb-961d-99325109a9ac 08c3fccc6dfa4ac79e1e8bfe827adae2 ce2bca163e8340e790d71a697c1f7788 - - default default] 10.0.0.216 "POST /v2.0/ports HTTP/1.1" status: 201 len: 1110 time: 0.4950087
2026-04-28 23:33:33.863 9 INFO neutron.wsgi [None req-033d5760-d7e2-44df-9d85-48a941a6d2a5 08c3fccc6dfa4ac79e1e8bfe827adae2 ce2bca163e8340e790d71a697c1f7788 - - default default] 10.0.0.216 "DELETE /v2.0/ports/13730105-3b0a-464e-ac07-79f6fe6a7553 HTTP/1.1" status: 204 len: 168 time: 0.2902331
2026-04-28 23:33:33.886 10 INFO neutron.pecan_wsgi.hooks.translation [None req-72bb75d3-470c-4639-b3b9-91e9f73d8dd3 08c3fccc6dfa4ac79e1e8bfe827adae2 ce2bca163e8340e790d71a697c1f7788 - - default default] GET failed (client error): The resource could not be found.
2026-04-28 23:33:33.888 10 INFO neutron.wsgi [None req-72bb75d3-470c-4639-b3b9-91e9f73d8dd3 08c3fccc6dfa4ac79e1e8bfe827adae2 ce2bca163e8340e790d71a697c1f7788 - - default default] 10.0.0.216 "GET /v2.0/ports/13730105-3b0a-464e-ac07-79f6fe6a7553 HTTP/1.1" status: 404 len: 333 time: 0.0213699
2026-04-28 23:33:34.098 10 INFO neutron.wsgi [None req-2ace65a5-5def-413a-b135-c346304c0fdc 08c3fccc6dfa4ac79e1e8bfe827adae2 ce2bca163e8340e790d71a697c1f7788 - - default default] 10.0.0.216 "DELETE /v2.0/subnets/e96873a4-1905-4b9f-97b0-1952950df2a4 HTTP/1.1" status: 204 len: 168 time: 0.2051499
2026-04-28 23:33:34.493 10 INFO neutron.wsgi [None req-97dd60db-3c4b-4400-b2f1-c9bccc2624ec 08c3fccc6dfa4ac79e1e8bfe827adae2 ce2bca163e8340e790d71a697c1f7788 - - default default] 10.0.0.216 "DELETE /v2.0/networks/8f3e0386-3287-47ed-bfc5-853e0ac9b3eb HTTP/1.1" status: 204 len: 168 time: 0.3898420
2026-04-28 23:33:34.756 9 WARNING neutron.scheduler.dhcp_agent_scheduler [None req-3b821ca1-5fb6-4c21-b6a1-9d5a652c680a 08c3fccc6dfa4ac79e1e8bfe827adae2 ce2bca163e8340e790d71a697c1f7788 - - default default] No more DHCP agents
2026-04-28 23:33:34.758 9 WARNING neutron.api.rpc.agentnotifiers.dhcp_rpc_agent_api [None req-3b821ca1-5fb6-4c21-b6a1-9d5a652c680a 08c3fccc6dfa4ac79e1e8bfe827adae2 ce2bca163e8340e790d71a697c1f7788 - - default default] Unable to schedule network b7a6d57f-4555-4ba5-ac0b-c8a629721cdc: no agents available; will retry on subsequent port and subnet creation events.
2026-04-28 23:33:34.855 9 INFO neutron.db.ovn_revision_numbers_db [None req-3b821ca1-5fb6-4c21-b6a1-9d5a652c680a 08c3fccc6dfa4ac79e1e8bfe827adae2 ce2bca163e8340e790d71a697c1f7788 - - default default] Successfully bumped revision number for resource 692779e4-f1b6-4255-8e5a-00d2670b7602 (type: ports) to 1
2026-04-28 23:33:34.878 9 INFO neutron.wsgi [None req-3b821ca1-5fb6-4c21-b6a1-9d5a652c680a 08c3fccc6dfa4ac79e1e8bfe827adae2 ce2bca163e8340e790d71a697c1f7788 - - default default] 10.0.0.216 "POST /v2.0/ports HTTP/1.1" status: 201 len: 974 time: 0.3732591 /var/lib/openstack/lib/python3.10/site-packages/pycadf/identifier.py:71: UserWarning: Invalid uuid: neutron. To ensure interoperability, identifiers should be a valid uuid. warnings.warn(('Invalid uuid: %s. To ensure interoperability, '
2026-04-28 23:33:35.099 10 INFO neutron.plugins.ml2.drivers.ovn.mech_driver.mech_driver [None req-77ce5834-fdbe-4938-af3e-775d023d66e9 - - - - - -] OVN reports status down for port: 692779e4-f1b6-4255-8e5a-00d2670b7602
2026-04-28 23:33:35.129 9 INFO neutron.db.ovn_revision_numbers_db [None req-dc4e4ffb-4a42-449e-a568-653689a77cff 08c3fccc6dfa4ac79e1e8bfe827adae2 ce2bca163e8340e790d71a697c1f7788 - - default default] Successfully bumped revision number for resource 692779e4-f1b6-4255-8e5a-00d2670b7602 (type: ports) to 2
2026-04-28 23:33:35.144 9 INFO neutron.wsgi [None req-dc4e4ffb-4a42-449e-a568-653689a77cff 08c3fccc6dfa4ac79e1e8bfe827adae2 ce2bca163e8340e790d71a697c1f7788 - - default default] 10.0.0.216 "PUT /v2.0/ports/692779e4-f1b6-4255-8e5a-00d2670b7602 HTTP/1.1" status: 200 len: 946 time: 0.2607231 /var/lib/openstack/lib/python3.10/site-packages/pycadf/identifier.py:71: UserWarning: Invalid uuid: neutron. To ensure interoperability, identifiers should be a valid uuid. warnings.warn(('Invalid uuid: %s. To ensure interoperability, '
2026-04-28 23:33:35.346 9 INFO neutron.wsgi [None req-cc10b78d-4d94-473d-ae58-b70f49f15e9d 08c3fccc6dfa4ac79e1e8bfe827adae2 ce2bca163e8340e790d71a697c1f7788 - - default default] 10.0.0.216 "DELETE /v2.0/ports/692779e4-f1b6-4255-8e5a-00d2670b7602 HTTP/1.1" status: 204 len: 168 time: 0.1972725
2026-04-28 23:33:35.569 10 INFO neutron.services.segments.plugin [-] Segment 7570b41e-1ac7-4190-89c1-53dc6b7b3d9b resource provider aggregate not found
2026-04-28 23:33:35.577 10 INFO neutron.services.segments.plugin [-] Segment 7570b41e-1ac7-4190-89c1-53dc6b7b3d9b resource provider aggregate not found
2026-04-28 23:33:35.587 10 INFO neutron.services.segments.plugin [-] Segment 7570b41e-1ac7-4190-89c1-53dc6b7b3d9b resource provider not found; error: Placement Client Error (4xx): {"errors": [{"status": 404, "title": "Not Found", "detail": "The resource could not be found.\n\n No resource provider with uuid 7570b41e-1ac7-4190-89c1-53dc6b7b3d9b found for delete ", "request_id": "req-ef143703-70ea-40a8-9301-17646522bdec"}]}
2026-04-28 23:33:35.596 10 INFO neutron.services.segments.plugin [-] Segment 7570b41e-1ac7-4190-89c1-53dc6b7b3d9b resource provider not found; error: Placement Client Error (4xx): {"errors": [{"status": 404, "title": "Not Found", "detail": "The resource could not be found.\n\n No resource provider with uuid 7570b41e-1ac7-4190-89c1-53dc6b7b3d9b found for delete ", "request_id": "req-ec75ca68-5da5-45bd-8fcf-7469d9b0b9da"}]}
2026-04-28 23:33:35.711 9 INFO neutron.wsgi [None req-4de92b96-a08a-4ee7-9f4a-68f85b957aa0 08c3fccc6dfa4ac79e1e8bfe827adae2 ce2bca163e8340e790d71a697c1f7788 - - default default] 10.0.0.216 "GET /v2.0/ports HTTP/1.1" status: 200 len: 1729 time: 0.3604925
2026-04-28 23:33:35.754 10 INFO neutron.pecan_wsgi.hooks.translation [None req-e5db38eb-0a13-4598-8f3b-02e9d7ac4620 08c3fccc6dfa4ac79e1e8bfe827adae2 ce2bca163e8340e790d71a697c1f7788 - - default default] GET failed (client error): The resource could not be found.
2026-04-28 23:33:35.757 10 INFO neutron.wsgi [None req-e5db38eb-0a13-4598-8f3b-02e9d7ac4620 08c3fccc6dfa4ac79e1e8bfe827adae2 ce2bca163e8340e790d71a697c1f7788 - - default default] 10.0.0.216 "GET /v2.0/ports/692779e4-f1b6-4255-8e5a-00d2670b7602 HTTP/1.1" status: 404 len: 333 time: 0.0303388
2026-04-28 23:33:35.868 10 INFO neutron.wsgi [None req-b98a520b-40c9-4ccf-b5a0-6539793174d3 08c3fccc6dfa4ac79e1e8bfe827adae2 ce2bca163e8340e790d71a697c1f7788 - - default default] 10.0.0.216 "GET /v2.0/ports HTTP/1.1" status: 200 len: 1729 time: 0.1042862
2026-04-28 23:33:35.917 10 INFO neutron.wsgi [None req-66700d29-188a-4006-8331-6cdf93811a90 08c3fccc6dfa4ac79e1e8bfe827adae2 ce2bca163e8340e790d71a697c1f7788 - - default default] 10.0.0.216 "GET /v2.0/ports/bfd6bd81-427a-43be-827c-5bb17c60276f HTTP/1.1" status: 200 len: 969 time: 0.0420196
2026-04-28 23:33:35.939 10 INFO neutron.pecan_wsgi.hooks.translation [None req-2c308852-2b3a-4331-a54f-a9ad2440eb3a 08c3fccc6dfa4ac79e1e8bfe827adae2 ce2bca163e8340e790d71a697c1f7788 - - default default] DELETE failed (client error): The resource could not be found.
2026-04-28 23:33:35.941 10 INFO neutron.wsgi [None req-2c308852-2b3a-4331-a54f-a9ad2440eb3a 08c3fccc6dfa4ac79e1e8bfe827adae2 ce2bca163e8340e790d71a697c1f7788 - - default default] 10.0.0.216 "DELETE /v2.0/ports/13730105-3b0a-464e-ac07-79f6fe6a7553 HTTP/1.1" status: 404 len: 333 time: 0.0185802
2026-04-28 23:33:35.963 10 INFO neutron.pecan_wsgi.hooks.translation [None req-666c9b88-23bc-4b55-96bc-130b7259debd 08c3fccc6dfa4ac79e1e8bfe827adae2 ce2bca163e8340e790d71a697c1f7788 - - default default] DELETE failed (client error): The resource could not be found.
2026-04-28 23:33:35.966 10 INFO neutron.wsgi [None req-666c9b88-23bc-4b55-96bc-130b7259debd 08c3fccc6dfa4ac79e1e8bfe827adae2 ce2bca163e8340e790d71a697c1f7788 - - default default] 10.0.0.216 "DELETE /v2.0/subnets/e96873a4-1905-4b9f-97b0-1952950df2a4 HTTP/1.1" status: 404 len: 337 time: 0.0202379
2026-04-28 23:33:35.984 10 INFO neutron.pecan_wsgi.hooks.translation [None req-02443179-573b-4a5a-b02f-bca9ae357ff0 08c3fccc6dfa4ac79e1e8bfe827adae2 ce2bca163e8340e790d71a697c1f7788 - - default default] DELETE failed (client error): The resource could not be found.
2026-04-28 23:33:35.986 10 INFO neutron.wsgi [None req-02443179-573b-4a5a-b02f-bca9ae357ff0 08c3fccc6dfa4ac79e1e8bfe827adae2 ce2bca163e8340e790d71a697c1f7788 - - default default] 10.0.0.216 "DELETE /v2.0/subnets/96c299c5-c519-48fd-bfb9-11ace9421674 HTTP/1.1" status: 404 len: 337 time: 0.0161114
2026-04-28 23:33:36.231 9 INFO neutron.wsgi [None req-f67e680a-3b90-428c-b199-add2309bcbf8 08c3fccc6dfa4ac79e1e8bfe827adae2 ce2bca163e8340e790d71a697c1f7788 - - default default] 10.0.0.216 "DELETE /v2.0/ports/bfd6bd81-427a-43be-827c-5bb17c60276f HTTP/1.1" status: 204 len: 168 time: 0.2392268
2026-04-28 23:33:36.543 9 INFO neutron.db.ovn_revision_numbers_db [None req-03494ad4-c54d-4df8-abec-ff8134ffe680 d9949a3886b94522933392f3b7c5d2c3 caf4c065f9414a01b9e06ee8ba75c5ce - - default default] Successfully bumped revision number for resource 9229a4e2-1cf2-4c10-ae71-8881bd85ecbd (type: security_groups) to 1
2026-04-28 23:33:36.559 9 INFO neutron.db.ovn_revision_numbers_db [None req-03494ad4-c54d-4df8-abec-ff8134ffe680 d9949a3886b94522933392f3b7c5d2c3 caf4c065f9414a01b9e06ee8ba75c5ce - - default default] Successfully bumped revision number for resource 3b9381b0-8ce1-48f3-b2a9-0248d7c84716 (type: security_group_rules) to 0
2026-04-28 23:33:36.607 9 INFO neutron.services.segments.plugin [-] Segment bbe4c718-9e6a-46be-8a66-52608f1e6ef3 resource provider aggregate not found
2026-04-28 23:33:36.612 9 INFO neutron.services.segments.plugin [-] Segment bbe4c718-9e6a-46be-8a66-52608f1e6ef3 resource provider aggregate not found
2026-04-28 23:33:36.623 9 INFO neutron.db.ovn_revision_numbers_db [None req-03494ad4-c54d-4df8-abec-ff8134ffe680 d9949a3886b94522933392f3b7c5d2c3 caf4c065f9414a01b9e06ee8ba75c5ce - - default default] Successfully bumped revision number for resource 97dfc754-1ffe-454e-9222-c7ce0cda5be7 (type: security_group_rules) to 0
2026-04-28 23:33:36.628 9 INFO neutron.services.segments.plugin [-] Segment bbe4c718-9e6a-46be-8a66-52608f1e6ef3 resource provider not found; error: Placement Client Error (4xx): {"errors": [{"status": 404, "title": "Not Found", "detail": "The resource could not be found.\n\n No resource provider with uuid bbe4c718-9e6a-46be-8a66-52608f1e6ef3 found for delete ", "request_id": "req-3639473e-d36c-4adc-871f-c37591987564"}]}
2026-04-28 23:33:36.629 9 INFO neutron.services.segments.plugin [-] Segment bbe4c718-9e6a-46be-8a66-52608f1e6ef3 resource provider not found; error: Placement Client Error (4xx): {"errors": [{"status": 404, "title": "Not Found", "detail": "The resource could not be found.\n\n No resource provider with uuid bbe4c718-9e6a-46be-8a66-52608f1e6ef3 found for delete ", "request_id": "req-e2301960-8880-4ef6-a3bc-2467a33386df"}]}
2026-04-28 23:33:36.638 9 INFO neutron.db.ovn_revision_numbers_db [None req-03494ad4-c54d-4df8-abec-ff8134ffe680 d9949a3886b94522933392f3b7c5d2c3 caf4c065f9414a01b9e06ee8ba75c5ce - - default default] Successfully bumped revision number for resource afa1bf85-6cca-4408-96cb-43da68f2cbf3 (type: security_group_rules) to 0
2026-04-28 23:33:36.658 9 INFO neutron.db.ovn_revision_numbers_db [None req-03494ad4-c54d-4df8-abec-ff8134ffe680 d9949a3886b94522933392f3b7c5d2c3 caf4c065f9414a01b9e06ee8ba75c5ce - - default default] Successfully bumped revision number for resource bb4fd61e-88db-4176-a841-6365f15e402c (type: security_group_rules) to 0
2026-04-28 23:33:36.672 9 INFO neutron.wsgi [None req-8d360290-2a4a-44d1-82b8-ff9463b10366 08c3fccc6dfa4ac79e1e8bfe827adae2 ce2bca163e8340e790d71a697c1f7788 - - default default] 10.0.0.216 "DELETE /v2.0/networks/b7a6d57f-4555-4ba5-ac0b-c8a629721cdc HTTP/1.1" status: 204 len: 168 time: 0.4348550
2026-04-28 23:33:36.693 9 INFO neutron.wsgi [None req-03494ad4-c54d-4df8-abec-ff8134ffe680 d9949a3886b94522933392f3b7c5d2c3 caf4c065f9414a01b9e06ee8ba75c5ce - - default default] 10.0.0.216 "GET /v2.0/security-groups?tenant_id=5e3588e1e2fd4d16b8801b308612a460&name=default HTTP/1.1" status: 200 len: 2996 time: 0.4550557
2026-04-28 23:33:36.901 9 INFO neutron.wsgi [None req-190b0dc7-f463-40af-928d-df6ca7849113 d9949a3886b94522933392f3b7c5d2c3 caf4c065f9414a01b9e06ee8ba75c5ce - - default default] 10.0.0.216 "DELETE /v2.0/security-groups/9229a4e2-1cf2-4c10-ae71-8881bd85ecbd HTTP/1.1" status: 204 len: 168 time: 0.2046473
2026-04-28 23:33:37.152 9 INFO neutron.db.ovn_revision_numbers_db [None req-49d8e6a6-d79b-4afe-9363-ef88e30acbc6 d9949a3886b94522933392f3b7c5d2c3 caf4c065f9414a01b9e06ee8ba75c5ce - - default default] Successfully bumped revision number for resource cde2a304-1310-45be-8b20-aa1d967713ef (type: security_groups) to 1
2026-04-28 23:33:37.165 9 INFO neutron.db.ovn_revision_numbers_db [None req-49d8e6a6-d79b-4afe-9363-ef88e30acbc6 d9949a3886b94522933392f3b7c5d2c3 caf4c065f9414a01b9e06ee8ba75c5ce - - default default] Successfully bumped revision number for resource 6f38cd06-585b-4d27-9956-a05ff7bc1a37 (type: security_group_rules) to 0
2026-04-28 23:33:37.176 9 INFO neutron.db.ovn_revision_numbers_db [None req-49d8e6a6-d79b-4afe-9363-ef88e30acbc6 d9949a3886b94522933392f3b7c5d2c3 caf4c065f9414a01b9e06ee8ba75c5ce - - default default] Successfully bumped revision number for resource 97b5fbb8-b821-4787-b836-6c3751c48dbc (type: security_group_rules) to 0
2026-04-28 23:33:37.189 9 INFO neutron.db.ovn_revision_numbers_db [None req-49d8e6a6-d79b-4afe-9363-ef88e30acbc6 d9949a3886b94522933392f3b7c5d2c3 caf4c065f9414a01b9e06ee8ba75c5ce - - default default] Successfully bumped revision number for resource 9ff5d344-48ce-4b8a-a814-54d70d748169 (type: security_group_rules) to 0
2026-04-28 23:33:37.212 9 INFO neutron.db.ovn_revision_numbers_db [None req-49d8e6a6-d79b-4afe-9363-ef88e30acbc6 d9949a3886b94522933392f3b7c5d2c3 caf4c065f9414a01b9e06ee8ba75c5ce - - default default] Successfully bumped revision number for resource dd72d9d2-3823-4a2b-b8df-853ba3bfa623 (type: security_group_rules) to 0
2026-04-28 23:33:37.231 9 INFO neutron.wsgi [None req-49d8e6a6-d79b-4afe-9363-ef88e30acbc6 d9949a3886b94522933392f3b7c5d2c3 caf4c065f9414a01b9e06ee8ba75c5ce - - default default] 10.0.0.216 "GET /v2.0/security-groups?tenant_id=1d5ee8e823a747c7aecb8a792e86fade&name=default HTTP/1.1" status: 200 len: 2996 time: 0.1893249
2026-04-28 23:33:37.400 9 INFO neutron.wsgi [None req-ea411e28-109b-4771-8992-4442ae51f623 d9949a3886b94522933392f3b7c5d2c3 caf4c065f9414a01b9e06ee8ba75c5ce - - default default] 10.0.0.216 "GET /v2.0/security-groups?tenant_id=ce2bca163e8340e790d71a697c1f7788&name=default HTTP/1.1" status: 200 len: 2996 time: 0.1931543
2026-04-28 23:33:37.433 9 INFO neutron.wsgi [None req-651c2e64-e5ee-49ac-9b69-3a25ff340b54 d9949a3886b94522933392f3b7c5d2c3 caf4c065f9414a01b9e06ee8ba75c5ce - - default default] 10.0.0.216 "DELETE /v2.0/security-groups/cde2a304-1310-45be-8b20-aa1d967713ef HTTP/1.1" status: 204 len: 168 time: 0.1981137
2026-04-28 23:33:37.583 10 INFO neutron.db.ovn_revision_numbers_db [None req-69688cc4-9efe-4a06-bcc9-3148359bcb07 814c96d4d6d745a5b987ae4480af4e50 c0b179bdefff4174a9d5199bf3d1862b - - default default] Successfully bumped revision number for resource b0a8d4de-c2cd-44ba-ac8c-a665a0a5bd5f (type: routers) to 1
2026-04-28 23:33:37.599 10 INFO neutron.wsgi [None req-69688cc4-9efe-4a06-bcc9-3148359bcb07 814c96d4d6d745a5b987ae4480af4e50 c0b179bdefff4174a9d5199bf3d1862b - - default default] 10.0.0.216 "POST /v2.0/routers HTTP/1.1" status: 201 len: 654 time: 0.2993095
2026-04-28 23:33:37.619 9 INFO neutron.wsgi [None req-39fc0318-99ae-4fcc-b8be-c57857806c82 d9949a3886b94522933392f3b7c5d2c3 caf4c065f9414a01b9e06ee8ba75c5ce - - default default] 10.0.0.216 "DELETE /v2.0/security-groups/8dfe42e8-f991-4529-bfcd-06e6240dc107 HTTP/1.1" status: 204 len: 168 time: 0.2147422
2026-04-28 23:33:37.763 10 INFO neutron.db.ovn_revision_numbers_db [None req-448be34d-1910-4fb6-8064-3ef967bfa391 814c96d4d6d745a5b987ae4480af4e50 c0b179bdefff4174a9d5199bf3d1862b - - default default] Successfully bumped revision number for resource af176abf-d2ee-4ecb-9034-0cb4f3f7d582 (type: routers) to 1
2026-04-28 23:33:37.780 10 INFO neutron.wsgi [None req-448be34d-1910-4fb6-8064-3ef967bfa391 814c96d4d6d745a5b987ae4480af4e50 c0b179bdefff4174a9d5199bf3d1862b - - default default] 10.0.0.216 "POST /v2.0/routers HTTP/1.1" status: 201 len: 654 time: 0.1766438
2026-04-28 23:33:37.934 10 INFO neutron.db.ovn_revision_numbers_db [None req-66088ae7-c283-46ba-a771-75d39b45a234 814c96d4d6d745a5b987ae4480af4e50 c0b179bdefff4174a9d5199bf3d1862b - - default default] Successfully bumped revision number for resource 37940b86-54bb-4414-941c-b0c50f387f0b (type: routers) to 1
2026-04-28 23:33:37.947 10 INFO neutron.wsgi [None req-66088ae7-c283-46ba-a771-75d39b45a234 814c96d4d6d745a5b987ae4480af4e50 c0b179bdefff4174a9d5199bf3d1862b - - default default] 10.0.0.216 "POST /v2.0/routers HTTP/1.1" status: 201 len: 654 time: 0.1603220
2026-04-28 23:33:38.101 10 INFO neutron.db.ovn_revision_numbers_db [None req-0cddd59c-e8fc-4631-90db-a1420a7ea250 814c96d4d6d745a5b987ae4480af4e50 c0b179bdefff4174a9d5199bf3d1862b - - default default] Successfully bumped revision number for resource e5e54dcf-673b-4f70-9d9a-38f9d0a2d0c2 (type: routers) to 1
2026-04-28 23:33:38.117 10 INFO neutron.wsgi [None req-0cddd59c-e8fc-4631-90db-a1420a7ea250 814c96d4d6d745a5b987ae4480af4e50 c0b179bdefff4174a9d5199bf3d1862b - - default default] 10.0.0.216 "POST /v2.0/routers HTTP/1.1" status: 201 len: 654 time: 0.1630678
2026-04-28 23:33:38.266 10 INFO neutron.db.ovn_revision_numbers_db [None req-9fcefe94-924d-4309-a978-5fc9cda222be 814c96d4d6d745a5b987ae4480af4e50 c0b179bdefff4174a9d5199bf3d1862b - - default default] Successfully bumped revision number for resource ab94997e-c6a9-42a6-9e52-4ac33b9615c7 (type: routers) to 1
