2026-04-28 23:26:48.931 10 INFO neutron.wsgi [None req-1e472da0-2aa0-4147-8f16-7c38c2d02fb2 d9949a3886b94522933392f3b7c5d2c3 caf4c065f9414a01b9e06ee8ba75c5ce - - default default] 10.0.0.145 "GET /v2.0/subnets HTTP/1.1" status: 200 len: 1437 time: 0.0300930
2026-04-28 23:26:48.942 10 INFO neutron.wsgi [None req-a1853ef7-787f-44a7-b5c1-45502873d99a d9949a3886b94522933392f3b7c5d2c3 caf4c065f9414a01b9e06ee8ba75c5ce - - default default] 10.0.0.145 "GET /v2.0/agents HTTP/1.1" status: 200 len: 997 time: 0.0095429
2026-04-28 23:26:54.658 10 INFO neutron.wsgi [-] 10.0.0.244 "GET / HTTP/1.1" status: 200 len: 246 time: 0.0017562
2026-04-28 23:26:54.661 10 INFO neutron.wsgi [-] 10.0.0.244 "GET / HTTP/1.1" status: 200 len: 246 time: 0.0009592
2026-04-28 23:27:08.338 9 INFO neutron.wsgi [None req-e736c90a-902b-4e70-8b2b-b035820b9679 d9949a3886b94522933392f3b7c5d2c3 caf4c065f9414a01b9e06ee8ba75c5ce - - default default] 199.204.45.3,10.0.0.244 "GET /v2.0/networks HTTP/1.1" status: 200 len: 2350 time: 0.1162331
2026-04-28 23:27:09.221 9 INFO neutron.wsgi [None req-2f606f9e-33b2-4d82-a5cd-104d9559f175 d9949a3886b94522933392f3b7c5d2c3 caf4c065f9414a01b9e06ee8ba75c5ce - - default default] 199.204.45.3,10.0.0.244 "GET /v2.0/subnets HTTP/1.1" status: 200 len: 1437 time: 0.0697856
2026-04-28 23:27:09.352 9 INFO neutron.wsgi [None req-eefe5864-effe-4f95-9a6b-553b64091b31 d9949a3886b94522933392f3b7c5d2c3 caf4c065f9414a01b9e06ee8ba75c5ce - - default default] 199.204.45.3,10.0.0.244 "GET /v2.0/networks HTTP/1.1" status: 200 len: 2350 time: 0.1215699
2026-04-28 23:27:09.657 9 INFO neutron.wsgi [-] 10.0.0.244 "GET / HTTP/1.1" status: 200 len: 246 time: 0.0015466
2026-04-28 23:27:09.659 9 INFO neutron.wsgi [-] 10.0.0.244 "GET / HTTP/1.1" status: 200 len: 246 time: 0.0009217
2026-04-28 23:27:10.345 9 INFO neutron.wsgi [None req-90f3ee84-7e3c-43c8-9d03-329afc82ee4d d9949a3886b94522933392f3b7c5d2c3 caf4c065f9414a01b9e06ee8ba75c5ce - - default default] 199.204.45.3,10.0.0.244 "GET /v2.0/security-groups?tenant_id=caf4c065f9414a01b9e06ee8ba75c5ce HTTP/1.1" status: 200 len: 10161 time: 0.0803580
2026-04-28 23:27:11.355 9 INFO neutron.wsgi [None req-3deb29ef-8c37-4914-afec-06bce52a5f34 d9949a3886b94522933392f3b7c5d2c3 caf4c065f9414a01b9e06ee8ba75c5ce - - default default] 199.204.45.3,10.0.0.244 "GET /v2.0/security-groups?tenant_id=caf4c065f9414a01b9e06ee8ba75c5ce HTTP/1.1" status: 200 len: 10161 time: 0.0789790
2026-04-28 23:27:12.171 9 INFO neutron.wsgi [None req-612b54aa-50d0-454a-88d5-21af5170ea49 d9949a3886b94522933392f3b7c5d2c3 caf4c065f9414a01b9e06ee8ba75c5ce - - default default] 199.204.45.3,10.0.0.244 "GET /v2.0/security-groups?tenant_id=caf4c065f9414a01b9e06ee8ba75c5ce HTTP/1.1" status: 200 len: 10161 time: 0.0778224
2026-04-28 23:27:13.038 10 INFO neutron.wsgi [None req-d527705a-a492-43fe-9a41-4cdb6c268ce3 d9949a3886b94522933392f3b7c5d2c3 caf4c065f9414a01b9e06ee8ba75c5ce - - default default] 199.204.45.3,10.0.0.244 "GET /v2.0/security-groups?tenant_id=caf4c065f9414a01b9e06ee8ba75c5ce HTTP/1.1" status: 200 len: 10161 time: 0.0793726
2026-04-28 23:27:13.896 10 INFO neutron.wsgi [None req-d531902d-da5f-42cd-90a7-f171c96cff18 d9949a3886b94522933392f3b7c5d2c3 caf4c065f9414a01b9e06ee8ba75c5ce - - default default] 199.204.45.3,10.0.0.244 "GET /v2.0/security-groups?tenant_id=caf4c065f9414a01b9e06ee8ba75c5ce HTTP/1.1" status: 200 len: 10161 time: 0.1227069
2026-04-28 23:27:14.692 10 INFO neutron.wsgi [None req-a23dbbb8-462b-4d67-a587-85b19b46150a d9949a3886b94522933392f3b7c5d2c3 caf4c065f9414a01b9e06ee8ba75c5ce - - default default] 199.204.45.3,10.0.0.244 "GET /v2.0/security-groups?tenant_id=caf4c065f9414a01b9e06ee8ba75c5ce HTTP/1.1" status: 200 len: 10161 time: 0.0738838
2026-04-28 23:27:15.746 9 INFO neutron.wsgi [None req-735084ab-0448-48bf-b225-3ec21b4d2fed d9949a3886b94522933392f3b7c5d2c3 caf4c065f9414a01b9e06ee8ba75c5ce - - default default] 199.204.45.3,10.0.0.244 "GET /v2.0/security-groups HTTP/1.1" status: 200 len: 16803 time: 0.0898385
2026-04-28 23:27:15.793 9 INFO neutron.wsgi [None req-7be13957-3651-4b84-88cb-e88e9d30053d d9949a3886b94522933392f3b7c5d2c3 caf4c065f9414a01b9e06ee8ba75c5ce - - default default] 199.204.45.3,10.0.0.244 "GET /v2.0/ports HTTP/1.1" status: 200 len: 5351 time: 0.0342932
2026-04-28 23:27:21.969 9 INFO neutron.pecan_wsgi.hooks.translation [None req-70559311-75b2-4630-a3e8-3050ff00d396 d9949a3886b94522933392f3b7c5d2c3 caf4c065f9414a01b9e06ee8ba75c5ce - - default default] GET failed (client error): The resource could not be found.
2026-04-28 23:27:21.971 9 INFO neutron.wsgi [None req-70559311-75b2-4630-a3e8-3050ff00d396 d9949a3886b94522933392f3b7c5d2c3 caf4c065f9414a01b9e06ee8ba75c5ce - - default default] 199.204.45.3,10.0.0.244 "GET /v2.0/ports/octavia-health-manager-port-instance HTTP/1.1" status: 404 len: 314 time: 0.0628016
2026-04-28 23:27:22.002 9 INFO neutron.wsgi [None req-83905039-d3cd-409d-993e-9decd71ed39e d9949a3886b94522933392f3b7c5d2c3 caf4c065f9414a01b9e06ee8ba75c5ce - - default default] 199.204.45.3,10.0.0.244 "GET /v2.0/ports?name=octavia-health-manager-port-instance HTTP/1.1" status: 200 len: 1399 time: 0.0276699
2026-04-28 23:27:23.452 10 INFO neutron.wsgi [None req-3de8b257-f929-4d87-a5ac-352de98b0f53 d9949a3886b94522933392f3b7c5d2c3 caf4c065f9414a01b9e06ee8ba75c5ce - - default default] 199.204.45.3,10.0.0.244 "GET /v2.0/ports HTTP/1.1" status: 200 len: 5351 time: 0.0749090
2026-04-28 23:27:24.412 9 INFO neutron.wsgi [None req-87a8e727-5532-4101-a617-1dd0fc7481ed d9949a3886b94522933392f3b7c5d2c3 caf4c065f9414a01b9e06ee8ba75c5ce - - default default] 199.204.45.3,10.0.0.244 "GET /v2.0/security-groups?tenant_id=caf4c065f9414a01b9e06ee8ba75c5ce HTTP/1.1" status: 200 len: 10161 time: 0.0806346
2026-04-28 23:27:24.659 10 INFO neutron.wsgi [-] 10.0.0.244 "GET / HTTP/1.1" status: 200 len: 246 time: 0.0021839
2026-04-28 23:27:24.660 9 INFO neutron.wsgi [-] 10.0.0.244 "GET / HTTP/1.1" status: 200 len: 246 time: 0.0026073
2026-04-28 23:27:25.313 9 INFO neutron.wsgi [None req-c199adae-2ee1-42df-bbaa-88fae71a5013 d9949a3886b94522933392f3b7c5d2c3 caf4c065f9414a01b9e06ee8ba75c5ce - - default default] 199.204.45.3,10.0.0.244 "GET /v2.0/security-groups?tenant_id=caf4c065f9414a01b9e06ee8ba75c5ce HTTP/1.1" status: 200 len: 10161 time: 0.0853181
2026-04-28 23:27:26.125 9 INFO neutron.wsgi [None req-b519b145-7d26-4ec7-b53b-bca891430ade d9949a3886b94522933392f3b7c5d2c3 caf4c065f9414a01b9e06ee8ba75c5ce - - default default] 199.204.45.3,10.0.0.244 "GET /v2.0/security-groups?tenant_id=caf4c065f9414a01b9e06ee8ba75c5ce HTTP/1.1" status: 200 len: 10161 time: 0.0788434
2026-04-28 23:27:36.723 9 INFO neutron.wsgi [None req-597fef00-5310-48f3-b7a3-a16d6da6b37a d9949a3886b94522933392f3b7c5d2c3 caf4c065f9414a01b9e06ee8ba75c5ce - - default default] 199.204.45.3,10.0.0.244 "GET /v2.0/quotas/caf4c065f9414a01b9e06ee8ba75c5ce HTTP/1.1" status: 200 len: 361 time: 0.0099654
2026-04-28 23:27:39.658 10 INFO neutron.wsgi [-] 10.0.0.244 "GET / HTTP/1.1" status: 200 len: 246 time: 0.0020318
2026-04-28 23:27:39.659 9 INFO neutron.wsgi [-] 10.0.0.244 "GET / HTTP/1.1" status: 200 len: 246 time: 0.0022397
2026-04-28 23:27:48.602 10 INFO neutron.wsgi [None req-ccdb9d28-4551-4825-92fc-33b292c28539 d9949a3886b94522933392f3b7c5d2c3 caf4c065f9414a01b9e06ee8ba75c5ce - - default default] 10.0.0.145 "GET /v2.0/floatingips HTTP/1.1" status: 200 len: 193 time: 0.1275036
2026-04-28 23:27:48.668 10 INFO neutron.wsgi [None req-7a35e7db-d058-455e-8b69-430be3caf47f d9949a3886b94522933392f3b7c5d2c3 caf4c065f9414a01b9e06ee8ba75c5ce - - default default] 10.0.0.145 "GET /v2.0/networks HTTP/1.1" status: 200 len: 2350 time: 0.0655682
2026-04-28 23:27:48.705 10 INFO neutron.wsgi [None req-e7d78118-94d5-4b3c-a94e-4953bc12edd2 d9949a3886b94522933392f3b7c5d2c3 caf4c065f9414a01b9e06ee8ba75c5ce - - default default] 10.0.0.145 "GET /v2.0/subnets HTTP/1.1" status: 200 len: 1437 time: 0.0330002
2026-04-28 23:27:48.728 10 INFO neutron.wsgi [None req-e5d02120-9e4c-48fb-8dcb-550e61ae7c17 d9949a3886b94522933392f3b7c5d2c3 caf4c065f9414a01b9e06ee8ba75c5ce - - default default] 10.0.0.145 "GET /v2.0/routers HTTP/1.1" status: 200 len: 189 time: 0.0212111
2026-04-28 23:27:48.766 10 INFO neutron.wsgi [None req-b95c655f-a857-42b8-986d-c89f0dded5ee d9949a3886b94522933392f3b7c5d2c3 caf4c065f9414a01b9e06ee8ba75c5ce - - default default] 10.0.0.145 "GET /v2.0/agents?binary=ovn-controller HTTP/1.1" status: 200 len: 591 time: 0.0374126
2026-04-28 23:27:48.779 10 INFO neutron.wsgi [None req-f1f7e3c6-8aea-4397-9f77-b9756d50ebb4 d9949a3886b94522933392f3b7c5d2c3 caf4c065f9414a01b9e06ee8ba75c5ce - - default default] 10.0.0.145 "GET /v2.0/agents HTTP/1.1" status: 200 len: 997 time: 0.0113940
2026-04-28 23:27:48.791 10 INFO neutron.wsgi [None req-f1db99b2-44dd-439d-9066-085a365cc377 d9949a3886b94522933392f3b7c5d2c3 caf4c065f9414a01b9e06ee8ba75c5ce - - default default] 10.0.0.145 "GET /v2.0/network-ip-availabilities HTTP/1.1" status: 200 len: 1280 time: 0.0109026
2026-04-28 23:27:48.832 10 INFO neutron.wsgi [None req-71439e8e-eb0d-4cdf-840b-9e9ea92a6ac2 d9949a3886b94522933392f3b7c5d2c3 caf4c065f9414a01b9e06ee8ba75c5ce - - default default] 10.0.0.145 "GET /v2.0/subnets HTTP/1.1" status: 200 len: 1437 time: 0.0399768
2026-04-28 23:27:48.844 10 INFO neutron.wsgi [None req-a6edfc9e-26e7-42ec-9bac-111dfdd836da d9949a3886b94522933392f3b7c5d2c3 caf4c065f9414a01b9e06ee8ba75c5ce - - default default] 10.0.0.145 "GET /v2.0/subnetpools HTTP/1.1" status: 200 len: 193 time: 0.0110412
2026-04-28 23:27:48.888 10 INFO neutron.wsgi [None req-cb2ad44b-3756-47dd-8c2e-85f16661c894 d9949a3886b94522933392f3b7c5d2c3 caf4c065f9414a01b9e06ee8ba75c5ce - - default default] 10.0.0.145 "GET /v2.0/security-groups HTTP/1.1" status: 200 len: 16803 time: 0.0430412
2026-04-28 23:27:48.929 10 INFO neutron.wsgi [None req-6e733e6f-d3be-48ed-9d62-55cc5570dbb3 d9949a3886b94522933392f3b7c5d2c3 caf4c065f9414a01b9e06ee8ba75c5ce - - default default] 10.0.0.145 "GET /v2.0/ports HTTP/1.1" status: 200 len: 5351 time: 0.0361247
2026-04-28 23:27:54.660 9 INFO neutron.wsgi [-] 10.0.0.244 "GET / HTTP/1.1" status: 200 len: 246 time: 0.0025060
2026-04-28 23:27:54.660 10 INFO neutron.wsgi [-] 10.0.0.244 "GET / HTTP/1.1" status: 200 len: 246 time: 0.0026565
2026-04-28 23:28:09.662 10 INFO neutron.wsgi [-] 10.0.0.244 "GET / HTTP/1.1" status: 200 len: 246 time: 0.0037279
2026-04-28 23:28:09.663 9 INFO neutron.wsgi [-] 10.0.0.244 "GET / HTTP/1.1" status: 200 len: 246 time: 0.0031362
2026-04-28 23:28:24.465 10 INFO neutron.wsgi [None req-454072af-13d5-4de8-97a4-beabce1e570a d9949a3886b94522933392f3b7c5d2c3 caf4c065f9414a01b9e06ee8ba75c5ce - - default default] 199.204.45.3,10.0.0.244 "GET /v2.0/security-groups?tenant_id=c19f6fea06174e1f8a5de22cc378066e HTTP/1.1" status: 200 len: 6838 time: 0.0835452
2026-04-28 23:28:24.660 9 INFO neutron.wsgi [-] 10.0.0.244 "GET / HTTP/1.1" status: 200 len: 246 time: 0.0034161
2026-04-28 23:28:24.663 9 INFO neutron.wsgi [-] 10.0.0.244 "GET / HTTP/1.1" status: 200 len: 246 time: 0.0018849
2026-04-28 23:28:25.411 9 INFO neutron.wsgi [None req-1be43b7a-102c-4ce5-8d50-74094787200d d9949a3886b94522933392f3b7c5d2c3 caf4c065f9414a01b9e06ee8ba75c5ce - - default default] 199.204.45.3,10.0.0.244 "GET /v2.0/security-groups?tenant_id=c19f6fea06174e1f8a5de22cc378066e HTTP/1.1" status: 200 len: 6838 time: 0.0828013
2026-04-28 23:28:26.293 9 INFO neutron.wsgi [None req-45e41479-c73f-4e56-b8f9-73eae4fa5af6 d9949a3886b94522933392f3b7c5d2c3 caf4c065f9414a01b9e06ee8ba75c5ce - - default default] 199.204.45.3,10.0.0.244 "GET /v2.0/security-groups?tenant_id=c19f6fea06174e1f8a5de22cc378066e HTTP/1.1" status: 200 len: 6838 time: 0.0777588
2026-04-28 23:28:27.166 9 INFO neutron.wsgi [None req-ea9397a7-5d71-43e5-a9d3-c92d8f381680 d9949a3886b94522933392f3b7c5d2c3 caf4c065f9414a01b9e06ee8ba75c5ce - - default default] 199.204.45.3,10.0.0.244 "GET /v2.0/security-groups?tenant_id=c19f6fea06174e1f8a5de22cc378066e HTTP/1.1" status: 200 len: 6838 time: 0.0924973
2026-04-28 23:28:28.069 9 INFO neutron.wsgi [None req-b041bed6-8041-4fae-93cb-cf2e7e508df1 d9949a3886b94522933392f3b7c5d2c3 caf4c065f9414a01b9e06ee8ba75c5ce - - default default] 199.204.45.3,10.0.0.244 "GET /v2.0/security-groups?tenant_id=c19f6fea06174e1f8a5de22cc378066e HTTP/1.1" status: 200 len: 6838 time: 0.0698891
2026-04-28 23:28:35.266 10 INFO neutron.wsgi [None req-b08ba0b0-20df-40a9-9c6b-5093e9913f1d d9949a3886b94522933392f3b7c5d2c3 caf4c065f9414a01b9e06ee8ba75c5ce - - default default] 199.204.45.3,10.0.0.244 "GET /v2.0/quotas/c19f6fea06174e1f8a5de22cc378066e HTTP/1.1" status: 200 len: 361 time: 0.0120754
2026-04-28 23:28:39.662 10 INFO neutron.wsgi [-] 10.0.0.244 "GET / HTTP/1.1" status: 200 len: 246 time: 0.0042977
2026-04-28 23:28:39.664 10 INFO neutron.wsgi [-] 10.0.0.244 "GET / HTTP/1.1" status: 200 len: 246 time: 0.0013280
2026-04-28 23:28:48.515 10 INFO neutron.wsgi [None req-e51eef0d-ae77-465e-8e0b-a102989990c6 d9949a3886b94522933392f3b7c5d2c3 caf4c065f9414a01b9e06ee8ba75c5ce - - default default] 10.0.0.145 "GET /v2.0/subnets HTTP/1.1" status: 200 len: 1437 time: 0.0787516
2026-04-28 23:28:48.546 10 INFO neutron.wsgi [None req-592ace5b-b6ef-464c-8a65-6eaa38c9d173 d9949a3886b94522933392f3b7c5d2c3 caf4c065f9414a01b9e06ee8ba75c5ce - - default default] 10.0.0.145 "GET /v2.0/ports HTTP/1.1" status: 200 len: 5351 time: 0.0296752
2026-04-28 23:28:48.564 10 INFO neutron.wsgi [None req-682157bc-ff4d-45e4-b5d6-c607213d70af d9949a3886b94522933392f3b7c5d2c3 caf4c065f9414a01b9e06ee8ba75c5ce - - default default] 10.0.0.145 "GET /v2.0/network-ip-availabilities HTTP/1.1" status: 200 len: 1280 time: 0.0118947
2026-04-28 23:28:48.587 10 INFO neutron.wsgi [None req-44205b90-ec69-430c-a355-4d3c7118522c d9949a3886b94522933392f3b7c5d2c3 caf4c065f9414a01b9e06ee8ba75c5ce - - default default] 10.0.0.145 "GET /v2.0/floatingips HTTP/1.1" status: 200 len: 193 time: 0.0216312
2026-04-28 23:28:48.617 10 INFO neutron.wsgi [None req-295a5d44-7ec2-41d8-b113-34aeaed81e68 d9949a3886b94522933392f3b7c5d2c3 caf4c065f9414a01b9e06ee8ba75c5ce - - default default] 10.0.0.145 "GET /v2.0/subnets HTTP/1.1" status: 200 len: 1437 time: 0.0289268
2026-04-28 23:28:48.626 10 INFO neutron.wsgi [None req-161b3794-ed1d-4d51-aa85-906fa60e6314 d9949a3886b94522933392f3b7c5d2c3 caf4c065f9414a01b9e06ee8ba75c5ce - - default default] 10.0.0.145 "GET /v2.0/subnetpools HTTP/1.1" status: 200 len: 193 time: 0.0082710
2026-04-28 23:28:48.644 10 INFO neutron.wsgi [None req-ae289331-7e16-4219-962a-d0bc723c1dbf d9949a3886b94522933392f3b7c5d2c3 caf4c065f9414a01b9e06ee8ba75c5ce - - default default] 10.0.0.145 "GET /v2.0/routers HTTP/1.1" status: 200 len: 189 time: 0.0171711
2026-04-28 23:28:48.678 10 INFO neutron.wsgi [None req-4cd84540-4e3c-4529-91c2-f57e6641a71e d9949a3886b94522933392f3b7c5d2c3 caf4c065f9414a01b9e06ee8ba75c5ce - - default default] 10.0.0.145 "GET /v2.0/agents?binary=ovn-controller HTTP/1.1" status: 200 len: 591 time: 0.0336447
2026-04-28 23:28:48.739 10 INFO neutron.wsgi [None req-2d1368d8-8d31-40f7-9620-7e19d4a47ff2 d9949a3886b94522933392f3b7c5d2c3 caf4c065f9414a01b9e06ee8ba75c5ce - - default default] 10.0.0.145 "GET /v2.0/networks HTTP/1.1" status: 200 len: 2350 time: 0.0599682
2026-04-28 23:28:48.778 10 INFO neutron.wsgi [None req-e4c5d18d-cf44-43c1-9731-9966600fc586 d9949a3886b94522933392f3b7c5d2c3 caf4c065f9414a01b9e06ee8ba75c5ce - - default default] 10.0.0.145 "GET /v2.0/security-groups HTTP/1.1" status: 200 len: 16803 time: 0.0362139
2026-04-28 23:28:48.796 10 INFO neutron.wsgi [None req-e26a6715-2c8c-48a2-883e-0ecc8e7d652c d9949a3886b94522933392f3b7c5d2c3 caf4c065f9414a01b9e06ee8ba75c5ce - - default default] 10.0.0.145 "GET /v2.0/agents HTTP/1.1" status: 200 len: 997 time: 0.0109894
2026-04-28 23:28:54.659 10 INFO neutron.wsgi [-] 10.0.0.244 "GET / HTTP/1.1" status: 200 len: 246 time: 0.0022700
2026-04-28 23:28:54.659 9 INFO neutron.wsgi [-] 10.0.0.244 "GET / HTTP/1.1" status: 200 len: 246 time: 0.0023611
2026-04-28 23:29:09.659 9 INFO neutron.wsgi [-] 10.0.0.244 "GET / HTTP/1.1" status: 200 len: 246 time: 0.0024004
2026-04-28 23:29:09.662 9 INFO neutron.wsgi [-] 10.0.0.244 "GET / HTTP/1.1" status: 200 len: 246 time: 0.0018923
2026-04-28 23:29:24.658 9 INFO neutron.wsgi [-] 10.0.0.244 "GET / HTTP/1.1" status: 200 len: 246 time: 0.0021229
2026-04-28 23:29:24.659 10 INFO neutron.wsgi [-] 10.0.0.244 "GET / HTTP/1.1" status: 200 len: 246 time: 0.0023379
2026-04-28 23:29:27.824 9 INFO neutron.wsgi [None req-2458802c-91f0-4fd5-8cb3-e24afce98672 d9949a3886b94522933392f3b7c5d2c3 caf4c065f9414a01b9e06ee8ba75c5ce - - default default] 199.204.45.3,10.0.0.244 "GET /v2.0/networks HTTP/1.1" status: 200 len: 2350 time: 0.0965912
2026-04-28 23:29:39.660 10 INFO neutron.wsgi [-] 10.0.0.244 "GET / HTTP/1.1" status: 200 len: 246 time: 0.0034497
2026-04-28 23:29:39.663 9 INFO neutron.wsgi [-] 10.0.0.244 "GET / HTTP/1.1" status: 200 len: 246 time: 0.0061345
2026-04-28 23:29:48.537 10 INFO neutron.wsgi [None req-fb00b2c8-f3bc-43ea-a8da-8a62cbdff4cc d9949a3886b94522933392f3b7c5d2c3 caf4c065f9414a01b9e06ee8ba75c5ce - - default default] 10.0.0.145 "GET /v2.0/routers HTTP/1.1" status: 200 len: 189 time: 0.1065500
2026-04-28 23:29:48.573 10 INFO neutron.wsgi [None req-ed8348a6-6db0-4962-bfe4-e524dded64fc d9949a3886b94522933392f3b7c5d2c3 caf4c065f9414a01b9e06ee8ba75c5ce - - default default] 10.0.0.145 "GET /v2.0/agents?binary=ovn-controller HTTP/1.1" status: 200 len: 591 time: 0.0358348
2026-04-28 23:29:48.585 10 INFO neutron.wsgi [None req-3404caec-4928-4575-af4c-6286c979c759 d9949a3886b94522933392f3b7c5d2c3 caf4c065f9414a01b9e06ee8ba75c5ce - - default default] 10.0.0.145 "GET /v2.0/agents HTTP/1.1" status: 200 len: 997 time: 0.0103376
2026-04-28 23:29:48.615 10 INFO neutron.wsgi [None req-df7a4d6d-e628-4c38-908f-bdb94bbb4913 d9949a3886b94522933392f3b7c5d2c3 caf4c065f9414a01b9e06ee8ba75c5ce - - default default] 10.0.0.145 "GET /v2.0/subnets HTTP/1.1" status: 200 len: 1437 time: 0.0276635
2026-04-28 23:29:48.624 10 INFO neutron.wsgi [None req-eeabc45a-2d0c-4f1a-ba1f-d7fdb0d76a15 d9949a3886b94522933392f3b7c5d2c3 caf4c065f9414a01b9e06ee8ba75c5ce - - default default] 10.0.0.145 "GET /v2.0/subnetpools HTTP/1.1" status: 200 len: 193 time: 0.0088229
2026-04-28 23:29:48.685 10 INFO neutron.wsgi [None req-afd113db-44e6-4ef9-9ddb-e43410596d7f d9949a3886b94522933392f3b7c5d2c3 caf4c065f9414a01b9e06ee8ba75c5ce - - default default] 10.0.0.145 "GET /v2.0/networks HTTP/1.1" status: 200 len: 2350 time: 0.0602741
2026-04-28 23:29:48.724 10 INFO neutron.wsgi [None req-c707c43c-fb4d-4c7d-9ea9-1c8abd82b0b3 d9949a3886b94522933392f3b7c5d2c3 caf4c065f9414a01b9e06ee8ba75c5ce - - default default] 10.0.0.145 "GET /v2.0/subnets HTTP/1.1" status: 200 len: 1437 time: 0.0362511
2026-04-28 23:29:48.740 10 INFO neutron.wsgi [None req-4b2069d1-89f3-4d36-878d-0992d200931b d9949a3886b94522933392f3b7c5d2c3 caf4c065f9414a01b9e06ee8ba75c5ce - - default default] 10.0.0.145 "GET /v2.0/network-ip-availabilities HTTP/1.1" status: 200 len: 1280 time: 0.0150361
2026-04-28 23:29:48.778 10 INFO neutron.wsgi [None req-af903031-21b2-4763-8c12-c86712f22a8a d9949a3886b94522933392f3b7c5d2c3 caf4c065f9414a01b9e06ee8ba75c5ce - - default default] 10.0.0.145 "GET /v2.0/security-groups HTTP/1.1" status: 200 len: 16803 time: 0.0373764
2026-04-28 23:29:48.820 10 INFO neutron.wsgi [None req-ebb0d6c0-8fd3-4d8b-a5fb-e262ce119803 d9949a3886b94522933392f3b7c5d2c3 caf4c065f9414a01b9e06ee8ba75c5ce - - default default] 10.0.0.145 "GET /v2.0/ports HTTP/1.1" status: 200 len: 5351 time: 0.0360737
2026-04-28 23:29:48.843 10 INFO neutron.wsgi [None req-c17d9ab9-8c23-4ee3-9de5-6fdcc4a6fa58 d9949a3886b94522933392f3b7c5d2c3 caf4c065f9414a01b9e06ee8ba75c5ce - - default default] 10.0.0.145 "GET /v2.0/floatingips HTTP/1.1" status: 200 len: 193 time: 0.0174024
2026-04-28 23:29:54.659 10 INFO neutron.wsgi [-] 10.0.0.244 "GET / HTTP/1.1" status: 200 len: 246 time: 0.0023892
2026-04-28 23:29:54.660 9 INFO neutron.wsgi [-] 10.0.0.244 "GET / HTTP/1.1" status: 200 len: 246 time: 0.0030532 /var/lib/openstack/lib/python3.10/site-packages/pycadf/identifier.py:71: UserWarning: Invalid uuid: neutron. To ensure interoperability, identifiers should be a valid uuid. warnings.warn(('Invalid uuid: %s. To ensure interoperability, '
2026-04-28 23:30:06.561 9 INFO neutron.wsgi [None req-806ca52a-5b4b-43a4-9b6c-d5db0a04ed4b d9949a3886b94522933392f3b7c5d2c3 caf4c065f9414a01b9e06ee8ba75c5ce - - default default] 10.0.0.216 "GET /v2.0/networks HTTP/1.1" status: 200 len: 2369 time: 0.1694283
2026-04-28 23:30:07.844 9 INFO neutron.wsgi [None req-b3f68676-a30b-4b3b-90af-292eb117cbb9 d9949a3886b94522933392f3b7c5d2c3 caf4c065f9414a01b9e06ee8ba75c5ce - - default default] 10.0.0.216 "GET /v2.0/floatingips HTTP/1.1" status: 200 len: 212 time: 0.0300882
2026-04-28 23:30:07.882 9 INFO neutron.wsgi [None req-7afdd9b4-4915-43cd-8e7a-6b9eb3511f5c d9949a3886b94522933392f3b7c5d2c3 caf4c065f9414a01b9e06ee8ba75c5ce - - default default] 10.0.0.216 "GET /v2.0/routers HTTP/1.1" status: 200 len: 208 time: 0.0328496
2026-04-28 23:30:07.917 9 INFO neutron.wsgi [None req-7104b0fe-a7da-49ec-9cad-94e9324bbf7a d9949a3886b94522933392f3b7c5d2c3 caf4c065f9414a01b9e06ee8ba75c5ce - - default default] 10.0.0.216 "GET /v2.0/ports HTTP/1.1" status: 200 len: 5370 time: 0.0302446
2026-04-28 23:30:07.957 10 INFO neutron.wsgi [None req-eb850ea7-58aa-4528-bbe8-c6c592de1e50 d9949a3886b94522933392f3b7c5d2c3 caf4c065f9414a01b9e06ee8ba75c5ce - - default default] 10.0.0.216 "GET /v2.0/subnets HTTP/1.1" status: 200 len: 1456 time: 0.0334153
2026-04-28 23:30:08.026 10 INFO neutron.wsgi [None req-5be280af-8a4f-481b-991c-abd41689fdd1 d9949a3886b94522933392f3b7c5d2c3 caf4c065f9414a01b9e06ee8ba75c5ce - - default default] 10.0.0.216 "GET /v2.0/networks HTTP/1.1" status: 200 len: 2369 time: 0.0646346
2026-04-28 23:30:08.074 10 INFO neutron.wsgi [None req-d1759bcb-1cb6-49ce-88e9-513649bc99fa d9949a3886b94522933392f3b7c5d2c3 caf4c065f9414a01b9e06ee8ba75c5ce - - default default] 10.0.0.216 "GET /v2.0/security-groups HTTP/1.1" status: 200 len: 16822 time: 0.0428958
2026-04-28 23:30:08.094 10 INFO neutron.wsgi [None req-df4b82dd-c8da-46d9-9ee8-0f74b8736662 d9949a3886b94522933392f3b7c5d2c3 caf4c065f9414a01b9e06ee8ba75c5ce - - default default] 10.0.0.216 "GET /v2.0/subnetpools HTTP/1.1" status: 200 len: 212 time: 0.0122426
2026-04-28 23:30:09.658 10 INFO neutron.wsgi [-] 10.0.0.244 "GET / HTTP/1.1" status: 200 len: 246 time: 0.0016499
2026-04-28 23:30:09.661 10 INFO neutron.wsgi [-] 10.0.0.244 "GET / HTTP/1.1" status: 200 len: 246 time: 0.0019314
2026-04-28 23:30:18.859 10 INFO neutron.db.ovn_revision_numbers_db [None req-ed640227-ad4c-43e2-8bb5-e97206d53c64 d9949a3886b94522933392f3b7c5d2c3 caf4c065f9414a01b9e06ee8ba75c5ce - - default default] Successfully bumped revision number for resource e631c81b-da36-4bd8-b2fa-3259305434d0 (type: security_groups) to 1
2026-04-28 23:30:18.870 9 INFO neutron.db.ovn_revision_numbers_db [None req-861da1ad-60ff-4dce-931f-d497bacade8b d9949a3886b94522933392f3b7c5d2c3 caf4c065f9414a01b9e06ee8ba75c5ce - - default default] Successfully bumped revision number for resource b17e6952-33c1-41f3-8a10-8b71e203130a (type: security_groups) to 1
2026-04-28 23:30:18.872 10 INFO neutron.db.ovn_revision_numbers_db [None req-ed640227-ad4c-43e2-8bb5-e97206d53c64 d9949a3886b94522933392f3b7c5d2c3 caf4c065f9414a01b9e06ee8ba75c5ce - - default default] Successfully bumped revision number for resource 154e2f2d-f719-4c52-bb4d-185ca5ab9ac1 (type: security_group_rules) to 0
2026-04-28 23:30:18.885 9 INFO neutron.db.ovn_revision_numbers_db [None req-861da1ad-60ff-4dce-931f-d497bacade8b d9949a3886b94522933392f3b7c5d2c3 caf4c065f9414a01b9e06ee8ba75c5ce - - default default] Successfully bumped revision number for resource c55dd538-70d0-4622-8f29-c803cc82ad1f (type: security_group_rules) to 0
2026-04-28 23:30:18.887 10 INFO neutron.db.ovn_revision_numbers_db [None req-ed640227-ad4c-43e2-8bb5-e97206d53c64 d9949a3886b94522933392f3b7c5d2c3 caf4c065f9414a01b9e06ee8ba75c5ce - - default default] Successfully bumped revision number for resource 2b17cac1-cd91-45c4-b9ce-2bf738505366 (type: security_group_rules) to 0
2026-04-28 23:30:18.898 9 INFO neutron.db.ovn_revision_numbers_db [None req-861da1ad-60ff-4dce-931f-d497bacade8b d9949a3886b94522933392f3b7c5d2c3 caf4c065f9414a01b9e06ee8ba75c5ce - - default default] Successfully bumped revision number for resource cb55c992-5820-4de6-acee-9e33f6df98fd (type: security_group_rules) to 0
2026-04-28 23:30:18.900 10 INFO neutron.db.ovn_revision_numbers_db [None req-ed640227-ad4c-43e2-8bb5-e97206d53c64 d9949a3886b94522933392f3b7c5d2c3 caf4c065f9414a01b9e06ee8ba75c5ce - - default default] Successfully bumped revision number for resource 3eb5c6c0-c641-47b6-81e4-b25a98518049 (type: security_group_rules) to 0
2026-04-28 23:30:18.912 9 INFO neutron.db.ovn_revision_numbers_db [None req-861da1ad-60ff-4dce-931f-d497bacade8b d9949a3886b94522933392f3b7c5d2c3 caf4c065f9414a01b9e06ee8ba75c5ce - - default default] Successfully bumped revision number for resource d768c1ba-dfa1-4846-b4ad-93c774c63db1 (type: security_group_rules) to 0
2026-04-28 23:30:18.913 10 INFO neutron.db.ovn_revision_numbers_db [None req-ed640227-ad4c-43e2-8bb5-e97206d53c64 d9949a3886b94522933392f3b7c5d2c3 caf4c065f9414a01b9e06ee8ba75c5ce - - default default] Successfully bumped revision number for resource d91c8da1-f8d9-45b8-9e45-ec4731038ce8 (type: security_group_rules) to 0
2026-04-28 23:30:18.927 9 INFO neutron.db.ovn_revision_numbers_db [None req-861da1ad-60ff-4dce-931f-d497bacade8b d9949a3886b94522933392f3b7c5d2c3 caf4c065f9414a01b9e06ee8ba75c5ce - - default default] Successfully bumped revision number for resource ec3fe279-f836-478b-a041-1dbb99d52039 (type: security_group_rules) to 0
2026-04-28 23:30:18.975 9 INFO neutron.db.segments_db [None req-861da1ad-60ff-4dce-931f-d497bacade8b d9949a3886b94522933392f3b7c5d2c3 caf4c065f9414a01b9e06ee8ba75c5ce - - default default] Added segment 94ed7656-2801-4498-a676-e65db2d96d58 of type geneve for network 2c486e46-3ae5-459a-ba50-42762c067426
2026-04-28 23:30:18.979 9 INFO neutron.db.ovn_revision_numbers_db [None req-682c03f1-c909-4199-a219-cce8191aa63c d9949a3886b94522933392f3b7c5d2c3 caf4c065f9414a01b9e06ee8ba75c5ce - - default default] Successfully bumped revision number for resource 1055389c-baee-4975-9fa4-833bcd05493b (type: security_groups) to 1
2026-04-28 23:30:18.980 10 INFO neutron.db.segments_db [None req-ed640227-ad4c-43e2-8bb5-e97206d53c64 d9949a3886b94522933392f3b7c5d2c3 caf4c065f9414a01b9e06ee8ba75c5ce - - default default] Added segment b317f163-84f6-4807-92da-b2b73fcb1605 of type geneve for network 6a11d637-e6d3-486e-9d26-f70b1f524b7a
2026-04-28 23:30:19.001 9 INFO neutron.db.ovn_revision_numbers_db [None req-682c03f1-c909-4199-a219-cce8191aa63c d9949a3886b94522933392f3b7c5d2c3 caf4c065f9414a01b9e06ee8ba75c5ce - - default default] Successfully bumped revision number for resource 1980f0cc-d15d-4402-80af-d7a913e37e4c (type: security_group_rules) to 0
2026-04-28 23:30:19.017 9 INFO neutron.db.ovn_revision_numbers_db [None req-682c03f1-c909-4199-a219-cce8191aa63c d9949a3886b94522933392f3b7c5d2c3 caf4c065f9414a01b9e06ee8ba75c5ce - - default default] Successfully bumped revision number for resource 3989ee6c-5832-476e-b90c-37fcbec288df (type: security_group_rules) to 0
2026-04-28 23:30:19.042 9 INFO neutron.db.ovn_revision_numbers_db [None req-682c03f1-c909-4199-a219-cce8191aa63c d9949a3886b94522933392f3b7c5d2c3 caf4c065f9414a01b9e06ee8ba75c5ce - - default default] Successfully bumped revision number for resource 497b6346-f4e6-458f-ac2a-5907211eed4b (type: security_group_rules) to 0
2026-04-28 23:30:19.061 9 INFO neutron.db.ovn_revision_numbers_db [None req-682c03f1-c909-4199-a219-cce8191aa63c d9949a3886b94522933392f3b7c5d2c3 caf4c065f9414a01b9e06ee8ba75c5ce - - default default] Successfully bumped revision number for resource 864506ba-48c9-4bec-8efb-8451213d1ad7 (type: security_group_rules) to 0
2026-04-28 23:30:19.113 10 INFO neutron.db.ovn_revision_numbers_db [None req-ed640227-ad4c-43e2-8bb5-e97206d53c64 d9949a3886b94522933392f3b7c5d2c3 caf4c065f9414a01b9e06ee8ba75c5ce - - default default] Successfully bumped revision number for resource 6a11d637-e6d3-486e-9d26-f70b1f524b7a (type: networks) to 1
2026-04-28 23:30:19.132 9 INFO neutron.db.segments_db [None req-682c03f1-c909-4199-a219-cce8191aa63c d9949a3886b94522933392f3b7c5d2c3 caf4c065f9414a01b9e06ee8ba75c5ce - - default default] Added segment aad047df-b5c5-4f13-a2be-0ad1bc9b34d4 of type geneve for network b76f52f6-c4d5-4745-9ad0-f3aa4791fce7
2026-04-28 23:30:19.135 9 INFO neutron.db.ovn_revision_numbers_db [None req-861da1ad-60ff-4dce-931f-d497bacade8b d9949a3886b94522933392f3b7c5d2c3 caf4c065f9414a01b9e06ee8ba75c5ce - - default default] Successfully bumped revision number for resource 2c486e46-3ae5-459a-ba50-42762c067426 (type: networks) to 1
2026-04-28 23:30:19.283 10 WARNING neutron.scheduler.dhcp_agent_scheduler [None req-ed640227-ad4c-43e2-8bb5-e97206d53c64 d9949a3886b94522933392f3b7c5d2c3 caf4c065f9414a01b9e06ee8ba75c5ce - - default default] No more DHCP agents
2026-04-28 23:30:19.285 10 WARNING neutron.api.rpc.agentnotifiers.dhcp_rpc_agent_api [None req-ed640227-ad4c-43e2-8bb5-e97206d53c64 d9949a3886b94522933392f3b7c5d2c3 caf4c065f9414a01b9e06ee8ba75c5ce - - default default] Unable to schedule network 6a11d637-e6d3-486e-9d26-f70b1f524b7a: no agents available; will retry on subsequent port and subnet creation events.
2026-04-28 23:30:19.307 9 INFO neutron.db.ovn_revision_numbers_db [None req-682c03f1-c909-4199-a219-cce8191aa63c d9949a3886b94522933392f3b7c5d2c3 caf4c065f9414a01b9e06ee8ba75c5ce - - default default] Successfully bumped revision number for resource b76f52f6-c4d5-4745-9ad0-f3aa4791fce7 (type: networks) to 1
2026-04-28 23:30:19.359 9 WARNING neutron.scheduler.dhcp_agent_scheduler [None req-861da1ad-60ff-4dce-931f-d497bacade8b d9949a3886b94522933392f3b7c5d2c3 caf4c065f9414a01b9e06ee8ba75c5ce - - default default] No more DHCP agents
2026-04-28 23:30:19.367 10 INFO neutron.db.ovn_revision_numbers_db [None req-ed640227-ad4c-43e2-8bb5-e97206d53c64 d9949a3886b94522933392f3b7c5d2c3 caf4c065f9414a01b9e06ee8ba75c5ce - - default default] Successfully bumped revision number for resource 16664164-85b7-4466-94e5-83aa02e91f0e (type: ports) to 1
2026-04-28 23:30:19.386 10 INFO neutron.wsgi [None req-ed640227-ad4c-43e2-8bb5-e97206d53c64 d9949a3886b94522933392f3b7c5d2c3 caf4c065f9414a01b9e06ee8ba75c5ce - - default default] 10.0.0.216 "POST /v2.0/networks HTTP/1.1" status: 201 len: 946 time: 0.8613379
2026-04-28 23:30:19.419 9 WARNING neutron.api.rpc.agentnotifiers.dhcp_rpc_agent_api [None req-861da1ad-60ff-4dce-931f-d497bacade8b d9949a3886b94522933392f3b7c5d2c3 caf4c065f9414a01b9e06ee8ba75c5ce - - default default] Unable to schedule network 2c486e46-3ae5-459a-ba50-42762c067426: no agents available; will retry on subsequent port and subnet creation events.
2026-04-28 23:30:19.524 9 INFO neutron.db.ovn_revision_numbers_db [None req-861da1ad-60ff-4dce-931f-d497bacade8b d9949a3886b94522933392f3b7c5d2c3 caf4c065f9414a01b9e06ee8ba75c5ce - - default default] Successfully bumped revision number for resource d3b945c9-1366-4ae9-b864-c9f0ce67865f (type: ports) to 1
2026-04-28 23:30:19.545 9 WARNING neutron.scheduler.dhcp_agent_scheduler [None req-682c03f1-c909-4199-a219-cce8191aa63c d9949a3886b94522933392f3b7c5d2c3 caf4c065f9414a01b9e06ee8ba75c5ce - - default default] No more DHCP agents
2026-04-28 23:30:19.548 9 WARNING neutron.api.rpc.agentnotifiers.dhcp_rpc_agent_api [None req-682c03f1-c909-4199-a219-cce8191aa63c d9949a3886b94522933392f3b7c5d2c3 caf4c065f9414a01b9e06ee8ba75c5ce - - default default] Unable to schedule network b76f52f6-c4d5-4745-9ad0-f3aa4791fce7: no agents available; will retry on subsequent port and subnet creation events.
2026-04-28 23:30:19.558 9 INFO neutron.wsgi [None req-861da1ad-60ff-4dce-931f-d497bacade8b d9949a3886b94522933392f3b7c5d2c3 caf4c065f9414a01b9e06ee8ba75c5ce - - default default] 10.0.0.216 "POST /v2.0/networks HTTP/1.1" status: 201 len: 949 time: 0.8912482
2026-04-28 23:30:19.652 10 WARNING neutron.scheduler.dhcp_agent_scheduler [None req-294921d1-cd47-4a7d-bfb2-71df8afcfb84 d9949a3886b94522933392f3b7c5d2c3 caf4c065f9414a01b9e06ee8ba75c5ce - - default default] No more DHCP agents
2026-04-28 23:30:19.654 10 WARNING neutron.api.rpc.agentnotifiers.dhcp_rpc_agent_api [None req-294921d1-cd47-4a7d-bfb2-71df8afcfb84 d9949a3886b94522933392f3b7c5d2c3 caf4c065f9414a01b9e06ee8ba75c5ce - - default default] Unable to schedule network 6a11d637-e6d3-486e-9d26-f70b1f524b7a: no agents available; will retry on subsequent port and subnet creation events.
2026-04-28 23:30:19.656 9 INFO neutron.db.ovn_revision_numbers_db [None req-682c03f1-c909-4199-a219-cce8191aa63c d9949a3886b94522933392f3b7c5d2c3 caf4c065f9414a01b9e06ee8ba75c5ce - - default default] Successfully bumped revision number for resource d58c873a-9410-48bc-8a9c-8ef7a0a646f0 (type: ports) to 1
2026-04-28 23:30:19.695 9 INFO neutron.wsgi [None req-682c03f1-c909-4199-a219-cce8191aa63c d9949a3886b94522933392f3b7c5d2c3 caf4c065f9414a01b9e06ee8ba75c5ce - - default default] 10.0.0.216 "POST /v2.0/networks HTTP/1.1" status: 201 len: 951 time: 0.8905232
2026-04-28 23:30:19.703 10 INFO neutron.db.ovn_revision_numbers_db [None req-336d7896-9a99-49ef-90ae-fa9bacb2504a d9949a3886b94522933392f3b7c5d2c3 caf4c065f9414a01b9e06ee8ba75c5ce - - default default] Successfully bumped revision number for resource d3be2928-d356-46d7-8e7d-326e0894d7be (type: security_groups) to 1
2026-04-28 23:30:19.724 10 INFO neutron.db.ovn_revision_numbers_db [None req-336d7896-9a99-49ef-90ae-fa9bacb2504a d9949a3886b94522933392f3b7c5d2c3 caf4c065f9414a01b9e06ee8ba75c5ce - - default default] Successfully bumped revision number for resource 541351a3-d03a-4bd5-b2e2-ba203bab6620 (type: security_group_rules) to 0
2026-04-28 23:30:19.747 10 INFO neutron.db.ovn_revision_numbers_db [None req-336d7896-9a99-49ef-90ae-fa9bacb2504a d9949a3886b94522933392f3b7c5d2c3 caf4c065f9414a01b9e06ee8ba75c5ce - - default default] Successfully bumped revision number for resource 9f24d336-6054-470d-969b-6b213c87d8aa (type: security_group_rules) to 0
2026-04-28 23:30:19.749 9 WARNING neutron.scheduler.dhcp_agent_scheduler [None req-d269d39d-6d6e-4b2a-8485-704ba5ae6f2c d9949a3886b94522933392f3b7c5d2c3 caf4c065f9414a01b9e06ee8ba75c5ce - - default default] No more DHCP agents
2026-04-28 23:30:19.758 9 WARNING neutron.api.rpc.agentnotifiers.dhcp_rpc_agent_api [None req-d269d39d-6d6e-4b2a-8485-704ba5ae6f2c d9949a3886b94522933392f3b7c5d2c3 caf4c065f9414a01b9e06ee8ba75c5ce - - default default] Unable to schedule network 2c486e46-3ae5-459a-ba50-42762c067426: no agents available; will retry on subsequent port and subnet creation events.
2026-04-28 23:30:19.777 10 INFO neutron.db.ovn_revision_numbers_db [None req-336d7896-9a99-49ef-90ae-fa9bacb2504a d9949a3886b94522933392f3b7c5d2c3 caf4c065f9414a01b9e06ee8ba75c5ce - - default default] Successfully bumped revision number for resource c26f66a7-1f05-4021-9d15-44c0109a2cd3 (type: security_group_rules) to 0
2026-04-28 23:30:19.811 10 INFO neutron.db.ovn_revision_numbers_db [None req-336d7896-9a99-49ef-90ae-fa9bacb2504a d9949a3886b94522933392f3b7c5d2c3 caf4c065f9414a01b9e06ee8ba75c5ce - - default default] Successfully bumped revision number for resource eef0d9b8-4955-4918-8e67-52bbd3d67ec8 (type: security_group_rules) to 0
2026-04-28 23:30:19.841 10 INFO neutron.wsgi [None req-336d7896-9a99-49ef-90ae-fa9bacb2504a d9949a3886b94522933392f3b7c5d2c3 caf4c065f9414a01b9e06ee8ba75c5ce - - default default] 10.0.0.216 "GET /v2.0/security-groups?tenant_id=7c163506079b4a5f8c0d40b1ed1bc090&name=default HTTP/1.1" status: 200 len: 2992 time: 0.3953233
2026-04-28 23:30:19.880 9 WARNING neutron.scheduler.dhcp_agent_scheduler [None req-c151fc24-fbda-41db-90dc-9e561a86367a d9949a3886b94522933392f3b7c5d2c3 caf4c065f9414a01b9e06ee8ba75c5ce - - default default] No more DHCP agents
2026-04-28 23:30:19.888 9 WARNING neutron.api.rpc.agentnotifiers.dhcp_rpc_agent_api [None req-c151fc24-fbda-41db-90dc-9e561a86367a d9949a3886b94522933392f3b7c5d2c3 caf4c065f9414a01b9e06ee8ba75c5ce - - default default] Unable to schedule network b76f52f6-c4d5-4745-9ad0-f3aa4791fce7: no agents available; will retry on subsequent port and subnet creation events.
2026-04-28 23:30:20.208 10 INFO neutron.wsgi [None req-0b2e751c-050c-4752-ad04-aad9dbc4271a d9949a3886b94522933392f3b7c5d2c3 caf4c065f9414a01b9e06ee8ba75c5ce - - default default] 10.0.0.216 "DELETE /v2.0/security-groups/d3be2928-d356-46d7-8e7d-326e0894d7be HTTP/1.1" status: 204 len: 168 time: 0.3597641
2026-04-28 23:30:20.271 10 INFO neutron.db.ovn_revision_numbers_db [None req-294921d1-cd47-4a7d-bfb2-71df8afcfb84 d9949a3886b94522933392f3b7c5d2c3 caf4c065f9414a01b9e06ee8ba75c5ce - - default default] Successfully bumped revision number for resource 16664164-85b7-4466-94e5-83aa02e91f0e (type: ports) to 2
2026-04-28 23:30:20.319 10 INFO neutron.db.ovn_revision_numbers_db [None req-294921d1-cd47-4a7d-bfb2-71df8afcfb84 d9949a3886b94522933392f3b7c5d2c3 caf4c065f9414a01b9e06ee8ba75c5ce - - default default] Successfully bumped revision number for resource fa8bcd70-dede-4be0-99c9-5e7c38e9094c (type: subnets) to 0
2026-04-28 23:30:20.333 9 INFO neutron.db.ovn_revision_numbers_db [None req-d269d39d-6d6e-4b2a-8485-704ba5ae6f2c d9949a3886b94522933392f3b7c5d2c3 caf4c065f9414a01b9e06ee8ba75c5ce - - default default] Successfully bumped revision number for resource d3b945c9-1366-4ae9-b864-c9f0ce67865f (type: ports) to 2
2026-04-28 23:30:20.334 10 INFO neutron.wsgi [None req-294921d1-cd47-4a7d-bfb2-71df8afcfb84 d9949a3886b94522933392f3b7c5d2c3 caf4c065f9414a01b9e06ee8ba75c5ce - - default default] 10.0.0.216 "POST /v2.0/subnets HTTP/1.1" status: 201 len: 866 time: 0.9433804
2026-04-28 23:30:20.390 9 INFO neutron.db.ovn_revision_numbers_db [None req-d269d39d-6d6e-4b2a-8485-704ba5ae6f2c d9949a3886b94522933392f3b7c5d2c3 caf4c065f9414a01b9e06ee8ba75c5ce - - default default] Successfully bumped revision number for resource e721403c-cb35-42ce-a785-2d5eb8a576d1 (type: subnets) to 0
2026-04-28 23:30:20.404 9 INFO neutron.wsgi [None req-d269d39d-6d6e-4b2a-8485-704ba5ae6f2c d9949a3886b94522933392f3b7c5d2c3 caf4c065f9414a01b9e06ee8ba75c5ce - - default default] 10.0.0.216 "POST /v2.0/subnets HTTP/1.1" status: 201 len: 869 time: 0.8333807
2026-04-28 23:30:20.550 9 INFO neutron.db.ovn_revision_numbers_db [None req-c151fc24-fbda-41db-90dc-9e561a86367a d9949a3886b94522933392f3b7c5d2c3 caf4c065f9414a01b9e06ee8ba75c5ce - - default default] Successfully bumped revision number for resource d58c873a-9410-48bc-8a9c-8ef7a0a646f0 (type: ports) to 2
2026-04-28 23:30:20.627 9 INFO neutron.db.ovn_revision_numbers_db [None req-c151fc24-fbda-41db-90dc-9e561a86367a d9949a3886b94522933392f3b7c5d2c3 caf4c065f9414a01b9e06ee8ba75c5ce - - default default] Successfully bumped revision number for resource a5e236dc-b97c-4354-9222-c9256b33f8f2 (type: subnets) to 0
2026-04-28 23:30:20.650 9 INFO neutron.wsgi [None req-c151fc24-fbda-41db-90dc-9e561a86367a d9949a3886b94522933392f3b7c5d2c3 caf4c065f9414a01b9e06ee8ba75c5ce - - default default] 10.0.0.216 "POST /v2.0/subnets HTTP/1.1" status: 201 len: 871 time: 0.9477837
2026-04-28 23:30:20.930 10 WARNING neutron.scheduler.dhcp_agent_scheduler [None req-04a52e9b-932e-4da3-9308-9875bf2d65fe d9949a3886b94522933392f3b7c5d2c3 caf4c065f9414a01b9e06ee8ba75c5ce - - default default] No more DHCP agents
2026-04-28 23:30:20.932 10 WARNING neutron.api.rpc.agentnotifiers.dhcp_rpc_agent_api [None req-04a52e9b-932e-4da3-9308-9875bf2d65fe d9949a3886b94522933392f3b7c5d2c3 caf4c065f9414a01b9e06ee8ba75c5ce - - default default] Unable to schedule network b62a734d-eb7d-4c80-ad9c-6ecac9e2e701: no agents available; will retry on subsequent port and subnet creation events.
2026-04-28 23:30:21.074 10 INFO neutron.db.ovn_revision_numbers_db [None req-04a52e9b-932e-4da3-9308-9875bf2d65fe d9949a3886b94522933392f3b7c5d2c3 caf4c065f9414a01b9e06ee8ba75c5ce - - default default] Successfully bumped revision number for resource bdd8e0bd-94eb-41df-b474-07b2c6167c44 (type: ports) to 1
2026-04-28 23:30:21.144 9 WARNING neutron.scheduler.dhcp_agent_scheduler [None req-f8cd9d41-2112-4af4-8be6-35b934b5dce5 d9949a3886b94522933392f3b7c5d2c3 caf4c065f9414a01b9e06ee8ba75c5ce - - default default] No more DHCP agents
2026-04-28 23:30:21.148 9 WARNING neutron.api.rpc.agentnotifiers.dhcp_rpc_agent_api [None req-f8cd9d41-2112-4af4-8be6-35b934b5dce5 d9949a3886b94522933392f3b7c5d2c3 caf4c065f9414a01b9e06ee8ba75c5ce - - default default] Unable to schedule network b62a734d-eb7d-4c80-ad9c-6ecac9e2e701: no agents available; will retry on subsequent port and subnet creation events.
2026-04-28 23:30:21.305 9 WARNING neutron.scheduler.dhcp_agent_scheduler [None req-35dd1fe1-d31c-4891-8e98-0559efde77cf d9949a3886b94522933392f3b7c5d2c3 caf4c065f9414a01b9e06ee8ba75c5ce - - default default] No more DHCP agents
2026-04-28 23:30:21.309 9 WARNING neutron.api.rpc.agentnotifiers.dhcp_rpc_agent_api [None req-35dd1fe1-d31c-4891-8e98-0559efde77cf d9949a3886b94522933392f3b7c5d2c3 caf4c065f9414a01b9e06ee8ba75c5ce - - default default] Unable to schedule network b62a734d-eb7d-4c80-ad9c-6ecac9e2e701: no agents available; will retry on subsequent port and subnet creation events.
2026-04-28 23:30:21.331 9 INFO neutron.db.ovn_revision_numbers_db [None req-f8cd9d41-2112-4af4-8be6-35b934b5dce5 d9949a3886b94522933392f3b7c5d2c3 caf4c065f9414a01b9e06ee8ba75c5ce - - default default] Successfully bumped revision number for resource 78a25622-71e7-456e-a9f2-1009eaa30779 (type: ports) to 1
2026-04-28 23:30:21.409 10 INFO neutron.plugins.ml2.drivers.ovn.mech_driver.ovsdb.extensions.qos [None req-04a52e9b-932e-4da3-9308-9875bf2d65fe d9949a3886b94522933392f3b7c5d2c3 caf4c065f9414a01b9e06ee8ba75c5ce - - default default] Starting OVNClientQosExtension
2026-04-28 23:30:21.576 9 INFO neutron.db.ovn_revision_numbers_db [None req-35dd1fe1-d31c-4891-8e98-0559efde77cf d9949a3886b94522933392f3b7c5d2c3 caf4c065f9414a01b9e06ee8ba75c5ce - - default default] Successfully bumped revision number for resource 53998436-346c-4da3-ba04-7f868677373d (type: ports) to 1
2026-04-28 23:30:21.706 10 INFO neutron.plugins.ml2.drivers.ovn.mech_driver.mech_driver [None req-77ce5834-fdbe-4938-af3e-775d023d66e9 - - - - - -] OVN reports status up for port: bdd8e0bd-94eb-41df-b474-07b2c6167c44
2026-04-28 23:30:21.724 10 INFO neutron.plugins.ml2.plugin [None req-77ce5834-fdbe-4938-af3e-775d023d66e9 - - - - - -] Attempt 1 to provision port bdd8e0bd-94eb-41df-b474-07b2c6167c44
2026-04-28 23:30:21.726 10 INFO neutron.plugins.ml2.drivers.ovn.mech_driver.ovsdb.ovsdb_monitor [-] Router 788b2e9b-86db-49a2-a1c7-5cd19bc0d727 is bound to host instance
2026-04-28 23:30:21.733 9 INFO neutron.plugins.ml2.drivers.ovn.mech_driver.ovsdb.extensions.qos [None req-f8cd9d41-2112-4af4-8be6-35b934b5dce5 d9949a3886b94522933392f3b7c5d2c3 caf4c065f9414a01b9e06ee8ba75c5ce - - default default] Starting OVNClientQosExtension
2026-04-28 23:30:21.767 10 INFO neutron.db.ovn_revision_numbers_db [None req-04a52e9b-932e-4da3-9308-9875bf2d65fe d9949a3886b94522933392f3b7c5d2c3 caf4c065f9414a01b9e06ee8ba75c5ce - - default default] Successfully bumped revision number for resource bdd8e0bd-94eb-41df-b474-07b2c6167c44 (type: router_ports) to 1
2026-04-28 23:30:21.947 10 INFO neutron.db.ovn_revision_numbers_db [None req-04a52e9b-932e-4da3-9308-9875bf2d65fe d9949a3886b94522933392f3b7c5d2c3 caf4c065f9414a01b9e06ee8ba75c5ce - - default default] Successfully bumped revision number for resource 788b2e9b-86db-49a2-a1c7-5cd19bc0d727 (type: routers) to 2
2026-04-28 23:30:21.963 10 INFO neutron.wsgi [None req-04a52e9b-932e-4da3-9308-9875bf2d65fe d9949a3886b94522933392f3b7c5d2c3 caf4c065f9414a01b9e06ee8ba75c5ce - - default default] 10.0.0.216 "POST /v2.0/routers HTTP/1.1" status: 201 len: 877 time: 1.6237400
2026-04-28 23:30:22.322 9 INFO neutron.db.ovn_revision_numbers_db [None req-f8cd9d41-2112-4af4-8be6-35b934b5dce5 d9949a3886b94522933392f3b7c5d2c3 caf4c065f9414a01b9e06ee8ba75c5ce - - default default] Successfully bumped revision number for resource 78a25622-71e7-456e-a9f2-1009eaa30779 (type: router_ports) to 1
2026-04-28 23:30:22.339 9 INFO neutron.db.ovn_revision_numbers_db [None req-74a34e1b-442e-4070-a6fd-97849f98e2a9 d9949a3886b94522933392f3b7c5d2c3 caf4c065f9414a01b9e06ee8ba75c5ce - - default default] Successfully bumped revision number for resource a1a54083-acdb-4562-81e9-f54755e3ad23 (type: security_groups) to 1
2026-04-28 23:30:22.370 9 INFO neutron.db.ovn_revision_numbers_db [None req-74a34e1b-442e-4070-a6fd-97849f98e2a9 d9949a3886b94522933392f3b7c5d2c3 caf4c065f9414a01b9e06ee8ba75c5ce - - default default] Successfully bumped revision number for resource 022310c1-9420-404d-bd04-01d579cbafe0 (type: security_group_rules) to 0
2026-04-28 23:30:22.401 9 INFO neutron.db.ovn_revision_numbers_db [None req-74a34e1b-442e-4070-a6fd-97849f98e2a9 d9949a3886b94522933392f3b7c5d2c3 caf4c065f9414a01b9e06ee8ba75c5ce - - default default] Successfully bumped revision number for resource 8c406be7-cba4-46bd-b673-1ec71192743e (type: security_group_rules) to 0
2026-04-28 23:30:22.411 9 INFO neutron.db.ovn_revision_numbers_db [None req-f8cd9d41-2112-4af4-8be6-35b934b5dce5 d9949a3886b94522933392f3b7c5d2c3 caf4c065f9414a01b9e06ee8ba75c5ce - - default default] Successfully bumped revision number for resource cf6fd42d-8eb0-47c9-94aa-2b457cf0ad6a (type: routers) to 2
2026-04-28 23:30:22.423 9 INFO neutron.db.ovn_revision_numbers_db [None req-74a34e1b-442e-4070-a6fd-97849f98e2a9 d9949a3886b94522933392f3b7c5d2c3 caf4c065f9414a01b9e06ee8ba75c5ce - - default default] Successfully bumped revision number for resource 8c69d836-6d11-4074-9f89-04d085aa8d5a (type: security_group_rules) to 0
2026-04-28 23:30:22.427 9 INFO neutron.wsgi [None req-f8cd9d41-2112-4af4-8be6-35b934b5dce5 d9949a3886b94522933392f3b7c5d2c3 caf4c065f9414a01b9e06ee8ba75c5ce - - default default] 10.0.0.216 "POST /v2.0/routers HTTP/1.1" status: 201 len: 880 time: 2.0195594
2026-04-28 23:30:22.442 10 INFO neutron.db.ovn_revision_numbers_db [None req-ff9cc0eb-afca-48f1-90c3-dfc7963632a9 - - - - - -] Successfully bumped revision number for resource bdd8e0bd-94eb-41df-b474-07b2c6167c44 (type: ports) to 1
2026-04-28 23:30:22.460 9 INFO neutron.db.ovn_revision_numbers_db [None req-74a34e1b-442e-4070-a6fd-97849f98e2a9 d9949a3886b94522933392f3b7c5d2c3 caf4c065f9414a01b9e06ee8ba75c5ce - - default default] Successfully bumped revision number for resource ee38d904-2073-4b1e-992a-57d9273348d9 (type: security_group_rules) to 0
2026-04-28 23:30:22.493 10 WARNING neutron.scheduler.dhcp_agent_scheduler [None req-287ab00f-3241-40d8-a304-b08b686a1124 d9949a3886b94522933392f3b7c5d2c3 caf4c065f9414a01b9e06ee8ba75c5ce - - default default] No more DHCP agents
2026-04-28 23:30:22.496 10 WARNING neutron.api.rpc.agentnotifiers.dhcp_rpc_agent_api [None req-287ab00f-3241-40d8-a304-b08b686a1124 d9949a3886b94522933392f3b7c5d2c3 caf4c065f9414a01b9e06ee8ba75c5ce - - default default] Unable to schedule network 6a11d637-e6d3-486e-9d26-f70b1f524b7a: no agents available; will retry on subsequent port and subnet creation events.
2026-04-28 23:30:22.526 9 INFO neutron.db.ovn_revision_numbers_db [None req-35dd1fe1-d31c-4891-8e98-0559efde77cf d9949a3886b94522933392f3b7c5d2c3 caf4c065f9414a01b9e06ee8ba75c5ce - - default default] Successfully bumped revision number for resource 53998436-346c-4da3-ba04-7f868677373d (type: router_ports) to 1
2026-04-28 23:30:22.527 9 INFO neutron.db.segments_db [None req-74a34e1b-442e-4070-a6fd-97849f98e2a9 d9949a3886b94522933392f3b7c5d2c3 caf4c065f9414a01b9e06ee8ba75c5ce - - default default] Added segment 6dfe9725-bd30-40a1-adcc-2cce1667f7c5 of type geneve for network 96b613c2-732a-4ce3-8518-e40dd23db32c
2026-04-28 23:30:22.640 9 INFO neutron.db.ovn_revision_numbers_db [None req-35dd1fe1-d31c-4891-8e98-0559efde77cf d9949a3886b94522933392f3b7c5d2c3 caf4c065f9414a01b9e06ee8ba75c5ce - - default default] Successfully bumped revision number for resource f302e9a9-7112-4a72-be54-748b667da181 (type: routers) to 2
2026-04-28 23:30:22.665 9 INFO neutron.wsgi [None req-35dd1fe1-d31c-4891-8e98-0559efde77cf d9949a3886b94522933392f3b7c5d2c3 caf4c065f9414a01b9e06ee8ba75c5ce - - default default] 10.0.0.216 "POST /v2.0/routers HTTP/1.1" status: 201 len: 882 time: 2.0106120
2026-04-28 23:30:22.753 10 INFO neutron.db.ovn_revision_numbers_db [None req-287ab00f-3241-40d8-a304-b08b686a1124 d9949a3886b94522933392f3b7c5d2c3 caf4c065f9414a01b9e06ee8ba75c5ce - - default default] Successfully bumped revision number for resource bc0f5cdb-ce4e-4158-ac18-c4214403b7d5 (type: ports) to 1
2026-04-28 23:30:22.777 9 INFO neutron.db.ovn_revision_numbers_db [None req-74a34e1b-442e-4070-a6fd-97849f98e2a9 d9949a3886b94522933392f3b7c5d2c3 caf4c065f9414a01b9e06ee8ba75c5ce - - default default] Successfully bumped revision number for resource 96b613c2-732a-4ce3-8518-e40dd23db32c (type: networks) to 1
2026-04-28 23:30:22.898 10 INFO neutron.db.ovn_revision_numbers_db [None req-ff9cc0eb-afca-48f1-90c3-dfc7963632a9 - - - - - -] Successfully bumped revision number for resource bdd8e0bd-94eb-41df-b474-07b2c6167c44 (type: router_ports) to 3
2026-04-28 23:30:23.077 10 INFO neutron.db.ovn_revision_numbers_db [None req-ff9cc0eb-afca-48f1-90c3-dfc7963632a9 - - - - - -] Successfully bumped revision number for resource bdd8e0bd-94eb-41df-b474-07b2c6167c44 (type: ports) to 2
2026-04-28 23:30:23.154 9 WARNING neutron.scheduler.dhcp_agent_scheduler [None req-74a34e1b-442e-4070-a6fd-97849f98e2a9 d9949a3886b94522933392f3b7c5d2c3 caf4c065f9414a01b9e06ee8ba75c5ce - - default default] No more DHCP agents
2026-04-28 23:30:23.158 9 WARNING neutron.api.rpc.agentnotifiers.dhcp_rpc_agent_api [None req-74a34e1b-442e-4070-a6fd-97849f98e2a9 d9949a3886b94522933392f3b7c5d2c3 caf4c065f9414a01b9e06ee8ba75c5ce - - default default] Unable to schedule network 96b613c2-732a-4ce3-8518-e40dd23db32c: no agents available; will retry on subsequent port and subnet creation events.
