2026-04-28 23:34:04.943 9 INFO neutron.wsgi [None req-f438e82d-4ef3-4931-8651-1628bf809b4c d9949a3886b94522933392f3b7c5d2c3 caf4c065f9414a01b9e06ee8ba75c5ce - - default default] 10.0.0.216 "DELETE /v2.0/security-groups/f06fbaea-afb2-4915-9ad3-291f40e36789 HTTP/1.1" status: 204 len: 168 time: 0.2001610
2026-04-28 23:34:05.014 9 INFO neutron.wsgi [req-5c9a6734-3992-41af-bd55-616360dc8c89 req-20ffbb82-3a0b-48a0-ab02-4b9255cec4d9 56d5f59461724386867fb008e4f89354 481e0250e3a94b41980fb2e9af1f6ff6 - - default default] 10.0.0.82 "GET /v2.0/ports?device_id=f2694942-d2c7-4bff-92a4-8cf5d1a83f4a HTTP/1.1" status: 200 len: 210 time: 0.0306354
2026-04-28 23:34:05.087 10 WARNING neutron.scheduler.dhcp_agent_scheduler [req-d63ada3e-0a70-4ce3-a02b-2e7e93bdaf02 req-d74fdd5d-63c4-4131-8602-2f74b7585e0c 56d5f59461724386867fb008e4f89354 481e0250e3a94b41980fb2e9af1f6ff6 - - default default] No more DHCP agents
2026-04-28 23:34:05.092 10 WARNING neutron.api.rpc.agentnotifiers.dhcp_rpc_agent_api [req-d63ada3e-0a70-4ce3-a02b-2e7e93bdaf02 req-d74fdd5d-63c4-4131-8602-2f74b7585e0c 56d5f59461724386867fb008e4f89354 481e0250e3a94b41980fb2e9af1f6ff6 - - default default] Unable to schedule network fe31aa92-42f6-4408-88e8-d022e4fd14e8: no agents available; will retry on subsequent port and subnet creation events.
2026-04-28 23:34:05.235 10 INFO neutron.db.ovn_revision_numbers_db [None req-7aa05e99-11ef-4edc-925b-477071d591dc d9949a3886b94522933392f3b7c5d2c3 caf4c065f9414a01b9e06ee8ba75c5ce - - default default] Successfully bumped revision number for resource 79ed5071-18c4-4f6b-b85a-05453fc08654 (type: security_groups) to 1
2026-04-28 23:34:05.254 10 INFO neutron.db.ovn_revision_numbers_db [None req-7aa05e99-11ef-4edc-925b-477071d591dc d9949a3886b94522933392f3b7c5d2c3 caf4c065f9414a01b9e06ee8ba75c5ce - - default default] Successfully bumped revision number for resource 387e848d-31d0-4059-a332-8b630445fd77 (type: security_group_rules) to 0
2026-04-28 23:34:05.289 10 INFO neutron.db.ovn_revision_numbers_db [None req-7aa05e99-11ef-4edc-925b-477071d591dc d9949a3886b94522933392f3b7c5d2c3 caf4c065f9414a01b9e06ee8ba75c5ce - - default default] Successfully bumped revision number for resource 7a721319-5941-4ffc-a2af-5cb5e4961a44 (type: security_group_rules) to 0
2026-04-28 23:34:05.297 10 INFO neutron.db.ovn_revision_numbers_db [req-d63ada3e-0a70-4ce3-a02b-2e7e93bdaf02 req-d74fdd5d-63c4-4131-8602-2f74b7585e0c 56d5f59461724386867fb008e4f89354 481e0250e3a94b41980fb2e9af1f6ff6 - - default default] Successfully bumped revision number for resource d3bd93a6-821d-430d-8fc9-4e42273aa661 (type: ports) to 1
2026-04-28 23:34:05.307 10 INFO neutron.db.ovn_revision_numbers_db [None req-7aa05e99-11ef-4edc-925b-477071d591dc d9949a3886b94522933392f3b7c5d2c3 caf4c065f9414a01b9e06ee8ba75c5ce - - default default] Successfully bumped revision number for resource ac035e29-d3eb-4153-95eb-418211dfb1c3 (type: security_group_rules) to 0
2026-04-28 23:34:05.320 10 INFO neutron.wsgi [req-d63ada3e-0a70-4ce3-a02b-2e7e93bdaf02 req-d74fdd5d-63c4-4131-8602-2f74b7585e0c 56d5f59461724386867fb008e4f89354 481e0250e3a94b41980fb2e9af1f6ff6 - - default default] 199.204.45.3 "POST /v2.0/ports HTTP/1.1" status: 201 len: 1162 time: 0.6073892
2026-04-28 23:34:05.323 10 INFO neutron.db.ovn_revision_numbers_db [None req-7aa05e99-11ef-4edc-925b-477071d591dc d9949a3886b94522933392f3b7c5d2c3 caf4c065f9414a01b9e06ee8ba75c5ce - - default default] Successfully bumped revision number for resource dbecaf68-9621-465a-835b-865cd58df583 (type: security_group_rules) to 0 /var/lib/openstack/lib/python3.10/site-packages/pycadf/identifier.py:71: UserWarning: Invalid uuid: neutron. To ensure interoperability, identifiers should be a valid uuid. warnings.warn(('Invalid uuid: %s. To ensure interoperability, '
2026-04-28 23:34:05.360 10 INFO neutron.wsgi [None req-7aa05e99-11ef-4edc-925b-477071d591dc d9949a3886b94522933392f3b7c5d2c3 caf4c065f9414a01b9e06ee8ba75c5ce - - default default] 10.0.0.216 "GET /v2.0/security-groups?tenant_id=0ea352fc60d943efbdc38f4a391913a9&name=default HTTP/1.1" status: 200 len: 3000 time: 0.3301489
2026-04-28 23:34:05.758 10 INFO neutron.db.ovn_revision_numbers_db [req-d63ada3e-0a70-4ce3-a02b-2e7e93bdaf02 req-1c92dfa1-d7f0-483b-9afb-860dbeaf564f b564d173c95c4fcfbd1ac2095754c325 c19f6fea06174e1f8a5de22cc378066e - - f03097fe19c54228bef42d7301077843 f03097fe19c54228bef42d7301077843] Successfully bumped revision number for resource d3bd93a6-821d-430d-8fc9-4e42273aa661 (type: ports) to 2
2026-04-28 23:34:05.774 9 INFO neutron.wsgi [None req-de88f6a1-3311-4657-834a-1a8ec74debd8 d9949a3886b94522933392f3b7c5d2c3 caf4c065f9414a01b9e06ee8ba75c5ce - - default default] 10.0.0.216 "DELETE /v2.0/security-groups/79ed5071-18c4-4f6b-b85a-05453fc08654 HTTP/1.1" status: 204 len: 168 time: 0.4083135
2026-04-28 23:34:05.956 10 INFO neutron.db.ovn_revision_numbers_db [req-d63ada3e-0a70-4ce3-a02b-2e7e93bdaf02 req-1c92dfa1-d7f0-483b-9afb-860dbeaf564f b564d173c95c4fcfbd1ac2095754c325 c19f6fea06174e1f8a5de22cc378066e - - f03097fe19c54228bef42d7301077843 f03097fe19c54228bef42d7301077843] Successfully bumped revision number for resource d3bd93a6-821d-430d-8fc9-4e42273aa661 (type: ports) to 2
2026-04-28 23:34:05.973 10 INFO neutron.wsgi [req-d63ada3e-0a70-4ce3-a02b-2e7e93bdaf02 req-1c92dfa1-d7f0-483b-9afb-860dbeaf564f b564d173c95c4fcfbd1ac2095754c325 c19f6fea06174e1f8a5de22cc378066e - - f03097fe19c54228bef42d7301077843 f03097fe19c54228bef42d7301077843] 199.204.45.3 "PUT /v2.0/ports/d3bd93a6-821d-430d-8fc9-4e42273aa661 HTTP/1.1" status: 200 len: 1380 time: 0.6395302
2026-04-28 23:34:06.010 10 INFO neutron.notifiers.nova [-] Nova event matching ['req-ac71f9e9-3313-4ae6-9b08-74efdab52ef6'] response: {'name': 'network-changed', 'server_uuid': 'f2694942-d2c7-4bff-92a4-8cf5d1a83f4a', 'tag': 'd3bd93a6-821d-430d-8fc9-4e42273aa661', 'status': 'completed', 'code': 200} /var/lib/openstack/lib/python3.10/site-packages/pycadf/identifier.py:71: UserWarning: Invalid uuid: neutron. To ensure interoperability, identifiers should be a valid uuid. warnings.warn(('Invalid uuid: %s. To ensure interoperability, '
2026-04-28 23:34:06.081 10 INFO neutron.wsgi [req-d63ada3e-0a70-4ce3-a02b-2e7e93bdaf02 req-14ed2a52-bc8c-4874-80da-0cc0d76f8fdf b564d173c95c4fcfbd1ac2095754c325 c19f6fea06174e1f8a5de22cc378066e - - f03097fe19c54228bef42d7301077843 f03097fe19c54228bef42d7301077843] 199.204.45.3 "GET /v2.0/ports?tenant_id=481e0250e3a94b41980fb2e9af1f6ff6&device_id=f2694942-d2c7-4bff-92a4-8cf5d1a83f4a HTTP/1.1" status: 200 len: 1411 time: 0.0622611
2026-04-28 23:34:06.136 10 INFO neutron.wsgi [req-d63ada3e-0a70-4ce3-a02b-2e7e93bdaf02 req-c17af1e9-ec51-4a02-9b9f-4d543b4ad53f b564d173c95c4fcfbd1ac2095754c325 c19f6fea06174e1f8a5de22cc378066e - - f03097fe19c54228bef42d7301077843 f03097fe19c54228bef42d7301077843] 199.204.45.3 "GET /v2.0/floatingips?fixed_ip_address=10.100.0.10&port_id=d3bd93a6-821d-430d-8fc9-4e42273aa661 HTTP/1.1" status: 200 len: 217 time: 0.0452454
2026-04-28 23:34:06.172 9 INFO neutron.wsgi [req-a9544c32-1751-4726-aa30-2474d621e595 req-ee3b81b1-c2af-49f6-861f-5a39265af89e 56d5f59461724386867fb008e4f89354 481e0250e3a94b41980fb2e9af1f6ff6 - - default default] 10.0.0.82 "GET /v2.0/ports?device_id=f2694942-d2c7-4bff-92a4-8cf5d1a83f4a HTTP/1.1" status: 200 len: 1172 time: 0.0579059
2026-04-28 23:34:06.190 10 INFO neutron.wsgi [req-d63ada3e-0a70-4ce3-a02b-2e7e93bdaf02 req-014ee091-a627-407d-be05-aed88a979263 b564d173c95c4fcfbd1ac2095754c325 c19f6fea06174e1f8a5de22cc378066e - - f03097fe19c54228bef42d7301077843 f03097fe19c54228bef42d7301077843] 199.204.45.3 "GET /v2.0/subnets?id=18b6d87d-9b74-4bc6-9bec-a5d5b1c002c0 HTTP/1.1" status: 200 len: 853 time: 0.0435567
2026-04-28 23:34:06.214 10 INFO neutron.wsgi [req-d63ada3e-0a70-4ce3-a02b-2e7e93bdaf02 req-0d82ae54-fa47-44a9-9499-f6364c84b6d6 b564d173c95c4fcfbd1ac2095754c325 c19f6fea06174e1f8a5de22cc378066e - - f03097fe19c54228bef42d7301077843 f03097fe19c54228bef42d7301077843] 199.204.45.3 "GET /v2.0/ports?network_id=fe31aa92-42f6-4408-88e8-d022e4fd14e8&device_owner=network%3Adhcp HTTP/1.1" status: 200 len: 210 time: 0.0201697
2026-04-28 23:34:06.230 9 INFO neutron.wsgi [req-a9544c32-1751-4726-aa30-2474d621e595 req-9a080f68-3fda-46b1-a4f8-7b676beb8457 56d5f59461724386867fb008e4f89354 481e0250e3a94b41980fb2e9af1f6ff6 - - default default] 10.0.0.82 "GET /v2.0/security-groups?id=8f6a4119-8fd5-4686-8831-9ded16ce0713&fields=id&fields=name HTTP/1.1" status: 200 len: 313 time: 0.0475018
2026-04-28 23:34:06.302 10 INFO neutron.wsgi [req-d63ada3e-0a70-4ce3-a02b-2e7e93bdaf02 req-7f4983ba-7eb0-495b-a94e-ce793ee8f886 b564d173c95c4fcfbd1ac2095754c325 c19f6fea06174e1f8a5de22cc378066e - - f03097fe19c54228bef42d7301077843 f03097fe19c54228bef42d7301077843] 199.204.45.3 "GET /v2.0/networks/fe31aa92-42f6-4408-88e8-d022e4fd14e8?fields=segments HTTP/1.1" status: 200 len: 212 time: 0.0653427
2026-04-28 23:34:06.369 10 INFO neutron.wsgi [req-d63ada3e-0a70-4ce3-a02b-2e7e93bdaf02 req-1354dbb0-1af5-429d-a1cc-3c59e4c30097 b564d173c95c4fcfbd1ac2095754c325 c19f6fea06174e1f8a5de22cc378066e - - f03097fe19c54228bef42d7301077843 f03097fe19c54228bef42d7301077843] 199.204.45.3 "GET /v2.0/networks/fe31aa92-42f6-4408-88e8-d022e4fd14e8?fields=provider%3Aphysical_network&fields=provider%3Anetwork_type HTTP/1.1" status: 200 len: 277 time: 0.0587111
2026-04-28 23:34:06.458 10 INFO neutron.wsgi [req-30596a4a-b292-4daf-b4aa-2cd96cb76839 req-accdc066-730f-496e-ab3f-d275f613a3f9 b564d173c95c4fcfbd1ac2095754c325 c19f6fea06174e1f8a5de22cc378066e - - f03097fe19c54228bef42d7301077843 f03097fe19c54228bef42d7301077843] 199.204.45.3 "GET /v2.0/ports?tenant_id=481e0250e3a94b41980fb2e9af1f6ff6&device_id=f2694942-d2c7-4bff-92a4-8cf5d1a83f4a HTTP/1.1" status: 200 len: 1411 time: 0.0462036
2026-04-28 23:34:06.527 10 INFO neutron.wsgi [req-30596a4a-b292-4daf-b4aa-2cd96cb76839 req-921eb329-2056-4aba-b8fe-271dfd5d26d4 b564d173c95c4fcfbd1ac2095754c325 c19f6fea06174e1f8a5de22cc378066e - - f03097fe19c54228bef42d7301077843 f03097fe19c54228bef42d7301077843] 199.204.45.3 "GET /v2.0/networks?id=fe31aa92-42f6-4408-88e8-d022e4fd14e8 HTTP/1.1" status: 200 len: 958 time: 0.0635345
2026-04-28 23:34:06.581 10 INFO neutron.plugins.ml2.drivers.ovn.mech_driver.mech_driver [None req-77ce5834-fdbe-4938-af3e-775d023d66e9 - - - - - -] OVN reports status up for port: d3bd93a6-821d-430d-8fc9-4e42273aa661
2026-04-28 23:34:06.584 10 INFO neutron.wsgi [req-30596a4a-b292-4daf-b4aa-2cd96cb76839 req-f31af337-4e47-4f93-8dc0-57a1828d71ab b564d173c95c4fcfbd1ac2095754c325 c19f6fea06174e1f8a5de22cc378066e - - f03097fe19c54228bef42d7301077843 f03097fe19c54228bef42d7301077843] 199.204.45.3 "GET /v2.0/floatingips?fixed_ip_address=10.100.0.10&port_id=d3bd93a6-821d-430d-8fc9-4e42273aa661 HTTP/1.1" status: 200 len: 217 time: 0.0464549
2026-04-28 23:34:06.619 10 INFO neutron.plugins.ml2.plugin [None req-77ce5834-fdbe-4938-af3e-775d023d66e9 - - - - - -] Attempt 1 to provision port d3bd93a6-821d-430d-8fc9-4e42273aa661
2026-04-28 23:34:06.652 10 INFO neutron.wsgi [req-30596a4a-b292-4daf-b4aa-2cd96cb76839 req-b94003a6-5420-4c50-add6-6e630eb9ddb6 b564d173c95c4fcfbd1ac2095754c325 c19f6fea06174e1f8a5de22cc378066e - - f03097fe19c54228bef42d7301077843 f03097fe19c54228bef42d7301077843] 199.204.45.3 "GET /v2.0/subnets?id=18b6d87d-9b74-4bc6-9bec-a5d5b1c002c0 HTTP/1.1" status: 200 len: 853 time: 0.0522182
2026-04-28 23:34:06.682 10 INFO neutron.wsgi [req-30596a4a-b292-4daf-b4aa-2cd96cb76839 req-2820070e-42a0-4e94-886f-1971111987b8 b564d173c95c4fcfbd1ac2095754c325 c19f6fea06174e1f8a5de22cc378066e - - f03097fe19c54228bef42d7301077843 f03097fe19c54228bef42d7301077843] 199.204.45.3 "GET /v2.0/ports?network_id=fe31aa92-42f6-4408-88e8-d022e4fd14e8&device_owner=network%3Adhcp HTTP/1.1" status: 200 len: 210 time: 0.0204260
2026-04-28 23:34:06.769 10 INFO neutron.wsgi [req-30596a4a-b292-4daf-b4aa-2cd96cb76839 req-515722d9-c2ff-425a-b7f7-438ace2aefa5 b564d173c95c4fcfbd1ac2095754c325 c19f6fea06174e1f8a5de22cc378066e - - f03097fe19c54228bef42d7301077843 f03097fe19c54228bef42d7301077843] 199.204.45.3 "GET /v2.0/networks/fe31aa92-42f6-4408-88e8-d022e4fd14e8?fields=segments HTTP/1.1" status: 200 len: 212 time: 0.0757465
2026-04-28 23:34:06.774 9 WARNING neutron.plugins.ml2.drivers.ovn.mech_driver.ovsdb.ovn_client [None req-20776235-b1e3-41ef-bf45-185eabcd187b - - - - - -] No hosting information found for port ce07b747-1e88-4984-b208-a7ec613a0b3e: RuntimeError: No hosting information found for port ce07b747-1e88-4984-b208-a7ec613a0b3e
2026-04-28 23:34:06.864 10 INFO neutron.wsgi [req-30596a4a-b292-4daf-b4aa-2cd96cb76839 req-f65dfa6e-83d0-4061-9f30-a4e43be2a773 b564d173c95c4fcfbd1ac2095754c325 c19f6fea06174e1f8a5de22cc378066e - - f03097fe19c54228bef42d7301077843 f03097fe19c54228bef42d7301077843] 199.204.45.3 "GET /v2.0/networks/fe31aa92-42f6-4408-88e8-d022e4fd14e8?fields=provider%3Aphysical_network&fields=provider%3Anetwork_type HTTP/1.1" status: 200 len: 277 time: 0.0871871
2026-04-28 23:34:07.020 10 INFO neutron.db.ovn_revision_numbers_db [None req-77ce5834-fdbe-4938-af3e-775d023d66e9 - - - - - -] Successfully bumped revision number for resource d3bd93a6-821d-430d-8fc9-4e42273aa661 (type: ports) to 4 /var/lib/openstack/lib/python3.10/site-packages/pycadf/identifier.py:71: UserWarning: Invalid uuid: neutron. To ensure interoperability, identifiers should be a valid uuid. warnings.warn(('Invalid uuid: %s. To ensure interoperability, '
2026-04-28 23:34:07.423 10 INFO neutron.wsgi [req-b64cca3e-f80f-49f2-a076-ef78a1cdb082 req-dc1a9934-0a46-4a46-a331-c424ecd9e7dc 56d5f59461724386867fb008e4f89354 481e0250e3a94b41980fb2e9af1f6ff6 - - default default] 10.0.0.82 "GET /v2.0/ports?device_id=f2694942-d2c7-4bff-92a4-8cf5d1a83f4a HTTP/1.1" status: 200 len: 1174 time: 0.1131291
2026-04-28 23:34:07.471 10 INFO neutron.wsgi [req-b64cca3e-f80f-49f2-a076-ef78a1cdb082 req-bea6c78c-8ff4-4299-ab82-f33aa5d4e548 56d5f59461724386867fb008e4f89354 481e0250e3a94b41980fb2e9af1f6ff6 - - default default] 10.0.0.82 "GET /v2.0/security-groups?id=8f6a4119-8fd5-4686-8831-9ded16ce0713&fields=id&fields=name HTTP/1.1" status: 200 len: 313 time: 0.0396304
2026-04-28 23:34:08.047 10 INFO neutron.notifiers.nova [-] Nova event matching ['req-9ebc78d3-8bb1-4d02-b51b-ed388d38f931'] response: {'server_uuid': 'f2694942-d2c7-4bff-92a4-8cf5d1a83f4a', 'name': 'network-vif-plugged', 'status': 'completed', 'tag': 'd3bd93a6-821d-430d-8fc9-4e42273aa661', 'code': 200}
2026-04-28 23:34:08.048 10 INFO neutron.notifiers.nova [-] Nova event matching ['req-9ebc78d3-8bb1-4d02-b51b-ed388d38f931'] response: {'server_uuid': 'f2694942-d2c7-4bff-92a4-8cf5d1a83f4a', 'name': 'network-vif-plugged', 'status': 'completed', 'tag': 'd3bd93a6-821d-430d-8fc9-4e42273aa661', 'code': 200}
2026-04-28 23:34:08.571 10 INFO neutron.wsgi [req-00abdc86-2d9c-4055-be66-d778f7ac3040 req-5321ea1d-9e65-42d4-b94c-20ae130caf5e 56d5f59461724386867fb008e4f89354 481e0250e3a94b41980fb2e9af1f6ff6 - - default default] 10.0.0.82 "GET /v2.0/ports?device_id=f2694942-d2c7-4bff-92a4-8cf5d1a83f4a HTTP/1.1" status: 200 len: 1174 time: 0.0428205
2026-04-28 23:34:08.622 10 INFO neutron.wsgi [req-00abdc86-2d9c-4055-be66-d778f7ac3040 req-4af9463a-59f0-4ba7-b96f-f8d5d84c36a7 56d5f59461724386867fb008e4f89354 481e0250e3a94b41980fb2e9af1f6ff6 - - default default] 10.0.0.82 "GET /v2.0/security-groups?id=8f6a4119-8fd5-4686-8831-9ded16ce0713&fields=id&fields=name HTTP/1.1" status: 200 len: 313 time: 0.0428391
2026-04-28 23:34:08.761 9 INFO neutron.wsgi [req-bf9dfb56-6792-4ddb-9475-e0a9fd6e757a req-b75d433a-14a5-42e1-9a0f-3b164ff9c21b 56d5f59461724386867fb008e4f89354 481e0250e3a94b41980fb2e9af1f6ff6 - - default default] 10.0.0.82 "GET /v2.0/ports?device_id=f2694942-d2c7-4bff-92a4-8cf5d1a83f4a HTTP/1.1" status: 200 len: 1174 time: 0.0718501
2026-04-28 23:34:08.809 9 INFO neutron.wsgi [req-bf9dfb56-6792-4ddb-9475-e0a9fd6e757a req-49c01ac5-6e76-420c-8f88-54fb1b866477 56d5f59461724386867fb008e4f89354 481e0250e3a94b41980fb2e9af1f6ff6 - - default default] 10.0.0.82 "GET /v2.0/security-groups?id=8f6a4119-8fd5-4686-8831-9ded16ce0713&fields=id&fields=name HTTP/1.1" status: 200 len: 313 time: 0.0386066
2026-04-28 23:34:08.877 9 INFO neutron.wsgi [None req-af3d87cc-f97a-469f-97cb-f737808b6615 4fe370cb685a439ba338600ad1815c4c b6cbf50415d24dd6ae51ba2a5b57ad65 - - default default] 10.0.0.216 "GET /v2.0/ports?device_id=f2694942-d2c7-4bff-92a4-8cf5d1a83f4a HTTP/1.1" status: 200 len: 1408 time: 0.0389619
2026-04-28 23:34:09.140 9 WARNING neutron.scheduler.dhcp_agent_scheduler [None req-50aed263-7672-4122-b1d8-de52b73eb633 56d5f59461724386867fb008e4f89354 481e0250e3a94b41980fb2e9af1f6ff6 - - default default] No more DHCP agents
2026-04-28 23:34:09.144 9 WARNING neutron.api.rpc.agentnotifiers.dhcp_rpc_agent_api [None req-50aed263-7672-4122-b1d8-de52b73eb633 56d5f59461724386867fb008e4f89354 481e0250e3a94b41980fb2e9af1f6ff6 - - default default] Unable to schedule network b62a734d-eb7d-4c80-ad9c-6ecac9e2e701: no agents available; will retry on subsequent port and subnet creation events.
2026-04-28 23:34:09.507 9 INFO neutron.db.l3_db [None req-50aed263-7672-4122-b1d8-de52b73eb633 56d5f59461724386867fb008e4f89354 481e0250e3a94b41980fb2e9af1f6ff6 - - default default] Floating IP cb912f29-cad7-47d0-a17a-ca19051165f5 associated. External IP: 10.96.250.219, port: d3bd93a6-821d-430d-8fc9-4e42273aa661.
2026-04-28 23:34:09.651 9 INFO neutron.db.ovn_revision_numbers_db [None req-8b790f43-7429-4ee7-86be-76dd1f68d476 eecaa331c36745b8894e2131584aa8de d030135fd8a944b39b43ebaf8bccca9f - - default default] Successfully bumped revision number for resource 22aeb652-78d6-430c-98bb-5e5d3729f0cb (type: security_groups) to 1
2026-04-28 23:34:09.667 9 INFO neutron.wsgi [-] 10.0.0.244 "GET / HTTP/1.1" status: 200 len: 246 time: 0.0012128
2026-04-28 23:34:09.669 9 INFO neutron.wsgi [-] 10.0.0.244 "GET / HTTP/1.1" status: 200 len: 246 time: 0.0009010
2026-04-28 23:34:09.678 9 INFO neutron.db.ovn_revision_numbers_db [None req-8b790f43-7429-4ee7-86be-76dd1f68d476 eecaa331c36745b8894e2131584aa8de d030135fd8a944b39b43ebaf8bccca9f - - default default] Successfully bumped revision number for resource 5a611417-d765-4844-99b1-58760be0be97 (type: security_group_rules) to 0
2026-04-28 23:34:09.692 9 INFO neutron.db.ovn_revision_numbers_db [None req-50aed263-7672-4122-b1d8-de52b73eb633 56d5f59461724386867fb008e4f89354 481e0250e3a94b41980fb2e9af1f6ff6 - - default default] Successfully bumped revision number for resource cb912f29-cad7-47d0-a17a-ca19051165f5 (type: floatingips) to 0
2026-04-28 23:34:09.694 9 INFO neutron.db.ovn_revision_numbers_db [None req-8b790f43-7429-4ee7-86be-76dd1f68d476 eecaa331c36745b8894e2131584aa8de d030135fd8a944b39b43ebaf8bccca9f - - default default] Successfully bumped revision number for resource 728a495e-b47f-4b54-aa02-2c6591519c90 (type: security_group_rules) to 0
2026-04-28 23:34:09.722 9 INFO neutron.db.ovn_revision_numbers_db [None req-8b790f43-7429-4ee7-86be-76dd1f68d476 eecaa331c36745b8894e2131584aa8de d030135fd8a944b39b43ebaf8bccca9f - - default default] Successfully bumped revision number for resource 8f9ae513-ebb2-45c9-b29d-038a3ff359ea (type: security_group_rules) to 0
2026-04-28 23:34:09.745 9 INFO neutron.db.ovn_revision_numbers_db [None req-8b790f43-7429-4ee7-86be-76dd1f68d476 eecaa331c36745b8894e2131584aa8de d030135fd8a944b39b43ebaf8bccca9f - - default default] Successfully bumped revision number for resource 9e9b712f-97f8-44b7-a072-2cadb9fc1418 (type: security_group_rules) to 0
2026-04-28 23:34:09.800 9 INFO neutron.db.segments_db [None req-8b790f43-7429-4ee7-86be-76dd1f68d476 eecaa331c36745b8894e2131584aa8de d030135fd8a944b39b43ebaf8bccca9f - - default default] Added segment b667f219-8232-47b3-ad26-f529607fe2c5 of type geneve for network 578cb9c7-73d2-4800-95ad-de514f46f006
2026-04-28 23:34:09.811 9 INFO neutron.db.ovn_revision_numbers_db [None req-50aed263-7672-4122-b1d8-de52b73eb633 56d5f59461724386867fb008e4f89354 481e0250e3a94b41980fb2e9af1f6ff6 - - default default] Successfully bumped revision number for resource cb912f29-cad7-47d0-a17a-ca19051165f5 (type: floatingips) to 1
2026-04-28 23:34:09.862 9 INFO neutron.wsgi [None req-50aed263-7672-4122-b1d8-de52b73eb633 56d5f59461724386867fb008e4f89354 481e0250e3a94b41980fb2e9af1f6ff6 - - default default] 10.0.0.216 "POST /v2.0/floatingips HTTP/1.1" status: 201 len: 1055 time: 0.9777904 /var/lib/openstack/lib/python3.10/site-packages/pycadf/identifier.py:71: UserWarning: Invalid uuid: neutron. To ensure interoperability, identifiers should be a valid uuid. warnings.warn(('Invalid uuid: %s. To ensure interoperability, '
2026-04-28 23:34:09.901 9 INFO neutron.notifiers.nova [-] Nova event matching ['req-db6e1ee7-daee-4c49-bda9-0a09cb20386f'] response: {'name': 'network-changed', 'server_uuid': 'f2694942-d2c7-4bff-92a4-8cf5d1a83f4a', 'tag': 'd3bd93a6-821d-430d-8fc9-4e42273aa661', 'status': 'completed', 'code': 200}
2026-04-28 23:34:09.946 9 INFO neutron.db.ovn_revision_numbers_db [None req-8b790f43-7429-4ee7-86be-76dd1f68d476 eecaa331c36745b8894e2131584aa8de d030135fd8a944b39b43ebaf8bccca9f - - default default] Successfully bumped revision number for resource 578cb9c7-73d2-4800-95ad-de514f46f006 (type: networks) to 1
2026-04-28 23:34:09.950 10 INFO neutron.wsgi [None req-f6cc3779-2a83-4967-8c98-60b98e6c9d67 56d5f59461724386867fb008e4f89354 481e0250e3a94b41980fb2e9af1f6ff6 - - default default] 10.0.0.216 "GET /v2.0/floatingips/cb912f29-cad7-47d0-a17a-ca19051165f5 HTTP/1.1" status: 200 len: 1052 time: 0.0796299
2026-04-28 23:34:09.956 10 INFO neutron.wsgi [req-c3d20c6e-5746-4947-bc80-c1fe3b787861 req-780feb29-2bd7-4e5c-8bf9-c7966e8fbe95 b564d173c95c4fcfbd1ac2095754c325 c19f6fea06174e1f8a5de22cc378066e - - f03097fe19c54228bef42d7301077843 f03097fe19c54228bef42d7301077843] 199.204.45.3 "GET /v2.0/ports?tenant_id=481e0250e3a94b41980fb2e9af1f6ff6&device_id=f2694942-d2c7-4bff-92a4-8cf5d1a83f4a HTTP/1.1" status: 200 len: 1413 time: 0.0373244
2026-04-28 23:34:10.021 10 INFO neutron.wsgi [req-c3d20c6e-5746-4947-bc80-c1fe3b787861 req-6293ec6c-6a85-4e1b-bac1-993eaba62457 b564d173c95c4fcfbd1ac2095754c325 c19f6fea06174e1f8a5de22cc378066e - - f03097fe19c54228bef42d7301077843 f03097fe19c54228bef42d7301077843] 199.204.45.3 "GET /v2.0/networks?id=fe31aa92-42f6-4408-88e8-d022e4fd14e8 HTTP/1.1" status: 200 len: 958 time: 0.0596619
2026-04-28 23:34:10.064 10 INFO neutron.wsgi [req-c3d20c6e-5746-4947-bc80-c1fe3b787861 req-e7f04260-bbad-4083-97a0-7712ac38a656 b564d173c95c4fcfbd1ac2095754c325 c19f6fea06174e1f8a5de22cc378066e - - f03097fe19c54228bef42d7301077843 f03097fe19c54228bef42d7301077843] 199.204.45.3 "GET /v2.0/floatingips?fixed_ip_address=10.100.0.10&port_id=d3bd93a6-821d-430d-8fc9-4e42273aa661 HTTP/1.1" status: 200 len: 1060 time: 0.0381293
2026-04-28 23:34:10.107 9 WARNING neutron.scheduler.dhcp_agent_scheduler [None req-8b790f43-7429-4ee7-86be-76dd1f68d476 eecaa331c36745b8894e2131584aa8de d030135fd8a944b39b43ebaf8bccca9f - - default default] No more DHCP agents
2026-04-28 23:34:10.107 10 INFO neutron.wsgi [req-c3d20c6e-5746-4947-bc80-c1fe3b787861 req-bc563b9f-0ade-4222-aec5-ad8783bff889 b564d173c95c4fcfbd1ac2095754c325 c19f6fea06174e1f8a5de22cc378066e - - f03097fe19c54228bef42d7301077843 f03097fe19c54228bef42d7301077843] 199.204.45.3 "GET /v2.0/subnets?id=18b6d87d-9b74-4bc6-9bec-a5d5b1c002c0 HTTP/1.1" status: 200 len: 853 time: 0.0393169
2026-04-28 23:34:10.109 9 WARNING neutron.api.rpc.agentnotifiers.dhcp_rpc_agent_api [None req-8b790f43-7429-4ee7-86be-76dd1f68d476 eecaa331c36745b8894e2131584aa8de d030135fd8a944b39b43ebaf8bccca9f - - default default] Unable to schedule network 578cb9c7-73d2-4800-95ad-de514f46f006: no agents available; will retry on subsequent port and subnet creation events.
2026-04-28 23:34:10.137 10 INFO neutron.wsgi [req-c3d20c6e-5746-4947-bc80-c1fe3b787861 req-7519d6aa-1903-4cd0-9a7a-e92e027e38c1 b564d173c95c4fcfbd1ac2095754c325 c19f6fea06174e1f8a5de22cc378066e - - f03097fe19c54228bef42d7301077843 f03097fe19c54228bef42d7301077843] 199.204.45.3 "GET /v2.0/ports?network_id=fe31aa92-42f6-4408-88e8-d022e4fd14e8&device_owner=network%3Adhcp HTTP/1.1" status: 200 len: 210 time: 0.0234728
2026-04-28 23:34:10.184 9 INFO neutron.db.ovn_revision_numbers_db [None req-8b790f43-7429-4ee7-86be-76dd1f68d476 eecaa331c36745b8894e2131584aa8de d030135fd8a944b39b43ebaf8bccca9f - - default default] Successfully bumped revision number for resource 844314ce-ebf7-4265-9ef2-64c24fec89a8 (type: ports) to 1
2026-04-28 23:34:10.203 9 INFO neutron.wsgi [None req-8b790f43-7429-4ee7-86be-76dd1f68d476 eecaa331c36745b8894e2131584aa8de d030135fd8a944b39b43ebaf8bccca9f - - default default] 10.0.0.216 "POST /v2.0/networks HTTP/1.1" status: 201 len: 831 time: 0.8574445
2026-04-28 23:34:10.205 10 INFO neutron.wsgi [req-c3d20c6e-5746-4947-bc80-c1fe3b787861 req-9f8c855c-09e8-40c0-9b23-9abd31bbf0f0 b564d173c95c4fcfbd1ac2095754c325 c19f6fea06174e1f8a5de22cc378066e - - f03097fe19c54228bef42d7301077843 f03097fe19c54228bef42d7301077843] 199.204.45.3 "GET /v2.0/networks/fe31aa92-42f6-4408-88e8-d022e4fd14e8?fields=segments HTTP/1.1" status: 200 len: 212 time: 0.0627601
2026-04-28 23:34:10.544 10 INFO neutron.wsgi [req-c3d20c6e-5746-4947-bc80-c1fe3b787861 req-ae10c635-34f1-4332-b2d7-fac004eb3418 b564d173c95c4fcfbd1ac2095754c325 c19f6fea06174e1f8a5de22cc378066e - - f03097fe19c54228bef42d7301077843 f03097fe19c54228bef42d7301077843] 199.204.45.3 "GET /v2.0/networks/fe31aa92-42f6-4408-88e8-d022e4fd14e8?fields=provider%3Aphysical_network&fields=provider%3Anetwork_type HTTP/1.1" status: 200 len: 277 time: 0.3341691
2026-04-28 23:34:10.572 10 INFO neutron.db.segments_db [None req-542a0058-48c2-4724-b65d-28410b96429c eecaa331c36745b8894e2131584aa8de d030135fd8a944b39b43ebaf8bccca9f - - default default] Added segment c06a10d0-5057-436f-9346-53b4d81e6b25 of type geneve for network e7e226f4-1630-4151-b8ef-a2f9f3225917
2026-04-28 23:34:10.710 10 INFO neutron.db.ovn_revision_numbers_db [None req-542a0058-48c2-4724-b65d-28410b96429c eecaa331c36745b8894e2131584aa8de d030135fd8a944b39b43ebaf8bccca9f - - default default] Successfully bumped revision number for resource e7e226f4-1630-4151-b8ef-a2f9f3225917 (type: networks) to 1
2026-04-28 23:34:10.873 10 WARNING neutron.scheduler.dhcp_agent_scheduler [None req-542a0058-48c2-4724-b65d-28410b96429c eecaa331c36745b8894e2131584aa8de d030135fd8a944b39b43ebaf8bccca9f - - default default] No more DHCP agents
2026-04-28 23:34:10.876 10 WARNING neutron.api.rpc.agentnotifiers.dhcp_rpc_agent_api [None req-542a0058-48c2-4724-b65d-28410b96429c eecaa331c36745b8894e2131584aa8de d030135fd8a944b39b43ebaf8bccca9f - - default default] Unable to schedule network e7e226f4-1630-4151-b8ef-a2f9f3225917: no agents available; will retry on subsequent port and subnet creation events.
2026-04-28 23:34:10.959 10 INFO neutron.db.ovn_revision_numbers_db [None req-542a0058-48c2-4724-b65d-28410b96429c eecaa331c36745b8894e2131584aa8de d030135fd8a944b39b43ebaf8bccca9f - - default default] Successfully bumped revision number for resource 999aee3d-37bc-4376-b910-75adffdaf5cc (type: ports) to 1
2026-04-28 23:34:10.980 10 INFO neutron.wsgi [None req-542a0058-48c2-4724-b65d-28410b96429c eecaa331c36745b8894e2131584aa8de d030135fd8a944b39b43ebaf8bccca9f - - default default] 10.0.0.216 "POST /v2.0/networks HTTP/1.1" status: 201 len: 831 time: 0.7720697
2026-04-28 23:34:11.050 10 INFO neutron.wsgi [None req-b38f2a60-1a10-4e30-9081-96598ff47bb1 eecaa331c36745b8894e2131584aa8de d030135fd8a944b39b43ebaf8bccca9f - - default default] 10.0.0.216 "PUT /v2.0/networks/578cb9c7-73d2-4800-95ad-de514f46f006/tags HTTP/1.1" status: 200 len: 218 time: 0.0641236
2026-04-28 23:34:11.082 10 INFO neutron.wsgi [None req-a7097ccb-642b-40f5-92b0-114537e27a12 eecaa331c36745b8894e2131584aa8de d030135fd8a944b39b43ebaf8bccca9f - - default default] 10.0.0.216 "GET /v2.0/networks/578cb9c7-73d2-4800-95ad-de514f46f006/tags HTTP/1.1" status: 200 len: 218 time: 0.0281589
2026-04-28 23:34:11.126 10 INFO neutron.wsgi [None req-c4debeab-5f85-4690-a8d5-6e3b9a949c28 eecaa331c36745b8894e2131584aa8de d030135fd8a944b39b43ebaf8bccca9f - - default default] 10.0.0.216 "PUT /v2.0/networks/e7e226f4-1630-4151-b8ef-a2f9f3225917/tags HTTP/1.1" status: 200 len: 210 time: 0.0393453
2026-04-28 23:34:11.169 10 INFO neutron.wsgi [None req-a12055a5-e30f-4eba-9d20-8fa4a3817c83 eecaa331c36745b8894e2131584aa8de d030135fd8a944b39b43ebaf8bccca9f - - default default] 10.0.0.216 "GET /v2.0/networks/e7e226f4-1630-4151-b8ef-a2f9f3225917/tags HTTP/1.1" status: 200 len: 210 time: 0.0382819
2026-04-28 23:34:11.237 10 INFO neutron.wsgi [None req-440ef09d-9f94-4c8d-a823-3921cd5d5962 eecaa331c36745b8894e2131584aa8de d030135fd8a944b39b43ebaf8bccca9f - - default default] 10.0.0.216 "PUT /v2.0/networks/e7e226f4-1630-4151-b8ef-a2f9f3225917/tags HTTP/1.1" status: 200 len: 205 time: 0.0627229
2026-04-28 23:34:11.294 10 INFO neutron.wsgi [None req-fc8f3655-bc21-40a4-8560-0ce976e9300f eecaa331c36745b8894e2131584aa8de d030135fd8a944b39b43ebaf8bccca9f - - default default] 10.0.0.216 "GET /v2.0/networks/e7e226f4-1630-4151-b8ef-a2f9f3225917/tags HTTP/1.1" status: 200 len: 205 time: 0.0519230
2026-04-28 23:34:11.341 10 INFO neutron.wsgi [None req-d986c396-f5c9-4a2c-bd0c-e3e9730766fb eecaa331c36745b8894e2131584aa8de d030135fd8a944b39b43ebaf8bccca9f - - default default] 10.0.0.216 "GET /v2.0/networks/578cb9c7-73d2-4800-95ad-de514f46f006/tags HTTP/1.1" status: 200 len: 218 time: 0.0418210
2026-04-28 23:34:11.665 9 INFO neutron.services.segments.plugin [-] Segment b667f219-8232-47b3-ad26-f529607fe2c5 resource provider aggregate not found
2026-04-28 23:34:11.669 9 INFO neutron.services.segments.plugin [-] Segment b667f219-8232-47b3-ad26-f529607fe2c5 resource provider aggregate not found
2026-04-28 23:34:11.677 9 INFO neutron.services.segments.plugin [-] Segment b667f219-8232-47b3-ad26-f529607fe2c5 resource provider not found; error: Placement Client Error (4xx): {"errors": [{"status": 404, "title": "Not Found", "detail": "The resource could not be found.\n\n No resource provider with uuid b667f219-8232-47b3-ad26-f529607fe2c5 found for delete ", "request_id": "req-ebbb63fa-0259-4dae-b187-840176e6393f"}]}
2026-04-28 23:34:11.682 9 INFO neutron.services.segments.plugin [-] Segment b667f219-8232-47b3-ad26-f529607fe2c5 resource provider not found; error: Placement Client Error (4xx): {"errors": [{"status": 404, "title": "Not Found", "detail": "The resource could not be found.\n\n No resource provider with uuid b667f219-8232-47b3-ad26-f529607fe2c5 found for delete ", "request_id": "req-72e5e31b-e16c-4f4a-8e33-ecc4f591a504"}]}
2026-04-28 23:34:11.700 9 INFO neutron.wsgi [None req-98f584c5-f199-48bc-9584-50e83e6bfe88 eecaa331c36745b8894e2131584aa8de d030135fd8a944b39b43ebaf8bccca9f - - default default] 10.0.0.216 "DELETE /v2.0/networks/578cb9c7-73d2-4800-95ad-de514f46f006 HTTP/1.1" status: 204 len: 168 time: 0.3383994
2026-04-28 23:34:12.023 10 INFO neutron.services.segments.plugin [-] Segment c06a10d0-5057-436f-9346-53b4d81e6b25 resource provider aggregate not found
2026-04-28 23:34:12.039 10 INFO neutron.services.segments.plugin [-] Segment c06a10d0-5057-436f-9346-53b4d81e6b25 resource provider aggregate not found
2026-04-28 23:34:12.050 10 INFO neutron.services.segments.plugin [-] Segment c06a10d0-5057-436f-9346-53b4d81e6b25 resource provider not found; error: Placement Client Error (4xx): {"errors": [{"status": 404, "title": "Not Found", "detail": "The resource could not be found.\n\n No resource provider with uuid c06a10d0-5057-436f-9346-53b4d81e6b25 found for delete ", "request_id": "req-ed10a553-0a90-4751-b64e-96080c20c56d"}]}
2026-04-28 23:34:12.051 10 INFO neutron.services.segments.plugin [-] Segment c06a10d0-5057-436f-9346-53b4d81e6b25 resource provider not found; error: Placement Client Error (4xx): {"errors": [{"status": 404, "title": "Not Found", "detail": "The resource could not be found.\n\n No resource provider with uuid c06a10d0-5057-436f-9346-53b4d81e6b25 found for delete ", "request_id": "req-c9f1b244-97ee-4f22-8ee6-118a8c54cdb1"}]}
2026-04-28 23:34:12.087 10 INFO neutron.wsgi [None req-fb480491-56eb-47e2-a900-ca94515cf0a8 eecaa331c36745b8894e2131584aa8de d030135fd8a944b39b43ebaf8bccca9f - - default default] 10.0.0.216 "DELETE /v2.0/networks/e7e226f4-1630-4151-b8ef-a2f9f3225917 HTTP/1.1" status: 204 len: 168 time: 0.3815250
2026-04-28 23:34:12.951 9 INFO neutron.db.ovn_revision_numbers_db [None req-19df6f2b-ec87-4d68-a5ab-0229dcbf0015 d9949a3886b94522933392f3b7c5d2c3 caf4c065f9414a01b9e06ee8ba75c5ce - - default default] Successfully bumped revision number for resource e7bf1444-b075-4899-97e5-0daca6e85b38 (type: security_groups) to 1
2026-04-28 23:34:12.964 9 INFO neutron.db.ovn_revision_numbers_db [None req-19df6f2b-ec87-4d68-a5ab-0229dcbf0015 d9949a3886b94522933392f3b7c5d2c3 caf4c065f9414a01b9e06ee8ba75c5ce - - default default] Successfully bumped revision number for resource 13acd462-c2e7-42a9-a4bd-83d1867cfeeb (type: security_group_rules) to 0
2026-04-28 23:34:12.977 9 INFO neutron.db.ovn_revision_numbers_db [None req-19df6f2b-ec87-4d68-a5ab-0229dcbf0015 d9949a3886b94522933392f3b7c5d2c3 caf4c065f9414a01b9e06ee8ba75c5ce - - default default] Successfully bumped revision number for resource 1c17204e-27c5-427f-b816-3a2fd29e6692 (type: security_group_rules) to 0
2026-04-28 23:34:12.992 9 INFO neutron.db.ovn_revision_numbers_db [None req-19df6f2b-ec87-4d68-a5ab-0229dcbf0015 d9949a3886b94522933392f3b7c5d2c3 caf4c065f9414a01b9e06ee8ba75c5ce - - default default] Successfully bumped revision number for resource 6b7004bb-722b-4a16-8634-1792c322431e (type: security_group_rules) to 0
2026-04-28 23:34:13.005 9 INFO neutron.db.ovn_revision_numbers_db [None req-19df6f2b-ec87-4d68-a5ab-0229dcbf0015 d9949a3886b94522933392f3b7c5d2c3 caf4c065f9414a01b9e06ee8ba75c5ce - - default default] Successfully bumped revision number for resource d6539ff0-5a81-4d65-a39b-1dd50e153041 (type: security_group_rules) to 0
2026-04-28 23:34:13.027 9 INFO neutron.wsgi [None req-19df6f2b-ec87-4d68-a5ab-0229dcbf0015 d9949a3886b94522933392f3b7c5d2c3 caf4c065f9414a01b9e06ee8ba75c5ce - - default default] 10.0.0.216 "GET /v2.0/security-groups?tenant_id=712cd5a743644b8a957a9b1fccd620ee&name=default HTTP/1.1" status: 200 len: 3000 time: 0.2967875
2026-04-28 23:34:13.202 9 INFO neutron.wsgi [None req-b723d0e2-7a18-4aef-8ea2-776eb01669b7 d9949a3886b94522933392f3b7c5d2c3 caf4c065f9414a01b9e06ee8ba75c5ce - - default default] 10.0.0.216 "DELETE /v2.0/security-groups/e7bf1444-b075-4899-97e5-0daca6e85b38 HTTP/1.1" status: 204 len: 168 time: 0.1702363
2026-04-28 23:34:13.355 10 INFO neutron.wsgi [None req-ec65557f-fa00-4ec2-b3b7-dc3c3e8c8831 d9949a3886b94522933392f3b7c5d2c3 caf4c065f9414a01b9e06ee8ba75c5ce - - default default] 10.0.0.216 "GET /v2.0/security-groups?tenant_id=d030135fd8a944b39b43ebaf8bccca9f&name=default HTTP/1.1" status: 200 len: 3000 time: 0.0335832
2026-04-28 23:34:13.526 10 INFO neutron.wsgi [None req-e181d3b4-7587-4834-a4e6-1ad12e6ce65f d9949a3886b94522933392f3b7c5d2c3 caf4c065f9414a01b9e06ee8ba75c5ce - - default default] 10.0.0.216 "DELETE /v2.0/security-groups/22aeb652-78d6-430c-98bb-5e5d3729f0cb HTTP/1.1" status: 204 len: 168 time: 0.1636858
2026-04-28 23:34:13.995 10 INFO neutron.wsgi [req-15e8ac73-1166-49ea-ab9b-4add40a2e96b req-c05914f6-88d2-47cc-9774-f9d68837f0a9 b564d173c95c4fcfbd1ac2095754c325 c19f6fea06174e1f8a5de22cc378066e - - f03097fe19c54228bef42d7301077843 f03097fe19c54228bef42d7301077843] 199.204.45.3 "GET /v2.0/ports?device_id=f2694942-d2c7-4bff-92a4-8cf5d1a83f4a&fields=binding%3Ahost_id&fields=binding%3Avif_type HTTP/1.1" status: 200 len: 265 time: 0.0805180
2026-04-28 23:34:14.067 10 INFO neutron.wsgi [req-15e8ac73-1166-49ea-ab9b-4add40a2e96b req-a4f02309-9616-4e5d-84ff-736955fa6607 b564d173c95c4fcfbd1ac2095754c325 c19f6fea06174e1f8a5de22cc378066e - - f03097fe19c54228bef42d7301077843 f03097fe19c54228bef42d7301077843] 199.204.45.3 "GET /v2.0/ports?tenant_id=481e0250e3a94b41980fb2e9af1f6ff6&device_id=f2694942-d2c7-4bff-92a4-8cf5d1a83f4a HTTP/1.1" status: 200 len: 1413 time: 0.0315096
2026-04-28 23:34:14.144 10 INFO neutron.wsgi [req-15e8ac73-1166-49ea-ab9b-4add40a2e96b req-1b7d50ba-397f-4426-abf6-3517bfa93aed b564d173c95c4fcfbd1ac2095754c325 c19f6fea06174e1f8a5de22cc378066e - - f03097fe19c54228bef42d7301077843 f03097fe19c54228bef42d7301077843] 199.204.45.3 "GET /v2.0/networks?id=fe31aa92-42f6-4408-88e8-d022e4fd14e8 HTTP/1.1" status: 200 len: 958 time: 0.0573421
2026-04-28 23:34:14.191 10 INFO neutron.wsgi [req-15e8ac73-1166-49ea-ab9b-4add40a2e96b req-71e35467-0492-46f0-8d89-8b18e751b36e b564d173c95c4fcfbd1ac2095754c325 c19f6fea06174e1f8a5de22cc378066e - - f03097fe19c54228bef42d7301077843 f03097fe19c54228bef42d7301077843] 199.204.45.3 "GET /v2.0/floatingips?fixed_ip_address=10.100.0.10&port_id=d3bd93a6-821d-430d-8fc9-4e42273aa661 HTTP/1.1" status: 200 len: 1060 time: 0.0427835
2026-04-28 23:34:14.252 10 INFO neutron.wsgi [req-15e8ac73-1166-49ea-ab9b-4add40a2e96b req-fe6fb479-2e83-4e72-8252-f33531fe9a20 b564d173c95c4fcfbd1ac2095754c325 c19f6fea06174e1f8a5de22cc378066e - - f03097fe19c54228bef42d7301077843 f03097fe19c54228bef42d7301077843] 199.204.45.3 "GET /v2.0/subnets?id=18b6d87d-9b74-4bc6-9bec-a5d5b1c002c0 HTTP/1.1" status: 200 len: 853 time: 0.0571721
2026-04-28 23:34:14.293 10 INFO neutron.wsgi [req-15e8ac73-1166-49ea-ab9b-4add40a2e96b req-338059ef-e8c4-4e52-9396-49e09344f59f b564d173c95c4fcfbd1ac2095754c325 c19f6fea06174e1f8a5de22cc378066e - - f03097fe19c54228bef42d7301077843 f03097fe19c54228bef42d7301077843] 199.204.45.3 "GET /v2.0/ports?network_id=fe31aa92-42f6-4408-88e8-d022e4fd14e8&device_owner=network%3Adhcp HTTP/1.1" status: 200 len: 210 time: 0.0360713
2026-04-28 23:34:14.356 10 INFO neutron.wsgi [req-15e8ac73-1166-49ea-ab9b-4add40a2e96b req-0753c2a1-59fd-417b-b807-7ab9edd904b9 b564d173c95c4fcfbd1ac2095754c325 c19f6fea06174e1f8a5de22cc378066e - - f03097fe19c54228bef42d7301077843 f03097fe19c54228bef42d7301077843] 199.204.45.3 "GET /v2.0/networks/fe31aa92-42f6-4408-88e8-d022e4fd14e8?fields=segments HTTP/1.1" status: 200 len: 212 time: 0.0586414
2026-04-28 23:34:14.417 10 INFO neutron.wsgi [req-15e8ac73-1166-49ea-ab9b-4add40a2e96b req-c7f0871b-bd89-49ba-9c83-600868bbbc77 b564d173c95c4fcfbd1ac2095754c325 c19f6fea06174e1f8a5de22cc378066e - - f03097fe19c54228bef42d7301077843 f03097fe19c54228bef42d7301077843] 199.204.45.3 "GET /v2.0/networks/fe31aa92-42f6-4408-88e8-d022e4fd14e8?fields=provider%3Aphysical_network&fields=provider%3Anetwork_type HTTP/1.1" status: 200 len: 277 time: 0.0560963
2026-04-28 23:34:20.013 9 INFO neutron.wsgi [req-1aa329c9-1100-4ff7-88bc-78331a554db8 req-d53d8990-8de0-4bdd-a343-eb3bcfecbed6 b564d173c95c4fcfbd1ac2095754c325 c19f6fea06174e1f8a5de22cc378066e - - f03097fe19c54228bef42d7301077843 f03097fe19c54228bef42d7301077843] 10.0.0.176 "GET /v2.0/ports?device_id=f2694942-d2c7-4bff-92a4-8cf5d1a83f4a HTTP/1.1" status: 200 len: 1413 time: 0.0378618
2026-04-28 23:34:20.057 9 INFO neutron.wsgi [req-1aa329c9-1100-4ff7-88bc-78331a554db8 req-1f23fd93-b8de-4c2d-97ac-ee73013f6c65 b564d173c95c4fcfbd1ac2095754c325 c19f6fea06174e1f8a5de22cc378066e - - f03097fe19c54228bef42d7301077843 f03097fe19c54228bef42d7301077843] 10.0.0.176 "GET /v2.0/security-groups?id=8f6a4119-8fd5-4686-8831-9ded16ce0713&fields=id&fields=name HTTP/1.1" status: 200 len: 313 time: 0.0369973
2026-04-28 23:34:22.490 10 INFO neutron.db.ovn_revision_numbers_db [None req-1ffabd5b-19d8-4f7d-b4ad-93c9e81964d1 f14177d8dcd7483fabaddf177c0ee9e4 154bf7c10653412e9c5a99e5a1d1c583 - - default default] Successfully bumped revision number for resource 4c057890-c347-44df-9620-4aaa8c5d11c7 (type: security_groups) to 1
2026-04-28 23:34:22.502 10 INFO neutron.db.ovn_revision_numbers_db [None req-1ffabd5b-19d8-4f7d-b4ad-93c9e81964d1 f14177d8dcd7483fabaddf177c0ee9e4 154bf7c10653412e9c5a99e5a1d1c583 - - default default] Successfully bumped revision number for resource 5ec1b488-cc34-4d3d-b549-394e6620e021 (type: security_group_rules) to 0
2026-04-28 23:34:22.513 10 INFO neutron.db.ovn_revision_numbers_db [None req-1ffabd5b-19d8-4f7d-b4ad-93c9e81964d1 f14177d8dcd7483fabaddf177c0ee9e4 154bf7c10653412e9c5a99e5a1d1c583 - - default default] Successfully bumped revision number for resource cc90f975-b307-4a2b-980b-eaf1d130f6bf (type: security_group_rules) to 0
2026-04-28 23:34:22.528 10 INFO neutron.db.ovn_revision_numbers_db [None req-1ffabd5b-19d8-4f7d-b4ad-93c9e81964d1 f14177d8dcd7483fabaddf177c0ee9e4 154bf7c10653412e9c5a99e5a1d1c583 - - default default] Successfully bumped revision number for resource f13439d8-c912-4dc4-a8db-15faea8d78c0 (type: security_group_rules) to 0
2026-04-28 23:34:22.541 10 INFO neutron.db.ovn_revision_numbers_db [None req-1ffabd5b-19d8-4f7d-b4ad-93c9e81964d1 f14177d8dcd7483fabaddf177c0ee9e4 154bf7c10653412e9c5a99e5a1d1c583 - - default default] Successfully bumped revision number for resource f4b95802-ff26-4a3c-8729-ba1d76bb0a2d (type: security_group_rules) to 0
2026-04-28 23:34:22.589 10 INFO neutron.db.segments_db [None req-1ffabd5b-19d8-4f7d-b4ad-93c9e81964d1 f14177d8dcd7483fabaddf177c0ee9e4 154bf7c10653412e9c5a99e5a1d1c583 - - default default] Added segment 1cf27cd5-8650-497b-923d-61bd564a4541 of type geneve for network 00ff68a0-4f25-450d-9fd0-7f1451f14bb4
2026-04-28 23:34:22.725 10 INFO neutron.db.ovn_revision_numbers_db [None req-1ffabd5b-19d8-4f7d-b4ad-93c9e81964d1 f14177d8dcd7483fabaddf177c0ee9e4 154bf7c10653412e9c5a99e5a1d1c583 - - default default] Successfully bumped revision number for resource 00ff68a0-4f25-450d-9fd0-7f1451f14bb4 (type: networks) to 1
2026-04-28 23:34:22.848 10 INFO neutron.wsgi [None req-3dcb6c9e-1102-4f97-9986-2eda02139e77 4fe370cb685a439ba338600ad1815c4c b6cbf50415d24dd6ae51ba2a5b57ad65 - - default default] 10.0.0.216 "GET /v2.0/ports?project_id=481e0250e3a94b41980fb2e9af1f6ff6&network_id=fe31aa92-42f6-4408-88e8-d022e4fd14e8 HTTP/1.1" status: 200 len: 3514 time: 0.0536854
2026-04-28 23:34:22.923 10 WARNING neutron.scheduler.dhcp_agent_scheduler [None req-1ffabd5b-19d8-4f7d-b4ad-93c9e81964d1 f14177d8dcd7483fabaddf177c0ee9e4 154bf7c10653412e9c5a99e5a1d1c583 - - default default] No more DHCP agents
2026-04-28 23:34:22.927 10 WARNING neutron.api.rpc.agentnotifiers.dhcp_rpc_agent_api [None req-1ffabd5b-19d8-4f7d-b4ad-93c9e81964d1 f14177d8dcd7483fabaddf177c0ee9e4 154bf7c10653412e9c5a99e5a1d1c583 - - default default] Unable to schedule network 00ff68a0-4f25-450d-9fd0-7f1451f14bb4: no agents available; will retry on subsequent port and subnet creation events.
2026-04-28 23:34:22.995 10 INFO neutron.db.ovn_revision_numbers_db [None req-1ffabd5b-19d8-4f7d-b4ad-93c9e81964d1 f14177d8dcd7483fabaddf177c0ee9e4 154bf7c10653412e9c5a99e5a1d1c583 - - default default] Successfully bumped revision number for resource 3839b0e1-09ad-400e-b92a-4a3088648096 (type: ports) to 1
2026-04-28 23:34:23.012 10 INFO neutron.wsgi [None req-1ffabd5b-19d8-4f7d-b4ad-93c9e81964d1 f14177d8dcd7483fabaddf177c0ee9e4 154bf7c10653412e9c5a99e5a1d1c583 - - default default] 10.0.0.216 "POST /v2.0/networks HTTP/1.1" status: 201 len: 839 time: 0.8060610
2026-04-28 23:34:23.084 10 INFO neutron.wsgi [None req-b6b5a9d6-e3d5-4b49-b804-92ef44673ff5 4fe370cb685a439ba338600ad1815c4c b6cbf50415d24dd6ae51ba2a5b57ad65 - - default default] 10.0.0.216 "GET /v2.0/subnets?network_id=b62a734d-eb7d-4c80-ad9c-6ecac9e2e701 HTTP/1.1" status: 200 len: 838 time: 0.0309136
2026-04-28 23:34:23.222 10 WARNING neutron.scheduler.dhcp_agent_scheduler [None req-0b527545-75d7-436e-a314-d504e1b34a88 f14177d8dcd7483fabaddf177c0ee9e4 154bf7c10653412e9c5a99e5a1d1c583 - - default default] No more DHCP agents
2026-04-28 23:34:23.225 10 WARNING neutron.api.rpc.agentnotifiers.dhcp_rpc_agent_api [None req-0b527545-75d7-436e-a314-d504e1b34a88 f14177d8dcd7483fabaddf177c0ee9e4 154bf7c10653412e9c5a99e5a1d1c583 - - default default] Unable to schedule network 00ff68a0-4f25-450d-9fd0-7f1451f14bb4: no agents available; will retry on subsequent port and subnet creation events.
2026-04-28 23:34:23.398 9 INFO neutron.db.l3_db [None req-6e0aa306-1e27-4511-8c1d-43ed2beeebb9 56d5f59461724386867fb008e4f89354 481e0250e3a94b41980fb2e9af1f6ff6 - - default default] Floating IP cb912f29-cad7-47d0-a17a-ca19051165f5 disassociated. External IP: 10.96.250.219, port: d3bd93a6-821d-430d-8fc9-4e42273aa661.
2026-04-28 23:34:23.433 9 INFO neutron.db.ovn_revision_numbers_db [None req-6e0aa306-1e27-4511-8c1d-43ed2beeebb9 56d5f59461724386867fb008e4f89354 481e0250e3a94b41980fb2e9af1f6ff6 - - default default] Successfully bumped revision number for resource cb912f29-cad7-47d0-a17a-ca19051165f5 (type: floatingips) to 2
2026-04-28 23:34:23.501 9 INFO neutron.wsgi [None req-6e0aa306-1e27-4511-8c1d-43ed2beeebb9 56d5f59461724386867fb008e4f89354 481e0250e3a94b41980fb2e9af1f6ff6 - - default default] 10.0.0.216 "PUT /v2.0/floatingips/cb912f29-cad7-47d0-a17a-ca19051165f5 HTTP/1.1" status: 200 len: 748 time: 0.2323079
2026-04-28 23:34:23.534 9 INFO neutron.notifiers.nova [-] Nova event matching ['req-cea26e1f-be03-40a2-a614-d178a86f7bbf'] response: {'name': 'network-changed', 'server_uuid': 'f2694942-d2c7-4bff-92a4-8cf5d1a83f4a', 'tag': 'd3bd93a6-821d-430d-8fc9-4e42273aa661', 'status': 'completed', 'code': 200}
2026-04-28 23:34:23.538 9 INFO neutron.wsgi [None req-4e51a0d8-686e-48e7-88f8-2b164b633e57 56d5f59461724386867fb008e4f89354 481e0250e3a94b41980fb2e9af1f6ff6 - - default default] 10.0.0.216 "GET /v2.0/floatingips/cb912f29-cad7-47d0-a17a-ca19051165f5 HTTP/1.1" status: 200 len: 746 time: 0.0309639 /var/lib/openstack/lib/python3.10/site-packages/pycadf/identifier.py:71: UserWarning: Invalid uuid: neutron. To ensure interoperability, identifiers should be a valid uuid. warnings.warn(('Invalid uuid: %s. To ensure interoperability, '
2026-04-28 23:34:23.604 10 INFO neutron.wsgi [req-9368144d-829b-45cb-ab89-61ea3af2d353 req-1e48774b-890a-4d5a-8ebd-20f93424cfc1 b564d173c95c4fcfbd1ac2095754c325 c19f6fea06174e1f8a5de22cc378066e - - f03097fe19c54228bef42d7301077843 f03097fe19c54228bef42d7301077843] 199.204.45.3 "GET /v2.0/ports?tenant_id=481e0250e3a94b41980fb2e9af1f6ff6&device_id=f2694942-d2c7-4bff-92a4-8cf5d1a83f4a HTTP/1.1" status: 200 len: 1413 time: 0.0436535
2026-04-28 23:34:23.682 10 INFO neutron.wsgi [req-9368144d-829b-45cb-ab89-61ea3af2d353 req-1702757e-f950-4c6f-9bee-66dd2ff34565 b564d173c95c4fcfbd1ac2095754c325 c19f6fea06174e1f8a5de22cc378066e - - f03097fe19c54228bef42d7301077843 f03097fe19c54228bef42d7301077843] 199.204.45.3 "GET /v2.0/networks?id=fe31aa92-42f6-4408-88e8-d022e4fd14e8 HTTP/1.1" status: 200 len: 958 time: 0.0679717
2026-04-28 23:34:23.710 10 INFO neutron.wsgi [req-9368144d-829b-45cb-ab89-61ea3af2d353 req-900b6ff0-d762-4295-b1e3-6d7c584b63f4 b564d173c95c4fcfbd1ac2095754c325 c19f6fea06174e1f8a5de22cc378066e - - f03097fe19c54228bef42d7301077843 f03097fe19c54228bef42d7301077843] 199.204.45.3 "GET /v2.0/floatingips?fixed_ip_address=10.100.0.10&port_id=d3bd93a6-821d-430d-8fc9-4e42273aa661 HTTP/1.1" status: 200 len: 217 time: 0.0238016
2026-04-28 23:34:23.759 10 INFO neutron.wsgi [req-9368144d-829b-45cb-ab89-61ea3af2d353 req-94448025-fc6e-4e12-8986-20fca5a97d9b b564d173c95c4fcfbd1ac2095754c325 c19f6fea06174e1f8a5de22cc378066e - - f03097fe19c54228bef42d7301077843 f03097fe19c54228bef42d7301077843] 199.204.45.3 "GET /v2.0/subnets?id=18b6d87d-9b74-4bc6-9bec-a5d5b1c002c0 HTTP/1.1" status: 200 len: 853 time: 0.0432646
2026-04-28 23:34:23.774 10 INFO neutron.db.ovn_revision_numbers_db [None req-0b527545-75d7-436e-a314-d504e1b34a88 f14177d8dcd7483fabaddf177c0ee9e4 154bf7c10653412e9c5a99e5a1d1c583 - - default default] Successfully bumped revision number for resource 3839b0e1-09ad-400e-b92a-4a3088648096 (type: ports) to 2
2026-04-28 23:34:23.785 10 INFO neutron.wsgi [req-9368144d-829b-45cb-ab89-61ea3af2d353 req-7bee2154-4190-44cb-bdb6-6738cc1cd7ac b564d173c95c4fcfbd1ac2095754c325 c19f6fea06174e1f8a5de22cc378066e - - f03097fe19c54228bef42d7301077843 f03097fe19c54228bef42d7301077843] 199.204.45.3 "GET /v2.0/ports?network_id=fe31aa92-42f6-4408-88e8-d022e4fd14e8&device_owner=network%3Adhcp HTTP/1.1" status: 200 len: 210 time: 0.0208206
2026-04-28 23:34:23.830 10 INFO neutron.db.ovn_revision_numbers_db [None req-0b527545-75d7-436e-a314-d504e1b34a88 f14177d8dcd7483fabaddf177c0ee9e4 154bf7c10653412e9c5a99e5a1d1c583 - - default default] Successfully bumped revision number for resource 8777f4f7-a1a3-4d32-a5ed-ff43f8f502d7 (type: subnets) to 0
2026-04-28 23:34:23.849 10 INFO neutron.wsgi [None req-0b527545-75d7-436e-a314-d504e1b34a88 f14177d8dcd7483fabaddf177c0ee9e4 154bf7c10653412e9c5a99e5a1d1c583 - - default default] 10.0.0.216 "POST /v2.0/subnets HTTP/1.1" status: 201 len: 833 time: 0.8314958
2026-04-28 23:34:23.856 10 INFO neutron.wsgi [req-9368144d-829b-45cb-ab89-61ea3af2d353 req-e8b86dbf-3ab5-4d2d-aff1-aec87378b4f3 b564d173c95c4fcfbd1ac2095754c325 c19f6fea06174e1f8a5de22cc378066e - - f03097fe19c54228bef42d7301077843 f03097fe19c54228bef42d7301077843] 199.204.45.3 "GET /v2.0/networks/fe31aa92-42f6-4408-88e8-d022e4fd14e8?fields=segments HTTP/1.1" status: 200 len: 212 time: 0.0638766
2026-04-28 23:34:23.912 9 INFO neutron.wsgi [None req-faa7baea-3747-4227-bfd4-7971c13acf57 7302175b15314e2f8d5f35a98446ed3a 97a5ac7d0a10432b85fd1fbb226b9e78 - - default default] 10.0.0.216 "GET /v2.0/subnetpools?name=shared-default-subnetpool-v6 HTTP/1.1" status: 200 len: 212 time: 0.0549359
2026-04-28 23:34:23.917 10 INFO neutron.wsgi [req-9368144d-829b-45cb-ab89-61ea3af2d353 req-bfa54337-9736-474f-9ece-ed18d3e39cd8 b564d173c95c4fcfbd1ac2095754c325 c19f6fea06174e1f8a5de22cc378066e - - f03097fe19c54228bef42d7301077843 f03097fe19c54228bef42d7301077843] 199.204.45.3 "GET /v2.0/networks/fe31aa92-42f6-4408-88e8-d022e4fd14e8?fields=provider%3Aphysical_network&fields=provider%3Anetwork_type HTTP/1.1" status: 200 len: 277 time: 0.0542691
2026-04-28 23:34:24.185 9 WARNING neutron.scheduler.dhcp_agent_scheduler [None req-4e264425-39e5-45ca-9f7b-75d5f22d48c0 f14177d8dcd7483fabaddf177c0ee9e4 154bf7c10653412e9c5a99e5a1d1c583 - - default default] No more DHCP agents
