2026-04-28 23:33:52.980 10 INFO neutron.db.ovn_revision_numbers_db [None req-b9fd7006-a5f5-41d2-8c45-6f8adaa8374a d9949a3886b94522933392f3b7c5d2c3 caf4c065f9414a01b9e06ee8ba75c5ce - - default default] Successfully bumped revision number for resource 214b79b9-d3f4-40bd-8a80-9e141f3544ed (type: security_group_rules) to 0
2026-04-28 23:33:52.991 10 INFO neutron.db.ovn_revision_numbers_db [None req-b9fd7006-a5f5-41d2-8c45-6f8adaa8374a d9949a3886b94522933392f3b7c5d2c3 caf4c065f9414a01b9e06ee8ba75c5ce - - default default] Successfully bumped revision number for resource 49402ab0-63b3-451d-8551-5b582240e426 (type: security_group_rules) to 0
2026-04-28 23:33:53.003 10 INFO neutron.db.ovn_revision_numbers_db [None req-b9fd7006-a5f5-41d2-8c45-6f8adaa8374a d9949a3886b94522933392f3b7c5d2c3 caf4c065f9414a01b9e06ee8ba75c5ce - - default default] Successfully bumped revision number for resource 9143e86e-91bf-439f-ba92-8f05f3373e6d (type: security_group_rules) to 0
2026-04-28 23:33:53.015 10 INFO neutron.db.ovn_revision_numbers_db [None req-b9fd7006-a5f5-41d2-8c45-6f8adaa8374a d9949a3886b94522933392f3b7c5d2c3 caf4c065f9414a01b9e06ee8ba75c5ce - - default default] Successfully bumped revision number for resource 9fa86f79-f01a-4697-a6ee-72327268e2d9 (type: security_group_rules) to 0
2026-04-28 23:33:53.036 10 INFO neutron.wsgi [None req-b9fd7006-a5f5-41d2-8c45-6f8adaa8374a d9949a3886b94522933392f3b7c5d2c3 caf4c065f9414a01b9e06ee8ba75c5ce - - default default] 10.0.0.216 "GET /v2.0/security-groups?tenant_id=5a90a0f8efd347638c8415dbbc4db775&name=default HTTP/1.1" status: 200 len: 3000 time: 0.2647417
2026-04-28 23:33:53.205 10 INFO neutron.wsgi [None req-b913e613-06f5-42d5-8393-6c0e6e4ce21b d9949a3886b94522933392f3b7c5d2c3 caf4c065f9414a01b9e06ee8ba75c5ce - - default default] 10.0.0.216 "DELETE /v2.0/security-groups/e077692c-e15c-47c0-845a-007fd97e6f39 HTTP/1.1" status: 204 len: 168 time: 0.1647048
2026-04-28 23:33:54.659 10 INFO neutron.wsgi [-] 10.0.0.244 "GET / HTTP/1.1" status: 200 len: 246 time: 0.0025620
2026-04-28 23:33:54.659 9 INFO neutron.wsgi [-] 10.0.0.244 "GET / HTTP/1.1" status: 200 len: 246 time: 0.0027614
2026-04-28 23:33:55.342 10 INFO neutron.db.ovn_revision_numbers_db [None req-1555b4bc-6a5c-4121-bcb8-3cf69aa9ace9 3a92336511e14adba6d54a4d047c30b0 10a45dcd00364bb4aa2408648f185904 - - default default] Successfully bumped revision number for resource 29a180f6-7786-44bb-89bd-9c482e37e4f2 (type: security_groups) to 1
2026-04-28 23:33:55.355 10 INFO neutron.db.ovn_revision_numbers_db [None req-1555b4bc-6a5c-4121-bcb8-3cf69aa9ace9 3a92336511e14adba6d54a4d047c30b0 10a45dcd00364bb4aa2408648f185904 - - default default] Successfully bumped revision number for resource 0150b4b8-3db6-4cda-80b9-c8440d478dec (type: security_group_rules) to 0
2026-04-28 23:33:55.367 10 INFO neutron.db.ovn_revision_numbers_db [None req-1555b4bc-6a5c-4121-bcb8-3cf69aa9ace9 3a92336511e14adba6d54a4d047c30b0 10a45dcd00364bb4aa2408648f185904 - - default default] Successfully bumped revision number for resource 32f60906-c485-4ef2-89bc-ea2db7b6f2aa (type: security_group_rules) to 0
2026-04-28 23:33:55.379 10 INFO neutron.db.ovn_revision_numbers_db [None req-1555b4bc-6a5c-4121-bcb8-3cf69aa9ace9 3a92336511e14adba6d54a4d047c30b0 10a45dcd00364bb4aa2408648f185904 - - default default] Successfully bumped revision number for resource 4cf4da46-d06a-4b3d-bb4a-2d5ae7d403e6 (type: security_group_rules) to 0
2026-04-28 23:33:55.391 10 INFO neutron.db.ovn_revision_numbers_db [None req-1555b4bc-6a5c-4121-bcb8-3cf69aa9ace9 3a92336511e14adba6d54a4d047c30b0 10a45dcd00364bb4aa2408648f185904 - - default default] Successfully bumped revision number for resource a1a1123a-0fd3-43b7-8fe7-aff078c63605 (type: security_group_rules) to 0
2026-04-28 23:33:55.440 10 INFO neutron.db.segments_db [None req-1555b4bc-6a5c-4121-bcb8-3cf69aa9ace9 3a92336511e14adba6d54a4d047c30b0 10a45dcd00364bb4aa2408648f185904 - - default default] Added segment af7174cf-3e08-4af0-bf70-d038f55c6dbf of type geneve for network 174ae4c8-9ca0-474e-bbcb-2ef72beb5f33
2026-04-28 23:33:55.778 10 INFO neutron.db.ovn_revision_numbers_db [None req-1555b4bc-6a5c-4121-bcb8-3cf69aa9ace9 3a92336511e14adba6d54a4d047c30b0 10a45dcd00364bb4aa2408648f185904 - - default default] Successfully bumped revision number for resource 174ae4c8-9ca0-474e-bbcb-2ef72beb5f33 (type: networks) to 1
2026-04-28 23:33:55.937 10 WARNING neutron.scheduler.dhcp_agent_scheduler [None req-1555b4bc-6a5c-4121-bcb8-3cf69aa9ace9 3a92336511e14adba6d54a4d047c30b0 10a45dcd00364bb4aa2408648f185904 - - default default] No more DHCP agents
2026-04-28 23:33:55.939 10 WARNING neutron.api.rpc.agentnotifiers.dhcp_rpc_agent_api [None req-1555b4bc-6a5c-4121-bcb8-3cf69aa9ace9 3a92336511e14adba6d54a4d047c30b0 10a45dcd00364bb4aa2408648f185904 - - default default] Unable to schedule network 174ae4c8-9ca0-474e-bbcb-2ef72beb5f33: no agents available; will retry on subsequent port and subnet creation events.
2026-04-28 23:33:56.046 10 INFO neutron.db.ovn_revision_numbers_db [None req-1555b4bc-6a5c-4121-bcb8-3cf69aa9ace9 3a92336511e14adba6d54a4d047c30b0 10a45dcd00364bb4aa2408648f185904 - - default default] Successfully bumped revision number for resource 32b55702-ee9a-4b65-b20a-f297797ec964 (type: ports) to 1
2026-04-28 23:33:56.072 10 INFO neutron.wsgi [None req-1555b4bc-6a5c-4121-bcb8-3cf69aa9ace9 3a92336511e14adba6d54a4d047c30b0 10a45dcd00364bb4aa2408648f185904 - - default default] 10.0.0.216 "POST /v2.0/networks HTTP/1.1" status: 201 len: 831 time: 0.9543834
2026-04-28 23:33:56.351 10 WARNING neutron.scheduler.dhcp_agent_scheduler [None req-ac7361f0-90cc-4022-91b0-b041e002d6d8 3a92336511e14adba6d54a4d047c30b0 10a45dcd00364bb4aa2408648f185904 - - default default] No more DHCP agents
2026-04-28 23:33:56.354 10 WARNING neutron.api.rpc.agentnotifiers.dhcp_rpc_agent_api [None req-ac7361f0-90cc-4022-91b0-b041e002d6d8 3a92336511e14adba6d54a4d047c30b0 10a45dcd00364bb4aa2408648f185904 - - default default] Unable to schedule network 174ae4c8-9ca0-474e-bbcb-2ef72beb5f33: no agents available; will retry on subsequent port and subnet creation events.
2026-04-28 23:33:56.405 10 INFO neutron.db.ovn_revision_numbers_db [None req-f107f88c-c1e3-4041-b91e-252de34633d8 56d5f59461724386867fb008e4f89354 481e0250e3a94b41980fb2e9af1f6ff6 - - default default] Successfully bumped revision number for resource 8f5a6bd0-7fb0-46b1-8819-89c5488b5de5 (type: security_groups) to 1
2026-04-28 23:33:56.425 10 INFO neutron.db.ovn_revision_numbers_db [None req-f107f88c-c1e3-4041-b91e-252de34633d8 56d5f59461724386867fb008e4f89354 481e0250e3a94b41980fb2e9af1f6ff6 - - default default] Successfully bumped revision number for resource 045516c0-1925-4164-83e2-643d299420a7 (type: security_group_rules) to 0
2026-04-28 23:33:56.447 10 INFO neutron.db.ovn_revision_numbers_db [None req-f107f88c-c1e3-4041-b91e-252de34633d8 56d5f59461724386867fb008e4f89354 481e0250e3a94b41980fb2e9af1f6ff6 - - default default] Successfully bumped revision number for resource 89450f8c-2592-4ec3-8192-413705e9a9b8 (type: security_group_rules) to 0
2026-04-28 23:33:56.453 10 INFO neutron.db.ovn_revision_numbers_db [None req-ac7361f0-90cc-4022-91b0-b041e002d6d8 3a92336511e14adba6d54a4d047c30b0 10a45dcd00364bb4aa2408648f185904 - - default default] Successfully bumped revision number for resource c523b3a9-067a-4241-8137-f2b9abc9e0f2 (type: ports) to 1
2026-04-28 23:33:56.463 10 INFO neutron.db.ovn_revision_numbers_db [None req-f107f88c-c1e3-4041-b91e-252de34633d8 56d5f59461724386867fb008e4f89354 481e0250e3a94b41980fb2e9af1f6ff6 - - default default] Successfully bumped revision number for resource 955e09d8-78bb-4351-a91e-f7e913eb6407 (type: security_group_rules) to 0
2026-04-28 23:33:56.480 10 INFO neutron.db.ovn_revision_numbers_db [None req-f107f88c-c1e3-4041-b91e-252de34633d8 56d5f59461724386867fb008e4f89354 481e0250e3a94b41980fb2e9af1f6ff6 - - default default] Successfully bumped revision number for resource c6772c51-1a2a-43e7-8c75-f25b45967487 (type: security_group_rules) to 0
2026-04-28 23:33:56.494 10 INFO neutron.wsgi [None req-ac7361f0-90cc-4022-91b0-b041e002d6d8 3a92336511e14adba6d54a4d047c30b0 10a45dcd00364bb4aa2408648f185904 - - default default] 10.0.0.216 "POST /v2.0/ports HTTP/1.1" status: 201 len: 942 time: 0.4168270
2026-04-28 23:33:56.534 10 INFO neutron.db.segments_db [None req-f107f88c-c1e3-4041-b91e-252de34633d8 56d5f59461724386867fb008e4f89354 481e0250e3a94b41980fb2e9af1f6ff6 - - default default] Added segment 3e59c237-9b80-4402-8d1a-1a3a8c872eca of type geneve for network fe31aa92-42f6-4408-88e8-d022e4fd14e8
2026-04-28 23:33:56.553 9 INFO neutron.wsgi [None req-c8cf1683-1bb2-4750-bdda-83b043f6f310 3a92336511e14adba6d54a4d047c30b0 10a45dcd00364bb4aa2408648f185904 - - default default] 10.0.0.216 "PUT /v2.0/ports/c523b3a9-067a-4241-8137-f2b9abc9e0f2/tags HTTP/1.1" status: 200 len: 218 time: 0.0507398
2026-04-28 23:33:56.586 9 INFO neutron.wsgi [None req-0ce79a6c-4e6d-436c-8536-4c34809b2053 3a92336511e14adba6d54a4d047c30b0 10a45dcd00364bb4aa2408648f185904 - - default default] 10.0.0.216 "GET /v2.0/ports/c523b3a9-067a-4241-8137-f2b9abc9e0f2/tags HTTP/1.1" status: 200 len: 218 time: 0.0282719
2026-04-28 23:33:56.635 9 INFO neutron.wsgi [None req-2bb4cf34-46c0-4084-8e7b-e1295f5ddbf0 3a92336511e14adba6d54a4d047c30b0 10a45dcd00364bb4aa2408648f185904 - - default default] 10.0.0.216 "PUT /v2.0/ports/c523b3a9-067a-4241-8137-f2b9abc9e0f2/tags/green HTTP/1.1" status: 201 len: 201 time: 0.0452969
2026-04-28 23:33:56.671 10 INFO neutron.db.ovn_revision_numbers_db [None req-f107f88c-c1e3-4041-b91e-252de34633d8 56d5f59461724386867fb008e4f89354 481e0250e3a94b41980fb2e9af1f6ff6 - - default default] Successfully bumped revision number for resource fe31aa92-42f6-4408-88e8-d022e4fd14e8 (type: networks) to 1
2026-04-28 23:33:56.672 9 INFO neutron.wsgi [None req-349c5a7e-83da-423c-ac3b-41940d8fbcba 3a92336511e14adba6d54a4d047c30b0 10a45dcd00364bb4aa2408648f185904 - - default default] 10.0.0.216 "GET /v2.0/ports/c523b3a9-067a-4241-8137-f2b9abc9e0f2/tags HTTP/1.1" status: 200 len: 227 time: 0.0306230
2026-04-28 23:33:56.713 9 INFO neutron.wsgi [None req-54d407d5-83d3-4d31-85f9-5b052b26ed16 3a92336511e14adba6d54a4d047c30b0 10a45dcd00364bb4aa2408648f185904 - - default default] 10.0.0.216 "PUT /v2.0/ports/c523b3a9-067a-4241-8137-f2b9abc9e0f2/tags/red HTTP/1.1" status: 201 len: 201 time: 0.0322788
2026-04-28 23:33:56.749 9 INFO neutron.wsgi [None req-3c027eb2-5be8-4cc9-a505-41df92c261d9 3a92336511e14adba6d54a4d047c30b0 10a45dcd00364bb4aa2408648f185904 - - default default] 10.0.0.216 "GET /v2.0/ports/c523b3a9-067a-4241-8137-f2b9abc9e0f2/tags HTTP/1.1" status: 200 len: 227 time: 0.0290658 /var/lib/openstack/lib/python3.10/site-packages/pycadf/identifier.py:71: UserWarning: Invalid uuid: neutron. To ensure interoperability, identifiers should be a valid uuid. warnings.warn(('Invalid uuid: %s. To ensure interoperability, '
2026-04-28 23:33:56.814 10 INFO neutron.wsgi [None req-82b552ce-455a-48d6-8d36-665ec2d87bea 3a92336511e14adba6d54a4d047c30b0 10a45dcd00364bb4aa2408648f185904 - - default default] 10.0.0.216 "PUT /v2.0/ports/c523b3a9-067a-4241-8137-f2b9abc9e0f2/tags/black.or.white HTTP/1.1" status: 201 len: 201 time: 0.0586715
2026-04-28 23:33:56.866 9 INFO neutron.wsgi [None req-2337546f-87e1-4e7e-aba9-cf6cec310931 3a92336511e14adba6d54a4d047c30b0 10a45dcd00364bb4aa2408648f185904 - - default default] 10.0.0.216 "GET /v2.0/ports/c523b3a9-067a-4241-8137-f2b9abc9e0f2/tags HTTP/1.1" status: 200 len: 245 time: 0.0342014
2026-04-28 23:33:56.896 10 WARNING neutron.scheduler.dhcp_agent_scheduler [None req-f107f88c-c1e3-4041-b91e-252de34633d8 56d5f59461724386867fb008e4f89354 481e0250e3a94b41980fb2e9af1f6ff6 - - default default] No more DHCP agents
2026-04-28 23:33:56.898 10 WARNING neutron.api.rpc.agentnotifiers.dhcp_rpc_agent_api [None req-f107f88c-c1e3-4041-b91e-252de34633d8 56d5f59461724386867fb008e4f89354 481e0250e3a94b41980fb2e9af1f6ff6 - - default default] Unable to schedule network fe31aa92-42f6-4408-88e8-d022e4fd14e8: no agents available; will retry on subsequent port and subnet creation events.
2026-04-28 23:33:56.918 9 INFO neutron.wsgi [None req-36d45ed1-0de8-4a1e-b4ab-d0f793b90396 3a92336511e14adba6d54a4d047c30b0 10a45dcd00364bb4aa2408648f185904 - - default default] 10.0.0.216 "PUT /v2.0/ports/c523b3a9-067a-4241-8137-f2b9abc9e0f2/tags HTTP/1.1" status: 200 len: 230 time: 0.0476379
2026-04-28 23:33:56.968 9 INFO neutron.wsgi [None req-a3166d85-3d37-4bc9-93e3-d0f7b1b7dc71 3a92336511e14adba6d54a4d047c30b0 10a45dcd00364bb4aa2408648f185904 - - default default] 10.0.0.216 "GET /v2.0/ports/c523b3a9-067a-4241-8137-f2b9abc9e0f2/tags HTTP/1.1" status: 200 len: 230 time: 0.0410426
2026-04-28 23:33:56.975 10 INFO neutron.db.ovn_revision_numbers_db [None req-f107f88c-c1e3-4041-b91e-252de34633d8 56d5f59461724386867fb008e4f89354 481e0250e3a94b41980fb2e9af1f6ff6 - - default default] Successfully bumped revision number for resource a2a68c7c-9a61-4efa-b33a-9e436ce49f2c (type: ports) to 1
2026-04-28 23:33:57.001 10 INFO neutron.wsgi [None req-f107f88c-c1e3-4041-b91e-252de34633d8 56d5f59461724386867fb008e4f89354 481e0250e3a94b41980fb2e9af1f6ff6 - - default default] 10.0.0.216 "POST /v2.0/networks HTTP/1.1" status: 201 len: 832 time: 1.0423810
2026-04-28 23:33:57.004 9 INFO neutron.wsgi [None req-dbae8f88-d772-4276-96dc-b8c194040469 3a92336511e14adba6d54a4d047c30b0 10a45dcd00364bb4aa2408648f185904 - - default default] 10.0.0.216 "GET /v2.0/ports/c523b3a9-067a-4241-8137-f2b9abc9e0f2/tags/red HTTP/1.1" status: 204 len: 168 time: 0.0315826
2026-04-28 23:33:57.046 10 INFO neutron.api.v2.resource [None req-fde4266f-c00f-4d5f-8b27-235d18ea369e 3a92336511e14adba6d54a4d047c30b0 10a45dcd00364bb4aa2408648f185904 - - default default] show failed (client error): The resource could not be found.
2026-04-28 23:33:57.048 10 INFO neutron.wsgi [None req-fde4266f-c00f-4d5f-8b27-235d18ea369e 3a92336511e14adba6d54a4d047c30b0 10a45dcd00364bb4aa2408648f185904 - - default default] 10.0.0.216 "GET /v2.0/ports/c523b3a9-067a-4241-8137-f2b9abc9e0f2/tags/green HTTP/1.1" status: 404 len: 299 time: 0.0383165
2026-04-28 23:33:57.088 10 INFO neutron.wsgi [None req-89a5796a-b581-452f-b278-a88812918144 3a92336511e14adba6d54a4d047c30b0 10a45dcd00364bb4aa2408648f185904 - - default default] 10.0.0.216 "DELETE /v2.0/ports/c523b3a9-067a-4241-8137-f2b9abc9e0f2/tags/red HTTP/1.1" status: 204 len: 168 time: 0.0358927
2026-04-28 23:33:57.117 10 INFO neutron.wsgi [None req-e5e5a084-4eda-4b06-9c07-e258db379ef7 3a92336511e14adba6d54a4d047c30b0 10a45dcd00364bb4aa2408648f185904 - - default default] 10.0.0.216 "GET /v2.0/ports/c523b3a9-067a-4241-8137-f2b9abc9e0f2/tags HTTP/1.1" status: 200 len: 223 time: 0.0262177
2026-04-28 23:33:57.148 10 INFO neutron.api.v2.resource [None req-73674e86-9d96-47d5-a5f5-efdccd121019 3a92336511e14adba6d54a4d047c30b0 10a45dcd00364bb4aa2408648f185904 - - default default] delete failed (client error): The resource could not be found.
2026-04-28 23:33:57.150 10 INFO neutron.wsgi [None req-73674e86-9d96-47d5-a5f5-efdccd121019 3a92336511e14adba6d54a4d047c30b0 10a45dcd00364bb4aa2408648f185904 - - default default] 10.0.0.216 "DELETE /v2.0/ports/c523b3a9-067a-4241-8137-f2b9abc9e0f2/tags/green HTTP/1.1" status: 404 len: 299 time: 0.0286944
2026-04-28 23:33:57.194 10 INFO neutron.wsgi [None req-687a7c50-f5c8-41b8-99ec-f67933c9340b 3a92336511e14adba6d54a4d047c30b0 10a45dcd00364bb4aa2408648f185904 - - default default] 10.0.0.216 "DELETE /v2.0/ports/c523b3a9-067a-4241-8137-f2b9abc9e0f2/tags HTTP/1.1" status: 204 len: 168 time: 0.0404115
2026-04-28 23:33:57.226 10 INFO neutron.wsgi [None req-8ca98ae9-7589-4561-9131-7424d5a4ee7a 3a92336511e14adba6d54a4d047c30b0 10a45dcd00364bb4aa2408648f185904 - - default default] 10.0.0.216 "GET /v2.0/ports/c523b3a9-067a-4241-8137-f2b9abc9e0f2/tags HTTP/1.1" status: 200 len: 205 time: 0.0285974
2026-04-28 23:33:57.481 10 INFO neutron.wsgi [None req-0201b9a6-33bc-4c86-bda3-7d6adcd89a0b 3a92336511e14adba6d54a4d047c30b0 10a45dcd00364bb4aa2408648f185904 - - default default] 10.0.0.216 "DELETE /v2.0/ports/c523b3a9-067a-4241-8137-f2b9abc9e0f2 HTTP/1.1" status: 204 len: 168 time: 0.2456584
2026-04-28 23:33:57.523 9 WARNING neutron.scheduler.dhcp_agent_scheduler [None req-2fc6d277-a479-4691-a170-e94d68f7aa7a 56d5f59461724386867fb008e4f89354 481e0250e3a94b41980fb2e9af1f6ff6 - - default default] No more DHCP agents
2026-04-28 23:33:57.526 9 WARNING neutron.api.rpc.agentnotifiers.dhcp_rpc_agent_api [None req-2fc6d277-a479-4691-a170-e94d68f7aa7a 56d5f59461724386867fb008e4f89354 481e0250e3a94b41980fb2e9af1f6ff6 - - default default] Unable to schedule network b62a734d-eb7d-4c80-ad9c-6ecac9e2e701: no agents available; will retry on subsequent port and subnet creation events.
2026-04-28 23:33:57.700 9 INFO neutron.db.ovn_revision_numbers_db [None req-2fc6d277-a479-4691-a170-e94d68f7aa7a 56d5f59461724386867fb008e4f89354 481e0250e3a94b41980fb2e9af1f6ff6 - - default default] Successfully bumped revision number for resource e15d8428-1fd8-42b2-bc58-7e9bff4d5cbd (type: ports) to 1
2026-04-28 23:33:57.853 10 INFO neutron.services.segments.plugin [-] Segment af7174cf-3e08-4af0-bf70-d038f55c6dbf resource provider aggregate not found
2026-04-28 23:33:57.859 10 INFO neutron.services.segments.plugin [-] Segment af7174cf-3e08-4af0-bf70-d038f55c6dbf resource provider aggregate not found
2026-04-28 23:33:57.877 10 INFO neutron.services.segments.plugin [-] Segment af7174cf-3e08-4af0-bf70-d038f55c6dbf resource provider not found; error: Placement Client Error (4xx): {"errors": [{"status": 404, "title": "Not Found", "detail": "The resource could not be found.\n\n No resource provider with uuid af7174cf-3e08-4af0-bf70-d038f55c6dbf found for delete ", "request_id": "req-e2672cbb-7e9a-4cae-80b7-09464c369af6"}]}
2026-04-28 23:33:57.882 10 INFO neutron.services.segments.plugin [-] Segment af7174cf-3e08-4af0-bf70-d038f55c6dbf resource provider not found; error: Placement Client Error (4xx): {"errors": [{"status": 404, "title": "Not Found", "detail": "The resource could not be found.\n\n No resource provider with uuid af7174cf-3e08-4af0-bf70-d038f55c6dbf found for delete ", "request_id": "req-745f1f5d-5497-4408-99d3-26b4e1a7d188"}]}
2026-04-28 23:33:57.909 10 INFO neutron.wsgi [None req-2f9905bc-4580-43cf-b6be-e0a90fe671bf 3a92336511e14adba6d54a4d047c30b0 10a45dcd00364bb4aa2408648f185904 - - default default] 10.0.0.216 "DELETE /v2.0/networks/174ae4c8-9ca0-474e-bbcb-2ef72beb5f33 HTTP/1.1" status: 204 len: 168 time: 0.4248290
2026-04-28 23:33:58.304 10 INFO neutron.plugins.ml2.drivers.ovn.mech_driver.mech_driver [None req-77ce5834-fdbe-4938-af3e-775d023d66e9 - - - - - -] OVN reports status up for port: e15d8428-1fd8-42b2-bc58-7e9bff4d5cbd
2026-04-28 23:33:58.313 9 INFO neutron.plugins.ml2.drivers.ovn.mech_driver.ovsdb.ovsdb_monitor [None req-e4762809-8571-45b0-a88a-4a0c86105a34 - - - - - -] Router c28b9936-7709-4e10-8034-af8e1b543668 is bound to host instance
2026-04-28 23:33:58.314 10 INFO neutron.plugins.ml2.plugin [None req-77ce5834-fdbe-4938-af3e-775d023d66e9 - - - - - -] Attempt 1 to provision port e15d8428-1fd8-42b2-bc58-7e9bff4d5cbd
2026-04-28 23:33:58.352 9 INFO neutron.db.ovn_revision_numbers_db [None req-2fc6d277-a479-4691-a170-e94d68f7aa7a 56d5f59461724386867fb008e4f89354 481e0250e3a94b41980fb2e9af1f6ff6 - - default default] Successfully bumped revision number for resource e15d8428-1fd8-42b2-bc58-7e9bff4d5cbd (type: router_ports) to 1
2026-04-28 23:33:58.462 9 INFO neutron.db.ovn_revision_numbers_db [None req-2fc6d277-a479-4691-a170-e94d68f7aa7a 56d5f59461724386867fb008e4f89354 481e0250e3a94b41980fb2e9af1f6ff6 - - default default] Successfully bumped revision number for resource c28b9936-7709-4e10-8034-af8e1b543668 (type: routers) to 2
2026-04-28 23:33:58.486 9 INFO neutron.wsgi [None req-2fc6d277-a479-4691-a170-e94d68f7aa7a 56d5f59461724386867fb008e4f89354 481e0250e3a94b41980fb2e9af1f6ff6 - - default default] 10.0.0.216 "POST /v2.0/routers HTTP/1.1" status: 201 len: 874 time: 1.4786625
2026-04-28 23:33:58.798 10 INFO neutron.wsgi [None req-f923a601-80da-4e02-b947-09701cbe223c 4fe370cb685a439ba338600ad1815c4c b6cbf50415d24dd6ae51ba2a5b57ad65 - - default default] 10.0.0.216 "GET /v2.0/subnets?project_id=481e0250e3a94b41980fb2e9af1f6ff6&cidr=10.100.0.0%2F28 HTTP/1.1" status: 200 len: 207 time: 0.3051102
2026-04-28 23:33:58.886 10 INFO neutron.wsgi [None req-327c1791-9a71-4db5-8729-58b8fd026e0c 4fe370cb685a439ba338600ad1815c4c b6cbf50415d24dd6ae51ba2a5b57ad65 - - default default] 10.0.0.216 "GET /v2.0/networks?router%3Aexternal=True HTTP/1.1" status: 200 len: 947 time: 0.0830934
2026-04-28 23:33:58.921 10 INFO neutron.wsgi [None req-11166f0f-612c-4aab-8fb1-f7ecaad8c7d9 4fe370cb685a439ba338600ad1815c4c b6cbf50415d24dd6ae51ba2a5b57ad65 - - default default] 10.0.0.216 "GET /v2.0/subnets?network_id=b62a734d-eb7d-4c80-ad9c-6ecac9e2e701&cidr=10.100.0.0%2F28 HTTP/1.1" status: 200 len: 207 time: 0.0254936
2026-04-28 23:33:58.952 10 INFO neutron.db.ovn_revision_numbers_db [None req-7698c796-1404-465b-a5c6-18153056ad42 d9949a3886b94522933392f3b7c5d2c3 caf4c065f9414a01b9e06ee8ba75c5ce - - default default] Successfully bumped revision number for resource 499fbf78-0516-4da8-8c67-7f9b7c13d0c6 (type: security_groups) to 1
2026-04-28 23:33:58.971 10 INFO neutron.db.ovn_revision_numbers_db [None req-7698c796-1404-465b-a5c6-18153056ad42 d9949a3886b94522933392f3b7c5d2c3 caf4c065f9414a01b9e06ee8ba75c5ce - - default default] Successfully bumped revision number for resource 18c21dc8-841f-4604-9bdd-9337392fb253 (type: security_group_rules) to 0
2026-04-28 23:33:58.992 10 INFO neutron.db.ovn_revision_numbers_db [None req-7698c796-1404-465b-a5c6-18153056ad42 d9949a3886b94522933392f3b7c5d2c3 caf4c065f9414a01b9e06ee8ba75c5ce - - default default] Successfully bumped revision number for resource 551beb1c-8544-4d23-8f4b-30a1124efc83 (type: security_group_rules) to 0
2026-04-28 23:33:59.017 10 INFO neutron.db.ovn_revision_numbers_db [None req-7698c796-1404-465b-a5c6-18153056ad42 d9949a3886b94522933392f3b7c5d2c3 caf4c065f9414a01b9e06ee8ba75c5ce - - default default] Successfully bumped revision number for resource 9d250779-1470-4160-97e1-209faf862c4f (type: security_group_rules) to 0
2026-04-28 23:33:59.058 9 INFO neutron.db.ovn_revision_numbers_db [None req-e4762809-8571-45b0-a88a-4a0c86105a34 - - - - - -] Successfully bumped revision number for resource e15d8428-1fd8-42b2-bc58-7e9bff4d5cbd (type: ports) to 1
2026-04-28 23:33:59.073 10 INFO neutron.db.ovn_revision_numbers_db [None req-7698c796-1404-465b-a5c6-18153056ad42 d9949a3886b94522933392f3b7c5d2c3 caf4c065f9414a01b9e06ee8ba75c5ce - - default default] Successfully bumped revision number for resource d5ef2cff-390f-4218-9079-3628591befbd (type: security_group_rules) to 0
2026-04-28 23:33:59.105 10 INFO neutron.wsgi [None req-7698c796-1404-465b-a5c6-18153056ad42 d9949a3886b94522933392f3b7c5d2c3 caf4c065f9414a01b9e06ee8ba75c5ce - - default default] 10.0.0.216 "GET /v2.0/security-groups?tenant_id=cb828c934d714e2585d363bc9a287243&name=default HTTP/1.1" status: 200 len: 3000 time: 0.5147069
2026-04-28 23:33:59.192 10 WARNING neutron.scheduler.dhcp_agent_scheduler [None req-76b7b045-fee3-4f65-9dc0-d301d76c91fb 56d5f59461724386867fb008e4f89354 481e0250e3a94b41980fb2e9af1f6ff6 - - default default] No more DHCP agents
2026-04-28 23:33:59.194 10 WARNING neutron.api.rpc.agentnotifiers.dhcp_rpc_agent_api [None req-76b7b045-fee3-4f65-9dc0-d301d76c91fb 56d5f59461724386867fb008e4f89354 481e0250e3a94b41980fb2e9af1f6ff6 - - default default] Unable to schedule network fe31aa92-42f6-4408-88e8-d022e4fd14e8: no agents available; will retry on subsequent port and subnet creation events.
2026-04-28 23:33:59.323 9 INFO neutron.db.ovn_revision_numbers_db [None req-e4762809-8571-45b0-a88a-4a0c86105a34 - - - - - -] Successfully bumped revision number for resource e15d8428-1fd8-42b2-bc58-7e9bff4d5cbd (type: router_ports) to 3
2026-04-28 23:33:59.401 9 INFO neutron.wsgi [None req-4804dc66-6699-4e1b-90ab-911be38874d3 d9949a3886b94522933392f3b7c5d2c3 caf4c065f9414a01b9e06ee8ba75c5ce - - default default] 10.0.0.216 "DELETE /v2.0/security-groups/499fbf78-0516-4da8-8c67-7f9b7c13d0c6 HTTP/1.1" status: 204 len: 168 time: 0.2904563
2026-04-28 23:33:59.496 9 INFO neutron.db.ovn_revision_numbers_db [None req-e4762809-8571-45b0-a88a-4a0c86105a34 - - - - - -] Successfully bumped revision number for resource e15d8428-1fd8-42b2-bc58-7e9bff4d5cbd (type: ports) to 2
2026-04-28 23:33:59.527 9 INFO neutron.wsgi [None req-c56c5d80-2ce3-4b79-9a5b-b6f81379b2ac d9949a3886b94522933392f3b7c5d2c3 caf4c065f9414a01b9e06ee8ba75c5ce - - default default] 10.0.0.216 "GET /v2.0/security-groups?tenant_id=10a45dcd00364bb4aa2408648f185904&name=default HTTP/1.1" status: 200 len: 3000 time: 0.0373690
2026-04-28 23:33:59.708 10 INFO neutron.db.ovn_revision_numbers_db [None req-76b7b045-fee3-4f65-9dc0-d301d76c91fb 56d5f59461724386867fb008e4f89354 481e0250e3a94b41980fb2e9af1f6ff6 - - default default] Successfully bumped revision number for resource a2a68c7c-9a61-4efa-b33a-9e436ce49f2c (type: ports) to 2
2026-04-28 23:33:59.723 9 INFO neutron.db.ovn_revision_numbers_db [None req-e4762809-8571-45b0-a88a-4a0c86105a34 - - - - - -] Successfully bumped revision number for resource e15d8428-1fd8-42b2-bc58-7e9bff4d5cbd (type: ports) to 4
2026-04-28 23:33:59.747 10 INFO neutron.db.ovn_revision_numbers_db [None req-76b7b045-fee3-4f65-9dc0-d301d76c91fb 56d5f59461724386867fb008e4f89354 481e0250e3a94b41980fb2e9af1f6ff6 - - default default] Successfully bumped revision number for resource 18b6d87d-9b74-4bc6-9bec-a5d5b1c002c0 (type: subnets) to 0
2026-04-28 23:33:59.768 10 INFO neutron.wsgi [None req-76b7b045-fee3-4f65-9dc0-d301d76c91fb 56d5f59461724386867fb008e4f89354 481e0250e3a94b41980fb2e9af1f6ff6 - - default default] 10.0.0.216 "POST /v2.0/subnets HTTP/1.1" status: 201 len: 832 time: 0.8423040
2026-04-28 23:33:59.787 10 INFO neutron.wsgi [None req-ef8d783c-3634-4d08-9d65-4ba43929deef d9949a3886b94522933392f3b7c5d2c3 caf4c065f9414a01b9e06ee8ba75c5ce - - default default] 10.0.0.216 "DELETE /v2.0/security-groups/29a180f6-7786-44bb-89bd-9c482e37e4f2 HTTP/1.1" status: 204 len: 168 time: 0.2537489
2026-04-28 23:33:59.930 9 INFO neutron.db.ovn_revision_numbers_db [None req-e4762809-8571-45b0-a88a-4a0c86105a34 - - - - - -] Successfully bumped revision number for resource e15d8428-1fd8-42b2-bc58-7e9bff4d5cbd (type: router_ports) to 4
2026-04-28 23:34:00.331 10 WARNING neutron.scheduler.dhcp_agent_scheduler [None req-47eb19b0-22cd-401f-879b-b440e83c52fa 56d5f59461724386867fb008e4f89354 481e0250e3a94b41980fb2e9af1f6ff6 - - default default] No more DHCP agents
2026-04-28 23:34:00.334 10 WARNING neutron.api.rpc.agentnotifiers.dhcp_rpc_agent_api [None req-47eb19b0-22cd-401f-879b-b440e83c52fa 56d5f59461724386867fb008e4f89354 481e0250e3a94b41980fb2e9af1f6ff6 - - default default] Unable to schedule network fe31aa92-42f6-4408-88e8-d022e4fd14e8: no agents available; will retry on subsequent port and subnet creation events.
2026-04-28 23:34:00.504 10 INFO neutron.db.ovn_revision_numbers_db [None req-47eb19b0-22cd-401f-879b-b440e83c52fa 56d5f59461724386867fb008e4f89354 481e0250e3a94b41980fb2e9af1f6ff6 - - default default] Successfully bumped revision number for resource ce07b747-1e88-4984-b208-a7ec613a0b3e (type: ports) to 1
2026-04-28 23:34:00.907 9 INFO neutron.plugins.ml2.drivers.ovn.mech_driver.mech_driver [None req-20776235-b1e3-41ef-bf45-185eabcd187b - - - - - -] OVN reports status up for port: ce07b747-1e88-4984-b208-a7ec613a0b3e
2026-04-28 23:34:00.918 9 INFO neutron.plugins.ml2.plugin [None req-20776235-b1e3-41ef-bf45-185eabcd187b - - - - - -] Attempt 1 to provision port ce07b747-1e88-4984-b208-a7ec613a0b3e
2026-04-28 23:34:01.158 10 INFO neutron.db.ovn_revision_numbers_db [None req-47eb19b0-22cd-401f-879b-b440e83c52fa 56d5f59461724386867fb008e4f89354 481e0250e3a94b41980fb2e9af1f6ff6 - - default default] Successfully bumped revision number for resource ce07b747-1e88-4984-b208-a7ec613a0b3e (type: router_ports) to 1
2026-04-28 23:34:01.213 9 INFO neutron.db.ovn_revision_numbers_db [None req-20776235-b1e3-41ef-bf45-185eabcd187b - - - - - -] Successfully bumped revision number for resource ce07b747-1e88-4984-b208-a7ec613a0b3e (type: ports) to 2
2026-04-28 23:34:01.280 10 ERROR ovsdbapp.backend.ovs_idl.transaction [None req-47eb19b0-22cd-401f-879b-b440e83c52fa 56d5f59461724386867fb008e4f89354 481e0250e3a94b41980fb2e9af1f6ff6 - - default default]
Traceback (most recent call last): File "/var/lib/openstack/lib/python3.10/site-packages/ovsdbapp/backend/ovs_idl/connection.py", line 118, in run txn.results.put(txn.do_commit())
File "/var/lib/openstack/lib/python3.10/site-packages/ovsdbapp/backend/ovs_idl/transaction.py", line 92, in do_commit command.run_idl(txn)
File "/var/lib/openstack/lib/python3.10/site-packages/neutron/plugins/ml2/drivers/ovn/mech_driver/ovsdb/commands.py", line 825, in run_idl raise ovn_exc.RevisionConflict( neutron.common.ovn.exceptions.RevisionConflict: OVN revision number for ce07b747-1e88-4984-b208-a7ec613a0b3e (type: ports) is higher than the given resource. Skipping update 
2026-04-28 23:34:01.280 10 INFO neutron.plugins.ml2.drivers.ovn.mech_driver.ovsdb.impl_idl_ovn [None req-47eb19b0-22cd-401f-879b-b440e83c52fa 56d5f59461724386867fb008e4f89354 481e0250e3a94b41980fb2e9af1f6ff6 - - default default] Transaction aborted. Reason: OVN revision number for ce07b747-1e88-4984-b208-a7ec613a0b3e (type: ports) is higher than the given resource. Skipping update
2026-04-28 23:34:01.341 10 WARNING neutron.scheduler.dhcp_agent_scheduler [None req-47eb19b0-22cd-401f-879b-b440e83c52fa 56d5f59461724386867fb008e4f89354 481e0250e3a94b41980fb2e9af1f6ff6 - - default default] No more DHCP agents
2026-04-28 23:34:01.341 9 INFO neutron.db.ovn_revision_numbers_db [None req-20776235-b1e3-41ef-bf45-185eabcd187b - - - - - -] Successfully bumped revision number for resource ce07b747-1e88-4984-b208-a7ec613a0b3e (type: router_ports) to 2
2026-04-28 23:34:01.342 10 WARNING neutron.api.rpc.agentnotifiers.dhcp_rpc_agent_api [None req-47eb19b0-22cd-401f-879b-b440e83c52fa 56d5f59461724386867fb008e4f89354 481e0250e3a94b41980fb2e9af1f6ff6 - - default default] Unable to schedule network fe31aa92-42f6-4408-88e8-d022e4fd14e8: no agents available; will retry on subsequent port and subnet creation events.
2026-04-28 23:34:01.633 10 INFO neutron.db.ovn_revision_numbers_db [None req-47eb19b0-22cd-401f-879b-b440e83c52fa 56d5f59461724386867fb008e4f89354 481e0250e3a94b41980fb2e9af1f6ff6 - - default default] Successfully bumped revision number for resource ce07b747-1e88-4984-b208-a7ec613a0b3e (type: router_ports) to 2
2026-04-28 23:34:01.636 10 INFO neutron.wsgi [None req-47eb19b0-22cd-401f-879b-b440e83c52fa 56d5f59461724386867fb008e4f89354 481e0250e3a94b41980fb2e9af1f6ff6 - - default default] 10.0.0.216 "PUT /v2.0/routers/c28b9936-7709-4e10-8034-af8e1b543668/add_router_interface HTTP/1.1" status: 200 len: 503 time: 1.8606205
2026-04-28 23:34:01.694 10 INFO neutron.wsgi [None req-c07c2dcd-d776-44ba-9b67-1ba290a28c82 4fe370cb685a439ba338600ad1815c4c b6cbf50415d24dd6ae51ba2a5b57ad65 - - default default] 10.0.0.216 "GET /v2.0/networks HTTP/1.1" status: 200 len: 3114 time: 0.0533075
2026-04-28 23:34:01.729 10 INFO neutron.wsgi [None req-69fc7e85-d5bf-42f1-b7b2-0dd1c0e86c74 4fe370cb685a439ba338600ad1815c4c b6cbf50415d24dd6ae51ba2a5b57ad65 - - default default] 10.0.0.216 "GET /v2.0/subnets HTTP/1.1" status: 200 len: 2097 time: 0.0304382
2026-04-28 23:34:01.821 10 INFO neutron.wsgi [None req-fb55c8d0-c2c2-4f6f-89ae-cd2c90c4f256 4fe370cb685a439ba338600ad1815c4c b6cbf50415d24dd6ae51ba2a5b57ad65 - - default default] 10.0.0.216 "GET /v2.0/routers HTTP/1.1" status: 200 len: 878 time: 0.0880463
2026-04-28 23:34:01.971 10 INFO neutron.db.ovn_revision_numbers_db [None req-9597ca05-3d74-4c54-a07a-edfa7b1d800e 56d5f59461724386867fb008e4f89354 481e0250e3a94b41980fb2e9af1f6ff6 - - default default] Successfully bumped revision number for resource 8f6a4119-8fd5-4686-8831-9ded16ce0713 (type: security_groups) to 1
2026-04-28 23:34:01.985 10 INFO neutron.db.ovn_revision_numbers_db [None req-9597ca05-3d74-4c54-a07a-edfa7b1d800e 56d5f59461724386867fb008e4f89354 481e0250e3a94b41980fb2e9af1f6ff6 - - default default] Successfully bumped revision number for resource 3001777b-b100-400d-a0e7-4f1280fb36d3 (type: security_group_rules) to 0
2026-04-28 23:34:01.999 10 INFO neutron.db.ovn_revision_numbers_db [None req-9597ca05-3d74-4c54-a07a-edfa7b1d800e 56d5f59461724386867fb008e4f89354 481e0250e3a94b41980fb2e9af1f6ff6 - - default default] Successfully bumped revision number for resource 55166578-3c53-4920-9445-92941fb87d92 (type: security_group_rules) to 0
2026-04-28 23:34:02.017 10 INFO neutron.wsgi [None req-9597ca05-3d74-4c54-a07a-edfa7b1d800e 56d5f59461724386867fb008e4f89354 481e0250e3a94b41980fb2e9af1f6ff6 - - default default] 10.0.0.216 "POST /v2.0/security-groups HTTP/1.1" status: 201 len: 1813 time: 0.1441176
2026-04-28 23:34:02.119 10 INFO neutron.db.ovn_revision_numbers_db [None req-02288e67-c85b-43f1-97bc-5d04e4a8f0ad 56d5f59461724386867fb008e4f89354 481e0250e3a94b41980fb2e9af1f6ff6 - - default default] Successfully bumped revision number for resource 0082df2b-eca2-45eb-a07c-9356c3fe420a (type: security_group_rules) to 0
2026-04-28 23:34:02.141 10 INFO neutron.wsgi [None req-02288e67-c85b-43f1-97bc-5d04e4a8f0ad 56d5f59461724386867fb008e4f89354 481e0250e3a94b41980fb2e9af1f6ff6 - - default default] 10.0.0.216 "POST /v2.0/security-group-rules HTTP/1.1" status: 201 len: 764 time: 0.1191161
2026-04-28 23:34:02.251 10 INFO neutron.db.ovn_revision_numbers_db [None req-586e0990-cf13-4bbc-a80f-d3adaca2b838 56d5f59461724386867fb008e4f89354 481e0250e3a94b41980fb2e9af1f6ff6 - - default default] Successfully bumped revision number for resource d0e03752-ad3c-4e1b-8edb-b270061f2bfa (type: security_group_rules) to 0
2026-04-28 23:34:02.274 10 INFO neutron.wsgi [None req-586e0990-cf13-4bbc-a80f-d3adaca2b838 56d5f59461724386867fb008e4f89354 481e0250e3a94b41980fb2e9af1f6ff6 - - default default] 10.0.0.216 "POST /v2.0/security-group-rules HTTP/1.1" status: 201 len: 763 time: 0.1260722
2026-04-28 23:34:02.381 10 INFO neutron.db.ovn_revision_numbers_db [None req-1d181623-be20-466e-8519-c46c9ec3b484 56d5f59461724386867fb008e4f89354 481e0250e3a94b41980fb2e9af1f6ff6 - - default default] Successfully bumped revision number for resource 5af5568b-5066-4456-aa47-c938d4ee5640 (type: security_group_rules) to 0
2026-04-28 23:34:02.403 10 INFO neutron.wsgi [None req-1d181623-be20-466e-8519-c46c9ec3b484 56d5f59461724386867fb008e4f89354 481e0250e3a94b41980fb2e9af1f6ff6 - - default default] 10.0.0.216 "POST /v2.0/security-group-rules HTTP/1.1" status: 201 len: 769 time: 0.1242340
2026-04-28 23:34:02.517 10 INFO neutron.db.ovn_revision_numbers_db [None req-854fc625-8a4d-4db9-b8e0-8ea44b793c77 56d5f59461724386867fb008e4f89354 481e0250e3a94b41980fb2e9af1f6ff6 - - default default] Successfully bumped revision number for resource 1fa7306c-3b2c-4f46-b490-378bdf05da93 (type: security_group_rules) to 0
2026-04-28 23:34:02.541 10 INFO neutron.wsgi [None req-854fc625-8a4d-4db9-b8e0-8ea44b793c77 56d5f59461724386867fb008e4f89354 481e0250e3a94b41980fb2e9af1f6ff6 - - default default] 10.0.0.216 "POST /v2.0/security-group-rules HTTP/1.1" status: 201 len: 768 time: 0.1263897
2026-04-28 23:34:02.567 10 INFO neutron.db.securitygroups_db [None req-5ba3b4a3-ea6c-4963-8db9-b760fd3eeade 56d5f59461724386867fb008e4f89354 481e0250e3a94b41980fb2e9af1f6ff6 - - default default] Project 481e0250e3a94b41980fb2e9af1f6ff6 added a security group rule with legacy IPv6 ICMP protocol name icmp, ipv6-icmp should be used instead. It was automatically converted.
2026-04-28 23:34:02.656 10 INFO neutron.db.ovn_revision_numbers_db [None req-5ba3b4a3-ea6c-4963-8db9-b760fd3eeade 56d5f59461724386867fb008e4f89354 481e0250e3a94b41980fb2e9af1f6ff6 - - default default] Successfully bumped revision number for resource 5968b495-f1c0-49c7-bbc3-fa4661a97bd9 (type: security_group_rules) to 0
2026-04-28 23:34:02.677 10 INFO neutron.wsgi [None req-5ba3b4a3-ea6c-4963-8db9-b760fd3eeade 56d5f59461724386867fb008e4f89354 481e0250e3a94b41980fb2e9af1f6ff6 - - default default] 10.0.0.216 "POST /v2.0/security-group-rules HTTP/1.1" status: 201 len: 774 time: 0.1309030
2026-04-28 23:34:02.706 10 INFO neutron.db.securitygroups_db [None req-9fcd2d92-fdf8-4564-bb8a-f235354fbc4b 56d5f59461724386867fb008e4f89354 481e0250e3a94b41980fb2e9af1f6ff6 - - default default] Project 481e0250e3a94b41980fb2e9af1f6ff6 added a security group rule with legacy IPv6 ICMP protocol name icmp, ipv6-icmp should be used instead. It was automatically converted.
2026-04-28 23:34:02.805 10 INFO neutron.db.ovn_revision_numbers_db [None req-9fcd2d92-fdf8-4564-bb8a-f235354fbc4b 56d5f59461724386867fb008e4f89354 481e0250e3a94b41980fb2e9af1f6ff6 - - default default] Successfully bumped revision number for resource 6433069e-7c8c-43e4-b254-afa2a7793219 (type: security_group_rules) to 0
2026-04-28 23:34:02.830 10 INFO neutron.wsgi [None req-9fcd2d92-fdf8-4564-bb8a-f235354fbc4b 56d5f59461724386867fb008e4f89354 481e0250e3a94b41980fb2e9af1f6ff6 - - default default] 10.0.0.216 "POST /v2.0/security-group-rules HTTP/1.1" status: 201 len: 773 time: 0.1445725
2026-04-28 23:34:03.173 10 INFO neutron.db.ovn_revision_numbers_db [None req-23416b8d-84c6-4119-b120-7f18fc4c6b4d e488ea4fbb5c4dd88f9d7a3db7fec252 0e459937d29548aeafeda3aa9b5cac14 - - default default] Successfully bumped revision number for resource f06fbaea-afb2-4915-9ad3-291f40e36789 (type: security_groups) to 1
2026-04-28 23:34:03.188 10 INFO neutron.db.ovn_revision_numbers_db [None req-23416b8d-84c6-4119-b120-7f18fc4c6b4d e488ea4fbb5c4dd88f9d7a3db7fec252 0e459937d29548aeafeda3aa9b5cac14 - - default default] Successfully bumped revision number for resource 29024cc6-a970-43ff-9962-07ed9b682a4a (type: security_group_rules) to 0
2026-04-28 23:34:03.201 10 INFO neutron.db.ovn_revision_numbers_db [None req-23416b8d-84c6-4119-b120-7f18fc4c6b4d e488ea4fbb5c4dd88f9d7a3db7fec252 0e459937d29548aeafeda3aa9b5cac14 - - default default] Successfully bumped revision number for resource 5c1b35a0-e860-4856-a3eb-7f3b8a5622cd (type: security_group_rules) to 0
2026-04-28 23:34:03.214 10 INFO neutron.db.ovn_revision_numbers_db [None req-23416b8d-84c6-4119-b120-7f18fc4c6b4d e488ea4fbb5c4dd88f9d7a3db7fec252 0e459937d29548aeafeda3aa9b5cac14 - - default default] Successfully bumped revision number for resource 67b1c7cb-718e-4854-b07a-4d0908b583f0 (type: security_group_rules) to 0
2026-04-28 23:34:03.226 10 INFO neutron.db.ovn_revision_numbers_db [None req-23416b8d-84c6-4119-b120-7f18fc4c6b4d e488ea4fbb5c4dd88f9d7a3db7fec252 0e459937d29548aeafeda3aa9b5cac14 - - default default] Successfully bumped revision number for resource 8a775f5f-aa08-44c7-975e-de07c4a5a57c (type: security_group_rules) to 0
2026-04-28 23:34:03.309 10 INFO neutron.db.ovn_revision_numbers_db [None req-23416b8d-84c6-4119-b120-7f18fc4c6b4d e488ea4fbb5c4dd88f9d7a3db7fec252 0e459937d29548aeafeda3aa9b5cac14 - - default default] Successfully bumped revision number for resource f14ffe90-a7e3-417c-a8c2-d99719534d9d (type: security_groups) to 1
2026-04-28 23:34:03.324 10 INFO neutron.db.ovn_revision_numbers_db [None req-23416b8d-84c6-4119-b120-7f18fc4c6b4d e488ea4fbb5c4dd88f9d7a3db7fec252 0e459937d29548aeafeda3aa9b5cac14 - - default default] Successfully bumped revision number for resource bc4e2272-96dd-4d30-817c-573465a7275c (type: security_group_rules) to 0
2026-04-28 23:34:03.337 10 INFO neutron.db.ovn_revision_numbers_db [None req-23416b8d-84c6-4119-b120-7f18fc4c6b4d e488ea4fbb5c4dd88f9d7a3db7fec252 0e459937d29548aeafeda3aa9b5cac14 - - default default] Successfully bumped revision number for resource e991bbf5-81e7-41a7-a0ce-cdb3aae41fb2 (type: security_group_rules) to 0
2026-04-28 23:34:03.352 9 INFO neutron.wsgi [None req-5bdc4cb2-3693-4e30-a240-025c683db389 56d5f59461724386867fb008e4f89354 481e0250e3a94b41980fb2e9af1f6ff6 - - default default] 10.0.0.216 "GET /v2.0/networks HTTP/1.1" status: 200 len: 1493 time: 0.1694431
2026-04-28 23:34:03.358 10 INFO neutron.wsgi [None req-23416b8d-84c6-4119-b120-7f18fc4c6b4d e488ea4fbb5c4dd88f9d7a3db7fec252 0e459937d29548aeafeda3aa9b5cac14 - - default default] 10.0.0.216 "POST /v2.0/security-groups HTTP/1.1" status: 201 len: 1739 time: 0.4140892
2026-04-28 23:34:03.398 9 INFO neutron.wsgi [None req-0c7b5a80-2db6-4308-ae01-99beeaa921ae e488ea4fbb5c4dd88f9d7a3db7fec252 0e459937d29548aeafeda3aa9b5cac14 - - default default] 10.0.0.216 "PUT /v2.0/security-groups/f14ffe90-a7e3-417c-a8c2-d99719534d9d/tags HTTP/1.1" status: 200 len: 218 time: 0.0333965
2026-04-28 23:34:03.419 9 INFO neutron.wsgi [None req-e30118e6-be47-4f2e-97d6-513d65db57f5 e488ea4fbb5c4dd88f9d7a3db7fec252 0e459937d29548aeafeda3aa9b5cac14 - - default default] 10.0.0.216 "GET /v2.0/security-groups/f14ffe90-a7e3-417c-a8c2-d99719534d9d/tags HTTP/1.1" status: 200 len: 218 time: 0.0162613
2026-04-28 23:34:03.463 9 INFO neutron.wsgi [None req-96856880-5edd-45da-990f-e0878f3ca0c5 e488ea4fbb5c4dd88f9d7a3db7fec252 0e459937d29548aeafeda3aa9b5cac14 - - default default] 10.0.0.216 "PUT /v2.0/security-groups/f14ffe90-a7e3-417c-a8c2-d99719534d9d/tags/green HTTP/1.1" status: 201 len: 201 time: 0.0379956
2026-04-28 23:34:03.473 9 INFO neutron.wsgi [req-d63ada3e-0a70-4ce3-a02b-2e7e93bdaf02 req-6a9f97a1-be32-48e6-8337-d38b47b9c066 56d5f59461724386867fb008e4f89354 481e0250e3a94b41980fb2e9af1f6ff6 - - default default] 10.0.0.82 "GET /v2.0/security-groups?name=tempest-secgroup-smoke-2103115619&fields=id&tenant_id=481e0250e3a94b41980fb2e9af1f6ff6 HTTP/1.1" status: 200 len: 267 time: 0.0382965
2026-04-28 23:34:03.486 10 INFO neutron.wsgi [None req-3141e1c3-30f0-4777-944f-e1212d34af17 e488ea4fbb5c4dd88f9d7a3db7fec252 0e459937d29548aeafeda3aa9b5cac14 - - default default] 10.0.0.216 "GET /v2.0/security-groups/f14ffe90-a7e3-417c-a8c2-d99719534d9d/tags HTTP/1.1" status: 200 len: 227 time: 0.0164492
2026-04-28 23:34:03.512 10 INFO neutron.wsgi [None req-9b7da3a1-d27e-4768-a851-763fb3cec763 e488ea4fbb5c4dd88f9d7a3db7fec252 0e459937d29548aeafeda3aa9b5cac14 - - default default] 10.0.0.216 "PUT /v2.0/security-groups/f14ffe90-a7e3-417c-a8c2-d99719534d9d/tags/red HTTP/1.1" status: 201 len: 201 time: 0.0210052
2026-04-28 23:34:03.532 10 INFO neutron.wsgi [None req-bd5c0219-b707-445d-9177-853ff0ac0fb8 e488ea4fbb5c4dd88f9d7a3db7fec252 0e459937d29548aeafeda3aa9b5cac14 - - default default] 10.0.0.216 "GET /v2.0/security-groups/f14ffe90-a7e3-417c-a8c2-d99719534d9d/tags HTTP/1.1" status: 200 len: 227 time: 0.0154095
2026-04-28 23:34:03.570 10 INFO neutron.wsgi [None req-c262dd08-1d4d-4b83-b850-528f7774f843 e488ea4fbb5c4dd88f9d7a3db7fec252 0e459937d29548aeafeda3aa9b5cac14 - - default default] 10.0.0.216 "PUT /v2.0/security-groups/f14ffe90-a7e3-417c-a8c2-d99719534d9d/tags/black.or.white HTTP/1.1" status: 201 len: 201 time: 0.0324025
2026-04-28 23:34:03.575 9 INFO neutron.wsgi [req-d63ada3e-0a70-4ce3-a02b-2e7e93bdaf02 req-38e63b0b-3334-47b1-aff4-bd7a99192a3a 56d5f59461724386867fb008e4f89354 481e0250e3a94b41980fb2e9af1f6ff6 - - default default] 10.0.0.82 "GET /v2.0/networks?id=fe31aa92-42f6-4408-88e8-d022e4fd14e8 HTTP/1.1" status: 200 len: 860 time: 0.0939033
2026-04-28 23:34:03.590 9 INFO neutron.wsgi [req-d63ada3e-0a70-4ce3-a02b-2e7e93bdaf02 req-66724c75-8ee0-4121-8cc6-a7709a0cba55 56d5f59461724386867fb008e4f89354 481e0250e3a94b41980fb2e9af1f6ff6 - - default default] 10.0.0.82 "GET /v2.0/quotas/481e0250e3a94b41980fb2e9af1f6ff6 HTTP/1.1" status: 200 len: 386 time: 0.0093241
2026-04-28 23:34:03.597 10 INFO neutron.wsgi [None req-746e5ed1-51b1-4b7b-a6a8-14bcfcc62e4c e488ea4fbb5c4dd88f9d7a3db7fec252 0e459937d29548aeafeda3aa9b5cac14 - - default default] 10.0.0.216 "GET /v2.0/security-groups/f14ffe90-a7e3-417c-a8c2-d99719534d9d/tags HTTP/1.1" status: 200 len: 245 time: 0.0219700
2026-04-28 23:34:03.636 10 INFO neutron.wsgi [None req-0d0c8a59-68da-4f87-a2c1-47524be88925 e488ea4fbb5c4dd88f9d7a3db7fec252 0e459937d29548aeafeda3aa9b5cac14 - - default default] 10.0.0.216 "PUT /v2.0/security-groups/f14ffe90-a7e3-417c-a8c2-d99719534d9d/tags HTTP/1.1" status: 200 len: 230 time: 0.0344489
2026-04-28 23:34:03.657 10 INFO neutron.wsgi [None req-52080ceb-c198-48d7-82c3-be7f2994865f e488ea4fbb5c4dd88f9d7a3db7fec252 0e459937d29548aeafeda3aa9b5cac14 - - default default] 10.0.0.216 "GET /v2.0/security-groups/f14ffe90-a7e3-417c-a8c2-d99719534d9d/tags HTTP/1.1" status: 200 len: 230 time: 0.0164316
2026-04-28 23:34:03.679 10 INFO neutron.wsgi [None req-832e5ff1-5553-42b0-a27c-3851767778a3 e488ea4fbb5c4dd88f9d7a3db7fec252 0e459937d29548aeafeda3aa9b5cac14 - - default default] 10.0.0.216 "GET /v2.0/security-groups/f14ffe90-a7e3-417c-a8c2-d99719534d9d/tags/red HTTP/1.1" status: 204 len: 168 time: 0.0179429
2026-04-28 23:34:03.689 9 INFO neutron.wsgi [req-d63ada3e-0a70-4ce3-a02b-2e7e93bdaf02 req-250869f4-94b3-4d1b-871e-16da74bb9bc3 56d5f59461724386867fb008e4f89354 481e0250e3a94b41980fb2e9af1f6ff6 - - default default] 10.0.0.82 "GET /v2.0/ports?tenant_id=481e0250e3a94b41980fb2e9af1f6ff6&fields=id HTTP/1.1" status: 200 len: 302 time: 0.0920794
2026-04-28 23:34:03.699 10 INFO neutron.api.v2.resource [None req-e449f806-eacf-4a42-b3a5-99effeaf6b41 e488ea4fbb5c4dd88f9d7a3db7fec252 0e459937d29548aeafeda3aa9b5cac14 - - default default] show failed (client error): The resource could not be found.
2026-04-28 23:34:03.700 10 INFO neutron.wsgi [None req-e449f806-eacf-4a42-b3a5-99effeaf6b41 e488ea4fbb5c4dd88f9d7a3db7fec252 0e459937d29548aeafeda3aa9b5cac14 - - default default] 10.0.0.216 "GET /v2.0/security-groups/f14ffe90-a7e3-417c-a8c2-d99719534d9d/tags/green HTTP/1.1" status: 404 len: 299 time: 0.0166733
2026-04-28 23:34:03.740 10 INFO neutron.wsgi [None req-456c9515-d155-4fee-aa96-aa9c2b652b08 e488ea4fbb5c4dd88f9d7a3db7fec252 0e459937d29548aeafeda3aa9b5cac14 - - default default] 10.0.0.216 "DELETE /v2.0/security-groups/f14ffe90-a7e3-417c-a8c2-d99719534d9d/tags/red HTTP/1.1" status: 204 len: 168 time: 0.0360096
2026-04-28 23:34:03.746 9 INFO neutron.wsgi [req-d63ada3e-0a70-4ce3-a02b-2e7e93bdaf02 req-fac5c8b7-2065-4795-97bc-3a00c54b7077 b564d173c95c4fcfbd1ac2095754c325 c19f6fea06174e1f8a5de22cc378066e - - f03097fe19c54228bef42d7301077843 f03097fe19c54228bef42d7301077843] 10.0.0.82 "GET /v2.0/networks/fe31aa92-42f6-4408-88e8-d022e4fd14e8?fields=segments HTTP/1.1" status: 200 len: 212 time: 0.0465567
2026-04-28 23:34:03.766 10 INFO neutron.wsgi [None req-18ffc288-98c8-416f-9683-316c96796cbe e488ea4fbb5c4dd88f9d7a3db7fec252 0e459937d29548aeafeda3aa9b5cac14 - - default default] 10.0.0.216 "GET /v2.0/security-groups/f14ffe90-a7e3-417c-a8c2-d99719534d9d/tags HTTP/1.1" status: 200 len: 223 time: 0.0197468
2026-04-28 23:34:03.795 10 INFO neutron.api.v2.resource [None req-3406e5e1-27a5-4e3a-8645-959ef53905e6 e488ea4fbb5c4dd88f9d7a3db7fec252 0e459937d29548aeafeda3aa9b5cac14 - - default default] delete failed (client error): The resource could not be found.
2026-04-28 23:34:03.796 10 INFO neutron.wsgi [None req-3406e5e1-27a5-4e3a-8645-959ef53905e6 e488ea4fbb5c4dd88f9d7a3db7fec252 0e459937d29548aeafeda3aa9b5cac14 - - default default] 10.0.0.216 "DELETE /v2.0/security-groups/f14ffe90-a7e3-417c-a8c2-d99719534d9d/tags/green HTTP/1.1" status: 404 len: 299 time: 0.0248816
2026-04-28 23:34:03.806 9 INFO neutron.wsgi [req-d63ada3e-0a70-4ce3-a02b-2e7e93bdaf02 req-6bc3aa05-890b-4af8-b1be-2b4e5fc8e98f b564d173c95c4fcfbd1ac2095754c325 c19f6fea06174e1f8a5de22cc378066e - - f03097fe19c54228bef42d7301077843 f03097fe19c54228bef42d7301077843] 10.0.0.82 "GET /v2.0/networks/fe31aa92-42f6-4408-88e8-d022e4fd14e8?fields=provider%3Aphysical_network&fields=provider%3Anetwork_type HTTP/1.1" status: 200 len: 277 time: 0.0532317
2026-04-28 23:34:03.835 10 INFO neutron.wsgi [None req-97943687-71b1-43da-8d1c-6db103ce59ff e488ea4fbb5c4dd88f9d7a3db7fec252 0e459937d29548aeafeda3aa9b5cac14 - - default default] 10.0.0.216 "DELETE /v2.0/security-groups/f14ffe90-a7e3-417c-a8c2-d99719534d9d/tags HTTP/1.1" status: 204 len: 168 time: 0.0306292
2026-04-28 23:34:03.858 10 INFO neutron.wsgi [None req-63a36eec-e3bf-4cc9-a8d4-b9fa0fcbf5d1 e488ea4fbb5c4dd88f9d7a3db7fec252 0e459937d29548aeafeda3aa9b5cac14 - - default default] 10.0.0.216 "GET /v2.0/security-groups/f14ffe90-a7e3-417c-a8c2-d99719534d9d/tags HTTP/1.1" status: 200 len: 205 time: 0.0168192
2026-04-28 23:34:03.920 10 INFO neutron.wsgi [req-bbc292f5-9016-4544-97f5-7edf3f92cf88 req-498fefae-06aa-4412-a509-5680c2db6d7d 56d5f59461724386867fb008e4f89354 481e0250e3a94b41980fb2e9af1f6ff6 - - default default] 10.0.0.82 "GET /v2.0/ports?device_id=f2694942-d2c7-4bff-92a4-8cf5d1a83f4a HTTP/1.1" status: 200 len: 210 time: 0.0226221
2026-04-28 23:34:03.952 9 INFO neutron.wsgi [None req-5ab07150-46f9-45cf-bf3a-4d22512e558d e488ea4fbb5c4dd88f9d7a3db7fec252 0e459937d29548aeafeda3aa9b5cac14 - - default default] 10.0.0.216 "DELETE /v2.0/security-groups/f14ffe90-a7e3-417c-a8c2-d99719534d9d HTTP/1.1" status: 204 len: 168 time: 0.0849855
2026-04-28 23:34:04.643 10 INFO neutron.wsgi [req-d63ada3e-0a70-4ce3-a02b-2e7e93bdaf02 req-589f17b4-3cb8-448e-aab3-adb998f36f2d 56d5f59461724386867fb008e4f89354 481e0250e3a94b41980fb2e9af1f6ff6 - - default default] 199.204.45.3 "GET /v2.0/networks?id=fe31aa92-42f6-4408-88e8-d022e4fd14e8 HTTP/1.1" status: 200 len: 860 time: 0.1229331
2026-04-28 23:34:04.698 10 INFO neutron.wsgi [req-d63ada3e-0a70-4ce3-a02b-2e7e93bdaf02 req-26f74979-53ee-43bc-a57c-28d41677e51d 56d5f59461724386867fb008e4f89354 481e0250e3a94b41980fb2e9af1f6ff6 - - default default] 199.204.45.3 "GET /v2.0/security-groups?fields=id&fields=name&tenant_id=481e0250e3a94b41980fb2e9af1f6ff6 HTTP/1.1" status: 200 len: 380 time: 0.0493243
2026-04-28 23:34:04.736 9 INFO neutron.wsgi [None req-a1e80210-2241-4e38-99bc-9f10e14789cf d9949a3886b94522933392f3b7c5d2c3 caf4c065f9414a01b9e06ee8ba75c5ce - - default default] 10.0.0.216 "GET /v2.0/security-groups?tenant_id=0e459937d29548aeafeda3aa9b5cac14&name=default HTTP/1.1" status: 200 len: 3000 time: 0.1233499
