Aug 31 07:26:04.262266 np0000191519 devstack@neutron-api.service[101829]: DEBUG neutron.plugins.ml2.managers [None req-2073a059-aee8-4e64-a92d-02a58f1b33a4 service manila] Bound port: 5fcdf0d2-2056-43d5-9829-61b574d143f4, host: np0000191519, vif_type: ovs, vif_details: {"port_filter": true, "connectivity": "l2", "ovs_create_tap": true, "bridge_name": "br-int", "datapath_type": "system"}, binding_levels: [{'bound_driver': 'ovn', 'bound_segment': {'id': 'a51cffd1-5e5b-41f4-9bd3-fb6a119fe181', 'network_type': 'geneve', 'physical_network': None, 'segmentation_id': 15530, 'network_id': '73efa591-9046-4b1d-a735-d409fc4b6d3b'}}] {{(pid=101829) _bind_port_level /opt/stack/neutron/neutron/plugins/ml2/managers.py:1001}}
Aug 31 07:26:04.262421 np0000191519 devstack@neutron-api.service[101829]: DEBUG neutron_lib.callbacks.manager [None req-2073a059-aee8-4e64-a92d-02a58f1b33a4 service manila] Publish callbacks ['neutron.plugins.ml2.plugin.SecurityGroupDbMixin._ensure_default_security_group_handler-71959', 'neutron.services.ovn_l3.plugin.OVNL3RouterPlugin._port_update-8629359841554', 'neutron.db.l3_db.L3_NAT_dbonly_mixin._prevent_internal_ip_change_for_fip-8629361353752'] for port (5fcdf0d2-2056-43d5-9829-61b574d143f4), before_update {{(pid=101829) _notify_loop /opt/stack/data/venv/lib/python3.12/site-packages/neutron_lib/callbacks/manager.py:184}}
Aug 31 07:26:04.301113 np0000191519 devstack@neutron-api.service[101829]: DEBUG neutron.plugins.ml2.db [None req-2073a059-aee8-4e64-a92d-02a58f1b33a4 service manila] For port 5fcdf0d2-2056-43d5-9829-61b574d143f4, host np0000191519, cleared binding levels {{(pid=101829) clear_binding_levels /opt/stack/neutron/neutron/plugins/ml2/db.py:87}}
Aug 31 07:26:04.302926 np0000191519 devstack@neutron-api.service[101829]: DEBUG neutron.plugins.ml2.db [None req-2073a059-aee8-4e64-a92d-02a58f1b33a4 service manila] For port 5fcdf0d2-2056-43d5-9829-61b574d143f4, host np0000191519, set binding levels [PortBindingLevel(driver='ovn',host='np0000191519',level=0,port_id=5fcdf0d2-2056-43d5-9829-61b574d143f4,segment=NetworkSegment(a51cffd1-5e5b-41f4-9bd3-fb6a119fe181),segment_id=a51cffd1-5e5b-41f4-9bd3-fb6a119fe181)] {{(pid=101829) set_binding_levels /opt/stack/neutron/neutron/plugins/ml2/db.py:59}}
Aug 31 07:26:04.304071 np0000191519 devstack@neutron-api.service[101829]: DEBUG neutron.plugins.ml2.drivers.ovn.mech_driver.mech_driver [None req-2073a059-aee8-4e64-a92d-02a58f1b33a4 service manila] No provisioning block for port 5fcdf0d2-2056-43d5-9829-61b574d143f4 since host unchanged {{(pid=101829) _is_port_provisioning_required /opt/stack/neutron/neutron/plugins/ml2/drivers/ovn/mech_driver/mech_driver.py:882}}
Aug 31 07:26:04.313459 np0000191519 devstack@neutron-api.service[101829]: DEBUG neutron_lib.callbacks.manager [None req-2073a059-aee8-4e64-a92d-02a58f1b33a4 service manila] Publish callbacks ['neutron.plugins.ml2.ovo_rpc._ObjectChangeHandler.handle_event-65556484', 'neutron.services.ovn_l3.plugin.OVNL3RouterPlugin._port_update-8629359841554'] for port (5fcdf0d2-2056-43d5-9829-61b574d143f4), after_update {{(pid=101829) _notify_loop /opt/stack/data/venv/lib/python3.12/site-packages/neutron_lib/callbacks/manager.py:184}}
Aug 31 07:26:04.345233 np0000191519 devstack@neutron-api.service[101829]: DEBUG neutron.api.rpc.handlers.resources_rpc [None req-2073a059-aee8-4e64-a92d-02a58f1b33a4 service manila] Pushing event updated for resources: {'Port': ['ID=5fcdf0d2-2056-43d5-9829-61b574d143f4,revision_number=3']} {{(pid=101829) push /opt/stack/neutron/neutron/api/rpc/handlers/resources_rpc.py:237}}
Aug 31 07:26:04.373228 np0000191519 devstack@neutron-api.service[101829]: DEBUG neutron.plugins.ml2.drivers.ovn.mech_driver.ovsdb.commands [None req-2073a059-aee8-4e64-a92d-02a58f1b33a4 service manila] Converting tag [] to a tag_request {{(pid=101829) _tag_column_to_tag_request /opt/stack/neutron/neutron/plugins/ml2/drivers/ovn/mech_driver/ovsdb/commands.py:227}}
Aug 31 07:26:04.373748 np0000191519 devstack@neutron-api.service[101829]: DEBUG ovsdbapp.backend.ovs_idl.transaction [None req-1bff3758-2cef-4566-94c2-7bc9039b38d0 None None] Running txn 623ab6bf n=1 command(idx=0): CheckRevisionNumberCommand(_result=None, name=5fcdf0d2-2056-43d5-9829-61b574d143f4, resource={'id': '5fcdf0d2-2056-43d5-9829-61b574d143f4', 'name': '', 'network_id': '73efa591-9046-4b1d-a735-d409fc4b6d3b', 'project_id': '41d4d0b600a642a380ae8268d0bc11f4', 'mac_address': 'fa:16:3e:04:38:71', 'admin_state_up': True, 'status': 'DOWN', 'device_id': 'manila-admin-share', 'device_owner': 'manila:share', 'standard_attr_id': 46, 'fixed_ips': [{'subnet_id': 'd0fe40c5-9fa0-4ec9-bbb2-02f9eab09169', 'ip_address': '10.2.5.122'}], 'allowed_address_pairs': [], 'extra_dhcp_opts': [], 'security_groups': [], 'description': '', 'binding:vnic_type': 'normal', 'binding:profile': {}, 'binding:host_id': 'np0000191519', 'binding:vif_type': 'ovs', 'binding:vif_details': {'port_filter': True, 'connectivity': 'l2', 'ovs_create_tap': True, 'bridge_name': 'br-int', 'datapath_type': 'system', 'bound_drivers': {'0': 'ovn'}}, 'port_security_enabled': False, 'tags': [], 'created_at': '2026-08-31T07:26:03Z', 'updated_at': '2026-08-31T07:26:04Z', 'revision_number': 3, 'tenant_id': '41d4d0b600a642a380ae8268d0bc11f4', 'network': {'id': '73efa591-9046-4b1d-a735-d409fc4b6d3b', 'name': 'admin_net', 'tenant_id': '41d4d0b600a642a380ae8268d0bc11f4', 'project_id': '41d4d0b600a642a380ae8268d0bc11f4', 'admin_state_up': True, 'mtu': 1372, 'status': 'ACTIVE', 'subnets': ['d0fe40c5-9fa0-4ec9-bbb2-02f9eab09169'], 'standard_attr_id': 42, 'shared': False, 'availability_zone_hints': [], 'availability_zones': [], 'ipv4_address_scope': None, 'ipv6_address_scope': None, 'router:external': False, 'qinq': False, 'vlan_transparent': False, 'description': '', 'port_security_enabled': True, 'tags': [], 'created_at': '2026-08-31T07:25:56Z', 'updated_at': '2026-08-31T07:25:57Z', 'revision_number': 2, 'provider:network_type': 'geneve', 'provider:physical_network': None, 'provider:segmentation_id': 15530}}, resource_type=ports, if_exists=True) {{(pid=101829) do_commit /opt/stack/data/venv/lib/python3.12/site-packages/ovsdbapp/backend/ovs_idl/transaction.py:91}}
Aug 31 07:26:04.374075 np0000191519 devstack@neutron-api.service[101829]: DEBUG ovsdbapp.backend.ovs_idl.transaction [None req-1bff3758-2cef-4566-94c2-7bc9039b38d0 None None] Running txn 623ab6bf n=1 command(idx=1): SetLSwitchPortCommand(_result=None, lport=5fcdf0d2-2056-43d5-9829-61b574d143f4, external_ids_update=None, columns={'external_ids': {'neutron:port_name': '', 'neutron:device_id': 'manila-admin-share', 'neutron:project_id': '41d4d0b600a642a380ae8268d0bc11f4', 'neutron:cidrs': '10.2.5.122/24', 'neutron:device_owner': 'manila:share', 'neutron:subnet_pool_addr_scope4': '', 'neutron:subnet_pool_addr_scope6': '', 'neutron:network_name': 'neutron-73efa591-9046-4b1d-a735-d409fc4b6d3b', 'neutron:security_group_ids': '', 'neutron:revision_number': '3', 'neutron:vnic_type': 'normal', 'neutron:port_capabilities': '', 'neutron:mtu': ''}, 'parent_name': [], 'options': {'requested-chassis': 'np0000191519'}, 'enabled': True, 'port_security': [], 'dhcpv4_options': [UUID('d6c1d44f-48e8-4a4d-b9b1-a2283fcfa27f')], 'dhcpv6_options': [], 'type': '', 'addresses': ['fa:16:3e:04:38:71 10.2.5.122', 'unknown'], 'ha_chassis_group': [], 'tag_request': []}, if_exists=False) {{(pid=101829) do_commit /opt/stack/data/venv/lib/python3.12/site-packages/ovsdbapp/backend/ovs_idl/transaction.py:91}}
Aug 31 07:26:04.374734 np0000191519 devstack@neutron-api.service[101829]: DEBUG ovsdbapp.backend.ovs_idl.transaction [None req-1bff3758-2cef-4566-94c2-7bc9039b38d0 None None] Running txn 623ab6bf n=1 command(idx=2): PgDelPortCommand(_result=None, port_group=neutron_pg_drop, lsp=['5fcdf0d2-2056-43d5-9829-61b574d143f4'], if_exists=False) {{(pid=101829) do_commit /opt/stack/data/venv/lib/python3.12/site-packages/ovsdbapp/backend/ovs_idl/transaction.py:91}}
Aug 31 07:26:04.377043 np0000191519 devstack@neutron-api.service[101829]: DEBUG neutron.plugins.ml2.drivers.ovn.mech_driver.ovsdb.ovsdb_monitor [None req-1bff3758-2cef-4566-94c2-7bc9039b38d0 None None] Hash Ring: Node abbe7bcca6c35a16bd48d0065f38dfbe (host: np0000191519) handling event "update" for row cee9712c-b62f-46b7-b97c-bcceb8bfb4be (table: Logical_Switch_Port) {{(pid=101829) notify /opt/stack/neutron/neutron/plugins/ml2/drivers/ovn/mech_driver/ovsdb/ovsdb_monitor.py:1099}}
Aug 31 07:26:04.377665 np0000191519 devstack@neutron-api.service[101829]: DEBUG ovsdbapp.backend.ovs_idl.transaction [None req-1bff3758-2cef-4566-94c2-7bc9039b38d0 None None] txn 623ab6bf succeeded {{(pid=101829) do_commit /opt/stack/data/venv/lib/python3.12/site-packages/ovsdbapp/backend/ovs_idl/transaction.py:137}}
Aug 31 07:26:04.391346 np0000191519 devstack@neutron-api.service[101832]: DEBUG neutron.plugins.ml2.drivers.ovn.mech_driver.ovsdb.ovsdb_monitor [None req-55e6eb40-5956-40d8-a5eb-18019561d2e8 None None] Hash Ring: Node 92ed8bd271675cfe874b37e8239df373 (host: np0000191519) handling event "update" for row 4d0fb10d-1938-49fc-882c-9fa80b3eeccb (table: Port_Binding) {{(pid=101832) notify /opt/stack/neutron/neutron/plugins/ml2/drivers/ovn/mech_driver/ovsdb/ovsdb_monitor.py:1099}}
Aug 31 07:26:04.426188 np0000191519 devstack@neutron-api.service[101829]: INFO neutron.db.ovn_revision_numbers_db [None req-2073a059-aee8-4e64-a92d-02a58f1b33a4 service manila] Successfully bumped revision number for resource 5fcdf0d2-2056-43d5-9829-61b574d143f4 (type: ports) to 3
Aug 31 07:26:04.441933 np0000191519 devstack@neutron-api.service[101829]: DEBUG neutron.pecan_wsgi.hooks.policy_enforcement [None req-2073a059-aee8-4e64-a92d-02a58f1b33a4 service manila] Attributes excluded by policy engine: ['standard_attr_id'] {{(pid=101829) _exclude_attributes_by_policy /opt/stack/neutron/neutron/pecan_wsgi/hooks/policy_enforcement.py:259}}
Aug 31 07:26:04.442155 np0000191519 devstack@neutron-api.service[101829]: DEBUG neutron_lib.callbacks.manager [None req-2073a059-aee8-4e64-a92d-02a58f1b33a4 service manila] Publish callbacks ['neutron.notifiers.nova.Notifier._send_nova_notification-91835'] for port (None), before_response {{(pid=101829) _notify_loop /opt/stack/data/venv/lib/python3.12/site-packages/neutron_lib/callbacks/manager.py:184}}
Aug 31 07:26:04.461439 np0000191519 devstack@neutron-api.service[101829]: [pid: 101829|app: 0|req: 26/104] 162.253.55.214 () {68 vars in 1304 bytes} [Mon Aug 31 07:26:03 2026] POST /networking/v2.0/ports => generated 926 bytes in 534 msecs (HTTP/1.1 201) 4 headers in 162 bytes (1 switches on core 0)
Aug 31 07:26:04.696225 np0000191519 devstack@neutron-api.service[101832]: DEBUG neutron.plugins.ml2.drivers.ovn.mech_driver.ovsdb.ovsdb_monitor [None req-55e6eb40-5956-40d8-a5eb-18019561d2e8 None None] Hash Ring: Node 92ed8bd271675cfe874b37e8239df373 (host: np0000191519) handling event "update" for row 4d0fb10d-1938-49fc-882c-9fa80b3eeccb (table: Port_Binding) {{(pid=101832) notify /opt/stack/neutron/neutron/plugins/ml2/drivers/ovn/mech_driver/ovsdb/ovsdb_monitor.py:1099}}
Aug 31 07:26:04.786893 np0000191519 devstack@neutron-api.service[101832]: DEBUG neutron.plugins.ml2.drivers.ovn.mech_driver.ovsdb.ovsdb_monitor [None req-55e6eb40-5956-40d8-a5eb-18019561d2e8 None None] Hash Ring: Node 92ed8bd271675cfe874b37e8239df373 (host: np0000191519) handling event "update" for row 4d0fb10d-1938-49fc-882c-9fa80b3eeccb (table: Port_Binding) {{(pid=101832) notify /opt/stack/neutron/neutron/plugins/ml2/drivers/ovn/mech_driver/ovsdb/ovsdb_monitor.py:1099}}
Aug 31 07:26:04.795086 np0000191519 devstack@neutron-api.service[101829]: DEBUG neutron.plugins.ml2.drivers.ovn.mech_driver.ovsdb.ovsdb_monitor [None req-1bff3758-2cef-4566-94c2-7bc9039b38d0 None None] Hash Ring: Node abbe7bcca6c35a16bd48d0065f38dfbe (host: np0000191519) handling event "update" for row cee9712c-b62f-46b7-b97c-bcceb8bfb4be (table: Logical_Switch_Port) {{(pid=101829) notify /opt/stack/neutron/neutron/plugins/ml2/drivers/ovn/mech_driver/ovsdb/ovsdb_monitor.py:1099}}
Aug 31 07:26:04.799436 np0000191519 devstack@neutron-api.service[101829]: DEBUG ovsdbapp.backend.ovs_idl.event [None req-1bff3758-2cef-4566-94c2-7bc9039b38d0 None None] Matched UPDATE: LogicalSwitchPortUpdateUpEvent(events=('update',), table='Logical_Switch_Port', conditions=None, old_conditions=None), priority=20 to row=Logical_Switch_Port(uuid=cee9712c-b62f-46b7-b97c-bcceb8bfb4be, addresses=['fa:16:3e:04:38:71 10.2.5.122', 'unknown'], dhcpv4_options=d6c1d44f-48e8-4a4d-b9b1-a2283fcfa27f, dhcpv6_options=[], dynamic_addresses=[], enabled=True, external_ids={'neutron:cidrs': '10.2.5.122/24', 'neutron:device_id': 'manila-admin-share', 'neutron:device_owner': 'manila:share', 'neutron:mtu': '', 'neutron:network_name': 'neutron-73efa591-9046-4b1d-a735-d409fc4b6d3b', 'neutron:port_capabilities': '', 'neutron:port_name': '', 'neutron:project_id': '41d4d0b600a642a380ae8268d0bc11f4', 'neutron:revision_number': '3', 'neutron:security_group_ids': '', 'neutron:subnet_pool_addr_scope4': '', 'neutron:subnet_pool_addr_scope6': '', 'neutron:vnic_type': 'normal'}, ha_chassis_group=[], mirror_rules=[], name='5fcdf0d2-2056-43d5-9829-61b574d143f4', options={'requested-chassis': 'np0000191519'}, parent_name=[], port_security=[], tag=[], tag_request=[], type='', up=True) old=Logical_Switch_Port(uuid=cee9712c-b62f-46b7-b97c-bcceb8bfb4be, up=False) {{(pid=101829) matches /opt/stack/data/venv/lib/python3.12/site-packages/ovsdbapp/backend/ovs_idl/event.py:55}}
Aug 31 07:26:04.802941 np0000191519 devstack@neutron-api.service[101829]: INFO neutron.plugins.ml2.drivers.ovn.mech_driver.mech_driver [None req-b2ed59d2-4b3c-40e9-a6ef-b06f7555a3ab None None] OVN reports status up for port: 5fcdf0d2-2056-43d5-9829-61b574d143f4
Aug 31 07:26:04.813705 np0000191519 devstack@neutron-api.service[101829]: DEBUG neutron.db.provisioning_blocks [None req-b2ed59d2-4b3c-40e9-a6ef-b06f7555a3ab None None] Provisioning for port 5fcdf0d2-2056-43d5-9829-61b574d143f4 completed by entity L2. {{(pid=101829) provisioning_complete /opt/stack/neutron/neutron/db/provisioning_blocks.py:133}}
Aug 31 07:26:04.828446 np0000191519 devstack@neutron-api.service[101829]: DEBUG neutron.db.provisioning_blocks [None req-b2ed59d2-4b3c-40e9-a6ef-b06f7555a3ab None None] Provisioning complete for port 5fcdf0d2-2056-43d5-9829-61b574d143f4 triggered by entity L2. {{(pid=101829) provisioning_complete /opt/stack/neutron/neutron/db/provisioning_blocks.py:141}}
Aug 31 07:26:04.828707 np0000191519 devstack@neutron-api.service[101829]: DEBUG neutron_lib.callbacks.manager [None req-b2ed59d2-4b3c-40e9-a6ef-b06f7555a3ab None None] Publish callbacks ['neutron.plugins.ml2.plugin.Ml2Plugin._port_provisioned-354853'] for port (5fcdf0d2-2056-43d5-9829-61b574d143f4), provisioning_complete {{(pid=101829) _notify_loop /opt/stack/data/venv/lib/python3.12/site-packages/neutron_lib/callbacks/manager.py:184}}
Aug 31 07:26:04.829043 np0000191519 devstack@neutron-api.service[101829]: INFO neutron.plugins.ml2.plugin [None req-b2ed59d2-4b3c-40e9-a6ef-b06f7555a3ab None None] Attempt 1 to provision port 5fcdf0d2-2056-43d5-9829-61b574d143f4
Aug 31 07:26:04.893430 np0000191519 devstack@neutron-api.service[101829]: DEBUG neutron.plugins.ml2.plugin [None req-b2ed59d2-4b3c-40e9-a6ef-b06f7555a3ab None None] Current status of the port 5fcdf0d2-2056-43d5-9829-61b574d143f4 is: DOWN; New status is: ACTIVE {{(pid=101829) _update_individual_port_db_status /opt/stack/neutron/neutron/plugins/ml2/plugin.py:2473}}
Aug 31 07:26:04.893644 np0000191519 devstack@neutron-api.service[101829]: DEBUG neutron_lib.callbacks.manager [None req-b2ed59d2-4b3c-40e9-a6ef-b06f7555a3ab None None] Publish callbacks ['neutron.plugins.ml2.plugin.SecurityGroupDbMixin._ensure_default_security_group_handler-71959', 'neutron.services.ovn_l3.plugin.OVNL3RouterPlugin._port_update-8629359841554', 'neutron.db.l3_db.L3_NAT_dbonly_mixin._prevent_internal_ip_change_for_fip-8629361353752'] for port (5fcdf0d2-2056-43d5-9829-61b574d143f4), before_update {{(pid=101829) _notify_loop /opt/stack/data/venv/lib/python3.12/site-packages/neutron_lib/callbacks/manager.py:184}}
Aug 31 07:26:04.918942 np0000191519 devstack@neutron-api.service[101829]: DEBUG neutron.plugins.ml2.db [None req-b2ed59d2-4b3c-40e9-a6ef-b06f7555a3ab None None] For port 5fcdf0d2-2056-43d5-9829-61b574d143f4, host np0000191519, got binding levels [PortBindingLevel(driver='ovn',host='np0000191519',level=0,port_id=5fcdf0d2-2056-43d5-9829-61b574d143f4,segment=NetworkSegment(a51cffd1-5e5b-41f4-9bd3-fb6a119fe181),segment_id=a51cffd1-5e5b-41f4-9bd3-fb6a119fe181)] {{(pid=101829) get_binding_level_objs /opt/stack/neutron/neutron/plugins/ml2/db.py:74}}
Aug 31 07:26:04.919297 np0000191519 devstack@neutron-api.service[101829]: DEBUG neutron.plugins.ml2.drivers.ovn.mech_driver.mech_driver [None req-b2ed59d2-4b3c-40e9-a6ef-b06f7555a3ab None None] No provisioning block for port 5fcdf0d2-2056-43d5-9829-61b574d143f4 since it is active {{(pid=101829) _is_port_provisioning_required /opt/stack/neutron/neutron/plugins/ml2/drivers/ovn/mech_driver/mech_driver.py:872}}
Aug 31 07:26:04.974476 np0000191519 devstack@neutron-api.service[101829]: DEBUG neutron.plugins.ml2.drivers.ovn.mech_driver.ovsdb.commands [None req-b2ed59d2-4b3c-40e9-a6ef-b06f7555a3ab None None] Converting tag [] to a tag_request {{(pid=101829) _tag_column_to_tag_request /opt/stack/neutron/neutron/plugins/ml2/drivers/ovn/mech_driver/ovsdb/commands.py:227}}
Aug 31 07:26:04.976096 np0000191519 devstack@neutron-api.service[101829]: DEBUG ovsdbapp.backend.ovs_idl.transaction [None req-1bff3758-2cef-4566-94c2-7bc9039b38d0 None None] Running txn 6303d6cd n=1 command(idx=0): CheckRevisionNumberCommand(_result=None, name=5fcdf0d2-2056-43d5-9829-61b574d143f4, resource={'id': '5fcdf0d2-2056-43d5-9829-61b574d143f4', 'name': '', 'network_id': '73efa591-9046-4b1d-a735-d409fc4b6d3b', 'project_id': '41d4d0b600a642a380ae8268d0bc11f4', 'mac_address': 'fa:16:3e:04:38:71', 'admin_state_up': True, 'status': 'ACTIVE', 'device_id': 'manila-admin-share', 'device_owner': 'manila:share', 'standard_attr_id': 46, 'fixed_ips': [{'subnet_id': 'd0fe40c5-9fa0-4ec9-bbb2-02f9eab09169', 'ip_address': '10.2.5.122'}], 'allowed_address_pairs': [], 'extra_dhcp_opts': [], 'security_groups': [], 'description': '', 'binding:vnic_type': 'normal', 'binding:profile': {}, 'binding:host_id': 'np0000191519', 'binding:vif_type': 'ovs', 'binding:vif_details': {'port_filter': True, 'connectivity': 'l2', 'ovs_create_tap': True, 'bridge_name': 'br-int', 'datapath_type': 'system', 'bound_drivers': {'0': 'ovn'}}, 'port_security_enabled': False, 'tags': [], 'created_at': '2026-08-31T07:26:03Z', 'updated_at': '2026-08-31T07:26:04Z', 'revision_number': 4, 'tenant_id': '41d4d0b600a642a380ae8268d0bc11f4', 'network': {'id': '73efa591-9046-4b1d-a735-d409fc4b6d3b', 'name': 'admin_net', 'tenant_id': '41d4d0b600a642a380ae8268d0bc11f4', 'project_id': '41d4d0b600a642a380ae8268d0bc11f4', 'admin_state_up': True, 'mtu': 1372, 'status': 'ACTIVE', 'subnets': ['d0fe40c5-9fa0-4ec9-bbb2-02f9eab09169'], 'standard_attr_id': 42, 'shared': False, 'availability_zone_hints': [], 'availability_zones': [], 'ipv4_address_scope': None, 'ipv6_address_scope': None, 'router:external': False, 'qinq': False, 'vlan_transparent': False, 'description': '', 'port_security_enabled': True, 'tags': [], 'created_at': '2026-08-31T07:25:56Z', 'updated_at': '2026-08-31T07:25:57Z', 'revision_number': 2, 'provider:network_type': 'geneve', 'provider:physical_network': None, 'provider:segmentation_id': 15530}}, resource_type=ports, if_exists=True) {{(pid=101829) do_commit /opt/stack/data/venv/lib/python3.12/site-packages/ovsdbapp/backend/ovs_idl/transaction.py:91}}
Aug 31 07:26:04.976953 np0000191519 devstack@neutron-api.service[101829]: DEBUG ovsdbapp.backend.ovs_idl.transaction [None req-1bff3758-2cef-4566-94c2-7bc9039b38d0 None None] Running txn 6303d6cd n=1 command(idx=1): SetLSwitchPortCommand(_result=None, lport=5fcdf0d2-2056-43d5-9829-61b574d143f4, external_ids_update=None, columns={'external_ids': {'neutron:port_name': '', 'neutron:device_id': 'manila-admin-share', 'neutron:project_id': '41d4d0b600a642a380ae8268d0bc11f4', 'neutron:cidrs': '10.2.5.122/24', 'neutron:device_owner': 'manila:share', 'neutron:subnet_pool_addr_scope4': '', 'neutron:subnet_pool_addr_scope6': '', 'neutron:network_name': 'neutron-73efa591-9046-4b1d-a735-d409fc4b6d3b', 'neutron:security_group_ids': '', 'neutron:revision_number': '4', 'neutron:vnic_type': 'normal', 'neutron:port_capabilities': '', 'neutron:mtu': ''}, 'parent_name': [], 'options': {'requested-chassis': 'np0000191519'}, 'enabled': True, 'port_security': [], 'dhcpv4_options': [UUID('d6c1d44f-48e8-4a4d-b9b1-a2283fcfa27f')], 'dhcpv6_options': [], 'type': '', 'addresses': ['fa:16:3e:04:38:71 10.2.5.122', 'unknown'], 'ha_chassis_group': [], 'tag_request': []}, if_exists=False) {{(pid=101829) do_commit /opt/stack/data/venv/lib/python3.12/site-packages/ovsdbapp/backend/ovs_idl/transaction.py:91}}
Aug 31 07:26:04.978731 np0000191519 devstack@neutron-api.service[101829]: DEBUG ovsdbapp.backend.ovs_idl.transaction [None req-1bff3758-2cef-4566-94c2-7bc9039b38d0 None None] Running txn 6303d6cd n=1 command(idx=2): PgDelPortCommand(_result=None, port_group=neutron_pg_drop, lsp=['5fcdf0d2-2056-43d5-9829-61b574d143f4'], if_exists=False) {{(pid=101829) do_commit /opt/stack/data/venv/lib/python3.12/site-packages/ovsdbapp/backend/ovs_idl/transaction.py:91}}
Aug 31 07:26:04.984552 np0000191519 devstack@neutron-api.service[101829]: DEBUG neutron.plugins.ml2.drivers.ovn.mech_driver.ovsdb.ovsdb_monitor [None req-1bff3758-2cef-4566-94c2-7bc9039b38d0 None None] Hash Ring: Node abbe7bcca6c35a16bd48d0065f38dfbe (host: np0000191519) handling event "update" for row cee9712c-b62f-46b7-b97c-bcceb8bfb4be (table: Logical_Switch_Port) {{(pid=101829) notify /opt/stack/neutron/neutron/plugins/ml2/drivers/ovn/mech_driver/ovsdb/ovsdb_monitor.py:1099}}
Aug 31 07:26:04.986869 np0000191519 devstack@neutron-api.service[101832]: DEBUG neutron.plugins.ml2.drivers.ovn.mech_driver.ovsdb.ovsdb_monitor [None req-55e6eb40-5956-40d8-a5eb-18019561d2e8 None None] Hash Ring: Node 92ed8bd271675cfe874b37e8239df373 (host: np0000191519) handling event "update" for row 4d0fb10d-1938-49fc-882c-9fa80b3eeccb (table: Port_Binding) {{(pid=101832) notify /opt/stack/neutron/neutron/plugins/ml2/drivers/ovn/mech_driver/ovsdb/ovsdb_monitor.py:1099}}
Aug 31 07:26:04.988907 np0000191519 devstack@neutron-api.service[101829]: DEBUG ovsdbapp.backend.ovs_idl.transaction [None req-1bff3758-2cef-4566-94c2-7bc9039b38d0 None None] txn 6303d6cd succeeded {{(pid=101829) do_commit /opt/stack/data/venv/lib/python3.12/site-packages/ovsdbapp/backend/ovs_idl/transaction.py:137}}
Aug 31 07:26:05.023270 np0000191519 devstack@neutron-api.service[101829]: INFO neutron.db.ovn_revision_numbers_db [None req-b2ed59d2-4b3c-40e9-a6ef-b06f7555a3ab None None] Successfully bumped revision number for resource 5fcdf0d2-2056-43d5-9829-61b574d143f4 (type: ports) to 4
Aug 31 07:26:05.026659 np0000191519 devstack@neutron-api.service[101829]: DEBUG neutron_lib.callbacks.manager [None req-b2ed59d2-4b3c-40e9-a6ef-b06f7555a3ab None None] Publish callbacks ['neutron.plugins.ml2.ovo_rpc._ObjectChangeHandler.handle_event-65556484', 'neutron.services.ovn_l3.plugin.OVNL3RouterPlugin._port_update-8629359841554'] for port (5fcdf0d2-2056-43d5-9829-61b574d143f4), after_update {{(pid=101829) _notify_loop /opt/stack/data/venv/lib/python3.12/site-packages/neutron_lib/callbacks/manager.py:184}}
Aug 31 07:26:05.055339 np0000191519 devstack@neutron-api.service[101829]: DEBUG neutron.api.rpc.handlers.resources_rpc [None req-6238b61a-129f-4245-9741-c86d34302f59 None None] Pushing event updated for resources: {'Port': ['ID=5fcdf0d2-2056-43d5-9829-61b574d143f4,revision_number=4']} {{(pid=101829) push /opt/stack/neutron/neutron/api/rpc/handlers/resources_rpc.py:237}}
Aug 31 07:26:05.072086 np0000191519 devstack@neutron-api.service[101829]: DEBUG ovsdbapp.backend.ovs_idl.transaction [None req-1bff3758-2cef-4566-94c2-7bc9039b38d0 None None] Running txn 47c57db2 n=1 command(idx=0): DbSetCommand(_result=None, table=Logical_Switch_Port, record=5fcdf0d2-2056-43d5-9829-61b574d143f4, col_values=(('external_ids', {'neutron:host_id': 'np0000191519'}),), if_exists=True) {{(pid=101829) do_commit /opt/stack/data/venv/lib/python3.12/site-packages/ovsdbapp/backend/ovs_idl/transaction.py:91}}
Aug 31 07:26:05.078611 np0000191519 devstack@neutron-api.service[101829]: DEBUG neutron.plugins.ml2.drivers.ovn.mech_driver.ovsdb.ovsdb_monitor [None req-1bff3758-2cef-4566-94c2-7bc9039b38d0 None None] Hash Ring: Node abbe7bcca6c35a16bd48d0065f38dfbe (host: np0000191519) handling event "update" for row cee9712c-b62f-46b7-b97c-bcceb8bfb4be (table: Logical_Switch_Port) {{(pid=101829) notify /opt/stack/neutron/neutron/plugins/ml2/drivers/ovn/mech_driver/ovsdb/ovsdb_monitor.py:1099}}
Aug 31 07:26:05.079573 np0000191519 devstack@neutron-api.service[101832]: DEBUG neutron.plugins.ml2.drivers.ovn.mech_driver.ovsdb.ovsdb_monitor [None req-55e6eb40-5956-40d8-a5eb-18019561d2e8 None None] Hash Ring: Node 92ed8bd271675cfe874b37e8239df373 (host: np0000191519) handling event "update" for row 4d0fb10d-1938-49fc-882c-9fa80b3eeccb (table: Port_Binding) {{(pid=101832) notify /opt/stack/neutron/neutron/plugins/ml2/drivers/ovn/mech_driver/ovsdb/ovsdb_monitor.py:1099}}
Aug 31 07:26:05.083620 np0000191519 devstack@neutron-api.service[101829]: DEBUG ovsdbapp.backend.ovs_idl.transaction [None req-1bff3758-2cef-4566-94c2-7bc9039b38d0 None None] txn 47c57db2 succeeded {{(pid=101829) do_commit /opt/stack/data/venv/lib/python3.12/site-packages/ovsdbapp/backend/ovs_idl/transaction.py:137}}
Aug 31 07:26:05.130882 np0000191519 devstack@neutron-api.service[101830]: DEBUG neutron.pecan_wsgi.hooks.policy_enforcement [None req-61177bde-2707-44db-98af-e2d892777eb8 service manila] Attributes excluded by policy engine: ['standard_attr_id', 'shared'] {{(pid=101830) _exclude_attributes_by_policy /opt/stack/neutron/neutron/pecan_wsgi/hooks/policy_enforcement.py:259}}
Aug 31 07:26:05.132212 np0000191519 devstack@neutron-api.service[101830]: [pid: 101830|app: 0|req: 26/105] 162.253.55.214 () {64 vars in 1367 bytes} [Mon Aug 31 07:26:05 2026] GET /networking/v2.0/subnets/d0fe40c5-9fa0-4ec9-bbb2-02f9eab09169 => generated 625 bytes in 21 msecs (HTTP/1.1 200) 4 headers in 157 bytes (1 switches on core 0)
Aug 31 07:26:05.727801 np0000191519 devstack@neutron-api.service[101831]: DEBUG neutron.pecan_wsgi.hooks.policy_enforcement [None req-450e3383-2243-47a0-ab66-fb98f2b59939 service manila] Attributes excluded by policy engine: ['standard_attr_id'] {{(pid=101831) _exclude_attributes_by_policy /opt/stack/neutron/neutron/pecan_wsgi/hooks/policy_enforcement.py:259}}
Aug 31 07:26:05.729773 np0000191519 devstack@neutron-api.service[101831]: [pid: 101831|app: 0|req: 28/106] 162.253.55.214 () {64 vars in 1369 bytes} [Mon Aug 31 07:26:05 2026] GET /networking/v2.0/ports?device_id=manila-admin-share&binding%3Ahost_id=np0000191519 => generated 931 bytes in 59 msecs (HTTP/1.1 200) 4 headers in 157 bytes (1 switches on core 0)
Aug 31 07:26:06.055527 np0000191519 devstack@neutron-api.service[101832]: DEBUG neutron.pecan_wsgi.hooks.policy_enforcement [None req-85e9376c-53c4-4308-967b-9a54cebcdaa8 service manila] Attributes excluded by policy engine: ['standard_attr_id', 'shared'] {{(pid=101832) _exclude_attributes_by_policy /opt/stack/neutron/neutron/pecan_wsgi/hooks/policy_enforcement.py:259}}
Aug 31 07:26:06.056841 np0000191519 devstack@neutron-api.service[101832]: [pid: 101832|app: 0|req: 27/107] 162.253.55.214 () {64 vars in 1367 bytes} [Mon Aug 31 07:26:06 2026] GET /networking/v2.0/subnets/d0fe40c5-9fa0-4ec9-bbb2-02f9eab09169 => generated 625 bytes in 25 msecs (HTTP/1.1 200) 4 headers in 157 bytes (1 switches on core 0)
Aug 31 07:26:08.201849 np0000191519 devstack@neutron-api.service[101831]: DEBUG futurist.periodics [-] Submitting periodic callback 'neutron.plugins.ml2.drivers.ovn.mech_driver.ovsdb.maintenance.HashRingHealthCheckPeriodics.touch_hash_ring_node' {{(pid=101831) _process_scheduled /opt/stack/data/venv/lib/python3.12/site-packages/futurist/periodics.py:784}}
Aug 31 07:26:08.202646 np0000191519 devstack@neutron-api.service[101831]: DEBUG neutron.plugins.ml2.drivers.ovn.mech_driver.ovsdb.maintenance [-] Touching Hash Ring node "2ea5ce5805a35fa2bc0d40c2da9e4cad" from periodic health check thread {{(pid=101831) touch_hash_ring_node /opt/stack/neutron/neutron/plugins/ml2/drivers/ovn/mech_driver/ovsdb/maintenance.py:1532}}
Aug 31 07:26:09.111625 np0000191519 devstack@neutron-api.service[101832]: DEBUG futurist.periodics [-] Submitting periodic callback 'neutron.plugins.ml2.drivers.ovn.mech_driver.ovsdb.maintenance.HashRingHealthCheckPeriodics.touch_hash_ring_node' {{(pid=101832) _process_scheduled /opt/stack/data/venv/lib/python3.12/site-packages/futurist/periodics.py:784}}
Aug 31 07:26:09.112657 np0000191519 devstack@neutron-api.service[101832]: DEBUG neutron.plugins.ml2.drivers.ovn.mech_driver.ovsdb.maintenance [-] Touching Hash Ring node "92ed8bd271675cfe874b37e8239df373" from periodic health check thread {{(pid=101832) touch_hash_ring_node /opt/stack/neutron/neutron/plugins/ml2/drivers/ovn/mech_driver/ovsdb/maintenance.py:1532}}
Aug 31 07:26:09.208073 np0000191519 devstack@neutron-api.service[101829]: DEBUG futurist.periodics [-] Submitting periodic callback 'neutron.plugins.ml2.drivers.ovn.mech_driver.ovsdb.maintenance.HashRingHealthCheckPeriodics.touch_hash_ring_node' {{(pid=101829) _process_scheduled /opt/stack/data/venv/lib/python3.12/site-packages/futurist/periodics.py:784}}
Aug 31 07:26:09.209181 np0000191519 devstack@neutron-api.service[101829]: DEBUG neutron.plugins.ml2.drivers.ovn.mech_driver.ovsdb.maintenance [-] Touching Hash Ring node "abbe7bcca6c35a16bd48d0065f38dfbe" from periodic health check thread {{(pid=101829) touch_hash_ring_node /opt/stack/neutron/neutron/plugins/ml2/drivers/ovn/mech_driver/ovsdb/maintenance.py:1532}}
Aug 31 07:26:09.317475 np0000191519 devstack@neutron-api.service[101830]: DEBUG futurist.periodics [-] Submitting periodic callback 'neutron.plugins.ml2.drivers.ovn.mech_driver.ovsdb.maintenance.HashRingHealthCheckPeriodics.touch_hash_ring_node' {{(pid=101830) _process_scheduled /opt/stack/data/venv/lib/python3.12/site-packages/futurist/periodics.py:784}}
Aug 31 07:26:09.318088 np0000191519 devstack@neutron-api.service[101830]: DEBUG neutron.plugins.ml2.drivers.ovn.mech_driver.ovsdb.maintenance [-] Touching Hash Ring node "a204a19e56f1591e8b12c2c98feb8a6c" from periodic health check thread {{(pid=101830) touch_hash_ring_node /opt/stack/neutron/neutron/plugins/ml2/drivers/ovn/mech_driver/ovsdb/maintenance.py:1532}}
Aug 31 07:26:18.215716 np0000191519 devstack@neutron-api.service[101831]: DEBUG dbcounter [-] [101831] Writing DB stats neutron:UPDATE=2,neutron:SELECT=27 {{(pid=101831) stat_writer /opt/stack/data/venv/lib/python3.12/site-packages/dbcounter.py:115}}
Aug 31 07:26:19.127738 np0000191519 devstack@neutron-api.service[101832]: DEBUG dbcounter [-] [101832] Writing DB stats neutron:UPDATE=7,neutron:SELECT=258,neutron:INSERT=11,neutron:DELETE=2 {{(pid=101832) stat_writer /opt/stack/data/venv/lib/python3.12/site-packages/dbcounter.py:115}}
Aug 31 07:26:19.223525 np0000191519 devstack@neutron-api.service[101829]: DEBUG dbcounter [-] [101829] Writing DB stats neutron:UPDATE=15,neutron:SELECT=310,neutron:INSERT=11,neutron:DELETE=3 {{(pid=101829) stat_writer /opt/stack/data/venv/lib/python3.12/site-packages/dbcounter.py:115}}
Aug 31 07:26:19.329927 np0000191519 devstack@neutron-api.service[101830]: DEBUG dbcounter [-] [101830] Writing DB stats neutron:UPDATE=17,neutron:SELECT=224,neutron:INSERT=30,neutron:DELETE=2 {{(pid=101830) stat_writer /opt/stack/data/venv/lib/python3.12/site-packages/dbcounter.py:115}}
Aug 31 07:26:20.302268 np0000191519 devstack@neutron-api.service[101829]: [pid: 101829|app: 0|req: 27/108] 162.253.55.214 () {62 vars in 1059 bytes} [Mon Aug 31 07:26:20 2026] GET /networking => generated 130 bytes in 3 msecs (HTTP/1.1 200) 3 headers in 91 bytes (1 switches on core 0)
Aug 31 07:26:20.383843 np0000191519 devstack@neutron-api.service[101830]: DEBUG neutron.pecan_wsgi.hooks.policy_enforcement [None req-c40ca233-30a1-4949-bce1-c7429689fc6f demo demo] Attributes excluded by policy engine: ['standard_attr_id', 'provider:network_type', 'provider:physical_network', 'provider:segmentation_id'] {{(pid=101830) _exclude_attributes_by_policy /opt/stack/neutron/neutron/pecan_wsgi/hooks/policy_enforcement.py:259}}
Aug 31 07:26:20.385154 np0000191519 devstack@neutron-api.service[101830]: [pid: 101830|app: 0|req: 27/109] 162.253.55.214 () {64 vars in 1348 bytes} [Mon Aug 31 07:26:20 2026] GET /networking/v2.0/networks?router%3Aexternal=True => generated 659 bytes in 50 msecs (HTTP/1.1 200) 4 headers in 157 bytes (1 switches on core 0)
Aug 31 07:26:23.202663 np0000191519 devstack@neutron-api.service[101831]: DEBUG futurist.periodics [-] Submitting periodic callback 'neutron.plugins.ml2.drivers.ovn.mech_driver.ovsdb.maintenance.HashRingHealthCheckPeriodics.touch_hash_ring_node' {{(pid=101831) _process_scheduled /opt/stack/data/venv/lib/python3.12/site-packages/futurist/periodics.py:784}}
Aug 31 07:26:23.203400 np0000191519 devstack@neutron-api.service[101831]: DEBUG neutron.plugins.ml2.drivers.ovn.mech_driver.ovsdb.maintenance [-] Touching Hash Ring node "2ea5ce5805a35fa2bc0d40c2da9e4cad" from periodic health check thread {{(pid=101831) touch_hash_ring_node /opt/stack/neutron/neutron/plugins/ml2/drivers/ovn/mech_driver/ovsdb/maintenance.py:1532}}
Aug 31 07:26:24.112588 np0000191519 devstack@neutron-api.service[101832]: DEBUG futurist.periodics [-] Submitting periodic callback 'neutron.plugins.ml2.drivers.ovn.mech_driver.ovsdb.maintenance.HashRingHealthCheckPeriodics.touch_hash_ring_node' {{(pid=101832) _process_scheduled /opt/stack/data/venv/lib/python3.12/site-packages/futurist/periodics.py:784}}
Aug 31 07:26:24.113229 np0000191519 devstack@neutron-api.service[101832]: DEBUG neutron.plugins.ml2.drivers.ovn.mech_driver.ovsdb.maintenance [-] Touching Hash Ring node "92ed8bd271675cfe874b37e8239df373" from periodic health check thread {{(pid=101832) touch_hash_ring_node /opt/stack/neutron/neutron/plugins/ml2/drivers/ovn/mech_driver/ovsdb/maintenance.py:1532}}
Aug 31 07:26:24.209171 np0000191519 devstack@neutron-api.service[101829]: DEBUG futurist.periodics [-] Submitting periodic callback 'neutron.plugins.ml2.drivers.ovn.mech_driver.ovsdb.maintenance.HashRingHealthCheckPeriodics.touch_hash_ring_node' {{(pid=101829) _process_scheduled /opt/stack/data/venv/lib/python3.12/site-packages/futurist/periodics.py:784}}
Aug 31 07:26:24.209838 np0000191519 devstack@neutron-api.service[101829]: DEBUG neutron.plugins.ml2.drivers.ovn.mech_driver.ovsdb.maintenance [-] Touching Hash Ring node "abbe7bcca6c35a16bd48d0065f38dfbe" from periodic health check thread {{(pid=101829) touch_hash_ring_node /opt/stack/neutron/neutron/plugins/ml2/drivers/ovn/mech_driver/ovsdb/maintenance.py:1532}}
Aug 31 07:26:24.318168 np0000191519 devstack@neutron-api.service[101830]: DEBUG futurist.periodics [-] Submitting periodic callback 'neutron.plugins.ml2.drivers.ovn.mech_driver.ovsdb.maintenance.HashRingHealthCheckPeriodics.touch_hash_ring_node' {{(pid=101830) _process_scheduled /opt/stack/data/venv/lib/python3.12/site-packages/futurist/periodics.py:784}}
Aug 31 07:26:24.318922 np0000191519 devstack@neutron-api.service[101830]: DEBUG neutron.plugins.ml2.drivers.ovn.mech_driver.ovsdb.maintenance [-] Touching Hash Ring node "a204a19e56f1591e8b12c2c98feb8a6c" from periodic health check thread {{(pid=101830) touch_hash_ring_node /opt/stack/neutron/neutron/plugins/ml2/drivers/ovn/mech_driver/ovsdb/maintenance.py:1532}}
Aug 31 07:26:25.566888 np0000191519 devstack@neutron-api.service[101831]: [pid: 101831|app: 0|req: 29/110] 162.253.55.214 () {62 vars in 1059 bytes} [Mon Aug 31 07:26:25 2026] GET /networking => generated 130 bytes in 3 msecs (HTTP/1.1 200) 3 headers in 91 bytes (1 switches on core 0)
Aug 31 07:26:25.684520 np0000191519 devstack@neutron-api.service[101832]: DEBUG neutron.pecan_wsgi.hooks.policy_enforcement [None req-b6df3894-583c-426d-8928-ca6ea7a9129b demo demo] Attributes excluded by policy engine: ['standard_attr_id', 'provider:network_type', 'provider:physical_network', 'provider:segmentation_id'] {{(pid=101832) _exclude_attributes_by_policy /opt/stack/neutron/neutron/pecan_wsgi/hooks/policy_enforcement.py:259}}
Aug 31 07:26:25.686901 np0000191519 devstack@neutron-api.service[101832]: [pid: 101832|app: 0|req: 28/111] 162.253.55.214 () {64 vars in 1348 bytes} [Mon Aug 31 07:26:25 2026] GET /networking/v2.0/networks?router%3Aexternal=True => generated 659 bytes in 86 msecs (HTTP/1.1 200) 4 headers in 157 bytes (1 switches on core 0)
Aug 31 07:26:33.216282 np0000191519 devstack@neutron-api.service[101831]: DEBUG dbcounter [-] [101831] Writing DB stats neutron:UPDATE=1,neutron:SELECT=1 {{(pid=101831) stat_writer /opt/stack/data/venv/lib/python3.12/site-packages/dbcounter.py:115}}
Aug 31 07:26:34.223287 np0000191519 devstack@neutron-api.service[101829]: DEBUG dbcounter [-] [101829] Writing DB stats neutron:UPDATE=1,neutron:SELECT=1 {{(pid=101829) stat_writer /opt/stack/data/venv/lib/python3.12/site-packages/dbcounter.py:115}}
Aug 31 07:26:34.330620 np0000191519 devstack@neutron-api.service[101830]: DEBUG dbcounter [-] [101830] Writing DB stats neutron:SELECT=18,neutron:UPDATE=1 {{(pid=101830) stat_writer /opt/stack/data/venv/lib/python3.12/site-packages/dbcounter.py:115}}
Aug 31 07:26:35.161229 np0000191519 devstack@neutron-api.service[101829]: [pid: 101829|app: 0|req: 28/112] 162.253.55.214 () {62 vars in 1070 bytes} [Mon Aug 31 07:26:35 2026] GET /networking => generated 130 bytes in 2 msecs (HTTP/1.1 200) 3 headers in 91 bytes (2 switches on core 0)
Aug 31 07:26:35.232211 np0000191519 devstack@neutron-api.service[101830]: DEBUG neutron.pecan_wsgi.hooks.policy_enforcement [None req-0622d9db-c146-4021-b660-a41a87f1e2c3 demo demo] Attributes excluded by policy engine: ['standard_attr_id', 'provider:network_type', 'provider:physical_network', 'provider:segmentation_id'] {{(pid=101830) _exclude_attributes_by_policy /opt/stack/neutron/neutron/pecan_wsgi/hooks/policy_enforcement.py:259}}
Aug 31 07:26:35.233581 np0000191519 devstack@neutron-api.service[101830]: [pid: 101830|app: 0|req: 28/113] 162.253.55.214 () {64 vars in 1383 bytes} [Mon Aug 31 07:26:35 2026] GET /networking/v2.0/networks?name=public&router%3Aexternal=True => generated 659 bytes in 43 msecs (HTTP/1.1 200) 4 headers in 157 bytes (1 switches on core 0)
Aug 31 07:26:35.678058 np0000191519 devstack@neutron-api.service[101832]: DEBUG dbcounter [-] [101832] Writing DB stats neutron:UPDATE=1,neutron:SELECT=18 {{(pid=101832) stat_writer /opt/stack/data/venv/lib/python3.12/site-packages/dbcounter.py:115}}
Aug 31 07:26:37.507868 np0000191519 devstack@neutron-api.service[101831]: [pid: 101831|app: 0|req: 30/114] 162.253.55.214 () {64 vars in 1267 bytes} [Mon Aug 31 07:26:37 2026] GET /networking/ => generated 130 bytes in 2 msecs (HTTP/1.1 200) 3 headers in 91 bytes (1 switches on core 0)
Aug 31 07:26:37.691309 np0000191519 devstack@neutron-api.service[101832]: DEBUG neutron.pecan_wsgi.hooks.policy_enforcement [None req-4832a0f4-b57a-4b34-80a6-6ac3637f18f4 demo demo] Attributes excluded by policy engine: ['standard_attr_id', 'provider:network_type', 'provider:physical_network', 'provider:segmentation_id'] {{(pid=101832) _exclude_attributes_by_policy /opt/stack/neutron/neutron/pecan_wsgi/hooks/policy_enforcement.py:259}}
Aug 31 07:26:37.692639 np0000191519 devstack@neutron-api.service[101832]: [pid: 101832|app: 0|req: 29/115] 162.253.55.214 () {64 vars in 1416 bytes} [Mon Aug 31 07:26:37 2026] GET /networking/v2.0/networks/0ed1a312-fcd3-4bc1-8d0d-aa4a7d009fda => generated 656 bytes in 178 msecs (HTTP/1.1 200) 4 headers in 157 bytes (1 switches on core 0)
Aug 31 07:26:37.744965 np0000191519 devstack@neutron-api.service[101829]: [pid: 101829|app: 0|req: 29/116] 162.253.55.214 () {64 vars in 1410 bytes} [Mon Aug 31 07:26:37 2026] GET /networking/v2.0/networks?name=k8s-clusterapi-cluster-magnum-system-kube-ud2a2 => generated 15 bytes in 44 msecs (HTTP/1.1 200) 4 headers in 156 bytes (1 switches on core 0)
Aug 31 07:26:37.758434 np0000191519 devstack@neutron-api.service[101830]: DEBUG neutron.api.v2.base [None req-ae346cf0-6018-45fe-b0cb-c9047a57aa14 demo demo] Request body: {'network': {'admin_state_up': True, 'name': 'k8s-clusterapi-cluster-magnum-system-kube-ud2a2'}} {{(pid=101830) prepare_request_body /opt/stack/neutron/neutron/api/v2/base.py:727}}
Aug 31 07:26:37.785682 np0000191519 devstack@neutron-api.service[101830]: DEBUG neutron.pecan_wsgi.hooks.quota_enforcement [None req-ae346cf0-6018-45fe-b0cb-c9047a57aa14 demo demo] Made reservation on behalf of 45ca0730949244449c86f6cfb4e68ace for: {'network': 1} {{(pid=101830) before /opt/stack/neutron/neutron/pecan_wsgi/hooks/quota_enforcement.py:66}}
Aug 31 07:26:37.791999 np0000191519 devstack@neutron-api.service[101830]: DEBUG neutron_lib.callbacks.manager [None req-ae346cf0-6018-45fe-b0cb-c9047a57aa14 demo demo] Publish callbacks ['neutron.plugins.ml2.plugin.SecurityGroupDbMixin._ensure_default_security_group_handler-2032806'] for network (None), before_create {{(pid=101830) _notify_loop /opt/stack/data/venv/lib/python3.12/site-packages/neutron_lib/callbacks/manager.py:184}}
Aug 31 07:26:37.802887 np0000191519 devstack@neutron-api.service[101830]: DEBUG neutron_lib.callbacks.manager [None req-ae346cf0-6018-45fe-b0cb-c9047a57aa14 demo demo] Publish callbacks [] for security_group (None), before_create {{(pid=101830) _notify_loop /opt/stack/data/venv/lib/python3.12/site-packages/neutron_lib/callbacks/manager.py:184}}
Aug 31 07:26:37.901574 np0000191519 devstack@neutron-api.service[101830]: DEBUG neutron_lib.callbacks.manager [None req-ae346cf0-6018-45fe-b0cb-c9047a57aa14 demo demo] Publish callbacks ['neutron.plugins.ml2.drivers.ovn.mech_driver.mech_driver.OVNMechanismDriver._create_security_group_precommit-239325'] for security_group (023687c4-d6b1-47e6-bf28-c9d6868389c8), precommit_create {{(pid=101830) _notify_loop /opt/stack/data/venv/lib/python3.12/site-packages/neutron_lib/callbacks/manager.py:184}}
Aug 31 07:26:37.901803 np0000191519 devstack@neutron-api.service[101830]: DEBUG neutron.db.ovn_revision_numbers_db [None req-ae346cf0-6018-45fe-b0cb-c9047a57aa14 demo demo] create_initial_revision uuid=023687c4-d6b1-47e6-bf28-c9d6868389c8, type=security_groups, rev=-1 {{(pid=101830) create_initial_revision /opt/stack/neutron/neutron/db/ovn_revision_numbers_db.py:98}}
Aug 31 07:26:37.903544 np0000191519 devstack@neutron-api.service[101830]: DEBUG neutron.db.ovn_revision_numbers_db [None req-ae346cf0-6018-45fe-b0cb-c9047a57aa14 demo demo] create_initial_revision uuid=3c3f2cb6-6d72-478b-93fb-2e7f16507bd9, type=security_group_rules, rev=-1 {{(pid=101830) create_initial_revision /opt/stack/neutron/neutron/db/ovn_revision_numbers_db.py:98}}
Aug 31 07:26:37.904911 np0000191519 devstack@neutron-api.service[101830]: DEBUG neutron.db.ovn_revision_numbers_db [None req-ae346cf0-6018-45fe-b0cb-c9047a57aa14 demo demo] create_initial_revision uuid=78a6c817-9f34-4006-a369-183c98a8b89c, type=security_group_rules, rev=-1 {{(pid=101830) create_initial_revision /opt/stack/neutron/neutron/db/ovn_revision_numbers_db.py:98}}
Aug 31 07:26:37.906137 np0000191519 devstack@neutron-api.service[101830]: DEBUG neutron.db.ovn_revision_numbers_db [None req-ae346cf0-6018-45fe-b0cb-c9047a57aa14 demo demo] create_initial_revision uuid=f5eb28c9-96f7-4a7b-ac63-c58722a38701, type=security_group_rules, rev=-1 {{(pid=101830) create_initial_revision /opt/stack/neutron/neutron/db/ovn_revision_numbers_db.py:98}}
Aug 31 07:26:37.907192 np0000191519 devstack@neutron-api.service[101830]: DEBUG neutron.db.ovn_revision_numbers_db [None req-ae346cf0-6018-45fe-b0cb-c9047a57aa14 demo demo] create_initial_revision uuid=fbf41038-1b15-46c2-93a5-1eb18d5fb223, type=security_group_rules, rev=-1 {{(pid=101830) create_initial_revision /opt/stack/neutron/neutron/db/ovn_revision_numbers_db.py:98}}
Aug 31 07:26:37.916972 np0000191519 devstack@neutron-api.service[101830]: DEBUG neutron_lib.callbacks.manager [None req-ae346cf0-6018-45fe-b0cb-c9047a57aa14 demo demo] Publish callbacks ['neutron.plugins.ml2.drivers.ovn.mech_driver.mech_driver.OVNMechanismDriver._create_security_group-239307', 'neutron.plugins.ml2.ovo_rpc._ObjectChangeHandler.handle_event-65952943'] for security_group (023687c4-d6b1-47e6-bf28-c9d6868389c8), after_create {{(pid=101830) _notify_loop /opt/stack/data/venv/lib/python3.12/site-packages/neutron_lib/callbacks/manager.py:184}}
Aug 31 07:26:37.918789 np0000191519 devstack@neutron-api.service[101830]: DEBUG ovsdbapp.backend.ovs_idl.transaction [None req-731205da-6e71-4e06-a843-07e3aaa5fe37 None None] Running txn 152c58d7 n=1 command(idx=0): PgAddCommand(_result=None, name=pg_023687c4_d6b1_47e6_bf28_c9d6868389c8, may_exist=False, columns={'acls': [], 'external_ids': {'neutron:security_group_id': '023687c4-d6b1-47e6-bf28-c9d6868389c8'}}) {{(pid=101830) do_commit /opt/stack/data/venv/lib/python3.12/site-packages/ovsdbapp/backend/ovs_idl/transaction.py:91}}
Aug 31 07:26:37.919118 np0000191519 devstack@neutron-api.service[101830]: DEBUG ovsdbapp.backend.ovs_idl.transaction [None req-731205da-6e71-4e06-a843-07e3aaa5fe37 None None] Running txn 152c58d7 n=1 command(idx=1): PgAclAddCommand(_result=None, entity=pg_023687c4_d6b1_47e6_bf28_c9d6868389c8, direction=to-lport, priority=1002, match=outport == @pg_023687c4_d6b1_47e6_bf28_c9d6868389c8 && ip6 && ip6.src == $pg_023687c4_d6b1_47e6_bf28_c9d6868389c8_ip6, action=allow-related, log=False, may_exist=True, severity=[], name=[], meter=[], external_ids={'neutron:security_group_rule_id': '3c3f2cb6-6d72-478b-93fb-2e7f16507bd9'}) {{(pid=101830) do_commit /opt/stack/data/venv/lib/python3.12/site-packages/ovsdbapp/backend/ovs_idl/transaction.py:91}}
Aug 31 07:26:37.919674 np0000191519 devstack@neutron-api.service[101830]: DEBUG ovsdbapp.backend.ovs_idl.transaction [None req-731205da-6e71-4e06-a843-07e3aaa5fe37 None None] Running txn 152c58d7 n=1 command(idx=2): PgAclAddCommand(_result=None, entity=pg_023687c4_d6b1_47e6_bf28_c9d6868389c8, direction=from-lport, priority=1002, match=inport == @pg_023687c4_d6b1_47e6_bf28_c9d6868389c8 && ip4, action=allow-related, log=False, may_exist=True, severity=[], name=[], meter=[], external_ids={'neutron:security_group_rule_id': '78a6c817-9f34-4006-a369-183c98a8b89c'}) {{(pid=101830) do_commit /opt/stack/data/venv/lib/python3.12/site-packages/ovsdbapp/backend/ovs_idl/transaction.py:91}}
Aug 31 07:26:37.920221 np0000191519 devstack@neutron-api.service[101830]: DEBUG ovsdbapp.backend.ovs_idl.transaction [None req-731205da-6e71-4e06-a843-07e3aaa5fe37 None None] Running txn 152c58d7 n=1 command(idx=3): PgAclAddCommand(_result=None, entity=pg_023687c4_d6b1_47e6_bf28_c9d6868389c8, direction=from-lport, priority=1002, match=inport == @pg_023687c4_d6b1_47e6_bf28_c9d6868389c8 && ip6, action=allow-related, log=False, may_exist=True, severity=[], name=[], meter=[], external_ids={'neutron:security_group_rule_id': 'f5eb28c9-96f7-4a7b-ac63-c58722a38701'}) {{(pid=101830) do_commit /opt/stack/data/venv/lib/python3.12/site-packages/ovsdbapp/backend/ovs_idl/transaction.py:91}}
Aug 31 07:26:37.920819 np0000191519 devstack@neutron-api.service[101830]: DEBUG ovsdbapp.backend.ovs_idl.transaction [None req-731205da-6e71-4e06-a843-07e3aaa5fe37 None None] Running txn 152c58d7 n=1 command(idx=4): PgAclAddCommand(_result=None, entity=pg_023687c4_d6b1_47e6_bf28_c9d6868389c8, direction=to-lport, priority=1002, match=outport == @pg_023687c4_d6b1_47e6_bf28_c9d6868389c8 && ip4 && ip4.src == $pg_023687c4_d6b1_47e6_bf28_c9d6868389c8_ip4, action=allow-related, log=False, may_exist=True, severity=[], name=[], meter=[], external_ids={'neutron:security_group_rule_id': 'fbf41038-1b15-46c2-93a5-1eb18d5fb223'}) {{(pid=101830) do_commit /opt/stack/data/venv/lib/python3.12/site-packages/ovsdbapp/backend/ovs_idl/transaction.py:91}}
Aug 31 07:26:37.929213 np0000191519 devstack@neutron-api.service[101830]: DEBUG neutron.plugins.ml2.drivers.ovn.mech_driver.ovsdb.ovsdb_monitor [None req-731205da-6e71-4e06-a843-07e3aaa5fe37 None None] Touching Hash Ring node "a204a19e56f1591e8b12c2c98feb8a6c" from IDL notify handler {{(pid=101830) notify /opt/stack/neutron/neutron/plugins/ml2/drivers/ovn/mech_driver/ovsdb/ovsdb_monitor.py:1091}}
Aug 31 07:26:37.934138 np0000191519 devstack@neutron-api.service[101832]: DEBUG neutron.plugins.ml2.drivers.ovn.mech_driver.ovsdb.ovsdb_monitor [None req-62a39817-fb05-4e6c-8855-6ab14afb6e04 None None] Touching Hash Ring node "92ed8bd271675cfe874b37e8239df373" from IDL notify handler {{(pid=101832) notify /opt/stack/neutron/neutron/plugins/ml2/drivers/ovn/mech_driver/ovsdb/ovsdb_monitor.py:1091}}
Aug 31 07:26:37.934730 np0000191519 devstack@neutron-api.service[101829]: DEBUG neutron.plugins.ml2.drivers.ovn.mech_driver.ovsdb.ovsdb_monitor [None req-1bff3758-2cef-4566-94c2-7bc9039b38d0 None None] Touching Hash Ring node "abbe7bcca6c35a16bd48d0065f38dfbe" from IDL notify handler {{(pid=101829) notify /opt/stack/neutron/neutron/plugins/ml2/drivers/ovn/mech_driver/ovsdb/ovsdb_monitor.py:1091}}
Aug 31 07:26:37.941054 np0000191519 devstack@neutron-api.service[101830]: DEBUG neutron.plugins.ml2.drivers.ovn.mech_driver.ovsdb.ovsdb_monitor [None req-731205da-6e71-4e06-a843-07e3aaa5fe37 None None] Hash Ring: Node a204a19e56f1591e8b12c2c98feb8a6c (host: np0000191519) handling event "create" for row 8b60324e-88d6-4f30-816c-1f9bbc58cc16 (table: ACL) {{(pid=101830) notify /opt/stack/neutron/neutron/plugins/ml2/drivers/ovn/mech_driver/ovsdb/ovsdb_monitor.py:1099}}
