2026-06-06 18:20:33.295 7 INFO placement.requestlog [req-6eec3e6b-0a13-4880-bf20-cb8242d8efe5 req-8ce1a482-979e-46b2-851f-e0ed3ad344c6 0a0dd98aa5154be38fd9518809a2f1ea 9fcde7dcb42d4c02852a5cfc51b5eeca - - 4f95f25d53d24d498ceba10037eb8fa3 4f95f25d53d24d498ceba10037eb8fa3] 199.204.45.162 "GET /allocations/cb18e322-6e46-4050-a0a6-bf2118661948" status: 200 len: 258 microversion: 1.28 [pid: 7|app: 0|req: 611/1218] 199.204.45.162 () {34 vars in 862 bytes} [Sat Jun 6 18:20:33 2026] GET /allocations/cb18e322-6e46-4050-a0a6-bf2118661948 => generated 258 bytes in 15 msecs (HTTP/1.1 200) 8 headers in 296 bytes (1 switches on core 0)
2026-06-06 18:20:33.315 8 INFO placement.requestlog [req-6eec3e6b-0a13-4880-bf20-cb8242d8efe5 req-80cc1e44-3b51-4ffb-805e-567f3ebcc1f4 0a0dd98aa5154be38fd9518809a2f1ea 9fcde7dcb42d4c02852a5cfc51b5eeca - - 4f95f25d53d24d498ceba10037eb8fa3 4f95f25d53d24d498ceba10037eb8fa3] 199.204.45.162 "GET /allocations/7effad47-c185-4ab5-89c8-c450d1aaa0e4" status: 200 len: 258 microversion: 1.28 [pid: 8|app: 0|req: 608/1219] 199.204.45.162 () {34 vars in 862 bytes} [Sat Jun 6 18:20:33 2026] GET /allocations/7effad47-c185-4ab5-89c8-c450d1aaa0e4 => generated 258 bytes in 16 msecs (HTTP/1.1 200) 8 headers in 296 bytes (1 switches on core 0)
2026-06-06 18:20:33.337 7 INFO placement.requestlog [req-6eec3e6b-0a13-4880-bf20-cb8242d8efe5 req-0bc00401-4cce-451a-b614-cecf40e0c10a 0a0dd98aa5154be38fd9518809a2f1ea 9fcde7dcb42d4c02852a5cfc51b5eeca - - 4f95f25d53d24d498ceba10037eb8fa3 4f95f25d53d24d498ceba10037eb8fa3] 199.204.45.162 "GET /allocations/a311ab4c-1869-4cec-9781-05e246d3fe65" status: 200 len: 245 microversion: 1.28 [pid: 7|app: 0|req: 612/1220] 199.204.45.162 () {34 vars in 862 bytes} [Sat Jun 6 18:20:33 2026] GET /allocations/a311ab4c-1869-4cec-9781-05e246d3fe65 => generated 245 bytes in 16 msecs (HTTP/1.1 200) 8 headers in 296 bytes (1 switches on core 0)
2026-06-06 18:20:34.321 8 INFO placement.requestlog [None req-818e14a1-47fc-4441-aaa7-5b22383c330d - - - - - -] 10.0.0.46 "GET /" status: 200 len: 136 microversion: 1.0
2026-06-06 18:20:34.324 7 INFO placement.requestlog [None req-89164e0b-3af7-4db4-831a-42d4c0571147 - - - - - -] 10.0.0.46 "GET /" status: 200 len: 136 microversion: 1.0
2026-06-06 18:20:44.321 7 INFO placement.requestlog [None req-16f3b6a9-317c-4130-b47d-d8a85a119185 - - - - - -] 10.0.0.46 "GET /" status: 200 len: 136 microversion: 1.0
2026-06-06 18:20:44.321 8 INFO placement.requestlog [None req-6b43793e-3590-435b-adce-ff4aeeeea089 - - - - - -] 10.0.0.46 "GET /" status: 200 len: 136 microversion: 1.0
2026-06-06 18:20:53.332 7 INFO placement.requestlog [req-ac791d79-3483-4d34-98c1-0a713972ce80 req-d72fa320-1cbe-4992-917d-84a7d27a2827 0a0dd98aa5154be38fd9518809a2f1ea 9fcde7dcb42d4c02852a5cfc51b5eeca - - 4f95f25d53d24d498ceba10037eb8fa3 4f95f25d53d24d498ceba10037eb8fa3] 199.204.45.162 "GET /resource_providers/3b5aa087-6aa8-4df5-8caa-db8e714ddb47/allocations" status: 200 len: 340 microversion: 1.0 [pid: 7|app: 0|req: 615/1225] 199.204.45.162 () {32 vars in 856 bytes} [Sat Jun 6 18:20:53 2026] GET /resource_providers/3b5aa087-6aa8-4df5-8caa-db8e714ddb47/allocations => generated 340 bytes in 24 msecs (HTTP/1.1 200) 6 headers in 224 bytes (1 switches on core 0)
2026-06-06 18:20:53.350 8 INFO placement.requestlog [req-ac791d79-3483-4d34-98c1-0a713972ce80 req-f9080671-c2e2-4e85-97d5-1aea63ba3892 0a0dd98aa5154be38fd9518809a2f1ea 9fcde7dcb42d4c02852a5cfc51b5eeca - - 4f95f25d53d24d498ceba10037eb8fa3 4f95f25d53d24d498ceba10037eb8fa3] 199.204.45.162 "GET /allocations/cb18e322-6e46-4050-a0a6-bf2118661948" status: 200 len: 258 microversion: 1.28 [pid: 8|app: 0|req: 611/1226] 199.204.45.162 () {34 vars in 862 bytes} [Sat Jun 6 18:20:53 2026] GET /allocations/cb18e322-6e46-4050-a0a6-bf2118661948 => generated 258 bytes in 11 msecs (HTTP/1.1 200) 8 headers in 296 bytes (1 switches on core 0)
2026-06-06 18:20:53.370 7 INFO placement.requestlog [req-ac791d79-3483-4d34-98c1-0a713972ce80 req-2b6e7ef1-7483-46d7-9f26-6f05bc4ffbc2 0a0dd98aa5154be38fd9518809a2f1ea 9fcde7dcb42d4c02852a5cfc51b5eeca - - 4f95f25d53d24d498ceba10037eb8fa3 4f95f25d53d24d498ceba10037eb8fa3] 199.204.45.162 "GET /allocations/7effad47-c185-4ab5-89c8-c450d1aaa0e4" status: 200 len: 258 microversion: 1.28 [pid: 7|app: 0|req: 616/1227] 199.204.45.162 () {34 vars in 862 bytes} [Sat Jun 6 18:20:53 2026] GET /allocations/7effad47-c185-4ab5-89c8-c450d1aaa0e4 => generated 258 bytes in 13 msecs (HTTP/1.1 200) 8 headers in 296 bytes (1 switches on core 0)
2026-06-06 18:20:53.393 8 INFO placement.requestlog [req-ac791d79-3483-4d34-98c1-0a713972ce80 req-d8ae26ce-bbce-478a-b800-998f97aa1f62 0a0dd98aa5154be38fd9518809a2f1ea 9fcde7dcb42d4c02852a5cfc51b5eeca - - 4f95f25d53d24d498ceba10037eb8fa3 4f95f25d53d24d498ceba10037eb8fa3] 199.204.45.162 "GET /allocations/a311ab4c-1869-4cec-9781-05e246d3fe65" status: 200 len: 245 microversion: 1.28 [pid: 8|app: 0|req: 612/1228] 199.204.45.162 () {34 vars in 862 bytes} [Sat Jun 6 18:20:53 2026] GET /allocations/a311ab4c-1869-4cec-9781-05e246d3fe65 => generated 245 bytes in 13 msecs (HTTP/1.1 200) 8 headers in 296 bytes (1 switches on core 0)
2026-06-06 18:20:54.321 7 INFO placement.requestlog [None req-dea94740-b89a-4c07-85cf-f5887c46f8df - - - - - -] 10.0.0.46 "GET /" status: 200 len: 136 microversion: 1.0
2026-06-06 18:20:54.322 8 INFO placement.requestlog [None req-63281935-4e29-4ba1-9300-040b43329fd9 - - - - - -] 10.0.0.46 "GET /" status: 200 len: 136 microversion: 1.0
2026-06-06 18:20:54.450 8 INFO placement.requestlog [req-ac791d79-3483-4d34-98c1-0a713972ce80 req-f46dc84d-dbd4-4575-b0aa-8201fd40c5eb 0a0dd98aa5154be38fd9518809a2f1ea 9fcde7dcb42d4c02852a5cfc51b5eeca - - 4f95f25d53d24d498ceba10037eb8fa3 4f95f25d53d24d498ceba10037eb8fa3] 199.204.45.162 "DELETE /allocations/a311ab4c-1869-4cec-9781-05e246d3fe65" status: 204 len: 0 microversion: 1.0 [pid: 8|app: 0|req: 614/1231] 199.204.45.162 () {34 vars in 840 bytes} [Sat Jun 6 18:20:54 2026] DELETE /allocations/a311ab4c-1869-4cec-9781-05e246d3fe65 => generated 0 bytes in 28 msecs (HTTP/1.1 204) 5 headers in 198 bytes (1 switches on core 0)
2026-06-06 18:20:57.737 7 INFO placement.requestlog [req-1507179a-c12a-4847-ad20-1f6fe1e1275a req-2b56983d-43d3-4a46-832e-441cc80f25ed 0a0dd98aa5154be38fd9518809a2f1ea 9fcde7dcb42d4c02852a5cfc51b5eeca - - 4f95f25d53d24d498ceba10037eb8fa3 4f95f25d53d24d498ceba10037eb8fa3] 199.204.45.162 "GET /resource_providers/3b5aa087-6aa8-4df5-8caa-db8e714ddb47/allocations" status: 200 len: 253 microversion: 1.0 [pid: 7|app: 0|req: 618/1232] 199.204.45.162 () {32 vars in 856 bytes} [Sat Jun 6 18:20:57 2026] GET /resource_providers/3b5aa087-6aa8-4df5-8caa-db8e714ddb47/allocations => generated 253 bytes in 18 msecs (HTTP/1.1 200) 6 headers in 224 bytes (1 switches on core 0)
2026-06-06 18:20:57.756 8 INFO placement.requestlog [req-1507179a-c12a-4847-ad20-1f6fe1e1275a req-2b1055c5-cb08-46bb-8ce6-f2f59e35f72b 0a0dd98aa5154be38fd9518809a2f1ea 9fcde7dcb42d4c02852a5cfc51b5eeca - - 4f95f25d53d24d498ceba10037eb8fa3 4f95f25d53d24d498ceba10037eb8fa3] 199.204.45.162 "GET /allocations/cb18e322-6e46-4050-a0a6-bf2118661948" status: 200 len: 258 microversion: 1.28 [pid: 8|app: 0|req: 615/1233] 199.204.45.162 () {34 vars in 862 bytes} [Sat Jun 6 18:20:57 2026] GET /allocations/cb18e322-6e46-4050-a0a6-bf2118661948 => generated 258 bytes in 13 msecs (HTTP/1.1 200) 8 headers in 296 bytes (1 switches on core 0)
2026-06-06 18:20:57.780 7 INFO placement.requestlog [req-1507179a-c12a-4847-ad20-1f6fe1e1275a req-9557f10f-e3fb-4d36-9c2a-a869a66862c4 0a0dd98aa5154be38fd9518809a2f1ea 9fcde7dcb42d4c02852a5cfc51b5eeca - - 4f95f25d53d24d498ceba10037eb8fa3 4f95f25d53d24d498ceba10037eb8fa3] 199.204.45.162 "GET /allocations/7effad47-c185-4ab5-89c8-c450d1aaa0e4" status: 200 len: 258 microversion: 1.28 [pid: 7|app: 0|req: 619/1234] 199.204.45.162 () {34 vars in 862 bytes} [Sat Jun 6 18:20:57 2026] GET /allocations/7effad47-c185-4ab5-89c8-c450d1aaa0e4 => generated 258 bytes in 17 msecs (HTTP/1.1 200) 8 headers in 296 bytes (1 switches on core 0)
2026-06-06 18:20:58.831 8 INFO placement.requestlog [req-1507179a-c12a-4847-ad20-1f6fe1e1275a req-5c2c7496-f955-4465-8cb7-4912aec1ed88 0a0dd98aa5154be38fd9518809a2f1ea 9fcde7dcb42d4c02852a5cfc51b5eeca - - 4f95f25d53d24d498ceba10037eb8fa3 4f95f25d53d24d498ceba10037eb8fa3] 199.204.45.162 "DELETE /allocations/cb18e322-6e46-4050-a0a6-bf2118661948" status: 204 len: 0 microversion: 1.0 [pid: 8|app: 0|req: 616/1235] 199.204.45.162 () {34 vars in 840 bytes} [Sat Jun 6 18:20:58 2026] DELETE /allocations/cb18e322-6e46-4050-a0a6-bf2118661948 => generated 0 bytes in 22 msecs (HTTP/1.1 204) 5 headers in 198 bytes (1 switches on core 0)
2026-06-06 18:21:04.322 8 INFO placement.requestlog [None req-49c7f095-55d1-4f81-af92-2045ce7ad4e3 - - - - - -] 10.0.0.46 "GET /" status: 200 len: 136 microversion: 1.0
2026-06-06 18:21:04.322 7 INFO placement.requestlog [None req-b490631c-1f6f-4d1b-a1db-f6914c7335d3 - - - - - -] 10.0.0.46 "GET /" status: 200 len: 136 microversion: 1.0
2026-06-06 18:21:08.793 7 INFO placement.requestlog [req-e6570356-8663-4800-8a91-e4ac6bba6b09 req-1aefabe6-bba5-4fcc-ada5-510eb130070e 0a0dd98aa5154be38fd9518809a2f1ea 9fcde7dcb42d4c02852a5cfc51b5eeca - - 4f95f25d53d24d498ceba10037eb8fa3 4f95f25d53d24d498ceba10037eb8fa3] 199.204.45.162 "GET /resource_providers/3b5aa087-6aa8-4df5-8caa-db8e714ddb47/allocations" status: 200 len: 153 microversion: 1.0 [pid: 7|app: 0|req: 621/1238] 199.204.45.162 () {32 vars in 856 bytes} [Sat Jun 6 18:21:08 2026] GET /resource_providers/3b5aa087-6aa8-4df5-8caa-db8e714ddb47/allocations => generated 153 bytes in 16 msecs (HTTP/1.1 200) 6 headers in 224 bytes (1 switches on core 0)
2026-06-06 18:21:08.814 8 INFO placement.requestlog [req-e6570356-8663-4800-8a91-e4ac6bba6b09 req-0ea1f4d1-993e-47d8-9851-24dda16e319b 0a0dd98aa5154be38fd9518809a2f1ea 9fcde7dcb42d4c02852a5cfc51b5eeca - - 4f95f25d53d24d498ceba10037eb8fa3 4f95f25d53d24d498ceba10037eb8fa3] 199.204.45.162 "GET /allocations/7effad47-c185-4ab5-89c8-c450d1aaa0e4" status: 200 len: 258 microversion: 1.28 [pid: 8|app: 0|req: 618/1239] 199.204.45.162 () {34 vars in 862 bytes} [Sat Jun 6 18:21:08 2026] GET /allocations/7effad47-c185-4ab5-89c8-c450d1aaa0e4 => generated 258 bytes in 16 msecs (HTTP/1.1 200) 8 headers in 296 bytes (1 switches on core 0)
2026-06-06 18:21:09.862 7 INFO placement.requestlog [req-e6570356-8663-4800-8a91-e4ac6bba6b09 req-eec59af6-a378-47b0-8414-3859cc4fde1c 0a0dd98aa5154be38fd9518809a2f1ea 9fcde7dcb42d4c02852a5cfc51b5eeca - - 4f95f25d53d24d498ceba10037eb8fa3 4f95f25d53d24d498ceba10037eb8fa3] 199.204.45.162 "DELETE /allocations/7effad47-c185-4ab5-89c8-c450d1aaa0e4" status: 204 len: 0 microversion: 1.0 [pid: 7|app: 0|req: 622/1240] 199.204.45.162 () {34 vars in 840 bytes} [Sat Jun 6 18:21:09 2026] DELETE /allocations/7effad47-c185-4ab5-89c8-c450d1aaa0e4 => generated 0 bytes in 21 msecs (HTTP/1.1 204) 5 headers in 198 bytes (1 switches on core 0)
2026-06-06 18:21:14.321 8 INFO placement.requestlog [None req-4b2f6f06-b537-40f0-8643-ec9757c71f24 - - - - - -] 10.0.0.46 "GET /" status: 200 len: 136 microversion: 1.0
2026-06-06 18:21:14.321 7 INFO placement.requestlog [None req-ac16025b-8e40-41a3-b5a3-5015517d539e - - - - - -] 10.0.0.46 "GET /" status: 200 len: 136 microversion: 1.0
2026-06-06 18:21:19.967 8 INFO placement.requestlog [None req-dc4e03c2-b796-44c9-b2b3-595fb0c4ca20 4b61ea7a592648ce84a848fbb214053c 9fcde7dcb42d4c02852a5cfc51b5eeca - - 4f95f25d53d24d498ceba10037eb8fa3 4f95f25d53d24d498ceba10037eb8fa3] 10.0.0.78 "GET /resource_providers/3634e0d3-d84e-4413-9314-34ac8f6d2db7/aggregates" status: 404 len: 235 microversion: 1.1 [pid: 8|app: 0|req: 620/1243] 10.0.0.78 () {32 vars in 814 bytes} [Sat Jun 6 18:21:19 2026] GET /resource_providers/3634e0d3-d84e-4413-9314-34ac8f6d2db7/aggregates => generated 235 bytes in 10 msecs (HTTP/1.1 404) 5 headers in 202 bytes (1 switches on core 0)
2026-06-06 18:21:19.970 7 INFO placement.requestlog [None req-321aca7a-ff58-4b61-a571-b253c8961f30 4b61ea7a592648ce84a848fbb214053c 9fcde7dcb42d4c02852a5cfc51b5eeca - - 4f95f25d53d24d498ceba10037eb8fa3 4f95f25d53d24d498ceba10037eb8fa3] 10.0.0.78 "GET /resource_providers/3634e0d3-d84e-4413-9314-34ac8f6d2db7/aggregates" status: 404 len: 235 microversion: 1.1 [pid: 7|app: 0|req: 624/1244] 10.0.0.78 () {32 vars in 814 bytes} [Sat Jun 6 18:21:19 2026] GET /resource_providers/3634e0d3-d84e-4413-9314-34ac8f6d2db7/aggregates => generated 235 bytes in 8 msecs (HTTP/1.1 404) 5 headers in 202 bytes (1 switches on core 0)
2026-06-06 18:21:19.986 8 INFO placement.requestlog [None req-6331a10a-37ed-434b-a2ad-86463ba21ba0 4b61ea7a592648ce84a848fbb214053c 9fcde7dcb42d4c02852a5cfc51b5eeca - - 4f95f25d53d24d498ceba10037eb8fa3 4f95f25d53d24d498ceba10037eb8fa3] 10.0.0.78 "DELETE /resource_providers/3634e0d3-d84e-4413-9314-34ac8f6d2db7" status: 404 len: 246 microversion: 1.1 [pid: 8|app: 0|req: 621/1245] 10.0.0.78 () {34 vars in 814 bytes} [Sat Jun 6 18:21:19 2026] DELETE /resource_providers/3634e0d3-d84e-4413-9314-34ac8f6d2db7 => generated 246 bytes in 6 msecs (HTTP/1.1 404) 6 headers in 231 bytes (1 switches on core 0)
2026-06-06 18:21:19.996 7 INFO placement.requestlog [None req-7f048f48-4c2b-4200-9a4a-c96ce2dfc160 4b61ea7a592648ce84a848fbb214053c 9fcde7dcb42d4c02852a5cfc51b5eeca - - 4f95f25d53d24d498ceba10037eb8fa3 4f95f25d53d24d498ceba10037eb8fa3] 10.0.0.78 "DELETE /resource_providers/3634e0d3-d84e-4413-9314-34ac8f6d2db7" status: 404 len: 246 microversion: 1.1 [pid: 7|app: 0|req: 625/1246] 10.0.0.78 () {34 vars in 814 bytes} [Sat Jun 6 18:21:19 2026] DELETE /resource_providers/3634e0d3-d84e-4413-9314-34ac8f6d2db7 => generated 246 bytes in 9 msecs (HTTP/1.1 404) 6 headers in 231 bytes (1 switches on core 0)
2026-06-06 18:21:22.004 8 INFO placement.requestlog [None req-bf9aadb7-473b-49ed-b283-e26d7345985e 4b61ea7a592648ce84a848fbb214053c 9fcde7dcb42d4c02852a5cfc51b5eeca - - 4f95f25d53d24d498ceba10037eb8fa3 4f95f25d53d24d498ceba10037eb8fa3] 10.0.0.78 "GET /resource_providers/9ac9182c-d477-434d-82cb-5587a9ab9fcc/aggregates" status: 404 len: 235 microversion: 1.1 [pid: 8|app: 0|req: 622/1247] 10.0.0.78 () {32 vars in 814 bytes} [Sat Jun 6 18:21:21 2026] GET /resource_providers/9ac9182c-d477-434d-82cb-5587a9ab9fcc/aggregates => generated 235 bytes in 9 msecs (HTTP/1.1 404) 5 headers in 202 bytes (1 switches on core 0)
2026-06-06 18:21:22.021 8 INFO placement.requestlog [None req-5cbb84c1-6966-4da3-9161-ac76a6a93136 4b61ea7a592648ce84a848fbb214053c 9fcde7dcb42d4c02852a5cfc51b5eeca - - 4f95f25d53d24d498ceba10037eb8fa3 4f95f25d53d24d498ceba10037eb8fa3] 10.0.0.78 "DELETE /resource_providers/9ac9182c-d477-434d-82cb-5587a9ab9fcc" status: 404 len: 246 microversion: 1.1 [pid: 8|app: 0|req: 623/1248] 10.0.0.78 () {34 vars in 814 bytes} [Sat Jun 6 18:21:22 2026] DELETE /resource_providers/9ac9182c-d477-434d-82cb-5587a9ab9fcc => generated 246 bytes in 8 msecs (HTTP/1.1 404) 6 headers in 231 bytes (1 switches on core 0)
2026-06-06 18:21:22.023 7 INFO placement.requestlog [None req-09518a49-5858-4ae5-8461-eed460eb10e5 4b61ea7a592648ce84a848fbb214053c 9fcde7dcb42d4c02852a5cfc51b5eeca - - 4f95f25d53d24d498ceba10037eb8fa3 4f95f25d53d24d498ceba10037eb8fa3] 10.0.0.78 "GET /resource_providers/9ac9182c-d477-434d-82cb-5587a9ab9fcc/aggregates" status: 404 len: 235 microversion: 1.1 [pid: 7|app: 0|req: 626/1249] 10.0.0.78 () {32 vars in 814 bytes} [Sat Jun 6 18:21:22 2026] GET /resource_providers/9ac9182c-d477-434d-82cb-5587a9ab9fcc/aggregates => generated 235 bytes in 13 msecs (HTTP/1.1 404) 5 headers in 202 bytes (1 switches on core 0)
2026-06-06 18:21:22.042 8 INFO placement.requestlog [None req-204e9140-5a6c-4355-a8bc-eca1074ea969 4b61ea7a592648ce84a848fbb214053c 9fcde7dcb42d4c02852a5cfc51b5eeca - - 4f95f25d53d24d498ceba10037eb8fa3 4f95f25d53d24d498ceba10037eb8fa3] 10.0.0.78 "GET /resource_providers/60dd659d-db2a-4f0c-a785-c328b9c55586/aggregates" status: 404 len: 235 microversion: 1.1 [pid: 8|app: 0|req: 624/1250] 10.0.0.78 () {32 vars in 814 bytes} [Sat Jun 6 18:21:22 2026] GET /resource_providers/60dd659d-db2a-4f0c-a785-c328b9c55586/aggregates => generated 235 bytes in 10 msecs (HTTP/1.1 404) 5 headers in 202 bytes (1 switches on core 0)
2026-06-06 18:21:22.045 7 INFO placement.requestlog [None req-89bad979-f99d-44d3-945d-afe34f098d3e 4b61ea7a592648ce84a848fbb214053c 9fcde7dcb42d4c02852a5cfc51b5eeca - - 4f95f25d53d24d498ceba10037eb8fa3 4f95f25d53d24d498ceba10037eb8fa3] 10.0.0.78 "DELETE /resource_providers/9ac9182c-d477-434d-82cb-5587a9ab9fcc" status: 404 len: 246 microversion: 1.1 [pid: 7|app: 0|req: 627/1251] 10.0.0.78 () {34 vars in 814 bytes} [Sat Jun 6 18:21:22 2026] DELETE /resource_providers/9ac9182c-d477-434d-82cb-5587a9ab9fcc => generated 246 bytes in 8 msecs (HTTP/1.1 404) 6 headers in 231 bytes (1 switches on core 0)
2026-06-06 18:21:22.058 8 INFO placement.requestlog [None req-11ddce91-e6b8-46e9-8be9-014d84f0c525 4b61ea7a592648ce84a848fbb214053c 9fcde7dcb42d4c02852a5cfc51b5eeca - - 4f95f25d53d24d498ceba10037eb8fa3 4f95f25d53d24d498ceba10037eb8fa3] 10.0.0.78 "DELETE /resource_providers/60dd659d-db2a-4f0c-a785-c328b9c55586" status: 404 len: 246 microversion: 1.1 [pid: 8|app: 0|req: 625/1252] 10.0.0.78 () {34 vars in 814 bytes} [Sat Jun 6 18:21:22 2026] DELETE /resource_providers/60dd659d-db2a-4f0c-a785-c328b9c55586 => generated 246 bytes in 6 msecs (HTTP/1.1 404) 6 headers in 231 bytes (1 switches on core 0)
2026-06-06 18:21:22.061 7 INFO placement.requestlog [None req-80f9b7c5-147e-416d-91cc-c18a9ab7a57d 4b61ea7a592648ce84a848fbb214053c 9fcde7dcb42d4c02852a5cfc51b5eeca - - 4f95f25d53d24d498ceba10037eb8fa3 4f95f25d53d24d498ceba10037eb8fa3] 10.0.0.78 "GET /resource_providers/60dd659d-db2a-4f0c-a785-c328b9c55586/aggregates" status: 404 len: 235 microversion: 1.1 [pid: 7|app: 0|req: 628/1253] 10.0.0.78 () {32 vars in 814 bytes} [Sat Jun 6 18:21:22 2026] GET /resource_providers/60dd659d-db2a-4f0c-a785-c328b9c55586/aggregates => generated 235 bytes in 7 msecs (HTTP/1.1 404) 5 headers in 202 bytes (1 switches on core 0)
2026-06-06 18:21:22.074 8 INFO placement.requestlog [None req-8db0509c-e008-4189-be70-a4d3e46f718f 4b61ea7a592648ce84a848fbb214053c 9fcde7dcb42d4c02852a5cfc51b5eeca - - 4f95f25d53d24d498ceba10037eb8fa3 4f95f25d53d24d498ceba10037eb8fa3] 10.0.0.78 "GET /resource_providers/dfd089d8-a523-466a-b665-2b35944848d9/aggregates" status: 404 len: 235 microversion: 1.1 [pid: 8|app: 0|req: 626/1254] 10.0.0.78 () {32 vars in 814 bytes} [Sat Jun 6 18:21:22 2026] GET /resource_providers/dfd089d8-a523-466a-b665-2b35944848d9/aggregates => generated 235 bytes in 9 msecs (HTTP/1.1 404) 5 headers in 202 bytes (1 switches on core 0)
2026-06-06 18:21:22.077 7 INFO placement.requestlog [None req-beb1f895-42af-4897-bf47-16db550dc897 4b61ea7a592648ce84a848fbb214053c 9fcde7dcb42d4c02852a5cfc51b5eeca - - 4f95f25d53d24d498ceba10037eb8fa3 4f95f25d53d24d498ceba10037eb8fa3] 10.0.0.78 "DELETE /resource_providers/60dd659d-db2a-4f0c-a785-c328b9c55586" status: 404 len: 246 microversion: 1.1 [pid: 7|app: 0|req: 629/1255] 10.0.0.78 () {34 vars in 814 bytes} [Sat Jun 6 18:21:22 2026] DELETE /resource_providers/60dd659d-db2a-4f0c-a785-c328b9c55586 => generated 246 bytes in 9 msecs (HTTP/1.1 404) 6 headers in 231 bytes (1 switches on core 0)
2026-06-06 18:21:22.094 8 INFO placement.requestlog [None req-70de66f5-f7e2-477c-afee-0e9daca98457 4b61ea7a592648ce84a848fbb214053c 9fcde7dcb42d4c02852a5cfc51b5eeca - - 4f95f25d53d24d498ceba10037eb8fa3 4f95f25d53d24d498ceba10037eb8fa3] 10.0.0.78 "DELETE /resource_providers/dfd089d8-a523-466a-b665-2b35944848d9" status: 404 len: 246 microversion: 1.1 [pid: 8|app: 0|req: 627/1256] 10.0.0.78 () {34 vars in 814 bytes} [Sat Jun 6 18:21:22 2026] DELETE /resource_providers/dfd089d8-a523-466a-b665-2b35944848d9 => generated 246 bytes in 9 msecs (HTTP/1.1 404) 6 headers in 231 bytes (1 switches on core 0)
2026-06-06 18:21:22.095 7 INFO placement.requestlog [None req-e3d667a6-d4bf-43ae-b56b-fcf24b7bacfe 4b61ea7a592648ce84a848fbb214053c 9fcde7dcb42d4c02852a5cfc51b5eeca - - 4f95f25d53d24d498ceba10037eb8fa3 4f95f25d53d24d498ceba10037eb8fa3] 10.0.0.78 "GET /resource_providers/dfd089d8-a523-466a-b665-2b35944848d9/aggregates" status: 404 len: 235 microversion: 1.1 [pid: 7|app: 0|req: 630/1257] 10.0.0.78 () {32 vars in 814 bytes} [Sat Jun 6 18:21:22 2026] GET /resource_providers/dfd089d8-a523-466a-b665-2b35944848d9/aggregates => generated 235 bytes in 8 msecs (HTTP/1.1 404) 5 headers in 202 bytes (1 switches on core 0)
2026-06-06 18:21:22.106 8 INFO placement.requestlog [None req-15704bc4-4d56-4dbc-9a91-e055eef27c2b 4b61ea7a592648ce84a848fbb214053c 9fcde7dcb42d4c02852a5cfc51b5eeca - - 4f95f25d53d24d498ceba10037eb8fa3 4f95f25d53d24d498ceba10037eb8fa3] 10.0.0.78 "DELETE /resource_providers/dfd089d8-a523-466a-b665-2b35944848d9" status: 404 len: 246 microversion: 1.1 [pid: 8|app: 0|req: 628/1258] 10.0.0.78 () {34 vars in 814 bytes} [Sat Jun 6 18:21:22 2026] DELETE /resource_providers/dfd089d8-a523-466a-b665-2b35944848d9 => generated 246 bytes in 5 msecs (HTTP/1.1 404) 6 headers in 231 bytes (1 switches on core 0)
2026-06-06 18:21:24.321 8 INFO placement.requestlog [None req-7008392e-0e1e-4cc1-9c35-a1df0e2d8642 - - - - - -] 10.0.0.46 "GET /" status: 200 len: 136 microversion: 1.0
2026-06-06 18:21:24.323 7 INFO placement.requestlog [None req-d01049d3-c54e-4fe4-beda-6f07c3a0c7fa - - - - - -] 10.0.0.46 "GET /" status: 200 len: 136 microversion: 1.0
2026-06-06 18:21:34.019 8 INFO placement.requestlog [req-b2ff5bf8-fa28-48fd-8e9e-385ce3f6f4b3 req-e970038a-586a-4d2c-bc81-c2dea69911db 0a0dd98aa5154be38fd9518809a2f1ea 9fcde7dcb42d4c02852a5cfc51b5eeca - - 4f95f25d53d24d498ceba10037eb8fa3 4f95f25d53d24d498ceba10037eb8fa3] 199.204.45.162 "GET /resource_providers/3b5aa087-6aa8-4df5-8caa-db8e714ddb47/allocations" status: 200 len: 55 microversion: 1.0 [pid: 8|app: 0|req: 630/1261] 199.204.45.162 () {32 vars in 856 bytes} [Sat Jun 6 18:21:33 2026] GET /resource_providers/3b5aa087-6aa8-4df5-8caa-db8e714ddb47/allocations => generated 55 bytes in 167 msecs (HTTP/1.1 200) 6 headers in 223 bytes (1 switches on core 0)
2026-06-06 18:21:34.043 7 INFO placement.requestlog [req-b2ff5bf8-fa28-48fd-8e9e-385ce3f6f4b3 req-c26fcefd-7e56-47d3-84f7-db32fbc40247 0a0dd98aa5154be38fd9518809a2f1ea 9fcde7dcb42d4c02852a5cfc51b5eeca - - 4f95f25d53d24d498ceba10037eb8fa3 4f95f25d53d24d498ceba10037eb8fa3] 199.204.45.162 "GET /resource_providers?in_tree=3b5aa087-6aa8-4df5-8caa-db8e714ddb47" status: 200 len: 798 microversion: 1.14 [pid: 7|app: 0|req: 632/1262] 199.204.45.162 () {34 vars in 891 bytes} [Sat Jun 6 18:21:34 2026] GET /resource_providers?in_tree=3b5aa087-6aa8-4df5-8caa-db8e714ddb47 => generated 798 bytes in 14 msecs (HTTP/1.1 200) 6 headers in 225 bytes (1 switches on core 0)
2026-06-06 18:21:34.062 8 INFO placement.requestlog [req-b2ff5bf8-fa28-48fd-8e9e-385ce3f6f4b3 req-c2d66c23-e49c-4ee3-bcc6-dedc9e284119 0a0dd98aa5154be38fd9518809a2f1ea 9fcde7dcb42d4c02852a5cfc51b5eeca - - 4f95f25d53d24d498ceba10037eb8fa3 4f95f25d53d24d498ceba10037eb8fa3] 199.204.45.162 "GET /resource_providers/3b5aa087-6aa8-4df5-8caa-db8e714ddb47/inventories" status: 200 len: 401 microversion: 1.0 [pid: 8|app: 0|req: 631/1263] 199.204.45.162 () {32 vars in 856 bytes} [Sat Jun 6 18:21:34 2026] GET /resource_providers/3b5aa087-6aa8-4df5-8caa-db8e714ddb47/inventories => generated 401 bytes in 15 msecs (HTTP/1.1 200) 6 headers in 224 bytes (1 switches on core 0)
2026-06-06 18:21:34.082 7 INFO placement.requestlog [req-b2ff5bf8-fa28-48fd-8e9e-385ce3f6f4b3 req-0e20f871-39fd-43c8-af7c-dfd7066864b9 0a0dd98aa5154be38fd9518809a2f1ea 9fcde7dcb42d4c02852a5cfc51b5eeca - - 4f95f25d53d24d498ceba10037eb8fa3 4f95f25d53d24d498ceba10037eb8fa3] 199.204.45.162 "GET /resource_providers/3b5aa087-6aa8-4df5-8caa-db8e714ddb47/aggregates" status: 200 len: 54 microversion: 1.19 [pid: 7|app: 0|req: 633/1264] 199.204.45.162 () {34 vars in 898 bytes} [Sat Jun 6 18:21:34 2026] GET /resource_providers/3b5aa087-6aa8-4df5-8caa-db8e714ddb47/aggregates => generated 54 bytes in 13 msecs (HTTP/1.1 200) 8 headers in 295 bytes (1 switches on core 0)
2026-06-06 18:21:34.103 8 INFO placement.requestlog [req-b2ff5bf8-fa28-48fd-8e9e-385ce3f6f4b3 req-b9769ef9-9f8c-4f28-b268-0b0105e48cb2 0a0dd98aa5154be38fd9518809a2f1ea 9fcde7dcb42d4c02852a5cfc51b5eeca - - 4f95f25d53d24d498ceba10037eb8fa3 4f95f25d53d24d498ceba10037eb8fa3] 199.204.45.162 "GET /resource_providers/3b5aa087-6aa8-4df5-8caa-db8e714ddb47/traits" status: 200 len: 2176 microversion: 1.6 [pid: 8|app: 0|req: 632/1265] 199.204.45.162 () {34 vars in 889 bytes} [Sat Jun 6 18:21:34 2026] GET /resource_providers/3b5aa087-6aa8-4df5-8caa-db8e714ddb47/traits => generated 2176 bytes in 16 msecs (HTTP/1.1 200) 6 headers in 225 bytes (1 switches on core 0)
2026-06-06 18:21:34.124 7 INFO placement.requestlog [req-b2ff5bf8-fa28-48fd-8e9e-385ce3f6f4b3 req-f77fc2c4-f489-4e37-8452-ce4c81b0c154 0a0dd98aa5154be38fd9518809a2f1ea 9fcde7dcb42d4c02852a5cfc51b5eeca - - 4f95f25d53d24d498ceba10037eb8fa3 4f95f25d53d24d498ceba10037eb8fa3] 199.204.45.162 "GET /resource_providers/3b5aa087-6aa8-4df5-8caa-db8e714ddb47/allocations" status: 200 len: 55 microversion: 1.0 [pid: 7|app: 0|req: 634/1266] 199.204.45.162 () {32 vars in 856 bytes} [Sat Jun 6 18:21:34 2026] GET /resource_providers/3b5aa087-6aa8-4df5-8caa-db8e714ddb47/allocations => generated 55 bytes in 16 msecs (HTTP/1.1 200) 6 headers in 223 bytes (1 switches on core 0)
2026-06-06 18:21:34.321 7 INFO placement.requestlog [None req-206bb0c0-cb9b-426b-8e16-d73c2629afd7 - - - - - -] 10.0.0.46 "GET /" status: 200 len: 136 microversion: 1.0
2026-06-06 18:21:34.321 8 INFO placement.requestlog [None req-e81b9228-d32b-46b3-8b6c-68314d7e48c5 - - - - - -] 10.0.0.46 "GET /" status: 200 len: 136 microversion: 1.0
2026-06-06 18:21:41.680 7 INFO placement.requestlog [None req-64605fd7-fb5f-4020-9e6c-32556a81e8a3 4b61ea7a592648ce84a848fbb214053c 9fcde7dcb42d4c02852a5cfc51b5eeca - - 4f95f25d53d24d498ceba10037eb8fa3 4f95f25d53d24d498ceba10037eb8fa3] 10.0.0.78 "GET /resource_providers/bebbc188-1f80-4189-91d9-bde1d3824e19/aggregates" status: 404 len: 235 microversion: 1.1 [pid: 7|app: 0|req: 636/1269] 10.0.0.78 () {32 vars in 814 bytes} [Sat Jun 6 18:21:41 2026] GET /resource_providers/bebbc188-1f80-4189-91d9-bde1d3824e19/aggregates => generated 235 bytes in 108 msecs (HTTP/1.1 404) 5 headers in 202 bytes (1 switches on core 0)
2026-06-06 18:21:41.686 8 INFO placement.requestlog [None req-b6e91b95-7479-4b79-9fc1-12c42a5cd6b7 4b61ea7a592648ce84a848fbb214053c 9fcde7dcb42d4c02852a5cfc51b5eeca - - 4f95f25d53d24d498ceba10037eb8fa3 4f95f25d53d24d498ceba10037eb8fa3] 10.0.0.78 "GET /resource_providers/bebbc188-1f80-4189-91d9-bde1d3824e19/aggregates" status: 404 len: 235 microversion: 1.1 [pid: 8|app: 0|req: 634/1270] 10.0.0.78 () {32 vars in 814 bytes} [Sat Jun 6 18:21:41 2026] GET /resource_providers/bebbc188-1f80-4189-91d9-bde1d3824e19/aggregates => generated 235 bytes in 110 msecs (HTTP/1.1 404) 5 headers in 202 bytes (1 switches on core 0)
2026-06-06 18:21:41.700 8 INFO placement.requestlog [None req-4c4f130b-01e2-4b52-9d65-105572708c2b 4b61ea7a592648ce84a848fbb214053c 9fcde7dcb42d4c02852a5cfc51b5eeca - - 4f95f25d53d24d498ceba10037eb8fa3 4f95f25d53d24d498ceba10037eb8fa3] 10.0.0.78 "DELETE /resource_providers/bebbc188-1f80-4189-91d9-bde1d3824e19" status: 404 len: 246 microversion: 1.1 [pid: 8|app: 0|req: 635/1271] 10.0.0.78 () {34 vars in 814 bytes} [Sat Jun 6 18:21:41 2026] DELETE /resource_providers/bebbc188-1f80-4189-91d9-bde1d3824e19 => generated 246 bytes in 6 msecs (HTTP/1.1 404) 6 headers in 231 bytes (1 switches on core 0)
2026-06-06 18:21:41.704 7 INFO placement.requestlog [None req-740db05d-a4a0-42ad-857b-2a2ced06e7f1 4b61ea7a592648ce84a848fbb214053c 9fcde7dcb42d4c02852a5cfc51b5eeca - - 4f95f25d53d24d498ceba10037eb8fa3 4f95f25d53d24d498ceba10037eb8fa3] 10.0.0.78 "DELETE /resource_providers/bebbc188-1f80-4189-91d9-bde1d3824e19" status: 404 len: 246 microversion: 1.1 [pid: 7|app: 0|req: 637/1272] 10.0.0.78 () {34 vars in 814 bytes} [Sat Jun 6 18:21:41 2026] DELETE /resource_providers/bebbc188-1f80-4189-91d9-bde1d3824e19 => generated 246 bytes in 10 msecs (HTTP/1.1 404) 6 headers in 231 bytes (1 switches on core 0)
2026-06-06 18:21:41.706 8 INFO placement.requestlog [None req-0413b21e-9a53-4f90-8287-877189c2c2a8 4b61ea7a592648ce84a848fbb214053c 9fcde7dcb42d4c02852a5cfc51b5eeca - - 4f95f25d53d24d498ceba10037eb8fa3 4f95f25d53d24d498ceba10037eb8fa3] 10.0.0.78 "GET /resource_providers/a283c756-df15-43c9-9944-25ad8cb56fd6/aggregates" status: 404 len: 235 microversion: 1.1 [pid: 8|app: 0|req: 636/1273] 10.0.0.78 () {32 vars in 814 bytes} [Sat Jun 6 18:21:41 2026] GET /resource_providers/a283c756-df15-43c9-9944-25ad8cb56fd6/aggregates => generated 235 bytes in 6 msecs (HTTP/1.1 404) 5 headers in 202 bytes (1 switches on core 0)
2026-06-06 18:21:41.711 7 INFO placement.requestlog [None req-3d52afbe-af05-4770-9f81-e1d6df845642 4b61ea7a592648ce84a848fbb214053c 9fcde7dcb42d4c02852a5cfc51b5eeca - - 4f95f25d53d24d498ceba10037eb8fa3 4f95f25d53d24d498ceba10037eb8fa3] 10.0.0.78 "GET /resource_providers/a283c756-df15-43c9-9944-25ad8cb56fd6/aggregates" status: 404 len: 235 microversion: 1.1 [pid: 7|app: 0|req: 638/1274] 10.0.0.78 () {32 vars in 814 bytes} [Sat Jun 6 18:21:41 2026] GET /resource_providers/a283c756-df15-43c9-9944-25ad8cb56fd6/aggregates => generated 235 bytes in 7 msecs (HTTP/1.1 404) 5 headers in 202 bytes (1 switches on core 0)
2026-06-06 18:21:41.724 8 INFO placement.requestlog [None req-e5ca4bf2-ecce-43d9-81f3-640196eec329 4b61ea7a592648ce84a848fbb214053c 9fcde7dcb42d4c02852a5cfc51b5eeca - - 4f95f25d53d24d498ceba10037eb8fa3 4f95f25d53d24d498ceba10037eb8fa3] 10.0.0.78 "DELETE /resource_providers/a283c756-df15-43c9-9944-25ad8cb56fd6" status: 404 len: 246 microversion: 1.1 [pid: 8|app: 0|req: 637/1275] 10.0.0.78 () {34 vars in 814 bytes} [Sat Jun 6 18:21:41 2026] DELETE /resource_providers/a283c756-df15-43c9-9944-25ad8cb56fd6 => generated 246 bytes in 8 msecs (HTTP/1.1 404) 6 headers in 231 bytes (1 switches on core 0)
2026-06-06 18:21:41.726 7 INFO placement.requestlog [None req-5ebfda6b-1074-451e-b924-7647dc09e651 4b61ea7a592648ce84a848fbb214053c 9fcde7dcb42d4c02852a5cfc51b5eeca - - 4f95f25d53d24d498ceba10037eb8fa3 4f95f25d53d24d498ceba10037eb8fa3] 10.0.0.78 "DELETE /resource_providers/a283c756-df15-43c9-9944-25ad8cb56fd6" status: 404 len: 246 microversion: 1.1 [pid: 7|app: 0|req: 639/1276] 10.0.0.78 () {34 vars in 814 bytes} [Sat Jun 6 18:21:41 2026] DELETE /resource_providers/a283c756-df15-43c9-9944-25ad8cb56fd6 => generated 246 bytes in 8 msecs (HTTP/1.1 404) 6 headers in 231 bytes (1 switches on core 0)
2026-06-06 18:21:43.721 8 INFO placement.requestlog [None req-b21862ff-72ce-4320-9210-466854edc2c6 4b61ea7a592648ce84a848fbb214053c 9fcde7dcb42d4c02852a5cfc51b5eeca - - 4f95f25d53d24d498ceba10037eb8fa3 4f95f25d53d24d498ceba10037eb8fa3] 10.0.0.78 "GET /resource_providers/6a85feae-b7b8-4687-9e96-89bd2b7dd5bd/aggregates" status: 404 len: 235 microversion: 1.1 [pid: 8|app: 0|req: 638/1277] 10.0.0.78 () {32 vars in 814 bytes} [Sat Jun 6 18:21:43 2026] GET /resource_providers/6a85feae-b7b8-4687-9e96-89bd2b7dd5bd/aggregates => generated 235 bytes in 10 msecs (HTTP/1.1 404) 5 headers in 202 bytes (1 switches on core 0)
2026-06-06 18:21:43.725 7 INFO placement.requestlog [None req-04623694-7a1a-4045-8151-98094e41571d 4b61ea7a592648ce84a848fbb214053c 9fcde7dcb42d4c02852a5cfc51b5eeca - - 4f95f25d53d24d498ceba10037eb8fa3 4f95f25d53d24d498ceba10037eb8fa3] 10.0.0.78 "GET /resource_providers/6a85feae-b7b8-4687-9e96-89bd2b7dd5bd/aggregates" status: 404 len: 235 microversion: 1.1 [pid: 7|app: 0|req: 640/1278] 10.0.0.78 () {32 vars in 814 bytes} [Sat Jun 6 18:21:43 2026] GET /resource_providers/6a85feae-b7b8-4687-9e96-89bd2b7dd5bd/aggregates => generated 235 bytes in 12 msecs (HTTP/1.1 404) 5 headers in 202 bytes (1 switches on core 0)
2026-06-06 18:21:43.739 8 INFO placement.requestlog [None req-7f37462f-d7d6-4840-a0f8-d88247056b87 4b61ea7a592648ce84a848fbb214053c 9fcde7dcb42d4c02852a5cfc51b5eeca - - 4f95f25d53d24d498ceba10037eb8fa3 4f95f25d53d24d498ceba10037eb8fa3] 10.0.0.78 "DELETE /resource_providers/6a85feae-b7b8-4687-9e96-89bd2b7dd5bd" status: 404 len: 246 microversion: 1.1 [pid: 8|app: 0|req: 639/1279] 10.0.0.78 () {34 vars in 814 bytes} [Sat Jun 6 18:21:43 2026] DELETE /resource_providers/6a85feae-b7b8-4687-9e96-89bd2b7dd5bd => generated 246 bytes in 7 msecs (HTTP/1.1 404) 6 headers in 231 bytes (1 switches on core 0)
2026-06-06 18:21:43.951 8 INFO placement.requestlog [None req-1b1a55b2-59db-4a62-9799-cb0413aedcf7 4b61ea7a592648ce84a848fbb214053c 9fcde7dcb42d4c02852a5cfc51b5eeca - - 4f95f25d53d24d498ceba10037eb8fa3 4f95f25d53d24d498ceba10037eb8fa3] 10.0.0.78 "GET /resource_providers/853ae5c3-8cc6-4e15-9693-574d80786150/aggregates" status: 404 len: 235 microversion: 1.1 [pid: 8|app: 0|req: 640/1280] 10.0.0.78 () {32 vars in 814 bytes} [Sat Jun 6 18:21:43 2026] GET /resource_providers/853ae5c3-8cc6-4e15-9693-574d80786150/aggregates => generated 235 bytes in 212 msecs (HTTP/1.1 404) 5 headers in 202 bytes (1 switches on core 0)
2026-06-06 18:21:43.956 8 INFO placement.requestlog [None req-b7208244-650b-4282-b74e-10dc875fe8f3 4b61ea7a592648ce84a848fbb214053c 9fcde7dcb42d4c02852a5cfc51b5eeca - - 4f95f25d53d24d498ceba10037eb8fa3 4f95f25d53d24d498ceba10037eb8fa3] 10.0.0.78 "DELETE /resource_providers/6a85feae-b7b8-4687-9e96-89bd2b7dd5bd" status: 404 len: 246 microversion: 1.1 [pid: 8|app: 0|req: 641/1281] 10.0.0.78 () {34 vars in 814 bytes} [Sat Jun 6 18:21:43 2026] DELETE /resource_providers/6a85feae-b7b8-4687-9e96-89bd2b7dd5bd => generated 246 bytes in 4 msecs (HTTP/1.1 404) 6 headers in 231 bytes (1 switches on core 0)
2026-06-06 18:21:43.961 7 INFO placement.requestlog [None req-1de247b9-3e1c-4419-a91b-53f18831b415 4b61ea7a592648ce84a848fbb214053c 9fcde7dcb42d4c02852a5cfc51b5eeca - - 4f95f25d53d24d498ceba10037eb8fa3 4f95f25d53d24d498ceba10037eb8fa3] 10.0.0.78 "GET /resource_providers/853ae5c3-8cc6-4e15-9693-574d80786150/aggregates" status: 404 len: 235 microversion: 1.1 [pid: 7|app: 0|req: 641/1282] 10.0.0.78 () {32 vars in 814 bytes} [Sat Jun 6 18:21:43 2026] GET /resource_providers/853ae5c3-8cc6-4e15-9693-574d80786150/aggregates => generated 235 bytes in 229 msecs (HTTP/1.1 404) 5 headers in 202 bytes (1 switches on core 0)
2026-06-06 18:21:43.963 8 INFO placement.requestlog [None req-f6fc795b-6e7d-4a11-b3f8-aef0f1b5b5ba 4b61ea7a592648ce84a848fbb214053c 9fcde7dcb42d4c02852a5cfc51b5eeca - - 4f95f25d53d24d498ceba10037eb8fa3 4f95f25d53d24d498ceba10037eb8fa3] 10.0.0.78 "GET /resource_providers/7e142c2f-52fa-4d0a-bca8-f4f88d913c39/aggregates" status: 404 len: 235 microversion: 1.1 [pid: 8|app: 0|req: 642/1283] 10.0.0.78 () {32 vars in 814 bytes} [Sat Jun 6 18:21:43 2026] GET /resource_providers/7e142c2f-52fa-4d0a-bca8-f4f88d913c39/aggregates => generated 235 bytes in 7 msecs (HTTP/1.1 404) 5 headers in 202 bytes (1 switches on core 0)
2026-06-06 18:21:43.967 7 INFO placement.requestlog [None req-11b4b688-a459-420a-966c-d404c4b46e54 4b61ea7a592648ce84a848fbb214053c 9fcde7dcb42d4c02852a5cfc51b5eeca - - 4f95f25d53d24d498ceba10037eb8fa3 4f95f25d53d24d498ceba10037eb8fa3] 10.0.0.78 "DELETE /resource_providers/853ae5c3-8cc6-4e15-9693-574d80786150" status: 404 len: 246 microversion: 1.1 [pid: 7|app: 0|req: 642/1284] 10.0.0.78 () {34 vars in 814 bytes} [Sat Jun 6 18:21:43 2026] DELETE /resource_providers/853ae5c3-8cc6-4e15-9693-574d80786150 => generated 246 bytes in 5 msecs (HTTP/1.1 404) 6 headers in 231 bytes (1 switches on core 0)
2026-06-06 18:21:43.974 7 INFO placement.requestlog [None req-0f743f63-999e-44aa-aeab-e15eb55ae01e 4b61ea7a592648ce84a848fbb214053c 9fcde7dcb42d4c02852a5cfc51b5eeca - - 4f95f25d53d24d498ceba10037eb8fa3 4f95f25d53d24d498ceba10037eb8fa3] 10.0.0.78 "DELETE /resource_providers/7e142c2f-52fa-4d0a-bca8-f4f88d913c39" status: 404 len: 246 microversion: 1.1
2026-06-06 18:21:43.974 8 INFO placement.requestlog [None req-d6e8586d-3edd-45a9-8650-19169923386c 4b61ea7a592648ce84a848fbb214053c 9fcde7dcb42d4c02852a5cfc51b5eeca - - 4f95f25d53d24d498ceba10037eb8fa3 4f95f25d53d24d498ceba10037eb8fa3] 10.0.0.78 "GET /resource_providers/7e142c2f-52fa-4d0a-bca8-f4f88d913c39/aggregates" status: 404 len: 235 microversion: 1.1 [pid: 7|app: 0|req: 643/1285] 10.0.0.78 () {34 vars in 814 bytes} [Sat Jun 6 18:21:43 2026] DELETE /resource_providers/7e142c2f-52fa-4d0a-bca8-f4f88d913c39 => generated 246 bytes in 5 msecs (HTTP/1.1 404) 6 headers in 231 bytes (1 switches on core 0) [pid: 8|app: 0|req: 643/1286] 10.0.0.78 () {32 vars in 814 bytes} [Sat Jun 6 18:21:43 2026] GET /resource_providers/7e142c2f-52fa-4d0a-bca8-f4f88d913c39/aggregates => generated 235 bytes in 6 msecs (HTTP/1.1 404) 5 headers in 202 bytes (1 switches on core 0)
2026-06-06 18:21:43.981 7 INFO placement.requestlog [None req-0763ce9c-a490-4c2d-b860-6455a8d5b140 4b61ea7a592648ce84a848fbb214053c 9fcde7dcb42d4c02852a5cfc51b5eeca - - 4f95f25d53d24d498ceba10037eb8fa3 4f95f25d53d24d498ceba10037eb8fa3] 10.0.0.78 "DELETE /resource_providers/853ae5c3-8cc6-4e15-9693-574d80786150" status: 404 len: 246 microversion: 1.1 [pid: 7|app: 0|req: 644/1287] 10.0.0.78 () {34 vars in 814 bytes} [Sat Jun 6 18:21:43 2026] DELETE /resource_providers/853ae5c3-8cc6-4e15-9693-574d80786150 => generated 246 bytes in 6 msecs (HTTP/1.1 404) 6 headers in 231 bytes (1 switches on core 0)
2026-06-06 18:21:43.991 8 INFO placement.requestlog [None req-427f94fe-f781-43db-a71f-f1a450dac796 4b61ea7a592648ce84a848fbb214053c 9fcde7dcb42d4c02852a5cfc51b5eeca - - 4f95f25d53d24d498ceba10037eb8fa3 4f95f25d53d24d498ceba10037eb8fa3] 10.0.0.78 "DELETE /resource_providers/7e142c2f-52fa-4d0a-bca8-f4f88d913c39" status: 404 len: 246 microversion: 1.1 [pid: 8|app: 0|req: 644/1288] 10.0.0.78 () {34 vars in 814 bytes} [Sat Jun 6 18:21:43 2026] DELETE /resource_providers/7e142c2f-52fa-4d0a-bca8-f4f88d913c39 => generated 246 bytes in 8 msecs (HTTP/1.1 404) 6 headers in 231 bytes (1 switches on core 0)
2026-06-06 18:21:44.321 7 INFO placement.requestlog [None req-78b5aab8-ffcb-4b7b-a86e-8d253af81dbd - - - - - -] 10.0.0.46 "GET /" status: 200 len: 136 microversion: 1.0
2026-06-06 18:21:44.321 8 INFO placement.requestlog [None req-7951b6aa-f775-4b4d-af8d-3c3cf519509d - - - - - -] 10.0.0.46 "GET /" status: 200 len: 136 microversion: 1.0
2026-06-06 18:21:49.191 7 INFO placement.requestlog [None req-49bee495-7f16-4a34-9748-244b77e65b0f 4b61ea7a592648ce84a848fbb214053c 9fcde7dcb42d4c02852a5cfc51b5eeca - - 4f95f25d53d24d498ceba10037eb8fa3 4f95f25d53d24d498ceba10037eb8fa3] 10.0.0.78 "GET /resource_providers/eee19247-3a34-482d-a3cd-6efa38972857/aggregates" status: 404 len: 235 microversion: 1.1
2026-06-06 18:21:49.191 8 INFO placement.requestlog [None req-b8d2bd37-2c39-447e-8993-9261c06095a5 4b61ea7a592648ce84a848fbb214053c 9fcde7dcb42d4c02852a5cfc51b5eeca - - 4f95f25d53d24d498ceba10037eb8fa3 4f95f25d53d24d498ceba10037eb8fa3] 10.0.0.78 "GET /resource_providers/eee19247-3a34-482d-a3cd-6efa38972857/aggregates" status: 404 len: 235 microversion: 1.1 [pid: 7|app: 0|req: 646/1291] 10.0.0.78 () {32 vars in 814 bytes} [Sat Jun 6 18:21:49 2026] GET /resource_providers/eee19247-3a34-482d-a3cd-6efa38972857/aggregates => generated 235 bytes in 11 msecs (HTTP/1.1 404) 5 headers in 202 bytes (1 switches on core 0) [pid: 8|app: 0|req: 646/1292] 10.0.0.78 () {32 vars in 814 bytes} [Sat Jun 6 18:21:49 2026] GET /resource_providers/eee19247-3a34-482d-a3cd-6efa38972857/aggregates => generated 235 bytes in 11 msecs (HTTP/1.1 404) 5 headers in 202 bytes (1 switches on core 0)
2026-06-06 18:21:49.211 8 INFO placement.requestlog [None req-370c0ce2-ea46-4950-8694-87cf2a2588eb 4b61ea7a592648ce84a848fbb214053c 9fcde7dcb42d4c02852a5cfc51b5eeca - - 4f95f25d53d24d498ceba10037eb8fa3 4f95f25d53d24d498ceba10037eb8fa3] 10.0.0.78 "DELETE /resource_providers/eee19247-3a34-482d-a3cd-6efa38972857" status: 404 len: 246 microversion: 1.1 [pid: 8|app: 0|req: 647/1293] 10.0.0.78 () {34 vars in 814 bytes} [Sat Jun 6 18:21:49 2026] DELETE /resource_providers/eee19247-3a34-482d-a3cd-6efa38972857 => generated 246 bytes in 9 msecs (HTTP/1.1 404) 6 headers in 231 bytes (1 switches on core 0)
2026-06-06 18:21:49.213 7 INFO placement.requestlog [None req-df33081d-46c3-44be-bb7b-d6ba650bc6d1 4b61ea7a592648ce84a848fbb214053c 9fcde7dcb42d4c02852a5cfc51b5eeca - - 4f95f25d53d24d498ceba10037eb8fa3 4f95f25d53d24d498ceba10037eb8fa3] 10.0.0.78 "DELETE /resource_providers/eee19247-3a34-482d-a3cd-6efa38972857" status: 404 len: 246 microversion: 1.1 [pid: 7|app: 0|req: 647/1294] 10.0.0.78 () {34 vars in 814 bytes} [Sat Jun 6 18:21:49 2026] DELETE /resource_providers/eee19247-3a34-482d-a3cd-6efa38972857 => generated 246 bytes in 11 msecs (HTTP/1.1 404) 6 headers in 231 bytes (1 switches on core 0)
2026-06-06 18:21:54.321 8 INFO placement.requestlog [None req-5aba5608-ed6e-4c75-a7bc-1156d415aea3 - - - - - -] 10.0.0.46 "GET /" status: 200 len: 136 microversion: 1.0
2026-06-06 18:21:54.321 7 INFO placement.requestlog [None req-8c5e46d7-b95e-439e-b154-14aadf7c1640 - - - - - -] 10.0.0.46 "GET /" status: 200 len: 136 microversion: 1.0
2026-06-06 18:22:04.321 7 INFO placement.requestlog [None req-a9977d57-1245-4712-a09d-d5d1978c1cb1 - - - - - -] 10.0.0.46 "GET /" status: 200 len: 136 microversion: 1.0
2026-06-06 18:22:04.321 8 INFO placement.requestlog [None req-73dc968e-22b0-4d45-bff8-a29111b83d95 - - - - - -] 10.0.0.46 "GET /" status: 200 len: 136 microversion: 1.0
2026-06-06 18:22:14.321 7 INFO placement.requestlog [None req-1507f399-3619-4659-b7a6-e3062f810e09 - - - - - -] 10.0.0.46 "GET /" status: 200 len: 136 microversion: 1.0
2026-06-06 18:22:14.321 8 INFO placement.requestlog [None req-9ebfd1ea-f45e-4837-add2-9d946ff495e6 - - - - - -] 10.0.0.46 "GET /" status: 200 len: 136 microversion: 1.0
2026-06-06 18:22:24.321 7 INFO placement.requestlog [None req-76d50f94-d550-421a-a081-7c78734be762 - - - - - -] 10.0.0.46 "GET /" status: 200 len: 136 microversion: 1.0
2026-06-06 18:22:24.321 8 INFO placement.requestlog [None req-defc7040-c3c9-4ae8-b7f6-45d8a5492729 - - - - - -] 10.0.0.46 "GET /" status: 200 len: 136 microversion: 1.0
2026-06-06 18:22:33.972 7 INFO placement.requestlog [req-0c2e9604-f2fa-4ad9-83e6-e6d01c68e328 req-0330fa1f-34b4-47c1-8a8e-355375da8ff0 0a0dd98aa5154be38fd9518809a2f1ea 9fcde7dcb42d4c02852a5cfc51b5eeca - - 4f95f25d53d24d498ceba10037eb8fa3 4f95f25d53d24d498ceba10037eb8fa3] 199.204.45.162 "GET /resource_providers/3b5aa087-6aa8-4df5-8caa-db8e714ddb47/allocations" status: 200 len: 55 microversion: 1.0 [pid: 7|app: 0|req: 652/1303] 199.204.45.162 () {32 vars in 856 bytes} [Sat Jun 6 18:22:33 2026] GET /resource_providers/3b5aa087-6aa8-4df5-8caa-db8e714ddb47/allocations => generated 55 bytes in 13 msecs (HTTP/1.1 200) 6 headers in 223 bytes (1 switches on core 0)
2026-06-06 18:22:33.994 8 INFO placement.requestlog [req-0c2e9604-f2fa-4ad9-83e6-e6d01c68e328 req-0dc345f5-befb-45ed-af9a-c11fe68fc442 0a0dd98aa5154be38fd9518809a2f1ea 9fcde7dcb42d4c02852a5cfc51b5eeca - - 4f95f25d53d24d498ceba10037eb8fa3 4f95f25d53d24d498ceba10037eb8fa3] 199.204.45.162 "GET /resource_providers/3b5aa087-6aa8-4df5-8caa-db8e714ddb47/allocations" status: 200 len: 55 microversion: 1.0 [pid: 8|app: 0|req: 652/1304] 199.204.45.162 () {32 vars in 856 bytes} [Sat Jun 6 18:22:33 2026] GET /resource_providers/3b5aa087-6aa8-4df5-8caa-db8e714ddb47/allocations => generated 55 bytes in 15 msecs (HTTP/1.1 200) 6 headers in 223 bytes (1 switches on core 0)
2026-06-06 18:22:34.320 7 INFO placement.requestlog [None req-2adb72eb-9c49-4087-a848-ed05959219d2 - - - - - -] 10.0.0.46 "GET /" status: 200 len: 136 microversion: 1.0
2026-06-06 18:22:34.320 8 INFO placement.requestlog [None req-a211948b-8ad9-40b0-8b68-5beb7b917438 - - - - - -] 10.0.0.46 "GET /" status: 200 len: 136 microversion: 1.0
2026-06-06 18:22:44.321 7 INFO placement.requestlog [None req-a5866415-1ba5-4257-b6eb-c478399ecbc7 - - - - - -] 10.0.0.46 "GET /" status: 200 len: 136 microversion: 1.0
2026-06-06 18:22:44.321 8 INFO placement.requestlog [None req-fcb724d4-b049-43ee-be0e-f5140e365fef - - - - - -] 10.0.0.46 "GET /" status: 200 len: 136 microversion: 1.0
2026-06-06 18:22:54.321 7 INFO placement.requestlog [None req-70365012-b68f-4e13-8da2-99e65fe0644d - - - - - -] 10.0.0.46 "GET /" status: 200 len: 136 microversion: 1.0
2026-06-06 18:22:54.322 8 INFO placement.requestlog [None req-8e05cc02-cb77-441e-a487-940b028f9926 - - - - - -] 10.0.0.46 "GET /" status: 200 len: 136 microversion: 1.0
2026-06-06 18:23:04.321 7 INFO placement.requestlog [None req-6db9af1d-b8c6-41b9-9402-5cf1735f1617 - - - - - -] 10.0.0.46 "GET /" status: 200 len: 136 microversion: 1.0
2026-06-06 18:23:04.323 8 INFO placement.requestlog [None req-27a0a2a8-342d-4400-bee3-bf466b741597 - - - - - -] 10.0.0.46 "GET /" status: 200 len: 136 microversion: 1.0
2026-06-06 18:23:14.321 8 INFO placement.requestlog [None req-3b5a2ce9-8969-4a8c-b071-b52becb2921f - - - - - -] 10.0.0.46 "GET /" status: 200 len: 136 microversion: 1.0
2026-06-06 18:23:14.321 7 INFO placement.requestlog [None req-a5829b13-ca54-4484-bb67-bbc4bef56358 - - - - - -] 10.0.0.46 "GET /" status: 200 len: 136 microversion: 1.0
2026-06-06 18:23:24.321 8 INFO placement.requestlog [None req-2b2b75f9-950f-4f79-89ab-d34405954541 - - - - - -] 10.0.0.46 "GET /" status: 200 len: 136 microversion: 1.0
2026-06-06 18:23:24.321 7 INFO placement.requestlog [None req-b5328e8f-1f2c-4ae9-b4da-58ef18e4f056 - - - - - -] 10.0.0.46 "GET /" status: 200 len: 136 microversion: 1.0
2026-06-06 18:23:34.320 8 INFO placement.requestlog [None req-bc598790-d0f6-45cb-bc6a-dca3a6a31dcf - - - - - -] 10.0.0.46 "GET /" status: 200 len: 136 microversion: 1.0
2026-06-06 18:23:34.321 7 INFO placement.requestlog [None req-241d2c7d-2f66-4b2b-b84a-e8e8705c4d2d - - - - - -] 10.0.0.46 "GET /" status: 200 len: 136 microversion: 1.0
2026-06-06 18:23:35.144 8 INFO placement.requestlog [req-f2924f52-04b7-4486-a831-02da4058716e req-ae6104bb-ce8f-40a0-9774-e7d00b357412 0a0dd98aa5154be38fd9518809a2f1ea 9fcde7dcb42d4c02852a5cfc51b5eeca - - 4f95f25d53d24d498ceba10037eb8fa3 4f95f25d53d24d498ceba10037eb8fa3] 199.204.45.162 "GET /resource_providers/3b5aa087-6aa8-4df5-8caa-db8e714ddb47/allocations" status: 200 len: 55 microversion: 1.0 [pid: 8|app: 0|req: 660/1319] 199.204.45.162 () {32 vars in 856 bytes} [Sat Jun 6 18:23:35 2026] GET /resource_providers/3b5aa087-6aa8-4df5-8caa-db8e714ddb47/allocations => generated 55 bytes in 13 msecs (HTTP/1.1 200) 6 headers in 223 bytes (1 switches on core 0)
2026-06-06 18:23:35.167 7 INFO placement.requestlog [req-f2924f52-04b7-4486-a831-02da4058716e req-fdaffc44-8af8-4e63-9add-2859b3f897b9 0a0dd98aa5154be38fd9518809a2f1ea 9fcde7dcb42d4c02852a5cfc51b5eeca - - 4f95f25d53d24d498ceba10037eb8fa3 4f95f25d53d24d498ceba10037eb8fa3] 199.204.45.162 "GET /resource_providers/3b5aa087-6aa8-4df5-8caa-db8e714ddb47/allocations" status: 200 len: 55 microversion: 1.0 [pid: 7|app: 0|req: 660/1320] 199.204.45.162 () {32 vars in 856 bytes} [Sat Jun 6 18:23:35 2026] GET /resource_providers/3b5aa087-6aa8-4df5-8caa-db8e714ddb47/allocations => generated 55 bytes in 14 msecs (HTTP/1.1 200) 6 headers in 223 bytes (1 switches on core 0)
2026-06-06 18:23:44.321 7 INFO placement.requestlog [None req-18bbbbe3-6e00-488a-bea7-ad7d19fe1adf - - - - - -] 10.0.0.46 "GET /" status: 200 len: 136 microversion: 1.0
2026-06-06 18:23:44.321 8 INFO placement.requestlog [None req-5d8a3894-d07d-41f0-8862-e3dd9778c136 - - - - - -] 10.0.0.46 "GET /" status: 200 len: 136 microversion: 1.0
2026-06-06 18:23:54.320 7 INFO placement.requestlog [None req-f60f2ffa-af8d-49a1-884e-d33d712f6817 - - - - - -] 10.0.0.46 "GET /" status: 200 len: 136 microversion: 1.0
2026-06-06 18:23:54.320 8 INFO placement.requestlog [None req-b1813eba-8d5b-4fe7-b70b-bd270fb56339 - - - - - -] 10.0.0.46 "GET /" status: 200 len: 136 microversion: 1.0
2026-06-06 18:24:04.321 7 INFO placement.requestlog [None req-5e9cff9b-80ce-4145-b267-382e9e70f031 - - - - - -] 10.0.0.46 "GET /" status: 200 len: 136 microversion: 1.0
2026-06-06 18:24:04.321 8 INFO placement.requestlog [None req-a463d3af-3241-4d47-8b8d-5e4610f03878 - - - - - -] 10.0.0.46 "GET /" status: 200 len: 136 microversion: 1.0
2026-06-06 18:24:14.321 7 INFO placement.requestlog [None req-aa93da3e-2006-481b-8cc5-e2b91b403eb1 - - - - - -] 10.0.0.46 "GET /" status: 200 len: 136 microversion: 1.0
2026-06-06 18:24:14.321 8 INFO placement.requestlog [None req-deb8a195-bd0e-46ae-af47-b016f32d9e65 - - - - - -] 10.0.0.46 "GET /" status: 200 len: 136 microversion: 1.0
2026-06-06 18:24:24.321 7 INFO placement.requestlog [None req-342f8403-65cb-4cfa-9e51-c3b8c7f60460 - - - - - -] 10.0.0.46 "GET /" status: 200 len: 136 microversion: 1.0
2026-06-06 18:24:24.321 8 INFO placement.requestlog [None req-b055f0ca-3742-427a-80f6-f4b43705e177 - - - - - -] 10.0.0.46 "GET /" status: 200 len: 136 microversion: 1.0
2026-06-06 18:24:34.320 7 INFO placement.requestlog [None req-a7826ac8-bca8-4a47-a64b-bf11880b7f2c - - - - - -] 10.0.0.46 "GET /" status: 200 len: 136 microversion: 1.0
2026-06-06 18:24:34.320 8 INFO placement.requestlog [None req-64b00dc0-5a3e-43e6-9ec1-d159512f2699 - - - - - -] 10.0.0.46 "GET /" status: 200 len: 136 microversion: 1.0
2026-06-06 18:24:37.099 7 INFO placement.requestlog [req-4b196787-41b3-46a5-9cce-06860e9a77b3 req-1f1e4f5d-9449-4539-b520-a16b46019aa6 0a0dd98aa5154be38fd9518809a2f1ea 9fcde7dcb42d4c02852a5cfc51b5eeca - - 4f95f25d53d24d498ceba10037eb8fa3 4f95f25d53d24d498ceba10037eb8fa3] 199.204.45.162 "GET /resource_providers/3b5aa087-6aa8-4df5-8caa-db8e714ddb47/allocations" status: 200 len: 55 microversion: 1.0 [pid: 7|app: 0|req: 667/1333] 199.204.45.162 () {32 vars in 856 bytes} [Sat Jun 6 18:24:37 2026] GET /resource_providers/3b5aa087-6aa8-4df5-8caa-db8e714ddb47/allocations => generated 55 bytes in 29 msecs (HTTP/1.1 200) 6 headers in 223 bytes (1 switches on core 0)
