Jun 08 04:30:52.320346 np0000178757 devstack@neutron-api.service[103138]: INFO neutron.api.extensions [None req-8d27a326-538b-4538-bd6c-7eb064d6847a None None] Loaded extension: security-groups-remote-address-group
Jun 08 04:30:52.320430 np0000178757 devstack@neutron-api.service[103138]: DEBUG neutron.api.extensions [None req-8d27a326-538b-4538-bd6c-7eb064d6847a None None] Loading extension file: security_groups_rules_belongs_to_default_sg.py {{(pid=103138) _load_all_extensions_from_path /opt/stack/neutron/neutron/api/extensions.py:449}}
Jun 08 04:30:52.320835 np0000178757 devstack@neutron-api.service[103136]: INFO neutron.quota [None req-c3333266-8228-40a8-b3c3-03e0832fb47a None None] Loaded quota_driver: .
Jun 08 04:30:52.320885 np0000178757 devstack@neutron-api.service[103138]: DEBUG neutron.api.extensions [None req-8d27a326-538b-4538-bd6c-7eb064d6847a None None] Ext name="Security group rule belongs to the project's default security group" alias="security-groups-rules-belongs-to-default-sg" description="Flag to determine if the security group rule belongs to the project's default security group" updated="2023-05-23T10:00:00-00:00" {{(pid=103138) _check_extension /opt/stack/neutron/neutron/api/extensions.py:415}}
Jun 08 04:30:52.320946 np0000178757 devstack@neutron-api.service[103136]: INFO neutron.plugins.ml2.plugin [None req-c3333266-8228-40a8-b3c3-03e0832fb47a None None] Modular L2 Plugin initialization complete
Jun 08 04:30:52.320993 np0000178757 devstack@neutron-api.service[103138]: INFO neutron.api.extensions [None req-8d27a326-538b-4538-bd6c-7eb064d6847a None None] Loaded extension: security-groups-rules-belongs-to-default-sg
Jun 08 04:30:52.321081 np0000178757 devstack@neutron-api.service[103136]: DEBUG neutron.manager [None req-c3333266-8228-40a8-b3c3-03e0832fb47a None None] Loading services supported by the core plugin {{(pid=103136) _load_services_from_core_plugin /opt/stack/neutron/neutron/manager.py:170}}
Jun 08 04:30:52.321118 np0000178757 devstack@neutron-api.service[103138]: DEBUG neutron.api.extensions [None req-8d27a326-538b-4538-bd6c-7eb064d6847a None None] Loading extension file: security_groups_shared_filtering.py {{(pid=103138) _load_all_extensions_from_path /opt/stack/neutron/neutron/api/extensions.py:449}}
Jun 08 04:30:52.321182 np0000178757 devstack@neutron-api.service[103136]: INFO neutron.plugins.ml2.managers [None req-c3333266-8228-40a8-b3c3-03e0832fb47a None None] Got port-security extension from driver 'port_security'
Jun 08 04:30:52.321322 np0000178757 devstack@neutron-api.service[103138]: DEBUG neutron.api.extensions [None req-8d27a326-538b-4538-bd6c-7eb064d6847a None None] Ext name="Security group filtering on the shared field" alias="security-groups-shared-filtering" description="Support filtering security groups on the shared field" updated="2021-10-05T09:00:00-00:00" {{(pid=103138) _check_extension /opt/stack/neutron/neutron/api/extensions.py:415}}
Jun 08 04:30:52.321461 np0000178757 devstack@neutron-api.service[103136]: DEBUG neutron.manager [None req-c3333266-8228-40a8-b3c3-03e0832fb47a None None] Loading service plugins: ['ovn-router', 'auto_allocate', 'tag', 'timestamp', 'network_ip_availability', 'flavors', 'revisions'] {{(pid=103136) _load_service_plugins /opt/stack/neutron/neutron/manager.py:195}}
Jun 08 04:30:52.321523 np0000178757 devstack@neutron-api.service[103138]: INFO neutron.api.extensions [None req-8d27a326-538b-4538-bd6c-7eb064d6847a None None] Loaded extension: security-groups-shared-filtering
Jun 08 04:30:52.321569 np0000178757 devstack@neutron-api.service[103136]: INFO neutron.manager [None req-c3333266-8228-40a8-b3c3-03e0832fb47a None None] Loading Plugin: ovn-router
Jun 08 04:30:52.321610 np0000178757 devstack@neutron-api.service[103138]: DEBUG neutron.api.extensions [None req-8d27a326-538b-4538-bd6c-7eb064d6847a None None] Loading extension file: securitygroup.py {{(pid=103138) _load_all_extensions_from_path /opt/stack/neutron/neutron/api/extensions.py:449}}
Jun 08 04:30:52.323383 np0000178757 devstack@neutron-api.service[103138]: DEBUG neutron.api.extensions [None req-8d27a326-538b-4538-bd6c-7eb064d6847a None None] Ext name="security-group" alias="security-group" description="The security groups extension." updated="2012-10-05T10:00:00-00:00" {{(pid=103138) _check_extension /opt/stack/neutron/neutron/api/extensions.py:415}}
Jun 08 04:30:52.323624 np0000178757 devstack@neutron-api.service[103138]: INFO neutron.api.extensions [None req-8d27a326-538b-4538-bd6c-7eb064d6847a None None] Loaded extension: security-group
Jun 08 04:30:52.323706 np0000178757 devstack@neutron-api.service[103138]: DEBUG neutron.api.extensions [None req-8d27a326-538b-4538-bd6c-7eb064d6847a None None] Loading extension file: segment.py {{(pid=103138) _load_all_extensions_from_path /opt/stack/neutron/neutron/api/extensions.py:449}}
Jun 08 04:30:52.324010 np0000178757 devstack@neutron-api.service[103138]: DEBUG neutron.api.extensions [None req-8d27a326-538b-4538-bd6c-7eb064d6847a None None] Ext name="Segment" alias="segment" description="Segments extension." updated="2016-02-24T17:00:00-00:00" {{(pid=103138) _check_extension /opt/stack/neutron/neutron/api/extensions.py:415}}
Jun 08 04:30:52.324192 np0000178757 devstack@neutron-api.service[103138]: INFO neutron.api.extensions [None req-8d27a326-538b-4538-bd6c-7eb064d6847a None None] Extension segment not supported by any of loaded plugins
Jun 08 04:30:52.324227 np0000178757 devstack@neutron-api.service[103138]: DEBUG neutron.api.extensions [None req-8d27a326-538b-4538-bd6c-7eb064d6847a None None] Loading extension file: segments_peer_subnet_host_routes.py {{(pid=103138) _load_all_extensions_from_path /opt/stack/neutron/neutron/api/extensions.py:449}}
Jun 08 04:30:52.324460 np0000178757 devstack@neutron-api.service[103138]: DEBUG neutron.api.extensions [None req-8d27a326-538b-4538-bd6c-7eb064d6847a None None] Ext name="Segments peer-subnet host routes" alias="segments-peer-subnet-host-routes" description="Add host routes to subnets on a routed network (segments)" updated="2018-06-12T10:00:00-00:00" {{(pid=103138) _check_extension /opt/stack/neutron/neutron/api/extensions.py:415}}
Jun 08 04:30:52.324644 np0000178757 devstack@neutron-api.service[103138]: INFO neutron.api.extensions [None req-8d27a326-538b-4538-bd6c-7eb064d6847a None None] Extension segments-peer-subnet-host-routes not supported by any of loaded plugins
Jun 08 04:30:52.324735 np0000178757 devstack@neutron-api.service[103138]: DEBUG neutron.api.extensions [None req-8d27a326-538b-4538-bd6c-7eb064d6847a None None] Loading extension file: servicetype.py {{(pid=103138) _load_all_extensions_from_path /opt/stack/neutron/neutron/api/extensions.py:449}}
Jun 08 04:30:52.324990 np0000178757 devstack@neutron-api.service[103138]: DEBUG neutron.api.extensions [None req-8d27a326-538b-4538-bd6c-7eb064d6847a None None] Ext name="Neutron Service Type Management" alias="service-type" description="API for retrieving service providers for Neutron advanced services" updated="2013-01-20T00:00:00-00:00" {{(pid=103138) _check_extension /opt/stack/neutron/neutron/api/extensions.py:415}}
Jun 08 04:30:52.325258 np0000178757 devstack@neutron-api.service[103138]: INFO neutron.api.extensions [None req-8d27a326-538b-4538-bd6c-7eb064d6847a None None] Loaded extension: service-type
Jun 08 04:30:52.325258 np0000178757 devstack@neutron-api.service[103138]: DEBUG neutron.api.extensions [None req-8d27a326-538b-4538-bd6c-7eb064d6847a None None] Loading extension file: sorting.py {{(pid=103138) _load_all_extensions_from_path /opt/stack/neutron/neutron/api/extensions.py:449}}
Jun 08 04:30:52.325593 np0000178757 devstack@neutron-api.service[103138]: DEBUG neutron.api.extensions [None req-8d27a326-538b-4538-bd6c-7eb064d6847a None None] Ext name="Sorting support" alias="sorting" description="Extension that indicates that sorting is enabled." updated="2016-06-12T00:00:00-00:00" {{(pid=103138) _check_extension /opt/stack/neutron/neutron/api/extensions.py:415}}
Jun 08 04:30:52.325593 np0000178757 devstack@neutron-api.service[103138]: INFO neutron.api.extensions [None req-8d27a326-538b-4538-bd6c-7eb064d6847a None None] Loaded extension: sorting
Jun 08 04:30:52.325714 np0000178757 devstack@neutron-api.service[103138]: DEBUG neutron.api.extensions [None req-8d27a326-538b-4538-bd6c-7eb064d6847a None None] Loading extension file: standard_attr_segment.py {{(pid=103138) _load_all_extensions_from_path /opt/stack/neutron/neutron/api/extensions.py:449}}
Jun 08 04:30:52.325883 np0000178757 devstack@neutron-api.service[103138]: DEBUG neutron.api.extensions [None req-8d27a326-538b-4538-bd6c-7eb064d6847a None None] Ext name="Standard Attribute Segment Extension" alias="standard-attr-segment" description="Add standard attributes to Segment resource" updated="2018-04-09T10:00:00-00:00" {{(pid=103138) _check_extension /opt/stack/neutron/neutron/api/extensions.py:415}}
Jun 08 04:30:52.326049 np0000178757 devstack@neutron-api.service[103138]: INFO neutron.api.extensions [None req-8d27a326-538b-4538-bd6c-7eb064d6847a None None] Extension standard-attr-segment not supported by any of loaded plugins
Jun 08 04:30:52.326143 np0000178757 devstack@neutron-api.service[103138]: DEBUG neutron.api.extensions [None req-8d27a326-538b-4538-bd6c-7eb064d6847a None None] Loading extension file: standardattrdescription.py {{(pid=103138) _load_all_extensions_from_path /opt/stack/neutron/neutron/api/extensions.py:449}}
Jun 08 04:30:52.326396 np0000178757 devstack@neutron-api.service[103138]: DEBUG neutron.api.extensions [None req-8d27a326-538b-4538-bd6c-7eb064d6847a None None] Ext name="standard-attr-description" alias="standard-attr-description" description="Extension to add descriptions to standard attributes" updated="2016-02-10T10:00:00-00:00" {{(pid=103138) _check_extension /opt/stack/neutron/neutron/api/extensions.py:415}}
Jun 08 04:30:52.326585 np0000178757 devstack@neutron-api.service[103138]: INFO neutron.api.extensions [None req-8d27a326-538b-4538-bd6c-7eb064d6847a None None] Loaded extension: standard-attr-description
Jun 08 04:30:52.326687 np0000178757 devstack@neutron-api.service[103138]: DEBUG neutron.api.extensions [None req-8d27a326-538b-4538-bd6c-7eb064d6847a None None] Loading extension file: stateful_security_group.py {{(pid=103138) _load_all_extensions_from_path /opt/stack/neutron/neutron/api/extensions.py:449}}
Jun 08 04:30:52.326916 np0000178757 devstack@neutron-api.service[103138]: DEBUG neutron.api.extensions [None req-8d27a326-538b-4538-bd6c-7eb064d6847a None None] Ext name="Stateful security group" alias="stateful-security-group" description="Indicates if the security group is stateful or not" updated="2019-11-26T09:00:00-00:00" {{(pid=103138) _check_extension /opt/stack/neutron/neutron/api/extensions.py:415}}
Jun 08 04:30:52.327080 np0000178757 devstack@neutron-api.service[103138]: INFO neutron.api.extensions [None req-8d27a326-538b-4538-bd6c-7eb064d6847a None None] Loaded extension: stateful-security-group
Jun 08 04:30:52.327170 np0000178757 devstack@neutron-api.service[103138]: DEBUG neutron.api.extensions [None req-8d27a326-538b-4538-bd6c-7eb064d6847a None None] Loading extension file: stdattrs_common.py {{(pid=103138) _load_all_extensions_from_path /opt/stack/neutron/neutron/api/extensions.py:449}}
Jun 08 04:30:52.327405 np0000178757 devstack@neutron-api.service[103138]: WARNING neutron.api.extensions [None req-8d27a326-538b-4538-bd6c-7eb064d6847a None None] Did not find expected name "Stdattrs_common" in /opt/stack/neutron/neutron/extensions/stdattrs_common.py
Jun 08 04:30:52.327645 np0000178757 devstack@neutron-api.service[103138]: DEBUG neutron.api.extensions [None req-8d27a326-538b-4538-bd6c-7eb064d6847a None None] Loading extension file: subnet_dns_publish_fixed_ip.py {{(pid=103138) _load_all_extensions_from_path /opt/stack/neutron/neutron/api/extensions.py:449}}
Jun 08 04:30:52.327740 np0000178757 devstack@neutron-api.service[103138]: DEBUG neutron.api.extensions [None req-8d27a326-538b-4538-bd6c-7eb064d6847a None None] Ext name="Subnet DNS publish fixed IP" alias="subnet-dns-publish-fixed-ip" description="Support choosing to publish DNS records for IPs from a subnet" updated="2019-05-24T10:00:00-00:00" {{(pid=103138) _check_extension /opt/stack/neutron/neutron/api/extensions.py:415}}
Jun 08 04:30:52.327904 np0000178757 devstack@neutron-api.service[103138]: INFO neutron.api.extensions [None req-8d27a326-538b-4538-bd6c-7eb064d6847a None None] Loaded extension: subnet-dns-publish-fixed-ip
Jun 08 04:30:52.327993 np0000178757 devstack@neutron-api.service[103138]: DEBUG neutron.api.extensions [None req-8d27a326-538b-4538-bd6c-7eb064d6847a None None] Loading extension file: subnet_external_network.py {{(pid=103138) _load_all_extensions_from_path /opt/stack/neutron/neutron/api/extensions.py:449}}
Jun 08 04:30:52.328223 np0000178757 devstack@neutron-api.service[103138]: DEBUG neutron.api.extensions [None req-8d27a326-538b-4538-bd6c-7eb064d6847a None None] Ext name="Subnet belongs to an external network" alias="subnet-external-network" description="Informs if the subnet belongs to an external network" updated="2024-02-05T18:00:00-00:00" {{(pid=103138) _check_extension /opt/stack/neutron/neutron/api/extensions.py:415}}
Jun 08 04:30:52.328401 np0000178757 devstack@neutron-api.service[103138]: INFO neutron.api.extensions [None req-8d27a326-538b-4538-bd6c-7eb064d6847a None None] Loaded extension: subnet-external-network
Jun 08 04:30:52.328540 np0000178757 devstack@neutron-api.service[103138]: DEBUG neutron.api.extensions [None req-8d27a326-538b-4538-bd6c-7eb064d6847a None None] Loading extension file: subnet_onboard.py {{(pid=103138) _load_all_extensions_from_path /opt/stack/neutron/neutron/api/extensions.py:449}}
Jun 08 04:30:52.328809 np0000178757 devstack@neutron-api.service[103138]: DEBUG neutron.api.extensions [None req-8d27a326-538b-4538-bd6c-7eb064d6847a None None] Ext name="Subnet Onboard" alias="subnet_onboard" description="Provides support for onboarding subnets into subnet pools" updated="2018-12-18T09:00:00-00:00" {{(pid=103138) _check_extension /opt/stack/neutron/neutron/api/extensions.py:415}}
Jun 08 04:30:52.328986 np0000178757 devstack@neutron-api.service[103138]: INFO neutron.api.extensions [None req-8d27a326-538b-4538-bd6c-7eb064d6847a None None] Loaded extension: subnet_onboard
Jun 08 04:30:52.329064 np0000178757 devstack@neutron-api.service[103138]: DEBUG neutron.api.extensions [None req-8d27a326-538b-4538-bd6c-7eb064d6847a None None] Loading extension file: subnet_segmentid_writable.py {{(pid=103138) _load_all_extensions_from_path /opt/stack/neutron/neutron/api/extensions.py:449}}
Jun 08 04:30:52.329303 np0000178757 devstack@neutron-api.service[103138]: DEBUG neutron.api.extensions [None req-8d27a326-538b-4538-bd6c-7eb064d6847a None None] Ext name="Subnet SegmentID (writable)" alias="subnet-segmentid-writable" description="Provides a writable segment_id attribute for a subnet resource." updated="2018-03-12T00:00:00-00:00" {{(pid=103138) _check_extension /opt/stack/neutron/neutron/api/extensions.py:415}}
Jun 08 04:30:52.329471 np0000178757 devstack@neutron-api.service[103138]: INFO neutron.api.extensions [None req-8d27a326-538b-4538-bd6c-7eb064d6847a None None] Extension subnet-segmentid-writable not supported by any of loaded plugins
Jun 08 04:30:52.329563 np0000178757 devstack@neutron-api.service[103138]: DEBUG neutron.api.extensions [None req-8d27a326-538b-4538-bd6c-7eb064d6847a None None] Loading extension file: subnet_service_types.py {{(pid=103138) _load_all_extensions_from_path /opt/stack/neutron/neutron/api/extensions.py:449}}
Jun 08 04:30:52.329808 np0000178757 devstack@neutron-api.service[103138]: DEBUG neutron.api.extensions [None req-8d27a326-538b-4538-bd6c-7eb064d6847a None None] Ext name="Subnet service types" alias="subnet-service-types" description="Provides ability to set the subnet service_types field" updated="2016-03-15T18:00:00-00:00" {{(pid=103138) _check_extension /opt/stack/neutron/neutron/api/extensions.py:415}}
Jun 08 04:30:52.329980 np0000178757 devstack@neutron-api.service[103138]: INFO neutron.api.extensions [None req-8d27a326-538b-4538-bd6c-7eb064d6847a None None] Loaded extension: subnet-service-types
Jun 08 04:30:52.330074 np0000178757 devstack@neutron-api.service[103138]: DEBUG neutron.api.extensions [None req-8d27a326-538b-4538-bd6c-7eb064d6847a None None] Loading extension file: subnetallocation.py {{(pid=103138) _load_all_extensions_from_path /opt/stack/neutron/neutron/api/extensions.py:449}}
Jun 08 04:30:52.330330 np0000178757 devstack@neutron-api.service[103138]: DEBUG neutron.api.extensions [None req-8d27a326-538b-4538-bd6c-7eb064d6847a None None] Ext name="Subnet Allocation" alias="subnet_allocation" description="Enables allocation of subnets from a subnet pool" updated="2015-03-30T10:00:00-00:00" {{(pid=103138) _check_extension /opt/stack/neutron/neutron/api/extensions.py:415}}
Jun 08 04:30:52.330529 np0000178757 devstack@neutron-api.service[103138]: INFO neutron.api.extensions [None req-8d27a326-538b-4538-bd6c-7eb064d6847a None None] Loaded extension: subnet_allocation
Jun 08 04:30:52.330622 np0000178757 devstack@neutron-api.service[103138]: DEBUG neutron.api.extensions [None req-8d27a326-538b-4538-bd6c-7eb064d6847a None None] Loading extension file: subnetpool_prefix_ops.py {{(pid=103138) _load_all_extensions_from_path /opt/stack/neutron/neutron/api/extensions.py:449}}
Jun 08 04:30:52.330899 np0000178757 devstack@neutron-api.service[103138]: DEBUG neutron.api.extensions [None req-8d27a326-538b-4538-bd6c-7eb064d6847a None None] Ext name="Subnet Pool Prefix Operations" alias="subnetpool-prefix-ops" description="Provides support for adjusting the prefix list of subnet pools" updated="2019-02-08T10:00:00-00:00" {{(pid=103138) _check_extension /opt/stack/neutron/neutron/api/extensions.py:415}}
Jun 08 04:30:52.331062 np0000178757 devstack@neutron-api.service[103136]: DEBUG neutron_lib.callbacks.manager [None req-c3333266-8228-40a8-b3c3-03e0832fb47a None None] Subscribe: > router before_delete 55550000, False {{(pid=103136) subscribe /opt/stack/data/venv/lib/python3.12/site-packages/neutron_lib/callbacks/manager.py:52}}
Jun 08 04:30:52.331117 np0000178757 devstack@neutron-api.service[103138]: INFO neutron.api.extensions [None req-8d27a326-538b-4538-bd6c-7eb064d6847a None None] Loaded extension: subnetpool-prefix-ops
Jun 08 04:30:52.331158 np0000178757 devstack@neutron-api.service[103138]: DEBUG neutron.api.extensions [None req-8d27a326-538b-4538-bd6c-7eb064d6847a None None] Loading extension file: tag_creation.py {{(pid=103138) _load_all_extensions_from_path /opt/stack/neutron/neutron/api/extensions.py:449}}
Jun 08 04:30:52.331292 np0000178757 devstack@neutron-api.service[103136]: DEBUG neutron_lib.callbacks.manager [None req-c3333266-8228-40a8-b3c3-03e0832fb47a None None] Subscribe: port before_update 55550000, False {{(pid=103136) subscribe /opt/stack/data/venv/lib/python3.12/site-packages/neutron_lib/callbacks/manager.py:52}}
Jun 08 04:30:52.331411 np0000178757 devstack@neutron-api.service[103136]: DEBUG neutron_lib.callbacks.manager [None req-c3333266-8228-40a8-b3c3-03e0832fb47a None None] Subscribe: port after_update 55550000, False {{(pid=103136) subscribe /opt/stack/data/venv/lib/python3.12/site-packages/neutron_lib/callbacks/manager.py:52}}
Jun 08 04:30:52.331411 np0000178757 devstack@neutron-api.service[103136]: DEBUG neutron_lib.callbacks.manager [None req-c3333266-8228-40a8-b3c3-03e0832fb47a None None] Subscribe: > port precommit_delete 55550000, False {{(pid=103136) subscribe /opt/stack/data/venv/lib/python3.12/site-packages/neutron_lib/callbacks/manager.py:52}}
Jun 08 04:30:52.331593 np0000178757 devstack@neutron-api.service[103138]: DEBUG neutron.api.extensions [None req-8d27a326-538b-4538-bd6c-7eb064d6847a None None] Ext name="Tag creation extension" alias="tag-creation" description="Allow to create multiple tags for a resource" updated="2024-23-07T10:00:00-00:00" {{(pid=103138) _check_extension /opt/stack/neutron/neutron/api/extensions.py:415}}
Jun 08 04:30:52.331697 np0000178757 devstack@neutron-api.service[103136]: DEBUG neutron_lib.callbacks.manager [None req-c3333266-8228-40a8-b3c3-03e0832fb47a None None] Subscribe: port before_update 55550000, False {{(pid=103136) subscribe /opt/stack/data/venv/lib/python3.12/site-packages/neutron_lib/callbacks/manager.py:52}}
Jun 08 04:30:52.331697 np0000178757 devstack@neutron-api.service[103136]: DEBUG neutron_lib.callbacks.manager [None req-c3333266-8228-40a8-b3c3-03e0832fb47a None None] Subscribe: port before_delete 55550000, False {{(pid=103136) subscribe /opt/stack/data/venv/lib/python3.12/site-packages/neutron_lib/callbacks/manager.py:52}}
Jun 08 04:30:52.331855 np0000178757 devstack@neutron-api.service[103138]: INFO neutron.api.extensions [None req-8d27a326-538b-4538-bd6c-7eb064d6847a None None] Loaded extension: tag-creation
Jun 08 04:30:52.331963 np0000178757 devstack@neutron-api.service[103136]: DEBUG neutron_lib.callbacks.manager [None req-c3333266-8228-40a8-b3c3-03e0832fb47a None None] Subscribe: > router precommit_create 55550000, False {{(pid=103136) subscribe /opt/stack/data/venv/lib/python3.12/site-packages/neutron_lib/callbacks/manager.py:52}}
Jun 08 04:30:52.332010 np0000178757 devstack@neutron-api.service[103138]: DEBUG neutron.api.extensions [None req-8d27a326-538b-4538-bd6c-7eb064d6847a None None] Loading extension file: tag_ports_during_bulk_creation.py {{(pid=103138) _load_all_extensions_from_path /opt/stack/neutron/neutron/api/extensions.py:449}}
Jun 08 04:30:52.332058 np0000178757 devstack@neutron-api.service[103136]: DEBUG neutron_lib.callbacks.manager [None req-c3333266-8228-40a8-b3c3-03e0832fb47a None None] Subscribe: > router precommit_create 55550000, False {{(pid=103136) subscribe /opt/stack/data/venv/lib/python3.12/site-packages/neutron_lib/callbacks/manager.py:52}}
Jun 08 04:30:52.332058 np0000178757 devstack@neutron-api.service[103136]: DEBUG neutron_lib.callbacks.manager [None req-c3333266-8228-40a8-b3c3-03e0832fb47a None None] Subscribe: > router precommit_update 55550000, False {{(pid=103136) subscribe /opt/stack/data/venv/lib/python3.12/site-packages/neutron_lib/callbacks/manager.py:52}}
Jun 08 04:30:52.332144 np0000178757 devstack@neutron-api.service[103138]: DEBUG neutron.api.extensions [None req-8d27a326-538b-4538-bd6c-7eb064d6847a None None] Ext name="Tag Ports During Bulk Creation" alias="tag-ports-during-bulk-creation" description="Allow to tag ports during bulk creation" updated="2019-12-29T19:00:00-00:00" {{(pid=103138) _check_extension /opt/stack/neutron/neutron/api/extensions.py:415}}
Jun 08 04:30:52.332194 np0000178757 devstack@neutron-api.service[103136]: DEBUG neutron_lib.callbacks.manager [None req-c3333266-8228-40a8-b3c3-03e0832fb47a None None] Subscribe: subnet after_update 55550000, False {{(pid=103136) subscribe /opt/stack/data/venv/lib/python3.12/site-packages/neutron_lib/callbacks/manager.py:52}}
Jun 08 04:30:52.332313 np0000178757 devstack@neutron-api.service[103138]: INFO neutron.api.extensions [None req-8d27a326-538b-4538-bd6c-7eb064d6847a None None] Extension tag-ports-during-bulk-creation not supported by any of loaded plugins
Jun 08 04:30:52.332313 np0000178757 devstack@neutron-api.service[103138]: DEBUG neutron.api.extensions [None req-8d27a326-538b-4538-bd6c-7eb064d6847a None None] Loading extension file: tagging.py {{(pid=103138) _load_all_extensions_from_path /opt/stack/neutron/neutron/api/extensions.py:449}}
Jun 08 04:30:52.332456 np0000178757 devstack@neutron-api.service[103136]: DEBUG neutron.quota.resource_registry [None req-c3333266-8228-40a8-b3c3-03e0832fb47a None None] Tracking information for resource: router configured {{(pid=103136) set_tracked_resource /opt/stack/neutron/neutron/quota/resource_registry.py:203}}
Jun 08 04:30:52.332456 np0000178757 devstack@neutron-api.service[103136]: DEBUG neutron.quota.resource_registry [None req-c3333266-8228-40a8-b3c3-03e0832fb47a None None] Tracking information for resource: floatingip configured {{(pid=103136) set_tracked_resource /opt/stack/neutron/neutron/quota/resource_registry.py:203}}
Jun 08 04:30:52.332456 np0000178757 devstack@neutron-api.service[103136]: INFO neutron.services.ovn_l3.plugin [None req-c3333266-8228-40a8-b3c3-03e0832fb47a None None] Starting OVNL3RouterPlugin
Jun 08 04:30:52.332728 np0000178757 devstack@neutron-api.service[103136]: DEBUG neutron_lib.callbacks.manager [None req-c3333266-8228-40a8-b3c3-03e0832fb47a None None] Subscribe: > port_forwarding_plugin after_init 55550000, False {{(pid=103136) subscribe /opt/stack/data/venv/lib/python3.12/site-packages/neutron_lib/callbacks/manager.py:52}}
Jun 08 04:30:52.332985 np0000178757 devstack@neutron-api.service[103136]: DEBUG neutron_lib.callbacks.manager [None req-c3333266-8228-40a8-b3c3-03e0832fb47a None None] Subscribe: > router before_create 55550100, False {{(pid=103136) subscribe /opt/stack/data/venv/lib/python3.12/site-packages/neutron_lib/callbacks/manager.py:52}}
Jun 08 04:30:52.332985 np0000178757 devstack@neutron-api.service[103136]: DEBUG neutron_lib.callbacks.manager [None req-c3333266-8228-40a8-b3c3-03e0832fb47a None None] Subscribe: > router precommit_delete 55550100, False {{(pid=103136) subscribe /opt/stack/data/venv/lib/python3.12/site-packages/neutron_lib/callbacks/manager.py:52}}
Jun 08 04:30:52.333185 np0000178757 devstack@neutron-api.service[103138]: DEBUG neutron.api.extensions [None req-8d27a326-538b-4538-bd6c-7eb064d6847a None None] Ext name="Tag support for resources with standard attribute: port, subnet, subnetpool, network, security_group, router, floatingip, policy, trunk, network_segment_range" alias="standard-attr-tag" description="Enables to set tag on resources with standard attribute." updated="2017-01-01T00:00:00-00:00" {{(pid=103138) _check_extension /opt/stack/neutron/neutron/api/extensions.py:415}}
Jun 08 04:30:52.333394 np0000178757 devstack@neutron-api.service[103136]: DEBUG neutron_lib.callbacks.manager [None req-c3333266-8228-40a8-b3c3-03e0832fb47a None None] Subscribe: > router precommit_create 55550100, False {{(pid=103136) subscribe /opt/stack/data/venv/lib/python3.12/site-packages/neutron_lib/callbacks/manager.py:52}}
Jun 08 04:30:52.333394 np0000178757 devstack@neutron-api.service[103136]: DEBUG neutron_lib.callbacks.manager [None req-c3333266-8228-40a8-b3c3-03e0832fb47a None None] Subscribe: > router precommit_update 55550100, False {{(pid=103136) subscribe /opt/stack/data/venv/lib/python3.12/site-packages/neutron_lib/callbacks/manager.py:52}}
Jun 08 04:30:52.333613 np0000178757 devstack@neutron-api.service[103138]: INFO neutron.api.extensions [None req-8d27a326-538b-4538-bd6c-7eb064d6847a None None] Loaded extension: standard-attr-tag
Jun 08 04:30:52.333613 np0000178757 devstack@neutron-api.service[103138]: DEBUG neutron.api.extensions [None req-8d27a326-538b-4538-bd6c-7eb064d6847a None None] Loading extension file: timestamp.py {{(pid=103138) _load_all_extensions_from_path /opt/stack/neutron/neutron/api/extensions.py:449}}
Jun 08 04:30:52.333613 np0000178757 devstack@neutron-api.service[103138]: DEBUG neutron.api.extensions [None req-8d27a326-538b-4538-bd6c-7eb064d6847a None None] Ext name="Resource timestamps" alias="standard-attr-timestamp" description="Adds created_at and updated_at fields to all Neutron resources that have Neutron standard attributes." updated="2016-09-12T10:00:00-00:00" {{(pid=103138) _check_extension /opt/stack/neutron/neutron/api/extensions.py:415}}
Jun 08 04:30:52.333853 np0000178757 devstack@neutron-api.service[103138]: INFO neutron.api.extensions [None req-8d27a326-538b-4538-bd6c-7eb064d6847a None None] Loaded extension: standard-attr-timestamp
Jun 08 04:30:52.333853 np0000178757 devstack@neutron-api.service[103138]: DEBUG neutron.api.extensions [None req-8d27a326-538b-4538-bd6c-7eb064d6847a None None] Loading extension file: trunk.py {{(pid=103138) _load_all_extensions_from_path /opt/stack/neutron/neutron/api/extensions.py:449}}
Jun 08 04:30:52.334195 np0000178757 devstack@neutron-api.service[103138]: DEBUG neutron.api.extensions [None req-8d27a326-538b-4538-bd6c-7eb064d6847a None None] Ext name="Trunk Extension" alias="trunk" description="Provides support for trunk ports" updated="2016-01-01T10:00:00-00:00" {{(pid=103138) _check_extension /opt/stack/neutron/neutron/api/extensions.py:415}}
Jun 08 04:30:52.334406 np0000178757 devstack@neutron-api.service[103138]: INFO neutron.api.extensions [None req-8d27a326-538b-4538-bd6c-7eb064d6847a None None] Extension trunk not supported by any of loaded plugins
Jun 08 04:30:52.334406 np0000178757 devstack@neutron-api.service[103138]: DEBUG neutron.api.extensions [None req-8d27a326-538b-4538-bd6c-7eb064d6847a None None] Loading extension file: trunk_details.py {{(pid=103138) _load_all_extensions_from_path /opt/stack/neutron/neutron/api/extensions.py:449}}
Jun 08 04:30:52.334666 np0000178757 devstack@neutron-api.service[103138]: DEBUG neutron.api.extensions [None req-8d27a326-538b-4538-bd6c-7eb064d6847a None None] Ext name="Trunk port details" alias="trunk-details" description="Expose trunk port details" updated="2016-01-01T10:00:00-00:00" {{(pid=103138) _check_extension /opt/stack/neutron/neutron/api/extensions.py:415}}
Jun 08 04:30:52.334784 np0000178757 devstack@neutron-api.service[103138]: INFO neutron.api.extensions [None req-8d27a326-538b-4538-bd6c-7eb064d6847a None None] Extension trunk-details not supported by any of loaded plugins
Jun 08 04:30:52.334876 np0000178757 devstack@neutron-api.service[103138]: DEBUG neutron.api.extensions [None req-8d27a326-538b-4538-bd6c-7eb064d6847a None None] Loading extension file: uplink_status_propagation.py {{(pid=103138) _load_all_extensions_from_path /opt/stack/neutron/neutron/api/extensions.py:449}}
Jun 08 04:30:52.335107 np0000178757 devstack@neutron-api.service[103138]: DEBUG neutron.api.extensions [None req-8d27a326-538b-4538-bd6c-7eb064d6847a None None] Ext name="Uplink status propagation extension" alias="uplink-status-propagation" description="Provides ability to propagate port uplink status." updated="2018-05-31T18:00:00-00:00" {{(pid=103138) _check_extension /opt/stack/neutron/neutron/api/extensions.py:415}}
Jun 08 04:30:52.335337 np0000178757 devstack@neutron-api.service[103138]: INFO neutron.api.extensions [None req-8d27a326-538b-4538-bd6c-7eb064d6847a None None] Extension uplink-status-propagation not supported by any of loaded plugins
Jun 08 04:30:52.335395 np0000178757 devstack@neutron-api.service[103138]: DEBUG neutron.api.extensions [None req-8d27a326-538b-4538-bd6c-7eb064d6847a None None] Loading extension file: uplink_status_propagation_updatable.py {{(pid=103138) _load_all_extensions_from_path /opt/stack/neutron/neutron/api/extensions.py:449}}
Jun 08 04:30:52.336429 np0000178757 devstack@neutron-api.service[103138]: DEBUG neutron.api.extensions [None req-8d27a326-538b-4538-bd6c-7eb064d6847a None None] Ext name="Uplink status propagation updatable extension" alias="uplink-status-propagation-updatable" description="Provides ability to update the port uplink status." updated="2024-09-03T18:00:00-00:00" {{(pid=103138) _check_extension /opt/stack/neutron/neutron/api/extensions.py:415}}
Jun 08 04:30:52.336429 np0000178757 devstack@neutron-api.service[103138]: INFO neutron.api.extensions [None req-8d27a326-538b-4538-bd6c-7eb064d6847a None None] Extension uplink-status-propagation-updatable not supported by any of loaded plugins
Jun 08 04:30:52.336429 np0000178757 devstack@neutron-api.service[103138]: DEBUG neutron.api.extensions [None req-8d27a326-538b-4538-bd6c-7eb064d6847a None None] Loading extension file: vlantransparent.py {{(pid=103138) _load_all_extensions_from_path /opt/stack/neutron/neutron/api/extensions.py:449}}
Jun 08 04:30:52.336983 np0000178757 devstack@neutron-api.service[103136]: DEBUG neutron.services.provider_configuration [None req-c3333266-8228-40a8-b3c3-03e0832fb47a None None] Service providers = [] {{(pid=103136) parse_service_provider_opt /opt/stack/neutron/neutron/services/provider_configuration.py:170}}
Jun 08 04:30:52.336983 np0000178757 devstack@neutron-api.service[103136]: DEBUG neutron.db.servicetype_db [None req-c3333266-8228-40a8-b3c3-03e0832fb47a None None] Adding provider configuration for service L3_ROUTER_NAT {{(pid=103136) add_provider_configuration /opt/stack/neutron/neutron/db/servicetype_db.py:45}}
Jun 08 04:30:52.337366 np0000178757 devstack@neutron-api.service[103138]: DEBUG neutron.api.extensions [None req-8d27a326-538b-4538-bd6c-7eb064d6847a None None] Ext name="Vlantransparent" alias="vlan-transparent" description="Provides Vlan Transparent Networks" updated="2015-03-23T09:00:00-00:00" {{(pid=103138) _check_extension /opt/stack/neutron/neutron/api/extensions.py:415}}
Jun 08 04:30:52.337573 np0000178757 devstack@neutron-api.service[103138]: INFO neutron.api.extensions [None req-8d27a326-538b-4538-bd6c-7eb064d6847a None None] Loaded extension: vlan-transparent
Jun 08 04:30:52.338075 np0000178757 devstack@neutron-api.service[103136]: DEBUG neutron_lib.callbacks.manager [None req-c3333266-8228-40a8-b3c3-03e0832fb47a None None] Subscribe: > router precommit_create 55549900, False {{(pid=103136) subscribe /opt/stack/data/venv/lib/python3.12/site-packages/neutron_lib/callbacks/manager.py:52}}
Jun 08 04:30:52.338201 np0000178757 devstack@neutron-api.service[103136]: DEBUG neutron_lib.callbacks.manager [None req-c3333266-8228-40a8-b3c3-03e0832fb47a None None] Subscribe: > router_interface after_create 55550000, False {{(pid=103136) subscribe /opt/stack/data/venv/lib/python3.12/site-packages/neutron_lib/callbacks/manager.py:52}}
Jun 08 04:30:52.338305 np0000178757 devstack@neutron-api.service[103136]: DEBUG neutron_lib.callbacks.manager [None req-c3333266-8228-40a8-b3c3-03e0832fb47a None None] Subscribe: > floatingip after_create 55550000, False {{(pid=103136) subscribe /opt/stack/data/venv/lib/python3.12/site-packages/neutron_lib/callbacks/manager.py:52}}
Jun 08 04:30:52.338411 np0000178757 devstack@neutron-api.service[103136]: DEBUG neutron_lib.callbacks.manager [None req-c3333266-8228-40a8-b3c3-03e0832fb47a None None] Subscribe: > floatingip precommit_create 55550000, False {{(pid=103136) subscribe /opt/stack/data/venv/lib/python3.12/site-packages/neutron_lib/callbacks/manager.py:52}}
Jun 08 04:30:52.338527 np0000178757 devstack@neutron-api.service[103136]: DEBUG neutron_lib.callbacks.manager [None req-c3333266-8228-40a8-b3c3-03e0832fb47a None None] Subscribe: > floatingip precommit_update 55550000, False {{(pid=103136) subscribe /opt/stack/data/venv/lib/python3.12/site-packages/neutron_lib/callbacks/manager.py:52}}
Jun 08 04:30:52.338638 np0000178757 devstack@neutron-api.service[103136]: DEBUG neutron_lib.callbacks.manager [None req-c3333266-8228-40a8-b3c3-03e0832fb47a None None] Subscribe: > floatingip after_delete 55550000, False {{(pid=103136) subscribe /opt/stack/data/venv/lib/python3.12/site-packages/neutron_lib/callbacks/manager.py:52}}
Jun 08 04:30:52.338734 np0000178757 devstack@neutron-api.service[103136]: DEBUG neutron_lib.callbacks.manager [None req-c3333266-8228-40a8-b3c3-03e0832fb47a None None] Subscribe: > floatingip after_status_update 55550000, False {{(pid=103136) subscribe /opt/stack/data/venv/lib/python3.12/site-packages/neutron_lib/callbacks/manager.py:52}}
Jun 08 04:30:52.338836 np0000178757 devstack@neutron-api.service[103136]: DEBUG neutron_lib.callbacks.manager [None req-c3333266-8228-40a8-b3c3-03e0832fb47a None None] Subscribe: > floatingip after_update 55550000, False {{(pid=103136) subscribe /opt/stack/data/venv/lib/python3.12/site-packages/neutron_lib/callbacks/manager.py:52}}
Jun 08 04:30:52.338939 np0000178757 devstack@neutron-api.service[103136]: DEBUG neutron_lib.callbacks.manager [None req-c3333266-8228-40a8-b3c3-03e0832fb47a None None] Subscribe: > port_forwarding after_create 55550000, False {{(pid=103136) subscribe /opt/stack/data/venv/lib/python3.12/site-packages/neutron_lib/callbacks/manager.py:52}}
Jun 08 04:30:52.339041 np0000178757 devstack@neutron-api.service[103136]: DEBUG neutron_lib.callbacks.manager [None req-c3333266-8228-40a8-b3c3-03e0832fb47a None None] Subscribe: > router_interface after_delete 55550000, False {{(pid=103136) subscribe /opt/stack/data/venv/lib/python3.12/site-packages/neutron_lib/callbacks/manager.py:52}}
Jun 08 04:30:52.339154 np0000178757 devstack@neutron-api.service[103136]: DEBUG neutron_lib.callbacks.manager [None req-c3333266-8228-40a8-b3c3-03e0832fb47a None None] Subscribe: > router after_create 55550000, False {{(pid=103136) subscribe /opt/stack/data/venv/lib/python3.12/site-packages/neutron_lib/callbacks/manager.py:52}}
Jun 08 04:30:52.339213 np0000178757 devstack@neutron-api.service[103138]: INFO neutron.quota.resource_registry [None req-8d27a326-538b-4538-bd6c-7eb064d6847a None None] Creating instance of TrackedResource for resource:network
Jun 08 04:30:52.339246 np0000178757 devstack@neutron-api.service[103136]: DEBUG neutron_lib.callbacks.manager [None req-c3333266-8228-40a8-b3c3-03e0832fb47a None None] Subscribe: > router precommit_create 55550000, False {{(pid=103136) subscribe /opt/stack/data/venv/lib/python3.12/site-packages/neutron_lib/callbacks/manager.py:52}}
Jun 08 04:30:52.339345 np0000178757 devstack@neutron-api.service[103136]: DEBUG neutron_lib.callbacks.manager [None req-c3333266-8228-40a8-b3c3-03e0832fb47a None None] Subscribe: > router after_delete 55550000, False {{(pid=103136) subscribe /opt/stack/data/venv/lib/python3.12/site-packages/neutron_lib/callbacks/manager.py:52}}
Jun 08 04:30:52.339447 np0000178757 devstack@neutron-api.service[103136]: DEBUG neutron_lib.callbacks.manager [None req-c3333266-8228-40a8-b3c3-03e0832fb47a None None] Subscribe: > router after_update 55550000, False {{(pid=103136) subscribe /opt/stack/data/venv/lib/python3.12/site-packages/neutron_lib/callbacks/manager.py:52}}
Jun 08 04:30:52.339483 np0000178757 devstack@neutron-api.service[103138]: INFO neutron.quota.resource_registry [None req-8d27a326-538b-4538-bd6c-7eb064d6847a None None] Creating instance of TrackedResource for resource:subnet
Jun 08 04:30:52.339579 np0000178757 devstack@neutron-api.service[103136]: DEBUG neutron.services.service_base [None req-c3333266-8228-40a8-b3c3-03e0832fb47a None None] Loaded 'neutron.services.ovn_l3.service_providers.ovn.OvnDriver' provider for service L3_ROUTER_NAT {{(pid=103136) load_drivers /opt/stack/neutron/neutron/services/service_base.py:49}}
Jun 08 04:30:52.339613 np0000178757 devstack@neutron-api.service[103138]: INFO neutron.quota.resource_registry [None req-8d27a326-538b-4538-bd6c-7eb064d6847a None None] Creating instance of TrackedResource for resource:subnetpool
Jun 08 04:30:52.339696 np0000178757 devstack@neutron-api.service[103136]: DEBUG neutron_lib.callbacks.manager [None req-c3333266-8228-40a8-b3c3-03e0832fb47a None None] Subscribe: > process after_init 55550001, True {{(pid=103136) subscribe /opt/stack/data/venv/lib/python3.12/site-packages/neutron_lib/callbacks/manager.py:52}}
Jun 08 04:30:52.339733 np0000178757 devstack@neutron-api.service[103138]: INFO neutron.quota.resource_registry [None req-8d27a326-538b-4538-bd6c-7eb064d6847a None None] Creating instance of TrackedResource for resource:port
Jun 08 04:30:52.339820 np0000178757 devstack@neutron-api.service[103136]: DEBUG neutron.manager [None req-c3333266-8228-40a8-b3c3-03e0832fb47a None None] Successfully loaded L3_ROUTER_NAT plugin. Description: L3 Router Service Plugin for basic L3 forwarding using OVN {{(pid=103136) _create_and_add_service_plugin /opt/stack/neutron/neutron/manager.py:239}}
Jun 08 04:30:52.339908 np0000178757 devstack@neutron-api.service[103136]: INFO neutron.manager [None req-c3333266-8228-40a8-b3c3-03e0832fb47a None None] Loading Plugin: auto_allocate
Jun 08 04:30:52.340794 np0000178757 devstack@neutron-api.service[103136]: DEBUG neutron_lib.callbacks.manager [None req-c3333266-8228-40a8-b3c3-03e0832fb47a None None] Subscribe: network precommit_update 55550000, False {{(pid=103136) subscribe /opt/stack/data/venv/lib/python3.12/site-packages/neutron_lib/callbacks/manager.py:52}}
Jun 08 04:30:52.340904 np0000178757 devstack@neutron-api.service[103136]: DEBUG neutron_lib.callbacks.manager [None req-c3333266-8228-40a8-b3c3-03e0832fb47a None None] Subscribe: network precommit_create 55550000, False {{(pid=103136) subscribe /opt/stack/data/venv/lib/python3.12/site-packages/neutron_lib/callbacks/manager.py:52}}
Jun 08 04:30:52.341096 np0000178757 devstack@neutron-api.service[103138]: DEBUG neutron.api.v2.resource_helper [None req-8d27a326-538b-4538-bd6c-7eb064d6847a None None] Service L3_ROUTER_NAT assigned prefix: {{(pid=103138) build_resource_info /opt/stack/neutron/neutron/api/v2/resource_helper.py:77}}
Jun 08 04:30:52.341134 np0000178757 devstack@neutron-api.service[103136]: DEBUG neutron.manager [None req-c3333266-8228-40a8-b3c3-03e0832fb47a None None] Successfully loaded auto-allocated-topology plugin. Description: Auto Allocated Topology - aka get me a network. {{(pid=103136) _create_and_add_service_plugin /opt/stack/neutron/neutron/manager.py:239}}
Jun 08 04:30:52.341189 np0000178757 devstack@neutron-api.service[103136]: INFO neutron.manager [None req-c3333266-8228-40a8-b3c3-03e0832fb47a None None] Loading Plugin: tag
Jun 08 04:30:52.341484 np0000178757 devstack@neutron-api.service[103138]: DEBUG neutron.api.v2.resource_helper [None req-8d27a326-538b-4538-bd6c-7eb064d6847a None None] Service FLAVORS assigned prefix: {{(pid=103138) build_resource_info /opt/stack/neutron/neutron/api/v2/resource_helper.py:77}}
Jun 08 04:30:52.342398 np0000178757 devstack@neutron-api.service[103138]: DEBUG neutron.api.v2.resource_helper [None req-8d27a326-538b-4538-bd6c-7eb064d6847a None None] Service L3_ROUTER_NAT assigned prefix: {{(pid=103138) build_resource_info /opt/stack/neutron/neutron/api/v2/resource_helper.py:77}}
Jun 08 04:30:52.342780 np0000178757 devstack@neutron-api.service[103138]: DEBUG neutron.api.v2.resource_helper [None req-8d27a326-538b-4538-bd6c-7eb064d6847a None None] Service L3_ROUTER_NAT assigned prefix: {{(pid=103138) build_resource_info /opt/stack/neutron/neutron/api/v2/resource_helper.py:77}}
Jun 08 04:30:52.342912 np0000178757 devstack@neutron-api.service[103138]: INFO neutron.quota.resource_registry [None req-8d27a326-538b-4538-bd6c-7eb064d6847a None None] Creating instance of TrackedResource for resource:router
Jun 08 04:30:52.343462 np0000178757 devstack@neutron-api.service[103138]: INFO neutron.quota.resource_registry [None req-8d27a326-538b-4538-bd6c-7eb064d6847a None None] Creating instance of TrackedResource for resource:floatingip
Jun 08 04:30:52.343790 np0000178757 devstack@neutron-api.service[103136]: DEBUG neutron.manager [None req-c3333266-8228-40a8-b3c3-03e0832fb47a None None] Successfully loaded TAG plugin. Description: Tag support {{(pid=103136) _create_and_add_service_plugin /opt/stack/neutron/neutron/manager.py:239}}
Jun 08 04:30:52.343880 np0000178757 devstack@neutron-api.service[103136]: INFO neutron.manager [None req-c3333266-8228-40a8-b3c3-03e0832fb47a None None] Loading Plugin: timestamp
Jun 08 04:30:52.344499 np0000178757 devstack@neutron-api.service[103138]: INFO neutron.quota.resource_registry [None req-8d27a326-538b-4538-bd6c-7eb064d6847a None None] Creating instance of CountableResource for resource:rbac_policy
Jun 08 04:30:52.345040 np0000178757 devstack@neutron-api.service[103138]: INFO neutron.quota.resource_registry [None req-8d27a326-538b-4538-bd6c-7eb064d6847a None None] Creating instance of TrackedResource for resource:security_group
Jun 08 04:30:52.345078 np0000178757 devstack@neutron-api.service[103136]: DEBUG neutron.manager [None req-c3333266-8228-40a8-b3c3-03e0832fb47a None None] Successfully loaded timestamp plugin. Description: Adds timestamps to Neutron resources with standard attributes {{(pid=103136) _create_and_add_service_plugin /opt/stack/neutron/neutron/manager.py:239}}
Jun 08 04:30:52.345137 np0000178757 devstack@neutron-api.service[103136]: INFO neutron.manager [None req-c3333266-8228-40a8-b3c3-03e0832fb47a None None] Loading Plugin: network_ip_availability
Jun 08 04:30:52.345438 np0000178757 devstack@neutron-api.service[103138]: INFO neutron.quota.resource_registry [None req-8d27a326-538b-4538-bd6c-7eb064d6847a None None] Creating instance of TrackedResource for resource:security_group_rule
Jun 08 04:30:52.346018 np0000178757 devstack@neutron-api.service[103138]: DEBUG neutron.api.v2.resource_helper [None req-8d27a326-538b-4538-bd6c-7eb064d6847a None None] Service CORE assigned prefix: {{(pid=103138) build_resource_info /opt/stack/neutron/neutron/api/v2/resource_helper.py:77}}
Jun 08 04:30:52.346142 np0000178757 devstack@neutron-api.service[103138]: INFO neutron.quota.resource_registry [None req-8d27a326-538b-4538-bd6c-7eb064d6847a None None] Creating instance of TrackedResource for resource:subnetpool
Jun 08 04:30:52.346274 np0000178757 devstack@neutron-api.service[103138]: WARNING neutron.quota.resource_registry [None req-8d27a326-538b-4538-bd6c-7eb064d6847a None None] subnetpool is already registered
Jun 08 04:30:52.346659 np0000178757 devstack@neutron-api.service[103136]: DEBUG neutron.manager [None req-c3333266-8228-40a8-b3c3-03e0832fb47a None None] Successfully loaded network-ip-availability plugin. Description: Provides IP availability data for each network and subnet. {{(pid=103136) _create_and_add_service_plugin /opt/stack/neutron/neutron/manager.py:239}}
Jun 08 04:30:52.346740 np0000178757 devstack@neutron-api.service[103138]: DEBUG neutron.api.v2.resource_helper [None req-8d27a326-538b-4538-bd6c-7eb064d6847a None None] Service CORE assigned prefix: {{(pid=103138) build_resource_info /opt/stack/neutron/neutron/api/v2/resource_helper.py:77}}
Jun 08 04:30:52.346788 np0000178757 devstack@neutron-api.service[103136]: INFO neutron.manager [None req-c3333266-8228-40a8-b3c3-03e0832fb47a None None] Loading Plugin: flavors
Jun 08 04:30:52.346831 np0000178757 devstack@neutron-api.service[103138]: INFO neutron.quota.resource_registry [None req-8d27a326-538b-4538-bd6c-7eb064d6847a None None] Creating instance of TrackedResource for resource:subnetpool
Jun 08 04:30:52.346873 np0000178757 devstack@neutron-api.service[103138]: WARNING neutron.quota.resource_registry [None req-8d27a326-538b-4538-bd6c-7eb064d6847a None None] subnetpool is already registered
Jun 08 04:30:52.347639 np0000178757 devstack@neutron-api.service[103136]: DEBUG neutron.manager [None req-c3333266-8228-40a8-b3c3-03e0832fb47a None None] Successfully loaded FLAVORS plugin. Description: Neutron Flavors and Service Profiles manager plugin {{(pid=103136) _create_and_add_service_plugin /opt/stack/neutron/neutron/manager.py:239}}
Jun 08 04:30:52.347755 np0000178757 devstack@neutron-api.service[103136]: INFO neutron.manager [None req-c3333266-8228-40a8-b3c3-03e0832fb47a None None] Loading Plugin: revisions
Jun 08 04:30:52.348687 np0000178757 devstack@neutron-api.service[103136]: DEBUG neutron.manager [None req-c3333266-8228-40a8-b3c3-03e0832fb47a None None] Successfully loaded revision_plugin plugin. Description: Adds revision numbers to resources. {{(pid=103136) _create_and_add_service_plugin /opt/stack/neutron/neutron/manager.py:239}}
Jun 08 04:30:52.348813 np0000178757 devstack@neutron-api.service[103136]: DEBUG oslo_concurrency.lockutils [None req-c3333266-8228-40a8-b3c3-03e0832fb47a None None] Lock "manager" "released" by "neutron.manager.NeutronManager._create_instance" :: held 4.842s {{(pid=103136) inner /opt/stack/data/venv/lib/python3.12/site-packages/oslo_concurrency/lockutils.py:543}}
Jun 08 04:30:52.349020 np0000178757 devstack@neutron-api.service[103136]: DEBUG neutron.api.extensions [None req-c3333266-8228-40a8-b3c3-03e0832fb47a None None] get_extension_paths = OrderedDict({'/opt/stack/neutron/neutron/extensions': 1}) {{(pid=103136) get_extensions_path /opt/stack/neutron/neutron/api/extensions.py:640}}
Jun 08 04:30:52.349085 np0000178757 devstack@neutron-api.service[103138]: DEBUG neutron.api.v2.resource_helper [None req-8d27a326-538b-4538-bd6c-7eb064d6847a None None] Service L3_ROUTER_NAT assigned prefix: {{(pid=103138) build_resource_info /opt/stack/neutron/neutron/api/v2/resource_helper.py:77}}
Jun 08 04:30:52.349130 np0000178757 devstack@neutron-api.service[103136]: INFO neutron.api.extensions [None req-c3333266-8228-40a8-b3c3-03e0832fb47a None None] Initializing extension manager.
Jun 08 04:30:52.349368 np0000178757 devstack@neutron-api.service[103136]: DEBUG neutron.api.extensions [None req-c3333266-8228-40a8-b3c3-03e0832fb47a None None] Loading extension file: __init__.py {{(pid=103136) _load_all_extensions_from_path /opt/stack/neutron/neutron/api/extensions.py:449}}
Jun 08 04:30:52.349425 np0000178757 devstack@neutron-api.service[103138]: DEBUG neutron.api.v2.resource_helper [None req-8d27a326-538b-4538-bd6c-7eb064d6847a None None] Service FLAVORS assigned prefix: {{(pid=103138) build_resource_info /opt/stack/neutron/neutron/api/v2/resource_helper.py:77}}
Jun 08 04:30:52.349477 np0000178757 devstack@neutron-api.service[103136]: DEBUG neutron.api.extensions [None req-c3333266-8228-40a8-b3c3-03e0832fb47a None None] Loading extension file: __pycache__ {{(pid=103136) _load_all_extensions_from_path /opt/stack/neutron/neutron/api/extensions.py:449}}
Jun 08 04:30:52.349561 np0000178757 devstack@neutron-api.service[103136]: DEBUG neutron.api.extensions [None req-c3333266-8228-40a8-b3c3-03e0832fb47a None None] Loading extension file: aap_reject_multicast.py {{(pid=103136) _load_all_extensions_from_path /opt/stack/neutron/neutron/api/extensions.py:449}}
