Jul 20 04:06:32.810414 np0000185883 devstack@neutron-api.service[101671]: DEBUG neutron.plugins.ml2.drivers.ovn.mech_driver.ovsdb.ovsdb_monitor [None req-12a5b9b1-76e4-4b6b-ab4e-eb7383b11e31 None None] Touching Hash Ring node "07cb217865585fc1b19e6993df51f41c" from IDL notify handler {{(pid=101671) notify /opt/stack/neutron/neutron/plugins/ml2/drivers/ovn/mech_driver/ovsdb/ovsdb_monitor.py:1001}}
Jul 20 04:06:32.815642 np0000185883 devstack@neutron-api.service[101671]: DEBUG neutron.plugins.ml2.drivers.ovn.mech_driver.ovsdb.ovsdb_monitor [None req-12a5b9b1-76e4-4b6b-ab4e-eb7383b11e31 None None] Hash Ring: Node 07cb217865585fc1b19e6993df51f41c (host: np0000185883) handling event "update" for row 7f1623ba-82a4-4b14-9f8e-4dbf65e8c3e7 (table: Logical_Switch_Port) {{(pid=101671) notify /opt/stack/neutron/neutron/plugins/ml2/drivers/ovn/mech_driver/ovsdb/ovsdb_monitor.py:1009}}
Jul 20 04:06:32.821292 np0000185883 devstack@neutron-api.service[101669]: DEBUG neutron.plugins.ml2.drivers.ovn.mech_driver.ovsdb.ovsdb_monitor [None req-c9bd21a2-6d6b-4279-bf19-da2d339977d2 None None] Touching Hash Ring node "ce07881d6c895cdba9aa1c40c52bc22b" from IDL notify handler {{(pid=101669) notify /opt/stack/neutron/neutron/plugins/ml2/drivers/ovn/mech_driver/ovsdb/ovsdb_monitor.py:1001}}
Jul 20 04:06:32.823745 np0000185883 devstack@neutron-api.service[101669]: DEBUG neutron.plugins.ml2.drivers.ovn.mech_driver.ovsdb.ovsdb_monitor [None req-c9bd21a2-6d6b-4279-bf19-da2d339977d2 None None] Hash Ring: Node ce07881d6c895cdba9aa1c40c52bc22b (host: np0000185883) handling event "update" for row 284d95a8-90e5-4e87-b747-87132a368b8a (table: Port_Binding) {{(pid=101669) notify /opt/stack/neutron/neutron/plugins/ml2/drivers/ovn/mech_driver/ovsdb/ovsdb_monitor.py:1009}}
Jul 20 04:06:32.843921 np0000185883 devstack@neutron-api.service[101671]: INFO neutron.db.ovn_revision_numbers_db [None req-16502701-3a64-4693-87b0-3f2c5264c4a3 None None] Successfully bumped revision number for resource ac2aaeb9-7fcd-4919-b5d2-8d46e3f4874d (type: ports) to 4
Jul 20 04:06:32.848250 np0000185883 devstack@neutron-api.service[101671]: DEBUG neutron_lib.callbacks.manager [None req-16502701-3a64-4693-87b0-3f2c5264c4a3 None None] Publish callbacks ['neutron.plugins.ml2.ovo_rpc._ObjectChangeHandler.handle_event-1185359', 'neutron.services.ovn_l3.plugin.OVNL3RouterPlugin._port_update-8323672369506'] for port (ac2aaeb9-7fcd-4919-b5d2-8d46e3f4874d), after_update {{(pid=101671) _notify_loop /opt/stack/data/venv/lib/python3.12/site-packages/neutron_lib/callbacks/manager.py:184}}
Jul 20 04:06:32.873291 np0000185883 devstack@neutron-api.service[101671]: DEBUG neutron.api.rpc.handlers.resources_rpc [None req-d954981f-d78b-4b5b-bca5-ee0c09724648 None None] Pushing event updated for resources: {'Port': ['ID=ac2aaeb9-7fcd-4919-b5d2-8d46e3f4874d,revision_number=4']} {{(pid=101671) push /opt/stack/neutron/neutron/api/rpc/handlers/resources_rpc.py:237}}
Jul 20 04:06:32.892367 np0000185883 devstack@neutron-api.service[101671]: DEBUG ovsdbapp.backend.ovs_idl.transaction [None req-12a5b9b1-76e4-4b6b-ab4e-eb7383b11e31 None None] Running txn n=1 command(idx=0): DbSetCommand(_result=None, table=Logical_Switch_Port, record=ac2aaeb9-7fcd-4919-b5d2-8d46e3f4874d, col_values=(('external_ids', {'neutron:host_id': 'np0000185883'}),), if_exists=True) {{(pid=101671) do_commit /opt/stack/data/venv/lib/python3.12/site-packages/ovsdbapp/backend/ovs_idl/transaction.py:89}}
Jul 20 04:06:32.896316 np0000185883 devstack@neutron-api.service[101671]: DEBUG neutron.plugins.ml2.drivers.ovn.mech_driver.ovsdb.ovsdb_monitor [None req-12a5b9b1-76e4-4b6b-ab4e-eb7383b11e31 None None] Touching Hash Ring node "07cb217865585fc1b19e6993df51f41c" from IDL notify handler {{(pid=101671) notify /opt/stack/neutron/neutron/plugins/ml2/drivers/ovn/mech_driver/ovsdb/ovsdb_monitor.py:1001}}
Jul 20 04:06:32.904020 np0000185883 devstack@neutron-api.service[101671]: DEBUG neutron.plugins.ml2.drivers.ovn.mech_driver.ovsdb.ovsdb_monitor [None req-12a5b9b1-76e4-4b6b-ab4e-eb7383b11e31 None None] Hash Ring: Node 07cb217865585fc1b19e6993df51f41c (host: np0000185883) handling event "update" for row 7f1623ba-82a4-4b14-9f8e-4dbf65e8c3e7 (table: Logical_Switch_Port) {{(pid=101671) notify /opt/stack/neutron/neutron/plugins/ml2/drivers/ovn/mech_driver/ovsdb/ovsdb_monitor.py:1009}}
Jul 20 04:06:32.906689 np0000185883 devstack@neutron-api.service[101669]: DEBUG neutron.plugins.ml2.drivers.ovn.mech_driver.ovsdb.ovsdb_monitor [None req-c9bd21a2-6d6b-4279-bf19-da2d339977d2 None None] Touching Hash Ring node "ce07881d6c895cdba9aa1c40c52bc22b" from IDL notify handler {{(pid=101669) notify /opt/stack/neutron/neutron/plugins/ml2/drivers/ovn/mech_driver/ovsdb/ovsdb_monitor.py:1001}}
Jul 20 04:06:32.910547 np0000185883 devstack@neutron-api.service[101669]: DEBUG neutron.plugins.ml2.drivers.ovn.mech_driver.ovsdb.ovsdb_monitor [None req-c9bd21a2-6d6b-4279-bf19-da2d339977d2 None None] Hash Ring: Node ce07881d6c895cdba9aa1c40c52bc22b (host: np0000185883) handling event "update" for row 284d95a8-90e5-4e87-b747-87132a368b8a (table: Port_Binding) {{(pid=101669) notify /opt/stack/neutron/neutron/plugins/ml2/drivers/ovn/mech_driver/ovsdb/ovsdb_monitor.py:1009}}
Jul 20 04:06:32.992804 np0000185883 devstack@neutron-api.service[101671]: DEBUG neutron.pecan_wsgi.hooks.policy_enforcement [None req-07bd8b73-a96d-4acf-9af9-3bff49eae762 service manila] Attributes excluded by policy engine: ['standard_attr_id', 'shared'] {{(pid=101671) _exclude_attributes_by_policy /opt/stack/neutron/neutron/pecan_wsgi/hooks/policy_enforcement.py:259}}
Jul 20 04:06:32.994862 np0000185883 devstack@neutron-api.service[101671]: [pid: 101671|app: 0|req: 26/105] 199.204.45.89 () {64 vars in 1360 bytes} [Mon Jul 20 04:06:32 2026] GET /networking/v2.0/subnets/29bf8ba5-4511-42ec-8df5-9e5380f3f39d => generated 625 bytes in 32 msecs (HTTP/1.1 200) 4 headers in 157 bytes (1 switches on core 0)
Jul 20 04:06:33.509546 np0000185883 devstack@neutron-api.service[101670]: DEBUG neutron.pecan_wsgi.hooks.policy_enforcement [None req-6773620f-b99b-4a05-844c-41cdc8f9a480 service manila] Attributes excluded by policy engine: ['standard_attr_id'] {{(pid=101670) _exclude_attributes_by_policy /opt/stack/neutron/neutron/pecan_wsgi/hooks/policy_enforcement.py:259}}
Jul 20 04:06:33.511357 np0000185883 devstack@neutron-api.service[101670]: [pid: 101670|app: 0|req: 28/106] 199.204.45.89 () {64 vars in 1362 bytes} [Mon Jul 20 04:06:33 2026] GET /networking/v2.0/ports?device_id=manila-admin-share&binding%3Ahost_id=np0000185883 => generated 930 bytes in 36 msecs (HTTP/1.1 200) 4 headers in 157 bytes (1 switches on core 0)
Jul 20 04:06:33.792191 np0000185883 devstack@neutron-api.service[101672]: DEBUG neutron.pecan_wsgi.hooks.policy_enforcement [None req-16664b38-3aaf-4ae4-99e9-fd87a388b840 service manila] Attributes excluded by policy engine: ['standard_attr_id', 'shared'] {{(pid=101672) _exclude_attributes_by_policy /opt/stack/neutron/neutron/pecan_wsgi/hooks/policy_enforcement.py:259}}
Jul 20 04:06:33.794100 np0000185883 devstack@neutron-api.service[101672]: [pid: 101672|app: 0|req: 27/107] 199.204.45.89 () {64 vars in 1360 bytes} [Mon Jul 20 04:06:33 2026] GET /networking/v2.0/subnets/29bf8ba5-4511-42ec-8df5-9e5380f3f39d => generated 625 bytes in 26 msecs (HTTP/1.1 200) 4 headers in 157 bytes (1 switches on core 0)
Jul 20 04:06:34.624313 np0000185883 devstack@neutron-api.service[101670]: DEBUG ovsdbapp.backend.ovs_idl.event [None req-5ad6d561-e21d-47fa-bb02-0f59b20f5be5 None None] Matched UPDATE: ChassisOVNAgentWriteEvent(events=('create', 'update'), table='Chassis_Private', conditions=None, old_conditions=None), priority=20 to row=Chassis_Private(uuid=832a90c5-de17-41cf-9c1e-f5d068888888, chassis=6d00ef52-2dc8-4128-b684-c31f4670d081, external_ids={'neutron:ovn-bridge': 'br-int', 'neutron:ovn-neutron-agent-id': 'de07d7db-28ae-5caf-aaf4-e57822ed66ca', 'neutron:ovn-neutron-agent-sb-cfg': '3'}, name='32435c6f-acdb-4a6a-881c-1e824a1a7b36', nb_cfg=3, nb_cfg_timestamp=1784520384609) old=Chassis_Private(uuid=832a90c5-de17-41cf-9c1e-f5d068888888, external_ids={'neutron:ovn-bridge': 'br-int', 'neutron:ovn-neutron-agent-id': 'de07d7db-28ae-5caf-aaf4-e57822ed66ca', 'neutron:ovn-neutron-agent-sb-cfg': '2'}) {{(pid=101670) matches /opt/stack/data/venv/lib/python3.12/site-packages/ovsdbapp/backend/ovs_idl/event.py:55}}
Jul 20 04:06:34.624930 np0000185883 devstack@neutron-api.service[101669]: DEBUG ovsdbapp.backend.ovs_idl.event [None req-c9bd21a2-6d6b-4279-bf19-da2d339977d2 None None] Matched UPDATE: ChassisOVNAgentWriteEvent(events=('create', 'update'), table='Chassis_Private', conditions=None, old_conditions=None), priority=20 to row=Chassis_Private(uuid=832a90c5-de17-41cf-9c1e-f5d068888888, chassis=6d00ef52-2dc8-4128-b684-c31f4670d081, external_ids={'neutron:ovn-bridge': 'br-int', 'neutron:ovn-neutron-agent-id': 'de07d7db-28ae-5caf-aaf4-e57822ed66ca', 'neutron:ovn-neutron-agent-sb-cfg': '3'}, name='32435c6f-acdb-4a6a-881c-1e824a1a7b36', nb_cfg=3, nb_cfg_timestamp=1784520384609) old=Chassis_Private(uuid=832a90c5-de17-41cf-9c1e-f5d068888888, external_ids={'neutron:ovn-bridge': 'br-int', 'neutron:ovn-neutron-agent-id': 'de07d7db-28ae-5caf-aaf4-e57822ed66ca', 'neutron:ovn-neutron-agent-sb-cfg': '2'}) {{(pid=101669) matches /opt/stack/data/venv/lib/python3.12/site-packages/ovsdbapp/backend/ovs_idl/event.py:55}}
Jul 20 04:06:34.626431 np0000185883 devstack@neutron-api.service[101671]: DEBUG ovsdbapp.backend.ovs_idl.event [None req-d6953f4e-3e1e-4a22-b50e-d1aba2edd2a8 None None] Matched UPDATE: ChassisOVNAgentWriteEvent(events=('create', 'update'), table='Chassis_Private', conditions=None, old_conditions=None), priority=20 to row=Chassis_Private(uuid=832a90c5-de17-41cf-9c1e-f5d068888888, chassis=6d00ef52-2dc8-4128-b684-c31f4670d081, external_ids={'neutron:ovn-bridge': 'br-int', 'neutron:ovn-neutron-agent-id': 'de07d7db-28ae-5caf-aaf4-e57822ed66ca', 'neutron:ovn-neutron-agent-sb-cfg': '3'}, name='32435c6f-acdb-4a6a-881c-1e824a1a7b36', nb_cfg=3, nb_cfg_timestamp=1784520384609) old=Chassis_Private(uuid=832a90c5-de17-41cf-9c1e-f5d068888888, external_ids={'neutron:ovn-bridge': 'br-int', 'neutron:ovn-neutron-agent-id': 'de07d7db-28ae-5caf-aaf4-e57822ed66ca', 'neutron:ovn-neutron-agent-sb-cfg': '2'}) {{(pid=101671) matches /opt/stack/data/venv/lib/python3.12/site-packages/ovsdbapp/backend/ovs_idl/event.py:55}}
Jul 20 04:06:34.628589 np0000185883 devstack@neutron-api.service[101671]: DEBUG neutron.plugins.ml2.drivers.ovn.mech_driver.ovsdb.ovsdb_monitor [None req-d6953f4e-3e1e-4a22-b50e-d1aba2edd2a8 None None] Touching Hash Ring node "07cb217865585fc1b19e6993df51f41c" from IDL notify handler {{(pid=101671) notify /opt/stack/neutron/neutron/plugins/ml2/drivers/ovn/mech_driver/ovsdb/ovsdb_monitor.py:1001}}
Jul 20 04:06:34.628835 np0000185883 devstack@neutron-api.service[101672]: DEBUG ovsdbapp.backend.ovs_idl.event [None req-1692db1a-341d-4d52-bda4-e5bddbadf90f None None] Matched UPDATE: ChassisOVNAgentWriteEvent(events=('create', 'update'), table='Chassis_Private', conditions=None, old_conditions=None), priority=20 to row=Chassis_Private(uuid=832a90c5-de17-41cf-9c1e-f5d068888888, chassis=6d00ef52-2dc8-4128-b684-c31f4670d081, external_ids={'neutron:ovn-bridge': 'br-int', 'neutron:ovn-neutron-agent-id': 'de07d7db-28ae-5caf-aaf4-e57822ed66ca', 'neutron:ovn-neutron-agent-sb-cfg': '3'}, name='32435c6f-acdb-4a6a-881c-1e824a1a7b36', nb_cfg=3, nb_cfg_timestamp=1784520384609) old=Chassis_Private(uuid=832a90c5-de17-41cf-9c1e-f5d068888888, external_ids={'neutron:ovn-bridge': 'br-int', 'neutron:ovn-neutron-agent-id': 'de07d7db-28ae-5caf-aaf4-e57822ed66ca', 'neutron:ovn-neutron-agent-sb-cfg': '2'}) {{(pid=101672) matches /opt/stack/data/venv/lib/python3.12/site-packages/ovsdbapp/backend/ovs_idl/event.py:55}}
Jul 20 04:06:34.636658 np0000185883 devstack@neutron-api.service[101671]: DEBUG neutron.plugins.ml2.drivers.ovn.mech_driver.ovsdb.ovsdb_monitor [None req-d6953f4e-3e1e-4a22-b50e-d1aba2edd2a8 None None] Hash Ring: Node 07cb217865585fc1b19e6993df51f41c (host: np0000185883) handling event "update" for row 832a90c5-de17-41cf-9c1e-f5d068888888 (table: Chassis_Private) {{(pid=101671) notify /opt/stack/neutron/neutron/plugins/ml2/drivers/ovn/mech_driver/ovsdb/ovsdb_monitor.py:1009}}
Jul 20 04:06:42.909278 np0000185883 devstack@neutron-api.service[101669]: DEBUG dbcounter [-] [101669] Writing DB stats neutron:UPDATE=18,neutron:SELECT=185,neutron:INSERT=11,neutron:DELETE=2 {{(pid=101669) stat_writer /opt/stack/data/venv/lib/python3.12/site-packages/dbcounter.py:115}}
Jul 20 04:06:43.505911 np0000185883 devstack@neutron-api.service[101670]: DEBUG dbcounter [-] [101670] Writing DB stats neutron:UPDATE=2,neutron:SELECT=27 {{(pid=101670) stat_writer /opt/stack/data/venv/lib/python3.12/site-packages/dbcounter.py:115}}
Jul 20 04:06:43.789237 np0000185883 devstack@neutron-api.service[101672]: DEBUG dbcounter [-] [101672] Writing DB stats neutron:UPDATE=7,neutron:SELECT=281,neutron:INSERT=12,neutron:DELETE=2 {{(pid=101672) stat_writer /opt/stack/data/venv/lib/python3.12/site-packages/dbcounter.py:115}}
Jul 20 04:06:44.631204 np0000185883 devstack@neutron-api.service[101671]: DEBUG dbcounter [-] [101671] Writing DB stats neutron:UPDATE=28,neutron:SELECT=326,neutron:INSERT=29,neutron:DELETE=3 {{(pid=101671) stat_writer /opt/stack/data/venv/lib/python3.12/site-packages/dbcounter.py:115}}
Jul 20 04:06:45.337648 np0000185883 devstack@neutron-api.service[101670]: DEBUG futurist.periodics [-] Submitting periodic callback 'neutron.plugins.ml2.drivers.ovn.mech_driver.ovsdb.maintenance.HashRingHealthCheckPeriodics.touch_hash_ring_node' {{(pid=101670) _process_scheduled /opt/stack/data/venv/lib/python3.12/site-packages/futurist/periodics.py:784}}
Jul 20 04:06:45.338458 np0000185883 devstack@neutron-api.service[101670]: DEBUG neutron.plugins.ml2.drivers.ovn.mech_driver.ovsdb.maintenance [-] Touching Hash Ring node "dd4c3fd6a1de5c0a864d821af5376f5c" from periodic health check thread {{(pid=101670) touch_hash_ring_node /opt/stack/neutron/neutron/plugins/ml2/drivers/ovn/mech_driver/ovsdb/maintenance.py:1417}}
Jul 20 04:06:46.201959 np0000185883 devstack@neutron-api.service[101672]: DEBUG futurist.periodics [-] Submitting periodic callback 'neutron.plugins.ml2.drivers.ovn.mech_driver.ovsdb.maintenance.HashRingHealthCheckPeriodics.touch_hash_ring_node' {{(pid=101672) _process_scheduled /opt/stack/data/venv/lib/python3.12/site-packages/futurist/periodics.py:784}}
Jul 20 04:06:46.202693 np0000185883 devstack@neutron-api.service[101672]: DEBUG neutron.plugins.ml2.drivers.ovn.mech_driver.ovsdb.maintenance [-] Touching Hash Ring node "f849fe51943d5db69f5baa064821f04f" from periodic health check thread {{(pid=101672) touch_hash_ring_node /opt/stack/neutron/neutron/plugins/ml2/drivers/ovn/mech_driver/ovsdb/maintenance.py:1417}}
Jul 20 04:06:46.268815 np0000185883 devstack@neutron-api.service[101669]: DEBUG futurist.periodics [-] Submitting periodic callback 'neutron.plugins.ml2.drivers.ovn.mech_driver.ovsdb.maintenance.HashRingHealthCheckPeriodics.touch_hash_ring_node' {{(pid=101669) _process_scheduled /opt/stack/data/venv/lib/python3.12/site-packages/futurist/periodics.py:784}}
Jul 20 04:06:46.269730 np0000185883 devstack@neutron-api.service[101669]: DEBUG neutron.plugins.ml2.drivers.ovn.mech_driver.ovsdb.maintenance [-] Touching Hash Ring node "ce07881d6c895cdba9aa1c40c52bc22b" from periodic health check thread {{(pid=101669) touch_hash_ring_node /opt/stack/neutron/neutron/plugins/ml2/drivers/ovn/mech_driver/ovsdb/maintenance.py:1417}}
Jul 20 04:06:46.294146 np0000185883 devstack@neutron-api.service[101671]: DEBUG futurist.periodics [-] Submitting periodic callback 'neutron.plugins.ml2.drivers.ovn.mech_driver.ovsdb.maintenance.HashRingHealthCheckPeriodics.touch_hash_ring_node' {{(pid=101671) _process_scheduled /opt/stack/data/venv/lib/python3.12/site-packages/futurist/periodics.py:784}}
Jul 20 04:06:46.295076 np0000185883 devstack@neutron-api.service[101671]: DEBUG neutron.plugins.ml2.drivers.ovn.mech_driver.ovsdb.maintenance [-] Touching Hash Ring node "07cb217865585fc1b19e6993df51f41c" from periodic health check thread {{(pid=101671) touch_hash_ring_node /opt/stack/neutron/neutron/plugins/ml2/drivers/ovn/mech_driver/ovsdb/maintenance.py:1417}}
Jul 20 04:06:48.130493 np0000185883 devstack@neutron-api.service[101669]: [pid: 101669|app: 0|req: 27/108] 199.204.45.89 () {62 vars in 1052 bytes} [Mon Jul 20 04:06:48 2026] GET /networking => generated 129 bytes in 3 msecs (HTTP/1.1 200) 3 headers in 91 bytes (1 switches on core 0)
Jul 20 04:06:48.226466 np0000185883 devstack@neutron-api.service[101671]: DEBUG neutron.pecan_wsgi.hooks.policy_enforcement [None req-eeda2ab7-ca4f-417d-a88e-07451532f146 demo demo] Attributes excluded by policy engine: ['standard_attr_id', 'provider:network_type', 'provider:physical_network', 'provider:segmentation_id'] {{(pid=101671) _exclude_attributes_by_policy /opt/stack/neutron/neutron/pecan_wsgi/hooks/policy_enforcement.py:259}}
Jul 20 04:06:48.228430 np0000185883 devstack@neutron-api.service[101671]: [pid: 101671|app: 0|req: 27/109] 199.204.45.89 () {64 vars in 1341 bytes} [Mon Jul 20 04:06:48 2026] GET /networking/v2.0/networks?router%3Aexternal=True => generated 659 bytes in 62 msecs (HTTP/1.1 200) 4 headers in 157 bytes (1 switches on core 0)
Jul 20 04:06:53.505404 np0000185883 devstack@neutron-api.service[101670]: [pid: 101670|app: 0|req: 29/110] 199.204.45.89 () {62 vars in 1052 bytes} [Mon Jul 20 04:06:53 2026] GET /networking => generated 129 bytes in 3 msecs (HTTP/1.1 200) 3 headers in 91 bytes (1 switches on core 0)
Jul 20 04:06:53.597003 np0000185883 devstack@neutron-api.service[101672]: DEBUG neutron.pecan_wsgi.hooks.policy_enforcement [None req-8bb41a3d-935a-45c3-b568-746de6abbc69 demo demo] Attributes excluded by policy engine: ['standard_attr_id', 'provider:network_type', 'provider:physical_network', 'provider:segmentation_id'] {{(pid=101672) _exclude_attributes_by_policy /opt/stack/neutron/neutron/pecan_wsgi/hooks/policy_enforcement.py:259}}
Jul 20 04:06:53.599119 np0000185883 devstack@neutron-api.service[101672]: [pid: 101672|app: 0|req: 28/111] 199.204.45.89 () {64 vars in 1341 bytes} [Mon Jul 20 04:06:53 2026] GET /networking/v2.0/networks?router%3Aexternal=True => generated 659 bytes in 59 msecs (HTTP/1.1 200) 4 headers in 157 bytes (1 switches on core 0)
Jul 20 04:06:55.353462 np0000185883 devstack@neutron-api.service[101670]: DEBUG dbcounter [-] [101670] Writing DB stats neutron:UPDATE=1,neutron:SELECT=1 {{(pid=101670) stat_writer /opt/stack/data/venv/lib/python3.12/site-packages/dbcounter.py:115}}
Jul 20 04:06:56.280465 np0000185883 devstack@neutron-api.service[101669]: DEBUG dbcounter [-] [101669] Writing DB stats neutron:UPDATE=1,neutron:SELECT=1 {{(pid=101669) stat_writer /opt/stack/data/venv/lib/python3.12/site-packages/dbcounter.py:115}}
Jul 20 04:06:58.221939 np0000185883 devstack@neutron-api.service[101671]: DEBUG dbcounter [-] [101671] Writing DB stats neutron:UPDATE=1,neutron:SELECT=18 {{(pid=101671) stat_writer /opt/stack/data/venv/lib/python3.12/site-packages/dbcounter.py:115}}
Jul 20 04:07:00.338548 np0000185883 devstack@neutron-api.service[101670]: DEBUG futurist.periodics [-] Submitting periodic callback 'neutron.plugins.ml2.drivers.ovn.mech_driver.ovsdb.maintenance.HashRingHealthCheckPeriodics.touch_hash_ring_node' {{(pid=101670) _process_scheduled /opt/stack/data/venv/lib/python3.12/site-packages/futurist/periodics.py:784}}
Jul 20 04:07:00.339479 np0000185883 devstack@neutron-api.service[101670]: DEBUG neutron.plugins.ml2.drivers.ovn.mech_driver.ovsdb.maintenance [-] Touching Hash Ring node "dd4c3fd6a1de5c0a864d821af5376f5c" from periodic health check thread {{(pid=101670) touch_hash_ring_node /opt/stack/neutron/neutron/plugins/ml2/drivers/ovn/mech_driver/ovsdb/maintenance.py:1417}}
Jul 20 04:07:01.202772 np0000185883 devstack@neutron-api.service[101672]: DEBUG futurist.periodics [-] Submitting periodic callback 'neutron.plugins.ml2.drivers.ovn.mech_driver.ovsdb.maintenance.HashRingHealthCheckPeriodics.touch_hash_ring_node' {{(pid=101672) _process_scheduled /opt/stack/data/venv/lib/python3.12/site-packages/futurist/periodics.py:784}}
Jul 20 04:07:01.203403 np0000185883 devstack@neutron-api.service[101672]: DEBUG neutron.plugins.ml2.drivers.ovn.mech_driver.ovsdb.maintenance [-] Touching Hash Ring node "f849fe51943d5db69f5baa064821f04f" from periodic health check thread {{(pid=101672) touch_hash_ring_node /opt/stack/neutron/neutron/plugins/ml2/drivers/ovn/mech_driver/ovsdb/maintenance.py:1417}}
Jul 20 04:07:01.269803 np0000185883 devstack@neutron-api.service[101669]: DEBUG futurist.periodics [-] Submitting periodic callback 'neutron.plugins.ml2.drivers.ovn.mech_driver.ovsdb.maintenance.HashRingHealthCheckPeriodics.touch_hash_ring_node' {{(pid=101669) _process_scheduled /opt/stack/data/venv/lib/python3.12/site-packages/futurist/periodics.py:784}}
Jul 20 04:07:01.271298 np0000185883 devstack@neutron-api.service[101669]: DEBUG neutron.plugins.ml2.drivers.ovn.mech_driver.ovsdb.maintenance [-] Touching Hash Ring node "ce07881d6c895cdba9aa1c40c52bc22b" from periodic health check thread {{(pid=101669) touch_hash_ring_node /opt/stack/neutron/neutron/plugins/ml2/drivers/ovn/mech_driver/ovsdb/maintenance.py:1417}}
Jul 20 04:07:01.295042 np0000185883 devstack@neutron-api.service[101671]: DEBUG futurist.periodics [-] Submitting periodic callback 'neutron.plugins.ml2.drivers.ovn.mech_driver.ovsdb.maintenance.HashRingHealthCheckPeriodics.touch_hash_ring_node' {{(pid=101671) _process_scheduled /opt/stack/data/venv/lib/python3.12/site-packages/futurist/periodics.py:784}}
Jul 20 04:07:01.295631 np0000185883 devstack@neutron-api.service[101671]: DEBUG neutron.plugins.ml2.drivers.ovn.mech_driver.ovsdb.maintenance [-] Touching Hash Ring node "07cb217865585fc1b19e6993df51f41c" from periodic health check thread {{(pid=101671) touch_hash_ring_node /opt/stack/neutron/neutron/plugins/ml2/drivers/ovn/mech_driver/ovsdb/maintenance.py:1417}}
Jul 20 04:07:02.106346 np0000185883 devstack@neutron-api.service[101669]: [pid: 101669|app: 0|req: 28/112] 199.204.45.89 () {62 vars in 1063 bytes} [Mon Jul 20 04:07:02 2026] GET /networking => generated 129 bytes in 3 msecs (HTTP/1.1 200) 3 headers in 91 bytes (1 switches on core 0)
Jul 20 04:07:02.200192 np0000185883 devstack@neutron-api.service[101671]: DEBUG neutron.pecan_wsgi.hooks.policy_enforcement [None req-245bfa97-89ec-4d80-8cd4-51c63a0e04b2 demo demo] Attributes excluded by policy engine: ['standard_attr_id', 'provider:network_type', 'provider:physical_network', 'provider:segmentation_id'] {{(pid=101671) _exclude_attributes_by_policy /opt/stack/neutron/neutron/pecan_wsgi/hooks/policy_enforcement.py:259}}
Jul 20 04:07:02.201816 np0000185883 devstack@neutron-api.service[101671]: [pid: 101671|app: 0|req: 28/113] 199.204.45.89 () {64 vars in 1376 bytes} [Mon Jul 20 04:07:02 2026] GET /networking/v2.0/networks?name=public&router%3Aexternal=True => generated 659 bytes in 62 msecs (HTTP/1.1 200) 4 headers in 157 bytes (1 switches on core 0)
Jul 20 04:07:04.470891 np0000185883 devstack@neutron-api.service[101670]: [pid: 101670|app: 0|req: 30/114] 199.204.45.89 () {64 vars in 1261 bytes} [Mon Jul 20 04:07:04 2026] GET /networking/ => generated 129 bytes in 3 msecs (HTTP/1.1 200) 3 headers in 91 bytes (1 switches on core 0)
Jul 20 04:07:04.656029 np0000185883 devstack@neutron-api.service[101672]: DEBUG neutron.pecan_wsgi.hooks.policy_enforcement [None req-015e99c4-6d63-448a-adef-9112ae0327fd demo demo] Attributes excluded by policy engine: ['standard_attr_id', 'provider:network_type', 'provider:physical_network', 'provider:segmentation_id'] {{(pid=101672) _exclude_attributes_by_policy /opt/stack/neutron/neutron/pecan_wsgi/hooks/policy_enforcement.py:259}}
Jul 20 04:07:04.657651 np0000185883 devstack@neutron-api.service[101672]: [pid: 101672|app: 0|req: 29/115] 199.204.45.89 () {64 vars in 1410 bytes} [Mon Jul 20 04:07:04 2026] GET /networking/v2.0/networks/a3928e35-f45e-462a-9812-bd438f97946d => generated 656 bytes in 179 msecs (HTTP/1.1 200) 4 headers in 157 bytes (1 switches on core 0)
Jul 20 04:07:04.691883 np0000185883 devstack@neutron-api.service[101669]: [pid: 101669|app: 0|req: 29/116] 199.204.45.89 () {64 vars in 1404 bytes} [Mon Jul 20 04:07:04 2026] GET /networking/v2.0/networks?name=k8s-clusterapi-cluster-magnum-system-kube-kmqei => generated 15 bytes in 24 msecs (HTTP/1.1 200) 4 headers in 156 bytes (1 switches on core 0)
Jul 20 04:07:04.701662 np0000185883 devstack@neutron-api.service[101671]: DEBUG neutron.api.v2.base [None req-a2a1bccd-7530-4546-a90d-84e1614a6d90 demo demo] Request body: {'network': {'admin_state_up': True, 'name': 'k8s-clusterapi-cluster-magnum-system-kube-kmqei'}} {{(pid=101671) prepare_request_body /opt/stack/neutron/neutron/api/v2/base.py:727}}
Jul 20 04:07:04.718906 np0000185883 devstack@neutron-api.service[101671]: DEBUG neutron.pecan_wsgi.hooks.quota_enforcement [None req-a2a1bccd-7530-4546-a90d-84e1614a6d90 demo demo] Made reservation on behalf of 663ab73e3ba14f449361d8c3ac04eeb7 for: {'network': 1} {{(pid=101671) before /opt/stack/neutron/neutron/pecan_wsgi/hooks/quota_enforcement.py:66}}
Jul 20 04:07:04.722306 np0000185883 devstack@neutron-api.service[101671]: DEBUG neutron_lib.callbacks.manager [None req-a2a1bccd-7530-4546-a90d-84e1614a6d90 demo demo] Publish callbacks ['neutron.plugins.ml2.plugin.SecurityGroupDbMixin._ensure_default_security_group_handler-144496'] for network (None), before_create {{(pid=101671) _notify_loop /opt/stack/data/venv/lib/python3.12/site-packages/neutron_lib/callbacks/manager.py:184}}
Jul 20 04:07:04.727869 np0000185883 devstack@neutron-api.service[101671]: DEBUG neutron_lib.callbacks.manager [None req-a2a1bccd-7530-4546-a90d-84e1614a6d90 demo demo] Publish callbacks [] for security_group (None), before_create {{(pid=101671) _notify_loop /opt/stack/data/venv/lib/python3.12/site-packages/neutron_lib/callbacks/manager.py:184}}
Jul 20 04:07:04.777528 np0000185883 devstack@neutron-api.service[101671]: DEBUG neutron_lib.callbacks.manager [None req-a2a1bccd-7530-4546-a90d-84e1614a6d90 demo demo] Publish callbacks ['neutron.plugins.ml2.drivers.ovn.mech_driver.mech_driver.OVNMechanismDriver._create_security_group_precommit-877353'] for security_group (fc2bec1e-3ba6-4bed-a50e-aa6f9de334b3), precommit_create {{(pid=101671) _notify_loop /opt/stack/data/venv/lib/python3.12/site-packages/neutron_lib/callbacks/manager.py:184}}
Jul 20 04:07:04.777670 np0000185883 devstack@neutron-api.service[101671]: DEBUG neutron.db.ovn_revision_numbers_db [None req-a2a1bccd-7530-4546-a90d-84e1614a6d90 demo demo] create_initial_revision uuid=fc2bec1e-3ba6-4bed-a50e-aa6f9de334b3, type=security_groups, rev=-1 {{(pid=101671) create_initial_revision /opt/stack/neutron/neutron/db/ovn_revision_numbers_db.py:98}}
Jul 20 04:07:04.778942 np0000185883 devstack@neutron-api.service[101671]: DEBUG neutron.db.ovn_revision_numbers_db [None req-a2a1bccd-7530-4546-a90d-84e1614a6d90 demo demo] create_initial_revision uuid=7fc33baa-338d-4096-a3f7-c34e1d76b5ba, type=security_group_rules, rev=-1 {{(pid=101671) create_initial_revision /opt/stack/neutron/neutron/db/ovn_revision_numbers_db.py:98}}
Jul 20 04:07:04.779979 np0000185883 devstack@neutron-api.service[101671]: DEBUG neutron.db.ovn_revision_numbers_db [None req-a2a1bccd-7530-4546-a90d-84e1614a6d90 demo demo] create_initial_revision uuid=8fe0f8af-e2d7-4437-bfb7-efa9d26e6b95, type=security_group_rules, rev=-1 {{(pid=101671) create_initial_revision /opt/stack/neutron/neutron/db/ovn_revision_numbers_db.py:98}}
Jul 20 04:07:04.781027 np0000185883 devstack@neutron-api.service[101671]: DEBUG neutron.db.ovn_revision_numbers_db [None req-a2a1bccd-7530-4546-a90d-84e1614a6d90 demo demo] create_initial_revision uuid=ee12daf4-0960-4ea5-8c32-e0201087b98f, type=security_group_rules, rev=-1 {{(pid=101671) create_initial_revision /opt/stack/neutron/neutron/db/ovn_revision_numbers_db.py:98}}
Jul 20 04:07:04.782080 np0000185883 devstack@neutron-api.service[101671]: DEBUG neutron.db.ovn_revision_numbers_db [None req-a2a1bccd-7530-4546-a90d-84e1614a6d90 demo demo] create_initial_revision uuid=f0c38efd-fbb8-4dd9-856b-5432492e9e3d, type=security_group_rules, rev=-1 {{(pid=101671) create_initial_revision /opt/stack/neutron/neutron/db/ovn_revision_numbers_db.py:98}}
Jul 20 04:07:04.789092 np0000185883 devstack@neutron-api.service[101671]: DEBUG neutron_lib.callbacks.manager [None req-a2a1bccd-7530-4546-a90d-84e1614a6d90 demo demo] Publish callbacks ['neutron.plugins.ml2.drivers.ovn.mech_driver.mech_driver.OVNMechanismDriver._create_security_group-877363', 'neutron.plugins.ml2.ovo_rpc._ObjectChangeHandler.handle_event-1185389'] for security_group (fc2bec1e-3ba6-4bed-a50e-aa6f9de334b3), after_create {{(pid=101671) _notify_loop /opt/stack/data/venv/lib/python3.12/site-packages/neutron_lib/callbacks/manager.py:184}}
Jul 20 04:07:04.790567 np0000185883 devstack@neutron-api.service[101671]: DEBUG ovsdbapp.backend.ovs_idl.transaction [None req-12a5b9b1-76e4-4b6b-ab4e-eb7383b11e31 None None] Running txn n=1 command(idx=0): PgAddCommand(_result=None, name=pg_fc2bec1e_3ba6_4bed_a50e_aa6f9de334b3, may_exist=False, columns={'acls': [], 'external_ids': {'neutron:security_group_id': 'fc2bec1e-3ba6-4bed-a50e-aa6f9de334b3'}}) {{(pid=101671) do_commit /opt/stack/data/venv/lib/python3.12/site-packages/ovsdbapp/backend/ovs_idl/transaction.py:89}}
Jul 20 04:07:04.791189 np0000185883 devstack@neutron-api.service[101671]: DEBUG ovsdbapp.backend.ovs_idl.transaction [None req-12a5b9b1-76e4-4b6b-ab4e-eb7383b11e31 None None] Running txn n=1 command(idx=1): PgAclAddCommand(_result=None, entity=pg_fc2bec1e_3ba6_4bed_a50e_aa6f9de334b3, direction=to-lport, priority=1002, match=outport == @pg_fc2bec1e_3ba6_4bed_a50e_aa6f9de334b3 && ip6 && ip6.src == $pg_fc2bec1e_3ba6_4bed_a50e_aa6f9de334b3_ip6, action=allow-related, log=False, may_exist=True, severity=[], name=[], meter=[], external_ids={'neutron:security_group_rule_id': '7fc33baa-338d-4096-a3f7-c34e1d76b5ba'}) {{(pid=101671) do_commit /opt/stack/data/venv/lib/python3.12/site-packages/ovsdbapp/backend/ovs_idl/transaction.py:89}}
Jul 20 04:07:04.792064 np0000185883 devstack@neutron-api.service[101671]: DEBUG ovsdbapp.backend.ovs_idl.transaction [None req-12a5b9b1-76e4-4b6b-ab4e-eb7383b11e31 None None] Running txn n=1 command(idx=2): PgAclAddCommand(_result=None, entity=pg_fc2bec1e_3ba6_4bed_a50e_aa6f9de334b3, direction=from-lport, priority=1002, match=inport == @pg_fc2bec1e_3ba6_4bed_a50e_aa6f9de334b3 && ip6, action=allow-related, log=False, may_exist=True, severity=[], name=[], meter=[], external_ids={'neutron:security_group_rule_id': '8fe0f8af-e2d7-4437-bfb7-efa9d26e6b95'}) {{(pid=101671) do_commit /opt/stack/data/venv/lib/python3.12/site-packages/ovsdbapp/backend/ovs_idl/transaction.py:89}}
Jul 20 04:07:04.792752 np0000185883 devstack@neutron-api.service[101671]: DEBUG ovsdbapp.backend.ovs_idl.transaction [None req-12a5b9b1-76e4-4b6b-ab4e-eb7383b11e31 None None] Running txn n=1 command(idx=3): PgAclAddCommand(_result=None, entity=pg_fc2bec1e_3ba6_4bed_a50e_aa6f9de334b3, direction=to-lport, priority=1002, match=outport == @pg_fc2bec1e_3ba6_4bed_a50e_aa6f9de334b3 && ip4 && ip4.src == $pg_fc2bec1e_3ba6_4bed_a50e_aa6f9de334b3_ip4, action=allow-related, log=False, may_exist=True, severity=[], name=[], meter=[], external_ids={'neutron:security_group_rule_id': 'ee12daf4-0960-4ea5-8c32-e0201087b98f'}) {{(pid=101671) do_commit /opt/stack/data/venv/lib/python3.12/site-packages/ovsdbapp/backend/ovs_idl/transaction.py:89}}
Jul 20 04:07:04.793377 np0000185883 devstack@neutron-api.service[101671]: DEBUG ovsdbapp.backend.ovs_idl.transaction [None req-12a5b9b1-76e4-4b6b-ab4e-eb7383b11e31 None None] Running txn n=1 command(idx=4): PgAclAddCommand(_result=None, entity=pg_fc2bec1e_3ba6_4bed_a50e_aa6f9de334b3, direction=from-lport, priority=1002, match=inport == @pg_fc2bec1e_3ba6_4bed_a50e_aa6f9de334b3 && ip4, action=allow-related, log=False, may_exist=True, severity=[], name=[], meter=[], external_ids={'neutron:security_group_rule_id': 'f0c38efd-fbb8-4dd9-856b-5432492e9e3d'}) {{(pid=101671) do_commit /opt/stack/data/venv/lib/python3.12/site-packages/ovsdbapp/backend/ovs_idl/transaction.py:89}}
Jul 20 04:07:04.803235 np0000185883 devstack@neutron-api.service[101671]: DEBUG neutron.plugins.ml2.drivers.ovn.mech_driver.ovsdb.ovsdb_monitor [None req-12a5b9b1-76e4-4b6b-ab4e-eb7383b11e31 None None] Touching Hash Ring node "07cb217865585fc1b19e6993df51f41c" from IDL notify handler {{(pid=101671) notify /opt/stack/neutron/neutron/plugins/ml2/drivers/ovn/mech_driver/ovsdb/ovsdb_monitor.py:1001}}
Jul 20 04:07:04.806052 np0000185883 devstack@neutron-api.service[101670]: DEBUG neutron.plugins.ml2.drivers.ovn.mech_driver.ovsdb.ovsdb_monitor [None req-da93ba2c-50f5-43a3-8fc4-13735cc3534d None None] Touching Hash Ring node "dd4c3fd6a1de5c0a864d821af5376f5c" from IDL notify handler {{(pid=101670) notify /opt/stack/neutron/neutron/plugins/ml2/drivers/ovn/mech_driver/ovsdb/ovsdb_monitor.py:1001}}
Jul 20 04:07:04.809078 np0000185883 devstack@neutron-api.service[101669]: DEBUG neutron.plugins.ml2.drivers.ovn.mech_driver.ovsdb.ovsdb_monitor [None req-e312a4cb-1065-4842-97d9-4f9a75cec525 None None] Touching Hash Ring node "ce07881d6c895cdba9aa1c40c52bc22b" from IDL notify handler {{(pid=101669) notify /opt/stack/neutron/neutron/plugins/ml2/drivers/ovn/mech_driver/ovsdb/ovsdb_monitor.py:1001}}
Jul 20 04:07:04.809151 np0000185883 devstack@neutron-api.service[101672]: DEBUG neutron.plugins.ml2.drivers.ovn.mech_driver.ovsdb.ovsdb_monitor [None req-89c87053-0973-4beb-a53d-e66887b63978 None None] Touching Hash Ring node "f849fe51943d5db69f5baa064821f04f" from IDL notify handler {{(pid=101672) notify /opt/stack/neutron/neutron/plugins/ml2/drivers/ovn/mech_driver/ovsdb/ovsdb_monitor.py:1001}}
Jul 20 04:07:04.814417 np0000185883 devstack@neutron-api.service[101671]: DEBUG neutron.plugins.ml2.drivers.ovn.mech_driver.ovsdb.ovsdb_monitor [None req-12a5b9b1-76e4-4b6b-ab4e-eb7383b11e31 None None] Hash Ring: Node 07cb217865585fc1b19e6993df51f41c (host: np0000185883) handling event "create" for row 2ab78318-963c-4c02-b6b4-0d0ba88dfd21 (table: ACL) {{(pid=101671) notify /opt/stack/neutron/neutron/plugins/ml2/drivers/ovn/mech_driver/ovsdb/ovsdb_monitor.py:1009}}
Jul 20 04:07:04.817393 np0000185883 devstack@neutron-api.service[101670]: DEBUG neutron.plugins.ml2.drivers.ovn.mech_driver.ovsdb.ovsdb_monitor [None req-da93ba2c-50f5-43a3-8fc4-13735cc3534d None None] Hash Ring: Node dd4c3fd6a1de5c0a864d821af5376f5c (host: np0000185883) handling event "create" for row f4c7d5bc-144d-4992-b00c-2811e5bb4afe (table: ACL) {{(pid=101670) notify /opt/stack/neutron/neutron/plugins/ml2/drivers/ovn/mech_driver/ovsdb/ovsdb_monitor.py:1009}}
Jul 20 04:07:04.823867 np0000185883 devstack@neutron-api.service[101672]: DEBUG neutron.plugins.ml2.drivers.ovn.mech_driver.ovsdb.ovsdb_monitor [None req-89c87053-0973-4beb-a53d-e66887b63978 None None] Hash Ring: Node f849fe51943d5db69f5baa064821f04f (host: np0000185883) handling event "create" for row 78493abd-afed-4f96-9489-67d3184fa1d6 (table: ACL) {{(pid=101672) notify /opt/stack/neutron/neutron/plugins/ml2/drivers/ovn/mech_driver/ovsdb/ovsdb_monitor.py:1009}}
Jul 20 04:07:04.824232 np0000185883 devstack@neutron-api.service[101669]: DEBUG neutron.plugins.ml2.drivers.ovn.mech_driver.ovsdb.ovsdb_monitor [None req-e312a4cb-1065-4842-97d9-4f9a75cec525 None None] Hash Ring: Node ce07881d6c895cdba9aa1c40c52bc22b (host: np0000185883) handling event "create" for row e82d62f4-9f90-440a-ae24-291be3c74b45 (table: ACL) {{(pid=101669) notify /opt/stack/neutron/neutron/plugins/ml2/drivers/ovn/mech_driver/ovsdb/ovsdb_monitor.py:1009}}
Jul 20 04:07:04.824842 np0000185883 devstack@neutron-api.service[101672]: DEBUG neutron.plugins.ml2.drivers.ovn.mech_driver.ovsdb.ovsdb_monitor [None req-89c87053-0973-4beb-a53d-e66887b63978 None None] Touching Hash Ring node "f849fe51943d5db69f5baa064821f04f" from IDL notify handler {{(pid=101672) notify /opt/stack/neutron/neutron/plugins/ml2/drivers/ovn/mech_driver/ovsdb/ovsdb_monitor.py:1001}}
Jul 20 04:07:04.828000 np0000185883 devstack@neutron-api.service[101672]: DEBUG neutron.plugins.ml2.drivers.ovn.mech_driver.ovsdb.ovsdb_monitor [None req-89c87053-0973-4beb-a53d-e66887b63978 None None] Hash Ring: Node f849fe51943d5db69f5baa064821f04f (host: np0000185883) handling event "create" for row 3dc5025d-d614-4ad6-9d4c-58e922ea1dbc (table: Port_Group) {{(pid=101672) notify /opt/stack/neutron/neutron/plugins/ml2/drivers/ovn/mech_driver/ovsdb/ovsdb_monitor.py:1009}}
Jul 20 04:07:04.843199 np0000185883 devstack@neutron-api.service[101671]: INFO neutron.db.ovn_revision_numbers_db [None req-a2a1bccd-7530-4546-a90d-84e1614a6d90 demo demo] Successfully bumped revision number for resource fc2bec1e-3ba6-4bed-a50e-aa6f9de334b3 (type: security_groups) to 1
Jul 20 04:07:04.862910 np0000185883 devstack@neutron-api.service[101671]: INFO neutron.db.ovn_revision_numbers_db [None req-a2a1bccd-7530-4546-a90d-84e1614a6d90 demo demo] Successfully bumped revision number for resource 7fc33baa-338d-4096-a3f7-c34e1d76b5ba (type: security_group_rules) to 0
Jul 20 04:07:04.878961 np0000185883 devstack@neutron-api.service[101671]: INFO neutron.db.ovn_revision_numbers_db [None req-a2a1bccd-7530-4546-a90d-84e1614a6d90 demo demo] Successfully bumped revision number for resource 8fe0f8af-e2d7-4437-bfb7-efa9d26e6b95 (type: security_group_rules) to 0
Jul 20 04:07:04.892895 np0000185883 devstack@neutron-api.service[101671]: INFO neutron.db.ovn_revision_numbers_db [None req-a2a1bccd-7530-4546-a90d-84e1614a6d90 demo demo] Successfully bumped revision number for resource ee12daf4-0960-4ea5-8c32-e0201087b98f (type: security_group_rules) to 0
Jul 20 04:07:04.907402 np0000185883 devstack@neutron-api.service[101671]: INFO neutron.db.ovn_revision_numbers_db [None req-a2a1bccd-7530-4546-a90d-84e1614a6d90 demo demo] Successfully bumped revision number for resource f0c38efd-fbb8-4dd9-856b-5432492e9e3d (type: security_group_rules) to 0
Jul 20 04:07:04.943097 np0000185883 devstack@neutron-api.service[101671]: DEBUG neutron.api.rpc.handlers.resources_rpc [None req-a2a1bccd-7530-4546-a90d-84e1614a6d90 demo demo] Pushing event updated for resources: {'SecurityGroup': ['ID=fc2bec1e-3ba6-4bed-a50e-aa6f9de334b3,revision_number=1']} {{(pid=101671) push /opt/stack/neutron/neutron/api/rpc/handlers/resources_rpc.py:237}}
Jul 20 04:07:04.984612 np0000185883 devstack@neutron-api.service[101671]: DEBUG neutron.plugins.ml2.drivers.helpers [None req-a2a1bccd-7530-4546-a90d-84e1614a6d90 demo demo] geneve segment allocate from pool success with {'geneve_vni': 16523} {{(pid=101671) allocate_partially_specified_segment /opt/stack/neutron/neutron/plugins/ml2/drivers/helpers.py:142}}
Jul 20 04:07:04.992599 np0000185883 devstack@neutron-api.service[101671]: DEBUG neutron_lib.callbacks.manager [None req-a2a1bccd-7530-4546-a90d-84e1614a6d90 demo demo] Publish callbacks ['neutron.services.segments.db._add_segment_host_mapping_for_segment-8323673570788', 'neutron.plugins.ml2.plugin.Ml2Plugin._handle_segment_change-100808'] for segment (8ccd9d86-8410-4777-814d-d57c8a25d11a), precommit_create {{(pid=101671) _notify_loop /opt/stack/data/venv/lib/python3.12/site-packages/neutron_lib/callbacks/manager.py:184}}
Jul 20 04:07:04.992599 np0000185883 devstack@neutron-api.service[101671]: INFO neutron.db.segments_db [None req-a2a1bccd-7530-4546-a90d-84e1614a6d90 demo demo] Added segment 8ccd9d86-8410-4777-814d-d57c8a25d11a of type geneve for network 66d92b47-dd59-4f51-ae07-421612b56337
Jul 20 04:07:05.011181 np0000185883 devstack@neutron-api.service[101671]: DEBUG neutron_lib.callbacks.manager [None req-a2a1bccd-7530-4546-a90d-84e1614a6d90 demo demo] Publish callbacks ['neutron.services.auto_allocate.db._ensure_external_network_default_value_callback-8323672369396'] for network (66d92b47-dd59-4f51-ae07-421612b56337), precommit_create {{(pid=101671) _notify_loop /opt/stack/data/venv/lib/python3.12/site-packages/neutron_lib/callbacks/manager.py:184}}
Jul 20 04:07:05.025523 np0000185883 devstack@neutron-api.service[101671]: DEBUG neutron.plugins.ml2.drivers.ovn.mech_driver.mech_driver [None req-a2a1bccd-7530-4546-a90d-84e1614a6d90 demo demo] Validating network segment with type geneve, segmentation ID 16523, physical network None {{(pid=101671) _validate_network_segments /opt/stack/neutron/neutron/plugins/ml2/drivers/ovn/mech_driver/mech_driver.py:646}}
Jul 20 04:07:05.025729 np0000185883 devstack@neutron-api.service[101671]: DEBUG neutron.db.ovn_revision_numbers_db [None req-a2a1bccd-7530-4546-a90d-84e1614a6d90 demo demo] create_initial_revision uuid=66d92b47-dd59-4f51-ae07-421612b56337, type=networks, rev=-1 {{(pid=101671) create_initial_revision /opt/stack/neutron/neutron/db/ovn_revision_numbers_db.py:98}}
Jul 20 04:07:05.045208 np0000185883 devstack@neutron-api.service[101671]: DEBUG neutron_lib.callbacks.manager [None req-a2a1bccd-7530-4546-a90d-84e1614a6d90 demo demo] Publish callbacks ['neutron.plugins.ml2.ovo_rpc._ObjectChangeHandler.handle_event-1185401'] for network (66d92b47-dd59-4f51-ae07-421612b56337), after_create {{(pid=101671) _notify_loop /opt/stack/data/venv/lib/python3.12/site-packages/neutron_lib/callbacks/manager.py:184}}
Jul 20 04:07:05.081720 np0000185883 devstack@neutron-api.service[101671]: DEBUG neutron.api.rpc.handlers.resources_rpc [None req-a2a1bccd-7530-4546-a90d-84e1614a6d90 demo demo] Pushing event updated for resources: {'Network': ['ID=66d92b47-dd59-4f51-ae07-421612b56337,revision_number=1']} {{(pid=101671) push /opt/stack/neutron/neutron/api/rpc/handlers/resources_rpc.py:237}}
Jul 20 04:07:05.089970 np0000185883 devstack@neutron-api.service[101671]: DEBUG ovsdbapp.backend.ovs_idl.transaction [None req-12a5b9b1-76e4-4b6b-ab4e-eb7383b11e31 None None] Running txn n=1 command(idx=0): AddNetworkCommand(_result=None, network_uuid=66d92b47-dd59-4f51-ae07-421612b56337, may_exist=True, columns={'external_ids': {'neutron:network_name': 'k8s-clusterapi-cluster-magnum-system-kube-kmqei', 'neutron:mtu': '1372', 'neutron:revision_number': '1', 'neutron:availability_zone_hints': '', 'neutron:provnet-network-type': 'geneve'}, 'other_config': {'mcast_snoop': 'false', 'mcast_flood_unregistered': 'false', 'vlan-passthru': 'false'}}) {{(pid=101671) do_commit /opt/stack/data/venv/lib/python3.12/site-packages/ovsdbapp/backend/ovs_idl/transaction.py:89}}
Jul 20 04:07:05.101179 np0000185883 devstack@neutron-api.service[101669]: DEBUG neutron.plugins.ml2.drivers.ovn.mech_driver.ovsdb.ovsdb_monitor [None req-e312a4cb-1065-4842-97d9-4f9a75cec525 None None] Touching Hash Ring node "ce07881d6c895cdba9aa1c40c52bc22b" from IDL notify handler {{(pid=101669) notify /opt/stack/neutron/neutron/plugins/ml2/drivers/ovn/mech_driver/ovsdb/ovsdb_monitor.py:1001}}
Jul 20 04:07:05.107500 np0000185883 devstack@neutron-api.service[101669]: DEBUG neutron.plugins.ml2.drivers.ovn.mech_driver.ovsdb.ovsdb_monitor [None req-e312a4cb-1065-4842-97d9-4f9a75cec525 None None] Hash Ring: Node ce07881d6c895cdba9aa1c40c52bc22b (host: np0000185883) handling event "create" for row 66d92b47-dd59-4f51-ae07-421612b56337 (table: Logical_Switch) {{(pid=101669) notify /opt/stack/neutron/neutron/plugins/ml2/drivers/ovn/mech_driver/ovsdb/ovsdb_monitor.py:1009}}
Jul 20 04:07:05.108405 np0000185883 devstack@neutron-api.service[101672]: DEBUG neutron.plugins.ml2.drivers.ovn.mech_driver.ovsdb.ovsdb_monitor [None req-1692db1a-341d-4d52-bda4-e5bddbadf90f None None] Touching Hash Ring node "f849fe51943d5db69f5baa064821f04f" from IDL notify handler {{(pid=101672) notify /opt/stack/neutron/neutron/plugins/ml2/drivers/ovn/mech_driver/ovsdb/ovsdb_monitor.py:1001}}
Jul 20 04:07:05.113043 np0000185883 devstack@neutron-api.service[101672]: DEBUG neutron.plugins.ml2.drivers.ovn.mech_driver.ovsdb.ovsdb_monitor [None req-1692db1a-341d-4d52-bda4-e5bddbadf90f None None] Hash Ring: Node f849fe51943d5db69f5baa064821f04f (host: np0000185883) handling event "create" for row 148a5f65-265b-44d8-8a87-2e42bbcf4073 (table: Datapath_Binding) {{(pid=101672) notify /opt/stack/neutron/neutron/plugins/ml2/drivers/ovn/mech_driver/ovsdb/ovsdb_monitor.py:1009}}
Jul 20 04:07:05.120001 np0000185883 devstack@neutron-api.service[101671]: INFO neutron.db.ovn_revision_numbers_db [None req-a2a1bccd-7530-4546-a90d-84e1614a6d90 demo demo] Successfully bumped revision number for resource 66d92b47-dd59-4f51-ae07-421612b56337 (type: networks) to 1
Jul 20 04:07:05.500620 np0000185883 devstack@neutron-api.service[101671]: DEBUG neutron_lib.callbacks.manager [None req-a2a1bccd-7530-4546-a90d-84e1614a6d90 demo demo] Publish callbacks ['neutron.plugins.ml2.plugin.SecurityGroupDbMixin._ensure_default_security_group_handler-144496'] for port (None), before_create {{(pid=101671) _notify_loop /opt/stack/data/venv/lib/python3.12/site-packages/neutron_lib/callbacks/manager.py:184}}
Jul 20 04:07:05.618555 np0000185883 devstack@neutron-api.service[101671]: DEBUG neutron_lib.callbacks.manager [None req-a2a1bccd-7530-4546-a90d-84e1614a6d90 demo demo] Publish callbacks ['neutron.plugins.ml2.drivers.ovn.mech_driver.mech_driver.OVNMechanismDriver._validate_allowed_address_pairs-877473'] for allowed_address_pair (ea3be599-2809-40a8-978d-518b58dc7109), before_create {{(pid=101671) _notify_loop /opt/stack/data/venv/lib/python3.12/site-packages/neutron_lib/callbacks/manager.py:184}}
Jul 20 04:07:05.619039 np0000185883 devstack@neutron-api.service[101671]: DEBUG neutron_lib.callbacks.manager [None req-a2a1bccd-7530-4546-a90d-84e1614a6d90 demo demo] Publish callbacks [] for port (ea3be599-2809-40a8-978d-518b58dc7109), precommit_create {{(pid=101671) _notify_loop /opt/stack/data/venv/lib/python3.12/site-packages/neutron_lib/callbacks/manager.py:184}}
Jul 20 04:07:05.619225 np0000185883 devstack@neutron-api.service[101671]: DEBUG neutron.plugins.ml2.drivers.ovn.mech_driver.mech_driver [None req-a2a1bccd-7530-4546-a90d-84e1614a6d90 demo demo] No provisioning block for port ea3be599-2809-40a8-978d-518b58dc7109 since it does not have a host {{(pid=101671) _is_port_provisioning_required /opt/stack/neutron/neutron/plugins/ml2/drivers/ovn/mech_driver/mech_driver.py:899}}
Jul 20 04:07:05.619344 np0000185883 devstack@neutron-api.service[101671]: DEBUG neutron.db.ovn_revision_numbers_db [None req-a2a1bccd-7530-4546-a90d-84e1614a6d90 demo demo] create_initial_revision uuid=ea3be599-2809-40a8-978d-518b58dc7109, type=ports, rev=-1 {{(pid=101671) create_initial_revision /opt/stack/neutron/neutron/db/ovn_revision_numbers_db.py:98}}
Jul 20 04:07:05.647384 np0000185883 devstack@neutron-api.service[101671]: DEBUG neutron_lib.callbacks.manager [None req-a2a1bccd-7530-4546-a90d-84e1614a6d90 demo demo] Publish callbacks ['neutron.plugins.ml2.ovo_rpc._ObjectChangeHandler.handle_event-1185359'] for port (ea3be599-2809-40a8-978d-518b58dc7109), after_create {{(pid=101671) _notify_loop /opt/stack/data/venv/lib/python3.12/site-packages/neutron_lib/callbacks/manager.py:184}}
Jul 20 04:07:05.716213 np0000185883 devstack@neutron-api.service[101671]: DEBUG neutron.api.rpc.handlers.resources_rpc [None req-a2a1bccd-7530-4546-a90d-84e1614a6d90 demo demo] Pushing event updated for resources: {'Port': ['ID=ea3be599-2809-40a8-978d-518b58dc7109,revision_number=1']} {{(pid=101671) push /opt/stack/neutron/neutron/api/rpc/handlers/resources_rpc.py:237}}
Jul 20 04:07:05.720857 np0000185883 devstack@neutron-api.service[101671]: DEBUG neutron.plugins.ml2.drivers.ovn.mech_driver.ovsdb.commands [None req-a2a1bccd-7530-4546-a90d-84e1614a6d90 demo demo] Converting tag [] to a tag_request {{(pid=101671) _tag_column_to_tag_request /opt/stack/neutron/neutron/plugins/ml2/drivers/ovn/mech_driver/ovsdb/commands.py:205}}
Jul 20 04:07:05.722375 np0000185883 devstack@neutron-api.service[101671]: DEBUG ovsdbapp.backend.ovs_idl.transaction [None req-12a5b9b1-76e4-4b6b-ab4e-eb7383b11e31 None None] Running txn n=1 command(idx=0): AddLSwitchPortCommand(_result=None, lport=ea3be599-2809-40a8-978d-518b58dc7109, lswitch=neutron-66d92b47-dd59-4f51-ae07-421612b56337, may_exist=True, network_uuid=66d92b47-dd59-4f51-ae07-421612b56337, columns={'addresses': ['fa:16:3e:16:cf:1b'], 'external_ids': {'neutron:port_name': '', 'neutron:device_id': 'ovnmeta-66d92b47-dd59-4f51-ae07-421612b56337', 'neutron:project_id': '663ab73e3ba14f449361d8c3ac04eeb7', 'neutron:cidrs': '', 'neutron:device_owner': 'network:distributed', 'neutron:subnet_pool_addr_scope4': '', 'neutron:subnet_pool_addr_scope6': '', 'neutron:network_name': 'neutron-66d92b47-dd59-4f51-ae07-421612b56337', 'neutron:security_group_ids': '', 'neutron:revision_number': '1', 'neutron:vnic_type': 'normal', 'neutron:port_capabilities': '', 'neutron:mtu': '1372'}, 'parent_name': [], 'enabled': True, 'options': {}, 'type': 'localport', 'port_security': [], 'dhcpv4_options': [], 'dhcpv6_options': [], 'tag_request': []}) {{(pid=101671) do_commit /opt/stack/data/venv/lib/python3.12/site-packages/ovsdbapp/backend/ovs_idl/transaction.py:89}}
Jul 20 04:07:05.723477 np0000185883 devstack@neutron-api.service[101671]: DEBUG ovsdbapp.backend.ovs_idl.transaction [None req-12a5b9b1-76e4-4b6b-ab4e-eb7383b11e31 None None] Running txn n=1 command(idx=1): QoSDelCommand(_result=None, switch=neutron-66d92b47-dd59-4f51-ae07-421612b56337, conditions=[('direction', '=', 'to-lport'), ('priority', '=', 2002), ('match', '=', 'outport == "ea3be599-2809-40a8-978d-518b58dc7109"')], if_exists=True) {{(pid=101671) do_commit /opt/stack/data/venv/lib/python3.12/site-packages/ovsdbapp/backend/ovs_idl/transaction.py:89}}
