2026-09-12 05:13:20.502 8 INFO placement.requestlog [req-71479bd8-7bc2-47b2-ac91-bc723ab2888e req-dec75085-32e9-40c0-9098-19d8b02ed05e d00206db0f29490bb9aa390c7e1f41be 9d23a824523d4c5981472ddbe8570ed1 - - b3c61a28c26a4871bdbe503fc9c3a732 b3c61a28c26a4871bdbe503fc9c3a732] 162.253.55.77 "GET /resource_providers/8a9099bc-b255-489e-8bdc-1e0fffe289a5/allocations" status: 200 len: 54 microversion: 1.0 [pid: 8|app: 0|req: 292/582] 162.253.55.77 () {32 vars in 856 bytes} [Sat Sep 12 05:13:20 2026] GET /resource_providers/8a9099bc-b255-489e-8bdc-1e0fffe289a5/allocations => generated 54 bytes in 22 msecs (HTTP/1.1 200) 6 headers in 223 bytes (1 switches on core 0)
2026-09-12 05:13:20.524 7 INFO placement.requestlog [req-71479bd8-7bc2-47b2-ac91-bc723ab2888e req-1d36e94f-dc4b-43ee-891e-d7b07f82c59c d00206db0f29490bb9aa390c7e1f41be 9d23a824523d4c5981472ddbe8570ed1 - - b3c61a28c26a4871bdbe503fc9c3a732 b3c61a28c26a4871bdbe503fc9c3a732] 162.253.55.77 "GET /resource_providers/8a9099bc-b255-489e-8bdc-1e0fffe289a5/allocations" status: 200 len: 54 microversion: 1.0 [pid: 7|app: 0|req: 291/583] 162.253.55.77 () {32 vars in 856 bytes} [Sat Sep 12 05:13:20 2026] GET /resource_providers/8a9099bc-b255-489e-8bdc-1e0fffe289a5/allocations => generated 54 bytes in 14 msecs (HTTP/1.1 200) 6 headers in 223 bytes (1 switches on core 0)
2026-09-12 05:13:24.477 8 INFO placement.requestlog [None req-d750a2a4-7805-420f-b399-1fc0518ab866 - - - - - -] 10.0.0.202 "GET /" status: 200 len: 136 microversion: 1.0
2026-09-12 05:13:24.477 7 INFO placement.requestlog [None req-20d36a24-e6a2-4daf-935a-0d75a01573ab - - - - - -] 10.0.0.202 "GET /" status: 200 len: 136 microversion: 1.0
2026-09-12 05:13:34.477 7 INFO placement.requestlog [None req-05066fdf-e330-4a7e-ab31-514688e66ad7 - - - - - -] 10.0.0.202 "GET /" status: 200 len: 136 microversion: 1.0
2026-09-12 05:13:34.477 8 INFO placement.requestlog [None req-8f118d54-0fc4-4318-9d49-5a5c4e5a11c5 - - - - - -] 10.0.0.202 "GET /" status: 200 len: 136 microversion: 1.0
2026-09-12 05:13:44.477 8 INFO placement.requestlog [None req-68ab3a61-f56e-49fd-9cec-ab307f36ccef - - - - - -] 10.0.0.202 "GET /" status: 200 len: 136 microversion: 1.0
2026-09-12 05:13:44.477 7 INFO placement.requestlog [None req-e9469320-be5a-4fce-af1f-310918df8789 - - - - - -] 10.0.0.202 "GET /" status: 200 len: 136 microversion: 1.0
2026-09-12 05:13:54.477 8 INFO placement.requestlog [None req-15b02271-e419-4d4a-a335-c8d27530dcd0 - - - - - -] 10.0.0.202 "GET /" status: 200 len: 136 microversion: 1.0
2026-09-12 05:13:54.477 7 INFO placement.requestlog [None req-6603d650-c84e-42a5-bb51-7da722e91549 - - - - - -] 10.0.0.202 "GET /" status: 200 len: 136 microversion: 1.0
2026-09-12 05:14:04.477 7 INFO placement.requestlog [None req-e6bbba3c-c6ce-437b-a432-ecff301bc2f5 - - - - - -] 10.0.0.202 "GET /" status: 200 len: 136 microversion: 1.0
2026-09-12 05:14:04.477 8 INFO placement.requestlog [None req-576b5afc-f6c0-4460-b6ce-e0511afeb0e8 - - - - - -] 10.0.0.202 "GET /" status: 200 len: 136 microversion: 1.0
2026-09-12 05:14:14.477 7 INFO placement.requestlog [None req-f4bcd0ff-4d2b-4e17-8fd1-3f36c45dc6a3 - - - - - -] 10.0.0.202 "GET /" status: 200 len: 136 microversion: 1.0
2026-09-12 05:14:14.478 8 INFO placement.requestlog [None req-123f7a20-0473-40dc-9c5b-c1a6efa5af53 - - - - - -] 10.0.0.202 "GET /" status: 200 len: 136 microversion: 1.0
2026-09-12 05:14:20.488 7 INFO placement.requestlog [req-173d6c75-6b53-419c-9660-3e0d819e4781 req-27e18758-3484-4312-abb6-6e630f741c7d d00206db0f29490bb9aa390c7e1f41be 9d23a824523d4c5981472ddbe8570ed1 - - b3c61a28c26a4871bdbe503fc9c3a732 b3c61a28c26a4871bdbe503fc9c3a732] 162.253.55.77 "GET /resource_providers/8a9099bc-b255-489e-8bdc-1e0fffe289a5/allocations" status: 200 len: 54 microversion: 1.0 [pid: 7|app: 0|req: 298/596] 162.253.55.77 () {32 vars in 856 bytes} [Sat Sep 12 05:14:20 2026] GET /resource_providers/8a9099bc-b255-489e-8bdc-1e0fffe289a5/allocations => generated 54 bytes in 19 msecs (HTTP/1.1 200) 6 headers in 223 bytes (1 switches on core 0)
2026-09-12 05:14:20.517 8 INFO placement.requestlog [req-173d6c75-6b53-419c-9660-3e0d819e4781 req-3b2a8c9d-5aa8-422c-b661-d4667fb9e50f d00206db0f29490bb9aa390c7e1f41be 9d23a824523d4c5981472ddbe8570ed1 - - b3c61a28c26a4871bdbe503fc9c3a732 b3c61a28c26a4871bdbe503fc9c3a732] 162.253.55.77 "GET /resource_providers/8a9099bc-b255-489e-8bdc-1e0fffe289a5/allocations" status: 200 len: 54 microversion: 1.0 [pid: 8|app: 0|req: 299/597] 162.253.55.77 () {32 vars in 856 bytes} [Sat Sep 12 05:14:20 2026] GET /resource_providers/8a9099bc-b255-489e-8bdc-1e0fffe289a5/allocations => generated 54 bytes in 23 msecs (HTTP/1.1 200) 6 headers in 223 bytes (1 switches on core 0)
2026-09-12 05:14:24.477 7 INFO placement.requestlog [None req-0db7b978-cc09-4b29-ba86-fd4f8cda69b2 - - - - - -] 10.0.0.202 "GET /" status: 200 len: 136 microversion: 1.0
2026-09-12 05:14:24.477 8 INFO placement.requestlog [None req-4eda84ab-2a04-4abc-89a7-056f31538048 - - - - - -] 10.0.0.202 "GET /" status: 200 len: 136 microversion: 1.0
2026-09-12 05:14:34.476 7 INFO placement.requestlog [None req-f5f44090-4dce-4551-8692-937dc45ca903 - - - - - -] 10.0.0.202 "GET /" status: 200 len: 136 microversion: 1.0
2026-09-12 05:14:34.477 8 INFO placement.requestlog [None req-67e1b66d-7a96-45ee-8386-d29ae944d760 - - - - - -] 10.0.0.202 "GET /" status: 200 len: 136 microversion: 1.0
2026-09-12 05:14:44.478 7 INFO placement.requestlog [None req-00426e47-4dbb-4ee1-8423-f047b7c94c8c - - - - - -] 10.0.0.202 "GET /" status: 200 len: 136 microversion: 1.0
2026-09-12 05:14:44.478 8 INFO placement.requestlog [None req-c77fb172-8e0f-4ace-afce-a62551c0087b - - - - - -] 10.0.0.202 "GET /" status: 200 len: 136 microversion: 1.0
2026-09-12 05:14:54.477 8 INFO placement.requestlog [None req-4a71e77c-7b50-472a-b9ee-7d3ab1aadddd - - - - - -] 10.0.0.202 "GET /" status: 200 len: 136 microversion: 1.0
2026-09-12 05:14:54.477 7 INFO placement.requestlog [None req-9e7af9e4-c7ae-4bc0-bf06-ab2b58b9c944 - - - - - -] 10.0.0.202 "GET /" status: 200 len: 136 microversion: 1.0
2026-09-12 05:15:04.477 7 INFO placement.requestlog [None req-dfca5da7-86ae-42c0-a67f-f63d59ac6b0b - - - - - -] 10.0.0.202 "GET /" status: 200 len: 136 microversion: 1.0
2026-09-12 05:15:04.477 8 INFO placement.requestlog [None req-2e70ea8a-988a-4a21-ab90-dddd7fd4cd72 - - - - - -] 10.0.0.202 "GET /" status: 200 len: 136 microversion: 1.0
2026-09-12 05:15:14.477 7 INFO placement.requestlog [None req-f3b0de48-0e0f-49bf-ac6c-b609034e53b4 - - - - - -] 10.0.0.202 "GET /" status: 200 len: 136 microversion: 1.0
2026-09-12 05:15:14.477 8 INFO placement.requestlog [None req-af20f19e-7dab-46bb-9279-7a79316c9bcc - - - - - -] 10.0.0.202 "GET /" status: 200 len: 136 microversion: 1.0
2026-09-12 05:15:22.387 7 INFO placement.requestlog [req-55e2710a-ae76-488d-a38e-912bd2c3d1a1 req-f41ff27d-5ad3-4d71-b7bf-22ebc9c02c51 d00206db0f29490bb9aa390c7e1f41be 9d23a824523d4c5981472ddbe8570ed1 - - b3c61a28c26a4871bdbe503fc9c3a732 b3c61a28c26a4871bdbe503fc9c3a732] 162.253.55.77 "GET /resource_providers/8a9099bc-b255-489e-8bdc-1e0fffe289a5/allocations" status: 200 len: 54 microversion: 1.0 [pid: 7|app: 0|req: 305/610] 162.253.55.77 () {32 vars in 856 bytes} [Sat Sep 12 05:15:22 2026] GET /resource_providers/8a9099bc-b255-489e-8bdc-1e0fffe289a5/allocations => generated 54 bytes in 20 msecs (HTTP/1.1 200) 6 headers in 223 bytes (1 switches on core 0)
2026-09-12 05:15:22.418 8 INFO placement.requestlog [req-55e2710a-ae76-488d-a38e-912bd2c3d1a1 req-f7d11b2a-a9b0-4310-bfff-160d1ae0eb51 d00206db0f29490bb9aa390c7e1f41be 9d23a824523d4c5981472ddbe8570ed1 - - b3c61a28c26a4871bdbe503fc9c3a732 b3c61a28c26a4871bdbe503fc9c3a732] 162.253.55.77 "GET /resource_providers/8a9099bc-b255-489e-8bdc-1e0fffe289a5/allocations" status: 200 len: 54 microversion: 1.0 [pid: 8|app: 0|req: 306/611] 162.253.55.77 () {32 vars in 856 bytes} [Sat Sep 12 05:15:22 2026] GET /resource_providers/8a9099bc-b255-489e-8bdc-1e0fffe289a5/allocations => generated 54 bytes in 23 msecs (HTTP/1.1 200) 6 headers in 223 bytes (1 switches on core 0)
2026-09-12 05:15:24.478 8 INFO placement.requestlog [None req-e6b3e754-7396-40c0-ac7c-87f3d42ee81a - - - - - -] 10.0.0.202 "GET /" status: 200 len: 136 microversion: 1.0
2026-09-12 05:15:24.478 7 INFO placement.requestlog [None req-48298e70-cb21-4880-a9c0-4d61b19f3559 - - - - - -] 10.0.0.202 "GET /" status: 200 len: 136 microversion: 1.0
2026-09-12 05:15:34.476 7 INFO placement.requestlog [None req-3e980af3-8fe6-48b4-9af7-c5d050f57579 - - - - - -] 10.0.0.202 "GET /" status: 200 len: 136 microversion: 1.0
2026-09-12 05:15:34.477 8 INFO placement.requestlog [None req-54553f3a-6e29-46f0-90f0-873c82bd83c9 - - - - - -] 10.0.0.202 "GET /" status: 200 len: 136 microversion: 1.0
2026-09-12 05:15:44.477 8 INFO placement.requestlog [None req-cd8c035d-547a-452e-b797-9598c3fff0ec - - - - - -] 10.0.0.202 "GET /" status: 200 len: 136 microversion: 1.0
2026-09-12 05:15:44.478 7 INFO placement.requestlog [None req-b0a06fd5-1d4c-4ee3-b62f-0349037e019f - - - - - -] 10.0.0.202 "GET /" status: 200 len: 136 microversion: 1.0
2026-09-12 05:15:54.477 8 INFO placement.requestlog [None req-723991d9-0b40-4cc7-9090-e3631b35c799 - - - - - -] 10.0.0.202 "GET /" status: 200 len: 136 microversion: 1.0
2026-09-12 05:15:54.477 7 INFO placement.requestlog [None req-63ded9fe-597c-4374-8dad-b31704f58c2b - - - - - -] 10.0.0.202 "GET /" status: 200 len: 136 microversion: 1.0
2026-09-12 05:16:04.477 7 INFO placement.requestlog [None req-9202bf0f-f81b-4cd7-ba7f-ecf1bac6eea0 - - - - - -] 10.0.0.202 "GET /" status: 200 len: 136 microversion: 1.0
2026-09-12 05:16:04.477 8 INFO placement.requestlog [None req-81bebbaf-e79b-46b6-8d21-a3ad64403fca - - - - - -] 10.0.0.202 "GET /" status: 200 len: 136 microversion: 1.0
2026-09-12 05:16:14.477 7 INFO placement.requestlog [None req-7ab74282-73b5-47e5-bc9b-bd24c581facb - - - - - -] 10.0.0.202 "GET /" status: 200 len: 136 microversion: 1.0
2026-09-12 05:16:14.477 8 INFO placement.requestlog [None req-0ba1905d-a1ff-4b1e-a63a-a2408c47fc29 - - - - - -] 10.0.0.202 "GET /" status: 200 len: 136 microversion: 1.0
2026-09-12 05:16:23.419 7 INFO placement.requestlog [req-f52ab161-ccf0-4820-9121-9c6e8ebb1da6 req-42c22656-63ca-4515-9d4a-209b9efe5b28 d00206db0f29490bb9aa390c7e1f41be 9d23a824523d4c5981472ddbe8570ed1 - - b3c61a28c26a4871bdbe503fc9c3a732 b3c61a28c26a4871bdbe503fc9c3a732] 162.253.55.77 "GET /resource_providers/8a9099bc-b255-489e-8bdc-1e0fffe289a5/allocations" status: 200 len: 54 microversion: 1.0 [pid: 7|app: 0|req: 312/624] 162.253.55.77 () {32 vars in 856 bytes} [Sat Sep 12 05:16:23 2026] GET /resource_providers/8a9099bc-b255-489e-8bdc-1e0fffe289a5/allocations => generated 54 bytes in 17 msecs (HTTP/1.1 200) 6 headers in 223 bytes (1 switches on core 0)
2026-09-12 05:16:23.456 8 INFO placement.requestlog [req-f52ab161-ccf0-4820-9121-9c6e8ebb1da6 req-382118b6-07ef-4f95-84a4-e3e36a9af165 d00206db0f29490bb9aa390c7e1f41be 9d23a824523d4c5981472ddbe8570ed1 - - b3c61a28c26a4871bdbe503fc9c3a732 b3c61a28c26a4871bdbe503fc9c3a732] 162.253.55.77 "GET /resource_providers/8a9099bc-b255-489e-8bdc-1e0fffe289a5/allocations" status: 200 len: 54 microversion: 1.0 [pid: 8|app: 0|req: 313/625] 162.253.55.77 () {32 vars in 856 bytes} [Sat Sep 12 05:16:23 2026] GET /resource_providers/8a9099bc-b255-489e-8bdc-1e0fffe289a5/allocations => generated 54 bytes in 26 msecs (HTTP/1.1 200) 6 headers in 223 bytes (1 switches on core 0)
2026-09-12 05:16:24.476 8 INFO placement.requestlog [None req-83412566-e957-4bed-8534-a6a684325803 - - - - - -] 10.0.0.202 "GET /" status: 200 len: 136 microversion: 1.0
2026-09-12 05:16:24.477 7 INFO placement.requestlog [None req-31fe6559-c7a3-4b51-b13e-c75c8759e184 - - - - - -] 10.0.0.202 "GET /" status: 200 len: 136 microversion: 1.0
2026-09-12 05:16:34.477 7 INFO placement.requestlog [None req-a2757e62-19e6-423a-bb3f-5b6308ead9cd - - - - - -] 10.0.0.202 "GET /" status: 200 len: 136 microversion: 1.0
2026-09-12 05:16:34.478 8 INFO placement.requestlog [None req-e179771e-f75a-403b-83b9-193b3fd44f4f - - - - - -] 10.0.0.202 "GET /" status: 200 len: 136 microversion: 1.0
2026-09-12 05:16:44.478 7 INFO placement.requestlog [None req-982605e2-b7aa-4607-841b-19aca4e208f6 - - - - - -] 10.0.0.202 "GET /" status: 200 len: 136 microversion: 1.0
2026-09-12 05:16:44.478 8 INFO placement.requestlog [None req-56b9ccdd-3c73-434d-a3aa-fd7f0ee2c8a3 - - - - - -] 10.0.0.202 "GET /" status: 200 len: 136 microversion: 1.0
2026-09-12 05:16:54.477 8 INFO placement.requestlog [None req-62070b81-aacb-481a-8246-866e1d3d1ff4 - - - - - -] 10.0.0.202 "GET /" status: 200 len: 136 microversion: 1.0
2026-09-12 05:16:54.477 7 INFO placement.requestlog [None req-dd668521-b586-4b5d-9151-74fb4e765de5 - - - - - -] 10.0.0.202 "GET /" status: 200 len: 136 microversion: 1.0
2026-09-12 05:17:04.477 8 INFO placement.requestlog [None req-237e5c77-3f00-42ba-bb29-46e5fd54cd7d - - - - - -] 10.0.0.202 "GET /" status: 200 len: 136 microversion: 1.0
2026-09-12 05:17:04.478 7 INFO placement.requestlog [None req-7916fc3d-2fbe-4980-b7e5-4238384a67c6 - - - - - -] 10.0.0.202 "GET /" status: 200 len: 136 microversion: 1.0
2026-09-12 05:17:14.476 7 INFO placement.requestlog [None req-13680c48-5fa9-4616-8114-3076ef79aa70 - - - - - -] 10.0.0.202 "GET /" status: 200 len: 136 microversion: 1.0
2026-09-12 05:17:14.476 8 INFO placement.requestlog [None req-ee57e563-68cf-4ea3-978e-17b2b787bf78 - - - - - -] 10.0.0.202 "GET /" status: 200 len: 136 microversion: 1.0
2026-09-12 05:17:21.752 7 INFO placement.requestlog [req-d883e580-fe57-4a23-ac3b-b88b76d65965 req-2e057675-7f0c-4a20-ae82-e21f40f3915a d00206db0f29490bb9aa390c7e1f41be 9d23a824523d4c5981472ddbe8570ed1 - - b3c61a28c26a4871bdbe503fc9c3a732 b3c61a28c26a4871bdbe503fc9c3a732] 10.0.0.187 "GET /allocation_candidates?limit=1000&resources=DISK_GB%3A1%2CMEMORY_MB%3A512%2CVCPU%3A1&root_required=%21COMPUTE_STATUS_DISABLED" status: 200 len: 2147 microversion: 1.36 [pid: 7|app: 0|req: 319/638] 10.0.0.187 () {34 vars in 1012 bytes} [Sat Sep 12 05:17:21 2026] GET /allocation_candidates?limit=1000&resources=DISK_GB%3A1%2CMEMORY_MB%3A512%2CVCPU%3A1&root_required=%21COMPUTE_STATUS_DISABLED => generated 2147 bytes in 197 msecs (HTTP/1.1 200) 8 headers in 297 bytes (1 switches on core 0)
2026-09-12 05:17:21.820 8 INFO placement.requestlog [req-d883e580-fe57-4a23-ac3b-b88b76d65965 req-c8de8008-cb9e-4148-bcfb-8a1c97777540 d00206db0f29490bb9aa390c7e1f41be 9d23a824523d4c5981472ddbe8570ed1 - - b3c61a28c26a4871bdbe503fc9c3a732 b3c61a28c26a4871bdbe503fc9c3a732] 10.0.0.187 "GET /allocations/fd2cd566-7f02-44d3-a56b-36848dc46363" status: 200 len: 19 microversion: 1.28 [pid: 8|app: 0|req: 320/639] 10.0.0.187 () {34 vars in 861 bytes} [Sat Sep 12 05:17:21 2026] GET /allocations/fd2cd566-7f02-44d3-a56b-36848dc46363 => generated 19 bytes in 24 msecs (HTTP/1.1 200) 8 headers in 295 bytes (1 switches on core 0)
2026-09-12 05:17:21.984 7 INFO placement.requestlog [req-d883e580-fe57-4a23-ac3b-b88b76d65965 req-fdc2778d-5a89-4c7b-8ce1-53c7c2799a79 d00206db0f29490bb9aa390c7e1f41be 9d23a824523d4c5981472ddbe8570ed1 - - b3c61a28c26a4871bdbe503fc9c3a732 b3c61a28c26a4871bdbe503fc9c3a732] 10.0.0.187 "PUT /allocations/fd2cd566-7f02-44d3-a56b-36848dc46363" status: 204 len: 0 microversion: 1.36 [pid: 7|app: 0|req: 320/640] 10.0.0.187 () {38 vars in 914 bytes} [Sat Sep 12 05:17:21 2026] PUT /allocations/fd2cd566-7f02-44d3-a56b-36848dc46363 => generated 0 bytes in 151 msecs (HTTP/1.1 204) 5 headers in 199 bytes (1 switches on core 0)
2026-09-12 05:17:22.357 8 INFO placement.requestlog [req-362085fd-dc8e-40b0-9fbc-4075aa37edb9 req-a82bbed8-87fb-458d-a3a5-b85af9417316 d00206db0f29490bb9aa390c7e1f41be 9d23a824523d4c5981472ddbe8570ed1 - - b3c61a28c26a4871bdbe503fc9c3a732 b3c61a28c26a4871bdbe503fc9c3a732] 10.0.0.187 "GET /allocation_candidates?limit=1000&resources=DISK_GB%3A1%2CMEMORY_MB%3A512%2CVCPU%3A1&root_required=%21COMPUTE_STATUS_DISABLED" status: 200 len: 2149 microversion: 1.36 [pid: 8|app: 0|req: 321/641] 10.0.0.187 () {34 vars in 1012 bytes} [Sat Sep 12 05:17:22 2026] GET /allocation_candidates?limit=1000&resources=DISK_GB%3A1%2CMEMORY_MB%3A512%2CVCPU%3A1&root_required=%21COMPUTE_STATUS_DISABLED => generated 2149 bytes in 66 msecs (HTTP/1.1 200) 8 headers in 297 bytes (1 switches on core 0)
2026-09-12 05:17:22.415 7 INFO placement.requestlog [req-362085fd-dc8e-40b0-9fbc-4075aa37edb9 req-678df0e3-a699-437d-8692-7f7578d396da d00206db0f29490bb9aa390c7e1f41be 9d23a824523d4c5981472ddbe8570ed1 - - b3c61a28c26a4871bdbe503fc9c3a732 b3c61a28c26a4871bdbe503fc9c3a732] 10.0.0.187 "GET /allocations/b4a5b0af-1531-4cc3-b2bb-6368cc83d98f" status: 200 len: 19 microversion: 1.28 [pid: 7|app: 0|req: 321/642] 10.0.0.187 () {34 vars in 861 bytes} [Sat Sep 12 05:17:22 2026] GET /allocations/b4a5b0af-1531-4cc3-b2bb-6368cc83d98f => generated 19 bytes in 12 msecs (HTTP/1.1 200) 8 headers in 295 bytes (1 switches on core 0)
2026-09-12 05:17:22.509 8 INFO placement.requestlog [req-362085fd-dc8e-40b0-9fbc-4075aa37edb9 req-5c7b6a50-4713-4802-9891-94b0d231f573 d00206db0f29490bb9aa390c7e1f41be 9d23a824523d4c5981472ddbe8570ed1 - - b3c61a28c26a4871bdbe503fc9c3a732 b3c61a28c26a4871bdbe503fc9c3a732] 10.0.0.187 "PUT /allocations/b4a5b0af-1531-4cc3-b2bb-6368cc83d98f" status: 204 len: 0 microversion: 1.36 [pid: 8|app: 0|req: 322/643] 10.0.0.187 () {38 vars in 914 bytes} [Sat Sep 12 05:17:22 2026] PUT /allocations/b4a5b0af-1531-4cc3-b2bb-6368cc83d98f => generated 0 bytes in 87 msecs (HTTP/1.1 204) 5 headers in 199 bytes (1 switches on core 0)
2026-09-12 05:17:22.533 7 INFO placement.requestlog [req-d883e580-fe57-4a23-ac3b-b88b76d65965 req-41cde1ed-c3b1-4053-9f64-10086016db50 d00206db0f29490bb9aa390c7e1f41be 9d23a824523d4c5981472ddbe8570ed1 - - b3c61a28c26a4871bdbe503fc9c3a732 b3c61a28c26a4871bdbe503fc9c3a732] 162.253.55.77 "GET /allocations/fd2cd566-7f02-44d3-a56b-36848dc46363" status: 200 len: 257 microversion: 1.28 [pid: 7|app: 0|req: 322/644] 162.253.55.77 () {34 vars in 862 bytes} [Sat Sep 12 05:17:22 2026] GET /allocations/fd2cd566-7f02-44d3-a56b-36848dc46363 => generated 257 bytes in 88 msecs (HTTP/1.1 200) 8 headers in 296 bytes (1 switches on core 0)
2026-09-12 05:17:22.749 8 INFO placement.requestlog [req-d883e580-fe57-4a23-ac3b-b88b76d65965 req-8da66803-bce8-4993-b704-58b551eca0a2 d00206db0f29490bb9aa390c7e1f41be 9d23a824523d4c5981472ddbe8570ed1 - - b3c61a28c26a4871bdbe503fc9c3a732 b3c61a28c26a4871bdbe503fc9c3a732] 162.253.55.77 "GET /resource_providers?in_tree=8a9099bc-b255-489e-8bdc-1e0fffe289a5" status: 200 len: 797 microversion: 1.14 [pid: 8|app: 0|req: 323/645] 162.253.55.77 () {34 vars in 891 bytes} [Sat Sep 12 05:17:22 2026] GET /resource_providers?in_tree=8a9099bc-b255-489e-8bdc-1e0fffe289a5 => generated 797 bytes in 33 msecs (HTTP/1.1 200) 6 headers in 225 bytes (1 switches on core 0)
2026-09-12 05:17:22.783 7 INFO placement.requestlog [req-d883e580-fe57-4a23-ac3b-b88b76d65965 req-6d3310ef-ecfb-4cd3-9586-73a441ebf31d d00206db0f29490bb9aa390c7e1f41be 9d23a824523d4c5981472ddbe8570ed1 - - b3c61a28c26a4871bdbe503fc9c3a732 b3c61a28c26a4871bdbe503fc9c3a732] 162.253.55.77 "GET /resource_providers/8a9099bc-b255-489e-8bdc-1e0fffe289a5/inventories" status: 200 len: 400 microversion: 1.0 [pid: 7|app: 0|req: 323/646] 162.253.55.77 () {32 vars in 856 bytes} [Sat Sep 12 05:17:22 2026] GET /resource_providers/8a9099bc-b255-489e-8bdc-1e0fffe289a5/inventories => generated 400 bytes in 24 msecs (HTTP/1.1 200) 6 headers in 224 bytes (1 switches on core 0)
2026-09-12 05:17:22.815 8 INFO placement.requestlog [req-d883e580-fe57-4a23-ac3b-b88b76d65965 req-ef8f75c0-e9c5-42be-9658-1511148a2784 d00206db0f29490bb9aa390c7e1f41be 9d23a824523d4c5981472ddbe8570ed1 - - b3c61a28c26a4871bdbe503fc9c3a732 b3c61a28c26a4871bdbe503fc9c3a732] 162.253.55.77 "GET /resource_providers/8a9099bc-b255-489e-8bdc-1e0fffe289a5/aggregates" status: 200 len: 53 microversion: 1.19 [pid: 8|app: 0|req: 324/647] 162.253.55.77 () {34 vars in 898 bytes} [Sat Sep 12 05:17:22 2026] GET /resource_providers/8a9099bc-b255-489e-8bdc-1e0fffe289a5/aggregates => generated 53 bytes in 22 msecs (HTTP/1.1 200) 8 headers in 295 bytes (1 switches on core 0)
2026-09-12 05:17:22.854 7 INFO placement.requestlog [req-d883e580-fe57-4a23-ac3b-b88b76d65965 req-8227b527-55bc-4f82-a24f-e3f74a1c2aa3 d00206db0f29490bb9aa390c7e1f41be 9d23a824523d4c5981472ddbe8570ed1 - - b3c61a28c26a4871bdbe503fc9c3a732 b3c61a28c26a4871bdbe503fc9c3a732] 162.253.55.77 "GET /resource_providers/8a9099bc-b255-489e-8bdc-1e0fffe289a5/traits" status: 200 len: 1682 microversion: 1.6 [pid: 7|app: 0|req: 324/648] 162.253.55.77 () {34 vars in 889 bytes} [Sat Sep 12 05:17:22 2026] GET /resource_providers/8a9099bc-b255-489e-8bdc-1e0fffe289a5/traits => generated 1682 bytes in 32 msecs (HTTP/1.1 200) 6 headers in 225 bytes (1 switches on core 0)
2026-09-12 05:17:22.889 8 INFO placement.requestlog [req-d883e580-fe57-4a23-ac3b-b88b76d65965 req-692f745c-35fc-48db-96a7-2b7646781412 d00206db0f29490bb9aa390c7e1f41be 9d23a824523d4c5981472ddbe8570ed1 - - b3c61a28c26a4871bdbe503fc9c3a732 b3c61a28c26a4871bdbe503fc9c3a732] 162.253.55.77 "GET /resource_providers/8a9099bc-b255-489e-8bdc-1e0fffe289a5/allocations" status: 200 len: 252 microversion: 1.0 [pid: 8|app: 0|req: 325/649] 162.253.55.77 () {32 vars in 856 bytes} [Sat Sep 12 05:17:22 2026] GET /resource_providers/8a9099bc-b255-489e-8bdc-1e0fffe289a5/allocations => generated 252 bytes in 22 msecs (HTTP/1.1 200) 6 headers in 224 bytes (1 switches on core 0)
2026-09-12 05:17:22.925 7 INFO placement.requestlog [req-d883e580-fe57-4a23-ac3b-b88b76d65965 req-fbb6caf3-e0d6-4f7b-b360-3bc2db3c084e d00206db0f29490bb9aa390c7e1f41be 9d23a824523d4c5981472ddbe8570ed1 - - b3c61a28c26a4871bdbe503fc9c3a732 b3c61a28c26a4871bdbe503fc9c3a732] 162.253.55.77 "GET /allocations/fd2cd566-7f02-44d3-a56b-36848dc46363" status: 200 len: 257 microversion: 1.28 [pid: 7|app: 0|req: 325/650] 162.253.55.77 () {34 vars in 862 bytes} [Sat Sep 12 05:17:22 2026] GET /allocations/fd2cd566-7f02-44d3-a56b-36848dc46363 => generated 257 bytes in 25 msecs (HTTP/1.1 200) 8 headers in 296 bytes (1 switches on core 0)
2026-09-12 05:17:22.952 8 INFO placement.requestlog [req-362085fd-dc8e-40b0-9fbc-4075aa37edb9 req-5e78d38c-7ad6-4796-8dc4-c1681e9f1538 d00206db0f29490bb9aa390c7e1f41be 9d23a824523d4c5981472ddbe8570ed1 - - b3c61a28c26a4871bdbe503fc9c3a732 b3c61a28c26a4871bdbe503fc9c3a732] 162.253.55.77 "GET /allocations/b4a5b0af-1531-4cc3-b2bb-6368cc83d98f" status: 200 len: 257 microversion: 1.28 [pid: 8|app: 0|req: 326/651] 162.253.55.77 () {34 vars in 862 bytes} [Sat Sep 12 05:17:22 2026] GET /allocations/b4a5b0af-1531-4cc3-b2bb-6368cc83d98f => generated 257 bytes in 15 msecs (HTTP/1.1 200) 8 headers in 296 bytes (1 switches on core 0)
2026-09-12 05:17:22.962 7 INFO placement.requestlog [req-d883e580-fe57-4a23-ac3b-b88b76d65965 req-f5c7245c-fda3-48c0-81bc-5c0914ebbf23 d00206db0f29490bb9aa390c7e1f41be 9d23a824523d4c5981472ddbe8570ed1 - - b3c61a28c26a4871bdbe503fc9c3a732 b3c61a28c26a4871bdbe503fc9c3a732] 162.253.55.77 "GET /allocations/b4a5b0af-1531-4cc3-b2bb-6368cc83d98f" status: 200 len: 257 microversion: 1.28 [pid: 7|app: 0|req: 326/652] 162.253.55.77 () {34 vars in 862 bytes} [Sat Sep 12 05:17:22 2026] GET /allocations/b4a5b0af-1531-4cc3-b2bb-6368cc83d98f => generated 257 bytes in 24 msecs (HTTP/1.1 200) 8 headers in 296 bytes (1 switches on core 0)
2026-09-12 05:17:23.179 8 INFO placement.requestlog [req-362085fd-dc8e-40b0-9fbc-4075aa37edb9 req-831c532e-4e6d-403b-8e8f-a7ba8607e041 d00206db0f29490bb9aa390c7e1f41be 9d23a824523d4c5981472ddbe8570ed1 - - b3c61a28c26a4871bdbe503fc9c3a732 b3c61a28c26a4871bdbe503fc9c3a732] 162.253.55.77 "GET /resource_providers/8a9099bc-b255-489e-8bdc-1e0fffe289a5/allocations" status: 200 len: 252 microversion: 1.0 [pid: 8|app: 0|req: 327/653] 162.253.55.77 () {32 vars in 856 bytes} [Sat Sep 12 05:17:23 2026] GET /resource_providers/8a9099bc-b255-489e-8bdc-1e0fffe289a5/allocations => generated 252 bytes in 25 msecs (HTTP/1.1 200) 6 headers in 224 bytes (1 switches on core 0)
2026-09-12 05:17:23.212 7 INFO placement.requestlog [req-362085fd-dc8e-40b0-9fbc-4075aa37edb9 req-54cf7e25-301c-4131-9a40-6a9d97e7fd06 d00206db0f29490bb9aa390c7e1f41be 9d23a824523d4c5981472ddbe8570ed1 - - b3c61a28c26a4871bdbe503fc9c3a732 b3c61a28c26a4871bdbe503fc9c3a732] 162.253.55.77 "GET /allocations/fd2cd566-7f02-44d3-a56b-36848dc46363" status: 200 len: 257 microversion: 1.28 [pid: 7|app: 0|req: 327/654] 162.253.55.77 () {34 vars in 862 bytes} [Sat Sep 12 05:17:23 2026] GET /allocations/fd2cd566-7f02-44d3-a56b-36848dc46363 => generated 257 bytes in 20 msecs (HTTP/1.1 200) 8 headers in 296 bytes (1 switches on core 0)
2026-09-12 05:17:23.240 8 INFO placement.requestlog [req-362085fd-dc8e-40b0-9fbc-4075aa37edb9 req-80f825ff-f2b5-40d0-bcc3-49a9e8632034 d00206db0f29490bb9aa390c7e1f41be 9d23a824523d4c5981472ddbe8570ed1 - - b3c61a28c26a4871bdbe503fc9c3a732 b3c61a28c26a4871bdbe503fc9c3a732] 162.253.55.77 "GET /allocations/b4a5b0af-1531-4cc3-b2bb-6368cc83d98f" status: 200 len: 257 microversion: 1.28 [pid: 8|app: 0|req: 328/655] 162.253.55.77 () {34 vars in 862 bytes} [Sat Sep 12 05:17:23 2026] GET /allocations/b4a5b0af-1531-4cc3-b2bb-6368cc83d98f => generated 257 bytes in 15 msecs (HTTP/1.1 200) 8 headers in 296 bytes (1 switches on core 0)
2026-09-12 05:17:24.477 7 INFO placement.requestlog [None req-ca3d3328-14cf-4f50-8c23-830b626cafbf - - - - - -] 10.0.0.202 "GET /" status: 200 len: 136 microversion: 1.0
2026-09-12 05:17:24.477 8 INFO placement.requestlog [None req-f5625b7f-482e-4acc-a0ad-7336d4d19dd6 - - - - - -] 10.0.0.202 "GET /" status: 200 len: 136 microversion: 1.0
2026-09-12 05:17:24.970 7 INFO placement.requestlog [req-bfa525b2-d937-4e31-88db-da5e885cfe22 req-5e894a13-5ae5-4878-ac30-3bdc875736ed d00206db0f29490bb9aa390c7e1f41be 9d23a824523d4c5981472ddbe8570ed1 - - b3c61a28c26a4871bdbe503fc9c3a732 b3c61a28c26a4871bdbe503fc9c3a732] 162.253.55.77 "GET /resource_providers/8a9099bc-b255-489e-8bdc-1e0fffe289a5/allocations" status: 200 len: 252 microversion: 1.0 [pid: 7|app: 0|req: 329/658] 162.253.55.77 () {32 vars in 856 bytes} [Sat Sep 12 05:17:24 2026] GET /resource_providers/8a9099bc-b255-489e-8bdc-1e0fffe289a5/allocations => generated 252 bytes in 25 msecs (HTTP/1.1 200) 6 headers in 224 bytes (1 switches on core 0)
2026-09-12 05:17:25.008 8 INFO placement.requestlog [req-bfa525b2-d937-4e31-88db-da5e885cfe22 req-4b46038d-ef9c-4995-be52-970d376c85b1 d00206db0f29490bb9aa390c7e1f41be 9d23a824523d4c5981472ddbe8570ed1 - - b3c61a28c26a4871bdbe503fc9c3a732 b3c61a28c26a4871bdbe503fc9c3a732] 162.253.55.77 "GET /resource_providers/8a9099bc-b255-489e-8bdc-1e0fffe289a5/allocations" status: 200 len: 252 microversion: 1.0 [pid: 8|app: 0|req: 330/659] 162.253.55.77 () {32 vars in 856 bytes} [Sat Sep 12 05:17:24 2026] GET /resource_providers/8a9099bc-b255-489e-8bdc-1e0fffe289a5/allocations => generated 252 bytes in 31 msecs (HTTP/1.1 200) 6 headers in 224 bytes (1 switches on core 0)
2026-09-12 05:17:25.026 7 INFO placement.requestlog [req-bfa525b2-d937-4e31-88db-da5e885cfe22 req-fc9c03d5-6dcd-465a-be46-dcdd9fefc12a d00206db0f29490bb9aa390c7e1f41be 9d23a824523d4c5981472ddbe8570ed1 - - b3c61a28c26a4871bdbe503fc9c3a732 b3c61a28c26a4871bdbe503fc9c3a732] 162.253.55.77 "GET /allocations/fd2cd566-7f02-44d3-a56b-36848dc46363" status: 200 len: 257 microversion: 1.28 [pid: 7|app: 0|req: 330/660] 162.253.55.77 () {34 vars in 862 bytes} [Sat Sep 12 05:17:25 2026] GET /allocations/fd2cd566-7f02-44d3-a56b-36848dc46363 => generated 257 bytes in 12 msecs (HTTP/1.1 200) 8 headers in 296 bytes (1 switches on core 0)
2026-09-12 05:17:25.054 8 INFO placement.requestlog [req-bfa525b2-d937-4e31-88db-da5e885cfe22 req-ea098c3a-8cb2-4b04-a1d8-589e82a15b49 d00206db0f29490bb9aa390c7e1f41be 9d23a824523d4c5981472ddbe8570ed1 - - b3c61a28c26a4871bdbe503fc9c3a732 b3c61a28c26a4871bdbe503fc9c3a732] 162.253.55.77 "GET /allocations/b4a5b0af-1531-4cc3-b2bb-6368cc83d98f" status: 200 len: 257 microversion: 1.28 [pid: 8|app: 0|req: 331/661] 162.253.55.77 () {34 vars in 862 bytes} [Sat Sep 12 05:17:25 2026] GET /allocations/b4a5b0af-1531-4cc3-b2bb-6368cc83d98f => generated 257 bytes in 23 msecs (HTTP/1.1 200) 8 headers in 296 bytes (1 switches on core 0)
2026-09-12 05:17:26.112 7 INFO placement.requestlog [None req-8a1a1738-9a72-4158-bd55-abf913179c30 88717f2e319245489ef0efa10d58a2f6 9d23a824523d4c5981472ddbe8570ed1 - - b3c61a28c26a4871bdbe503fc9c3a732 b3c61a28c26a4871bdbe503fc9c3a732] 10.0.0.170 "GET /resource_providers/3f559d31-4a93-404e-ba28-b1738b3a25ab/aggregates" status: 404 len: 235 microversion: 1.1 [pid: 7|app: 0|req: 331/662] 10.0.0.170 () {32 vars in 816 bytes} [Sat Sep 12 05:17:26 2026] GET /resource_providers/3f559d31-4a93-404e-ba28-b1738b3a25ab/aggregates => generated 235 bytes in 76 msecs (HTTP/1.1 404) 5 headers in 202 bytes (1 switches on core 0)
2026-09-12 05:17:26.120 8 INFO placement.requestlog [None req-e3158240-3f98-45af-aa38-3534bdd77aab 88717f2e319245489ef0efa10d58a2f6 9d23a824523d4c5981472ddbe8570ed1 - - b3c61a28c26a4871bdbe503fc9c3a732 b3c61a28c26a4871bdbe503fc9c3a732] 10.0.0.170 "GET /resource_providers/3f559d31-4a93-404e-ba28-b1738b3a25ab/aggregates" status: 404 len: 235 microversion: 1.1 [pid: 8|app: 0|req: 332/663] 10.0.0.170 () {32 vars in 816 bytes} [Sat Sep 12 05:17:26 2026] GET /resource_providers/3f559d31-4a93-404e-ba28-b1738b3a25ab/aggregates => generated 235 bytes in 69 msecs (HTTP/1.1 404) 5 headers in 202 bytes (1 switches on core 0)
2026-09-12 05:17:26.131 7 INFO placement.requestlog [None req-f210adf7-ff16-4358-a07f-fe6607af80b5 88717f2e319245489ef0efa10d58a2f6 9d23a824523d4c5981472ddbe8570ed1 - - b3c61a28c26a4871bdbe503fc9c3a732 b3c61a28c26a4871bdbe503fc9c3a732] 10.0.0.170 "DELETE /resource_providers/3f559d31-4a93-404e-ba28-b1738b3a25ab" status: 404 len: 246 microversion: 1.1 [pid: 7|app: 0|req: 332/664] 10.0.0.170 () {34 vars in 816 bytes} [Sat Sep 12 05:17:26 2026] DELETE /resource_providers/3f559d31-4a93-404e-ba28-b1738b3a25ab => generated 246 bytes in 8 msecs (HTTP/1.1 404) 6 headers in 231 bytes (1 switches on core 0)
2026-09-12 05:17:26.151 8 INFO placement.requestlog [None req-7267984b-efef-4926-ac95-cb19f80d2148 88717f2e319245489ef0efa10d58a2f6 9d23a824523d4c5981472ddbe8570ed1 - - b3c61a28c26a4871bdbe503fc9c3a732 b3c61a28c26a4871bdbe503fc9c3a732] 10.0.0.170 "DELETE /resource_providers/3f559d31-4a93-404e-ba28-b1738b3a25ab" status: 404 len: 246 microversion: 1.1 [pid: 8|app: 0|req: 333/665] 10.0.0.170 () {34 vars in 816 bytes} [Sat Sep 12 05:17:26 2026] DELETE /resource_providers/3f559d31-4a93-404e-ba28-b1738b3a25ab => generated 246 bytes in 15 msecs (HTTP/1.1 404) 6 headers in 231 bytes (1 switches on core 0)
2026-09-12 05:17:28.155 7 INFO placement.requestlog [None req-7abbd5f0-fd76-4c98-a8c7-05a446169dd8 88717f2e319245489ef0efa10d58a2f6 9d23a824523d4c5981472ddbe8570ed1 - - b3c61a28c26a4871bdbe503fc9c3a732 b3c61a28c26a4871bdbe503fc9c3a732] 10.0.0.170 "GET /resource_providers/c18e4167-a5a0-4859-b774-f1603267f24e/aggregates" status: 404 len: 235 microversion: 1.1 [pid: 7|app: 0|req: 333/666] 10.0.0.170 () {32 vars in 816 bytes} [Sat Sep 12 05:17:28 2026] GET /resource_providers/c18e4167-a5a0-4859-b774-f1603267f24e/aggregates => generated 235 bytes in 12 msecs (HTTP/1.1 404) 5 headers in 202 bytes (1 switches on core 0)
2026-09-12 05:17:28.178 7 INFO placement.requestlog [None req-0fe0f658-d3ff-4efa-b9e5-88594e296037 88717f2e319245489ef0efa10d58a2f6 9d23a824523d4c5981472ddbe8570ed1 - - b3c61a28c26a4871bdbe503fc9c3a732 b3c61a28c26a4871bdbe503fc9c3a732] 10.0.0.170 "DELETE /resource_providers/c18e4167-a5a0-4859-b774-f1603267f24e" status: 404 len: 246 microversion: 1.1 [pid: 7|app: 0|req: 334/667] 10.0.0.170 () {34 vars in 816 bytes} [Sat Sep 12 05:17:28 2026] DELETE /resource_providers/c18e4167-a5a0-4859-b774-f1603267f24e => generated 246 bytes in 12 msecs (HTTP/1.1 404) 6 headers in 231 bytes (1 switches on core 0)
2026-09-12 05:17:28.182 8 INFO placement.requestlog [None req-499a795a-6801-4f38-9e38-aca44860d45e 88717f2e319245489ef0efa10d58a2f6 9d23a824523d4c5981472ddbe8570ed1 - - b3c61a28c26a4871bdbe503fc9c3a732 b3c61a28c26a4871bdbe503fc9c3a732] 10.0.0.170 "GET /resource_providers/c18e4167-a5a0-4859-b774-f1603267f24e/aggregates" status: 404 len: 235 microversion: 1.1 [pid: 8|app: 0|req: 334/668] 10.0.0.170 () {32 vars in 816 bytes} [Sat Sep 12 05:17:28 2026] GET /resource_providers/c18e4167-a5a0-4859-b774-f1603267f24e/aggregates => generated 235 bytes in 15 msecs (HTTP/1.1 404) 5 headers in 202 bytes (1 switches on core 0)
2026-09-12 05:17:28.209 7 INFO placement.requestlog [None req-de1bd979-7ee9-4b16-b233-438e3b12440d 88717f2e319245489ef0efa10d58a2f6 9d23a824523d4c5981472ddbe8570ed1 - - b3c61a28c26a4871bdbe503fc9c3a732 b3c61a28c26a4871bdbe503fc9c3a732] 10.0.0.170 "DELETE /resource_providers/c18e4167-a5a0-4859-b774-f1603267f24e" status: 404 len: 246 microversion: 1.1 [pid: 7|app: 0|req: 335/669] 10.0.0.170 () {34 vars in 816 bytes} [Sat Sep 12 05:17:28 2026] DELETE /resource_providers/c18e4167-a5a0-4859-b774-f1603267f24e => generated 246 bytes in 19 msecs (HTTP/1.1 404) 6 headers in 231 bytes (1 switches on core 0)
2026-09-12 05:17:31.129 7 INFO placement.requestlog [None req-02c1f14a-51e8-4e51-ae63-6dcce7e8f510 88717f2e319245489ef0efa10d58a2f6 9d23a824523d4c5981472ddbe8570ed1 - - b3c61a28c26a4871bdbe503fc9c3a732 b3c61a28c26a4871bdbe503fc9c3a732] 10.0.0.170 "GET /resource_providers/e5b08ffa-c859-411e-8d29-3a7dbf050620/aggregates" status: 404 len: 235 microversion: 1.1 [pid: 7|app: 0|req: 336/670] 10.0.0.170 () {32 vars in 816 bytes} [Sat Sep 12 05:17:31 2026] GET /resource_providers/e5b08ffa-c859-411e-8d29-3a7dbf050620/aggregates => generated 235 bytes in 8 msecs (HTTP/1.1 404) 5 headers in 202 bytes (1 switches on core 0)
2026-09-12 05:17:31.136 8 INFO placement.requestlog [None req-39243a52-d764-4f59-a03d-24cce53d3fcb 88717f2e319245489ef0efa10d58a2f6 9d23a824523d4c5981472ddbe8570ed1 - - b3c61a28c26a4871bdbe503fc9c3a732 b3c61a28c26a4871bdbe503fc9c3a732] 10.0.0.170 "GET /resource_providers/e5b08ffa-c859-411e-8d29-3a7dbf050620/aggregates" status: 404 len: 235 microversion: 1.1 [pid: 8|app: 0|req: 335/671] 10.0.0.170 () {32 vars in 816 bytes} [Sat Sep 12 05:17:31 2026] GET /resource_providers/e5b08ffa-c859-411e-8d29-3a7dbf050620/aggregates => generated 235 bytes in 18 msecs (HTTP/1.1 404) 5 headers in 202 bytes (1 switches on core 0)
2026-09-12 05:17:31.165 7 INFO placement.requestlog [None req-0dfa5407-af2b-4a5f-81a2-a467fe72f637 88717f2e319245489ef0efa10d58a2f6 9d23a824523d4c5981472ddbe8570ed1 - - b3c61a28c26a4871bdbe503fc9c3a732 b3c61a28c26a4871bdbe503fc9c3a732] 10.0.0.170 "DELETE /resource_providers/e5b08ffa-c859-411e-8d29-3a7dbf050620" status: 404 len: 246 microversion: 1.1 [pid: 7|app: 0|req: 337/672] 10.0.0.170 () {34 vars in 816 bytes} [Sat Sep 12 05:17:31 2026] DELETE /resource_providers/e5b08ffa-c859-411e-8d29-3a7dbf050620 => generated 246 bytes in 16 msecs (HTTP/1.1 404) 6 headers in 231 bytes (1 switches on core 0)
2026-09-12 05:17:31.179 8 INFO placement.requestlog [None req-ed8594db-1a51-4700-985e-bd2d92292170 88717f2e319245489ef0efa10d58a2f6 9d23a824523d4c5981472ddbe8570ed1 - - b3c61a28c26a4871bdbe503fc9c3a732 b3c61a28c26a4871bdbe503fc9c3a732] 10.0.0.170 "DELETE /resource_providers/e5b08ffa-c859-411e-8d29-3a7dbf050620" status: 404 len: 246 microversion: 1.1 [pid: 8|app: 0|req: 336/673] 10.0.0.170 () {34 vars in 816 bytes} [Sat Sep 12 05:17:31 2026] DELETE /resource_providers/e5b08ffa-c859-411e-8d29-3a7dbf050620 => generated 246 bytes in 17 msecs (HTTP/1.1 404) 6 headers in 231 bytes (1 switches on core 0)
2026-09-12 05:17:33.297 8 INFO placement.requestlog [None req-fb5c2076-821f-4b3e-b091-4637286fced0 88717f2e319245489ef0efa10d58a2f6 9d23a824523d4c5981472ddbe8570ed1 - - b3c61a28c26a4871bdbe503fc9c3a732 b3c61a28c26a4871bdbe503fc9c3a732] 10.0.0.170 "GET /resource_providers/de81b9e2-f4ab-4148-99ef-897475bcd8b0/aggregates" status: 404 len: 235 microversion: 1.1 [pid: 8|app: 0|req: 337/674] 10.0.0.170 () {32 vars in 816 bytes} [Sat Sep 12 05:17:33 2026] GET /resource_providers/de81b9e2-f4ab-4148-99ef-897475bcd8b0/aggregates => generated 235 bytes in 13 msecs (HTTP/1.1 404) 5 headers in 202 bytes (1 switches on core 0)
2026-09-12 05:17:33.299 7 INFO placement.requestlog [None req-4db84031-59b7-427f-ad5f-a83080f45f92 88717f2e319245489ef0efa10d58a2f6 9d23a824523d4c5981472ddbe8570ed1 - - b3c61a28c26a4871bdbe503fc9c3a732 b3c61a28c26a4871bdbe503fc9c3a732] 10.0.0.170 "GET /resource_providers/de81b9e2-f4ab-4148-99ef-897475bcd8b0/aggregates" status: 404 len: 235 microversion: 1.1 [pid: 7|app: 0|req: 338/675] 10.0.0.170 () {32 vars in 816 bytes} [Sat Sep 12 05:17:33 2026] GET /resource_providers/de81b9e2-f4ab-4148-99ef-897475bcd8b0/aggregates => generated 235 bytes in 20 msecs (HTTP/1.1 404) 5 headers in 202 bytes (1 switches on core 0)
2026-09-12 05:17:33.323 7 INFO placement.requestlog [None req-2d954e2e-00ba-49c6-ab04-285ebf9e211b 88717f2e319245489ef0efa10d58a2f6 9d23a824523d4c5981472ddbe8570ed1 - - b3c61a28c26a4871bdbe503fc9c3a732 b3c61a28c26a4871bdbe503fc9c3a732] 10.0.0.170 "DELETE /resource_providers/de81b9e2-f4ab-4148-99ef-897475bcd8b0" status: 404 len: 246 microversion: 1.1 [pid: 7|app: 0|req: 339/676] 10.0.0.170 () {34 vars in 816 bytes} [Sat Sep 12 05:17:33 2026] DELETE /resource_providers/de81b9e2-f4ab-4148-99ef-897475bcd8b0 => generated 246 bytes in 9 msecs (HTTP/1.1 404) 6 headers in 231 bytes (1 switches on core 0)
2026-09-12 05:17:33.334 8 INFO placement.requestlog [None req-5b104c88-302b-4014-bb4c-8b377a63765b 88717f2e319245489ef0efa10d58a2f6 9d23a824523d4c5981472ddbe8570ed1 - - b3c61a28c26a4871bdbe503fc9c3a732 b3c61a28c26a4871bdbe503fc9c3a732] 10.0.0.170 "DELETE /resource_providers/de81b9e2-f4ab-4148-99ef-897475bcd8b0" status: 404 len: 246 microversion: 1.1 [pid: 8|app: 0|req: 338/677] 10.0.0.170 () {34 vars in 816 bytes} [Sat Sep 12 05:17:33 2026] DELETE /resource_providers/de81b9e2-f4ab-4148-99ef-897475bcd8b0 => generated 246 bytes in 21 msecs (HTTP/1.1 404) 6 headers in 231 bytes (1 switches on core 0)
2026-09-12 05:17:34.477 8 INFO placement.requestlog [None req-03c02de8-3aa4-4079-8995-191e0383916d - - - - - -] 10.0.0.202 "GET /" status: 200 len: 136 microversion: 1.0
2026-09-12 05:17:34.477 7 INFO placement.requestlog [None req-9eccb3db-a14e-407e-8c5b-9ed01c95a5c8 - - - - - -] 10.0.0.202 "GET /" status: 200 len: 136 microversion: 1.0
2026-09-12 05:17:39.123 7 INFO placement.requestlog [req-e5241851-da02-4de1-b3d2-736103d2be94 req-79f9321b-eaf3-46c8-9589-b903dd45154b d00206db0f29490bb9aa390c7e1f41be 9d23a824523d4c5981472ddbe8570ed1 - - b3c61a28c26a4871bdbe503fc9c3a732 b3c61a28c26a4871bdbe503fc9c3a732] 10.0.0.187 "GET /allocation_candidates?limit=1000&resources=DISK_GB%3A1%2CMEMORY_MB%3A512%2CVCPU%3A1&root_required=%21COMPUTE_STATUS_DISABLED" status: 200 len: 2150 microversion: 1.36 [pid: 7|app: 0|req: 341/680] 10.0.0.187 () {34 vars in 1012 bytes} [Sat Sep 12 05:17:39 2026] GET /allocation_candidates?limit=1000&resources=DISK_GB%3A1%2CMEMORY_MB%3A512%2CVCPU%3A1&root_required=%21COMPUTE_STATUS_DISABLED => generated 2150 bytes in 80 msecs (HTTP/1.1 200) 8 headers in 297 bytes (1 switches on core 0)
2026-09-12 05:17:39.169 8 INFO placement.requestlog [req-e5241851-da02-4de1-b3d2-736103d2be94 req-13a2447b-f3bf-4a01-bb15-1bc107512b71 d00206db0f29490bb9aa390c7e1f41be 9d23a824523d4c5981472ddbe8570ed1 - - b3c61a28c26a4871bdbe503fc9c3a732 b3c61a28c26a4871bdbe503fc9c3a732] 10.0.0.187 "GET /allocations/f1b84472-9236-4083-9dc6-d50f0961690f" status: 200 len: 19 microversion: 1.28 [pid: 8|app: 0|req: 340/681] 10.0.0.187 () {34 vars in 861 bytes} [Sat Sep 12 05:17:39 2026] GET /allocations/f1b84472-9236-4083-9dc6-d50f0961690f => generated 19 bytes in 18 msecs (HTTP/1.1 200) 8 headers in 295 bytes (1 switches on core 0)
2026-09-12 05:17:39.256 7 INFO placement.requestlog [req-e5241851-da02-4de1-b3d2-736103d2be94 req-dccaa8b7-8569-420b-a1a2-550f374de72b d00206db0f29490bb9aa390c7e1f41be 9d23a824523d4c5981472ddbe8570ed1 - - b3c61a28c26a4871bdbe503fc9c3a732 b3c61a28c26a4871bdbe503fc9c3a732] 10.0.0.187 "PUT /allocations/f1b84472-9236-4083-9dc6-d50f0961690f" status: 204 len: 0 microversion: 1.36 [pid: 7|app: 0|req: 342/682] 10.0.0.187 () {38 vars in 914 bytes} [Sat Sep 12 05:17:39 2026] PUT /allocations/f1b84472-9236-4083-9dc6-d50f0961690f => generated 0 bytes in 76 msecs (HTTP/1.1 204) 5 headers in 199 bytes (1 switches on core 0)
2026-09-12 05:17:39.630 8 INFO placement.requestlog [req-e5241851-da02-4de1-b3d2-736103d2be94 req-54020445-dc2c-4c5e-bf75-991be4d0a3b3 d00206db0f29490bb9aa390c7e1f41be 9d23a824523d4c5981472ddbe8570ed1 - - b3c61a28c26a4871bdbe503fc9c3a732 b3c61a28c26a4871bdbe503fc9c3a732] 162.253.55.77 "GET /allocations/f1b84472-9236-4083-9dc6-d50f0961690f" status: 200 len: 257 microversion: 1.28 [pid: 8|app: 0|req: 341/683] 162.253.55.77 () {34 vars in 862 bytes} [Sat Sep 12 05:17:39 2026] GET /allocations/f1b84472-9236-4083-9dc6-d50f0961690f => generated 257 bytes in 28 msecs (HTTP/1.1 200) 8 headers in 296 bytes (1 switches on core 0)
2026-09-12 05:17:39.777 7 INFO placement.requestlog [req-e5241851-da02-4de1-b3d2-736103d2be94 req-58bc62f0-8f2f-429a-ae5c-23970cc99d24 d00206db0f29490bb9aa390c7e1f41be 9d23a824523d4c5981472ddbe8570ed1 - - b3c61a28c26a4871bdbe503fc9c3a732 b3c61a28c26a4871bdbe503fc9c3a732] 162.253.55.77 "GET /resource_providers/8a9099bc-b255-489e-8bdc-1e0fffe289a5/allocations" status: 200 len: 352 microversion: 1.0 [pid: 7|app: 0|req: 343/684] 162.253.55.77 () {32 vars in 856 bytes} [Sat Sep 12 05:17:39 2026] GET /resource_providers/8a9099bc-b255-489e-8bdc-1e0fffe289a5/allocations => generated 352 bytes in 31 msecs (HTTP/1.1 200) 6 headers in 224 bytes (1 switches on core 0)
2026-09-12 05:17:39.805 8 INFO placement.requestlog [req-e5241851-da02-4de1-b3d2-736103d2be94 req-6d1493b6-5290-4218-917c-abc34175097c d00206db0f29490bb9aa390c7e1f41be 9d23a824523d4c5981472ddbe8570ed1 - - b3c61a28c26a4871bdbe503fc9c3a732 b3c61a28c26a4871bdbe503fc9c3a732] 162.253.55.77 "GET /allocations/fd2cd566-7f02-44d3-a56b-36848dc46363" status: 200 len: 257 microversion: 1.28 [pid: 8|app: 0|req: 342/685] 162.253.55.77 () {34 vars in 862 bytes} [Sat Sep 12 05:17:39 2026] GET /allocations/fd2cd566-7f02-44d3-a56b-36848dc46363 => generated 257 bytes in 20 msecs (HTTP/1.1 200) 8 headers in 296 bytes (1 switches on core 0)
2026-09-12 05:17:39.835 7 INFO placement.requestlog [req-e5241851-da02-4de1-b3d2-736103d2be94 req-ce8bf58c-3b4c-44c7-93f2-f95d794246e3 d00206db0f29490bb9aa390c7e1f41be 9d23a824523d4c5981472ddbe8570ed1 - - b3c61a28c26a4871bdbe503fc9c3a732 b3c61a28c26a4871bdbe503fc9c3a732] 162.253.55.77 "GET /allocations/f1b84472-9236-4083-9dc6-d50f0961690f" status: 200 len: 257 microversion: 1.28 [pid: 7|app: 0|req: 344/686] 162.253.55.77 () {34 vars in 862 bytes} [Sat Sep 12 05:17:39 2026] GET /allocations/f1b84472-9236-4083-9dc6-d50f0961690f => generated 257 bytes in 17 msecs (HTTP/1.1 200) 8 headers in 296 bytes (1 switches on core 0)
2026-09-12 05:17:39.877 8 INFO placement.requestlog [req-e5241851-da02-4de1-b3d2-736103d2be94 req-4bc27262-e98e-4abe-8c3f-a23569f872d9 d00206db0f29490bb9aa390c7e1f41be 9d23a824523d4c5981472ddbe8570ed1 - - b3c61a28c26a4871bdbe503fc9c3a732 b3c61a28c26a4871bdbe503fc9c3a732] 162.253.55.77 "GET /allocations/b4a5b0af-1531-4cc3-b2bb-6368cc83d98f" status: 200 len: 257 microversion: 1.28 [pid: 8|app: 0|req: 343/687] 162.253.55.77 () {34 vars in 862 bytes} [Sat Sep 12 05:17:39 2026] GET /allocations/b4a5b0af-1531-4cc3-b2bb-6368cc83d98f => generated 257 bytes in 26 msecs (HTTP/1.1 200) 8 headers in 296 bytes (1 switches on core 0)
2026-09-12 05:17:39.965 7 INFO placement.requestlog [req-c84edd87-f224-4cec-9e3b-df8f5c4ed3ae req-0b431614-0a52-47ba-a17b-d0c753616093 d00206db0f29490bb9aa390c7e1f41be 9d23a824523d4c5981472ddbe8570ed1 - - b3c61a28c26a4871bdbe503fc9c3a732 b3c61a28c26a4871bdbe503fc9c3a732] 162.253.55.77 "GET /resource_providers/8a9099bc-b255-489e-8bdc-1e0fffe289a5/allocations" status: 200 len: 352 microversion: 1.0 [pid: 7|app: 0|req: 345/688] 162.253.55.77 () {32 vars in 856 bytes} [Sat Sep 12 05:17:39 2026] GET /resource_providers/8a9099bc-b255-489e-8bdc-1e0fffe289a5/allocations => generated 352 bytes in 43 msecs (HTTP/1.1 200) 6 headers in 224 bytes (1 switches on core 0)
2026-09-12 05:17:39.994 8 INFO placement.requestlog [req-c84edd87-f224-4cec-9e3b-df8f5c4ed3ae req-d78a7c14-a2e3-4f12-9eb4-b251d742c61b d00206db0f29490bb9aa390c7e1f41be 9d23a824523d4c5981472ddbe8570ed1 - - b3c61a28c26a4871bdbe503fc9c3a732 b3c61a28c26a4871bdbe503fc9c3a732] 162.253.55.77 "GET /allocations/fd2cd566-7f02-44d3-a56b-36848dc46363" status: 200 len: 257 microversion: 1.28 [pid: 8|app: 0|req: 344/689] 162.253.55.77 () {34 vars in 862 bytes} [Sat Sep 12 05:17:39 2026] GET /allocations/fd2cd566-7f02-44d3-a56b-36848dc46363 => generated 257 bytes in 21 msecs (HTTP/1.1 200) 8 headers in 296 bytes (1 switches on core 0)
2026-09-12 05:17:40.053 7 INFO placement.requestlog [req-c84edd87-f224-4cec-9e3b-df8f5c4ed3ae req-bbf1d8ab-1883-4507-969f-295261d2becd d00206db0f29490bb9aa390c7e1f41be 9d23a824523d4c5981472ddbe8570ed1 - - b3c61a28c26a4871bdbe503fc9c3a732 b3c61a28c26a4871bdbe503fc9c3a732] 162.253.55.77 "GET /allocations/f1b84472-9236-4083-9dc6-d50f0961690f" status: 200 len: 257 microversion: 1.28 [pid: 7|app: 0|req: 346/690] 162.253.55.77 () {34 vars in 862 bytes} [Sat Sep 12 05:17:40 2026] GET /allocations/f1b84472-9236-4083-9dc6-d50f0961690f => generated 257 bytes in 49 msecs (HTTP/1.1 200) 8 headers in 296 bytes (1 switches on core 0)
2026-09-12 05:17:40.073 8 INFO placement.requestlog [req-c84edd87-f224-4cec-9e3b-df8f5c4ed3ae req-f01f02b6-9e8c-4ca7-a480-25a46635ed17 d00206db0f29490bb9aa390c7e1f41be 9d23a824523d4c5981472ddbe8570ed1 - - b3c61a28c26a4871bdbe503fc9c3a732 b3c61a28c26a4871bdbe503fc9c3a732] 162.253.55.77 "GET /allocations/b4a5b0af-1531-4cc3-b2bb-6368cc83d98f" status: 200 len: 257 microversion: 1.28 [pid: 8|app: 0|req: 345/691] 162.253.55.77 () {34 vars in 862 bytes} [Sat Sep 12 05:17:40 2026] GET /allocations/b4a5b0af-1531-4cc3-b2bb-6368cc83d98f => generated 257 bytes in 14 msecs (HTTP/1.1 200) 8 headers in 296 bytes (1 switches on core 0)
2026-09-12 05:17:40.271 7 INFO placement.requestlog [req-c84edd87-f224-4cec-9e3b-df8f5c4ed3ae req-cb6abe72-d371-47a0-af63-b23bd6bb284e d00206db0f29490bb9aa390c7e1f41be 9d23a824523d4c5981472ddbe8570ed1 - - b3c61a28c26a4871bdbe503fc9c3a732 b3c61a28c26a4871bdbe503fc9c3a732] 162.253.55.77 "DELETE /allocations/b4a5b0af-1531-4cc3-b2bb-6368cc83d98f" status: 204 len: 0 microversion: 1.0 [pid: 7|app: 0|req: 347/692] 162.253.55.77 () {34 vars in 840 bytes} [Sat Sep 12 05:17:40 2026] DELETE /allocations/b4a5b0af-1531-4cc3-b2bb-6368cc83d98f => generated 0 bytes in 28 msecs (HTTP/1.1 204) 5 headers in 198 bytes (1 switches on core 0)
2026-09-12 05:17:42.839 8 INFO placement.requestlog [req-adf73040-ae3b-48c6-806a-2e8774ecca48 req-e6a71999-241f-4ac0-8ab7-a7ecfe9a309f d00206db0f29490bb9aa390c7e1f41be 9d23a824523d4c5981472ddbe8570ed1 - - b3c61a28c26a4871bdbe503fc9c3a732 b3c61a28c26a4871bdbe503fc9c3a732] 10.0.0.187 "GET /allocation_candidates?limit=1000&resources=DISK_GB%3A1%2CMEMORY_MB%3A512%2CVCPU%3A1&root_required=%21COMPUTE_STATUS_DISABLED" status: 200 len: 2150 microversion: 1.36 [pid: 8|app: 0|req: 346/693] 10.0.0.187 () {34 vars in 1012 bytes} [Sat Sep 12 05:17:42 2026] GET /allocation_candidates?limit=1000&resources=DISK_GB%3A1%2CMEMORY_MB%3A512%2CVCPU%3A1&root_required=%21COMPUTE_STATUS_DISABLED => generated 2150 bytes in 58 msecs (HTTP/1.1 200) 8 headers in 297 bytes (1 switches on core 0)
2026-09-12 05:17:42.886 7 INFO placement.requestlog [req-adf73040-ae3b-48c6-806a-2e8774ecca48 req-c9392c61-7c77-4f21-9da0-3b16430a6a67 d00206db0f29490bb9aa390c7e1f41be 9d23a824523d4c5981472ddbe8570ed1 - - b3c61a28c26a4871bdbe503fc9c3a732 b3c61a28c26a4871bdbe503fc9c3a732] 10.0.0.187 "GET /allocations/56639d8d-9700-4fbf-b187-17c5ec95e61a" status: 200 len: 19 microversion: 1.28 [pid: 7|app: 0|req: 348/694] 10.0.0.187 () {34 vars in 861 bytes} [Sat Sep 12 05:17:42 2026] GET /allocations/56639d8d-9700-4fbf-b187-17c5ec95e61a => generated 19 bytes in 14 msecs (HTTP/1.1 200) 8 headers in 295 bytes (1 switches on core 0)
2026-09-12 05:17:42.964 8 INFO placement.requestlog [req-adf73040-ae3b-48c6-806a-2e8774ecca48 req-6826dbea-99e5-4f9e-9d8d-676da7f9e925 d00206db0f29490bb9aa390c7e1f41be 9d23a824523d4c5981472ddbe8570ed1 - - b3c61a28c26a4871bdbe503fc9c3a732 b3c61a28c26a4871bdbe503fc9c3a732] 10.0.0.187 "PUT /allocations/56639d8d-9700-4fbf-b187-17c5ec95e61a" status: 204 len: 0 microversion: 1.36 [pid: 8|app: 0|req: 347/695] 10.0.0.187 () {38 vars in 914 bytes} [Sat Sep 12 05:17:42 2026] PUT /allocations/56639d8d-9700-4fbf-b187-17c5ec95e61a => generated 0 bytes in 71 msecs (HTTP/1.1 204) 5 headers in 199 bytes (1 switches on core 0)
2026-09-12 05:17:43.318 7 INFO placement.requestlog [req-adf73040-ae3b-48c6-806a-2e8774ecca48 req-482b2962-0cc9-4248-91ae-e96b6d9cbcbb d00206db0f29490bb9aa390c7e1f41be 9d23a824523d4c5981472ddbe8570ed1 - - b3c61a28c26a4871bdbe503fc9c3a732 b3c61a28c26a4871bdbe503fc9c3a732] 162.253.55.77 "GET /allocations/56639d8d-9700-4fbf-b187-17c5ec95e61a" status: 200 len: 257 microversion: 1.28 [pid: 7|app: 0|req: 349/696] 162.253.55.77 () {34 vars in 862 bytes} [Sat Sep 12 05:17:43 2026] GET /allocations/56639d8d-9700-4fbf-b187-17c5ec95e61a => generated 257 bytes in 25 msecs (HTTP/1.1 200) 8 headers in 296 bytes (1 switches on core 0)
2026-09-12 05:17:43.463 8 INFO placement.requestlog [req-adf73040-ae3b-48c6-806a-2e8774ecca48 req-1f99ee12-abda-4b20-a0f9-3967bbc95654 d00206db0f29490bb9aa390c7e1f41be 9d23a824523d4c5981472ddbe8570ed1 - - b3c61a28c26a4871bdbe503fc9c3a732 b3c61a28c26a4871bdbe503fc9c3a732] 162.253.55.77 "GET /resource_providers/8a9099bc-b255-489e-8bdc-1e0fffe289a5/allocations" status: 200 len: 352 microversion: 1.0 [pid: 8|app: 0|req: 348/697] 162.253.55.77 () {32 vars in 856 bytes} [Sat Sep 12 05:17:43 2026] GET /resource_providers/8a9099bc-b255-489e-8bdc-1e0fffe289a5/allocations => generated 352 bytes in 26 msecs (HTTP/1.1 200) 6 headers in 224 bytes (1 switches on core 0)
