May 04 16:20:53.850823 np0000171575 nova-scheduler[109535]: DEBUG cotyledon.oslo_config_glue [-] vnc.vencrypt_client_cert = None {{(pid=109535) log_opt_values /opt/stack/data/venv/lib/python3.12/site-packages/oslo_config/cfg.py:3006}}
May 04 16:20:53.850931 np0000171575 nova-scheduler[109530]: INFO dbcounter [None req-21695491-be52-47f0-ab1f-e23bf4747d8b None None] Registered counter for database nova_cell0
May 04 16:20:53.850957 np0000171575 nova-scheduler[109535]: DEBUG cotyledon.oslo_config_glue [-] vnc.vencrypt_client_key = None {{(pid=109535) log_opt_values /opt/stack/data/venv/lib/python3.12/site-packages/oslo_config/cfg.py:3006}}
May 04 16:20:53.850957 np0000171575 nova-scheduler[109535]: DEBUG cotyledon.oslo_config_glue [-] workarounds.disable_compute_service_check_for_ffu = False {{(pid=109535) log_opt_values /opt/stack/data/venv/lib/python3.12/site-packages/oslo_config/cfg.py:3006}}
May 04 16:20:53.850957 np0000171575 nova-scheduler[109535]: DEBUG cotyledon.oslo_config_glue [-] workarounds.disable_deep_image_inspection = False {{(pid=109535) log_opt_values /opt/stack/data/venv/lib/python3.12/site-packages/oslo_config/cfg.py:3006}}
May 04 16:20:53.850957 np0000171575 nova-scheduler[109535]: DEBUG cotyledon.oslo_config_glue [-] workarounds.disable_fallback_pcpu_query = False {{(pid=109535) log_opt_values /opt/stack/data/venv/lib/python3.12/site-packages/oslo_config/cfg.py:3006}}
May 04 16:20:53.850957 np0000171575 nova-scheduler[109535]: DEBUG cotyledon.oslo_config_glue [-] workarounds.disable_group_policy_check_upcall = False {{(pid=109535) log_opt_values /opt/stack/data/venv/lib/python3.12/site-packages/oslo_config/cfg.py:3006}}
May 04 16:20:53.850957 np0000171575 nova-scheduler[109535]: DEBUG cotyledon.oslo_config_glue [-] workarounds.disable_libvirt_livesnapshot = False {{(pid=109535) log_opt_values /opt/stack/data/venv/lib/python3.12/site-packages/oslo_config/cfg.py:3006}}
May 04 16:20:53.850957 np0000171575 nova-scheduler[109535]: DEBUG cotyledon.oslo_config_glue [-] workarounds.disable_rootwrap = False {{(pid=109535) log_opt_values /opt/stack/data/venv/lib/python3.12/site-packages/oslo_config/cfg.py:3006}}
May 04 16:20:53.850957 np0000171575 nova-scheduler[109535]: DEBUG cotyledon.oslo_config_glue [-] workarounds.enable_numa_live_migration = False {{(pid=109535) log_opt_values /opt/stack/data/venv/lib/python3.12/site-packages/oslo_config/cfg.py:3006}}
May 04 16:20:53.850957 np0000171575 nova-scheduler[109535]: DEBUG cotyledon.oslo_config_glue [-] workarounds.enable_qemu_monitor_announce_self = False {{(pid=109535) log_opt_values /opt/stack/data/venv/lib/python3.12/site-packages/oslo_config/cfg.py:3006}}
May 04 16:20:53.851150 np0000171575 nova-scheduler[109535]: DEBUG cotyledon.oslo_config_glue [-] workarounds.ensure_libvirt_rbd_instance_dir_cleanup = False {{(pid=109535) log_opt_values /opt/stack/data/venv/lib/python3.12/site-packages/oslo_config/cfg.py:3006}}
May 04 16:20:53.851150 np0000171575 nova-scheduler[109535]: DEBUG cotyledon.oslo_config_glue [-] workarounds.handle_virt_lifecycle_events = True {{(pid=109535) log_opt_values /opt/stack/data/venv/lib/python3.12/site-packages/oslo_config/cfg.py:3006}}
May 04 16:20:53.851150 np0000171575 nova-scheduler[109535]: DEBUG cotyledon.oslo_config_glue [-] workarounds.libvirt_disable_apic = False {{(pid=109535) log_opt_values /opt/stack/data/venv/lib/python3.12/site-packages/oslo_config/cfg.py:3006}}
May 04 16:20:53.851150 np0000171575 nova-scheduler[109535]: DEBUG cotyledon.oslo_config_glue [-] workarounds.never_download_image_if_on_rbd = False {{(pid=109535) log_opt_values /opt/stack/data/venv/lib/python3.12/site-packages/oslo_config/cfg.py:3006}}
May 04 16:20:53.851150 np0000171575 nova-scheduler[109535]: DEBUG cotyledon.oslo_config_glue [-] workarounds.qemu_monitor_announce_self_count = 3 {{(pid=109535) log_opt_values /opt/stack/data/venv/lib/python3.12/site-packages/oslo_config/cfg.py:3006}}
May 04 16:20:53.851150 np0000171575 nova-scheduler[109535]: DEBUG cotyledon.oslo_config_glue [-] workarounds.qemu_monitor_announce_self_interval = 1 {{(pid=109535) log_opt_values /opt/stack/data/venv/lib/python3.12/site-packages/oslo_config/cfg.py:3006}}
May 04 16:20:53.851150 np0000171575 nova-scheduler[109535]: DEBUG cotyledon.oslo_config_glue [-] workarounds.reserve_disk_resource_for_image_cache = False {{(pid=109535) log_opt_values /opt/stack/data/venv/lib/python3.12/site-packages/oslo_config/cfg.py:3006}}
May 04 16:20:53.851150 np0000171575 nova-scheduler[109535]: DEBUG cotyledon.oslo_config_glue [-] workarounds.skip_cpu_compare_at_startup = False {{(pid=109535) log_opt_values /opt/stack/data/venv/lib/python3.12/site-packages/oslo_config/cfg.py:3006}}
May 04 16:20:53.851150 np0000171575 nova-scheduler[109535]: DEBUG cotyledon.oslo_config_glue [-] workarounds.skip_cpu_compare_on_dest = False {{(pid=109535) log_opt_values /opt/stack/data/venv/lib/python3.12/site-packages/oslo_config/cfg.py:3006}}
May 04 16:20:53.851350 np0000171575 nova-scheduler[109535]: DEBUG cotyledon.oslo_config_glue [-] workarounds.skip_hypervisor_version_check_on_lm = False {{(pid=109535) log_opt_values /opt/stack/data/venv/lib/python3.12/site-packages/oslo_config/cfg.py:3006}}
May 04 16:20:53.851350 np0000171575 nova-scheduler[109535]: DEBUG cotyledon.oslo_config_glue [-] workarounds.skip_reserve_in_use_ironic_nodes = False {{(pid=109535) log_opt_values /opt/stack/data/venv/lib/python3.12/site-packages/oslo_config/cfg.py:3006}}
May 04 16:20:53.851350 np0000171575 nova-scheduler[109535]: DEBUG cotyledon.oslo_config_glue [-] workarounds.unified_limits_count_pcpu_as_vcpu = False {{(pid=109535) log_opt_values /opt/stack/data/venv/lib/python3.12/site-packages/oslo_config/cfg.py:3006}}
May 04 16:20:53.851350 np0000171575 nova-scheduler[109535]: DEBUG cotyledon.oslo_config_glue [-] workarounds.wait_for_vif_plugged_event_during_hard_reboot = [] {{(pid=109535) log_opt_values /opt/stack/data/venv/lib/python3.12/site-packages/oslo_config/cfg.py:3006}}
May 04 16:20:53.851350 np0000171575 nova-scheduler[109535]: DEBUG cotyledon.oslo_config_glue [-] wsgi.api_paste_config = /etc/nova/api-paste.ini {{(pid=109535) log_opt_values /opt/stack/data/venv/lib/python3.12/site-packages/oslo_config/cfg.py:3006}}
May 04 16:20:53.851350 np0000171575 nova-scheduler[109535]: DEBUG cotyledon.oslo_config_glue [-] wsgi.secure_proxy_ssl_header = None {{(pid=109535) log_opt_values /opt/stack/data/venv/lib/python3.12/site-packages/oslo_config/cfg.py:3006}}
May 04 16:20:53.851350 np0000171575 nova-scheduler[109535]: DEBUG cotyledon.oslo_config_glue [-] zvm.ca_file = None {{(pid=109535) log_opt_values /opt/stack/data/venv/lib/python3.12/site-packages/oslo_config/cfg.py:3006}}
May 04 16:20:53.851350 np0000171575 nova-scheduler[109535]: DEBUG cotyledon.oslo_config_glue [-] zvm.cloud_connector_url = None {{(pid=109535) log_opt_values /opt/stack/data/venv/lib/python3.12/site-packages/oslo_config/cfg.py:3006}}
May 04 16:20:53.851350 np0000171575 nova-scheduler[109535]: DEBUG cotyledon.oslo_config_glue [-] zvm.image_tmp_path = /opt/stack/data/nova/images {{(pid=109535) log_opt_values /opt/stack/data/venv/lib/python3.12/site-packages/oslo_config/cfg.py:3006}}
May 04 16:20:53.851559 np0000171575 nova-scheduler[109535]: DEBUG cotyledon.oslo_config_glue [-] zvm.reachable_timeout = 300 {{(pid=109535) log_opt_values /opt/stack/data/venv/lib/python3.12/site-packages/oslo_config/cfg.py:3006}}
May 04 16:20:53.851559 np0000171575 nova-scheduler[109535]: DEBUG cotyledon.oslo_config_glue [-] oslo_versionedobjects.fatal_exception_format_errors = False {{(pid=109535) log_opt_values /opt/stack/data/venv/lib/python3.12/site-packages/oslo_config/cfg.py:3006}}
May 04 16:20:53.851559 np0000171575 nova-scheduler[109535]: DEBUG cotyledon.oslo_config_glue [-] oslo_middleware.http_basic_auth_user_file = /etc/htpasswd {{(pid=109535) log_opt_values /opt/stack/data/venv/lib/python3.12/site-packages/oslo_config/cfg.py:3006}}
May 04 16:20:53.851559 np0000171575 nova-scheduler[109535]: DEBUG cotyledon.oslo_config_glue [-] oslo_messaging_metrics.metrics_buffer_size = 1000 {{(pid=109535) log_opt_values /opt/stack/data/venv/lib/python3.12/site-packages/oslo_config/cfg.py:3006}}
May 04 16:20:53.851559 np0000171575 nova-scheduler[109535]: DEBUG cotyledon.oslo_config_glue [-] oslo_messaging_metrics.metrics_enabled = False {{(pid=109535) log_opt_values /opt/stack/data/venv/lib/python3.12/site-packages/oslo_config/cfg.py:3006}}
May 04 16:20:53.851559 np0000171575 nova-scheduler[109535]: DEBUG cotyledon.oslo_config_glue [-] oslo_messaging_metrics.metrics_process_name = {{(pid=109535) log_opt_values /opt/stack/data/venv/lib/python3.12/site-packages/oslo_config/cfg.py:3006}}
May 04 16:20:53.851559 np0000171575 nova-scheduler[109535]: DEBUG cotyledon.oslo_config_glue [-] oslo_messaging_metrics.metrics_socket_file = /var/tmp/metrics_collector.sock {{(pid=109535) log_opt_values /opt/stack/data/venv/lib/python3.12/site-packages/oslo_config/cfg.py:3006}}
May 04 16:20:53.851559 np0000171575 nova-scheduler[109535]: DEBUG cotyledon.oslo_config_glue [-] oslo_messaging_metrics.metrics_thread_stop_timeout = 10 {{(pid=109535) log_opt_values /opt/stack/data/venv/lib/python3.12/site-packages/oslo_config/cfg.py:3006}}
May 04 16:20:53.852035 np0000171575 nova-scheduler[109535]: DEBUG cotyledon.oslo_config_glue [-] profiler.connection_string = messaging:// {{(pid=109535) log_opt_values /opt/stack/data/venv/lib/python3.12/site-packages/oslo_config/cfg.py:3006}}
May 04 16:20:53.852035 np0000171575 nova-scheduler[109535]: DEBUG cotyledon.oslo_config_glue [-] profiler.enabled = False {{(pid=109535) log_opt_values /opt/stack/data/venv/lib/python3.12/site-packages/oslo_config/cfg.py:3006}}
May 04 16:20:53.852035 np0000171575 nova-scheduler[109535]: DEBUG cotyledon.oslo_config_glue [-] profiler.es_doc_type = notification {{(pid=109535) log_opt_values /opt/stack/data/venv/lib/python3.12/site-packages/oslo_config/cfg.py:3006}}
May 04 16:20:53.852035 np0000171575 nova-scheduler[109535]: DEBUG cotyledon.oslo_config_glue [-] profiler.es_scroll_size = 10000 {{(pid=109535) log_opt_values /opt/stack/data/venv/lib/python3.12/site-packages/oslo_config/cfg.py:3006}}
May 04 16:20:53.852035 np0000171575 nova-scheduler[109535]: DEBUG cotyledon.oslo_config_glue [-] profiler.es_scroll_time = 2m {{(pid=109535) log_opt_values /opt/stack/data/venv/lib/python3.12/site-packages/oslo_config/cfg.py:3006}}
May 04 16:20:53.852035 np0000171575 nova-scheduler[109535]: DEBUG cotyledon.oslo_config_glue [-] profiler.filter_error_trace = False {{(pid=109535) log_opt_values /opt/stack/data/venv/lib/python3.12/site-packages/oslo_config/cfg.py:3006}}
May 04 16:20:53.852035 np0000171575 nova-scheduler[109535]: DEBUG cotyledon.oslo_config_glue [-] profiler.hmac_keys = **** {{(pid=109535) log_opt_values /opt/stack/data/venv/lib/python3.12/site-packages/oslo_config/cfg.py:3006}}
May 04 16:20:53.852035 np0000171575 nova-scheduler[109535]: DEBUG cotyledon.oslo_config_glue [-] profiler.sentinel_service_name = mymaster {{(pid=109535) log_opt_values /opt/stack/data/venv/lib/python3.12/site-packages/oslo_config/cfg.py:3006}}
May 04 16:20:53.852035 np0000171575 nova-scheduler[109535]: DEBUG cotyledon.oslo_config_glue [-] profiler.socket_timeout = 0.1 {{(pid=109535) log_opt_values /opt/stack/data/venv/lib/python3.12/site-packages/oslo_config/cfg.py:3006}}
May 04 16:20:53.852269 np0000171575 nova-scheduler[109535]: DEBUG cotyledon.oslo_config_glue [-] profiler.trace_requests = False {{(pid=109535) log_opt_values /opt/stack/data/venv/lib/python3.12/site-packages/oslo_config/cfg.py:3006}}
May 04 16:20:53.852269 np0000171575 nova-scheduler[109535]: DEBUG cotyledon.oslo_config_glue [-] profiler.trace_sqlalchemy = False {{(pid=109535) log_opt_values /opt/stack/data/venv/lib/python3.12/site-packages/oslo_config/cfg.py:3006}}
May 04 16:20:53.852269 np0000171575 nova-scheduler[109535]: DEBUG cotyledon.oslo_config_glue [-] profiler_jaeger.process_tags = {} {{(pid=109535) log_opt_values /opt/stack/data/venv/lib/python3.12/site-packages/oslo_config/cfg.py:3006}}
May 04 16:20:53.852269 np0000171575 nova-scheduler[109535]: DEBUG cotyledon.oslo_config_glue [-] profiler_jaeger.service_name_prefix = None {{(pid=109535) log_opt_values /opt/stack/data/venv/lib/python3.12/site-packages/oslo_config/cfg.py:3006}}
May 04 16:20:53.852269 np0000171575 nova-scheduler[109535]: DEBUG cotyledon.oslo_config_glue [-] profiler_otlp.service_name_prefix = None {{(pid=109535) log_opt_values /opt/stack/data/venv/lib/python3.12/site-packages/oslo_config/cfg.py:3006}}
May 04 16:20:53.852269 np0000171575 nova-scheduler[109535]: DEBUG cotyledon.oslo_config_glue [-] oslo_messaging_rabbit.amqp_auto_delete = False {{(pid=109535) log_opt_values /opt/stack/data/venv/lib/python3.12/site-packages/oslo_config/cfg.py:3006}}
May 04 16:20:53.852269 np0000171575 nova-scheduler[109535]: DEBUG cotyledon.oslo_config_glue [-] oslo_messaging_rabbit.amqp_durable_queues = False {{(pid=109535) log_opt_values /opt/stack/data/venv/lib/python3.12/site-packages/oslo_config/cfg.py:3006}}
May 04 16:20:53.852269 np0000171575 nova-scheduler[109535]: DEBUG cotyledon.oslo_config_glue [-] oslo_messaging_rabbit.conn_pool_min_size = 2 {{(pid=109535) log_opt_values /opt/stack/data/venv/lib/python3.12/site-packages/oslo_config/cfg.py:3006}}
May 04 16:20:53.852269 np0000171575 nova-scheduler[109535]: DEBUG cotyledon.oslo_config_glue [-] oslo_messaging_rabbit.conn_pool_ttl = 1200 {{(pid=109535) log_opt_values /opt/stack/data/venv/lib/python3.12/site-packages/oslo_config/cfg.py:3006}}
May 04 16:20:53.852488 np0000171575 nova-scheduler[109535]: DEBUG cotyledon.oslo_config_glue [-] oslo_messaging_rabbit.direct_mandatory_flag = True {{(pid=109535) log_opt_values /opt/stack/data/venv/lib/python3.12/site-packages/oslo_config/cfg.py:3006}}
May 04 16:20:53.852488 np0000171575 nova-scheduler[109535]: DEBUG cotyledon.oslo_config_glue [-] oslo_messaging_rabbit.enable_cancel_on_failover = False {{(pid=109535) log_opt_values /opt/stack/data/venv/lib/python3.12/site-packages/oslo_config/cfg.py:3006}}
May 04 16:20:53.852488 np0000171575 nova-scheduler[109535]: DEBUG cotyledon.oslo_config_glue [-] oslo_messaging_rabbit.heartbeat_in_pthread = False {{(pid=109535) log_opt_values /opt/stack/data/venv/lib/python3.12/site-packages/oslo_config/cfg.py:3006}}
May 04 16:20:53.852488 np0000171575 nova-scheduler[109535]: DEBUG cotyledon.oslo_config_glue [-] oslo_messaging_rabbit.heartbeat_rate = 3 {{(pid=109535) log_opt_values /opt/stack/data/venv/lib/python3.12/site-packages/oslo_config/cfg.py:3006}}
May 04 16:20:53.852488 np0000171575 nova-scheduler[109535]: DEBUG cotyledon.oslo_config_glue [-] oslo_messaging_rabbit.heartbeat_timeout_threshold = 60 {{(pid=109535) log_opt_values /opt/stack/data/venv/lib/python3.12/site-packages/oslo_config/cfg.py:3006}}
May 04 16:20:53.852488 np0000171575 nova-scheduler[109535]: DEBUG cotyledon.oslo_config_glue [-] oslo_messaging_rabbit.hostname = np0000171575 {{(pid=109535) log_opt_values /opt/stack/data/venv/lib/python3.12/site-packages/oslo_config/cfg.py:3006}}
May 04 16:20:53.852488 np0000171575 nova-scheduler[109535]: DEBUG cotyledon.oslo_config_glue [-] oslo_messaging_rabbit.kombu_compression = None {{(pid=109535) log_opt_values /opt/stack/data/venv/lib/python3.12/site-packages/oslo_config/cfg.py:3006}}
May 04 16:20:53.852488 np0000171575 nova-scheduler[109535]: DEBUG cotyledon.oslo_config_glue [-] oslo_messaging_rabbit.kombu_failover_strategy = round-robin {{(pid=109535) log_opt_values /opt/stack/data/venv/lib/python3.12/site-packages/oslo_config/cfg.py:3006}}
May 04 16:20:53.852691 np0000171575 nova-scheduler[109535]: DEBUG cotyledon.oslo_config_glue [-] oslo_messaging_rabbit.kombu_missing_consumer_retry_timeout = 60 {{(pid=109535) log_opt_values /opt/stack/data/venv/lib/python3.12/site-packages/oslo_config/cfg.py:3006}}
May 04 16:20:53.852691 np0000171575 nova-scheduler[109535]: DEBUG cotyledon.oslo_config_glue [-] oslo_messaging_rabbit.kombu_reconnect_delay = 1.0 {{(pid=109535) log_opt_values /opt/stack/data/venv/lib/python3.12/site-packages/oslo_config/cfg.py:3006}}
May 04 16:20:53.852691 np0000171575 nova-scheduler[109535]: DEBUG cotyledon.oslo_config_glue [-] oslo_messaging_rabbit.kombu_reconnect_splay = 0.0 {{(pid=109535) log_opt_values /opt/stack/data/venv/lib/python3.12/site-packages/oslo_config/cfg.py:3006}}
May 04 16:20:53.852691 np0000171575 nova-scheduler[109535]: DEBUG cotyledon.oslo_config_glue [-] oslo_messaging_rabbit.processname = nova-scheduler {{(pid=109535) log_opt_values /opt/stack/data/venv/lib/python3.12/site-packages/oslo_config/cfg.py:3006}}
May 04 16:20:53.852691 np0000171575 nova-scheduler[109535]: DEBUG cotyledon.oslo_config_glue [-] oslo_messaging_rabbit.rabbit_ha_queues = False {{(pid=109535) log_opt_values /opt/stack/data/venv/lib/python3.12/site-packages/oslo_config/cfg.py:3006}}
May 04 16:20:53.852691 np0000171575 nova-scheduler[109535]: DEBUG cotyledon.oslo_config_glue [-] oslo_messaging_rabbit.rabbit_interval_max = 30 {{(pid=109535) log_opt_values /opt/stack/data/venv/lib/python3.12/site-packages/oslo_config/cfg.py:3006}}
May 04 16:20:53.852691 np0000171575 nova-scheduler[109535]: DEBUG cotyledon.oslo_config_glue [-] oslo_messaging_rabbit.rabbit_login_method = AMQPLAIN {{(pid=109535) log_opt_values /opt/stack/data/venv/lib/python3.12/site-packages/oslo_config/cfg.py:3006}}
May 04 16:20:53.852691 np0000171575 nova-scheduler[109535]: DEBUG cotyledon.oslo_config_glue [-] oslo_messaging_rabbit.rabbit_qos_prefetch_count = 0 {{(pid=109535) log_opt_values /opt/stack/data/venv/lib/python3.12/site-packages/oslo_config/cfg.py:3006}}
May 04 16:20:53.852895 np0000171575 nova-scheduler[109535]: DEBUG cotyledon.oslo_config_glue [-] oslo_messaging_rabbit.rabbit_quorum_delivery_limit = 0 {{(pid=109535) log_opt_values /opt/stack/data/venv/lib/python3.12/site-packages/oslo_config/cfg.py:3006}}
May 04 16:20:53.852895 np0000171575 nova-scheduler[109535]: DEBUG cotyledon.oslo_config_glue [-] oslo_messaging_rabbit.rabbit_quorum_max_memory_bytes = 0 {{(pid=109535) log_opt_values /opt/stack/data/venv/lib/python3.12/site-packages/oslo_config/cfg.py:3006}}
May 04 16:20:53.852895 np0000171575 nova-scheduler[109535]: DEBUG cotyledon.oslo_config_glue [-] oslo_messaging_rabbit.rabbit_quorum_max_memory_length = 0 {{(pid=109535) log_opt_values /opt/stack/data/venv/lib/python3.12/site-packages/oslo_config/cfg.py:3006}}
May 04 16:20:53.852895 np0000171575 nova-scheduler[109535]: DEBUG cotyledon.oslo_config_glue [-] oslo_messaging_rabbit.rabbit_quorum_queue = False {{(pid=109535) log_opt_values /opt/stack/data/venv/lib/python3.12/site-packages/oslo_config/cfg.py:3006}}
May 04 16:20:53.852895 np0000171575 nova-scheduler[109535]: DEBUG cotyledon.oslo_config_glue [-] oslo_messaging_rabbit.rabbit_retry_backoff = 2 {{(pid=109535) log_opt_values /opt/stack/data/venv/lib/python3.12/site-packages/oslo_config/cfg.py:3006}}
May 04 16:20:53.852895 np0000171575 nova-scheduler[109535]: DEBUG cotyledon.oslo_config_glue [-] oslo_messaging_rabbit.rabbit_retry_interval = 1 {{(pid=109535) log_opt_values /opt/stack/data/venv/lib/python3.12/site-packages/oslo_config/cfg.py:3006}}
May 04 16:20:53.852895 np0000171575 nova-scheduler[109535]: DEBUG cotyledon.oslo_config_glue [-] oslo_messaging_rabbit.rabbit_stream_fanout = False {{(pid=109535) log_opt_values /opt/stack/data/venv/lib/python3.12/site-packages/oslo_config/cfg.py:3006}}
May 04 16:20:53.852895 np0000171575 nova-scheduler[109535]: DEBUG cotyledon.oslo_config_glue [-] oslo_messaging_rabbit.rabbit_transient_queues_ttl = 1800 {{(pid=109535) log_opt_values /opt/stack/data/venv/lib/python3.12/site-packages/oslo_config/cfg.py:3006}}
May 04 16:20:53.853070 np0000171575 nova-scheduler[109535]: DEBUG cotyledon.oslo_config_glue [-] oslo_messaging_rabbit.rabbit_transient_quorum_queue = False {{(pid=109535) log_opt_values /opt/stack/data/venv/lib/python3.12/site-packages/oslo_config/cfg.py:3006}}
May 04 16:20:53.853070 np0000171575 nova-scheduler[109535]: DEBUG cotyledon.oslo_config_glue [-] oslo_messaging_rabbit.rpc_conn_pool_size = 30 {{(pid=109535) log_opt_values /opt/stack/data/venv/lib/python3.12/site-packages/oslo_config/cfg.py:3006}}
May 04 16:20:53.853070 np0000171575 nova-scheduler[109535]: DEBUG cotyledon.oslo_config_glue [-] oslo_messaging_rabbit.ssl = False {{(pid=109535) log_opt_values /opt/stack/data/venv/lib/python3.12/site-packages/oslo_config/cfg.py:3006}}
May 04 16:20:53.853070 np0000171575 nova-scheduler[109535]: DEBUG cotyledon.oslo_config_glue [-] oslo_messaging_rabbit.ssl_ca_file = {{(pid=109535) log_opt_values /opt/stack/data/venv/lib/python3.12/site-packages/oslo_config/cfg.py:3006}}
May 04 16:20:53.853070 np0000171575 nova-scheduler[109535]: DEBUG cotyledon.oslo_config_glue [-] oslo_messaging_rabbit.ssl_cert_file = {{(pid=109535) log_opt_values /opt/stack/data/venv/lib/python3.12/site-packages/oslo_config/cfg.py:3006}}
May 04 16:20:53.853070 np0000171575 nova-scheduler[109535]: DEBUG cotyledon.oslo_config_glue [-] oslo_messaging_rabbit.ssl_enforce_fips_mode = False {{(pid=109535) log_opt_values /opt/stack/data/venv/lib/python3.12/site-packages/oslo_config/cfg.py:3006}}
May 04 16:20:53.853070 np0000171575 nova-scheduler[109535]: DEBUG cotyledon.oslo_config_glue [-] oslo_messaging_rabbit.ssl_key_file = {{(pid=109535) log_opt_values /opt/stack/data/venv/lib/python3.12/site-packages/oslo_config/cfg.py:3006}}
May 04 16:20:53.853070 np0000171575 nova-scheduler[109535]: DEBUG cotyledon.oslo_config_glue [-] oslo_messaging_rabbit.ssl_version = {{(pid=109535) log_opt_values /opt/stack/data/venv/lib/python3.12/site-packages/oslo_config/cfg.py:3006}}
May 04 16:20:53.853070 np0000171575 nova-scheduler[109535]: DEBUG cotyledon.oslo_config_glue [-] oslo_messaging_rabbit.use_queue_manager = False {{(pid=109535) log_opt_values /opt/stack/data/venv/lib/python3.12/site-packages/oslo_config/cfg.py:3006}}
May 04 16:20:53.853283 np0000171575 nova-scheduler[109535]: DEBUG cotyledon.oslo_config_glue [-] oslo_messaging_notifications.driver = ['messagingv2'] {{(pid=109535) log_opt_values /opt/stack/data/venv/lib/python3.12/site-packages/oslo_config/cfg.py:3006}}
May 04 16:20:53.853283 np0000171575 nova-scheduler[109535]: DEBUG cotyledon.oslo_config_glue [-] oslo_messaging_notifications.retry = -1 {{(pid=109535) log_opt_values /opt/stack/data/venv/lib/python3.12/site-packages/oslo_config/cfg.py:3006}}
May 04 16:20:53.853283 np0000171575 nova-scheduler[109535]: DEBUG cotyledon.oslo_config_glue [-] oslo_messaging_notifications.topics = ['notifications'] {{(pid=109535) log_opt_values /opt/stack/data/venv/lib/python3.12/site-packages/oslo_config/cfg.py:3006}}
May 04 16:20:53.853283 np0000171575 nova-scheduler[109535]: DEBUG cotyledon.oslo_config_glue [-] oslo_messaging_notifications.transport_url = **** {{(pid=109535) log_opt_values /opt/stack/data/venv/lib/python3.12/site-packages/oslo_config/cfg.py:3006}}
May 04 16:20:53.853283 np0000171575 nova-scheduler[109535]: DEBUG cotyledon.oslo_config_glue [-] oslo_limit.auth_section = None {{(pid=109535) log_opt_values /opt/stack/data/venv/lib/python3.12/site-packages/oslo_config/cfg.py:3006}}
May 04 16:20:53.853283 np0000171575 nova-scheduler[109535]: DEBUG cotyledon.oslo_config_glue [-] oslo_limit.auth_type = None {{(pid=109535) log_opt_values /opt/stack/data/venv/lib/python3.12/site-packages/oslo_config/cfg.py:3006}}
May 04 16:20:53.853283 np0000171575 nova-scheduler[109535]: DEBUG cotyledon.oslo_config_glue [-] oslo_limit.cafile = None {{(pid=109535) log_opt_values /opt/stack/data/venv/lib/python3.12/site-packages/oslo_config/cfg.py:3006}}
May 04 16:20:53.853283 np0000171575 nova-scheduler[109535]: DEBUG cotyledon.oslo_config_glue [-] oslo_limit.certfile = None {{(pid=109535) log_opt_values /opt/stack/data/venv/lib/python3.12/site-packages/oslo_config/cfg.py:3006}}
May 04 16:20:53.853283 np0000171575 nova-scheduler[109535]: DEBUG cotyledon.oslo_config_glue [-] oslo_limit.collect_timing = False {{(pid=109535) log_opt_values /opt/stack/data/venv/lib/python3.12/site-packages/oslo_config/cfg.py:3006}}
May 04 16:20:53.853488 np0000171575 nova-scheduler[109535]: DEBUG cotyledon.oslo_config_glue [-] oslo_limit.connect_retries = None {{(pid=109535) log_opt_values /opt/stack/data/venv/lib/python3.12/site-packages/oslo_config/cfg.py:3006}}
May 04 16:20:53.853488 np0000171575 nova-scheduler[109535]: DEBUG cotyledon.oslo_config_glue [-] oslo_limit.connect_retry_delay = None {{(pid=109535) log_opt_values /opt/stack/data/venv/lib/python3.12/site-packages/oslo_config/cfg.py:3006}}
May 04 16:20:53.853488 np0000171575 nova-scheduler[109535]: DEBUG cotyledon.oslo_config_glue [-] oslo_limit.endpoint_id = None {{(pid=109535) log_opt_values /opt/stack/data/venv/lib/python3.12/site-packages/oslo_config/cfg.py:3006}}
May 04 16:20:53.853488 np0000171575 nova-scheduler[109535]: DEBUG cotyledon.oslo_config_glue [-] oslo_limit.endpoint_interface = public {{(pid=109535) log_opt_values /opt/stack/data/venv/lib/python3.12/site-packages/oslo_config/cfg.py:3006}}
May 04 16:20:53.853488 np0000171575 nova-scheduler[109535]: DEBUG cotyledon.oslo_config_glue [-] oslo_limit.endpoint_override = None {{(pid=109535) log_opt_values /opt/stack/data/venv/lib/python3.12/site-packages/oslo_config/cfg.py:3006}}
May 04 16:20:53.853488 np0000171575 nova-scheduler[109535]: DEBUG cotyledon.oslo_config_glue [-] oslo_limit.endpoint_region_name = None {{(pid=109535) log_opt_values /opt/stack/data/venv/lib/python3.12/site-packages/oslo_config/cfg.py:3006}}
May 04 16:20:53.853488 np0000171575 nova-scheduler[109535]: DEBUG cotyledon.oslo_config_glue [-] oslo_limit.endpoint_service_name = None {{(pid=109535) log_opt_values /opt/stack/data/venv/lib/python3.12/site-packages/oslo_config/cfg.py:3006}}
May 04 16:20:53.853488 np0000171575 nova-scheduler[109535]: DEBUG cotyledon.oslo_config_glue [-] oslo_limit.endpoint_service_type = None {{(pid=109535) log_opt_values /opt/stack/data/venv/lib/python3.12/site-packages/oslo_config/cfg.py:3006}}
May 04 16:20:53.853488 np0000171575 nova-scheduler[109535]: DEBUG cotyledon.oslo_config_glue [-] oslo_limit.insecure = False {{(pid=109535) log_opt_values /opt/stack/data/venv/lib/python3.12/site-packages/oslo_config/cfg.py:3006}}
May 04 16:20:53.853691 np0000171575 nova-scheduler[109535]: DEBUG cotyledon.oslo_config_glue [-] oslo_limit.keyfile = None {{(pid=109535) log_opt_values /opt/stack/data/venv/lib/python3.12/site-packages/oslo_config/cfg.py:3006}}
May 04 16:20:53.853691 np0000171575 nova-scheduler[109535]: DEBUG cotyledon.oslo_config_glue [-] oslo_limit.max_version = None {{(pid=109535) log_opt_values /opt/stack/data/venv/lib/python3.12/site-packages/oslo_config/cfg.py:3006}}
May 04 16:20:53.853691 np0000171575 nova-scheduler[109535]: DEBUG cotyledon.oslo_config_glue [-] oslo_limit.min_version = None {{(pid=109535) log_opt_values /opt/stack/data/venv/lib/python3.12/site-packages/oslo_config/cfg.py:3006}}
May 04 16:20:53.853691 np0000171575 nova-scheduler[109535]: DEBUG cotyledon.oslo_config_glue [-] oslo_limit.region_name = None {{(pid=109535) log_opt_values /opt/stack/data/venv/lib/python3.12/site-packages/oslo_config/cfg.py:3006}}
May 04 16:20:53.853691 np0000171575 nova-scheduler[109535]: DEBUG cotyledon.oslo_config_glue [-] oslo_limit.retriable_status_codes = None {{(pid=109535) log_opt_values /opt/stack/data/venv/lib/python3.12/site-packages/oslo_config/cfg.py:3006}}
May 04 16:20:53.853691 np0000171575 nova-scheduler[109535]: DEBUG cotyledon.oslo_config_glue [-] oslo_limit.service_name = None {{(pid=109535) log_opt_values /opt/stack/data/venv/lib/python3.12/site-packages/oslo_config/cfg.py:3006}}
May 04 16:20:53.853691 np0000171575 nova-scheduler[109535]: DEBUG cotyledon.oslo_config_glue [-] oslo_limit.service_type = None {{(pid=109535) log_opt_values /opt/stack/data/venv/lib/python3.12/site-packages/oslo_config/cfg.py:3006}}
May 04 16:20:53.853691 np0000171575 nova-scheduler[109535]: DEBUG cotyledon.oslo_config_glue [-] oslo_limit.split_loggers = False {{(pid=109535) log_opt_values /opt/stack/data/venv/lib/python3.12/site-packages/oslo_config/cfg.py:3006}}
May 04 16:20:53.853956 np0000171575 nova-scheduler[109520]: DEBUG oslo_db.sqlalchemy.engines [None req-77a78227-f769-4093-9bb2-495aa5b09521 None None] MySQL server mode set to STRICT_TRANS_TABLES,STRICT_ALL_TABLES,NO_ZERO_IN_DATE,NO_ZERO_DATE,ERROR_FOR_DIVISION_BY_ZERO,TRADITIONAL,NO_ENGINE_SUBSTITUTION {{(pid=109520) _check_effective_sql_mode /opt/stack/data/venv/lib/python3.12/site-packages/oslo_db/sqlalchemy/engines.py:325}}
May 04 16:20:53.853988 np0000171575 nova-scheduler[109535]: DEBUG cotyledon.oslo_config_glue [-] oslo_limit.status_code_retries = None {{(pid=109535) log_opt_values /opt/stack/data/venv/lib/python3.12/site-packages/oslo_config/cfg.py:3006}}
May 04 16:20:53.853988 np0000171575 nova-scheduler[109535]: DEBUG cotyledon.oslo_config_glue [-] oslo_limit.status_code_retry_delay = None {{(pid=109535) log_opt_values /opt/stack/data/venv/lib/python3.12/site-packages/oslo_config/cfg.py:3006}}
May 04 16:20:53.853988 np0000171575 nova-scheduler[109535]: DEBUG cotyledon.oslo_config_glue [-] oslo_limit.timeout = None {{(pid=109535) log_opt_values /opt/stack/data/venv/lib/python3.12/site-packages/oslo_config/cfg.py:3006}}
May 04 16:20:53.853988 np0000171575 nova-scheduler[109535]: DEBUG cotyledon.oslo_config_glue [-] oslo_limit.valid_interfaces = None {{(pid=109535) log_opt_values /opt/stack/data/venv/lib/python3.12/site-packages/oslo_config/cfg.py:3006}}
May 04 16:20:53.853988 np0000171575 nova-scheduler[109535]: DEBUG cotyledon.oslo_config_glue [-] oslo_limit.version = None {{(pid=109535) log_opt_values /opt/stack/data/venv/lib/python3.12/site-packages/oslo_config/cfg.py:3006}}
May 04 16:20:53.853988 np0000171575 nova-scheduler[109535]: DEBUG cotyledon.oslo_config_glue [-] oslo_reports.file_event_handler = None {{(pid=109535) log_opt_values /opt/stack/data/venv/lib/python3.12/site-packages/oslo_config/cfg.py:3006}}
May 04 16:20:53.853988 np0000171575 nova-scheduler[109535]: DEBUG cotyledon.oslo_config_glue [-] oslo_reports.file_event_handler_interval = 1 {{(pid=109535) log_opt_values /opt/stack/data/venv/lib/python3.12/site-packages/oslo_config/cfg.py:3006}}
May 04 16:20:53.853988 np0000171575 nova-scheduler[109535]: DEBUG cotyledon.oslo_config_glue [-] oslo_reports.log_dir = None {{(pid=109535) log_opt_values /opt/stack/data/venv/lib/python3.12/site-packages/oslo_config/cfg.py:3006}}
May 04 16:20:53.853988 np0000171575 nova-scheduler[109535]: DEBUG cotyledon.oslo_config_glue [-] ******************************************************************************** {{(pid=109535) log_opt_values /opt/stack/data/venv/lib/python3.12/site-packages/oslo_config/cfg.py:3013}}
May 04 16:20:53.854188 np0000171575 nova-scheduler[109535]: DEBUG cotyledon._service_worker [-] Run service ServiceWrapper(3) [109535] {{(pid=109535) wait_forever /opt/stack/data/venv/lib/python3.12/site-packages/cotyledon/_service_worker.py:218}}
May 04 16:20:53.854188 np0000171575 nova-scheduler[109535]: INFO nova.service [-] Starting scheduler node (version 33.1.0)
May 04 16:20:53.854188 np0000171575 nova-scheduler[109535]: INFO dbcounter [None req-89e65f2b-dc2f-4d60-8fb4-1b0831572e58 None None] Registered counter for database nova_cell0
May 04 16:20:53.854340 np0000171575 nova-scheduler[109514]: DEBUG dbcounter [-] [109514] Writer thread running {{(pid=109514) stat_writer /opt/stack/data/venv/lib/python3.12/site-packages/dbcounter.py:102}}
May 04 16:20:53.854370 np0000171575 nova-scheduler[109530]: DEBUG oslo_db.sqlalchemy.engines [None req-21695491-be52-47f0-ab1f-e23bf4747d8b None None] MySQL server mode set to STRICT_TRANS_TABLES,STRICT_ALL_TABLES,NO_ZERO_IN_DATE,NO_ZERO_DATE,ERROR_FOR_DIVISION_BY_ZERO,TRADITIONAL,NO_ENGINE_SUBSTITUTION {{(pid=109530) _check_effective_sql_mode /opt/stack/data/venv/lib/python3.12/site-packages/oslo_db/sqlalchemy/engines.py:325}}
May 04 16:20:53.854404 np0000171575 nova-scheduler[109520]: DEBUG dbcounter [-] [109520] Writer thread running {{(pid=109520) stat_writer /opt/stack/data/venv/lib/python3.12/site-packages/dbcounter.py:102}}
May 04 16:20:53.854434 np0000171575 nova-scheduler[109535]: DEBUG oslo_db.sqlalchemy.engines [None req-89e65f2b-dc2f-4d60-8fb4-1b0831572e58 None None] MySQL server mode set to STRICT_TRANS_TABLES,STRICT_ALL_TABLES,NO_ZERO_IN_DATE,NO_ZERO_DATE,ERROR_FOR_DIVISION_BY_ZERO,TRADITIONAL,NO_ENGINE_SUBSTITUTION {{(pid=109535) _check_effective_sql_mode /opt/stack/data/venv/lib/python3.12/site-packages/oslo_db/sqlalchemy/engines.py:325}}
May 04 16:20:53.854462 np0000171575 nova-scheduler[109530]: DEBUG dbcounter [-] [109530] Writer thread running {{(pid=109530) stat_writer /opt/stack/data/venv/lib/python3.12/site-packages/dbcounter.py:102}}
May 04 16:20:53.854497 np0000171575 nova-scheduler[109514]: DEBUG nova.service [None req-ac279ef3-5fe2-4d69-a057-8ba1fd9257af None None] Creating RPC server for service: nova-scheduler on topic: scheduler {{(pid=109514) start /opt/stack/nova/nova/service.py:195}}
May 04 16:20:53.854527 np0000171575 nova-scheduler[109520]: DEBUG nova.service [None req-77a78227-f769-4093-9bb2-495aa5b09521 None None] Creating RPC server for service: nova-scheduler on topic: scheduler {{(pid=109520) start /opt/stack/nova/nova/service.py:195}}
May 04 16:20:53.854554 np0000171575 nova-scheduler[109535]: DEBUG dbcounter [-] [109535] Writer thread running {{(pid=109535) stat_writer /opt/stack/data/venv/lib/python3.12/site-packages/dbcounter.py:102}}
May 04 16:20:53.855173 np0000171575 nova-scheduler[109530]: DEBUG nova.service [None req-21695491-be52-47f0-ab1f-e23bf4747d8b None None] Creating RPC server for service: nova-scheduler on topic: scheduler {{(pid=109530) start /opt/stack/nova/nova/service.py:195}}
May 04 16:20:53.855560 np0000171575 nova-scheduler[109535]: DEBUG nova.service [None req-89e65f2b-dc2f-4d60-8fb4-1b0831572e58 None None] Creating RPC server for service: nova-scheduler on topic: scheduler {{(pid=109535) start /opt/stack/nova/nova/service.py:195}}
May 04 16:20:53.879459 np0000171575 nova-scheduler[109530]: DEBUG nova.service [None req-21695491-be52-47f0-ab1f-e23bf4747d8b None None] Join ServiceGroup membership for this service scheduler {{(pid=109530) start /opt/stack/nova/nova/service.py:221}}
May 04 16:20:53.879761 np0000171575 nova-scheduler[109530]: DEBUG nova.servicegroup.drivers.db [None req-21695491-be52-47f0-ab1f-e23bf4747d8b None None] DB_Driver: join new ServiceGroup member np0000171575 to the scheduler group, service = {{(pid=109530) join /opt/stack/nova/nova/servicegroup/drivers/db.py:44}}
May 04 16:20:53.880556 np0000171575 nova-scheduler[109535]: DEBUG nova.service [None req-89e65f2b-dc2f-4d60-8fb4-1b0831572e58 None None] Join ServiceGroup membership for this service scheduler {{(pid=109535) start /opt/stack/nova/nova/service.py:221}}
May 04 16:20:53.881194 np0000171575 nova-scheduler[109535]: DEBUG nova.servicegroup.drivers.db [None req-89e65f2b-dc2f-4d60-8fb4-1b0831572e58 None None] DB_Driver: join new ServiceGroup member np0000171575 to the scheduler group, service = {{(pid=109535) join /opt/stack/nova/nova/servicegroup/drivers/db.py:44}}
May 04 16:20:53.886244 np0000171575 nova-scheduler[109520]: DEBUG nova.service [None req-77a78227-f769-4093-9bb2-495aa5b09521 None None] Join ServiceGroup membership for this service scheduler {{(pid=109520) start /opt/stack/nova/nova/service.py:221}}
May 04 16:20:53.886542 np0000171575 nova-scheduler[109520]: DEBUG nova.servicegroup.drivers.db [None req-77a78227-f769-4093-9bb2-495aa5b09521 None None] DB_Driver: join new ServiceGroup member np0000171575 to the scheduler group, service = {{(pid=109520) join /opt/stack/nova/nova/servicegroup/drivers/db.py:44}}
May 04 16:20:53.889674 np0000171575 nova-scheduler[109514]: DEBUG nova.service [None req-ac279ef3-5fe2-4d69-a057-8ba1fd9257af None None] Join ServiceGroup membership for this service scheduler {{(pid=109514) start /opt/stack/nova/nova/service.py:221}}
May 04 16:20:53.891952 np0000171575 nova-scheduler[109514]: DEBUG nova.servicegroup.drivers.db [None req-ac279ef3-5fe2-4d69-a057-8ba1fd9257af None None] DB_Driver: join new ServiceGroup member np0000171575 to the scheduler group, service = {{(pid=109514) join /opt/stack/nova/nova/servicegroup/drivers/db.py:44}}
May 04 16:20:58.901169 np0000171575 nova-scheduler[109535]: DEBUG oslo.service.backend._threading.loopingcall [-] Fixed interval looping call 'nova.servicegroup.drivers.db.DbDriver._report_state' sleeping for 119.98 seconds {{(pid=109535) _run_loop /opt/stack/data/venv/lib/python3.12/site-packages/oslo_service/backend/_threading/loopingcall.py:125}}
May 04 16:20:58.901967 np0000171575 nova-scheduler[109520]: DEBUG oslo.service.backend._threading.loopingcall [-] Fixed interval looping call 'nova.servicegroup.drivers.db.DbDriver._report_state' sleeping for 119.99 seconds {{(pid=109520) _run_loop /opt/stack/data/venv/lib/python3.12/site-packages/oslo_service/backend/_threading/loopingcall.py:125}}
May 04 16:20:58.902695 np0000171575 nova-scheduler[109530]: DEBUG oslo.service.backend._threading.loopingcall [-] Fixed interval looping call 'nova.servicegroup.drivers.db.DbDriver._report_state' sleeping for 119.98 seconds {{(pid=109530) _run_loop /opt/stack/data/venv/lib/python3.12/site-packages/oslo_service/backend/_threading/loopingcall.py:125}}
May 04 16:20:58.903474 np0000171575 nova-scheduler[109514]: DEBUG oslo.service.backend._threading.loopingcall [-] Fixed interval looping call 'nova.servicegroup.drivers.db.DbDriver._report_state' sleeping for 119.99 seconds {{(pid=109514) _run_loop /opt/stack/data/venv/lib/python3.12/site-packages/oslo_service/backend/_threading/loopingcall.py:125}}
May 04 16:21:02.478020 np0000171575 nova-scheduler[108789]: DEBUG dbcounter [-] [108789] Writing DB stats nova_api:SELECT=3 {{(pid=108789) stat_writer /opt/stack/data/venv/lib/python3.12/site-packages/dbcounter.py:115}}
May 04 16:21:02.578889 np0000171575 nova-scheduler[108789]: DEBUG dbcounter [-] [108789] Writing DB stats nova_cell0:SELECT=1 {{(pid=108789) stat_writer /opt/stack/data/venv/lib/python3.12/site-packages/dbcounter.py:115}}
May 04 16:21:02.585731 np0000171575 nova-scheduler[108789]: DEBUG dbcounter [-] [108789] Writing DB stats nova_cell1:SELECT=1 {{(pid=108789) stat_writer /opt/stack/data/venv/lib/python3.12/site-packages/dbcounter.py:115}}
May 04 16:21:08.893615 np0000171575 nova-scheduler[109530]: DEBUG dbcounter [-] [109530] Writing DB stats nova_cell0:SELECT=5,nova_cell0:INSERT=1,nova_cell0:UPDATE=1 {{(pid=109530) stat_writer /opt/stack/data/venv/lib/python3.12/site-packages/dbcounter.py:115}}
May 04 16:21:08.894207 np0000171575 nova-scheduler[109535]: DEBUG oslo.service.backend._threading.loopingcall [None req-138c5c3f-4e60-46ba-9a78-62d132026e64 None None] Dynamic interval looping call 'nova.service.Service.periodic_tasks' sleeping for 60.00 seconds {{(pid=109535) _run_loop /opt/stack/data/venv/lib/python3.12/site-packages/oslo_service/backend/_threading/loopingcall.py:125}}
May 04 16:21:08.894671 np0000171575 nova-scheduler[109535]: DEBUG dbcounter [-] [109535] Writing DB stats nova_cell0:SELECT=3,nova_cell0:UPDATE=1 {{(pid=109535) stat_writer /opt/stack/data/venv/lib/python3.12/site-packages/dbcounter.py:115}}
May 04 16:21:08.900029 np0000171575 nova-scheduler[109520]: DEBUG dbcounter [-] [109520] Writing DB stats nova_cell0:SELECT=5,nova_cell0:INSERT=1,nova_cell0:UPDATE=1 {{(pid=109520) stat_writer /opt/stack/data/venv/lib/python3.12/site-packages/dbcounter.py:115}}
May 04 16:21:08.901290 np0000171575 nova-scheduler[109514]: DEBUG dbcounter [-] [109514] Writing DB stats nova_cell0:SELECT=4,nova_cell0:INSERT=1 {{(pid=109514) stat_writer /opt/stack/data/venv/lib/python3.12/site-packages/dbcounter.py:115}}
May 04 16:21:16.889183 np0000171575 nova-scheduler[109520]: DEBUG oslo.service.backend._threading.loopingcall [None req-87cb6c81-837f-46a6-b9a1-20f86fa52fce None None] Dynamic interval looping call 'nova.service.Service.periodic_tasks' sleeping for 60.00 seconds {{(pid=109520) _run_loop /opt/stack/data/venv/lib/python3.12/site-packages/oslo_service/backend/_threading/loopingcall.py:125}}
May 04 16:21:26.882069 np0000171575 nova-scheduler[109530]: DEBUG oslo.service.backend._threading.loopingcall [None req-a10c89ac-11b1-4ef9-be8c-18c8b59406f1 None None] Dynamic interval looping call 'nova.service.Service.periodic_tasks' sleeping for 60.00 seconds {{(pid=109530) _run_loop /opt/stack/data/venv/lib/python3.12/site-packages/oslo_service/backend/_threading/loopingcall.py:125}}
May 04 16:21:36.895441 np0000171575 nova-scheduler[109514]: DEBUG oslo.service.backend._threading.loopingcall [None req-1e2d962e-b6b5-48fa-a59d-c574c2f0a2bf None None] Dynamic interval looping call 'nova.service.Service.periodic_tasks' sleeping for 60.00 seconds {{(pid=109514) _run_loop /opt/stack/data/venv/lib/python3.12/site-packages/oslo_service/backend/_threading/loopingcall.py:125}}
May 04 16:22:08.895269 np0000171575 nova-scheduler[109535]: DEBUG oslo.service.backend._threading.loopingcall [None req-138c5c3f-4e60-46ba-9a78-62d132026e64 None None] Dynamic interval looping call 'nova.service.Service.periodic_tasks' sleeping for 60.00 seconds {{(pid=109535) _run_loop /opt/stack/data/venv/lib/python3.12/site-packages/oslo_service/backend/_threading/loopingcall.py:125}}
May 04 16:22:16.890205 np0000171575 nova-scheduler[109520]: DEBUG oslo.service.backend._threading.loopingcall [None req-87cb6c81-837f-46a6-b9a1-20f86fa52fce None None] Dynamic interval looping call 'nova.service.Service.periodic_tasks' sleeping for 60.00 seconds {{(pid=109520) _run_loop /opt/stack/data/venv/lib/python3.12/site-packages/oslo_service/backend/_threading/loopingcall.py:125}}
May 04 16:22:26.882658 np0000171575 nova-scheduler[109530]: DEBUG oslo.service.backend._threading.loopingcall [None req-a10c89ac-11b1-4ef9-be8c-18c8b59406f1 None None] Dynamic interval looping call 'nova.service.Service.periodic_tasks' sleeping for 60.00 seconds {{(pid=109530) _run_loop /opt/stack/data/venv/lib/python3.12/site-packages/oslo_service/backend/_threading/loopingcall.py:125}}
May 04 16:22:36.896143 np0000171575 nova-scheduler[109514]: DEBUG oslo.service.backend._threading.loopingcall [None req-1e2d962e-b6b5-48fa-a59d-c574c2f0a2bf None None] Dynamic interval looping call 'nova.service.Service.periodic_tasks' sleeping for 60.00 seconds {{(pid=109514) _run_loop /opt/stack/data/venv/lib/python3.12/site-packages/oslo_service/backend/_threading/loopingcall.py:125}}
May 04 16:22:58.895013 np0000171575 nova-scheduler[109535]: DEBUG oslo.service.backend._threading.loopingcall [-] Fixed interval looping call 'nova.servicegroup.drivers.db.DbDriver._report_state' sleeping for 119.99 seconds {{(pid=109535) _run_loop /opt/stack/data/venv/lib/python3.12/site-packages/oslo_service/backend/_threading/loopingcall.py:125}}
May 04 16:22:58.896892 np0000171575 nova-scheduler[109530]: DEBUG oslo.service.backend._threading.loopingcall [-] Fixed interval looping call 'nova.servicegroup.drivers.db.DbDriver._report_state' sleeping for 119.99 seconds {{(pid=109530) _run_loop /opt/stack/data/venv/lib/python3.12/site-packages/oslo_service/backend/_threading/loopingcall.py:125}}
May 04 16:22:58.897610 np0000171575 nova-scheduler[109520]: DEBUG oslo.service.backend._threading.loopingcall [-] Fixed interval looping call 'nova.servicegroup.drivers.db.DbDriver._report_state' sleeping for 119.99 seconds {{(pid=109520) _run_loop /opt/stack/data/venv/lib/python3.12/site-packages/oslo_service/backend/_threading/loopingcall.py:125}}
May 04 16:22:58.900033 np0000171575 nova-scheduler[109514]: DEBUG oslo.service.backend._threading.loopingcall [-] Fixed interval looping call 'nova.servicegroup.drivers.db.DbDriver._report_state' sleeping for 119.99 seconds {{(pid=109514) _run_loop /opt/stack/data/venv/lib/python3.12/site-packages/oslo_service/backend/_threading/loopingcall.py:125}}
May 04 16:23:08.887570 np0000171575 nova-scheduler[109535]: DEBUG dbcounter [-] [109535] Writing DB stats nova_cell0:SELECT=1,nova_cell0:UPDATE=1 {{(pid=109535) stat_writer /opt/stack/data/venv/lib/python3.12/site-packages/dbcounter.py:115}}
May 04 16:23:08.888445 np0000171575 nova-scheduler[109530]: DEBUG dbcounter [-] [109530] Writing DB stats nova_cell0:SELECT=1,nova_cell0:UPDATE=1 {{(pid=109530) stat_writer /opt/stack/data/venv/lib/python3.12/site-packages/dbcounter.py:115}}
May 04 16:23:08.895240 np0000171575 nova-scheduler[109520]: DEBUG dbcounter [-] [109520] Writing DB stats nova_cell0:SELECT=1 {{(pid=109520) stat_writer /opt/stack/data/venv/lib/python3.12/site-packages/dbcounter.py:115}}
May 04 16:23:08.896041 np0000171575 nova-scheduler[109535]: DEBUG oslo.service.backend._threading.loopingcall [None req-138c5c3f-4e60-46ba-9a78-62d132026e64 None None] Dynamic interval looping call 'nova.service.Service.periodic_tasks' sleeping for 60.00 seconds {{(pid=109535) _run_loop /opt/stack/data/venv/lib/python3.12/site-packages/oslo_service/backend/_threading/loopingcall.py:125}}
May 04 16:23:08.897971 np0000171575 nova-scheduler[109514]: DEBUG dbcounter [-] [109514] Writing DB stats nova_cell0:SELECT=1 {{(pid=109514) stat_writer /opt/stack/data/venv/lib/python3.12/site-packages/dbcounter.py:115}}
May 04 16:23:16.891177 np0000171575 nova-scheduler[109520]: DEBUG oslo.service.backend._threading.loopingcall [None req-87cb6c81-837f-46a6-b9a1-20f86fa52fce None None] Dynamic interval looping call 'nova.service.Service.periodic_tasks' sleeping for 60.00 seconds {{(pid=109520) _run_loop /opt/stack/data/venv/lib/python3.12/site-packages/oslo_service/backend/_threading/loopingcall.py:125}}
May 04 16:23:26.884006 np0000171575 nova-scheduler[109530]: DEBUG oslo.service.backend._threading.loopingcall [None req-a10c89ac-11b1-4ef9-be8c-18c8b59406f1 None None] Dynamic interval looping call 'nova.service.Service.periodic_tasks' sleeping for 60.00 seconds {{(pid=109530) _run_loop /opt/stack/data/venv/lib/python3.12/site-packages/oslo_service/backend/_threading/loopingcall.py:125}}
May 04 16:23:36.897055 np0000171575 nova-scheduler[109514]: DEBUG oslo.service.backend._threading.loopingcall [None req-1e2d962e-b6b5-48fa-a59d-c574c2f0a2bf None None] Dynamic interval looping call 'nova.service.Service.periodic_tasks' sleeping for 60.00 seconds {{(pid=109514) _run_loop /opt/stack/data/venv/lib/python3.12/site-packages/oslo_service/backend/_threading/loopingcall.py:125}}
May 04 16:24:08.896900 np0000171575 nova-scheduler[109535]: DEBUG oslo.service.backend._threading.loopingcall [None req-138c5c3f-4e60-46ba-9a78-62d132026e64 None None] Dynamic interval looping call 'nova.service.Service.periodic_tasks' sleeping for 60.00 seconds {{(pid=109535) _run_loop /opt/stack/data/venv/lib/python3.12/site-packages/oslo_service/backend/_threading/loopingcall.py:125}}
May 04 16:24:16.893192 np0000171575 nova-scheduler[109520]: DEBUG oslo.service.backend._threading.loopingcall [None req-87cb6c81-837f-46a6-b9a1-20f86fa52fce None None] Dynamic interval looping call 'nova.service.Service.periodic_tasks' sleeping for 60.00 seconds {{(pid=109520) _run_loop /opt/stack/data/venv/lib/python3.12/site-packages/oslo_service/backend/_threading/loopingcall.py:125}}
May 04 16:24:26.884391 np0000171575 nova-scheduler[109530]: DEBUG oslo.service.backend._threading.loopingcall [None req-a10c89ac-11b1-4ef9-be8c-18c8b59406f1 None None] Dynamic interval looping call 'nova.service.Service.periodic_tasks' sleeping for 60.00 seconds {{(pid=109530) _run_loop /opt/stack/data/venv/lib/python3.12/site-packages/oslo_service/backend/_threading/loopingcall.py:125}}
May 04 16:24:36.898731 np0000171575 nova-scheduler[109514]: DEBUG oslo.service.backend._threading.loopingcall [None req-1e2d962e-b6b5-48fa-a59d-c574c2f0a2bf None None] Dynamic interval looping call 'nova.service.Service.periodic_tasks' sleeping for 60.00 seconds {{(pid=109514) _run_loop /opt/stack/data/venv/lib/python3.12/site-packages/oslo_service/backend/_threading/loopingcall.py:125}}
May 04 16:24:56.780309 np0000171575 nova-scheduler[109530]: DEBUG nova.scheduler.manager [None req-fa1643af-9e54-46a2-b613-d25f7bdd6635 demo demo] Starting to schedule for instances: ['ce0b6c5d-bbc9-46fc-96ad-edccfb31556a'] {{(pid=109530) select_destinations /opt/stack/nova/nova/scheduler/manager.py:210}}
May 04 16:24:56.782512 np0000171575 nova-scheduler[109530]: DEBUG oslo_db.sqlalchemy.engines [None req-fa1643af-9e54-46a2-b613-d25f7bdd6635 demo demo] Parent process 108789 forked (109530) with an open database connection, which is being discarded and recreated. {{(pid=109530) checkout /opt/stack/data/venv/lib/python3.12/site-packages/oslo_db/sqlalchemy/engines.py:402}}
May 04 16:24:56.789935 np0000171575 nova-scheduler[109530]: DEBUG dbcounter [-] [109530] Writer thread running {{(pid=109530) stat_writer /opt/stack/data/venv/lib/python3.12/site-packages/dbcounter.py:102}}
May 04 16:24:56.791911 np0000171575 nova-scheduler[109530]: DEBUG nova.scheduler.request_filter [None req-fa1643af-9e54-46a2-b613-d25f7bdd6635 demo demo] Request filter 'map_az_to_placement_aggregate' took 0.0 seconds {{(pid=109530) wrapper /opt/stack/nova/nova/scheduler/request_filter.py:46}}
May 04 16:24:56.792212 np0000171575 nova-scheduler[109530]: DEBUG nova.scheduler.request_filter [None req-fa1643af-9e54-46a2-b613-d25f7bdd6635 demo demo] compute_status_filter request filter added forbidden trait COMPUTE_STATUS_DISABLED {{(pid=109530) compute_status_filter /opt/stack/nova/nova/scheduler/request_filter.py:253}}
May 04 16:24:56.792306 np0000171575 nova-scheduler[109530]: DEBUG nova.scheduler.request_filter [None req-fa1643af-9e54-46a2-b613-d25f7bdd6635 demo demo] Request filter 'compute_status_filter' took 0.0 seconds {{(pid=109530) wrapper /opt/stack/nova/nova/scheduler/request_filter.py:46}}
