2026-04-17 05:08:12.919 13 INFO neutron.plugins.ml2.plugin [None req-5ae50db1-bd45-409f-a99d-5a3554f914b2 - - - - - -] Attempt 1 to provision port a9dc2885-8685-4900-a1ab-2aae65bc2874
2026-04-17 05:08:14.556 13 INFO neutron.plugins.ml2.plugin [None req-efbc37f1-4c89-4e1a-a130-a737ba7221ba - - - - - -] Attempt 1 to provision port c7d93ccc-4a46-4166-b98e-c1ef34351bf0
2026-04-17 05:08:14.655 13 INFO neutron.notifiers.nova [-] Nova event matching ['req-b90c6b38-a621-43f5-bbe2-26e46de865a7'] response: {'server_uuid': '4c3841b5-ad85-46d6-98e6-1c96a6d530e2', 'name': 'network-vif-plugged', 'status': 'completed', 'tag': 'c7d93ccc-4a46-4166-b98e-c1ef34351bf0', 'code': 200}
2026-04-17 05:08:16.043 13 INFO neutron.plugins.ml2.plugin [None req-efbc37f1-4c89-4e1a-a130-a737ba7221ba - - - - - -] Attempt 1 to provision port c7d93ccc-4a46-4166-b98e-c1ef34351bf0
2026-04-17 05:08:18.571 16 INFO neutron.plugins.ml2.plugin [None req-efbc37f1-4c89-4e1a-a130-a737ba7221ba - - - - - -] Attempt 1 to provision port 9030a596-f3dc-4207-a03a-9178e6cf76ae
2026-04-17 05:08:18.728 16 INFO neutron.notifiers.nova [-] Nova event matching ['req-e418dd83-3ac9-4538-874c-9ec0f05416f4'] response: {'server_uuid': '4bc9e523-4c51-4822-b1ff-bbca4d546dd1', 'name': 'network-vif-plugged', 'status': 'completed', 'tag': '9030a596-f3dc-4207-a03a-9178e6cf76ae', 'code': 200}
2026-04-17 05:08:19.022 13 INFO neutron.plugins.ml2.plugin [None req-0fdb52ed-1dd3-435d-a2f1-50326db62c5f - - - - - -] Attempt 1 to provision port ab0ecbf5-7a9f-40f0-a013-651e2fec1a9f
2026-04-17 05:08:19.070 13 INFO neutron.plugins.ml2.plugin [None req-0fdb52ed-1dd3-435d-a2f1-50326db62c5f - - - - - -] Attempt 1 to provision port c7d93ccc-4a46-4166-b98e-c1ef34351bf0
2026-04-17 05:08:19.132 13 INFO neutron.plugins.ml2.plugin [None req-0fdb52ed-1dd3-435d-a2f1-50326db62c5f - - - - - -] Attempt 1 to provision port 9030a596-f3dc-4207-a03a-9178e6cf76ae
2026-04-17 05:08:19.184 13 INFO neutron.plugins.ml2.plugin [None req-0fdb52ed-1dd3-435d-a2f1-50326db62c5f - - - - - -] Attempt 1 to provision port a9dc2885-8685-4900-a1ab-2aae65bc2874
2026-04-17 05:08:19.256 13 INFO neutron.plugins.ml2.plugin [None req-0fdb52ed-1dd3-435d-a2f1-50326db62c5f - - - - - -] Attempt 1 to provision port 35d43b19-2573-4968-a848-8822e582e9db
2026-04-17 05:08:20.489 13 INFO neutron.plugins.ml2.plugin [None req-efbc37f1-4c89-4e1a-a130-a737ba7221ba - - - - - -] Attempt 1 to provision port 9030a596-f3dc-4207-a03a-9178e6cf76ae
2026-04-17 05:08:20.886 13 INFO neutron.plugins.ml2.plugin [None req-efbc37f1-4c89-4e1a-a130-a737ba7221ba - - - - - -] Attempt 1 to provision port 7586d75a-7445-4158-a9b2-d677e7f3a06c
2026-04-17 05:08:20.939 13 ERROR oslo_messaging.rpc.server [None req-2f7c837b-b6c5-445e-892d-43cd8f94b7de - - - - - -] Exception during message handling: neutron_lib.exceptions.SubnetInUse: Unable to complete operation on subnet 342ab0d8-fe0d-41f5-9fd5-ce986598c4a4: This subnet is being modified by another concurrent operation.
2026-04-17 05:08:20.939 13 ERROR oslo_messaging.rpc.server
Traceback (most recent call last):
2026-04-17 05:08:20.939 13 ERROR oslo_messaging.rpc.server
File "/var/lib/openstack/lib/python3.12/site-packages/oslo_messaging/rpc/server.py", line 174, in _process_incoming
2026-04-17 05:08:20.939 13 ERROR oslo_messaging.rpc.server res = self.dispatcher.dispatch(message)
2026-04-17 05:08:20.939 13 ERROR oslo_messaging.rpc.server ^^^^^^^^^^^^^^^^^^^^^^^^^^^^^^^^^
2026-04-17 05:08:20.939 13 ERROR oslo_messaging.rpc.server
File "/var/lib/openstack/lib/python3.12/site-packages/oslo_messaging/rpc/dispatcher.py", line 309, in dispatch
2026-04-17 05:08:20.939 13 ERROR oslo_messaging.rpc.server return self._do_dispatch(endpoint, method, ctxt, args)
2026-04-17 05:08:20.939 13 ERROR oslo_messaging.rpc.server ^^^^^^^^^^^^^^^^^^^^^^^^^^^^^^^^^^^^^^^^^^^^^^^
2026-04-17 05:08:20.939 13 ERROR oslo_messaging.rpc.server
File "/var/lib/openstack/lib/python3.12/site-packages/oslo_messaging/rpc/dispatcher.py", line 229, in _do_dispatch
2026-04-17 05:08:20.939 13 ERROR oslo_messaging.rpc.server result = func(ctxt, **new_args)
2026-04-17 05:08:20.939 13 ERROR oslo_messaging.rpc.server ^^^^^^^^^^^^^^^^^^^^^^
2026-04-17 05:08:20.939 13 ERROR oslo_messaging.rpc.server
File "/var/lib/openstack/lib/python3.12/site-packages/oslo_messaging/rpc/server.py", line 269, in inner
2026-04-17 05:08:20.939 13 ERROR oslo_messaging.rpc.server return func(*args, **kwargs)
2026-04-17 05:08:20.939 13 ERROR oslo_messaging.rpc.server ^^^^^^^^^^^^^^^^^^^^^
2026-04-17 05:08:20.939 13 ERROR oslo_messaging.rpc.server
File "/var/lib/openstack/lib/python3.12/site-packages/neutron_lib/db/api.py", line 137, in wrapped
2026-04-17 05:08:20.939 13 ERROR oslo_messaging.rpc.server with excutils.save_and_reraise_exception():
2026-04-17 05:08:20.939 13 ERROR oslo_messaging.rpc.server
File "/var/lib/openstack/lib/python3.12/site-packages/oslo_utils/excutils.py", line 227, in __exit__
2026-04-17 05:08:20.939 13 ERROR oslo_messaging.rpc.server self.force_reraise()
2026-04-17 05:08:20.939 13 ERROR oslo_messaging.rpc.server
File "/var/lib/openstack/lib/python3.12/site-packages/oslo_utils/excutils.py", line 200, in force_reraise
2026-04-17 05:08:20.939 13 ERROR oslo_messaging.rpc.server raise self.value
2026-04-17 05:08:20.939 13 ERROR oslo_messaging.rpc.server
File "/var/lib/openstack/lib/python3.12/site-packages/neutron_lib/db/api.py", line 135, in wrapped
2026-04-17 05:08:20.939 13 ERROR oslo_messaging.rpc.server return f(*args, **kwargs)
2026-04-17 05:08:20.939 13 ERROR oslo_messaging.rpc.server ^^^^^^^^^^^^^^^^^^
2026-04-17 05:08:20.939 13 ERROR oslo_messaging.rpc.server
File "/var/lib/openstack/lib/python3.12/site-packages/oslo_db/api.py", line 144, in wrapper
2026-04-17 05:08:20.939 13 ERROR oslo_messaging.rpc.server with excutils.save_and_reraise_exception() as ectxt:
2026-04-17 05:08:20.939 13 ERROR oslo_messaging.rpc.server
File "/var/lib/openstack/lib/python3.12/site-packages/oslo_utils/excutils.py", line 227, in __exit__
2026-04-17 05:08:20.939 13 ERROR oslo_messaging.rpc.server self.force_reraise()
2026-04-17 05:08:20.939 13 ERROR oslo_messaging.rpc.server
File "/var/lib/openstack/lib/python3.12/site-packages/oslo_utils/excutils.py", line 200, in force_reraise
2026-04-17 05:08:20.939 13 ERROR oslo_messaging.rpc.server raise self.value
2026-04-17 05:08:20.939 13 ERROR oslo_messaging.rpc.server
File "/var/lib/openstack/lib/python3.12/site-packages/oslo_db/api.py", line 142, in wrapper
2026-04-17 05:08:20.939 13 ERROR oslo_messaging.rpc.server return f(*args, **kwargs)
2026-04-17 05:08:20.939 13 ERROR oslo_messaging.rpc.server ^^^^^^^^^^^^^^^^^^
2026-04-17 05:08:20.939 13 ERROR oslo_messaging.rpc.server
File "/var/lib/openstack/lib/python3.12/site-packages/neutron_lib/db/api.py", line 183, in wrapped
2026-04-17 05:08:20.939 13 ERROR oslo_messaging.rpc.server with excutils.save_and_reraise_exception():
2026-04-17 05:08:20.939 13 ERROR oslo_messaging.rpc.server
File "/var/lib/openstack/lib/python3.12/site-packages/oslo_utils/excutils.py", line 227, in __exit__
2026-04-17 05:08:20.939 13 ERROR oslo_messaging.rpc.server self.force_reraise()
2026-04-17 05:08:20.939 13 ERROR oslo_messaging.rpc.server
File "/var/lib/openstack/lib/python3.12/site-packages/oslo_utils/excutils.py", line 200, in force_reraise
2026-04-17 05:08:20.939 13 ERROR oslo_messaging.rpc.server raise self.value
2026-04-17 05:08:20.939 13 ERROR oslo_messaging.rpc.server
File "/var/lib/openstack/lib/python3.12/site-packages/neutron_lib/db/api.py", line 181, in wrapped
2026-04-17 05:08:20.939 13 ERROR oslo_messaging.rpc.server return f(*dup_args, **dup_kwargs)
2026-04-17 05:08:20.939 13 ERROR oslo_messaging.rpc.server ^^^^^^^^^^^^^^^^^^^^^^^^^^
2026-04-17 05:08:20.939 13 ERROR oslo_messaging.rpc.server
File "/var/lib/openstack/lib/python3.12/site-packages/neutron/quota/resource_registry.py", line 95, in wrapper
2026-04-17 05:08:20.939 13 ERROR oslo_messaging.rpc.server ret_val = f(_self, context, *args, **kwargs)
2026-04-17 05:08:20.939 13 ERROR oslo_messaging.rpc.server ^^^^^^^^^^^^^^^^^^^^^^^^^^^^^^^^^^
2026-04-17 05:08:20.939 13 ERROR oslo_messaging.rpc.server
File "/var/lib/openstack/lib/python3.12/site-packages/neutron/api/rpc/handlers/dhcp_rpc.py", line 292, in create_dhcp_port
2026-04-17 05:08:20.939 13 ERROR oslo_messaging.rpc.server return self._port_action(plugin, context, port, 'create_port')
2026-04-17 05:08:20.939 13 ERROR oslo_messaging.rpc.server ^^^^^^^^^^^^^^^^^^^^^^^^^^^^^^^^^^^^^^^^^^^^^^^^^^^^^^^
2026-04-17 05:08:20.939 13 ERROR oslo_messaging.rpc.server
File "/var/lib/openstack/lib/python3.12/site-packages/neutron/api/rpc/handlers/dhcp_rpc.py", line 118, in _port_action
2026-04-17 05:08:20.939 13 ERROR oslo_messaging.rpc.server return p_utils.create_port(plugin, context, port)
2026-04-17 05:08:20.939 13 ERROR oslo_messaging.rpc.server ^^^^^^^^^^^^^^^^^^^^^^^^^^^^^^^^^^^^^^^^^^
2026-04-17 05:08:20.939 13 ERROR oslo_messaging.rpc.server
File "/var/lib/openstack/lib/python3.12/site-packages/neutron_lib/plugins/utils.py", line 338, in create_port
2026-04-17 05:08:20.939 13 ERROR oslo_messaging.rpc.server return core_plugin.create_port(
2026-04-17 05:08:20.939 13 ERROR oslo_messaging.rpc.server ^^^^^^^^^^^^^^^^^^^^^^^^
2026-04-17 05:08:20.939 13 ERROR oslo_messaging.rpc.server
File "/var/lib/openstack/lib/python3.12/site-packages/neutron/common/utils.py", line 717, in inner
2026-04-17 05:08:20.939 13 ERROR oslo_messaging.rpc.server return f(*args, **kwargs)
2026-04-17 05:08:20.939 13 ERROR oslo_messaging.rpc.server ^^^^^^^^^^^^^^^^^^
2026-04-17 05:08:20.939 13 ERROR oslo_messaging.rpc.server
File "/var/lib/openstack/lib/python3.12/site-packages/neutron_lib/db/api.py", line 223, in wrapped
2026-04-17 05:08:20.939 13 ERROR oslo_messaging.rpc.server return f_with_retry(*args, **kwargs,
2026-04-17 05:08:20.939 13 ERROR oslo_messaging.rpc.server ^^^^^^^^^^^^^^^^^^^^^^^^^^^^^
2026-04-17 05:08:20.939 13 ERROR oslo_messaging.rpc.server
File "/var/lib/openstack/lib/python3.12/site-packages/neutron_lib/db/api.py", line 137, in wrapped
2026-04-17 05:08:20.939 13 ERROR oslo_messaging.rpc.server with excutils.save_and_reraise_exception():
2026-04-17 05:08:20.939 13 ERROR oslo_messaging.rpc.server
File "/var/lib/openstack/lib/python3.12/site-packages/oslo_utils/excutils.py", line 227, in __exit__
2026-04-17 05:08:20.939 13 ERROR oslo_messaging.rpc.server self.force_reraise()
2026-04-17 05:08:20.939 13 ERROR oslo_messaging.rpc.server
File "/var/lib/openstack/lib/python3.12/site-packages/oslo_utils/excutils.py", line 200, in force_reraise
2026-04-17 05:08:20.939 13 ERROR oslo_messaging.rpc.server raise self.value
2026-04-17 05:08:20.939 13 ERROR oslo_messaging.rpc.server
File "/var/lib/openstack/lib/python3.12/site-packages/neutron_lib/db/api.py", line 135, in wrapped
2026-04-17 05:08:20.939 13 ERROR oslo_messaging.rpc.server return f(*args, **kwargs)
2026-04-17 05:08:20.939 13 ERROR oslo_messaging.rpc.server ^^^^^^^^^^^^^^^^^^
2026-04-17 05:08:20.939 13 ERROR oslo_messaging.rpc.server
File "/var/lib/openstack/lib/python3.12/site-packages/oslo_db/api.py", line 144, in wrapper
2026-04-17 05:08:20.939 13 ERROR oslo_messaging.rpc.server with excutils.save_and_reraise_exception() as ectxt:
2026-04-17 05:08:20.939 13 ERROR oslo_messaging.rpc.server
File "/var/lib/openstack/lib/python3.12/site-packages/oslo_utils/excutils.py", line 227, in __exit__
2026-04-17 05:08:20.939 13 ERROR oslo_messaging.rpc.server self.force_reraise()
2026-04-17 05:08:20.939 13 ERROR oslo_messaging.rpc.server
File "/var/lib/openstack/lib/python3.12/site-packages/oslo_utils/excutils.py", line 200, in force_reraise
2026-04-17 05:08:20.939 13 ERROR oslo_messaging.rpc.server raise self.value
2026-04-17 05:08:20.939 13 ERROR oslo_messaging.rpc.server
File "/var/lib/openstack/lib/python3.12/site-packages/oslo_db/api.py", line 142, in wrapper
2026-04-17 05:08:20.939 13 ERROR oslo_messaging.rpc.server return f(*args, **kwargs)
2026-04-17 05:08:20.939 13 ERROR oslo_messaging.rpc.server ^^^^^^^^^^^^^^^^^^
2026-04-17 05:08:20.939 13 ERROR oslo_messaging.rpc.server
File "/var/lib/openstack/lib/python3.12/site-packages/neutron_lib/db/api.py", line 183, in wrapped
2026-04-17 05:08:20.939 13 ERROR oslo_messaging.rpc.server with excutils.save_and_reraise_exception():
2026-04-17 05:08:20.939 13 ERROR oslo_messaging.rpc.server
File "/var/lib/openstack/lib/python3.12/site-packages/oslo_utils/excutils.py", line 227, in __exit__
2026-04-17 05:08:20.939 13 ERROR oslo_messaging.rpc.server self.force_reraise()
2026-04-17 05:08:20.939 13 ERROR oslo_messaging.rpc.server
File "/var/lib/openstack/lib/python3.12/site-packages/oslo_utils/excutils.py", line 200, in force_reraise
2026-04-17 05:08:20.939 13 ERROR oslo_messaging.rpc.server raise self.value
2026-04-17 05:08:20.939 13 ERROR oslo_messaging.rpc.server
File "/var/lib/openstack/lib/python3.12/site-packages/neutron_lib/db/api.py", line 181, in wrapped
2026-04-17 05:08:20.939 13 ERROR oslo_messaging.rpc.server return f(*dup_args, **dup_kwargs)
2026-04-17 05:08:20.939 13 ERROR oslo_messaging.rpc.server ^^^^^^^^^^^^^^^^^^^^^^^^^^
2026-04-17 05:08:20.939 13 ERROR oslo_messaging.rpc.server
File "/var/lib/openstack/lib/python3.12/site-packages/neutron/plugins/ml2/plugin.py", line 1660, in create_port
2026-04-17 05:08:20.939 13 ERROR oslo_messaging.rpc.server result, mech_context = self._create_port_db(context, port)
2026-04-17 05:08:20.939 13 ERROR oslo_messaging.rpc.server ^^^^^^^^^^^^^^^^^^^^^^^^^^^^^^^^^^^
2026-04-17 05:08:20.939 13 ERROR oslo_messaging.rpc.server
File "/var/lib/openstack/lib/python3.12/site-packages/neutron/plugins/ml2/plugin.py", line 1625, in _create_port_db
2026-04-17 05:08:20.939 13 ERROR oslo_messaging.rpc.server port_db = self.create_port_db(context, port)
2026-04-17 05:08:20.939 13 ERROR oslo_messaging.rpc.server ^^^^^^^^^^^^^^^^^^^^^^^^^^^^^^^^^^
2026-04-17 05:08:20.939 13 ERROR oslo_messaging.rpc.server
File "/var/lib/openstack/lib/python3.12/site-packages/neutron/db/db_base_plugin_v2.py", line 1572, in create_port_db
2026-04-17 05:08:20.939 13 ERROR oslo_messaging.rpc.server self.ipam.allocate_ips_for_port_and_store(
2026-04-17 05:08:20.939 13 ERROR oslo_messaging.rpc.server
File "/var/lib/openstack/lib/python3.12/site-packages/neutron/db/ipam_pluggable_backend.py", line 219, in allocate_ips_for_port_and_store
2026-04-17 05:08:20.939 13 ERROR oslo_messaging.rpc.server ips = self.allocate_ips_for_port(context, port_copy)
2026-04-17 05:08:20.939 13 ERROR oslo_messaging.rpc.server ^^^^^^^^^^^^^^^^^^^^^^^^^^^^^^^^^^^^^^^^^^^^^^
2026-04-17 05:08:20.939 13 ERROR oslo_messaging.rpc.server
File "/var/lib/openstack/lib/python3.12/site-packages/neutron_lib/db/api.py", line 221, in wrapped
2026-04-17 05:08:20.939 13 ERROR oslo_messaging.rpc.server return f(*args, **kwargs)
2026-04-17 05:08:20.939 13 ERROR oslo_messaging.rpc.server ^^^^^^^^^^^^^^^^^^
2026-04-17 05:08:20.939 13 ERROR oslo_messaging.rpc.server
File "/var/lib/openstack/lib/python3.12/site-packages/oslo_db/sqlalchemy/enginefacade.py", line 1183, in wrapper
2026-04-17 05:08:20.939 13 ERROR oslo_messaging.rpc.server return fn(*args, **kwargs)
2026-04-17 05:08:20.939 13 ERROR oslo_messaging.rpc.server ^^^^^^^^^^^^^^^^^^^
2026-04-17 05:08:20.939 13 ERROR oslo_messaging.rpc.server
File "/var/lib/openstack/lib/python3.12/site-packages/neutron/db/ipam_pluggable_backend.py", line 226, in allocate_ips_for_port
2026-04-17 05:08:20.939 13 ERROR oslo_messaging.rpc.server return self._allocate_ips_for_port(context, port)
2026-04-17 05:08:20.939 13 ERROR oslo_messaging.rpc.server ^^^^^^^^^^^^^^^^^^^^^^^^^^^^^^^^^^^^^^^^^^
2026-04-17 05:08:20.939 13 ERROR oslo_messaging.rpc.server
File "/var/lib/openstack/lib/python3.12/site-packages/neutron/db/ipam_pluggable_backend.py", line 258, in _allocate_ips_for_port
2026-04-17 05:08:20.939 13 ERROR oslo_messaging.rpc.server subnets = self._ipam_get_subnets(
2026-04-17 05:08:20.939 13 ERROR oslo_messaging.rpc.server ^^^^^^^^^^^^^^^^^^^^^^^
2026-04-17 05:08:20.939 13 ERROR oslo_messaging.rpc.server
File "/var/lib/openstack/lib/python3.12/site-packages/neutron/db/ipam_backend_mixin.py", line 686, in _ipam_get_subnets
2026-04-17 05:08:20.939 13 ERROR oslo_messaging.rpc.server subnet.read_lock_register(
2026-04-17 05:08:20.939 13 ERROR oslo_messaging.rpc.server
File "/var/lib/openstack/lib/python3.12/site-packages/neutron/db/models_v2.py", line 77, in read_lock_register
2026-04-17 05:08:20.939 13 ERROR oslo_messaging.rpc.server raise exception
2026-04-17 05:08:20.939 13 ERROR oslo_messaging.rpc.server neutron_lib.exceptions.SubnetInUse: Unable to complete operation on subnet 342ab0d8-fe0d-41f5-9fd5-ce986598c4a4: This subnet is being modified by another concurrent operation.
2026-04-17 05:08:20.939 13 ERROR oslo_messaging.rpc.server
2026-04-17 05:08:21.188 13 INFO neutron.plugins.ml2.plugin [None req-efbc37f1-4c89-4e1a-a130-a737ba7221ba - - - - - -] Attempt 1 to provision port ff63577f-0501-4ef9-9d8a-fff3ee931206
2026-04-17 05:08:21.868 16 INFO neutron.plugins.ml2.plugin [None req-47b0feeb-f5d8-495e-98c0-733d7106a44a - - - - - -] Attempt 1 to provision port ab0ecbf5-7a9f-40f0-a013-651e2fec1a9f
2026-04-17 05:08:22.626 16 INFO neutron.plugins.ml2.plugin [None req-efbc37f1-4c89-4e1a-a130-a737ba7221ba - - - - - -] Attempt 1 to provision port 7586d75a-7445-4158-a9b2-d677e7f3a06c
2026-04-17 05:08:22.982 16 INFO neutron.plugins.ml2.plugin [None req-efbc37f1-4c89-4e1a-a130-a737ba7221ba - - - - - -] Attempt 1 to provision port ff63577f-0501-4ef9-9d8a-fff3ee931206
2026-04-17 05:08:23.301 16 INFO neutron.plugins.ml2.plugin [None req-efbc37f1-4c89-4e1a-a130-a737ba7221ba - - - - - -] Attempt 1 to provision port 35d43b19-2573-4968-a848-8822e582e9db
2026-04-17 05:08:24.497 16 INFO neutron.plugins.ml2.plugin [None req-efbc37f1-4c89-4e1a-a130-a737ba7221ba - - - - - -] Attempt 1 to provision port ab0ecbf5-7a9f-40f0-a013-651e2fec1a9f
2026-04-17 05:08:24.782 16 INFO neutron.plugins.ml2.plugin [None req-efbc37f1-4c89-4e1a-a130-a737ba7221ba - - - - - -] Attempt 1 to provision port 35d43b19-2573-4968-a848-8822e582e9db
2026-04-17 05:08:25.476 16 INFO neutron.plugins.ml2.plugin [None req-6268b346-ecd8-4225-a585-df8a98304ef4 - - - - - -] Attempt 1 to provision port 9030a596-f3dc-4207-a03a-9178e6cf76ae
2026-04-17 05:08:26.568 16 INFO neutron.plugins.ml2.plugin [None req-efbc37f1-4c89-4e1a-a130-a737ba7221ba - - - - - -] Attempt 1 to provision port ab0ecbf5-7a9f-40f0-a013-651e2fec1a9f
2026-04-17 05:08:34.540 16 INFO neutron.plugins.ml2.plugin [None req-efbc37f1-4c89-4e1a-a130-a737ba7221ba - - - - - -] Attempt 1 to provision port 5e84e049-975e-41f9-bc1d-64f902fc90b8
2026-04-17 05:08:35.039 16 INFO neutron.plugins.ml2.plugin [None req-efbc37f1-4c89-4e1a-a130-a737ba7221ba - - - - - -] Attempt 1 to provision port 4562e02a-8762-494d-a91c-0e77949f86f7
2026-04-17 05:08:35.269 13 INFO neutron.plugins.ml2.plugin [None req-0a322149-1907-4a7a-b4cd-950b76a93cd3 - - - - - -] Attempt 1 to provision port 4562e02a-8762-494d-a91c-0e77949f86f7
2026-04-17 05:08:36.474 16 INFO neutron.plugins.ml2.plugin [None req-efbc37f1-4c89-4e1a-a130-a737ba7221ba - - - - - -] Attempt 1 to provision port 5e84e049-975e-41f9-bc1d-64f902fc90b8
2026-04-17 05:08:36.700 16 INFO neutron.plugins.ml2.plugin [None req-efbc37f1-4c89-4e1a-a130-a737ba7221ba - - - - - -] Attempt 1 to provision port 4562e02a-8762-494d-a91c-0e77949f86f7
2026-04-17 05:08:40.424 13 INFO neutron.plugins.ml2.plugin [None req-efbc37f1-4c89-4e1a-a130-a737ba7221ba - - - - - -] Attempt 1 to provision port bd28de8e-aa85-4d08-b928-3f4026a42b50
2026-04-17 05:08:42.466 16 INFO neutron.plugins.ml2.plugin [None req-efbc37f1-4c89-4e1a-a130-a737ba7221ba - - - - - -] Attempt 1 to provision port bd28de8e-aa85-4d08-b928-3f4026a42b50
2026-04-17 05:08:46.919 13 INFO neutron.plugins.ml2.plugin [None req-47e7eb83-90a5-40db-892c-93f9d5370b4a - - - - - -] Attempt 1 to provision port bd28de8e-aa85-4d08-b928-3f4026a42b50
2026-04-17 05:08:46.978 13 INFO neutron.plugins.ml2.plugin [None req-47e7eb83-90a5-40db-892c-93f9d5370b4a - - - - - -] Attempt 1 to provision port 7c503ef5-4652-4db1-b59c-377ae3bc2c9e
2026-04-17 05:08:48.918 16 INFO neutron.plugins.ml2.plugin [None req-efbc37f1-4c89-4e1a-a130-a737ba7221ba - - - - - -] Attempt 1 to provision port ac349c92-a3b2-47d4-996a-89884e3766a5
2026-04-17 05:08:49.039 16 INFO neutron.notifiers.nova [-] Nova event matching ['req-0b4069da-e3be-45c9-a249-4025923534f3'] response: {'server_uuid': '9cef77ec-529a-4fb3-b7fb-3c797a43f551', 'name': 'network-vif-plugged', 'status': 'completed', 'tag': 'ac349c92-a3b2-47d4-996a-89884e3766a5', 'code': 200}
2026-04-17 05:08:50.476 16 INFO neutron.plugins.ml2.plugin [None req-efbc37f1-4c89-4e1a-a130-a737ba7221ba - - - - - -] Attempt 1 to provision port 4d3dca2a-ed9f-428f-955b-eb20747ae32e
2026-04-17 05:08:50.813 16 INFO neutron.plugins.ml2.plugin [None req-efbc37f1-4c89-4e1a-a130-a737ba7221ba - - - - - -] Attempt 1 to provision port ac349c92-a3b2-47d4-996a-89884e3766a5
2026-04-17 05:08:52.581 16 INFO neutron.plugins.ml2.plugin [None req-efbc37f1-4c89-4e1a-a130-a737ba7221ba - - - - - -] Attempt 1 to provision port 4d3dca2a-ed9f-428f-955b-eb20747ae32e
2026-04-17 05:08:54.515 16 INFO neutron.plugins.ml2.plugin [None req-efbc37f1-4c89-4e1a-a130-a737ba7221ba - - - - - -] Attempt 1 to provision port 80123b9a-6fb1-4dca-baac-cea7504bd215
2026-04-17 05:08:54.777 16 INFO neutron.plugins.ml2.plugin [None req-efbc37f1-4c89-4e1a-a130-a737ba7221ba - - - - - -] Attempt 1 to provision port 7c503ef5-4652-4db1-b59c-377ae3bc2c9e
2026-04-17 05:08:55.319 16 INFO neutron.plugins.ml2.plugin [None req-efbc37f1-4c89-4e1a-a130-a737ba7221ba - - - - - -] Attempt 1 to provision port c48afea4-bec6-4c32-87a3-ea1437e99dc4
2026-04-17 05:08:56.687 16 INFO neutron.plugins.ml2.plugin [None req-efbc37f1-4c89-4e1a-a130-a737ba7221ba - - - - - -] Attempt 1 to provision port 80123b9a-6fb1-4dca-baac-cea7504bd215
2026-04-17 05:08:56.818 16 INFO neutron.plugins.ml2.plugin [None req-efbc37f1-4c89-4e1a-a130-a737ba7221ba - - - - - -] Attempt 1 to provision port 7c503ef5-4652-4db1-b59c-377ae3bc2c9e
2026-04-17 05:08:57.012 16 INFO neutron.plugins.ml2.plugin [None req-efbc37f1-4c89-4e1a-a130-a737ba7221ba - - - - - -] Attempt 1 to provision port c48afea4-bec6-4c32-87a3-ea1437e99dc4
2026-04-17 05:09:03.715 16 INFO neutron.plugins.ml2.plugin [None req-efbc37f1-4c89-4e1a-a130-a737ba7221ba - - - - - -] Attempt 1 to provision port a034a990-0c0a-45e6-a08b-d183de25271b
2026-04-17 05:09:03.824 16 INFO neutron.notifiers.nova [-] Nova event matching ['req-3bfdf059-4e1a-4876-9716-ac41cc631e59'] response: {'server_uuid': '9d887632-c3dc-4183-b959-1aac0fe1b719', 'name': 'network-vif-plugged', 'status': 'completed', 'tag': 'a034a990-0c0a-45e6-a08b-d183de25271b', 'code': 200}
2026-04-17 05:09:04.746 13 INFO neutron.plugins.ml2.plugin [None req-6ebb59f3-47b4-4f76-ba80-d40a513120d6 - - - - - -] Attempt 1 to provision port c48afea4-bec6-4c32-87a3-ea1437e99dc4
2026-04-17 05:09:04.799 13 INFO neutron.plugins.ml2.plugin [None req-6ebb59f3-47b4-4f76-ba80-d40a513120d6 - - - - - -] Attempt 1 to provision port 80123b9a-6fb1-4dca-baac-cea7504bd215
2026-04-17 05:09:04.854 13 INFO neutron.plugins.ml2.plugin [None req-6ebb59f3-47b4-4f76-ba80-d40a513120d6 - - - - - -] Attempt 1 to provision port a034a990-0c0a-45e6-a08b-d183de25271b
2026-04-17 05:09:04.923 13 INFO neutron.plugins.ml2.plugin [None req-6ebb59f3-47b4-4f76-ba80-d40a513120d6 - - - - - -] Attempt 1 to provision port bd28de8e-aa85-4d08-b928-3f4026a42b50
2026-04-17 05:09:05.029 13 INFO neutron.plugins.ml2.plugin [None req-6ebb59f3-47b4-4f76-ba80-d40a513120d6 - - - - - -] Attempt 1 to provision port 33443e07-7796-4571-9621-5d8b9f38370b
2026-04-17 05:09:05.056 13 INFO neutron.plugins.ml2.plugin [None req-6ebb59f3-47b4-4f76-ba80-d40a513120d6 - - - - - -] Attempt 1 to provision port ac349c92-a3b2-47d4-996a-89884e3766a5
2026-04-17 05:09:05.128 13 INFO neutron.plugins.ml2.plugin [None req-6ebb59f3-47b4-4f76-ba80-d40a513120d6 - - - - - -] Attempt 1 to provision port 7c503ef5-4652-4db1-b59c-377ae3bc2c9e
2026-04-17 05:09:05.177 13 INFO neutron.plugins.ml2.plugin [None req-6ebb59f3-47b4-4f76-ba80-d40a513120d6 - - - - - -] Attempt 1 to provision port 652b69be-c2c0-49f6-9145-66089a256ba9
2026-04-17 05:09:05.260 16 INFO neutron.plugins.ml2.plugin [None req-efbc37f1-4c89-4e1a-a130-a737ba7221ba - - - - - -] Attempt 1 to provision port a034a990-0c0a-45e6-a08b-d183de25271b
2026-04-17 05:09:05.503 16 INFO neutron.plugins.ml2.plugin [None req-efbc37f1-4c89-4e1a-a130-a737ba7221ba - - - - - -] Attempt 1 to provision port ddf532e7-32d0-4cf9-930a-0863c14009c7
2026-04-17 05:09:05.868 16 INFO neutron.notifiers.nova [-] Nova event matching ['req-44d1d28e-31e4-4997-bc55-c0b8e85c38fb'] response: {'server_uuid': '445cad4b-8109-433e-a26b-c55c70959bc1', 'name': 'network-vif-plugged', 'status': 'completed', 'tag': 'ddf532e7-32d0-4cf9-930a-0863c14009c7', 'code': 200}
2026-04-17 05:09:06.703 13 INFO neutron.plugins.ml2.plugin [None req-efbc37f1-4c89-4e1a-a130-a737ba7221ba - - - - - -] Attempt 1 to provision port ddf532e7-32d0-4cf9-930a-0863c14009c7
2026-04-17 05:09:08.682 13 INFO neutron.plugins.ml2.plugin [None req-efbc37f1-4c89-4e1a-a130-a737ba7221ba - - - - - -] Attempt 1 to provision port 33443e07-7796-4571-9621-5d8b9f38370b
2026-04-17 05:09:09.015 13 INFO neutron.plugins.ml2.plugin [None req-efbc37f1-4c89-4e1a-a130-a737ba7221ba - - - - - -] Attempt 1 to provision port 652b69be-c2c0-49f6-9145-66089a256ba9
2026-04-17 05:09:09.694 16 INFO neutron.plugins.ml2.plugin [None req-809e0998-7b4b-4fa3-bd00-6c252016c804 - - - - - -] Attempt 1 to provision port ddf532e7-32d0-4cf9-930a-0863c14009c7
2026-04-17 05:09:09.762 16 INFO neutron.plugins.ml2.plugin [None req-809e0998-7b4b-4fa3-bd00-6c252016c804 - - - - - -] Attempt 1 to provision port a034a990-0c0a-45e6-a08b-d183de25271b
2026-04-17 05:09:09.814 16 INFO neutron.plugins.ml2.plugin [None req-809e0998-7b4b-4fa3-bd00-6c252016c804 - - - - - -] Attempt 1 to provision port ac349c92-a3b2-47d4-996a-89884e3766a5
2026-04-17 05:09:10.637 16 INFO neutron.plugins.ml2.plugin [None req-efbc37f1-4c89-4e1a-a130-a737ba7221ba - - - - - -] Attempt 1 to provision port 33443e07-7796-4571-9621-5d8b9f38370b
2026-04-17 05:09:10.752 16 INFO neutron.plugins.ml2.plugin [None req-efbc37f1-4c89-4e1a-a130-a737ba7221ba - - - - - -] Attempt 1 to provision port 652b69be-c2c0-49f6-9145-66089a256ba9
2026-04-17 05:09:32.808 16 INFO neutron.notifiers.nova [-] Nova event matching ['req-c9385b83-a251-488f-b091-d85b9f59fd23'] response: {'server_uuid': '9cef77ec-529a-4fb3-b7fb-3c797a43f551', 'name': 'network-vif-unplugged', 'status': 'completed', 'tag': 'ac349c92-a3b2-47d4-996a-89884e3766a5', 'code': 200}
2026-04-17 05:09:35.243 16 INFO neutron.plugins.ml2.plugin [None req-efbc37f1-4c89-4e1a-a130-a737ba7221ba - - - - - -] Attempt 1 to provision port ac349c92-a3b2-47d4-996a-89884e3766a5
2026-04-17 05:09:35.361 16 INFO neutron.notifiers.nova [-] Nova event matching ['req-670e391d-ff76-46a6-8d5f-bb026f7de37a'] response: {'server_uuid': '9cef77ec-529a-4fb3-b7fb-3c797a43f551', 'name': 'network-vif-plugged', 'status': 'completed', 'tag': 'ac349c92-a3b2-47d4-996a-89884e3766a5', 'code': 200}
2026-04-17 05:09:36.669 13 INFO neutron.plugins.ml2.plugin [None req-efbc37f1-4c89-4e1a-a130-a737ba7221ba - - - - - -] Attempt 1 to provision port ac349c92-a3b2-47d4-996a-89884e3766a5
2026-04-17 05:09:48.652 13 INFO neutron.plugins.ml2.plugin [None req-efbc37f1-4c89-4e1a-a130-a737ba7221ba - - - - - -] Attempt 1 to provision port 9119f32a-8afa-4478-9a1d-cb952e561ea7
2026-04-17 05:09:49.620 13 INFO neutron.plugins.ml2.plugin [None req-3538046f-f506-4e9a-bf9a-a6547fafc833 - - - - - -] Attempt 1 to provision port 9119f32a-8afa-4478-9a1d-cb952e561ea7
2026-04-17 05:09:50.712 16 INFO neutron.plugins.ml2.plugin [None req-efbc37f1-4c89-4e1a-a130-a737ba7221ba - - - - - -] Attempt 1 to provision port 9119f32a-8afa-4478-9a1d-cb952e561ea7
2026-04-17 05:09:50.911 16 INFO neutron.plugins.ml2.plugin [None req-efbc37f1-4c89-4e1a-a130-a737ba7221ba - - - - - -] Attempt 1 to provision port 5a6c34d3-c542-43bd-8605-777eb0362525
2026-04-17 05:09:52.613 16 INFO neutron.plugins.ml2.plugin [None req-efbc37f1-4c89-4e1a-a130-a737ba7221ba - - - - - -] Attempt 1 to provision port 5a6c34d3-c542-43bd-8605-777eb0362525
2026-04-17 05:09:52.732 16 INFO neutron.plugins.ml2.plugin [None req-e1b9642f-c7fd-4d8b-9237-d06475c9e1e4 - - - - - -] Attempt 1 to provision port 4895d0ed-d18d-4a1c-8b6b-eeb4dfcf84fe
2026-04-17 05:09:52.780 16 INFO neutron.plugins.ml2.plugin [None req-e1b9642f-c7fd-4d8b-9237-d06475c9e1e4 - - - - - -] Attempt 1 to provision port 8d32d65b-dc4c-493c-95fa-674acca17534
2026-04-17 05:09:52.829 16 INFO neutron.plugins.ml2.plugin [None req-e1b9642f-c7fd-4d8b-9237-d06475c9e1e4 - - - - - -] Attempt 1 to provision port 9119f32a-8afa-4478-9a1d-cb952e561ea7
2026-04-17 05:09:56.696 13 INFO neutron.plugins.ml2.plugin [None req-efbc37f1-4c89-4e1a-a130-a737ba7221ba - - - - - -] Attempt 1 to provision port ac3bb811-c71c-4888-8ce6-7751eed0b6b1
2026-04-17 05:09:57.142 13 INFO neutron.plugins.ml2.plugin [None req-efbc37f1-4c89-4e1a-a130-a737ba7221ba - - - - - -] Attempt 1 to provision port e0622a42-81b1-465c-8370-9b73ccf07d79
2026-04-17 05:09:58.781 16 INFO neutron.plugins.ml2.plugin [None req-efbc37f1-4c89-4e1a-a130-a737ba7221ba - - - - - -] Attempt 1 to provision port ac3bb811-c71c-4888-8ce6-7751eed0b6b1
2026-04-17 05:09:58.987 16 INFO neutron.plugins.ml2.plugin [None req-efbc37f1-4c89-4e1a-a130-a737ba7221ba - - - - - -] Attempt 1 to provision port e0622a42-81b1-465c-8370-9b73ccf07d79
2026-04-17 05:10:01.949 16 INFO neutron.plugins.ml2.plugin [None req-89561766-98d6-45ec-a14f-73d439e3c966 - - - - - -] Attempt 1 to provision port 8d32d65b-dc4c-493c-95fa-674acca17534
2026-04-17 05:10:02.018 16 INFO neutron.plugins.ml2.plugin [None req-89561766-98d6-45ec-a14f-73d439e3c966 - - - - - -] Attempt 1 to provision port fa4706ca-b147-4786-9982-e06d56cd91bf
2026-04-17 05:10:02.078 16 INFO neutron.plugins.ml2.plugin [None req-89561766-98d6-45ec-a14f-73d439e3c966 - - - - - -] Attempt 1 to provision port ac3bb811-c71c-4888-8ce6-7751eed0b6b1
2026-04-17 05:10:02.185 16 INFO neutron.plugins.ml2.plugin [None req-89561766-98d6-45ec-a14f-73d439e3c966 - - - - - -] Attempt 1 to provision port 19fd2c00-6aa0-4570-8625-6b8a3cf8c29e
2026-04-17 05:10:06.961 13 INFO neutron.plugins.ml2.plugin [None req-a6e7339a-8087-437a-91fe-ec9445eef66d - - - - - -] Attempt 1 to provision port 19fd2c00-6aa0-4570-8625-6b8a3cf8c29e
2026-04-17 05:10:11.820 16 INFO neutron.plugins.ml2.plugin [None req-efbc37f1-4c89-4e1a-a130-a737ba7221ba - - - - - -] Attempt 1 to provision port bfddef4a-8eda-4b91-bd81-194390c47f88
2026-04-17 05:10:11.951 16 INFO neutron.notifiers.nova [-] Nova event matching ['req-38d7fd65-e913-451d-be86-f3d3a871f370'] response: {'server_uuid': '00d22407-4eb4-47b2-bb72-a3efce464acb', 'name': 'network-vif-plugged', 'status': 'completed', 'tag': 'bfddef4a-8eda-4b91-bd81-194390c47f88', 'code': 200}
2026-04-17 05:10:12.304 16 INFO neutron.plugins.ml2.plugin [None req-efbc37f1-4c89-4e1a-a130-a737ba7221ba - - - - - -] Attempt 1 to provision port 4895d0ed-d18d-4a1c-8b6b-eeb4dfcf84fe
2026-04-17 05:10:12.776 16 INFO neutron.plugins.ml2.plugin [None req-efbc37f1-4c89-4e1a-a130-a737ba7221ba - - - - - -] Attempt 1 to provision port 8d32d65b-dc4c-493c-95fa-674acca17534
2026-04-17 05:10:14.738 16 INFO neutron.plugins.ml2.plugin [None req-efbc37f1-4c89-4e1a-a130-a737ba7221ba - - - - - -] Attempt 1 to provision port bfddef4a-8eda-4b91-bd81-194390c47f88
2026-04-17 05:10:14.970 16 INFO neutron.plugins.ml2.plugin [None req-efbc37f1-4c89-4e1a-a130-a737ba7221ba - - - - - -] Attempt 1 to provision port 19fd2c00-6aa0-4570-8625-6b8a3cf8c29e
2026-04-17 05:10:15.272 16 INFO neutron.plugins.ml2.plugin [None req-efbc37f1-4c89-4e1a-a130-a737ba7221ba - - - - - -] Attempt 1 to provision port 8d32d65b-dc4c-493c-95fa-674acca17534
2026-04-17 05:10:15.510 16 INFO neutron.plugins.ml2.plugin [None req-efbc37f1-4c89-4e1a-a130-a737ba7221ba - - - - - -] Attempt 1 to provision port 4895d0ed-d18d-4a1c-8b6b-eeb4dfcf84fe
2026-04-17 05:10:15.673 16 INFO neutron.plugins.ml2.plugin [None req-efbc37f1-4c89-4e1a-a130-a737ba7221ba - - - - - -] Attempt 1 to provision port fa4706ca-b147-4786-9982-e06d56cd91bf
2026-04-17 05:10:16.673 13 INFO neutron.plugins.ml2.plugin [None req-efbc37f1-4c89-4e1a-a130-a737ba7221ba - - - - - -] Attempt 1 to provision port fa4706ca-b147-4786-9982-e06d56cd91bf
2026-04-17 05:10:16.861 13 INFO neutron.plugins.ml2.plugin [None req-efbc37f1-4c89-4e1a-a130-a737ba7221ba - - - - - -] Attempt 1 to provision port 19fd2c00-6aa0-4570-8625-6b8a3cf8c29e
2026-04-17 05:10:20.672 16 INFO neutron.plugins.ml2.plugin [None req-efbc37f1-4c89-4e1a-a130-a737ba7221ba - - - - - -] Attempt 1 to provision port 53f468bb-4117-44eb-931d-ebad6de4e933
2026-04-17 05:10:22.674 16 INFO neutron.plugins.ml2.plugin [None req-efbc37f1-4c89-4e1a-a130-a737ba7221ba - - - - - -] Attempt 1 to provision port 53f468bb-4117-44eb-931d-ebad6de4e933
2026-04-17 05:10:24.686 16 INFO neutron.plugins.ml2.plugin [None req-efbc37f1-4c89-4e1a-a130-a737ba7221ba - - - - - -] Attempt 1 to provision port 4f0a0e49-6582-4eca-9f89-1e7ed35e9863
2026-04-17 05:10:26.766 13 INFO neutron.plugins.ml2.plugin [None req-efbc37f1-4c89-4e1a-a130-a737ba7221ba - - - - - -] Attempt 1 to provision port fb3d9eb0-babc-4136-8a55-ee49bae2ba5a
2026-04-17 05:10:27.135 13 INFO neutron.plugins.ml2.plugin [None req-efbc37f1-4c89-4e1a-a130-a737ba7221ba - - - - - -] Attempt 1 to provision port 4f0a0e49-6582-4eca-9f89-1e7ed35e9863
2026-04-17 05:10:29.008 16 INFO neutron.plugins.ml2.plugin [None req-efbc37f1-4c89-4e1a-a130-a737ba7221ba - - - - - -] Attempt 1 to provision port fb3d9eb0-babc-4136-8a55-ee49bae2ba5a
2026-04-17 05:10:30.815 16 INFO neutron.plugins.ml2.plugin [None req-efbc37f1-4c89-4e1a-a130-a737ba7221ba - - - - - -] Attempt 1 to provision port a332b73d-8f8e-4d9e-8519-cb02e8c0ec67
2026-04-17 05:10:32.735 16 INFO neutron.plugins.ml2.plugin [None req-efbc37f1-4c89-4e1a-a130-a737ba7221ba - - - - - -] Attempt 1 to provision port a332b73d-8f8e-4d9e-8519-cb02e8c0ec67
2026-04-17 05:10:33.481 13 INFO neutron.plugins.ml2.plugin [None req-51ad102d-cc0b-490a-89f7-b8106fd236f8 - - - - - -] Attempt 1 to provision port b2bdb03b-bee9-4155-87a3-1c5455e51d42
2026-04-17 05:10:33.506 13 INFO neutron.plugins.ml2.plugin [None req-51ad102d-cc0b-490a-89f7-b8106fd236f8 - - - - - -] Attempt 1 to provision port fb3d9eb0-babc-4136-8a55-ee49bae2ba5a
2026-04-17 05:10:33.562 13 INFO neutron.plugins.ml2.plugin [None req-51ad102d-cc0b-490a-89f7-b8106fd236f8 - - - - - -] Attempt 1 to provision port cfe1b3da-0af2-41b7-afde-572174d6f179
2026-04-17 05:10:33.606 13 INFO neutron.plugins.ml2.plugin [None req-51ad102d-cc0b-490a-89f7-b8106fd236f8 - - - - - -] Attempt 1 to provision port a332b73d-8f8e-4d9e-8519-cb02e8c0ec67
2026-04-17 05:10:33.675 13 INFO neutron.plugins.ml2.plugin [None req-51ad102d-cc0b-490a-89f7-b8106fd236f8 - - - - - -] Attempt 1 to provision port 53f468bb-4117-44eb-931d-ebad6de4e933
2026-04-17 05:10:33.727 13 INFO neutron.plugins.ml2.plugin [None req-51ad102d-cc0b-490a-89f7-b8106fd236f8 - - - - - -] Attempt 1 to provision port 1ceb1103-b471-4ed6-91a4-fd0e52cbfd40
2026-04-17 05:10:39.311 13 INFO neutron.plugins.ml2.plugin [None req-efbc37f1-4c89-4e1a-a130-a737ba7221ba - - - - - -] Attempt 1 to provision port 9a9c674c-4c5f-4d74-afdf-d66b40a44988
2026-04-17 05:10:39.418 13 INFO neutron.notifiers.nova [-] Nova event matching ['req-4e5d5a95-d993-46d4-99c5-9fe541cd8b02'] response: {'server_uuid': '3461db0d-1047-43c5-a31d-d09bf75bd8c8', 'name': 'network-vif-plugged', 'status': 'completed', 'tag': '9a9c674c-4c5f-4d74-afdf-d66b40a44988', 'code': 200}
2026-04-17 05:10:40.982 16 INFO neutron.plugins.ml2.plugin [None req-efbc37f1-4c89-4e1a-a130-a737ba7221ba - - - - - -] Attempt 1 to provision port 9a9c674c-4c5f-4d74-afdf-d66b40a44988
2026-04-17 05:10:41.356 13 INFO neutron.plugins.ml2.plugin [None req-75d2d472-e648-429b-9f2c-9975258c2093 - - - - - -] Attempt 1 to provision port b2bdb03b-bee9-4155-87a3-1c5455e51d42
2026-04-17 05:10:41.421 13 INFO neutron.plugins.ml2.plugin [None req-75d2d472-e648-429b-9f2c-9975258c2093 - - - - - -] Attempt 1 to provision port 9a9c674c-4c5f-4d74-afdf-d66b40a44988
2026-04-17 05:10:41.560 13 INFO neutron.plugins.ml2.plugin [None req-75d2d472-e648-429b-9f2c-9975258c2093 - - - - - -] Attempt 1 to provision port fb3d9eb0-babc-4136-8a55-ee49bae2ba5a
2026-04-17 05:10:41.672 13 INFO neutron.plugins.ml2.plugin [None req-75d2d472-e648-429b-9f2c-9975258c2093 - - - - - -] Attempt 1 to provision port a89325f6-0ae8-4b54-a563-f8792be3b16f
2026-04-17 05:10:41.930 13 INFO neutron.plugins.ml2.plugin [None req-75d2d472-e648-429b-9f2c-9975258c2093 - - - - - -] Attempt 1 to provision port a332b73d-8f8e-4d9e-8519-cb02e8c0ec67
2026-04-17 05:10:42.021 13 INFO neutron.plugins.ml2.plugin [None req-75d2d472-e648-429b-9f2c-9975258c2093 - - - - - -] Attempt 1 to provision port 53f468bb-4117-44eb-931d-ebad6de4e933
2026-04-17 05:10:42.156 13 INFO neutron.plugins.ml2.plugin [None req-75d2d472-e648-429b-9f2c-9975258c2093 - - - - - -] Attempt 1 to provision port 1ceb1103-b471-4ed6-91a4-fd0e52cbfd40
2026-04-17 05:10:43.093 16 INFO neutron.plugins.ml2.plugin [None req-efbc37f1-4c89-4e1a-a130-a737ba7221ba - - - - - -] Attempt 1 to provision port cfe1b3da-0af2-41b7-afde-572174d6f179
2026-04-17 05:10:43.380 16 INFO neutron.plugins.ml2.plugin [None req-efbc37f1-4c89-4e1a-a130-a737ba7221ba - - - - - -] Attempt 1 to provision port a89325f6-0ae8-4b54-a563-f8792be3b16f
2026-04-17 05:10:43.521 16 INFO neutron.plugins.ml2.plugin [None req-efbc37f1-4c89-4e1a-a130-a737ba7221ba - - - - - -] Attempt 1 to provision port b2bdb03b-bee9-4155-87a3-1c5455e51d42
2026-04-17 05:10:43.780 16 INFO neutron.plugins.ml2.plugin [None req-efbc37f1-4c89-4e1a-a130-a737ba7221ba - - - - - -] Attempt 1 to provision port 1ceb1103-b471-4ed6-91a4-fd0e52cbfd40
2026-04-17 05:10:44.898 13 INFO neutron.plugins.ml2.plugin [None req-efbc37f1-4c89-4e1a-a130-a737ba7221ba - - - - - -] Attempt 1 to provision port cfe1b3da-0af2-41b7-afde-572174d6f179
2026-04-17 05:10:45.047 13 INFO neutron.plugins.ml2.plugin [None req-efbc37f1-4c89-4e1a-a130-a737ba7221ba - - - - - -] Attempt 1 to provision port b2bdb03b-bee9-4155-87a3-1c5455e51d42
2026-04-17 05:10:53.029 16 INFO neutron.plugins.ml2.plugin [None req-0a30e04c-32e9-417b-aff8-2b627887a761 - - - - - -] Attempt 1 to provision port b2bdb03b-bee9-4155-87a3-1c5455e51d42
2026-04-17 05:10:53.088 16 INFO neutron.plugins.ml2.plugin [None req-0a30e04c-32e9-417b-aff8-2b627887a761 - - - - - -] Attempt 1 to provision port a89325f6-0ae8-4b54-a563-f8792be3b16f
2026-04-17 05:10:53.147 16 INFO neutron.plugins.ml2.plugin [None req-0a30e04c-32e9-417b-aff8-2b627887a761 - - - - - -] Attempt 1 to provision port 1ceb1103-b471-4ed6-91a4-fd0e52cbfd40
2026-04-17 05:10:53.206 16 INFO neutron.plugins.ml2.plugin [None req-0a30e04c-32e9-417b-aff8-2b627887a761 - - - - - -] Attempt 1 to provision port 9a9c674c-4c5f-4d74-afdf-d66b40a44988
2026-04-17 05:10:53.248 16 INFO neutron.plugins.ml2.plugin [None req-0a30e04c-32e9-417b-aff8-2b627887a761 - - - - - -] Attempt 1 to provision port fb3d9eb0-babc-4136-8a55-ee49bae2ba5a
2026-04-17 05:10:53.294 16 INFO neutron.plugins.ml2.plugin [None req-0a30e04c-32e9-417b-aff8-2b627887a761 - - - - - -] Attempt 1 to provision port a332b73d-8f8e-4d9e-8519-cb02e8c0ec67
2026-04-17 05:10:56.922 13 INFO neutron.plugins.ml2.plugin [None req-efbc37f1-4c89-4e1a-a130-a737ba7221ba - - - - - -] Attempt 1 to provision port c80e2d51-6efc-4ba7-8ed8-55d7b911e8e5
2026-04-17 05:10:57.047 13 INFO neutron.notifiers.nova [-] Nova event matching ['req-ae11dc64-d91d-4bfa-97f6-ff2092978450'] response: {'server_uuid': '37db655d-d409-49e6-87e6-cd21bbeac89e', 'name': 'network-vif-plugged', 'status': 'completed', 'tag': 'c80e2d51-6efc-4ba7-8ed8-55d7b911e8e5', 'code': 200}
2026-04-17 05:10:58.904 16 INFO neutron.plugins.ml2.plugin [None req-efbc37f1-4c89-4e1a-a130-a737ba7221ba - - - - - -] Attempt 1 to provision port c80e2d51-6efc-4ba7-8ed8-55d7b911e8e5
2026-04-17 05:11:00.737 16 INFO neutron.plugins.ml2.plugin [None req-47563ff0-f4f2-4149-944e-05abe047eb4e - - - - - -] Attempt 1 to provision port 1ceb1103-b471-4ed6-91a4-fd0e52cbfd40
2026-04-17 05:11:00.800 16 INFO neutron.plugins.ml2.plugin [None req-47563ff0-f4f2-4149-944e-05abe047eb4e - - - - - -] Attempt 1 to provision port b2bdb03b-bee9-4155-87a3-1c5455e51d42
2026-04-17 05:11:00.854 16 INFO neutron.plugins.ml2.plugin [None req-47563ff0-f4f2-4149-944e-05abe047eb4e - - - - - -] Attempt 1 to provision port a89325f6-0ae8-4b54-a563-f8792be3b16f
2026-04-17 05:11:10.015 13 INFO neutron.plugins.ml2.plugin [None req-62a801bd-2c9c-4985-adaa-860c7b8dc3e5 - - - - - -] Attempt 1 to provision port c80e2d51-6efc-4ba7-8ed8-55d7b911e8e5
2026-04-17 05:11:10.070 13 INFO neutron.plugins.ml2.plugin [None req-62a801bd-2c9c-4985-adaa-860c7b8dc3e5 - - - - - -] Attempt 1 to provision port 9a9c674c-4c5f-4d74-afdf-d66b40a44988
2026-04-17 05:11:31.978 16 INFO neutron.plugins.ml2.plugin [None req-6adb00dc-8aca-418e-b9de-56448e3424d8 - - - - - -] Attempt 1 to provision port 1084cfff-2632-4f7d-9981-c482ca07b320
2026-04-17 05:11:53.435 16 INFO neutron.plugins.ml2.plugin [None req-efbc37f1-4c89-4e1a-a130-a737ba7221ba - - - - - -] Attempt 1 to provision port 23939574-791e-487d-8072-c6aa18023a08
2026-04-17 05:11:53.545 16 INFO neutron.notifiers.nova [-] Nova event matching ['req-fd61749a-ec08-4138-b27c-5e227a14650d'] response: {'server_uuid': '1ed544a8-f390-478a-880f-0e59247b5e9f', 'name': 'network-vif-plugged', 'status': 'completed', 'tag': '23939574-791e-487d-8072-c6aa18023a08', 'code': 200}
2026-04-17 05:11:54.902 13 INFO neutron.plugins.ml2.plugin [None req-efbc37f1-4c89-4e1a-a130-a737ba7221ba - - - - - -] Attempt 1 to provision port 23939574-791e-487d-8072-c6aa18023a08
2026-04-17 05:12:38.417 13 INFO neutron.plugins.ml2.plugin [None req-b0c83d75-fb5e-4e7b-9b77-027cac2f5ed4 - - - - - -] Attempt 1 to provision port d80e102a-2e52-4b73-91ae-518e28509476
2026-04-17 05:12:44.944 16 INFO neutron.plugins.ml2.plugin [None req-efbc37f1-4c89-4e1a-a130-a737ba7221ba - - - - - -] Attempt 1 to provision port d80e102a-2e52-4b73-91ae-518e28509476
2026-04-17 05:12:45.105 16 INFO neutron.notifiers.nova [-] Nova event matching ['req-b1bac704-5a70-46c4-b279-fe800620b3db'] response: {'server_uuid': '1ed544a8-f390-478a-880f-0e59247b5e9f', 'name': 'network-vif-plugged', 'status': 'completed', 'tag': 'd80e102a-2e52-4b73-91ae-518e28509476', 'code': 200}
2026-04-17 05:12:46.918 13 INFO neutron.plugins.ml2.plugin [None req-efbc37f1-4c89-4e1a-a130-a737ba7221ba - - - - - -] Attempt 1 to provision port d80e102a-2e52-4b73-91ae-518e28509476
2026-04-17 05:12:49.434 16 INFO neutron.plugins.ml2.plugin [None req-efbc37f1-4c89-4e1a-a130-a737ba7221ba - - - - - -] Attempt 1 to provision port d80e102a-2e52-4b73-91ae-518e28509476
2026-04-17 05:13:07.665 13 INFO neutron.plugins.ml2.plugin [None req-3e330c34-c7fb-4deb-8354-761f5749f5fc - - - - - -] Attempt 1 to provision port 399dedbe-1280-4421-b5bc-a74b12e1da32
2026-04-17 05:13:14.490 13 INFO neutron.plugins.ml2.plugin [None req-efbc37f1-4c89-4e1a-a130-a737ba7221ba - - - - - -] Attempt 1 to provision port 399dedbe-1280-4421-b5bc-a74b12e1da32
2026-04-17 05:13:14.661 13 INFO neutron.notifiers.nova [-] Nova event matching ['req-a3ecf5d6-5b24-4da3-91c5-0944e35fd12b'] response: {'server_uuid': '1ed544a8-f390-478a-880f-0e59247b5e9f', 'name': 'network-vif-plugged', 'status': 'completed', 'tag': '399dedbe-1280-4421-b5bc-a74b12e1da32', 'code': 200}
2026-04-17 05:13:15.106 16 INFO neutron.plugins.ml2.plugin [None req-efbc37f1-4c89-4e1a-a130-a737ba7221ba - - - - - -] Attempt 1 to provision port 399dedbe-1280-4421-b5bc-a74b12e1da32
2026-04-17 05:13:28.554 16 INFO neutron.plugins.ml2.plugin [None req-d8494303-790e-47de-8c9d-e730b3989377 - - - - - -] Attempt 1 to provision port e11bbaff-7d97-48a0-90c1-4c83e00bd3aa
2026-04-17 05:13:35.149 13 INFO neutron.plugins.ml2.plugin [None req-efbc37f1-4c89-4e1a-a130-a737ba7221ba - - - - - -] Attempt 1 to provision port e11bbaff-7d97-48a0-90c1-4c83e00bd3aa
2026-04-17 05:13:35.273 13 INFO neutron.notifiers.nova [-] Nova event matching ['req-7242473f-63cb-48c9-867a-5c6ba813cba0'] response: {'server_uuid': '1ed544a8-f390-478a-880f-0e59247b5e9f', 'name': 'network-vif-plugged', 'status': 'completed', 'tag': 'e11bbaff-7d97-48a0-90c1-4c83e00bd3aa', 'code': 200}
2026-04-17 05:13:37.132 16 INFO neutron.plugins.ml2.plugin [None req-efbc37f1-4c89-4e1a-a130-a737ba7221ba - - - - - -] Attempt 1 to provision port e11bbaff-7d97-48a0-90c1-4c83e00bd3aa
2026-04-17 05:13:39.180 13 INFO neutron.plugins.ml2.plugin [None req-3ace9ac1-6ef9-4d37-b33c-8cf527dca599 - - - - - -] Attempt 1 to provision port 399dedbe-1280-4421-b5bc-a74b12e1da32
2026-04-17 05:13:52.803 13 INFO neutron.plugins.ml2.plugin [None req-9c6aaad8-06a4-487f-a8c5-df5cf493b069 - - - - - -] Attempt 1 to provision port e11bbaff-7d97-48a0-90c1-4c83e00bd3aa
2026-04-17 05:13:53.207 16 INFO neutron.plugins.ml2.plugin [None req-efbc37f1-4c89-4e1a-a130-a737ba7221ba - - - - - -] Attempt 1 to provision port e11bbaff-7d97-48a0-90c1-4c83e00bd3aa
2026-04-17 05:13:54.258 16 INFO neutron.plugins.ml2.plugin [None req-67f027d1-5200-46fd-ae61-4767487b8463 - - - - - -] Attempt 1 to provision port e11bbaff-7d97-48a0-90c1-4c83e00bd3aa
2026-04-17 05:14:02.681 16 INFO neutron.plugins.ml2.plugin [None req-c8e75b39-9565-445d-9115-3963db45fb80 - - - - - -] Attempt 1 to provision port 399dedbe-1280-4421-b5bc-a74b12e1da32
2026-04-17 05:14:03.158 13 INFO neutron.plugins.ml2.plugin [None req-efbc37f1-4c89-4e1a-a130-a737ba7221ba - - - - - -] Attempt 1 to provision port 399dedbe-1280-4421-b5bc-a74b12e1da32
2026-04-17 05:14:35.285 13 INFO neutron.notifiers.nova [-] Nova event matching ['req-62eba5d8-3c72-4e89-9404-679e0daca085'] response: {'server_uuid': '37db655d-d409-49e6-87e6-cd21bbeac89e', 'name': 'network-vif-unplugged', 'status': 'completed', 'tag': 'c80e2d51-6efc-4ba7-8ed8-55d7b911e8e5', 'code': 200}