May 22 05:09:52.311776 np0000176183 devstack@neutron-api.service[103081]: DEBUG ovsdbapp.backend.ovs_idl [None req-eaea4939-b3c9-4f91-95e5-6d3b18fc039d None None] Created lookup_table index Port_Binding.logical_port {{(pid=103081) autocreate_indices /opt/stack/data/venv/lib/python3.12/site-packages/ovsdbapp/backend/ovs_idl/__init__.py:87}}
May 22 05:09:52.311776 np0000176183 devstack@neutron-api.service[103081]: DEBUG ovsdbapp.backend.ovs_idl [None req-eaea4939-b3c9-4f91-95e5-6d3b18fc039d None None] Created schema index Chassis_Private.name {{(pid=103081) autocreate_indices /opt/stack/data/venv/lib/python3.12/site-packages/ovsdbapp/backend/ovs_idl/__init__.py:106}}
May 22 05:09:52.311900 np0000176183 devstack@neutron-api.service[103081]: DEBUG ovsdbapp.backend.ovs_idl [None req-eaea4939-b3c9-4f91-95e5-6d3b18fc039d None None] Created schema index Datapath_Binding.tunnel_key {{(pid=103081) autocreate_indices /opt/stack/data/venv/lib/python3.12/site-packages/ovsdbapp/backend/ovs_idl/__init__.py:106}}
May 22 05:09:52.313943 np0000176183 devstack@neutron-api.service[103081]: INFO ovsdbapp.backend.ovs_idl.vlog [None req-eaea4939-b3c9-4f91-95e5-6d3b18fc039d None None] ssl:199.204.45.22:6642: connecting...
May 22 05:09:52.319644 np0000176183 devstack@neutron-api.service[103081]: INFO ovsdbapp.backend.ovs_idl.vlog [None req-eaea4939-b3c9-4f91-95e5-6d3b18fc039d None None] ssl:199.204.45.22:6642: connected
May 22 05:09:52.327124 np0000176183 devstack@neutron-api.service[103082]: DEBUG neutron.common.ovn.hash_ring_manager [None req-f3bdef88-a91a-46fd-8702-0cfe3843da85 None None] Allow caching, nodes 4>=4 {{(pid=103082) _wait_startup_before_caching /opt/stack/neutron/neutron/common/ovn/hash_ring_manager.py:65}}
May 22 05:09:52.331050 np0000176183 devstack@neutron-api.service[103082]: DEBUG neutron.common.ovn.hash_ring_manager [None req-f3bdef88-a91a-46fd-8702-0cfe3843da85 None None] Hash Ring loaded. 4 active nodes. 0 offline nodes {{(pid=103082) _load_hash_ring /opt/stack/neutron/neutron/common/ovn/hash_ring_manager.py:102}}
May 22 05:09:52.331237 np0000176183 devstack@neutron-api.service[103082]: DEBUG neutron.plugins.ml2.drivers.ovn.mech_driver.ovsdb.ovsdb_monitor [None req-f3bdef88-a91a-46fd-8702-0cfe3843da85 None None] ChassisOVNAgentWriteEvent : Matched Chassis_Private, create, None None {{(pid=103082) matches /opt/stack/neutron/neutron/plugins/ml2/drivers/ovn/mech_driver/ovsdb/ovsdb_monitor.py:64}}
May 22 05:09:52.331343 np0000176183 devstack@neutron-api.service[103082]: DEBUG neutron.plugins.ml2.drivers.ovn.mech_driver.ovsdb.ovsdb_monitor [None req-f3bdef88-a91a-46fd-8702-0cfe3843da85 None None] ChassisAgentWriteEvent : Matched Chassis_Private, create, None None {{(pid=103082) matches /opt/stack/neutron/neutron/plugins/ml2/drivers/ovn/mech_driver/ovsdb/ovsdb_monitor.py:64}}
May 22 05:09:52.331696 np0000176183 devstack@neutron-api.service[103082]: DEBUG neutron.plugins.ml2.drivers.ovn.mech_driver.ovsdb.ovsdb_monitor [None req-f3bdef88-a91a-46fd-8702-0cfe3843da85 None None] Hash Ring: Node af5e6ce3b5be5030b5a564e818c4a374 (host: np0000176183) handling event "create" for row c7b33e88-5f13-410b-ac88-8656e6d33b89 (table: Chassis_Private) {{(pid=103082) notify /opt/stack/neutron/neutron/plugins/ml2/drivers/ovn/mech_driver/ovsdb/ovsdb_monitor.py:986}}
May 22 05:09:52.334487 np0000176183 devstack@neutron-api.service[103082]: INFO neutron.plugins.ml2.drivers.ovn.mech_driver.mech_driver [None req-f3bdef88-a91a-46fd-8702-0cfe3843da85 None None] WorkerService process has finished the post initialization
May 22 05:09:52.336372 np0000176183 devstack@neutron-api.service[103082]: WSGI app 0 (mountpoint='') ready in 7 seconds on interpreter 0x7350466a3668 pid: 103082 (default app)
May 22 05:09:52.342974 np0000176183 devstack@neutron-api.service[103083]: DEBUG ovsdbapp.backend.ovs_idl [None req-eefbdc45-a764-4977-8596-1747da47be4d None None] Created lookup_table index Logical_Switch.name {{(pid=103083) autocreate_indices /opt/stack/data/venv/lib/python3.12/site-packages/ovsdbapp/backend/ovs_idl/__init__.py:87}}
May 22 05:09:52.343759 np0000176183 devstack@neutron-api.service[103083]: DEBUG ovsdbapp.backend.ovs_idl [None req-eefbdc45-a764-4977-8596-1747da47be4d None None] Created lookup_table index Logical_Router.name {{(pid=103083) autocreate_indices /opt/stack/data/venv/lib/python3.12/site-packages/ovsdbapp/backend/ovs_idl/__init__.py:87}}
May 22 05:09:52.343759 np0000176183 devstack@neutron-api.service[103083]: DEBUG ovsdbapp.backend.ovs_idl [None req-eefbdc45-a764-4977-8596-1747da47be4d None None] Created lookup_table index Load_Balancer.name {{(pid=103083) autocreate_indices /opt/stack/data/venv/lib/python3.12/site-packages/ovsdbapp/backend/ovs_idl/__init__.py:87}}
May 22 05:09:52.343759 np0000176183 devstack@neutron-api.service[103083]: DEBUG ovsdbapp.backend.ovs_idl [None req-eefbdc45-a764-4977-8596-1747da47be4d None None] Created schema index Copp.name {{(pid=103083) autocreate_indices /opt/stack/data/venv/lib/python3.12/site-packages/ovsdbapp/backend/ovs_idl/__init__.py:106}}
May 22 05:09:52.343759 np0000176183 devstack@neutron-api.service[103083]: DEBUG ovsdbapp.backend.ovs_idl [None req-eefbdc45-a764-4977-8596-1747da47be4d None None] Created schema index Meter.name {{(pid=103083) autocreate_indices /opt/stack/data/venv/lib/python3.12/site-packages/ovsdbapp/backend/ovs_idl/__init__.py:106}}
May 22 05:09:52.343759 np0000176183 devstack@neutron-api.service[103083]: DEBUG ovsdbapp.backend.ovs_idl [None req-eefbdc45-a764-4977-8596-1747da47be4d None None] Created schema index Load_Balancer_Group.name {{(pid=103083) autocreate_indices /opt/stack/data/venv/lib/python3.12/site-packages/ovsdbapp/backend/ovs_idl/__init__.py:106}}
May 22 05:09:52.344301 np0000176183 devstack@neutron-api.service[103083]: DEBUG ovsdbapp.backend.ovs_idl [None req-eefbdc45-a764-4977-8596-1747da47be4d None None] Created schema index HA_Chassis_Group.name {{(pid=103083) autocreate_indices /opt/stack/data/venv/lib/python3.12/site-packages/ovsdbapp/backend/ovs_idl/__init__.py:106}}
May 22 05:09:52.344301 np0000176183 devstack@neutron-api.service[103083]: DEBUG ovsdbapp.backend.ovs_idl [None req-eefbdc45-a764-4977-8596-1747da47be4d None None] Created schema index Address_Set.name {{(pid=103083) autocreate_indices /opt/stack/data/venv/lib/python3.12/site-packages/ovsdbapp/backend/ovs_idl/__init__.py:106}}
May 22 05:09:52.344301 np0000176183 devstack@neutron-api.service[103083]: DEBUG ovsdbapp.backend.ovs_idl [None req-eefbdc45-a764-4977-8596-1747da47be4d None None] Created schema index Connection.target {{(pid=103083) autocreate_indices /opt/stack/data/venv/lib/python3.12/site-packages/ovsdbapp/backend/ovs_idl/__init__.py:106}}
May 22 05:09:52.344301 np0000176183 devstack@neutron-api.service[103083]: DEBUG ovsdbapp.backend.ovs_idl [None req-eefbdc45-a764-4977-8596-1747da47be4d None None] Created schema index Gateway_Chassis.name {{(pid=103083) autocreate_indices /opt/stack/data/venv/lib/python3.12/site-packages/ovsdbapp/backend/ovs_idl/__init__.py:106}}
May 22 05:09:52.344604 np0000176183 devstack@neutron-api.service[103083]: DEBUG ovsdbapp.backend.ovs_idl [None req-eefbdc45-a764-4977-8596-1747da47be4d None None] Created schema index Mirror.name {{(pid=103083) autocreate_indices /opt/stack/data/venv/lib/python3.12/site-packages/ovsdbapp/backend/ovs_idl/__init__.py:106}}
May 22 05:09:52.344604 np0000176183 devstack@neutron-api.service[103083]: DEBUG ovsdbapp.backend.ovs_idl [None req-eefbdc45-a764-4977-8596-1747da47be4d None None] Created schema index Chassis_Template_Var.chassis {{(pid=103083) autocreate_indices /opt/stack/data/venv/lib/python3.12/site-packages/ovsdbapp/backend/ovs_idl/__init__.py:106}}
May 22 05:09:52.344604 np0000176183 devstack@neutron-api.service[103083]: DEBUG ovsdbapp.backend.ovs_idl [None req-eefbdc45-a764-4977-8596-1747da47be4d None None] Created schema index Logical_Router_Port.name {{(pid=103083) autocreate_indices /opt/stack/data/venv/lib/python3.12/site-packages/ovsdbapp/backend/ovs_idl/__init__.py:106}}
May 22 05:09:52.345112 np0000176183 devstack@neutron-api.service[103083]: DEBUG ovsdbapp.backend.ovs_idl [None req-eefbdc45-a764-4977-8596-1747da47be4d None None] Created schema index Port_Group.name {{(pid=103083) autocreate_indices /opt/stack/data/venv/lib/python3.12/site-packages/ovsdbapp/backend/ovs_idl/__init__.py:106}}
May 22 05:09:52.345112 np0000176183 devstack@neutron-api.service[103083]: DEBUG ovsdbapp.backend.ovs_idl [None req-eefbdc45-a764-4977-8596-1747da47be4d None None] Created schema index Logical_Switch_Port.name {{(pid=103083) autocreate_indices /opt/stack/data/venv/lib/python3.12/site-packages/ovsdbapp/backend/ovs_idl/__init__.py:106}}
May 22 05:09:52.348117 np0000176183 devstack@neutron-api.service[103083]: INFO ovsdbapp.backend.ovs_idl.vlog [None req-eefbdc45-a764-4977-8596-1747da47be4d None None] ssl:199.204.45.22:6641: connecting...
May 22 05:09:52.353343 np0000176183 devstack@neutron-api.service[103081]: DEBUG neutron.common.ovn.hash_ring_manager [None req-eaea4939-b3c9-4f91-95e5-6d3b18fc039d None None] Allow caching, nodes 4>=4 {{(pid=103081) _wait_startup_before_caching /opt/stack/neutron/neutron/common/ovn/hash_ring_manager.py:65}}
May 22 05:09:52.354348 np0000176183 devstack@neutron-api.service[103083]: INFO ovsdbapp.backend.ovs_idl.vlog [None req-eefbdc45-a764-4977-8596-1747da47be4d None None] ssl:199.204.45.22:6641: connected
May 22 05:09:52.357782 np0000176183 devstack@neutron-api.service[103081]: DEBUG neutron.common.ovn.hash_ring_manager [None req-eaea4939-b3c9-4f91-95e5-6d3b18fc039d None None] Hash Ring loaded. 4 active nodes. 0 offline nodes {{(pid=103081) _load_hash_ring /opt/stack/neutron/neutron/common/ovn/hash_ring_manager.py:102}}
May 22 05:09:52.357942 np0000176183 devstack@neutron-api.service[103081]: DEBUG neutron.plugins.ml2.drivers.ovn.mech_driver.ovsdb.ovsdb_monitor [None req-eaea4939-b3c9-4f91-95e5-6d3b18fc039d None None] ChassisAgentWriteEvent : Matched Chassis_Private, create, None None {{(pid=103081) matches /opt/stack/neutron/neutron/plugins/ml2/drivers/ovn/mech_driver/ovsdb/ovsdb_monitor.py:64}}
May 22 05:09:52.358134 np0000176183 devstack@neutron-api.service[103081]: DEBUG neutron.plugins.ml2.drivers.ovn.mech_driver.ovsdb.ovsdb_monitor [None req-eaea4939-b3c9-4f91-95e5-6d3b18fc039d None None] ChassisOVNAgentWriteEvent : Matched Chassis_Private, create, None None {{(pid=103081) matches /opt/stack/neutron/neutron/plugins/ml2/drivers/ovn/mech_driver/ovsdb/ovsdb_monitor.py:64}}
May 22 05:09:52.360892 np0000176183 devstack@neutron-api.service[103081]: INFO neutron.plugins.ml2.drivers.ovn.mech_driver.mech_driver [None req-eaea4939-b3c9-4f91-95e5-6d3b18fc039d None None] WorkerService process has finished the post initialization
May 22 05:09:52.362518 np0000176183 devstack@neutron-api.service[103081]: WSGI app 0 (mountpoint='') ready in 7 seconds on interpreter 0x7350466a3668 pid: 103081 (default app)
May 22 05:09:52.390639 np0000176183 devstack@neutron-api.service[103083]: DEBUG neutron.common.ovn.hash_ring_manager [None req-eefbdc45-a764-4977-8596-1747da47be4d None None] Allow caching, nodes 4>=4 {{(pid=103083) _wait_startup_before_caching /opt/stack/neutron/neutron/common/ovn/hash_ring_manager.py:65}}
May 22 05:09:52.396618 np0000176183 devstack@neutron-api.service[103083]: DEBUG neutron.common.ovn.hash_ring_manager [None req-eefbdc45-a764-4977-8596-1747da47be4d None None] Hash Ring loaded. 4 active nodes. 0 offline nodes {{(pid=103083) _load_hash_ring /opt/stack/neutron/neutron/common/ovn/hash_ring_manager.py:102}}
May 22 05:09:52.396835 np0000176183 devstack@neutron-api.service[103083]: DEBUG neutron.plugins.ml2.drivers.ovn.mech_driver.ovsdb.ovsdb_monitor [None req-eefbdc45-a764-4977-8596-1747da47be4d None None] Hash Ring: Node 1333a581f08f559d9a9f958afa0c52df (host: np0000176183) handling event "create" for row c5f78e3c-811c-4fb5-9fa4-fdc223dd2204 (table: ACL) {{(pid=103083) notify /opt/stack/neutron/neutron/plugins/ml2/drivers/ovn/mech_driver/ovsdb/ovsdb_monitor.py:986}}
May 22 05:09:52.398771 np0000176183 devstack@neutron-api.service[103083]: INFO neutron.plugins.ml2.drivers.ovn.mech_driver.ovsdb.impl_idl_ovn [None req-eefbdc45-a764-4977-8596-1747da47be4d None None] Getting OvsdbSbOvnIdl for WorkerService with retry
May 22 05:09:52.434189 np0000176183 devstack@neutron-api.service[103083]: DEBUG ovsdbapp.backend.ovs_idl [None req-eefbdc45-a764-4977-8596-1747da47be4d None None] Created lookup_table index Chassis.name {{(pid=103083) autocreate_indices /opt/stack/data/venv/lib/python3.12/site-packages/ovsdbapp/backend/ovs_idl/__init__.py:87}}
May 22 05:09:52.434294 np0000176183 devstack@neutron-api.service[103083]: DEBUG ovsdbapp.backend.ovs_idl [None req-eefbdc45-a764-4977-8596-1747da47be4d None None] Created lookup_table index Port_Binding.logical_port {{(pid=103083) autocreate_indices /opt/stack/data/venv/lib/python3.12/site-packages/ovsdbapp/backend/ovs_idl/__init__.py:87}}
May 22 05:09:52.434418 np0000176183 devstack@neutron-api.service[103083]: DEBUG ovsdbapp.backend.ovs_idl [None req-eefbdc45-a764-4977-8596-1747da47be4d None None] Created schema index Chassis_Private.name {{(pid=103083) autocreate_indices /opt/stack/data/venv/lib/python3.12/site-packages/ovsdbapp/backend/ovs_idl/__init__.py:106}}
May 22 05:09:52.434546 np0000176183 devstack@neutron-api.service[103083]: DEBUG ovsdbapp.backend.ovs_idl [None req-eefbdc45-a764-4977-8596-1747da47be4d None None] Created schema index Datapath_Binding.tunnel_key {{(pid=103083) autocreate_indices /opt/stack/data/venv/lib/python3.12/site-packages/ovsdbapp/backend/ovs_idl/__init__.py:106}}
May 22 05:09:52.436953 np0000176183 devstack@neutron-api.service[103083]: INFO ovsdbapp.backend.ovs_idl.vlog [None req-eefbdc45-a764-4977-8596-1747da47be4d None None] ssl:199.204.45.22:6642: connecting...
May 22 05:09:52.444230 np0000176183 devstack@neutron-api.service[103083]: INFO ovsdbapp.backend.ovs_idl.vlog [None req-eefbdc45-a764-4977-8596-1747da47be4d None None] ssl:199.204.45.22:6642: connected
May 22 05:09:52.481054 np0000176183 devstack@neutron-api.service[103083]: DEBUG neutron.common.ovn.hash_ring_manager [None req-eefbdc45-a764-4977-8596-1747da47be4d None None] Allow caching, nodes 4>=4 {{(pid=103083) _wait_startup_before_caching /opt/stack/neutron/neutron/common/ovn/hash_ring_manager.py:65}}
May 22 05:09:52.485435 np0000176183 devstack@neutron-api.service[103083]: DEBUG neutron.common.ovn.hash_ring_manager [None req-eefbdc45-a764-4977-8596-1747da47be4d None None] Hash Ring loaded. 4 active nodes. 0 offline nodes {{(pid=103083) _load_hash_ring /opt/stack/neutron/neutron/common/ovn/hash_ring_manager.py:102}}
May 22 05:09:52.485602 np0000176183 devstack@neutron-api.service[103083]: DEBUG neutron.plugins.ml2.drivers.ovn.mech_driver.ovsdb.ovsdb_monitor [None req-eefbdc45-a764-4977-8596-1747da47be4d None None] Hash Ring: Node 1333a581f08f559d9a9f958afa0c52df (host: np0000176183) handling event "create" for row 2628a093-8130-4c8e-add1-6b108de8b2bb (table: Chassis) {{(pid=103083) notify /opt/stack/neutron/neutron/plugins/ml2/drivers/ovn/mech_driver/ovsdb/ovsdb_monitor.py:986}}
May 22 05:09:52.486512 np0000176183 devstack@neutron-api.service[103083]: DEBUG ovsdbapp.backend.ovs_idl.event [None req-eefbdc45-a764-4977-8596-1747da47be4d None None] Matched CREATE: ChassisBandwidthConfigEvent(events=('create', 'update'), table='Chassis', conditions=None, old_conditions=None), priority=20 to row=Chassis(uuid=2628a093-8130-4c8e-add1-6b108de8b2bb, encaps=[e4a61f70-226d-42a6-bbe3-17b0b5b679c8], external_ids={}, hostname='np0000176183', name='bfad88f9-e707-4ed2-b217-615ac53405e0', nb_cfg=0, other_config={'ct-commit-nat-v2': 'true', 'ct-commit-to-zone': 'true', 'ct-next-zone': 'true', 'ct-no-masked-label': 'true', 'ct-state-save': 'true', 'datapath-type': 'system', 'fdb-timestamp': 'true', 'iface-types': 'afxdp,afxdp-nonpmd,bareudp,erspan,geneve,gre,gtpu,internal,ip6erspan,ip6gre,lisp,patch,srv6,stt,system,tap,vxlan', 'is-interconn': 'false', 'ls-dpg-column': 'true', 'mac-binding-timestamp': 'true', 'ovn-bridge-mappings': 'public:br-ex', 'ovn-chassis-mac-mappings': '', 'ovn-cms-options': 'enable-chassis-as-gw', 'ovn-ct-lb-related': 'true', 'ovn-enable-lflow-cache': 'true', 'ovn-limit-lflow-cache': '', 'ovn-memlimit-lflow-cache-kb': '', 'ovn-monitor-all': 'false', 'ovn-trim-limit-lflow-cache': '', 'ovn-trim-timeout-ms': '', 'ovn-trim-wmark-perc-lflow-cache': '', 'port-up-notif': 'true'}, transport_zones=[], vtep_logical_switches=[]) old= {{(pid=103083) matches /opt/stack/data/venv/lib/python3.12/site-packages/ovsdbapp/backend/ovs_idl/event.py:55}}
May 22 05:09:52.487149 np0000176183 devstack@neutron-api.service[103083]: DEBUG neutron.plugins.ml2.drivers.ovn.mech_driver.ovsdb.ovsdb_monitor [None req-eefbdc45-a764-4977-8596-1747da47be4d None None] ChassisOVNAgentWriteEvent : Matched Chassis_Private, create, None None {{(pid=103083) matches /opt/stack/neutron/neutron/plugins/ml2/drivers/ovn/mech_driver/ovsdb/ovsdb_monitor.py:64}}
May 22 05:09:52.487286 np0000176183 devstack@neutron-api.service[103083]: DEBUG neutron.plugins.ml2.drivers.ovn.mech_driver.ovsdb.ovsdb_monitor [None req-eefbdc45-a764-4977-8596-1747da47be4d None None] ChassisAgentWriteEvent : Matched Chassis_Private, create, None None {{(pid=103083) matches /opt/stack/neutron/neutron/plugins/ml2/drivers/ovn/mech_driver/ovsdb/ovsdb_monitor.py:64}}
May 22 05:09:52.489135 np0000176183 devstack@neutron-api.service[103083]: INFO neutron.plugins.ml2.drivers.ovn.mech_driver.mech_driver [None req-eefbdc45-a764-4977-8596-1747da47be4d None None] WorkerService process has finished the post initialization
May 22 05:09:52.490249 np0000176183 devstack@neutron-api.service[103083]: INFO neutron.plugins.ml2.drivers.ovn.mech_driver.ovsdb.extensions.qos [-] Starting OVNClientQosExtension
May 22 05:09:52.491281 np0000176183 devstack@neutron-api.service[103083]: INFO neutron.plugins.ml2.drivers.ovn.mech_driver.ovsdb.extensions.placement [-] Starting OVNClientPlacementExtension
May 22 05:09:52.492075 np0000176183 devstack@neutron-api.service[103083]: WSGI app 0 (mountpoint='') ready in 7 seconds on interpreter 0x7350466a3668 pid: 103083 (default app)
May 22 05:09:54.043548 np0000176183 devstack@neutron-api.service[103080]: DEBUG neutron.common.ovn.hash_ring_manager [-] Allow caching, nodes 4>=4 {{(pid=103080) _wait_startup_before_caching /opt/stack/neutron/neutron/common/ovn/hash_ring_manager.py:65}}
May 22 05:09:54.043941 np0000176183 devstack@neutron-api.service[103080]: DEBUG neutron.plugins.ml2.drivers.ovn.mech_driver.ovsdb.ovsdb_monitor [-] Hash Ring: Node 198669b932d65d17afa787f8e329dc13 (host: np0000176183) handling event "update" for row 8dea1f14-617f-4247-9d94-5e36fb3c6953 (table: Connection) {{(pid=103080) notify /opt/stack/neutron/neutron/plugins/ml2/drivers/ovn/mech_driver/ovsdb/ovsdb_monitor.py:986}}
May 22 05:09:54.044018 np0000176183 devstack@neutron-api.service[103081]: DEBUG neutron.common.ovn.hash_ring_manager [-] Allow caching, nodes 4>=4 {{(pid=103081) _wait_startup_before_caching /opt/stack/neutron/neutron/common/ovn/hash_ring_manager.py:65}}
May 22 05:09:54.044253 np0000176183 devstack@neutron-api.service[103082]: DEBUG neutron.common.ovn.hash_ring_manager [-] Allow caching, nodes 4>=4 {{(pid=103082) _wait_startup_before_caching /opt/stack/neutron/neutron/common/ovn/hash_ring_manager.py:65}}
May 22 05:09:54.044253 np0000176183 devstack@neutron-api.service[103082]: DEBUG neutron.plugins.ml2.drivers.ovn.mech_driver.ovsdb.ovsdb_monitor [-] Hash Ring: Node af5e6ce3b5be5030b5a564e818c4a374 (host: np0000176183) handling event "update" for row 8dea1f14-617f-4247-9d94-5e36fb3c6953 (table: Connection) {{(pid=103082) notify /opt/stack/neutron/neutron/plugins/ml2/drivers/ovn/mech_driver/ovsdb/ovsdb_monitor.py:986}}
May 22 05:09:56.538980 np0000176183 devstack@neutron-api.service[103082]: DEBUG neutron.plugins.ml2.drivers.ovn.mech_driver.ovsdb.ovsdb_monitor [-] Hash Ring: Node af5e6ce3b5be5030b5a564e818c4a374 (host: np0000176183) handling event "update" for row 8dea1f14-617f-4247-9d94-5e36fb3c6953 (table: Connection) {{(pid=103082) notify /opt/stack/neutron/neutron/plugins/ml2/drivers/ovn/mech_driver/ovsdb/ovsdb_monitor.py:986}}
May 22 05:09:56.540373 np0000176183 devstack@neutron-api.service[103080]: DEBUG neutron.plugins.ml2.drivers.ovn.mech_driver.ovsdb.ovsdb_monitor [-] Hash Ring: Node 198669b932d65d17afa787f8e329dc13 (host: np0000176183) handling event "update" for row 8dea1f14-617f-4247-9d94-5e36fb3c6953 (table: Connection) {{(pid=103080) notify /opt/stack/neutron/neutron/plugins/ml2/drivers/ovn/mech_driver/ovsdb/ovsdb_monitor.py:986}}
May 22 05:09:59.128687 np0000176183 devstack@neutron-api.service[103080]: DEBUG neutron.api.wsgi [None req-2e1f9c79-434c-4caa-810c-7f9cddf215e6 admin admin] Missing Content-Type {{(pid=103080) get_content_type /opt/stack/neutron/neutron/api/wsgi.py:80}}
May 22 05:09:59.129281 np0000176183 devstack@neutron-api.service[103080]: DEBUG neutron.api.wsgi [None req-2e1f9c79-434c-4caa-810c-7f9cddf215e6 admin admin] https://199.204.45.22/networking/v2.0/extensions returned with HTTP 200 {{(pid=103080) __call__ /opt/stack/neutron/neutron/api/wsgi.py:540}}
May 22 05:09:59.129413 np0000176183 devstack@neutron-api.service[103080]: [pid: 103080|app: 0|req: 2/2] 199.204.45.22 () {64 vars in 1316 bytes} [Fri May 22 05:09:58 2026] GET /networking/v2.0/extensions => generated 15209 bytes in 265 msecs (HTTP/1.1 200) 4 headers in 159 bytes (2 switches on core 0)
May 22 05:09:59.539235 np0000176183 devstack@neutron-api.service[103082]: DEBUG neutron.api.v2.base [None req-ad028bd3-21f0-4701-95ae-aedff7c95c46 admin admin] Request body: {'subnetpool': {'name': 'shared-default-subnetpool-v4', 'default_prefixlen': 26, 'shared': True, 'is_default': True, 'prefixes': ['10.1.0.0/20']}} {{(pid=103082) prepare_request_body /opt/stack/neutron/neutron/api/v2/base.py:727}}
May 22 05:09:59.753406 np0000176183 devstack@neutron-api.service[103082]: DEBUG neutron.policy [None req-ad028bd3-21f0-4701-95ae-aedff7c95c46 admin admin] Loaded default policies from ['neutron'] under neutron.policies entry points {{(pid=103082) register_rules /opt/stack/neutron/neutron/policy.py:65}}
May 22 05:09:59.913696 np0000176183 devstack@neutron-api.service[103082]: DEBUG neutron_lib.callbacks.manager [None req-ad028bd3-21f0-4701-95ae-aedff7c95c46 admin admin] Publish callbacks ['neutron.objects.securitygroup.RbacNeutronDbObjectMixin.validate_rbac_policy_change-1358592694882', 'neutron.objects.address_group.RbacNeutronDbObjectMixin.validate_rbac_policy_change-1358592589885', 'neutron.objects.network.RbacNeutronDbObjectMixin.validate_rbac_policy_change-1358592725819', 'neutron.objects.qos.policy.RbacNeutronDbObjectMixin.validate_rbac_policy_change-1358592729150', 'neutron.objects.subnetpool.RbacNeutronDbObjectMixin.validate_rbac_policy_change-1358591711290', 'neutron.objects.address_scope.RbacNeutronDbObjectMixin.validate_rbac_policy_change-1358591714933', 'neutron.plugins.ml2.plugin.External_net_db_mixin._process_ext_policy_create-946874', 'neutron.plugins.ml2.plugin.NeutronDbPluginV2.validate_network_rbac_policy_change-926402'] for rbac-policy (None), before_create {{(pid=103082) _notify_loop /opt/stack/data/venv/lib/python3.12/site-packages/neutron_lib/callbacks/manager.py:184}}
May 22 05:09:59.961354 np0000176183 devstack@neutron-api.service[103082]: DEBUG neutron_lib.callbacks.manager [None req-ad028bd3-21f0-4701-95ae-aedff7c95c46 admin admin] Publish callbacks [] for subnetpool (None), before_response {{(pid=103082) _notify_loop /opt/stack/data/venv/lib/python3.12/site-packages/neutron_lib/callbacks/manager.py:184}}
May 22 05:09:59.962395 np0000176183 devstack@neutron-api.service[103082]: [pid: 103082|app: 0|req: 1/3] 199.204.45.22 () {68 vars in 1360 bytes} [Fri May 22 05:09:59 2026] POST /networking/v2.0/subnetpools => generated 533 bytes in 530 msecs (HTTP/1.1 201) 4 headers in 162 bytes (1 switches on core 0)
May 22 05:10:00.317630 np0000176183 devstack@neutron-api.service[103081]: DEBUG neutron.api.v2.base [None req-c1b01f9d-6538-4c4f-a57d-1af3cccf3480 admin admin] Request body: {'subnetpool': {'name': 'shared-default-subnetpool-v6', 'default_prefixlen': 64, 'shared': True, 'is_default': True, 'prefixes': ['fd03:54c2:5afb::/56']}} {{(pid=103081) prepare_request_body /opt/stack/neutron/neutron/api/v2/base.py:727}}
May 22 05:10:00.503361 np0000176183 devstack@neutron-api.service[103081]: DEBUG neutron.policy [None req-c1b01f9d-6538-4c4f-a57d-1af3cccf3480 admin admin] Loaded default policies from ['neutron'] under neutron.policies entry points {{(pid=103081) register_rules /opt/stack/neutron/neutron/policy.py:65}}
May 22 05:10:00.650907 np0000176183 devstack@neutron-api.service[103081]: DEBUG neutron_lib.callbacks.manager [None req-c1b01f9d-6538-4c4f-a57d-1af3cccf3480 admin admin] Publish callbacks ['neutron.objects.securitygroup.RbacNeutronDbObjectMixin.validate_rbac_policy_change-1358592675815', 'neutron.objects.address_group.RbacNeutronDbObjectMixin.validate_rbac_policy_change-1358592583051', 'neutron.objects.network.RbacNeutronDbObjectMixin.validate_rbac_policy_change-1358592716919', 'neutron.objects.qos.policy.RbacNeutronDbObjectMixin.validate_rbac_policy_change-1358592705914', 'neutron.objects.subnetpool.RbacNeutronDbObjectMixin.validate_rbac_policy_change-1358591692068', 'neutron.objects.address_scope.RbacNeutronDbObjectMixin.validate_rbac_policy_change-1358591691775', 'neutron.plugins.ml2.plugin.External_net_db_mixin._process_ext_policy_create-237412', 'neutron.plugins.ml2.plugin.NeutronDbPluginV2.validate_network_rbac_policy_change-259724'] for rbac-policy (None), before_create {{(pid=103081) _notify_loop /opt/stack/data/venv/lib/python3.12/site-packages/neutron_lib/callbacks/manager.py:184}}
May 22 05:10:00.697699 np0000176183 devstack@neutron-api.service[103081]: DEBUG neutron_lib.callbacks.manager [None req-c1b01f9d-6538-4c4f-a57d-1af3cccf3480 admin admin] Publish callbacks [] for subnetpool (None), before_response {{(pid=103081) _notify_loop /opt/stack/data/venv/lib/python3.12/site-packages/neutron_lib/callbacks/manager.py:184}}
May 22 05:10:00.698298 np0000176183 devstack@neutron-api.service[103081]: [pid: 103081|app: 0|req: 1/4] 199.204.45.22 () {68 vars in 1360 bytes} [Fri May 22 05:10:00 2026] POST /networking/v2.0/subnetpools => generated 543 bytes in 500 msecs (HTTP/1.1 201) 4 headers in 162 bytes (1 switches on core 0)
May 22 05:10:01.114819 np0000176183 devstack@neutron-api.service[103083]: DEBUG neutron.api.v2.base [None req-dd379f9c-a75e-4721-abee-db365ec809b2 admin admin] Request body: {'network': {'name': 'private', 'admin_state_up': True}} {{(pid=103083) prepare_request_body /opt/stack/neutron/neutron/api/v2/base.py:727}}
May 22 05:10:01.149877 np0000176183 devstack@neutron-api.service[103083]: DEBUG neutron.pecan_wsgi.hooks.quota_enforcement [None req-dd379f9c-a75e-4721-abee-db365ec809b2 admin admin] Made reservation on behalf of fd5d0ebbf60945e3a11a96d5fb31a02d for: {'network': 1} {{(pid=103083) before /opt/stack/neutron/neutron/pecan_wsgi/hooks/quota_enforcement.py:66}}
May 22 05:10:01.334478 np0000176183 devstack@neutron-api.service[103083]: DEBUG neutron.policy [None req-dd379f9c-a75e-4721-abee-db365ec809b2 admin admin] Loaded default policies from ['neutron'] under neutron.policies entry points {{(pid=103083) register_rules /opt/stack/neutron/neutron/policy.py:65}}
May 22 05:10:01.444019 np0000176183 devstack@neutron-api.service[103083]: DEBUG neutron_lib.callbacks.manager [None req-dd379f9c-a75e-4721-abee-db365ec809b2 admin admin] Publish callbacks ['neutron.plugins.ml2.plugin.SecurityGroupDbMixin._ensure_default_security_group_handler-133275982'] for network (None), before_create {{(pid=103083) _notify_loop /opt/stack/data/venv/lib/python3.12/site-packages/neutron_lib/callbacks/manager.py:184}}
May 22 05:10:01.468075 np0000176183 devstack@neutron-api.service[103083]: DEBUG neutron_lib.callbacks.manager [None req-dd379f9c-a75e-4721-abee-db365ec809b2 admin admin] Publish callbacks [] for security_group (None), before_create {{(pid=103083) _notify_loop /opt/stack/data/venv/lib/python3.12/site-packages/neutron_lib/callbacks/manager.py:184}}
May 22 05:10:01.562353 np0000176183 devstack@neutron-api.service[103083]: DEBUG neutron_lib.callbacks.manager [None req-dd379f9c-a75e-4721-abee-db365ec809b2 admin admin] Publish callbacks ['neutron.plugins.ml2.drivers.ovn.mech_driver.mech_driver.OVNMechanismDriver._create_security_group_precommit-378270'] for security_group (f733b894-ca05-44d5-adbb-4938c75aa52c), precommit_create {{(pid=103083) _notify_loop /opt/stack/data/venv/lib/python3.12/site-packages/neutron_lib/callbacks/manager.py:184}}
May 22 05:10:01.562571 np0000176183 devstack@neutron-api.service[103083]: DEBUG neutron.db.ovn_revision_numbers_db [None req-dd379f9c-a75e-4721-abee-db365ec809b2 admin admin] create_initial_revision uuid=f733b894-ca05-44d5-adbb-4938c75aa52c, type=security_groups, rev=-1 {{(pid=103083) create_initial_revision /opt/stack/neutron/neutron/db/ovn_revision_numbers_db.py:98}}
May 22 05:10:01.565104 np0000176183 devstack@neutron-api.service[103083]: DEBUG neutron.db.ovn_revision_numbers_db [None req-dd379f9c-a75e-4721-abee-db365ec809b2 admin admin] create_initial_revision uuid=3ed25fbc-4cd4-439a-b187-ad6dc94a8f59, type=security_group_rules, rev=-1 {{(pid=103083) create_initial_revision /opt/stack/neutron/neutron/db/ovn_revision_numbers_db.py:98}}
May 22 05:10:01.566151 np0000176183 devstack@neutron-api.service[103083]: DEBUG neutron.db.ovn_revision_numbers_db [None req-dd379f9c-a75e-4721-abee-db365ec809b2 admin admin] create_initial_revision uuid=6e74c73a-97a8-4209-8e6c-6d6105332483, type=security_group_rules, rev=-1 {{(pid=103083) create_initial_revision /opt/stack/neutron/neutron/db/ovn_revision_numbers_db.py:98}}
May 22 05:10:01.567236 np0000176183 devstack@neutron-api.service[103083]: DEBUG neutron.db.ovn_revision_numbers_db [None req-dd379f9c-a75e-4721-abee-db365ec809b2 admin admin] create_initial_revision uuid=812554c8-b49a-4beb-9218-898010b94153, type=security_group_rules, rev=-1 {{(pid=103083) create_initial_revision /opt/stack/neutron/neutron/db/ovn_revision_numbers_db.py:98}}
May 22 05:10:01.568177 np0000176183 devstack@neutron-api.service[103083]: DEBUG neutron.db.ovn_revision_numbers_db [None req-dd379f9c-a75e-4721-abee-db365ec809b2 admin admin] create_initial_revision uuid=d9b6ba0a-fb1e-46c4-b751-045c1c22bd8b, type=security_group_rules, rev=-1 {{(pid=103083) create_initial_revision /opt/stack/neutron/neutron/db/ovn_revision_numbers_db.py:98}}
May 22 05:10:01.577060 np0000176183 devstack@neutron-api.service[103083]: DEBUG neutron_lib.callbacks.manager [None req-dd379f9c-a75e-4721-abee-db365ec809b2 admin admin] Publish callbacks ['neutron.plugins.ml2.drivers.ovn.mech_driver.mech_driver.OVNMechanismDriver._create_security_group-378336', 'neutron.plugins.ml2.ovo_rpc._ObjectChangeHandler.handle_event-2442077'] for security_group (f733b894-ca05-44d5-adbb-4938c75aa52c), after_create {{(pid=103083) _notify_loop /opt/stack/data/venv/lib/python3.12/site-packages/neutron_lib/callbacks/manager.py:184}}
May 22 05:10:01.578243 np0000176183 devstack@neutron-api.service[103083]: DEBUG ovsdbapp.backend.ovs_idl.transaction [-] Running txn n=1 command(idx=0): PgAddCommand(_result=None, name=pg_f733b894_ca05_44d5_adbb_4938c75aa52c, may_exist=False, columns={'acls': [], 'external_ids': {'neutron:security_group_id': 'f733b894-ca05-44d5-adbb-4938c75aa52c'}}) {{(pid=103083) do_commit /opt/stack/data/venv/lib/python3.12/site-packages/ovsdbapp/backend/ovs_idl/transaction.py:89}}
May 22 05:10:01.580583 np0000176183 devstack@neutron-api.service[103083]: DEBUG ovsdbapp.backend.ovs_idl.transaction [-] Running txn n=1 command(idx=1): PgAclAddCommand(_result=None, entity=pg_f733b894_ca05_44d5_adbb_4938c75aa52c, direction=from-lport, priority=1002, match=inport == @pg_f733b894_ca05_44d5_adbb_4938c75aa52c && ip4, action=allow-related, log=False, may_exist=True, severity=[], name=[], meter=[], external_ids={'neutron:security_group_rule_id': '3ed25fbc-4cd4-439a-b187-ad6dc94a8f59'}) {{(pid=103083) do_commit /opt/stack/data/venv/lib/python3.12/site-packages/ovsdbapp/backend/ovs_idl/transaction.py:89}}
May 22 05:10:01.582959 np0000176183 devstack@neutron-api.service[103083]: DEBUG ovsdbapp.backend.ovs_idl.transaction [-] Running txn n=1 command(idx=2): PgAclAddCommand(_result=None, entity=pg_f733b894_ca05_44d5_adbb_4938c75aa52c, direction=from-lport, priority=1002, match=inport == @pg_f733b894_ca05_44d5_adbb_4938c75aa52c && ip6, action=allow-related, log=False, may_exist=True, severity=[], name=[], meter=[], external_ids={'neutron:security_group_rule_id': '6e74c73a-97a8-4209-8e6c-6d6105332483'}) {{(pid=103083) do_commit /opt/stack/data/venv/lib/python3.12/site-packages/ovsdbapp/backend/ovs_idl/transaction.py:89}}
May 22 05:10:01.582959 np0000176183 devstack@neutron-api.service[103083]: DEBUG ovsdbapp.backend.ovs_idl.transaction [-] Running txn n=1 command(idx=3): PgAclAddCommand(_result=None, entity=pg_f733b894_ca05_44d5_adbb_4938c75aa52c, direction=to-lport, priority=1002, match=outport == @pg_f733b894_ca05_44d5_adbb_4938c75aa52c && ip4 && ip4.src == $pg_f733b894_ca05_44d5_adbb_4938c75aa52c_ip4, action=allow-related, log=False, may_exist=True, severity=[], name=[], meter=[], external_ids={'neutron:security_group_rule_id': '812554c8-b49a-4beb-9218-898010b94153'}) {{(pid=103083) do_commit /opt/stack/data/venv/lib/python3.12/site-packages/ovsdbapp/backend/ovs_idl/transaction.py:89}}
May 22 05:10:01.582959 np0000176183 devstack@neutron-api.service[103083]: DEBUG ovsdbapp.backend.ovs_idl.transaction [-] Running txn n=1 command(idx=4): PgAclAddCommand(_result=None, entity=pg_f733b894_ca05_44d5_adbb_4938c75aa52c, direction=to-lport, priority=1002, match=outport == @pg_f733b894_ca05_44d5_adbb_4938c75aa52c && ip6 && ip6.src == $pg_f733b894_ca05_44d5_adbb_4938c75aa52c_ip6, action=allow-related, log=False, may_exist=True, severity=[], name=[], meter=[], external_ids={'neutron:security_group_rule_id': 'd9b6ba0a-fb1e-46c4-b751-045c1c22bd8b'}) {{(pid=103083) do_commit /opt/stack/data/venv/lib/python3.12/site-packages/ovsdbapp/backend/ovs_idl/transaction.py:89}}
May 22 05:10:01.591107 np0000176183 devstack@neutron-api.service[103082]: DEBUG neutron.plugins.ml2.drivers.ovn.mech_driver.ovsdb.ovsdb_monitor [-] Hash Ring: Node af5e6ce3b5be5030b5a564e818c4a374 (host: np0000176183) handling event "create" for row edb5a8e3-8019-43cc-b7a3-83b1537b78b9 (table: ACL) {{(pid=103082) notify /opt/stack/neutron/neutron/plugins/ml2/drivers/ovn/mech_driver/ovsdb/ovsdb_monitor.py:986}}
May 22 05:10:01.591475 np0000176183 devstack@neutron-api.service[103082]: DEBUG neutron.plugins.ml2.drivers.ovn.mech_driver.ovsdb.ovsdb_monitor [-] Hash Ring: Node af5e6ce3b5be5030b5a564e818c4a374 (host: np0000176183) handling event "create" for row 39c9cd9a-bc95-46a7-87b7-6cfc9f6f4627 (table: Port_Group) {{(pid=103082) notify /opt/stack/neutron/neutron/plugins/ml2/drivers/ovn/mech_driver/ovsdb/ovsdb_monitor.py:986}}
May 22 05:10:01.592956 np0000176183 devstack@neutron-api.service[103080]: DEBUG neutron.plugins.ml2.drivers.ovn.mech_driver.ovsdb.ovsdb_monitor [-] Hash Ring: Node 198669b932d65d17afa787f8e329dc13 (host: np0000176183) handling event "create" for row 4120a44f-33cc-415e-a08c-de0aeebef819 (table: ACL) {{(pid=103080) notify /opt/stack/neutron/neutron/plugins/ml2/drivers/ovn/mech_driver/ovsdb/ovsdb_monitor.py:986}}
May 22 05:10:01.593231 np0000176183 devstack@neutron-api.service[103080]: DEBUG neutron.plugins.ml2.drivers.ovn.mech_driver.ovsdb.ovsdb_monitor [-] Hash Ring: Node 198669b932d65d17afa787f8e329dc13 (host: np0000176183) handling event "create" for row 7a6eb56d-45e4-4351-b12c-1f90c81077d4 (table: ACL) {{(pid=103080) notify /opt/stack/neutron/neutron/plugins/ml2/drivers/ovn/mech_driver/ovsdb/ovsdb_monitor.py:986}}
May 22 05:10:01.593231 np0000176183 devstack@neutron-api.service[103080]: DEBUG neutron.plugins.ml2.drivers.ovn.mech_driver.ovsdb.ovsdb_monitor [-] Hash Ring: Node 198669b932d65d17afa787f8e329dc13 (host: np0000176183) handling event "create" for row edb5a8e3-8019-43cc-b7a3-83b1537b78b9 (table: ACL) {{(pid=103080) notify /opt/stack/neutron/neutron/plugins/ml2/drivers/ovn/mech_driver/ovsdb/ovsdb_monitor.py:986}}
May 22 05:10:01.593326 np0000176183 devstack@neutron-api.service[103080]: DEBUG neutron.plugins.ml2.drivers.ovn.mech_driver.ovsdb.ovsdb_monitor [-] Hash Ring: Node 198669b932d65d17afa787f8e329dc13 (host: np0000176183) handling event "create" for row f87a7e4c-286b-4e6f-b238-22a17f50e50e (table: ACL) {{(pid=103080) notify /opt/stack/neutron/neutron/plugins/ml2/drivers/ovn/mech_driver/ovsdb/ovsdb_monitor.py:986}}
May 22 05:10:01.593446 np0000176183 devstack@neutron-api.service[103080]: DEBUG neutron.plugins.ml2.drivers.ovn.mech_driver.ovsdb.ovsdb_monitor [-] Hash Ring: Node 198669b932d65d17afa787f8e329dc13 (host: np0000176183) handling event "create" for row 39c9cd9a-bc95-46a7-87b7-6cfc9f6f4627 (table: Port_Group) {{(pid=103080) notify /opt/stack/neutron/neutron/plugins/ml2/drivers/ovn/mech_driver/ovsdb/ovsdb_monitor.py:986}}
May 22 05:10:01.619814 np0000176183 devstack@neutron-api.service[103083]: INFO neutron.db.ovn_revision_numbers_db [None req-dd379f9c-a75e-4721-abee-db365ec809b2 admin admin] Successfully bumped revision number for resource f733b894-ca05-44d5-adbb-4938c75aa52c (type: security_groups) to 1
May 22 05:10:01.636080 np0000176183 devstack@neutron-api.service[103083]: INFO neutron.db.ovn_revision_numbers_db [None req-dd379f9c-a75e-4721-abee-db365ec809b2 admin admin] Successfully bumped revision number for resource 3ed25fbc-4cd4-439a-b187-ad6dc94a8f59 (type: security_group_rules) to 0
May 22 05:10:01.649421 np0000176183 devstack@neutron-api.service[103083]: INFO neutron.db.ovn_revision_numbers_db [None req-dd379f9c-a75e-4721-abee-db365ec809b2 admin admin] Successfully bumped revision number for resource 6e74c73a-97a8-4209-8e6c-6d6105332483 (type: security_group_rules) to 0
May 22 05:10:01.674511 np0000176183 devstack@neutron-api.service[103083]: INFO neutron.db.ovn_revision_numbers_db [None req-dd379f9c-a75e-4721-abee-db365ec809b2 admin admin] Successfully bumped revision number for resource 812554c8-b49a-4beb-9218-898010b94153 (type: security_group_rules) to 0
May 22 05:10:01.696785 np0000176183 devstack@neutron-api.service[103083]: INFO neutron.db.ovn_revision_numbers_db [None req-dd379f9c-a75e-4721-abee-db365ec809b2 admin admin] Successfully bumped revision number for resource d9b6ba0a-fb1e-46c4-b751-045c1c22bd8b (type: security_group_rules) to 0
May 22 05:10:01.722027 np0000176183 devstack@neutron-api.service[103083]: DEBUG neutron.api.rpc.handlers.resources_rpc [None req-dd379f9c-a75e-4721-abee-db365ec809b2 admin admin] Pushing event updated for resources: {'SecurityGroup': ['ID=f733b894-ca05-44d5-adbb-4938c75aa52c,revision_number=1']} {{(pid=103083) push /opt/stack/neutron/neutron/api/rpc/handlers/resources_rpc.py:237}}
May 22 05:10:01.729189 np0000176183 devstack@neutron-api.service[103083]: DEBUG ovsdbapp.backend.ovs_idl.transaction [-] Running txn n=1 command(idx=0): CheckLivenessCommand(_result=None) {{(pid=103083) do_commit /opt/stack/data/venv/lib/python3.12/site-packages/ovsdbapp/backend/ovs_idl/transaction.py:89}}
May 22 05:10:01.733376 np0000176183 devstack@neutron-api.service[103082]: DEBUG neutron.plugins.ml2.drivers.ovn.mech_driver.ovsdb.ovsdb_monitor [-] Hash Ring: Node af5e6ce3b5be5030b5a564e818c4a374 (host: np0000176183) handling event "update" for row ce0e1c41-8902-40b6-ac5b-1648fc008661 (table: NB_Global) {{(pid=103082) notify /opt/stack/neutron/neutron/plugins/ml2/drivers/ovn/mech_driver/ovsdb/ovsdb_monitor.py:986}}
May 22 05:10:01.734688 np0000176183 devstack@neutron-api.service[103080]: DEBUG neutron.plugins.ml2.drivers.ovn.mech_driver.ovsdb.ovsdb_monitor [-] Hash Ring: Node 198669b932d65d17afa787f8e329dc13 (host: np0000176183) handling event "update" for row ce0e1c41-8902-40b6-ac5b-1648fc008661 (table: NB_Global) {{(pid=103080) notify /opt/stack/neutron/neutron/plugins/ml2/drivers/ovn/mech_driver/ovsdb/ovsdb_monitor.py:986}}
May 22 05:10:01.737259 np0000176183 devstack@neutron-api.service[103080]: DEBUG neutron.plugins.ml2.drivers.ovn.mech_driver.ovsdb.ovsdb_monitor [-] Hash Ring: Node 198669b932d65d17afa787f8e329dc13 (host: np0000176183) handling event "update" for row ce0e1c41-8902-40b6-ac5b-1648fc008661 (table: NB_Global) {{(pid=103080) notify /opt/stack/neutron/neutron/plugins/ml2/drivers/ovn/mech_driver/ovsdb/ovsdb_monitor.py:986}}
May 22 05:10:01.737503 np0000176183 devstack@neutron-api.service[103082]: DEBUG neutron.plugins.ml2.drivers.ovn.mech_driver.ovsdb.ovsdb_monitor [-] Hash Ring: Node af5e6ce3b5be5030b5a564e818c4a374 (host: np0000176183) handling event "update" for row ce0e1c41-8902-40b6-ac5b-1648fc008661 (table: NB_Global) {{(pid=103082) notify /opt/stack/neutron/neutron/plugins/ml2/drivers/ovn/mech_driver/ovsdb/ovsdb_monitor.py:986}}
May 22 05:10:01.738251 np0000176183 devstack@neutron-api.service[103083]: DEBUG neutron.api.rpc.callbacks.version_manager [None req-dd379f9c-a75e-4721-abee-db365ec809b2 admin admin] Tracked resource versions report:
May 22 05:10:01.738251 np0000176183 devstack@neutron-api.service[103083]: pushed versions:
May 22 05:10:01.738251 np0000176183 devstack@neutron-api.service[103083]: { 'AddressGroup': {'1.2'},
May 22 05:10:01.738251 np0000176183 devstack@neutron-api.service[103083]: 'Agent': {'1.1'},
May 22 05:10:01.738251 np0000176183 devstack@neutron-api.service[103083]: 'ConntrackHelper': {'1.0'},
May 22 05:10:01.738251 np0000176183 devstack@neutron-api.service[103083]: 'LocalIPAssociation': {'1.0'},
May 22 05:10:01.738251 np0000176183 devstack@neutron-api.service[103083]: 'Log': {'1.0'},
May 22 05:10:01.738251 np0000176183 devstack@neutron-api.service[103083]: 'NDPProxy': {'1.0'},
May 22 05:10:01.738251 np0000176183 devstack@neutron-api.service[103083]: 'Network': {'1.2'},
May 22 05:10:01.738251 np0000176183 devstack@neutron-api.service[103083]: 'Port': {'1.10'},
May 22 05:10:01.738251 np0000176183 devstack@neutron-api.service[103083]: 'PortForwarding': {'1.3'},
May 22 05:10:01.738251 np0000176183 devstack@neutron-api.service[103083]: 'QosPolicy': {'1.10'},
May 22 05:10:01.738251 np0000176183 devstack@neutron-api.service[103083]: 'SecurityGroup': {'1.6'},
May 22 05:10:01.738251 np0000176183 devstack@neutron-api.service[103083]: 'SecurityGroupRule': {'1.3'},
May 22 05:10:01.738251 np0000176183 devstack@neutron-api.service[103083]: 'SubPort': {'1.0'},
May 22 05:10:01.738251 np0000176183 devstack@neutron-api.service[103083]: 'Subnet': {'1.2'},
May 22 05:10:01.738251 np0000176183 devstack@neutron-api.service[103083]: 'Trunk': {'1.1'}}
May 22 05:10:01.738251 np0000176183 devstack@neutron-api.service[103083]: consumer versions:
May 22 05:10:01.738251 np0000176183 devstack@neutron-api.service[103083]: {}
May 22 05:10:01.738251 np0000176183 devstack@neutron-api.service[103083]: {{(pid=103083) report /opt/stack/neutron/neutron/api/rpc/callbacks/version_manager.py:183}}
May 22 05:10:01.740746 np0000176183 devstack@neutron-api.service[103081]: DEBUG neutron.plugins.ml2.drivers.ovn.mech_driver.ovsdb.ovsdb_monitor [-] ChassisAgentWriteEvent : Matched Chassis_Private, update, None None {{(pid=103081) matches /opt/stack/neutron/neutron/plugins/ml2/drivers/ovn/mech_driver/ovsdb/ovsdb_monitor.py:64}}
May 22 05:10:01.740969 np0000176183 devstack@neutron-api.service[103082]: DEBUG neutron.plugins.ml2.drivers.ovn.mech_driver.ovsdb.ovsdb_monitor [-] ChassisAgentWriteEvent : Matched Chassis_Private, update, None None {{(pid=103082) matches /opt/stack/neutron/neutron/plugins/ml2/drivers/ovn/mech_driver/ovsdb/ovsdb_monitor.py:64}}
May 22 05:10:01.740969 np0000176183 devstack@neutron-api.service[103082]: DEBUG neutron.plugins.ml2.drivers.ovn.mech_driver.ovsdb.ovsdb_monitor [-] Hash Ring: Node af5e6ce3b5be5030b5a564e818c4a374 (host: np0000176183) handling event "update" for row c7b33e88-5f13-410b-ac88-8656e6d33b89 (table: Chassis_Private) {{(pid=103082) notify /opt/stack/neutron/neutron/plugins/ml2/drivers/ovn/mech_driver/ovsdb/ovsdb_monitor.py:986}}
May 22 05:10:01.741060 np0000176183 devstack@neutron-api.service[103080]: DEBUG neutron.plugins.ml2.drivers.ovn.mech_driver.ovsdb.ovsdb_monitor [-] Hash Ring: Node 198669b932d65d17afa787f8e329dc13 (host: np0000176183) handling event "update" for row ce0e1c41-8902-40b6-ac5b-1648fc008661 (table: NB_Global) {{(pid=103080) notify /opt/stack/neutron/neutron/plugins/ml2/drivers/ovn/mech_driver/ovsdb/ovsdb_monitor.py:986}}
May 22 05:10:01.741060 np0000176183 devstack@neutron-api.service[103080]: DEBUG neutron.plugins.ml2.drivers.ovn.mech_driver.ovsdb.ovsdb_monitor [-] ChassisAgentWriteEvent : Matched Chassis_Private, update, None None {{(pid=103080) matches /opt/stack/neutron/neutron/plugins/ml2/drivers/ovn/mech_driver/ovsdb/ovsdb_monitor.py:64}}
May 22 05:10:01.741335 np0000176183 devstack@neutron-api.service[103082]: DEBUG neutron.plugins.ml2.drivers.ovn.mech_driver.ovsdb.ovsdb_monitor [-] Hash Ring: Node af5e6ce3b5be5030b5a564e818c4a374 (host: np0000176183) handling event "update" for row ce0e1c41-8902-40b6-ac5b-1648fc008661 (table: NB_Global) {{(pid=103082) notify /opt/stack/neutron/neutron/plugins/ml2/drivers/ovn/mech_driver/ovsdb/ovsdb_monitor.py:986}}
May 22 05:10:01.742585 np0000176183 devstack@neutron-api.service[103082]: DEBUG neutron.plugins.ml2.drivers.ovn.mech_driver.ovsdb.ovsdb_monitor [-] Hash Ring: Node af5e6ce3b5be5030b5a564e818c4a374 (host: np0000176183) handling event "update" for row ce0e1c41-8902-40b6-ac5b-1648fc008661 (table: NB_Global) {{(pid=103082) notify /opt/stack/neutron/neutron/plugins/ml2/drivers/ovn/mech_driver/ovsdb/ovsdb_monitor.py:986}}
May 22 05:10:01.744955 np0000176183 devstack@neutron-api.service[103081]: DEBUG neutron.plugins.ml2.drivers.ovn.mech_driver.ovsdb.ovsdb_monitor [-] ChassisOVNAgentWriteEvent : Matched Chassis_Private, update, None None {{(pid=103081) matches /opt/stack/neutron/neutron/plugins/ml2/drivers/ovn/mech_driver/ovsdb/ovsdb_monitor.py:64}}
May 22 05:10:01.746042 np0000176183 devstack@neutron-api.service[103083]: DEBUG neutron.plugins.ml2.drivers.ovn.mech_driver.ovsdb.ovsdb_monitor [-] ChassisAgentWriteEvent : Matched Chassis_Private, update, None None {{(pid=103083) matches /opt/stack/neutron/neutron/plugins/ml2/drivers/ovn/mech_driver/ovsdb/ovsdb_monitor.py:64}}
May 22 05:10:01.746217 np0000176183 devstack@neutron-api.service[103080]: DEBUG neutron.plugins.ml2.drivers.ovn.mech_driver.ovsdb.ovsdb_monitor [-] Hash Ring: Node 198669b932d65d17afa787f8e329dc13 (host: np0000176183) handling event "update" for row ce0e1c41-8902-40b6-ac5b-1648fc008661 (table: NB_Global) {{(pid=103080) notify /opt/stack/neutron/neutron/plugins/ml2/drivers/ovn/mech_driver/ovsdb/ovsdb_monitor.py:986}}
May 22 05:10:01.747288 np0000176183 devstack@neutron-api.service[103082]: DEBUG neutron.plugins.ml2.drivers.ovn.mech_driver.ovsdb.ovsdb_monitor [-] ChassisOVNAgentWriteEvent : Matched Chassis_Private, update, None None {{(pid=103082) matches /opt/stack/neutron/neutron/plugins/ml2/drivers/ovn/mech_driver/ovsdb/ovsdb_monitor.py:64}}
May 22 05:10:01.747888 np0000176183 devstack@neutron-api.service[103082]: DEBUG neutron.plugins.ml2.drivers.ovn.mech_driver.ovsdb.ovsdb_monitor [-] Hash Ring: Node af5e6ce3b5be5030b5a564e818c4a374 (host: np0000176183) handling event "update" for row c7b33e88-5f13-410b-ac88-8656e6d33b89 (table: Chassis_Private) {{(pid=103082) notify /opt/stack/neutron/neutron/plugins/ml2/drivers/ovn/mech_driver/ovsdb/ovsdb_monitor.py:986}}
May 22 05:10:01.748109 np0000176183 devstack@neutron-api.service[103080]: DEBUG neutron.common.ovn.hash_ring_manager [-] Allow caching, nodes 4>=4 {{(pid=103080) _wait_startup_before_caching /opt/stack/neutron/neutron/common/ovn/hash_ring_manager.py:65}}
May 22 05:10:01.748330 np0000176183 devstack@neutron-api.service[103080]: DEBUG neutron.plugins.ml2.drivers.ovn.mech_driver.ovsdb.ovsdb_monitor [-] Hash Ring: Node 198669b932d65d17afa787f8e329dc13 (host: np0000176183) handling event "update" for row c7b33e88-5f13-410b-ac88-8656e6d33b89 (table: Chassis_Private) {{(pid=103080) notify /opt/stack/neutron/neutron/plugins/ml2/drivers/ovn/mech_driver/ovsdb/ovsdb_monitor.py:986}}
May 22 05:10:01.749133 np0000176183 devstack@neutron-api.service[103080]: DEBUG neutron.plugins.ml2.drivers.ovn.mech_driver.ovsdb.ovsdb_monitor [-] ChassisOVNAgentWriteEvent : Matched Chassis_Private, update, None None {{(pid=103080) matches /opt/stack/neutron/neutron/plugins/ml2/drivers/ovn/mech_driver/ovsdb/ovsdb_monitor.py:64}}
May 22 05:10:01.749315 np0000176183 devstack@neutron-api.service[103083]: DEBUG neutron.plugins.ml2.drivers.ovn.mech_driver.ovsdb.ovsdb_monitor [-] ChassisOVNAgentWriteEvent : Matched Chassis_Private, update, None None {{(pid=103083) matches /opt/stack/neutron/neutron/plugins/ml2/drivers/ovn/mech_driver/ovsdb/ovsdb_monitor.py:64}}
May 22 05:10:01.749544 np0000176183 devstack@neutron-api.service[103080]: DEBUG neutron.plugins.ml2.drivers.ovn.mech_driver.ovsdb.ovsdb_monitor [-] Hash Ring: Node 198669b932d65d17afa787f8e329dc13 (host: np0000176183) handling event "update" for row c7b33e88-5f13-410b-ac88-8656e6d33b89 (table: Chassis_Private) {{(pid=103080) notify /opt/stack/neutron/neutron/plugins/ml2/drivers/ovn/mech_driver/ovsdb/ovsdb_monitor.py:986}}
May 22 05:10:01.803840 np0000176183 devstack@neutron-api.service[103083]: DEBUG neutron.plugins.ml2.drivers.helpers [None req-dd379f9c-a75e-4721-abee-db365ec809b2 admin admin] geneve segment allocate from pool success with {'geneve_vni': 38394} {{(pid=103083) allocate_partially_specified_segment /opt/stack/neutron/neutron/plugins/ml2/drivers/helpers.py:142}}
