May 18 18:33:35.728925 np0000174523 systemd[1]: Starting devstack@n-api-meta.service - Devstack devstack@n-api-meta.service...
May 18 18:33:35.739453 np0000174523 devstack@n-api-meta.service[108103]: [uWSGI] getting INI configuration from /etc/nova/nova-metadata-uwsgi.ini
May 18 18:33:35.741834 np0000174523 devstack@n-api-meta.service[108103]: *** Starting uWSGI 2.0.24-debian (64bit) on [Mon May 18 18:33:35 2026] ***
May 18 18:33:35.741834 np0000174523 devstack@n-api-meta.service[108103]: compiled with version: 13.2.0 on 17 April 2024 16:23:48
May 18 18:33:35.741834 np0000174523 devstack@n-api-meta.service[108103]: os: Linux-6.8.0-111-generic #111-Ubuntu SMP PREEMPT_DYNAMIC Sat Apr 11 23:16:02 UTC 2026
May 18 18:33:35.741834 np0000174523 devstack@n-api-meta.service[108103]: nodename: np0000174523
May 18 18:33:35.741834 np0000174523 devstack@n-api-meta.service[108103]: machine: x86_64
May 18 18:33:35.741834 np0000174523 devstack@n-api-meta.service[108103]: clock source: unix
May 18 18:33:35.741834 np0000174523 devstack@n-api-meta.service[108103]: pcre jit disabled
May 18 18:33:35.741834 np0000174523 devstack@n-api-meta.service[108103]: detected number of CPU cores: 16
May 18 18:33:35.741834 np0000174523 devstack@n-api-meta.service[108103]: current working directory: /
May 18 18:33:35.741834 np0000174523 devstack@n-api-meta.service[108103]: detected binary path: /usr/bin/uwsgi-core
May 18 18:33:35.741834 np0000174523 devstack@n-api-meta.service[108103]: your processes number limit is 256917
May 18 18:33:35.741834 np0000174523 devstack@n-api-meta.service[108103]: your memory page size is 4096 bytes
May 18 18:33:35.741834 np0000174523 devstack@n-api-meta.service[108103]: detected max file descriptor number: 2048
May 18 18:33:35.741834 np0000174523 devstack@n-api-meta.service[108103]: lock engine: pthread robust mutexes
May 18 18:33:35.742452 np0000174523 devstack@n-api-meta.service[108103]: thunder lock: enabled
May 18 18:33:35.742452 np0000174523 devstack@n-api-meta.service[108103]: uWSGI http bound on 0.0.0.0:8775 fd 5
May 18 18:33:35.742452 np0000174523 devstack@n-api-meta.service[108103]: uwsgi socket 0 bound to TCP address 127.0.0.1:46713 (port auto-assigned) fd 4
May 18 18:33:35.742452 np0000174523 devstack@n-api-meta.service[108103]: Python version: 3.12.3 (main, Mar 23 2026, 19:04:32) [GCC 13.3.0]
May 18 18:33:35.742452 np0000174523 devstack@n-api-meta.service[108103]: PEP 405 virtualenv detected: /opt/stack/data/venv
May 18 18:33:35.742452 np0000174523 devstack@n-api-meta.service[108103]: Set PythonHome to /opt/stack/data/venv
May 18 18:33:35.778087 np0000174523 devstack@n-api-meta.service[108103]: Python main interpreter initialized at 0x70706daa3668
May 18 18:33:35.778087 np0000174523 devstack@n-api-meta.service[108103]: python threads support enabled
May 18 18:33:35.778087 np0000174523 devstack@n-api-meta.service[108103]: your server socket listen backlog is limited to 100 connections
May 18 18:33:35.778087 np0000174523 devstack@n-api-meta.service[108103]: your mercy for graceful operations on workers is 80 seconds
May 18 18:33:35.778569 np0000174523 devstack@n-api-meta.service[108103]: mapped 671795 bytes (656 KB) for 4 cores
May 18 18:33:35.778709 np0000174523 devstack@n-api-meta.service[108103]: *** Operational MODE: preforking ***
May 18 18:33:35.778867 np0000174523 devstack@n-api-meta.service[108103]: *** uWSGI is running in multiple interpreter mode ***
May 18 18:33:35.778867 np0000174523 devstack@n-api-meta.service[108103]: spawned uWSGI master process (pid: 108103)
May 18 18:33:35.779101 np0000174523 systemd[1]: Started devstack@n-api-meta.service - Devstack devstack@n-api-meta.service.
May 18 18:33:35.779499 np0000174523 devstack@n-api-meta.service[108103]: spawned uWSGI worker 1 (pid: 108104, cores: 1)
May 18 18:33:35.781592 np0000174523 devstack@n-api-meta.service[108103]: spawned uWSGI worker 2 (pid: 108105, cores: 1)
May 18 18:33:35.782764 np0000174523 devstack@n-api-meta.service[108103]: spawned uWSGI worker 3 (pid: 108106, cores: 1)
May 18 18:33:35.783803 np0000174523 devstack@n-api-meta.service[108103]: spawned uWSGI worker 4 (pid: 108107, cores: 1)
May 18 18:33:35.784890 np0000174523 devstack@n-api-meta.service[108103]: spawned uWSGI http 1 (pid: 108109)
May 18 18:33:35.784890 np0000174523 devstack@n-api-meta.service[108103]: running "unix_signal:15 gracefully_kill_them_all" (master-start)...
May 18 18:33:36.108015 np0000174523 devstack@n-api-meta.service[108106]: /opt/stack/data/venv/lib/python3.12/site-packages/oslo_concurrency/lockutils.py:41: EventletDeprecationWarning:
May 18 18:33:36.108015 np0000174523 devstack@n-api-meta.service[108106]: Eventlet is deprecated. It is currently being maintained in bugfix mode, and
May 18 18:33:36.108015 np0000174523 devstack@n-api-meta.service[108106]: we strongly recommend against using it for new projects.
May 18 18:33:36.108015 np0000174523 devstack@n-api-meta.service[108106]: If you are already using Eventlet, we recommend migrating to a different
May 18 18:33:36.108015 np0000174523 devstack@n-api-meta.service[108106]: framework. For more detail see
May 18 18:33:36.108015 np0000174523 devstack@n-api-meta.service[108106]: https://eventlet.readthedocs.io/en/latest/asyncio/migration.html
May 18 18:33:36.108015 np0000174523 devstack@n-api-meta.service[108106]: import eventlet
May 18 18:33:36.113474 np0000174523 devstack@n-api-meta.service[108107]: /opt/stack/data/venv/lib/python3.12/site-packages/oslo_concurrency/lockutils.py:41: EventletDeprecationWarning:
May 18 18:33:36.113474 np0000174523 devstack@n-api-meta.service[108107]: Eventlet is deprecated. It is currently being maintained in bugfix mode, and
May 18 18:33:36.113474 np0000174523 devstack@n-api-meta.service[108107]: we strongly recommend against using it for new projects.
May 18 18:33:36.113474 np0000174523 devstack@n-api-meta.service[108107]: If you are already using Eventlet, we recommend migrating to a different
May 18 18:33:36.113474 np0000174523 devstack@n-api-meta.service[108107]: framework. For more detail see
May 18 18:33:36.113474 np0000174523 devstack@n-api-meta.service[108107]: https://eventlet.readthedocs.io/en/latest/asyncio/migration.html
May 18 18:33:36.113474 np0000174523 devstack@n-api-meta.service[108107]: import eventlet
May 18 18:33:36.114326 np0000174523 devstack@n-api-meta.service[108105]: /opt/stack/data/venv/lib/python3.12/site-packages/oslo_concurrency/lockutils.py:41: EventletDeprecationWarning:
May 18 18:33:36.114326 np0000174523 devstack@n-api-meta.service[108105]: Eventlet is deprecated. It is currently being maintained in bugfix mode, and
May 18 18:33:36.114326 np0000174523 devstack@n-api-meta.service[108105]: we strongly recommend against using it for new projects.
May 18 18:33:36.114326 np0000174523 devstack@n-api-meta.service[108105]: If you are already using Eventlet, we recommend migrating to a different
May 18 18:33:36.114326 np0000174523 devstack@n-api-meta.service[108105]: framework. For more detail see
May 18 18:33:36.114326 np0000174523 devstack@n-api-meta.service[108105]: https://eventlet.readthedocs.io/en/latest/asyncio/migration.html
May 18 18:33:36.114326 np0000174523 devstack@n-api-meta.service[108105]: import eventlet
May 18 18:33:36.149966 np0000174523 devstack@n-api-meta.service[108104]: /opt/stack/data/venv/lib/python3.12/site-packages/oslo_concurrency/lockutils.py:41: EventletDeprecationWarning:
May 18 18:33:36.149966 np0000174523 devstack@n-api-meta.service[108104]: Eventlet is deprecated. It is currently being maintained in bugfix mode, and
May 18 18:33:36.149966 np0000174523 devstack@n-api-meta.service[108104]: we strongly recommend against using it for new projects.
May 18 18:33:36.149966 np0000174523 devstack@n-api-meta.service[108104]: If you are already using Eventlet, we recommend migrating to a different
May 18 18:33:36.149966 np0000174523 devstack@n-api-meta.service[108104]: framework. For more detail see
May 18 18:33:36.149966 np0000174523 devstack@n-api-meta.service[108104]: https://eventlet.readthedocs.io/en/latest/asyncio/migration.html
May 18 18:33:36.149966 np0000174523 devstack@n-api-meta.service[108104]: import eventlet
May 18 18:33:37.616947 np0000174523 devstack@n-api-meta.service[108106]: INFO dbcounter [None req-3eea91eb-9632-4cc6-ad93-4f4dc2cf9cde None None] Registered counter for database nova_api
May 18 18:33:37.630778 np0000174523 devstack@n-api-meta.service[108106]: DEBUG oslo_db.sqlalchemy.engines [None req-3eea91eb-9632-4cc6-ad93-4f4dc2cf9cde None None] MySQL server mode set to STRICT_TRANS_TABLES,STRICT_ALL_TABLES,NO_ZERO_IN_DATE,NO_ZERO_DATE,ERROR_FOR_DIVISION_BY_ZERO,TRADITIONAL,NO_ENGINE_SUBSTITUTION {{(pid=108106) _check_effective_sql_mode /opt/stack/data/venv/lib/python3.12/site-packages/oslo_db/sqlalchemy/engines.py:325}}
May 18 18:33:37.653035 np0000174523 devstack@n-api-meta.service[108105]: INFO dbcounter [None req-24517983-1eb5-47c8-8abb-33882cd98b87 None None] Registered counter for database nova_api
May 18 18:33:37.664827 np0000174523 devstack@n-api-meta.service[108106]: DEBUG dbcounter [-] [108106] Writer thread running {{(pid=108106) stat_writer /opt/stack/data/venv/lib/python3.12/site-packages/dbcounter.py:102}}
May 18 18:33:37.666867 np0000174523 devstack@n-api-meta.service[108106]: DEBUG nova.context [None req-3eea91eb-9632-4cc6-ad93-4f4dc2cf9cde None None] Found 2 cells: 00000000-0000-0000-0000-000000000000(cell0),09d6e970-a61d-4f17-8e1e-5306f989fc84(cell1) {{(pid=108106) load_cells /opt/stack/nova/nova/context.py:509}}
May 18 18:33:37.667085 np0000174523 devstack@n-api-meta.service[108106]: INFO nova.utils [None req-3eea91eb-9632-4cc6-ad93-4f4dc2cf9cde None None] The cell worker thread pool MainProcess.cell_worker is initialized
May 18 18:33:37.668786 np0000174523 devstack@n-api-meta.service[108106]: DEBUG oslo_concurrency.lockutils [None req-3eea91eb-9632-4cc6-ad93-4f4dc2cf9cde None None] Acquiring lock "00000000-0000-0000-0000-000000000000" by "nova.context.set_target_cell..get_or_set_cached_cell_and_set_connections" {{(pid=108106) inner /opt/stack/data/venv/lib/python3.12/site-packages/oslo_concurrency/lockutils.py:506}}
May 18 18:33:37.668942 np0000174523 devstack@n-api-meta.service[108106]: DEBUG oslo_concurrency.lockutils [None req-3eea91eb-9632-4cc6-ad93-4f4dc2cf9cde None None] Lock "00000000-0000-0000-0000-000000000000" acquired by "nova.context.set_target_cell..get_or_set_cached_cell_and_set_connections" :: waited 0.000s {{(pid=108106) inner /opt/stack/data/venv/lib/python3.12/site-packages/oslo_concurrency/lockutils.py:519}}
May 18 18:33:37.669270 np0000174523 devstack@n-api-meta.service[108106]: DEBUG oslo_concurrency.lockutils [None req-3eea91eb-9632-4cc6-ad93-4f4dc2cf9cde None None] Lock "00000000-0000-0000-0000-000000000000" "released" by "nova.context.set_target_cell..get_or_set_cached_cell_and_set_connections" :: held 0.000s {{(pid=108106) inner /opt/stack/data/venv/lib/python3.12/site-packages/oslo_concurrency/lockutils.py:538}}
May 18 18:33:37.669979 np0000174523 devstack@n-api-meta.service[108106]: DEBUG oslo_concurrency.lockutils [None req-3eea91eb-9632-4cc6-ad93-4f4dc2cf9cde None None] Acquiring lock "09d6e970-a61d-4f17-8e1e-5306f989fc84" by "nova.context.set_target_cell..get_or_set_cached_cell_and_set_connections" {{(pid=108106) inner /opt/stack/data/venv/lib/python3.12/site-packages/oslo_concurrency/lockutils.py:506}}
May 18 18:33:37.670134 np0000174523 devstack@n-api-meta.service[108106]: DEBUG oslo_concurrency.lockutils [None req-3eea91eb-9632-4cc6-ad93-4f4dc2cf9cde None None] Lock "09d6e970-a61d-4f17-8e1e-5306f989fc84" acquired by "nova.context.set_target_cell..get_or_set_cached_cell_and_set_connections" :: waited 0.000s {{(pid=108106) inner /opt/stack/data/venv/lib/python3.12/site-packages/oslo_concurrency/lockutils.py:519}}
May 18 18:33:37.670783 np0000174523 devstack@n-api-meta.service[108105]: DEBUG oslo_db.sqlalchemy.engines [None req-24517983-1eb5-47c8-8abb-33882cd98b87 None None] MySQL server mode set to STRICT_TRANS_TABLES,STRICT_ALL_TABLES,NO_ZERO_IN_DATE,NO_ZERO_DATE,ERROR_FOR_DIVISION_BY_ZERO,TRADITIONAL,NO_ENGINE_SUBSTITUTION {{(pid=108105) _check_effective_sql_mode /opt/stack/data/venv/lib/python3.12/site-packages/oslo_db/sqlalchemy/engines.py:325}}
May 18 18:33:37.670932 np0000174523 devstack@n-api-meta.service[108106]: DEBUG oslo_concurrency.lockutils [None req-3eea91eb-9632-4cc6-ad93-4f4dc2cf9cde None None] Lock "09d6e970-a61d-4f17-8e1e-5306f989fc84" "released" by "nova.context.set_target_cell..get_or_set_cached_cell_and_set_connections" :: held 0.001s {{(pid=108106) inner /opt/stack/data/venv/lib/python3.12/site-packages/oslo_concurrency/lockutils.py:538}}
May 18 18:33:37.673740 np0000174523 devstack@n-api-meta.service[108106]: INFO dbcounter [None req-3eea91eb-9632-4cc6-ad93-4f4dc2cf9cde None None] Registered counter for database nova_cell0
May 18 18:33:37.674439 np0000174523 devstack@n-api-meta.service[108107]: INFO dbcounter [None req-24638005-8785-46aa-a2bd-a06f88d90193 None None] Registered counter for database nova_api
May 18 18:33:37.679193 np0000174523 devstack@n-api-meta.service[108106]: INFO dbcounter [None req-3eea91eb-9632-4cc6-ad93-4f4dc2cf9cde None None] Registered counter for database nova_cell1
May 18 18:33:37.684443 np0000174523 devstack@n-api-meta.service[108104]: INFO dbcounter [None req-0f1965cc-5e00-4d8b-b2fb-fae07198fc48 None None] Registered counter for database nova_api
May 18 18:33:37.689371 np0000174523 devstack@n-api-meta.service[108106]: DEBUG oslo_db.sqlalchemy.engines [None req-3eea91eb-9632-4cc6-ad93-4f4dc2cf9cde None None] MySQL server mode set to STRICT_TRANS_TABLES,STRICT_ALL_TABLES,NO_ZERO_IN_DATE,NO_ZERO_DATE,ERROR_FOR_DIVISION_BY_ZERO,TRADITIONAL,NO_ENGINE_SUBSTITUTION {{(pid=108106) _check_effective_sql_mode /opt/stack/data/venv/lib/python3.12/site-packages/oslo_db/sqlalchemy/engines.py:325}}
May 18 18:33:37.698346 np0000174523 devstack@n-api-meta.service[108107]: DEBUG oslo_db.sqlalchemy.engines [None req-24638005-8785-46aa-a2bd-a06f88d90193 None None] MySQL server mode set to STRICT_TRANS_TABLES,STRICT_ALL_TABLES,NO_ZERO_IN_DATE,NO_ZERO_DATE,ERROR_FOR_DIVISION_BY_ZERO,TRADITIONAL,NO_ENGINE_SUBSTITUTION {{(pid=108107) _check_effective_sql_mode /opt/stack/data/venv/lib/python3.12/site-packages/oslo_db/sqlalchemy/engines.py:325}}
May 18 18:33:37.704217 np0000174523 devstack@n-api-meta.service[108104]: DEBUG oslo_db.sqlalchemy.engines [None req-0f1965cc-5e00-4d8b-b2fb-fae07198fc48 None None] MySQL server mode set to STRICT_TRANS_TABLES,STRICT_ALL_TABLES,NO_ZERO_IN_DATE,NO_ZERO_DATE,ERROR_FOR_DIVISION_BY_ZERO,TRADITIONAL,NO_ENGINE_SUBSTITUTION {{(pid=108104) _check_effective_sql_mode /opt/stack/data/venv/lib/python3.12/site-packages/oslo_db/sqlalchemy/engines.py:325}}
May 18 18:33:37.705863 np0000174523 devstack@n-api-meta.service[108106]: DEBUG oslo_db.sqlalchemy.engines [None req-3eea91eb-9632-4cc6-ad93-4f4dc2cf9cde None None] MySQL server mode set to STRICT_TRANS_TABLES,STRICT_ALL_TABLES,NO_ZERO_IN_DATE,NO_ZERO_DATE,ERROR_FOR_DIVISION_BY_ZERO,TRADITIONAL,NO_ENGINE_SUBSTITUTION {{(pid=108106) _check_effective_sql_mode /opt/stack/data/venv/lib/python3.12/site-packages/oslo_db/sqlalchemy/engines.py:325}}
May 18 18:33:37.710037 np0000174523 devstack@n-api-meta.service[108105]: DEBUG dbcounter [-] [108105] Writer thread running {{(pid=108105) stat_writer /opt/stack/data/venv/lib/python3.12/site-packages/dbcounter.py:102}}
May 18 18:33:37.712765 np0000174523 devstack@n-api-meta.service[108105]: DEBUG nova.context [None req-24517983-1eb5-47c8-8abb-33882cd98b87 None None] Found 2 cells: 00000000-0000-0000-0000-000000000000(cell0),09d6e970-a61d-4f17-8e1e-5306f989fc84(cell1) {{(pid=108105) load_cells /opt/stack/nova/nova/context.py:509}}
May 18 18:33:37.713049 np0000174523 devstack@n-api-meta.service[108105]: INFO nova.utils [None req-24517983-1eb5-47c8-8abb-33882cd98b87 None None] The cell worker thread pool MainProcess.cell_worker is initialized
May 18 18:33:37.715390 np0000174523 devstack@n-api-meta.service[108105]: DEBUG oslo_concurrency.lockutils [None req-24517983-1eb5-47c8-8abb-33882cd98b87 None None] Acquiring lock "00000000-0000-0000-0000-000000000000" by "nova.context.set_target_cell..get_or_set_cached_cell_and_set_connections" {{(pid=108105) inner /opt/stack/data/venv/lib/python3.12/site-packages/oslo_concurrency/lockutils.py:506}}
May 18 18:33:37.715578 np0000174523 devstack@n-api-meta.service[108105]: DEBUG oslo_concurrency.lockutils [None req-24517983-1eb5-47c8-8abb-33882cd98b87 None None] Lock "00000000-0000-0000-0000-000000000000" acquired by "nova.context.set_target_cell..get_or_set_cached_cell_and_set_connections" :: waited 0.000s {{(pid=108105) inner /opt/stack/data/venv/lib/python3.12/site-packages/oslo_concurrency/lockutils.py:519}}
May 18 18:33:37.715953 np0000174523 devstack@n-api-meta.service[108105]: DEBUG oslo_concurrency.lockutils [None req-24517983-1eb5-47c8-8abb-33882cd98b87 None None] Lock "00000000-0000-0000-0000-000000000000" "released" by "nova.context.set_target_cell..get_or_set_cached_cell_and_set_connections" :: held 0.000s {{(pid=108105) inner /opt/stack/data/venv/lib/python3.12/site-packages/oslo_concurrency/lockutils.py:538}}
May 18 18:33:37.717072 np0000174523 devstack@n-api-meta.service[108105]: DEBUG oslo_concurrency.lockutils [None req-24517983-1eb5-47c8-8abb-33882cd98b87 None None] Acquiring lock "09d6e970-a61d-4f17-8e1e-5306f989fc84" by "nova.context.set_target_cell..get_or_set_cached_cell_and_set_connections" {{(pid=108105) inner /opt/stack/data/venv/lib/python3.12/site-packages/oslo_concurrency/lockutils.py:506}}
May 18 18:33:37.717243 np0000174523 devstack@n-api-meta.service[108105]: DEBUG oslo_concurrency.lockutils [None req-24517983-1eb5-47c8-8abb-33882cd98b87 None None] Lock "09d6e970-a61d-4f17-8e1e-5306f989fc84" acquired by "nova.context.set_target_cell..get_or_set_cached_cell_and_set_connections" :: waited 0.000s {{(pid=108105) inner /opt/stack/data/venv/lib/python3.12/site-packages/oslo_concurrency/lockutils.py:519}}
May 18 18:33:37.718507 np0000174523 devstack@n-api-meta.service[108105]: DEBUG oslo_concurrency.lockutils [None req-24517983-1eb5-47c8-8abb-33882cd98b87 None None] Lock "09d6e970-a61d-4f17-8e1e-5306f989fc84" "released" by "nova.context.set_target_cell..get_or_set_cached_cell_and_set_connections" :: held 0.001s {{(pid=108105) inner /opt/stack/data/venv/lib/python3.12/site-packages/oslo_concurrency/lockutils.py:538}}
May 18 18:33:37.721415 np0000174523 devstack@n-api-meta.service[108105]: INFO dbcounter [None req-24517983-1eb5-47c8-8abb-33882cd98b87 None None] Registered counter for database nova_cell0
May 18 18:33:37.725995 np0000174523 devstack@n-api-meta.service[108105]: INFO dbcounter [None req-24517983-1eb5-47c8-8abb-33882cd98b87 None None] Registered counter for database nova_cell1
May 18 18:33:37.735202 np0000174523 devstack@n-api-meta.service[108107]: DEBUG dbcounter [-] [108107] Writer thread running {{(pid=108107) stat_writer /opt/stack/data/venv/lib/python3.12/site-packages/dbcounter.py:102}}
May 18 18:33:37.737374 np0000174523 devstack@n-api-meta.service[108107]: DEBUG nova.context [None req-24638005-8785-46aa-a2bd-a06f88d90193 None None] Found 2 cells: 00000000-0000-0000-0000-000000000000(cell0),09d6e970-a61d-4f17-8e1e-5306f989fc84(cell1) {{(pid=108107) load_cells /opt/stack/nova/nova/context.py:509}}
May 18 18:33:37.737765 np0000174523 devstack@n-api-meta.service[108107]: INFO nova.utils [None req-24638005-8785-46aa-a2bd-a06f88d90193 None None] The cell worker thread pool MainProcess.cell_worker is initialized
May 18 18:33:37.738382 np0000174523 devstack@n-api-meta.service[108105]: DEBUG oslo_db.sqlalchemy.engines [None req-24517983-1eb5-47c8-8abb-33882cd98b87 None None] MySQL server mode set to STRICT_TRANS_TABLES,STRICT_ALL_TABLES,NO_ZERO_IN_DATE,NO_ZERO_DATE,ERROR_FOR_DIVISION_BY_ZERO,TRADITIONAL,NO_ENGINE_SUBSTITUTION {{(pid=108105) _check_effective_sql_mode /opt/stack/data/venv/lib/python3.12/site-packages/oslo_db/sqlalchemy/engines.py:325}}
May 18 18:33:37.740021 np0000174523 devstack@n-api-meta.service[108107]: DEBUG oslo_concurrency.lockutils [None req-24638005-8785-46aa-a2bd-a06f88d90193 None None] Acquiring lock "00000000-0000-0000-0000-000000000000" by "nova.context.set_target_cell..get_or_set_cached_cell_and_set_connections" {{(pid=108107) inner /opt/stack/data/venv/lib/python3.12/site-packages/oslo_concurrency/lockutils.py:506}}
May 18 18:33:37.740169 np0000174523 devstack@n-api-meta.service[108107]: DEBUG oslo_concurrency.lockutils [None req-24638005-8785-46aa-a2bd-a06f88d90193 None None] Lock "00000000-0000-0000-0000-000000000000" acquired by "nova.context.set_target_cell..get_or_set_cached_cell_and_set_connections" :: waited 0.000s {{(pid=108107) inner /opt/stack/data/venv/lib/python3.12/site-packages/oslo_concurrency/lockutils.py:519}}
May 18 18:33:37.740506 np0000174523 devstack@n-api-meta.service[108107]: DEBUG oslo_concurrency.lockutils [None req-24638005-8785-46aa-a2bd-a06f88d90193 None None] Lock "00000000-0000-0000-0000-000000000000" "released" by "nova.context.set_target_cell..get_or_set_cached_cell_and_set_connections" :: held 0.000s {{(pid=108107) inner /opt/stack/data/venv/lib/python3.12/site-packages/oslo_concurrency/lockutils.py:538}}
May 18 18:33:37.741380 np0000174523 devstack@n-api-meta.service[108107]: DEBUG oslo_concurrency.lockutils [None req-24638005-8785-46aa-a2bd-a06f88d90193 None None] Acquiring lock "09d6e970-a61d-4f17-8e1e-5306f989fc84" by "nova.context.set_target_cell..get_or_set_cached_cell_and_set_connections" {{(pid=108107) inner /opt/stack/data/venv/lib/python3.12/site-packages/oslo_concurrency/lockutils.py:506}}
May 18 18:33:37.741515 np0000174523 devstack@n-api-meta.service[108107]: DEBUG oslo_concurrency.lockutils [None req-24638005-8785-46aa-a2bd-a06f88d90193 None None] Lock "09d6e970-a61d-4f17-8e1e-5306f989fc84" acquired by "nova.context.set_target_cell..get_or_set_cached_cell_and_set_connections" :: waited 0.000s {{(pid=108107) inner /opt/stack/data/venv/lib/python3.12/site-packages/oslo_concurrency/lockutils.py:519}}
May 18 18:33:37.742395 np0000174523 devstack@n-api-meta.service[108107]: DEBUG oslo_concurrency.lockutils [None req-24638005-8785-46aa-a2bd-a06f88d90193 None None] Lock "09d6e970-a61d-4f17-8e1e-5306f989fc84" "released" by "nova.context.set_target_cell..get_or_set_cached_cell_and_set_connections" :: held 0.001s {{(pid=108107) inner /opt/stack/data/venv/lib/python3.12/site-packages/oslo_concurrency/lockutils.py:538}}
May 18 18:33:37.742554 np0000174523 devstack@n-api-meta.service[108104]: DEBUG dbcounter [-] [108104] Writer thread running {{(pid=108104) stat_writer /opt/stack/data/venv/lib/python3.12/site-packages/dbcounter.py:102}}
May 18 18:33:37.745050 np0000174523 devstack@n-api-meta.service[108104]: DEBUG nova.context [None req-0f1965cc-5e00-4d8b-b2fb-fae07198fc48 None None] Found 2 cells: 00000000-0000-0000-0000-000000000000(cell0),09d6e970-a61d-4f17-8e1e-5306f989fc84(cell1) {{(pid=108104) load_cells /opt/stack/nova/nova/context.py:509}}
May 18 18:33:37.745267 np0000174523 devstack@n-api-meta.service[108104]: INFO nova.utils [None req-0f1965cc-5e00-4d8b-b2fb-fae07198fc48 None None] The cell worker thread pool MainProcess.cell_worker is initialized
May 18 18:33:37.746263 np0000174523 devstack@n-api-meta.service[108107]: INFO dbcounter [None req-24638005-8785-46aa-a2bd-a06f88d90193 None None] Registered counter for database nova_cell0
May 18 18:33:37.747152 np0000174523 devstack@n-api-meta.service[108104]: DEBUG oslo_concurrency.lockutils [None req-0f1965cc-5e00-4d8b-b2fb-fae07198fc48 None None] Acquiring lock "00000000-0000-0000-0000-000000000000" by "nova.context.set_target_cell..get_or_set_cached_cell_and_set_connections" {{(pid=108104) inner /opt/stack/data/venv/lib/python3.12/site-packages/oslo_concurrency/lockutils.py:506}}
May 18 18:33:37.747314 np0000174523 devstack@n-api-meta.service[108104]: DEBUG oslo_concurrency.lockutils [None req-0f1965cc-5e00-4d8b-b2fb-fae07198fc48 None None] Lock "00000000-0000-0000-0000-000000000000" acquired by "nova.context.set_target_cell..get_or_set_cached_cell_and_set_connections" :: waited 0.000s {{(pid=108104) inner /opt/stack/data/venv/lib/python3.12/site-packages/oslo_concurrency/lockutils.py:519}}
May 18 18:33:37.747668 np0000174523 devstack@n-api-meta.service[108104]: DEBUG oslo_concurrency.lockutils [None req-0f1965cc-5e00-4d8b-b2fb-fae07198fc48 None None] Lock "00000000-0000-0000-0000-000000000000" "released" by "nova.context.set_target_cell..get_or_set_cached_cell_and_set_connections" :: held 0.000s {{(pid=108104) inner /opt/stack/data/venv/lib/python3.12/site-packages/oslo_concurrency/lockutils.py:538}}
May 18 18:33:37.748439 np0000174523 devstack@n-api-meta.service[108104]: DEBUG oslo_concurrency.lockutils [None req-0f1965cc-5e00-4d8b-b2fb-fae07198fc48 None None] Acquiring lock "09d6e970-a61d-4f17-8e1e-5306f989fc84" by "nova.context.set_target_cell..get_or_set_cached_cell_and_set_connections" {{(pid=108104) inner /opt/stack/data/venv/lib/python3.12/site-packages/oslo_concurrency/lockutils.py:506}}
May 18 18:33:37.748548 np0000174523 devstack@n-api-meta.service[108104]: DEBUG oslo_concurrency.lockutils [None req-0f1965cc-5e00-4d8b-b2fb-fae07198fc48 None None] Lock "09d6e970-a61d-4f17-8e1e-5306f989fc84" acquired by "nova.context.set_target_cell..get_or_set_cached_cell_and_set_connections" :: waited 0.000s {{(pid=108104) inner /opt/stack/data/venv/lib/python3.12/site-packages/oslo_concurrency/lockutils.py:519}}
May 18 18:33:37.749457 np0000174523 devstack@n-api-meta.service[108104]: DEBUG oslo_concurrency.lockutils [None req-0f1965cc-5e00-4d8b-b2fb-fae07198fc48 None None] Lock "09d6e970-a61d-4f17-8e1e-5306f989fc84" "released" by "nova.context.set_target_cell..get_or_set_cached_cell_and_set_connections" :: held 0.001s {{(pid=108104) inner /opt/stack/data/venv/lib/python3.12/site-packages/oslo_concurrency/lockutils.py:538}}
May 18 18:33:37.751995 np0000174523 devstack@n-api-meta.service[108105]: DEBUG oslo_db.sqlalchemy.engines [None req-24517983-1eb5-47c8-8abb-33882cd98b87 None None] MySQL server mode set to STRICT_TRANS_TABLES,STRICT_ALL_TABLES,NO_ZERO_IN_DATE,NO_ZERO_DATE,ERROR_FOR_DIVISION_BY_ZERO,TRADITIONAL,NO_ENGINE_SUBSTITUTION {{(pid=108105) _check_effective_sql_mode /opt/stack/data/venv/lib/python3.12/site-packages/oslo_db/sqlalchemy/engines.py:325}}
May 18 18:33:37.752616 np0000174523 devstack@n-api-meta.service[108107]: INFO dbcounter [None req-24638005-8785-46aa-a2bd-a06f88d90193 None None] Registered counter for database nova_cell1
May 18 18:33:37.754510 np0000174523 devstack@n-api-meta.service[108104]: INFO dbcounter [None req-0f1965cc-5e00-4d8b-b2fb-fae07198fc48 None None] Registered counter for database nova_cell0
May 18 18:33:37.762920 np0000174523 devstack@n-api-meta.service[108104]: INFO dbcounter [None req-0f1965cc-5e00-4d8b-b2fb-fae07198fc48 None None] Registered counter for database nova_cell1
May 18 18:33:37.764610 np0000174523 devstack@n-api-meta.service[108107]: DEBUG oslo_db.sqlalchemy.engines [None req-24638005-8785-46aa-a2bd-a06f88d90193 None None] MySQL server mode set to STRICT_TRANS_TABLES,STRICT_ALL_TABLES,NO_ZERO_IN_DATE,NO_ZERO_DATE,ERROR_FOR_DIVISION_BY_ZERO,TRADITIONAL,NO_ENGINE_SUBSTITUTION {{(pid=108107) _check_effective_sql_mode /opt/stack/data/venv/lib/python3.12/site-packages/oslo_db/sqlalchemy/engines.py:325}}
May 18 18:33:37.770843 np0000174523 devstack@n-api-meta.service[108104]: DEBUG oslo_db.sqlalchemy.engines [None req-0f1965cc-5e00-4d8b-b2fb-fae07198fc48 None None] MySQL server mode set to STRICT_TRANS_TABLES,STRICT_ALL_TABLES,NO_ZERO_IN_DATE,NO_ZERO_DATE,ERROR_FOR_DIVISION_BY_ZERO,TRADITIONAL,NO_ENGINE_SUBSTITUTION {{(pid=108104) _check_effective_sql_mode /opt/stack/data/venv/lib/python3.12/site-packages/oslo_db/sqlalchemy/engines.py:325}}
May 18 18:33:37.785803 np0000174523 devstack@n-api-meta.service[108107]: DEBUG oslo_db.sqlalchemy.engines [None req-24638005-8785-46aa-a2bd-a06f88d90193 None None] MySQL server mode set to STRICT_TRANS_TABLES,STRICT_ALL_TABLES,NO_ZERO_IN_DATE,NO_ZERO_DATE,ERROR_FOR_DIVISION_BY_ZERO,TRADITIONAL,NO_ENGINE_SUBSTITUTION {{(pid=108107) _check_effective_sql_mode /opt/stack/data/venv/lib/python3.12/site-packages/oslo_db/sqlalchemy/engines.py:325}}
May 18 18:33:37.796472 np0000174523 devstack@n-api-meta.service[108106]: DEBUG dbcounter [-] [108106] Writer thread running {{(pid=108106) stat_writer /opt/stack/data/venv/lib/python3.12/site-packages/dbcounter.py:102}}
May 18 18:33:37.796866 np0000174523 devstack@n-api-meta.service[108106]: DEBUG dbcounter [-] [108106] Writer thread running {{(pid=108106) stat_writer /opt/stack/data/venv/lib/python3.12/site-packages/dbcounter.py:102}}
May 18 18:33:37.806587 np0000174523 devstack@n-api-meta.service[108106]: INFO dbcounter [None req-3eea91eb-9632-4cc6-ad93-4f4dc2cf9cde None None] Registered counter for database nova_cell0
May 18 18:33:37.819426 np0000174523 devstack@n-api-meta.service[108106]: DEBUG oslo_db.sqlalchemy.engines [None req-3eea91eb-9632-4cc6-ad93-4f4dc2cf9cde None None] MySQL server mode set to STRICT_TRANS_TABLES,STRICT_ALL_TABLES,NO_ZERO_IN_DATE,NO_ZERO_DATE,ERROR_FOR_DIVISION_BY_ZERO,TRADITIONAL,NO_ENGINE_SUBSTITUTION {{(pid=108106) _check_effective_sql_mode /opt/stack/data/venv/lib/python3.12/site-packages/oslo_db/sqlalchemy/engines.py:325}}
May 18 18:33:37.833896 np0000174523 devstack@n-api-meta.service[108106]: DEBUG dbcounter [-] [108106] Writer thread running {{(pid=108106) stat_writer /opt/stack/data/venv/lib/python3.12/site-packages/dbcounter.py:102}}
May 18 18:33:37.837078 np0000174523 devstack@n-api-meta.service[108104]: DEBUG oslo_db.sqlalchemy.engines [None req-0f1965cc-5e00-4d8b-b2fb-fae07198fc48 None None] MySQL server mode set to STRICT_TRANS_TABLES,STRICT_ALL_TABLES,NO_ZERO_IN_DATE,NO_ZERO_DATE,ERROR_FOR_DIVISION_BY_ZERO,TRADITIONAL,NO_ENGINE_SUBSTITUTION {{(pid=108104) _check_effective_sql_mode /opt/stack/data/venv/lib/python3.12/site-packages/oslo_db/sqlalchemy/engines.py:325}}
May 18 18:33:37.879732 np0000174523 devstack@n-api-meta.service[108105]: DEBUG dbcounter [-] [108105] Writer thread running {{(pid=108105) stat_writer /opt/stack/data/venv/lib/python3.12/site-packages/dbcounter.py:102}}
May 18 18:33:37.880999 np0000174523 devstack@n-api-meta.service[108105]: DEBUG dbcounter [-] [108105] Writer thread running {{(pid=108105) stat_writer /opt/stack/data/venv/lib/python3.12/site-packages/dbcounter.py:102}}
May 18 18:33:37.883387 np0000174523 devstack@n-api-meta.service[108104]: DEBUG dbcounter [-] [108104] Writer thread running {{(pid=108104) stat_writer /opt/stack/data/venv/lib/python3.12/site-packages/dbcounter.py:102}}
May 18 18:33:37.886890 np0000174523 devstack@n-api-meta.service[108104]: DEBUG dbcounter [-] [108104] Writer thread running {{(pid=108104) stat_writer /opt/stack/data/venv/lib/python3.12/site-packages/dbcounter.py:102}}
May 18 18:33:37.887306 np0000174523 devstack@n-api-meta.service[108105]: INFO dbcounter [None req-24517983-1eb5-47c8-8abb-33882cd98b87 None None] Registered counter for database nova_cell0
May 18 18:33:37.889883 np0000174523 devstack@n-api-meta.service[108104]: INFO dbcounter [None req-0f1965cc-5e00-4d8b-b2fb-fae07198fc48 None None] Registered counter for database nova_cell0
May 18 18:33:37.896377 np0000174523 devstack@n-api-meta.service[108105]: DEBUG oslo_db.sqlalchemy.engines [None req-24517983-1eb5-47c8-8abb-33882cd98b87 None None] MySQL server mode set to STRICT_TRANS_TABLES,STRICT_ALL_TABLES,NO_ZERO_IN_DATE,NO_ZERO_DATE,ERROR_FOR_DIVISION_BY_ZERO,TRADITIONAL,NO_ENGINE_SUBSTITUTION {{(pid=108105) _check_effective_sql_mode /opt/stack/data/venv/lib/python3.12/site-packages/oslo_db/sqlalchemy/engines.py:325}}
May 18 18:33:37.899703 np0000174523 devstack@n-api-meta.service[108104]: DEBUG oslo_db.sqlalchemy.engines [None req-0f1965cc-5e00-4d8b-b2fb-fae07198fc48 None None] MySQL server mode set to STRICT_TRANS_TABLES,STRICT_ALL_TABLES,NO_ZERO_IN_DATE,NO_ZERO_DATE,ERROR_FOR_DIVISION_BY_ZERO,TRADITIONAL,NO_ENGINE_SUBSTITUTION {{(pid=108104) _check_effective_sql_mode /opt/stack/data/venv/lib/python3.12/site-packages/oslo_db/sqlalchemy/engines.py:325}}
May 18 18:33:37.904124 np0000174523 devstack@n-api-meta.service[108105]: DEBUG dbcounter [-] [108105] Writer thread running {{(pid=108105) stat_writer /opt/stack/data/venv/lib/python3.12/site-packages/dbcounter.py:102}}
May 18 18:33:37.906857 np0000174523 devstack@n-api-meta.service[108104]: DEBUG dbcounter [-] [108104] Writer thread running {{(pid=108104) stat_writer /opt/stack/data/venv/lib/python3.12/site-packages/dbcounter.py:102}}
May 18 18:33:37.908728 np0000174523 devstack@n-api-meta.service[108106]: WARNING nova.api.metadata.handler [None req-3eea91eb-9632-4cc6-ad93-4f4dc2cf9cde None None] metadata_proxy_shared_secret is not configured, the metadata information returned by the proxy cannot be trusted
May 18 18:33:37.911013 np0000174523 devstack@n-api-meta.service[108106]: DEBUG nova.api.openstack.wsgi_app [None req-3eea91eb-9632-4cc6-ad93-4f4dc2cf9cde None None] ******************************************************************************** {{(pid=108106) log_opt_values /opt/stack/data/venv/lib/python3.12/site-packages/oslo_config/cfg.py:2979}}
May 18 18:33:37.911097 np0000174523 devstack@n-api-meta.service[108106]: DEBUG nova.api.openstack.wsgi_app [None req-3eea91eb-9632-4cc6-ad93-4f4dc2cf9cde None None] Configuration options gathered from: {{(pid=108106) log_opt_values /opt/stack/data/venv/lib/python3.12/site-packages/oslo_config/cfg.py:2980}}
May 18 18:33:37.911231 np0000174523 devstack@n-api-meta.service[108106]: DEBUG nova.api.openstack.wsgi_app [None req-3eea91eb-9632-4cc6-ad93-4f4dc2cf9cde None None] command line args: [] {{(pid=108106) log_opt_values /opt/stack/data/venv/lib/python3.12/site-packages/oslo_config/cfg.py:2981}}
May 18 18:33:37.911386 np0000174523 devstack@n-api-meta.service[108106]: DEBUG nova.api.openstack.wsgi_app [None req-3eea91eb-9632-4cc6-ad93-4f4dc2cf9cde None None] config files: ['/etc/nova/api-paste.ini', '/etc/nova/nova.conf'] {{(pid=108106) log_opt_values /opt/stack/data/venv/lib/python3.12/site-packages/oslo_config/cfg.py:2982}}
May 18 18:33:37.911453 np0000174523 devstack@n-api-meta.service[108106]: DEBUG nova.api.openstack.wsgi_app [None req-3eea91eb-9632-4cc6-ad93-4f4dc2cf9cde None None] ================================================================================ {{(pid=108106) log_opt_values /opt/stack/data/venv/lib/python3.12/site-packages/oslo_config/cfg.py:2987}}
May 18 18:33:37.911649 np0000174523 devstack@n-api-meta.service[108106]: DEBUG nova.api.openstack.wsgi_app [None req-3eea91eb-9632-4cc6-ad93-4f4dc2cf9cde None None] allow_resize_to_same_host = True {{(pid=108106) log_opt_values /opt/stack/data/venv/lib/python3.12/site-packages/oslo_config/cfg.py:2995}}
May 18 18:33:37.911783 np0000174523 devstack@n-api-meta.service[108106]: DEBUG nova.api.openstack.wsgi_app [None req-3eea91eb-9632-4cc6-ad93-4f4dc2cf9cde None None] arq_binding_timeout = 300 {{(pid=108106) log_opt_values /opt/stack/data/venv/lib/python3.12/site-packages/oslo_config/cfg.py:2995}}
May 18 18:33:37.911910 np0000174523 devstack@n-api-meta.service[108106]: DEBUG nova.api.openstack.wsgi_app [None req-3eea91eb-9632-4cc6-ad93-4f4dc2cf9cde None None] block_device_allocate_retries = 60 {{(pid=108106) log_opt_values /opt/stack/data/venv/lib/python3.12/site-packages/oslo_config/cfg.py:2995}}
May 18 18:33:37.912036 np0000174523 devstack@n-api-meta.service[108106]: DEBUG nova.api.openstack.wsgi_app [None req-3eea91eb-9632-4cc6-ad93-4f4dc2cf9cde None None] block_device_allocate_retries_interval = 3 {{(pid=108106) log_opt_values /opt/stack/data/venv/lib/python3.12/site-packages/oslo_config/cfg.py:2995}}
May 18 18:33:37.912166 np0000174523 devstack@n-api-meta.service[108106]: DEBUG nova.api.openstack.wsgi_app [None req-3eea91eb-9632-4cc6-ad93-4f4dc2cf9cde None None] cell_worker_thread_pool_size = 5 {{(pid=108106) log_opt_values /opt/stack/data/venv/lib/python3.12/site-packages/oslo_config/cfg.py:2995}}
May 18 18:33:37.912299 np0000174523 devstack@n-api-meta.service[108106]: DEBUG nova.api.openstack.wsgi_app [None req-3eea91eb-9632-4cc6-ad93-4f4dc2cf9cde None None] cert = self.pem {{(pid=108106) log_opt_values /opt/stack/data/venv/lib/python3.12/site-packages/oslo_config/cfg.py:2995}}
May 18 18:33:37.912429 np0000174523 devstack@n-api-meta.service[108106]: DEBUG nova.api.openstack.wsgi_app [None req-3eea91eb-9632-4cc6-ad93-4f4dc2cf9cde None None] compute_driver = libvirt.LibvirtDriver {{(pid=108106) log_opt_values /opt/stack/data/venv/lib/python3.12/site-packages/oslo_config/cfg.py:2995}}
May 18 18:33:37.912557 np0000174523 devstack@n-api-meta.service[108106]: DEBUG nova.api.openstack.wsgi_app [None req-3eea91eb-9632-4cc6-ad93-4f4dc2cf9cde None None] compute_monitors = [] {{(pid=108106) log_opt_values /opt/stack/data/venv/lib/python3.12/site-packages/oslo_config/cfg.py:2995}}
May 18 18:33:37.912692 np0000174523 devstack@n-api-meta.service[108106]: DEBUG nova.api.openstack.wsgi_app [None req-3eea91eb-9632-4cc6-ad93-4f4dc2cf9cde None None] config_dir = [] {{(pid=108106) log_opt_values /opt/stack/data/venv/lib/python3.12/site-packages/oslo_config/cfg.py:2995}}
May 18 18:33:37.912823 np0000174523 devstack@n-api-meta.service[108106]: DEBUG nova.api.openstack.wsgi_app [None req-3eea91eb-9632-4cc6-ad93-4f4dc2cf9cde None None] config_drive_format = iso9660 {{(pid=108106) log_opt_values /opt/stack/data/venv/lib/python3.12/site-packages/oslo_config/cfg.py:2995}}
May 18 18:33:37.912927 np0000174523 devstack@n-api-meta.service[108106]: DEBUG nova.api.openstack.wsgi_app [None req-3eea91eb-9632-4cc6-ad93-4f4dc2cf9cde None None] config_file = ['/etc/nova/api-paste.ini', '/etc/nova/nova.conf'] {{(pid=108106) log_opt_values /opt/stack/data/venv/lib/python3.12/site-packages/oslo_config/cfg.py:2995}}
May 18 18:33:37.913054 np0000174523 devstack@n-api-meta.service[108106]: DEBUG nova.api.openstack.wsgi_app [None req-3eea91eb-9632-4cc6-ad93-4f4dc2cf9cde None None] config_source = [] {{(pid=108106) log_opt_values /opt/stack/data/venv/lib/python3.12/site-packages/oslo_config/cfg.py:2995}}
May 18 18:33:37.913185 np0000174523 devstack@n-api-meta.service[108106]: DEBUG nova.api.openstack.wsgi_app [None req-3eea91eb-9632-4cc6-ad93-4f4dc2cf9cde None None] console_host = np0000174523 {{(pid=108106) log_opt_values /opt/stack/data/venv/lib/python3.12/site-packages/oslo_config/cfg.py:2995}}
May 18 18:33:37.913315 np0000174523 devstack@n-api-meta.service[108106]: DEBUG nova.api.openstack.wsgi_app [None req-3eea91eb-9632-4cc6-ad93-4f4dc2cf9cde None None] control_exchange = nova {{(pid=108106) log_opt_values /opt/stack/data/venv/lib/python3.12/site-packages/oslo_config/cfg.py:2995}}
May 18 18:33:37.913443 np0000174523 devstack@n-api-meta.service[108106]: DEBUG nova.api.openstack.wsgi_app [None req-3eea91eb-9632-4cc6-ad93-4f4dc2cf9cde None None] cpu_allocation_ratio = None {{(pid=108106) log_opt_values /opt/stack/data/venv/lib/python3.12/site-packages/oslo_config/cfg.py:2995}}
May 18 18:33:37.913567 np0000174523 devstack@n-api-meta.service[108106]: DEBUG nova.api.openstack.wsgi_app [None req-3eea91eb-9632-4cc6-ad93-4f4dc2cf9cde None None] daemon = False {{(pid=108106) log_opt_values /opt/stack/data/venv/lib/python3.12/site-packages/oslo_config/cfg.py:2995}}
May 18 18:33:37.913709 np0000174523 devstack@n-api-meta.service[108106]: DEBUG nova.api.openstack.wsgi_app [None req-3eea91eb-9632-4cc6-ad93-4f4dc2cf9cde None None] debug = True {{(pid=108106) log_opt_values /opt/stack/data/venv/lib/python3.12/site-packages/oslo_config/cfg.py:2995}}
May 18 18:33:37.913835 np0000174523 devstack@n-api-meta.service[108106]: DEBUG nova.api.openstack.wsgi_app [None req-3eea91eb-9632-4cc6-ad93-4f4dc2cf9cde None None] default_access_ip_network_name = None {{(pid=108106) log_opt_values /opt/stack/data/venv/lib/python3.12/site-packages/oslo_config/cfg.py:2995}}
May 18 18:33:37.913977 np0000174523 devstack@n-api-meta.service[108106]: DEBUG nova.api.openstack.wsgi_app [None req-3eea91eb-9632-4cc6-ad93-4f4dc2cf9cde None None] default_availability_zone = nova {{(pid=108106) log_opt_values /opt/stack/data/venv/lib/python3.12/site-packages/oslo_config/cfg.py:2995}}
May 18 18:33:37.914105 np0000174523 devstack@n-api-meta.service[108106]: DEBUG nova.api.openstack.wsgi_app [None req-3eea91eb-9632-4cc6-ad93-4f4dc2cf9cde None None] default_ephemeral_format = ext4 {{(pid=108106) log_opt_values /opt/stack/data/venv/lib/python3.12/site-packages/oslo_config/cfg.py:2995}}
May 18 18:33:37.914231 np0000174523 devstack@n-api-meta.service[108106]: DEBUG nova.api.openstack.wsgi_app [None req-3eea91eb-9632-4cc6-ad93-4f4dc2cf9cde None None] default_green_pool_size = 1000 {{(pid=108106) log_opt_values /opt/stack/data/venv/lib/python3.12/site-packages/oslo_config/cfg.py:2995}}
May 18 18:33:37.914497 np0000174523 devstack@n-api-meta.service[108106]: DEBUG nova.api.openstack.wsgi_app [None req-3eea91eb-9632-4cc6-ad93-4f4dc2cf9cde None None] default_log_levels = ['amqp=WARN', 'boto=WARN', 'sqlalchemy=WARN', 'suds=INFO', 'oslo.messaging=INFO', 'oslo_messaging=INFO', 'iso8601=WARN', 'requests.packages.urllib3.connectionpool=WARN', 'urllib3.connectionpool=WARN', 'websocket=WARN', 'requests.packages.urllib3.util.retry=WARN', 'urllib3.util.retry=WARN', 'keystonemiddleware=WARN', 'routes.middleware=WARN', 'stevedore=WARN', 'taskflow=WARN', 'keystoneauth=WARN', 'oslo.cache=INFO', 'oslo_policy=INFO', 'dogpile.core.dogpile=INFO', 'glanceclient=WARN', 'oslo.privsep.daemon=INFO'] {{(pid=108106) log_opt_values /opt/stack/data/venv/lib/python3.12/site-packages/oslo_config/cfg.py:2995}}
May 18 18:33:37.914697 np0000174523 devstack@n-api-meta.service[108106]: DEBUG nova.api.openstack.wsgi_app [None req-3eea91eb-9632-4cc6-ad93-4f4dc2cf9cde None None] default_schedule_zone = None {{(pid=108106) log_opt_values /opt/stack/data/venv/lib/python3.12/site-packages/oslo_config/cfg.py:2995}}
May 18 18:33:37.914771 np0000174523 devstack@n-api-meta.service[108106]: DEBUG nova.api.openstack.wsgi_app [None req-3eea91eb-9632-4cc6-ad93-4f4dc2cf9cde None None] default_thread_pool_size = 10 {{(pid=108106) log_opt_values /opt/stack/data/venv/lib/python3.12/site-packages/oslo_config/cfg.py:2995}}
May 18 18:33:37.914866 np0000174523 devstack@n-api-meta.service[108106]: DEBUG nova.api.openstack.wsgi_app [None req-3eea91eb-9632-4cc6-ad93-4f4dc2cf9cde None None] disk_allocation_ratio = None {{(pid=108106) log_opt_values /opt/stack/data/venv/lib/python3.12/site-packages/oslo_config/cfg.py:2995}}
May 18 18:33:37.914983 np0000174523 devstack@n-api-meta.service[108106]: DEBUG nova.api.openstack.wsgi_app [None req-3eea91eb-9632-4cc6-ad93-4f4dc2cf9cde None None] enable_new_services = True {{(pid=108106) log_opt_values /opt/stack/data/venv/lib/python3.12/site-packages/oslo_config/cfg.py:2995}}
May 18 18:33:37.915104 np0000174523 devstack@n-api-meta.service[108106]: DEBUG nova.api.openstack.wsgi_app [None req-3eea91eb-9632-4cc6-ad93-4f4dc2cf9cde None None] flat_injected = False {{(pid=108106) log_opt_values /opt/stack/data/venv/lib/python3.12/site-packages/oslo_config/cfg.py:2995}}
May 18 18:33:37.915227 np0000174523 devstack@n-api-meta.service[108106]: DEBUG nova.api.openstack.wsgi_app [None req-3eea91eb-9632-4cc6-ad93-4f4dc2cf9cde None None] force_config_drive = False {{(pid=108106) log_opt_values /opt/stack/data/venv/lib/python3.12/site-packages/oslo_config/cfg.py:2995}}
May 18 18:33:37.915348 np0000174523 devstack@n-api-meta.service[108106]: DEBUG nova.api.openstack.wsgi_app [None req-3eea91eb-9632-4cc6-ad93-4f4dc2cf9cde None None] force_raw_images = True {{(pid=108106) log_opt_values /opt/stack/data/venv/lib/python3.12/site-packages/oslo_config/cfg.py:2995}}
May 18 18:33:37.915481 np0000174523 devstack@n-api-meta.service[108106]: DEBUG nova.api.openstack.wsgi_app [None req-3eea91eb-9632-4cc6-ad93-4f4dc2cf9cde None None] graceful_shutdown_timeout = 5 {{(pid=108106) log_opt_values /opt/stack/data/venv/lib/python3.12/site-packages/oslo_config/cfg.py:2995}}
May 18 18:33:37.915605 np0000174523 devstack@n-api-meta.service[108106]: DEBUG nova.api.openstack.wsgi_app [None req-3eea91eb-9632-4cc6-ad93-4f4dc2cf9cde None None] heal_instance_info_cache_interval = -1 {{(pid=108106) log_opt_values /opt/stack/data/venv/lib/python3.12/site-packages/oslo_config/cfg.py:2995}}
May 18 18:33:37.915798 np0000174523 devstack@n-api-meta.service[108106]: DEBUG nova.api.openstack.wsgi_app [None req-3eea91eb-9632-4cc6-ad93-4f4dc2cf9cde None None] host = np0000174523 {{(pid=108106) log_opt_values /opt/stack/data/venv/lib/python3.12/site-packages/oslo_config/cfg.py:2995}}
May 18 18:33:37.915933 np0000174523 devstack@n-api-meta.service[108106]: DEBUG nova.api.openstack.wsgi_app [None req-3eea91eb-9632-4cc6-ad93-4f4dc2cf9cde None None] initial_cpu_allocation_ratio = 4.0 {{(pid=108106) log_opt_values /opt/stack/data/venv/lib/python3.12/site-packages/oslo_config/cfg.py:2995}}
May 18 18:33:37.916076 np0000174523 devstack@n-api-meta.service[108106]: DEBUG nova.api.openstack.wsgi_app [None req-3eea91eb-9632-4cc6-ad93-4f4dc2cf9cde None None] initial_disk_allocation_ratio = 1.0 {{(pid=108106) log_opt_values /opt/stack/data/venv/lib/python3.12/site-packages/oslo_config/cfg.py:2995}}
May 18 18:33:37.916203 np0000174523 devstack@n-api-meta.service[108106]: DEBUG nova.api.openstack.wsgi_app [None req-3eea91eb-9632-4cc6-ad93-4f4dc2cf9cde None None] initial_ram_allocation_ratio = 1.0 {{(pid=108106) log_opt_values /opt/stack/data/venv/lib/python3.12/site-packages/oslo_config/cfg.py:2995}}
May 18 18:33:37.916404 np0000174523 devstack@n-api-meta.service[108106]: DEBUG nova.api.openstack.wsgi_app [None req-3eea91eb-9632-4cc6-ad93-4f4dc2cf9cde None None] injected_network_template = /opt/stack/nova/nova/virt/interfaces.template {{(pid=108106) log_opt_values /opt/stack/data/venv/lib/python3.12/site-packages/oslo_config/cfg.py:2995}}
May 18 18:33:37.916548 np0000174523 devstack@n-api-meta.service[108106]: DEBUG nova.api.openstack.wsgi_app [None req-3eea91eb-9632-4cc6-ad93-4f4dc2cf9cde None None] instance_build_timeout = 0 {{(pid=108106) log_opt_values /opt/stack/data/venv/lib/python3.12/site-packages/oslo_config/cfg.py:2995}}
May 18 18:33:37.916696 np0000174523 devstack@n-api-meta.service[108106]: DEBUG nova.api.openstack.wsgi_app [None req-3eea91eb-9632-4cc6-ad93-4f4dc2cf9cde None None] instance_delete_interval = 300 {{(pid=108106) log_opt_values /opt/stack/data/venv/lib/python3.12/site-packages/oslo_config/cfg.py:2995}}
May 18 18:33:37.916829 np0000174523 devstack@n-api-meta.service[108106]: DEBUG nova.api.openstack.wsgi_app [None req-3eea91eb-9632-4cc6-ad93-4f4dc2cf9cde None None] instance_format = [instance: %(uuid)s] {{(pid=108106) log_opt_values /opt/stack/data/venv/lib/python3.12/site-packages/oslo_config/cfg.py:2995}}
May 18 18:33:37.916958 np0000174523 devstack@n-api-meta.service[108106]: DEBUG nova.api.openstack.wsgi_app [None req-3eea91eb-9632-4cc6-ad93-4f4dc2cf9cde None None] instance_name_template = instance-%08x {{(pid=108106) log_opt_values /opt/stack/data/venv/lib/python3.12/site-packages/oslo_config/cfg.py:2995}}
May 18 18:33:37.917083 np0000174523 devstack@n-api-meta.service[108106]: DEBUG nova.api.openstack.wsgi_app [None req-3eea91eb-9632-4cc6-ad93-4f4dc2cf9cde None None] instance_usage_audit = False {{(pid=108106) log_opt_values /opt/stack/data/venv/lib/python3.12/site-packages/oslo_config/cfg.py:2995}}
May 18 18:33:37.917215 np0000174523 devstack@n-api-meta.service[108106]: DEBUG nova.api.openstack.wsgi_app [None req-3eea91eb-9632-4cc6-ad93-4f4dc2cf9cde None None] instance_usage_audit_period = month {{(pid=108106) log_opt_values /opt/stack/data/venv/lib/python3.12/site-packages/oslo_config/cfg.py:2995}}
May 18 18:33:37.917342 np0000174523 devstack@n-api-meta.service[108106]: DEBUG nova.api.openstack.wsgi_app [None req-3eea91eb-9632-4cc6-ad93-4f4dc2cf9cde None None] instance_uuid_format = [instance: %(uuid)s] {{(pid=108106) log_opt_values /opt/stack/data/venv/lib/python3.12/site-packages/oslo_config/cfg.py:2995}}
May 18 18:33:37.917468 np0000174523 devstack@n-api-meta.service[108106]: DEBUG nova.api.openstack.wsgi_app [None req-3eea91eb-9632-4cc6-ad93-4f4dc2cf9cde None None] instances_path = /opt/stack/data/nova/instances {{(pid=108106) log_opt_values /opt/stack/data/venv/lib/python3.12/site-packages/oslo_config/cfg.py:2995}}
May 18 18:33:37.917597 np0000174523 devstack@n-api-meta.service[108106]: DEBUG nova.api.openstack.wsgi_app [None req-3eea91eb-9632-4cc6-ad93-4f4dc2cf9cde None None] internal_service_availability_zone = internal {{(pid=108106) log_opt_values /opt/stack/data/venv/lib/python3.12/site-packages/oslo_config/cfg.py:2995}}
May 18 18:33:37.917734 np0000174523 devstack@n-api-meta.service[108106]: DEBUG nova.api.openstack.wsgi_app [None req-3eea91eb-9632-4cc6-ad93-4f4dc2cf9cde None None] key = None {{(pid=108106) log_opt_values /opt/stack/data/venv/lib/python3.12/site-packages/oslo_config/cfg.py:2995}}
May 18 18:33:37.917858 np0000174523 devstack@n-api-meta.service[108106]: DEBUG nova.api.openstack.wsgi_app [None req-3eea91eb-9632-4cc6-ad93-4f4dc2cf9cde None None] live_migration_retry_count = 30 {{(pid=108106) log_opt_values /opt/stack/data/venv/lib/python3.12/site-packages/oslo_config/cfg.py:2995}}
May 18 18:33:37.918097 np0000174523 devstack@n-api-meta.service[108106]: DEBUG nova.api.openstack.wsgi_app [None req-3eea91eb-9632-4cc6-ad93-4f4dc2cf9cde None None] log_color = False {{(pid=108106) log_opt_values /opt/stack/data/venv/lib/python3.12/site-packages/oslo_config/cfg.py:2995}}
May 18 18:33:37.918238 np0000174523 devstack@n-api-meta.service[108106]: DEBUG nova.api.openstack.wsgi_app [None req-3eea91eb-9632-4cc6-ad93-4f4dc2cf9cde None None] log_config_append = None {{(pid=108106) log_opt_values /opt/stack/data/venv/lib/python3.12/site-packages/oslo_config/cfg.py:2995}}
