May 18 18:33:05.280367 np0000174523 neutron-periodic-workers[104862]: DEBUG cotyledon.oslo_config_glue [-] database.connection_debug = 0 {{(pid=104862) log_opt_values /opt/stack/data/venv/lib/python3.12/site-packages/oslo_config/cfg.py:3006}}
May 18 18:33:05.280367 np0000174523 neutron-periodic-workers[104862]: DEBUG cotyledon.oslo_config_glue [-] database.connection_parameters = {{(pid=104862) log_opt_values /opt/stack/data/venv/lib/python3.12/site-packages/oslo_config/cfg.py:3006}}
May 18 18:33:05.280367 np0000174523 neutron-periodic-workers[104862]: DEBUG cotyledon.oslo_config_glue [-] database.connection_recycle_time = 3600 {{(pid=104862) log_opt_values /opt/stack/data/venv/lib/python3.12/site-packages/oslo_config/cfg.py:3006}}
May 18 18:33:05.280367 np0000174523 neutron-periodic-workers[104862]: DEBUG cotyledon.oslo_config_glue [-] database.connection_trace = False {{(pid=104862) log_opt_values /opt/stack/data/venv/lib/python3.12/site-packages/oslo_config/cfg.py:3006}}
May 18 18:33:05.280367 np0000174523 neutron-periodic-workers[104862]: DEBUG cotyledon.oslo_config_glue [-] database.db_inc_retry_interval = True {{(pid=104862) log_opt_values /opt/stack/data/venv/lib/python3.12/site-packages/oslo_config/cfg.py:3006}}
May 18 18:33:05.280367 np0000174523 neutron-periodic-workers[104862]: DEBUG cotyledon.oslo_config_glue [-] database.db_max_retries = 20 {{(pid=104862) log_opt_values /opt/stack/data/venv/lib/python3.12/site-packages/oslo_config/cfg.py:3006}}
May 18 18:33:05.280367 np0000174523 neutron-periodic-workers[104862]: DEBUG cotyledon.oslo_config_glue [-] database.db_max_retry_interval = 10 {{(pid=104862) log_opt_values /opt/stack/data/venv/lib/python3.12/site-packages/oslo_config/cfg.py:3006}}
May 18 18:33:05.280706 np0000174523 neutron-periodic-workers[104862]: DEBUG cotyledon.oslo_config_glue [-] database.db_retry_interval = 1 {{(pid=104862) log_opt_values /opt/stack/data/venv/lib/python3.12/site-packages/oslo_config/cfg.py:3006}}
May 18 18:33:05.280706 np0000174523 neutron-periodic-workers[104862]: DEBUG cotyledon.oslo_config_glue [-] database.max_overflow = 50 {{(pid=104862) log_opt_values /opt/stack/data/venv/lib/python3.12/site-packages/oslo_config/cfg.py:3006}}
May 18 18:33:05.280706 np0000174523 neutron-periodic-workers[104862]: DEBUG cotyledon.oslo_config_glue [-] database.max_pool_size = 5 {{(pid=104862) log_opt_values /opt/stack/data/venv/lib/python3.12/site-packages/oslo_config/cfg.py:3006}}
May 18 18:33:05.280706 np0000174523 neutron-periodic-workers[104862]: DEBUG cotyledon.oslo_config_glue [-] database.max_retries = 10 {{(pid=104862) log_opt_values /opt/stack/data/venv/lib/python3.12/site-packages/oslo_config/cfg.py:3006}}
May 18 18:33:05.280706 np0000174523 neutron-periodic-workers[104862]: DEBUG cotyledon.oslo_config_glue [-] database.mysql_sql_mode = TRADITIONAL {{(pid=104862) log_opt_values /opt/stack/data/venv/lib/python3.12/site-packages/oslo_config/cfg.py:3006}}
May 18 18:33:05.280706 np0000174523 neutron-periodic-workers[104862]: DEBUG cotyledon.oslo_config_glue [-] database.mysql_wsrep_sync_wait = None {{(pid=104862) log_opt_values /opt/stack/data/venv/lib/python3.12/site-packages/oslo_config/cfg.py:3006}}
May 18 18:33:05.280706 np0000174523 neutron-periodic-workers[104862]: DEBUG cotyledon.oslo_config_glue [-] database.pool_timeout = None {{(pid=104862) log_opt_values /opt/stack/data/venv/lib/python3.12/site-packages/oslo_config/cfg.py:3006}}
May 18 18:33:05.280706 np0000174523 neutron-periodic-workers[104862]: DEBUG cotyledon.oslo_config_glue [-] database.retry_interval = 10 {{(pid=104862) log_opt_values /opt/stack/data/venv/lib/python3.12/site-packages/oslo_config/cfg.py:3006}}
May 18 18:33:05.280706 np0000174523 neutron-periodic-workers[104862]: DEBUG cotyledon.oslo_config_glue [-] database.slave_connection = **** {{(pid=104862) log_opt_values /opt/stack/data/venv/lib/python3.12/site-packages/oslo_config/cfg.py:3006}}
May 18 18:33:05.281015 np0000174523 neutron-periodic-workers[104862]: DEBUG cotyledon.oslo_config_glue [-] database.sqlite_synchronous = True {{(pid=104862) log_opt_values /opt/stack/data/venv/lib/python3.12/site-packages/oslo_config/cfg.py:3006}}
May 18 18:33:05.281015 np0000174523 neutron-periodic-workers[104862]: DEBUG cotyledon.oslo_config_glue [-] database.synchronous_reader = True {{(pid=104862) log_opt_values /opt/stack/data/venv/lib/python3.12/site-packages/oslo_config/cfg.py:3006}}
May 18 18:33:05.281015 np0000174523 neutron-periodic-workers[104862]: DEBUG cotyledon.oslo_config_glue [-] database.use_db_reconnect = False {{(pid=104862) log_opt_values /opt/stack/data/venv/lib/python3.12/site-packages/oslo_config/cfg.py:3006}}
May 18 18:33:05.281015 np0000174523 neutron-periodic-workers[104862]: DEBUG cotyledon.oslo_config_glue [-] ovn.bfd_min_rx = 1000 {{(pid=104862) log_opt_values /opt/stack/data/venv/lib/python3.12/site-packages/oslo_config/cfg.py:3006}}
May 18 18:33:05.281015 np0000174523 neutron-periodic-workers[104862]: DEBUG cotyledon.oslo_config_glue [-] ovn.bfd_min_tx = 100 {{(pid=104862) log_opt_values /opt/stack/data/venv/lib/python3.12/site-packages/oslo_config/cfg.py:3006}}
May 18 18:33:05.281015 np0000174523 neutron-periodic-workers[104862]: DEBUG cotyledon.oslo_config_glue [-] ovn.bfd_mult = 3 {{(pid=104862) log_opt_values /opt/stack/data/venv/lib/python3.12/site-packages/oslo_config/cfg.py:3006}}
May 18 18:33:05.281015 np0000174523 neutron-periodic-workers[104862]: DEBUG cotyledon.oslo_config_glue [-] ovn.broadcast_arps_to_all_routers = True {{(pid=104862) log_opt_values /opt/stack/data/venv/lib/python3.12/site-packages/oslo_config/cfg.py:3006}}
May 18 18:33:05.281015 np0000174523 neutron-periodic-workers[104862]: DEBUG cotyledon.oslo_config_glue [-] ovn.dhcp_default_lease_time = 43200 {{(pid=104862) log_opt_values /opt/stack/data/venv/lib/python3.12/site-packages/oslo_config/cfg.py:3006}}
May 18 18:33:05.281015 np0000174523 neutron-periodic-workers[104862]: DEBUG cotyledon.oslo_config_glue [-] ovn.disable_ovn_dhcp_for_baremetal_ports = False {{(pid=104862) log_opt_values /opt/stack/data/venv/lib/python3.12/site-packages/oslo_config/cfg.py:3006}}
May 18 18:33:05.281329 np0000174523 neutron-periodic-workers[104862]: DEBUG cotyledon.oslo_config_glue [-] ovn.dns_records_ovn_owned = False {{(pid=104862) log_opt_values /opt/stack/data/venv/lib/python3.12/site-packages/oslo_config/cfg.py:3006}}
May 18 18:33:05.281329 np0000174523 neutron-periodic-workers[104862]: DEBUG cotyledon.oslo_config_glue [-] ovn.dns_servers = [] {{(pid=104862) log_opt_values /opt/stack/data/venv/lib/python3.12/site-packages/oslo_config/cfg.py:3006}}
May 18 18:33:05.281329 np0000174523 neutron-periodic-workers[104862]: DEBUG cotyledon.oslo_config_glue [-] ovn.enable_distributed_floating_ip = False {{(pid=104862) log_opt_values /opt/stack/data/venv/lib/python3.12/site-packages/oslo_config/cfg.py:3006}}
May 18 18:33:05.281329 np0000174523 neutron-periodic-workers[104862]: DEBUG cotyledon.oslo_config_glue [-] ovn.fdb_age_threshold = 300 {{(pid=104862) log_opt_values /opt/stack/data/venv/lib/python3.12/site-packages/oslo_config/cfg.py:3006}}
May 18 18:33:05.281329 np0000174523 neutron-periodic-workers[104862]: DEBUG cotyledon.oslo_config_glue [-] ovn.ha_failover_strategy = normal {{(pid=104862) log_opt_values /opt/stack/data/venv/lib/python3.12/site-packages/oslo_config/cfg.py:3006}}
May 18 18:33:05.281329 np0000174523 neutron-periodic-workers[104862]: DEBUG cotyledon.oslo_config_glue [-] ovn.live_migration_activation_strategy = rarp {{(pid=104862) log_opt_values /opt/stack/data/venv/lib/python3.12/site-packages/oslo_config/cfg.py:3006}}
May 18 18:33:05.281329 np0000174523 neutron-periodic-workers[104862]: DEBUG cotyledon.oslo_config_glue [-] ovn.localnet_learn_fdb = False {{(pid=104862) log_opt_values /opt/stack/data/venv/lib/python3.12/site-packages/oslo_config/cfg.py:3006}}
May 18 18:33:05.281329 np0000174523 neutron-periodic-workers[104862]: DEBUG cotyledon.oslo_config_glue [-] ovn.mac_binding_age_threshold = 300 {{(pid=104862) log_opt_values /opt/stack/data/venv/lib/python3.12/site-packages/oslo_config/cfg.py:3006}}
May 18 18:33:05.281329 np0000174523 neutron-periodic-workers[104862]: DEBUG cotyledon.oslo_config_glue [-] ovn.neutron_sync_mode = log {{(pid=104862) log_opt_values /opt/stack/data/venv/lib/python3.12/site-packages/oslo_config/cfg.py:3006}}
May 18 18:33:05.282128 np0000174523 neutron-periodic-workers[104862]: DEBUG cotyledon.oslo_config_glue [-] ovn.ovn_dhcp4_global_options = {} {{(pid=104862) log_opt_values /opt/stack/data/venv/lib/python3.12/site-packages/oslo_config/cfg.py:3006}}
May 18 18:33:05.282128 np0000174523 neutron-periodic-workers[104862]: DEBUG cotyledon.oslo_config_glue [-] ovn.ovn_dhcp6_global_options = {} {{(pid=104862) log_opt_values /opt/stack/data/venv/lib/python3.12/site-packages/oslo_config/cfg.py:3006}}
May 18 18:33:05.282128 np0000174523 neutron-periodic-workers[104862]: DEBUG cotyledon.oslo_config_glue [-] ovn.ovn_l3_scheduler = leastloaded {{(pid=104862) log_opt_values /opt/stack/data/venv/lib/python3.12/site-packages/oslo_config/cfg.py:3006}}
May 18 18:33:05.282128 np0000174523 neutron-periodic-workers[104862]: DEBUG cotyledon.oslo_config_glue [-] ovn.ovn_metadata_enabled = True {{(pid=104862) log_opt_values /opt/stack/data/venv/lib/python3.12/site-packages/oslo_config/cfg.py:3006}}
May 18 18:33:05.282128 np0000174523 neutron-periodic-workers[104862]: DEBUG cotyledon.oslo_config_glue [-] ovn.ovn_nb_ca_cert = /opt/stack/data/CA/int-ca/ca-chain.pem {{(pid=104862) log_opt_values /opt/stack/data/venv/lib/python3.12/site-packages/oslo_config/cfg.py:3006}}
May 18 18:33:05.282128 np0000174523 neutron-periodic-workers[104862]: DEBUG cotyledon.oslo_config_glue [-] ovn.ovn_nb_certificate = /opt/stack/data/CA/int-ca/devstack-cert.crt {{(pid=104862) log_opt_values /opt/stack/data/venv/lib/python3.12/site-packages/oslo_config/cfg.py:3006}}
May 18 18:33:05.282128 np0000174523 neutron-periodic-workers[104862]: DEBUG cotyledon.oslo_config_glue [-] ovn.ovn_nb_connection = ['ssl:199.204.45.3:6641'] {{(pid=104862) log_opt_values /opt/stack/data/venv/lib/python3.12/site-packages/oslo_config/cfg.py:3006}}
May 18 18:33:05.282128 np0000174523 neutron-periodic-workers[104862]: DEBUG cotyledon.oslo_config_glue [-] ovn.ovn_nb_private_key = /opt/stack/data/CA/int-ca/private/devstack-cert.key {{(pid=104862) log_opt_values /opt/stack/data/venv/lib/python3.12/site-packages/oslo_config/cfg.py:3006}}
May 18 18:33:05.282789 np0000174523 neutron-periodic-workers[104862]: DEBUG cotyledon.oslo_config_glue [-] ovn.ovn_router_indirect_snat = False {{(pid=104862) log_opt_values /opt/stack/data/venv/lib/python3.12/site-packages/oslo_config/cfg.py:3006}}
May 18 18:33:05.282789 np0000174523 neutron-periodic-workers[104862]: DEBUG cotyledon.oslo_config_glue [-] ovn.ovn_sb_ca_cert = /opt/stack/data/CA/int-ca/ca-chain.pem {{(pid=104862) log_opt_values /opt/stack/data/venv/lib/python3.12/site-packages/oslo_config/cfg.py:3006}}
May 18 18:33:05.282789 np0000174523 neutron-periodic-workers[104862]: DEBUG cotyledon.oslo_config_glue [-] ovn.ovn_sb_certificate = /opt/stack/data/CA/int-ca/devstack-cert.crt {{(pid=104862) log_opt_values /opt/stack/data/venv/lib/python3.12/site-packages/oslo_config/cfg.py:3006}}
May 18 18:33:05.282789 np0000174523 neutron-periodic-workers[104862]: DEBUG cotyledon.oslo_config_glue [-] ovn.ovn_sb_connection = ['ssl:199.204.45.3:6642'] {{(pid=104862) log_opt_values /opt/stack/data/venv/lib/python3.12/site-packages/oslo_config/cfg.py:3006}}
May 18 18:33:05.282789 np0000174523 neutron-periodic-workers[104862]: DEBUG cotyledon.oslo_config_glue [-] ovn.ovn_sb_private_key = /opt/stack/data/CA/int-ca/private/devstack-cert.key {{(pid=104862) log_opt_values /opt/stack/data/venv/lib/python3.12/site-packages/oslo_config/cfg.py:3006}}
May 18 18:33:05.282789 np0000174523 neutron-periodic-workers[104862]: DEBUG cotyledon.oslo_config_glue [-] ovn.ovs_create_tap = False {{(pid=104862) log_opt_values /opt/stack/data/venv/lib/python3.12/site-packages/oslo_config/cfg.py:3006}}
May 18 18:33:05.282789 np0000174523 neutron-periodic-workers[104862]: DEBUG cotyledon.oslo_config_glue [-] ovn.ovsdb_connection_timeout = 180 {{(pid=104862) log_opt_values /opt/stack/data/venv/lib/python3.12/site-packages/oslo_config/cfg.py:3006}}
May 18 18:33:05.282789 np0000174523 neutron-periodic-workers[104862]: DEBUG cotyledon.oslo_config_glue [-] ovn.ovsdb_log_level = INFO {{(pid=104862) log_opt_values /opt/stack/data/venv/lib/python3.12/site-packages/oslo_config/cfg.py:3006}}
May 18 18:33:05.283077 np0000174523 neutron-periodic-workers[104862]: DEBUG cotyledon.oslo_config_glue [-] ovn.ovsdb_probe_interval = 60000 {{(pid=104862) log_opt_values /opt/stack/data/venv/lib/python3.12/site-packages/oslo_config/cfg.py:3006}}
May 18 18:33:05.283077 np0000174523 neutron-periodic-workers[104862]: DEBUG cotyledon.oslo_config_glue [-] ovn.ovsdb_retry_max_interval = 180 {{(pid=104862) log_opt_values /opt/stack/data/venv/lib/python3.12/site-packages/oslo_config/cfg.py:3006}}
May 18 18:33:05.283077 np0000174523 neutron-periodic-workers[104862]: DEBUG cotyledon.oslo_config_glue [-] ovn.stateless_nat_enabled = False {{(pid=104862) log_opt_values /opt/stack/data/venv/lib/python3.12/site-packages/oslo_config/cfg.py:3006}}
May 18 18:33:05.283077 np0000174523 neutron-periodic-workers[104862]: DEBUG cotyledon.oslo_config_glue [-] ovn.vhost_sock_dir = /var/run/openvswitch {{(pid=104862) log_opt_values /opt/stack/data/venv/lib/python3.12/site-packages/oslo_config/cfg.py:3006}}
May 18 18:33:05.283077 np0000174523 neutron-periodic-workers[104862]: DEBUG cotyledon.oslo_config_glue [-] OVS.bridge_mac_table_size = 50000 {{(pid=104862) log_opt_values /opt/stack/data/venv/lib/python3.12/site-packages/oslo_config/cfg.py:3006}}
May 18 18:33:05.283077 np0000174523 neutron-periodic-workers[104862]: DEBUG cotyledon.oslo_config_glue [-] OVS.igmp_flood = False {{(pid=104862) log_opt_values /opt/stack/data/venv/lib/python3.12/site-packages/oslo_config/cfg.py:3006}}
May 18 18:33:05.283077 np0000174523 neutron-periodic-workers[104862]: DEBUG cotyledon.oslo_config_glue [-] OVS.igmp_flood_reports = True {{(pid=104862) log_opt_values /opt/stack/data/venv/lib/python3.12/site-packages/oslo_config/cfg.py:3006}}
May 18 18:33:05.283077 np0000174523 neutron-periodic-workers[104862]: DEBUG cotyledon.oslo_config_glue [-] OVS.igmp_flood_unregistered = False {{(pid=104862) log_opt_values /opt/stack/data/venv/lib/python3.12/site-packages/oslo_config/cfg.py:3006}}
May 18 18:33:05.283077 np0000174523 neutron-periodic-workers[104862]: DEBUG cotyledon.oslo_config_glue [-] OVS.igmp_snooping_enable = False {{(pid=104862) log_opt_values /opt/stack/data/venv/lib/python3.12/site-packages/oslo_config/cfg.py:3006}}
May 18 18:33:05.283407 np0000174523 neutron-periodic-workers[104862]: DEBUG cotyledon.oslo_config_glue [-] OVS.ovsdb_timeout = 10 {{(pid=104862) log_opt_values /opt/stack/data/venv/lib/python3.12/site-packages/oslo_config/cfg.py:3006}}
May 18 18:33:05.283407 np0000174523 neutron-periodic-workers[104862]: DEBUG cotyledon.oslo_config_glue [-] ovn_nb_global.fdb_removal_limit = 0 {{(pid=104862) log_opt_values /opt/stack/data/venv/lib/python3.12/site-packages/oslo_config/cfg.py:3006}}
May 18 18:33:05.283407 np0000174523 neutron-periodic-workers[104862]: DEBUG cotyledon.oslo_config_glue [-] ovn_nb_global.ignore_lsp_down = False {{(pid=104862) log_opt_values /opt/stack/data/venv/lib/python3.12/site-packages/oslo_config/cfg.py:3006}}
May 18 18:33:05.283407 np0000174523 neutron-periodic-workers[104862]: DEBUG cotyledon.oslo_config_glue [-] ovn_nb_global.mac_binding_removal_limit = 0 {{(pid=104862) log_opt_values /opt/stack/data/venv/lib/python3.12/site-packages/oslo_config/cfg.py:3006}}
May 18 18:33:05.283407 np0000174523 neutron-periodic-workers[104862]: DEBUG cotyledon.oslo_config_glue [-] ******************************************************************************** {{(pid=104862) log_opt_values /opt/stack/data/venv/lib/python3.12/site-packages/oslo_config/cfg.py:3013}}
May 18 18:33:05.283407 np0000174523 neutron-periodic-workers[104862]: DEBUG cotyledon._service_worker [-] Run service ServiceWrapper(0) [104862] {{(pid=104862) wait_forever /opt/stack/data/venv/lib/python3.12/site-packages/cotyledon/_service_worker.py:218}}
May 18 18:33:14.927070 np0000174523 neutron-periodic-workers[104031]: DEBUG dbcounter [-] [104031] Writing DB stats neutron:SELECT=4 {{(pid=104031) stat_writer /opt/stack/data/venv/lib/python3.12/site-packages/dbcounter.py:115}}
May 18 18:33:43.272711 np0000174523 neutron-periodic-workers[104853]: DEBUG oslo_db.sqlalchemy.engines [None req-b9861327-f294-4758-b0a9-026dd877fccd None None] Parent process 104031 forked (104853) with an open database connection, which is being discarded and recreated. {{(pid=104853) checkout /opt/stack/data/venv/lib/python3.12/site-packages/oslo_db/sqlalchemy/engines.py:402}}
May 18 18:33:43.279930 np0000174523 neutron-periodic-workers[104853]: DEBUG dbcounter [-] [104853] Writer thread running {{(pid=104853) stat_writer /opt/stack/data/venv/lib/python3.12/site-packages/dbcounter.py:102}}
May 18 18:33:43.282805 np0000174523 neutron-periodic-workers[104853]: DEBUG neutron.db.agents_db [None req-b9861327-f294-4758-b0a9-026dd877fccd None None] Agent healthcheck: found 0 active agents {{(pid=104853) agent_health_check /opt/stack/neutron/neutron/db/agents_db.py:322}}
May 18 18:33:43.282973 np0000174523 neutron-periodic-workers[104853]: DEBUG oslo.service.backend._threading.loopingcall [None req-b9861327-f294-4758-b0a9-026dd877fccd None None] Fixed interval looping call 'neutron.plugins.ml2.plugin.AgentDbMixin.agent_health_check' sleeping for 36.98 seconds {{(pid=104853) _run_loop /opt/stack/data/venv/lib/python3.12/site-packages/oslo_service/backend/_threading/loopingcall.py:125}}
May 18 18:33:53.280491 np0000174523 neutron-periodic-workers[104853]: DEBUG dbcounter [-] [104853] Writing DB stats neutron:SELECT=1 {{(pid=104853) stat_writer /opt/stack/data/venv/lib/python3.12/site-packages/dbcounter.py:115}}
May 18 18:34:15.257681 np0000174523 neutron-periodic-workers[104844]: DEBUG dbcounter [-] [104844] Writer thread running {{(pid=104844) stat_writer /opt/stack/data/venv/lib/python3.12/site-packages/dbcounter.py:102}}
May 18 18:34:15.268105 np0000174523 neutron-periodic-workers[104844]: DEBUG oslo.service.backend._threading.loopingcall [None req-eebeb547-d4f2-4025-9feb-a7c518d3f7dc None None] Fixed interval looping call 'neutron.plugins.ml2.plugin.DhcpAgentSchedulerDbMixin.remove_networks_from_down_agents' sleeping for 36.97 seconds {{(pid=104844) _run_loop /opt/stack/data/venv/lib/python3.12/site-packages/oslo_service/backend/_threading/loopingcall.py:125}}
May 18 18:34:20.269089 np0000174523 neutron-periodic-workers[104853]: DEBUG neutron.db.agents_db [None req-b9861327-f294-4758-b0a9-026dd877fccd None None] Agent healthcheck: found 0 active agents {{(pid=104853) agent_health_check /opt/stack/neutron/neutron/db/agents_db.py:322}}
May 18 18:34:20.269881 np0000174523 neutron-periodic-workers[104853]: DEBUG oslo.service.backend._threading.loopingcall [None req-b9861327-f294-4758-b0a9-026dd877fccd None None] Fixed interval looping call 'neutron.plugins.ml2.plugin.AgentDbMixin.agent_health_check' sleeping for 36.99 seconds {{(pid=104853) _run_loop /opt/stack/data/venv/lib/python3.12/site-packages/oslo_service/backend/_threading/loopingcall.py:125}}
May 18 18:34:25.267058 np0000174523 neutron-periodic-workers[104844]: DEBUG dbcounter [-] [104844] Writing DB stats neutron:SELECT=3 {{(pid=104844) stat_writer /opt/stack/data/venv/lib/python3.12/site-packages/dbcounter.py:115}}
May 18 18:34:30.267125 np0000174523 neutron-periodic-workers[104853]: DEBUG dbcounter [-] [104853] Writing DB stats neutron:SELECT=1 {{(pid=104853) stat_writer /opt/stack/data/venv/lib/python3.12/site-packages/dbcounter.py:115}}
May 18 18:34:52.249033 np0000174523 neutron-periodic-workers[104844]: DEBUG oslo.service.backend._threading.loopingcall [None req-eebeb547-d4f2-4025-9feb-a7c518d3f7dc None None] Fixed interval looping call 'neutron.plugins.ml2.plugin.DhcpAgentSchedulerDbMixin.remove_networks_from_down_agents' sleeping for 36.99 seconds {{(pid=104844) _run_loop /opt/stack/data/venv/lib/python3.12/site-packages/oslo_service/backend/_threading/loopingcall.py:125}}
May 18 18:34:57.264669 np0000174523 neutron-periodic-workers[104853]: DEBUG neutron.db.agents_db [None req-b9861327-f294-4758-b0a9-026dd877fccd None None] Agent healthcheck: found 0 active agents {{(pid=104853) agent_health_check /opt/stack/neutron/neutron/db/agents_db.py:322}}
May 18 18:34:57.265376 np0000174523 neutron-periodic-workers[104853]: DEBUG oslo.service.backend._threading.loopingcall [None req-b9861327-f294-4758-b0a9-026dd877fccd None None] Fixed interval looping call 'neutron.plugins.ml2.plugin.AgentDbMixin.agent_health_check' sleeping for 36.99 seconds {{(pid=104853) _run_loop /opt/stack/data/venv/lib/python3.12/site-packages/oslo_service/backend/_threading/loopingcall.py:125}}
May 18 18:35:02.247612 np0000174523 neutron-periodic-workers[104844]: DEBUG dbcounter [-] [104844] Writing DB stats neutron:SELECT=3 {{(pid=104844) stat_writer /opt/stack/data/venv/lib/python3.12/site-packages/dbcounter.py:115}}
May 18 18:35:05.287966 np0000174523 neutron-periodic-workers[104862]: DEBUG dbcounter [-] [104862] Writer thread running {{(pid=104862) stat_writer /opt/stack/data/venv/lib/python3.12/site-packages/dbcounter.py:102}}
May 18 18:35:05.294918 np0000174523 neutron-periodic-workers[104862]: DEBUG oslo.service.backend._threading.loopingcall [None req-bebaa3da-ce23-48ee-b4fc-ba9b43e56db4 None None] Fixed interval looping call 'neutron.db.quota.driver_nolock.DbQuotaNoLockDriver._remove_expired_reservations' sleeping for 119.98 seconds {{(pid=104862) _run_loop /opt/stack/data/venv/lib/python3.12/site-packages/oslo_service/backend/_threading/loopingcall.py:125}}
May 18 18:35:07.263100 np0000174523 neutron-periodic-workers[104853]: DEBUG dbcounter [-] [104853] Writing DB stats neutron:SELECT=1 {{(pid=104853) stat_writer /opt/stack/data/venv/lib/python3.12/site-packages/dbcounter.py:115}}
May 18 18:35:15.288669 np0000174523 neutron-periodic-workers[104862]: DEBUG dbcounter [-] [104862] Writing DB stats neutron:DELETE=1 {{(pid=104862) stat_writer /opt/stack/data/venv/lib/python3.12/site-packages/dbcounter.py:115}}
May 18 18:35:29.249984 np0000174523 neutron-periodic-workers[104844]: DEBUG oslo.service.backend._threading.loopingcall [None req-eebeb547-d4f2-4025-9feb-a7c518d3f7dc None None] Fixed interval looping call 'neutron.plugins.ml2.plugin.DhcpAgentSchedulerDbMixin.remove_networks_from_down_agents' sleeping for 36.99 seconds {{(pid=104844) _run_loop /opt/stack/data/venv/lib/python3.12/site-packages/oslo_service/backend/_threading/loopingcall.py:125}}
May 18 18:35:34.260946 np0000174523 neutron-periodic-workers[104853]: DEBUG neutron.db.agents_db [None req-b9861327-f294-4758-b0a9-026dd877fccd None None] Agent healthcheck: found 0 active agents {{(pid=104853) agent_health_check /opt/stack/neutron/neutron/db/agents_db.py:322}}
May 18 18:35:34.261230 np0000174523 neutron-periodic-workers[104853]: DEBUG oslo.service.backend._threading.loopingcall [None req-b9861327-f294-4758-b0a9-026dd877fccd None None] Fixed interval looping call 'neutron.plugins.ml2.plugin.AgentDbMixin.agent_health_check' sleeping for 36.99 seconds {{(pid=104853) _run_loop /opt/stack/data/venv/lib/python3.12/site-packages/oslo_service/backend/_threading/loopingcall.py:125}}
May 18 18:35:39.248078 np0000174523 neutron-periodic-workers[104844]: DEBUG dbcounter [-] [104844] Writing DB stats neutron:SELECT=3 {{(pid=104844) stat_writer /opt/stack/data/venv/lib/python3.12/site-packages/dbcounter.py:115}}
May 18 18:35:44.259189 np0000174523 neutron-periodic-workers[104853]: DEBUG dbcounter [-] [104853] Writing DB stats neutron:SELECT=1 {{(pid=104853) stat_writer /opt/stack/data/venv/lib/python3.12/site-packages/dbcounter.py:115}}
May 18 18:36:06.248581 np0000174523 neutron-periodic-workers[104844]: DEBUG oslo.service.backend._threading.loopingcall [None req-eebeb547-d4f2-4025-9feb-a7c518d3f7dc None None] Fixed interval looping call 'neutron.plugins.ml2.plugin.DhcpAgentSchedulerDbMixin.remove_networks_from_down_agents' sleeping for 36.99 seconds {{(pid=104844) _run_loop /opt/stack/data/venv/lib/python3.12/site-packages/oslo_service/backend/_threading/loopingcall.py:125}}
May 18 18:36:11.256161 np0000174523 neutron-periodic-workers[104853]: DEBUG neutron.db.agents_db [None req-b9861327-f294-4758-b0a9-026dd877fccd None None] Agent healthcheck: found 0 active agents {{(pid=104853) agent_health_check /opt/stack/neutron/neutron/db/agents_db.py:322}}
May 18 18:36:11.256936 np0000174523 neutron-periodic-workers[104853]: DEBUG oslo.service.backend._threading.loopingcall [None req-b9861327-f294-4758-b0a9-026dd877fccd None None] Fixed interval looping call 'neutron.plugins.ml2.plugin.AgentDbMixin.agent_health_check' sleeping for 37.00 seconds {{(pid=104853) _run_loop /opt/stack/data/venv/lib/python3.12/site-packages/oslo_service/backend/_threading/loopingcall.py:125}}
May 18 18:36:16.248081 np0000174523 neutron-periodic-workers[104844]: DEBUG dbcounter [-] [104844] Writing DB stats neutron:SELECT=3 {{(pid=104844) stat_writer /opt/stack/data/venv/lib/python3.12/site-packages/dbcounter.py:115}}
May 18 18:36:21.254562 np0000174523 neutron-periodic-workers[104853]: DEBUG dbcounter [-] [104853] Writing DB stats neutron:SELECT=1 {{(pid=104853) stat_writer /opt/stack/data/venv/lib/python3.12/site-packages/dbcounter.py:115}}
May 18 18:36:39.249466 np0000174523 neutron-periodic-workers[104840]: DEBUG dbcounter [-] [104840] Writer thread running {{(pid=104840) stat_writer /opt/stack/data/venv/lib/python3.12/site-packages/dbcounter.py:102}}
May 18 18:36:39.262133 np0000174523 neutron-periodic-workers[104840]: DEBUG oslo.service.backend._threading.loopingcall [None req-175346cc-8319-44c2-829e-d3cde31b3db5 None None] Fixed interval looping call 'neutron.services.ovn_l3.plugin.L3_NAT_dbonly_mixin._clean_garbage' sleeping for 299.96 seconds {{(pid=104840) _run_loop /opt/stack/data/venv/lib/python3.12/site-packages/oslo_service/backend/_threading/loopingcall.py:125}}
May 18 18:36:43.248046 np0000174523 neutron-periodic-workers[104844]: DEBUG oslo.service.backend._threading.loopingcall [None req-eebeb547-d4f2-4025-9feb-a7c518d3f7dc None None] Fixed interval looping call 'neutron.plugins.ml2.plugin.DhcpAgentSchedulerDbMixin.remove_networks_from_down_agents' sleeping for 36.99 seconds {{(pid=104844) _run_loop /opt/stack/data/venv/lib/python3.12/site-packages/oslo_service/backend/_threading/loopingcall.py:125}}
May 18 18:36:48.262142 np0000174523 neutron-periodic-workers[104853]: DEBUG neutron.db.agents_db [None req-b9861327-f294-4758-b0a9-026dd877fccd None None] Agent healthcheck: found 0 active agents {{(pid=104853) agent_health_check /opt/stack/neutron/neutron/db/agents_db.py:322}}
May 18 18:36:48.262142 np0000174523 neutron-periodic-workers[104853]: DEBUG oslo.service.backend._threading.loopingcall [None req-b9861327-f294-4758-b0a9-026dd877fccd None None] Fixed interval looping call 'neutron.plugins.ml2.plugin.AgentDbMixin.agent_health_check' sleeping for 36.99 seconds {{(pid=104853) _run_loop /opt/stack/data/venv/lib/python3.12/site-packages/oslo_service/backend/_threading/loopingcall.py:125}}
May 18 18:36:49.250272 np0000174523 neutron-periodic-workers[104840]: DEBUG dbcounter [-] [104840] Writing DB stats neutron:SELECT=1 {{(pid=104840) stat_writer /opt/stack/data/venv/lib/python3.12/site-packages/dbcounter.py:115}}
May 18 18:36:53.247203 np0000174523 neutron-periodic-workers[104844]: DEBUG dbcounter [-] [104844] Writing DB stats neutron:SELECT=3 {{(pid=104844) stat_writer /opt/stack/data/venv/lib/python3.12/site-packages/dbcounter.py:115}}
May 18 18:36:58.260225 np0000174523 neutron-periodic-workers[104853]: DEBUG dbcounter [-] [104853] Writing DB stats neutron:SELECT=1 {{(pid=104853) stat_writer /opt/stack/data/venv/lib/python3.12/site-packages/dbcounter.py:115}}
May 18 18:37:05.280795 np0000174523 neutron-periodic-workers[104862]: DEBUG oslo.service.backend._threading.loopingcall [None req-bebaa3da-ce23-48ee-b4fc-ba9b43e56db4 None None] Fixed interval looping call 'neutron.db.quota.driver_nolock.DbQuotaNoLockDriver._remove_expired_reservations' sleeping for 119.99 seconds {{(pid=104862) _run_loop /opt/stack/data/venv/lib/python3.12/site-packages/oslo_service/backend/_threading/loopingcall.py:125}}
May 18 18:37:15.279666 np0000174523 neutron-periodic-workers[104862]: DEBUG dbcounter [-] [104862] Writing DB stats neutron:DELETE=1 {{(pid=104862) stat_writer /opt/stack/data/venv/lib/python3.12/site-packages/dbcounter.py:115}}
May 18 18:37:20.248421 np0000174523 neutron-periodic-workers[104844]: DEBUG oslo.service.backend._threading.loopingcall [None req-eebeb547-d4f2-4025-9feb-a7c518d3f7dc None None] Fixed interval looping call 'neutron.plugins.ml2.plugin.DhcpAgentSchedulerDbMixin.remove_networks_from_down_agents' sleeping for 36.99 seconds {{(pid=104844) _run_loop /opt/stack/data/venv/lib/python3.12/site-packages/oslo_service/backend/_threading/loopingcall.py:125}}
May 18 18:37:25.257905 np0000174523 neutron-periodic-workers[104853]: DEBUG neutron.db.agents_db [None req-b9861327-f294-4758-b0a9-026dd877fccd None None] Agent healthcheck: found 0 active agents {{(pid=104853) agent_health_check /opt/stack/neutron/neutron/db/agents_db.py:322}}
May 18 18:37:25.258935 np0000174523 neutron-periodic-workers[104853]: DEBUG oslo.service.backend._threading.loopingcall [None req-b9861327-f294-4758-b0a9-026dd877fccd None None] Fixed interval looping call 'neutron.plugins.ml2.plugin.AgentDbMixin.agent_health_check' sleeping for 36.99 seconds {{(pid=104853) _run_loop /opt/stack/data/venv/lib/python3.12/site-packages/oslo_service/backend/_threading/loopingcall.py:125}}
May 18 18:37:30.247603 np0000174523 neutron-periodic-workers[104844]: DEBUG dbcounter [-] [104844] Writing DB stats neutron:SELECT=3 {{(pid=104844) stat_writer /opt/stack/data/venv/lib/python3.12/site-packages/dbcounter.py:115}}
May 18 18:37:35.256207 np0000174523 neutron-periodic-workers[104853]: DEBUG dbcounter [-] [104853] Writing DB stats neutron:SELECT=1 {{(pid=104853) stat_writer /opt/stack/data/venv/lib/python3.12/site-packages/dbcounter.py:115}}
May 18 18:37:57.248149 np0000174523 neutron-periodic-workers[104844]: DEBUG oslo.service.backend._threading.loopingcall [None req-eebeb547-d4f2-4025-9feb-a7c518d3f7dc None None] Fixed interval looping call 'neutron.plugins.ml2.plugin.DhcpAgentSchedulerDbMixin.remove_networks_from_down_agents' sleeping for 36.99 seconds {{(pid=104844) _run_loop /opt/stack/data/venv/lib/python3.12/site-packages/oslo_service/backend/_threading/loopingcall.py:125}}
May 18 18:38:02.253603 np0000174523 neutron-periodic-workers[104853]: DEBUG neutron.db.agents_db [None req-b9861327-f294-4758-b0a9-026dd877fccd None None] Agent healthcheck: found 0 active agents {{(pid=104853) agent_health_check /opt/stack/neutron/neutron/db/agents_db.py:322}}
May 18 18:38:02.254497 np0000174523 neutron-periodic-workers[104853]: DEBUG oslo.service.backend._threading.loopingcall [None req-b9861327-f294-4758-b0a9-026dd877fccd None None] Fixed interval looping call 'neutron.plugins.ml2.plugin.AgentDbMixin.agent_health_check' sleeping for 36.99 seconds {{(pid=104853) _run_loop /opt/stack/data/venv/lib/python3.12/site-packages/oslo_service/backend/_threading/loopingcall.py:125}}
May 18 18:38:07.247253 np0000174523 neutron-periodic-workers[104844]: DEBUG dbcounter [-] [104844] Writing DB stats neutron:SELECT=3 {{(pid=104844) stat_writer /opt/stack/data/venv/lib/python3.12/site-packages/dbcounter.py:115}}
May 18 18:38:12.252518 np0000174523 neutron-periodic-workers[104853]: DEBUG dbcounter [-] [104853] Writing DB stats neutron:SELECT=1 {{(pid=104853) stat_writer /opt/stack/data/venv/lib/python3.12/site-packages/dbcounter.py:115}}
May 18 18:38:34.247794 np0000174523 neutron-periodic-workers[104844]: DEBUG oslo.service.backend._threading.loopingcall [None req-eebeb547-d4f2-4025-9feb-a7c518d3f7dc None None] Fixed interval looping call 'neutron.plugins.ml2.plugin.DhcpAgentSchedulerDbMixin.remove_networks_from_down_agents' sleeping for 36.99 seconds {{(pid=104844) _run_loop /opt/stack/data/venv/lib/python3.12/site-packages/oslo_service/backend/_threading/loopingcall.py:125}}
May 18 18:38:39.249051 np0000174523 neutron-periodic-workers[104853]: DEBUG neutron.db.agents_db [None req-b9861327-f294-4758-b0a9-026dd877fccd None None] Agent healthcheck: found 0 active agents {{(pid=104853) agent_health_check /opt/stack/neutron/neutron/db/agents_db.py:322}}
May 18 18:38:39.249865 np0000174523 neutron-periodic-workers[104853]: DEBUG oslo.service.backend._threading.loopingcall [None req-b9861327-f294-4758-b0a9-026dd877fccd None None] Fixed interval looping call 'neutron.plugins.ml2.plugin.AgentDbMixin.agent_health_check' sleeping for 36.99 seconds {{(pid=104853) _run_loop /opt/stack/data/venv/lib/python3.12/site-packages/oslo_service/backend/_threading/loopingcall.py:125}}
May 18 18:38:44.245338 np0000174523 neutron-periodic-workers[104844]: DEBUG dbcounter [-] [104844] Writing DB stats neutron:SELECT=3 {{(pid=104844) stat_writer /opt/stack/data/venv/lib/python3.12/site-packages/dbcounter.py:115}}
May 18 18:38:49.247048 np0000174523 neutron-periodic-workers[104853]: DEBUG dbcounter [-] [104853] Writing DB stats neutron:SELECT=1 {{(pid=104853) stat_writer /opt/stack/data/venv/lib/python3.12/site-packages/dbcounter.py:115}}
May 18 18:39:05.275954 np0000174523 neutron-periodic-workers[104862]: DEBUG oslo.service.backend._threading.loopingcall [None req-bebaa3da-ce23-48ee-b4fc-ba9b43e56db4 None None] Fixed interval looping call 'neutron.db.quota.driver_nolock.DbQuotaNoLockDriver._remove_expired_reservations' sleeping for 120.00 seconds {{(pid=104862) _run_loop /opt/stack/data/venv/lib/python3.12/site-packages/oslo_service/backend/_threading/loopingcall.py:125}}
May 18 18:39:11.246489 np0000174523 neutron-periodic-workers[104844]: DEBUG oslo.service.backend._threading.loopingcall [None req-eebeb547-d4f2-4025-9feb-a7c518d3f7dc None None] Fixed interval looping call 'neutron.plugins.ml2.plugin.DhcpAgentSchedulerDbMixin.remove_networks_from_down_agents' sleeping for 36.99 seconds {{(pid=104844) _run_loop /opt/stack/data/venv/lib/python3.12/site-packages/oslo_service/backend/_threading/loopingcall.py:125}}
May 18 18:39:15.274772 np0000174523 neutron-periodic-workers[104862]: DEBUG dbcounter [-] [104862] Writing DB stats neutron:DELETE=1 {{(pid=104862) stat_writer /opt/stack/data/venv/lib/python3.12/site-packages/dbcounter.py:115}}
May 18 18:39:16.244230 np0000174523 neutron-periodic-workers[104853]: DEBUG neutron.db.agents_db [None req-b9861327-f294-4758-b0a9-026dd877fccd None None] Agent healthcheck: found 0 active agents {{(pid=104853) agent_health_check /opt/stack/neutron/neutron/db/agents_db.py:322}}
May 18 18:39:16.244230 np0000174523 neutron-periodic-workers[104853]: DEBUG oslo.service.backend._threading.loopingcall [None req-b9861327-f294-4758-b0a9-026dd877fccd None None] Fixed interval looping call 'neutron.plugins.ml2.plugin.AgentDbMixin.agent_health_check' sleeping for 37.00 seconds {{(pid=104853) _run_loop /opt/stack/data/venv/lib/python3.12/site-packages/oslo_service/backend/_threading/loopingcall.py:125}}
May 18 18:39:21.245523 np0000174523 neutron-periodic-workers[104844]: DEBUG dbcounter [-] [104844] Writing DB stats neutron:SELECT=3 {{(pid=104844) stat_writer /opt/stack/data/venv/lib/python3.12/site-packages/dbcounter.py:115}}
May 18 18:39:26.242006 np0000174523 neutron-periodic-workers[104853]: DEBUG dbcounter [-] [104853] Writing DB stats neutron:SELECT=1 {{(pid=104853) stat_writer /opt/stack/data/venv/lib/python3.12/site-packages/dbcounter.py:115}}
May 18 18:39:48.245560 np0000174523 neutron-periodic-workers[104844]: DEBUG oslo.service.backend._threading.loopingcall [None req-eebeb547-d4f2-4025-9feb-a7c518d3f7dc None None] Fixed interval looping call 'neutron.plugins.ml2.plugin.DhcpAgentSchedulerDbMixin.remove_networks_from_down_agents' sleeping for 36.99 seconds {{(pid=104844) _run_loop /opt/stack/data/venv/lib/python3.12/site-packages/oslo_service/backend/_threading/loopingcall.py:125}}
May 18 18:39:53.249789 np0000174523 neutron-periodic-workers[104853]: DEBUG neutron.db.agents_db [None req-b9861327-f294-4758-b0a9-026dd877fccd None None] Agent healthcheck: found 0 active agents {{(pid=104853) agent_health_check /opt/stack/neutron/neutron/db/agents_db.py:322}}
May 18 18:39:53.250292 np0000174523 neutron-periodic-workers[104853]: DEBUG oslo.service.backend._threading.loopingcall [None req-b9861327-f294-4758-b0a9-026dd877fccd None None] Fixed interval looping call 'neutron.plugins.ml2.plugin.AgentDbMixin.agent_health_check' sleeping for 36.99 seconds {{(pid=104853) _run_loop /opt/stack/data/venv/lib/python3.12/site-packages/oslo_service/backend/_threading/loopingcall.py:125}}
May 18 18:39:58.244711 np0000174523 neutron-periodic-workers[104844]: DEBUG dbcounter [-] [104844] Writing DB stats neutron:SELECT=3 {{(pid=104844) stat_writer /opt/stack/data/venv/lib/python3.12/site-packages/dbcounter.py:115}}
May 18 18:40:03.247889 np0000174523 neutron-periodic-workers[104853]: DEBUG dbcounter [-] [104853] Writing DB stats neutron:SELECT=1 {{(pid=104853) stat_writer /opt/stack/data/venv/lib/python3.12/site-packages/dbcounter.py:115}}
May 18 18:40:25.246164 np0000174523 neutron-periodic-workers[104844]: DEBUG oslo.service.backend._threading.loopingcall [None req-eebeb547-d4f2-4025-9feb-a7c518d3f7dc None None] Fixed interval looping call 'neutron.plugins.ml2.plugin.DhcpAgentSchedulerDbMixin.remove_networks_from_down_agents' sleeping for 36.99 seconds {{(pid=104844) _run_loop /opt/stack/data/venv/lib/python3.12/site-packages/oslo_service/backend/_threading/loopingcall.py:125}}
May 18 18:40:30.245732 np0000174523 neutron-periodic-workers[104853]: DEBUG neutron.db.agents_db [None req-b9861327-f294-4758-b0a9-026dd877fccd None None] Agent healthcheck: found 0 active agents {{(pid=104853) agent_health_check /opt/stack/neutron/neutron/db/agents_db.py:322}}
May 18 18:40:30.246305 np0000174523 neutron-periodic-workers[104853]: DEBUG oslo.service.backend._threading.loopingcall [None req-b9861327-f294-4758-b0a9-026dd877fccd None None] Fixed interval looping call 'neutron.plugins.ml2.plugin.AgentDbMixin.agent_health_check' sleeping for 36.99 seconds {{(pid=104853) _run_loop /opt/stack/data/venv/lib/python3.12/site-packages/oslo_service/backend/_threading/loopingcall.py:125}}
May 18 18:40:35.244483 np0000174523 neutron-periodic-workers[104844]: DEBUG dbcounter [-] [104844] Writing DB stats neutron:SELECT=3 {{(pid=104844) stat_writer /opt/stack/data/venv/lib/python3.12/site-packages/dbcounter.py:115}}
May 18 18:40:40.244115 np0000174523 neutron-periodic-workers[104853]: DEBUG dbcounter [-] [104853] Writing DB stats neutron:SELECT=1 {{(pid=104853) stat_writer /opt/stack/data/venv/lib/python3.12/site-packages/dbcounter.py:115}}
May 18 18:41:02.247729 np0000174523 neutron-periodic-workers[104844]: DEBUG oslo.service.backend._threading.loopingcall [None req-eebeb547-d4f2-4025-9feb-a7c518d3f7dc None None] Fixed interval looping call 'neutron.plugins.ml2.plugin.DhcpAgentSchedulerDbMixin.remove_networks_from_down_agents' sleeping for 36.99 seconds {{(pid=104844) _run_loop /opt/stack/data/venv/lib/python3.12/site-packages/oslo_service/backend/_threading/loopingcall.py:125}}
May 18 18:41:05.281665 np0000174523 neutron-periodic-workers[104862]: DEBUG oslo.service.backend._threading.loopingcall [None req-bebaa3da-ce23-48ee-b4fc-ba9b43e56db4 None None] Fixed interval looping call 'neutron.db.quota.driver_nolock.DbQuotaNoLockDriver._remove_expired_reservations' sleeping for 119.99 seconds {{(pid=104862) _run_loop /opt/stack/data/venv/lib/python3.12/site-packages/oslo_service/backend/_threading/loopingcall.py:125}}
May 18 18:41:07.243239 np0000174523 neutron-periodic-workers[104853]: DEBUG neutron.db.agents_db [None req-b9861327-f294-4758-b0a9-026dd877fccd None None] Agent healthcheck: found 0 active agents {{(pid=104853) agent_health_check /opt/stack/neutron/neutron/db/agents_db.py:322}}
May 18 18:41:07.244150 np0000174523 neutron-periodic-workers[104853]: DEBUG oslo.service.backend._threading.loopingcall [None req-b9861327-f294-4758-b0a9-026dd877fccd None None] Fixed interval looping call 'neutron.plugins.ml2.plugin.AgentDbMixin.agent_health_check' sleeping for 36.99 seconds {{(pid=104853) _run_loop /opt/stack/data/venv/lib/python3.12/site-packages/oslo_service/backend/_threading/loopingcall.py:125}}
May 18 18:41:12.246849 np0000174523 neutron-periodic-workers[104844]: DEBUG dbcounter [-] [104844] Writing DB stats neutron:SELECT=3 {{(pid=104844) stat_writer /opt/stack/data/venv/lib/python3.12/site-packages/dbcounter.py:115}}
May 18 18:41:15.280202 np0000174523 neutron-periodic-workers[104862]: DEBUG dbcounter [-] [104862] Writing DB stats neutron:DELETE=1 {{(pid=104862) stat_writer /opt/stack/data/venv/lib/python3.12/site-packages/dbcounter.py:115}}
May 18 18:41:17.241111 np0000174523 neutron-periodic-workers[104853]: DEBUG dbcounter [-] [104853] Writing DB stats neutron:SELECT=1 {{(pid=104853) stat_writer /opt/stack/data/venv/lib/python3.12/site-packages/dbcounter.py:115}}
May 18 18:41:39.234857 np0000174523 neutron-periodic-workers[104840]: DEBUG oslo.service.backend._threading.loopingcall [None req-175346cc-8319-44c2-829e-d3cde31b3db5 None None] Fixed interval looping call 'neutron.services.ovn_l3.plugin.L3_NAT_dbonly_mixin._clean_garbage' sleeping for 299.99 seconds {{(pid=104840) _run_loop /opt/stack/data/venv/lib/python3.12/site-packages/oslo_service/backend/_threading/loopingcall.py:125}}
May 18 18:41:39.246540 np0000174523 neutron-periodic-workers[104844]: DEBUG oslo.service.backend._threading.loopingcall [None req-eebeb547-d4f2-4025-9feb-a7c518d3f7dc None None] Fixed interval looping call 'neutron.plugins.ml2.plugin.DhcpAgentSchedulerDbMixin.remove_networks_from_down_agents' sleeping for 36.99 seconds {{(pid=104844) _run_loop /opt/stack/data/venv/lib/python3.12/site-packages/oslo_service/backend/_threading/loopingcall.py:125}}
May 18 18:41:44.237937 np0000174523 neutron-periodic-workers[104853]: DEBUG neutron.db.agents_db [None req-b9861327-f294-4758-b0a9-026dd877fccd None None] Agent healthcheck: found 0 active agents {{(pid=104853) agent_health_check /opt/stack/neutron/neutron/db/agents_db.py:322}}
May 18 18:41:44.237937 np0000174523 neutron-periodic-workers[104853]: DEBUG oslo.service.backend._threading.loopingcall [None req-b9861327-f294-4758-b0a9-026dd877fccd None None] Fixed interval looping call 'neutron.plugins.ml2.plugin.AgentDbMixin.agent_health_check' sleeping for 37.00 seconds {{(pid=104853) _run_loop /opt/stack/data/venv/lib/python3.12/site-packages/oslo_service/backend/_threading/loopingcall.py:125}}
May 18 18:41:49.227306 np0000174523 neutron-periodic-workers[104840]: DEBUG dbcounter [-] [104840] Writing DB stats neutron:SELECT=1 {{(pid=104840) stat_writer /opt/stack/data/venv/lib/python3.12/site-packages/dbcounter.py:115}}
May 18 18:41:49.246039 np0000174523 neutron-periodic-workers[104844]: DEBUG dbcounter [-] [104844] Writing DB stats neutron:SELECT=3 {{(pid=104844) stat_writer /opt/stack/data/venv/lib/python3.12/site-packages/dbcounter.py:115}}
May 18 18:41:54.236313 np0000174523 neutron-periodic-workers[104853]: DEBUG dbcounter [-] [104853] Writing DB stats neutron:SELECT=1 {{(pid=104853) stat_writer /opt/stack/data/venv/lib/python3.12/site-packages/dbcounter.py:115}}
May 18 18:42:16.245582 np0000174523 neutron-periodic-workers[104844]: DEBUG oslo.service.backend._threading.loopingcall [None req-eebeb547-d4f2-4025-9feb-a7c518d3f7dc None None] Fixed interval looping call 'neutron.plugins.ml2.plugin.DhcpAgentSchedulerDbMixin.remove_networks_from_down_agents' sleeping for 36.99 seconds {{(pid=104844) _run_loop /opt/stack/data/venv/lib/python3.12/site-packages/oslo_service/backend/_threading/loopingcall.py:125}}
May 18 18:42:21.243002 np0000174523 neutron-periodic-workers[104853]: DEBUG neutron.db.agents_db [None req-b9861327-f294-4758-b0a9-026dd877fccd None None] Agent healthcheck: found 0 active agents {{(pid=104853) agent_health_check /opt/stack/neutron/neutron/db/agents_db.py:322}}
May 18 18:42:21.243460 np0000174523 neutron-periodic-workers[104853]: DEBUG oslo.service.backend._threading.loopingcall [None req-b9861327-f294-4758-b0a9-026dd877fccd None None] Fixed interval looping call 'neutron.plugins.ml2.plugin.AgentDbMixin.agent_health_check' sleeping for 37.00 seconds {{(pid=104853) _run_loop /opt/stack/data/venv/lib/python3.12/site-packages/oslo_service/backend/_threading/loopingcall.py:125}}
May 18 18:42:26.244722 np0000174523 neutron-periodic-workers[104844]: DEBUG dbcounter [-] [104844] Writing DB stats neutron:SELECT=3 {{(pid=104844) stat_writer /opt/stack/data/venv/lib/python3.12/site-packages/dbcounter.py:115}}
May 18 18:42:31.241582 np0000174523 neutron-periodic-workers[104853]: DEBUG dbcounter [-] [104853] Writing DB stats neutron:SELECT=1 {{(pid=104853) stat_writer /opt/stack/data/venv/lib/python3.12/site-packages/dbcounter.py:115}}