Jun 09 02:56:13.491954 np0000179090 devstack@neutron-api.service[103642]: DEBUG neutron.api.extensions [None req-f3a78fc7-aaf5-4e83-8cef-61ee436aa067 None None] Loading extension file: ip_substring_port_filtering.py {{(pid=103642) _load_all_extensions_from_path /opt/stack/neutron/neutron/api/extensions.py:449}}
Jun 09 02:56:13.492023 np0000179090 devstack@neutron-api.service[103639]: DEBUG neutron_lib.callbacks.manager [None req-bbf71124-f7dc-4386-bf41-f6f891aaccdc None None] Subscribe: > port after_update 55550000, False {{(pid=103639) subscribe /opt/stack/data/venv/lib/python3.12/site-packages/neutron_lib/callbacks/manager.py:52}}
Jun 09 02:56:13.492122 np0000179090 devstack@neutron-api.service[103639]: DEBUG neutron_lib.callbacks.manager [None req-bbf71124-f7dc-4386-bf41-f6f891aaccdc None None] Subscribe: > port after_delete 55550000, False {{(pid=103639) subscribe /opt/stack/data/venv/lib/python3.12/site-packages/neutron_lib/callbacks/manager.py:52}}
Jun 09 02:56:13.492188 np0000179090 devstack@neutron-api.service[103642]: DEBUG neutron.api.extensions [None req-f3a78fc7-aaf5-4e83-8cef-61ee436aa067 None None] Ext name="IP address substring filtering" alias="ip-substring-filtering" description="Provides IP address substring filtering when listing ports" updated="2017-11-28T09:00:00-00:00" {{(pid=103642) _check_extension /opt/stack/neutron/neutron/api/extensions.py:415}}
Jun 09 02:56:13.492266 np0000179090 devstack@neutron-api.service[103639]: DEBUG neutron_lib.callbacks.manager [None req-bbf71124-f7dc-4386-bf41-f6f891aaccdc None None] Subscribe: > subnet after_create 55550000, False {{(pid=103639) subscribe /opt/stack/data/venv/lib/python3.12/site-packages/neutron_lib/callbacks/manager.py:52}}
Jun 09 02:56:13.492299 np0000179090 devstack@neutron-api.service[103639]: DEBUG neutron_lib.callbacks.manager [None req-bbf71124-f7dc-4386-bf41-f6f891aaccdc None None] Subscribe: > subnet after_update 55550000, False {{(pid=103639) subscribe /opt/stack/data/venv/lib/python3.12/site-packages/neutron_lib/callbacks/manager.py:52}}
Jun 09 02:56:13.492402 np0000179090 devstack@neutron-api.service[103642]: INFO neutron.api.extensions [None req-f3a78fc7-aaf5-4e83-8cef-61ee436aa067 None None] Extension ip-substring-filtering not supported by any of loaded plugins
Jun 09 02:56:13.492434 np0000179090 devstack@neutron-api.service[103639]: DEBUG neutron_lib.callbacks.manager [None req-bbf71124-f7dc-4386-bf41-f6f891aaccdc None None] Subscribe: > subnet after_delete 55550000, False {{(pid=103639) subscribe /opt/stack/data/venv/lib/python3.12/site-packages/neutron_lib/callbacks/manager.py:52}}
Jun 09 02:56:13.492503 np0000179090 devstack@neutron-api.service[103642]: DEBUG neutron.api.extensions [None req-f3a78fc7-aaf5-4e83-8cef-61ee436aa067 None None] Loading extension file: l2_adjacency.py {{(pid=103642) _load_all_extensions_from_path /opt/stack/neutron/neutron/api/extensions.py:449}}
Jun 09 02:56:13.492537 np0000179090 devstack@neutron-api.service[103639]: DEBUG neutron_lib.callbacks.manager [None req-bbf71124-f7dc-4386-bf41-f6f891aaccdc None None] Subscribe: > network after_create 55550000, False {{(pid=103639) subscribe /opt/stack/data/venv/lib/python3.12/site-packages/neutron_lib/callbacks/manager.py:52}}
Jun 09 02:56:13.492632 np0000179090 devstack@neutron-api.service[103639]: DEBUG neutron_lib.callbacks.manager [None req-bbf71124-f7dc-4386-bf41-f6f891aaccdc None None] Subscribe: > network after_update 55550000, False {{(pid=103639) subscribe /opt/stack/data/venv/lib/python3.12/site-packages/neutron_lib/callbacks/manager.py:52}}
Jun 09 02:56:13.492735 np0000179090 devstack@neutron-api.service[103639]: DEBUG neutron_lib.callbacks.manager [None req-bbf71124-f7dc-4386-bf41-f6f891aaccdc None None] Subscribe: > network after_delete 55550000, False {{(pid=103639) subscribe /opt/stack/data/venv/lib/python3.12/site-packages/neutron_lib/callbacks/manager.py:52}}
Jun 09 02:56:13.492774 np0000179090 devstack@neutron-api.service[103642]: DEBUG neutron.api.extensions [None req-f3a78fc7-aaf5-4e83-8cef-61ee436aa067 None None] Ext name="L2 Adjacency" alias="l2_adjacency" description="Display L2 Adjacency for Neutron Networks." updated="2016-04-12T16:00:00-00:00" {{(pid=103642) _check_extension /opt/stack/neutron/neutron/api/extensions.py:415}}
Jun 09 02:56:13.492870 np0000179090 devstack@neutron-api.service[103639]: DEBUG neutron_lib.callbacks.manager [None req-bbf71124-f7dc-4386-bf41-f6f891aaccdc None None] Subscribe: > security_group after_create 55550000, False {{(pid=103639) subscribe /opt/stack/data/venv/lib/python3.12/site-packages/neutron_lib/callbacks/manager.py:52}}
Jun 09 02:56:13.492906 np0000179090 devstack@neutron-api.service[103642]: INFO neutron.api.extensions [None req-f3a78fc7-aaf5-4e83-8cef-61ee436aa067 None None] Extension l2_adjacency not supported by any of loaded plugins
Jun 09 02:56:13.492971 np0000179090 devstack@neutron-api.service[103639]: DEBUG neutron_lib.callbacks.manager [None req-bbf71124-f7dc-4386-bf41-f6f891aaccdc None None] Subscribe: > security_group after_update 55550000, False {{(pid=103639) subscribe /opt/stack/data/venv/lib/python3.12/site-packages/neutron_lib/callbacks/manager.py:52}}
Jun 09 02:56:13.493004 np0000179090 devstack@neutron-api.service[103642]: DEBUG neutron.api.extensions [None req-f3a78fc7-aaf5-4e83-8cef-61ee436aa067 None None] Loading extension file: l3.py {{(pid=103642) _load_all_extensions_from_path /opt/stack/neutron/neutron/api/extensions.py:449}}
Jun 09 02:56:13.493129 np0000179090 devstack@neutron-api.service[103639]: DEBUG neutron_lib.callbacks.manager [None req-bbf71124-f7dc-4386-bf41-f6f891aaccdc None None] Subscribe: > security_group after_delete 55550000, False {{(pid=103639) subscribe /opt/stack/data/venv/lib/python3.12/site-packages/neutron_lib/callbacks/manager.py:52}}
Jun 09 02:56:13.493212 np0000179090 devstack@neutron-api.service[103639]: DEBUG neutron_lib.callbacks.manager [None req-bbf71124-f7dc-4386-bf41-f6f891aaccdc None None] Subscribe: > security_group_rule after_create 55550000, False {{(pid=103639) subscribe /opt/stack/data/venv/lib/python3.12/site-packages/neutron_lib/callbacks/manager.py:52}}
Jun 09 02:56:13.493319 np0000179090 devstack@neutron-api.service[103639]: DEBUG neutron_lib.callbacks.manager [None req-bbf71124-f7dc-4386-bf41-f6f891aaccdc None None] Subscribe: > security_group_rule after_update 55550000, False {{(pid=103639) subscribe /opt/stack/data/venv/lib/python3.12/site-packages/neutron_lib/callbacks/manager.py:52}}
Jun 09 02:56:13.493418 np0000179090 devstack@neutron-api.service[103642]: DEBUG neutron.api.extensions [None req-f3a78fc7-aaf5-4e83-8cef-61ee436aa067 None None] Ext name="Neutron L3 Router" alias="router" description="Router abstraction for basic L3 forwarding between L2 Neutron networks and access to external networks via a NAT gateway." updated="2012-07-20T10:00:00-00:00" {{(pid=103642) _check_extension /opt/stack/neutron/neutron/api/extensions.py:415}}
Jun 09 02:56:13.493458 np0000179090 devstack@neutron-api.service[103639]: DEBUG neutron_lib.callbacks.manager [None req-bbf71124-f7dc-4386-bf41-f6f891aaccdc None None] Subscribe: > security_group_rule after_delete 55550000, False {{(pid=103639) subscribe /opt/stack/data/venv/lib/python3.12/site-packages/neutron_lib/callbacks/manager.py:52}}
Jun 09 02:56:13.493523 np0000179090 devstack@neutron-api.service[103639]: DEBUG neutron_lib.callbacks.manager [None req-bbf71124-f7dc-4386-bf41-f6f891aaccdc None None] Subscribe: > address_group after_create 55550000, False {{(pid=103639) subscribe /opt/stack/data/venv/lib/python3.12/site-packages/neutron_lib/callbacks/manager.py:52}}
Jun 09 02:56:13.493621 np0000179090 devstack@neutron-api.service[103639]: DEBUG neutron_lib.callbacks.manager [None req-bbf71124-f7dc-4386-bf41-f6f891aaccdc None None] Subscribe: > address_group after_update 55550000, False {{(pid=103639) subscribe /opt/stack/data/venv/lib/python3.12/site-packages/neutron_lib/callbacks/manager.py:52}}
Jun 09 02:56:13.493664 np0000179090 devstack@neutron-api.service[103642]: INFO neutron.api.extensions [None req-f3a78fc7-aaf5-4e83-8cef-61ee436aa067 None None] Loaded extension: router
Jun 09 02:56:13.493770 np0000179090 devstack@neutron-api.service[103639]: DEBUG neutron_lib.callbacks.manager [None req-bbf71124-f7dc-4386-bf41-f6f891aaccdc None None] Subscribe: > address_group after_delete 55550000, False {{(pid=103639) subscribe /opt/stack/data/venv/lib/python3.12/site-packages/neutron_lib/callbacks/manager.py:52}}
Jun 09 02:56:13.493804 np0000179090 devstack@neutron-api.service[103642]: DEBUG neutron.api.extensions [None req-f3a78fc7-aaf5-4e83-8cef-61ee436aa067 None None] Loading extension file: l3_agent_scheduler_ha_chassis_priority.py {{(pid=103642) _load_all_extensions_from_path /opt/stack/neutron/neutron/api/extensions.py:449}}
Jun 09 02:56:13.493868 np0000179090 devstack@neutron-api.service[103639]: DEBUG neutron.plugins.ml2.ovo_rpc [None req-bbf71124-f7dc-4386-bf41-f6f891aaccdc None None] ML2 OVO RPC backend initialized. {{(pid=103639) __init__ /opt/stack/neutron/neutron/plugins/ml2/ovo_rpc.py:117}}
Jun 09 02:56:13.493976 np0000179090 devstack@neutron-api.service[103642]: DEBUG neutron.api.extensions [None req-f3a78fc7-aaf5-4e83-8cef-61ee436aa067 None None] Ext name="L3 Agent Scheduler HA Chassis Priority" alias="l3-agent-scheduler-ha-chassis-priority" description="Exposes the HA_Chassis priority in the L3 Agent Scheduler API responses and allows setting priority when scheduling a router to a chassis." updated="2026-03-31T00:00:00-00:00" {{(pid=103642) _check_extension /opt/stack/neutron/neutron/api/extensions.py:415}}
Jun 09 02:56:13.494154 np0000179090 devstack@neutron-api.service[103642]: INFO neutron.api.extensions [None req-f3a78fc7-aaf5-4e83-8cef-61ee436aa067 None None] Loaded extension: l3-agent-scheduler-ha-chassis-priority
Jun 09 02:56:13.494263 np0000179090 devstack@neutron-api.service[103642]: DEBUG neutron.api.extensions [None req-f3a78fc7-aaf5-4e83-8cef-61ee436aa067 None None] Loading extension file: l3_conntrack_helper.py {{(pid=103642) _load_all_extensions_from_path /opt/stack/neutron/neutron/api/extensions.py:449}}
Jun 09 02:56:13.494625 np0000179090 devstack@neutron-api.service[103639]: INFO neutron.quota [None req-bbf71124-f7dc-4386-bf41-f6f891aaccdc None None] Loaded quota_driver: .
Jun 09 02:56:13.494741 np0000179090 devstack@neutron-api.service[103639]: INFO neutron.plugins.ml2.plugin [None req-bbf71124-f7dc-4386-bf41-f6f891aaccdc None None] Modular L2 Plugin initialization complete
Jun 09 02:56:13.494880 np0000179090 devstack@neutron-api.service[103639]: DEBUG neutron.manager [None req-bbf71124-f7dc-4386-bf41-f6f891aaccdc None None] Loading services supported by the core plugin {{(pid=103639) _load_services_from_core_plugin /opt/stack/neutron/neutron/manager.py:170}}
Jun 09 02:56:13.494979 np0000179090 devstack@neutron-api.service[103642]: DEBUG neutron.api.extensions [None req-f3a78fc7-aaf5-4e83-8cef-61ee436aa067 None None] Ext name="L3 Conntrack helper" alias="l3-conntrack-helper" description="Allow adding CT target rules for conntrack helper" updated="2019-04-04T10:00:00-00:00" {{(pid=103642) _check_extension /opt/stack/neutron/neutron/api/extensions.py:415}}
Jun 09 02:56:13.495014 np0000179090 devstack@neutron-api.service[103639]: INFO neutron.plugins.ml2.managers [None req-bbf71124-f7dc-4386-bf41-f6f891aaccdc None None] Got port-security extension from driver 'port_security'
Jun 09 02:56:13.495174 np0000179090 devstack@neutron-api.service[103642]: INFO neutron.api.extensions [None req-f3a78fc7-aaf5-4e83-8cef-61ee436aa067 None None] Extension l3-conntrack-helper not supported by any of loaded plugins
Jun 09 02:56:13.495273 np0000179090 devstack@neutron-api.service[103642]: DEBUG neutron.api.extensions [None req-f3a78fc7-aaf5-4e83-8cef-61ee436aa067 None None] Loading extension file: l3_enable_default_route_bfd.py {{(pid=103642) _load_all_extensions_from_path /opt/stack/neutron/neutron/api/extensions.py:449}}
Jun 09 02:56:13.495351 np0000179090 devstack@neutron-api.service[103639]: DEBUG neutron.manager [None req-bbf71124-f7dc-4386-bf41-f6f891aaccdc None None] Loading service plugins: ['ovn-router', 'auto_allocate', 'tag', 'timestamp', 'network_ip_availability', 'flavors', 'revisions'] {{(pid=103639) _load_service_plugins /opt/stack/neutron/neutron/manager.py:195}}
Jun 09 02:56:13.495422 np0000179090 devstack@neutron-api.service[103639]: INFO neutron.manager [None req-bbf71124-f7dc-4386-bf41-f6f891aaccdc None None] Loading Plugin: ovn-router
Jun 09 02:56:13.495559 np0000179090 devstack@neutron-api.service[103642]: DEBUG neutron.api.extensions [None req-f3a78fc7-aaf5-4e83-8cef-61ee436aa067 None None] Ext name="Enable Default Route BFD" alias="enable-default-route-bfd" description="Enables configurable BFD behavior for default routes" updated="2023-02-27T00:00:00-00:00" {{(pid=103642) _check_extension /opt/stack/neutron/neutron/api/extensions.py:415}}
Jun 09 02:56:13.495731 np0000179090 devstack@neutron-api.service[103642]: INFO neutron.api.extensions [None req-f3a78fc7-aaf5-4e83-8cef-61ee436aa067 None None] Loaded extension: enable-default-route-bfd
Jun 09 02:56:13.496103 np0000179090 devstack@neutron-api.service[103642]: DEBUG neutron.api.extensions [None req-f3a78fc7-aaf5-4e83-8cef-61ee436aa067 None None] Loading extension file: l3_enable_default_route_ecmp.py {{(pid=103642) _load_all_extensions_from_path /opt/stack/neutron/neutron/api/extensions.py:449}}
Jun 09 02:56:13.496375 np0000179090 devstack@neutron-api.service[103642]: DEBUG neutron.api.extensions [None req-f3a78fc7-aaf5-4e83-8cef-61ee436aa067 None None] Ext name="Enable Default Route ECMP" alias="enable-default-route-ecmp" description="Enables configurable ECMP behavior for default routes" updated="2023-02-27T00:00:00-00:00" {{(pid=103642) _check_extension /opt/stack/neutron/neutron/api/extensions.py:415}}
Jun 09 02:56:13.496559 np0000179090 devstack@neutron-api.service[103642]: INFO neutron.api.extensions [None req-f3a78fc7-aaf5-4e83-8cef-61ee436aa067 None None] Loaded extension: enable-default-route-ecmp
Jun 09 02:56:13.496677 np0000179090 devstack@neutron-api.service[103642]: DEBUG neutron.api.extensions [None req-f3a78fc7-aaf5-4e83-8cef-61ee436aa067 None None] Loading extension file: l3_ext_gw_mode.py {{(pid=103642) _load_all_extensions_from_path /opt/stack/neutron/neutron/api/extensions.py:449}}
Jun 09 02:56:13.496920 np0000179090 devstack@neutron-api.service[103642]: DEBUG neutron.api.extensions [None req-f3a78fc7-aaf5-4e83-8cef-61ee436aa067 None None] Ext name="Neutron L3 Configurable external gateway mode" alias="ext-gw-mode" description="Extension of the router abstraction for specifying whether SNAT should occur on the external gateway" updated="2013-03-28T10:00:00-00:00" {{(pid=103642) _check_extension /opt/stack/neutron/neutron/api/extensions.py:415}}
Jun 09 02:56:13.497098 np0000179090 devstack@neutron-api.service[103642]: INFO neutron.api.extensions [None req-f3a78fc7-aaf5-4e83-8cef-61ee436aa067 None None] Loaded extension: ext-gw-mode
Jun 09 02:56:13.497207 np0000179090 devstack@neutron-api.service[103642]: DEBUG neutron.api.extensions [None req-f3a78fc7-aaf5-4e83-8cef-61ee436aa067 None None] Loading extension file: l3_ext_ha_mode.py {{(pid=103642) _load_all_extensions_from_path /opt/stack/neutron/neutron/api/extensions.py:449}}
Jun 09 02:56:13.497445 np0000179090 devstack@neutron-api.service[103642]: DEBUG neutron.api.extensions [None req-f3a78fc7-aaf5-4e83-8cef-61ee436aa067 None None] Ext name="HA Router extension" alias="l3-ha" description="Adds HA capability to routers." updated="2014-04-26T00:00:00-00:00" {{(pid=103642) _check_extension /opt/stack/neutron/neutron/api/extensions.py:415}}
Jun 09 02:56:13.497613 np0000179090 devstack@neutron-api.service[103642]: INFO neutron.api.extensions [None req-f3a78fc7-aaf5-4e83-8cef-61ee436aa067 None None] Loaded extension: l3-ha
Jun 09 02:56:13.497700 np0000179090 devstack@neutron-api.service[103642]: DEBUG neutron.api.extensions [None req-f3a78fc7-aaf5-4e83-8cef-61ee436aa067 None None] Loading extension file: l3_ext_ndp_proxy.py {{(pid=103642) _load_all_extensions_from_path /opt/stack/neutron/neutron/api/extensions.py:449}}
Jun 09 02:56:13.497960 np0000179090 devstack@neutron-api.service[103642]: DEBUG neutron.api.extensions [None req-f3a78fc7-aaf5-4e83-8cef-61ee436aa067 None None] Ext name="Router support to enable NDP proxy" alias="l3-ext-ndp-proxy" description="Router extension to enable ndp proxy" updated="2020-08-25T00:00:00-00:00" {{(pid=103642) _check_extension /opt/stack/neutron/neutron/api/extensions.py:415}}
Jun 09 02:56:13.498133 np0000179090 devstack@neutron-api.service[103642]: INFO neutron.api.extensions [None req-f3a78fc7-aaf5-4e83-8cef-61ee436aa067 None None] Extension l3-ext-ndp-proxy not supported by any of loaded plugins
Jun 09 02:56:13.498238 np0000179090 devstack@neutron-api.service[103642]: DEBUG neutron.api.extensions [None req-f3a78fc7-aaf5-4e83-8cef-61ee436aa067 None None] Loading extension file: l3_extra_gws.py {{(pid=103642) _load_all_extensions_from_path /opt/stack/neutron/neutron/api/extensions.py:449}}
Jun 09 02:56:13.498451 np0000179090 devstack@neutron-api.service[103642]: DEBUG neutron.api.extensions [None req-f3a78fc7-aaf5-4e83-8cef-61ee436aa067 None None] Ext name="Neutron L3 External Gateway Multihoming" alias="external-gateway-multihoming" description="Allow multiple external gateway ports per router" updated="2023-01-18T00:00:00-00:00" {{(pid=103642) _check_extension /opt/stack/neutron/neutron/api/extensions.py:415}}
Jun 09 02:56:13.498765 np0000179090 devstack@neutron-api.service[103642]: INFO neutron.api.extensions [None req-f3a78fc7-aaf5-4e83-8cef-61ee436aa067 None None] Loaded extension: external-gateway-multihoming
Jun 09 02:56:13.498856 np0000179090 devstack@neutron-api.service[103642]: DEBUG neutron.api.extensions [None req-f3a78fc7-aaf5-4e83-8cef-61ee436aa067 None None] Loading extension file: l3_flavors.py {{(pid=103642) _load_all_extensions_from_path /opt/stack/neutron/neutron/api/extensions.py:449}}
Jun 09 02:56:13.499070 np0000179090 devstack@neutron-api.service[103642]: DEBUG neutron.api.extensions [None req-f3a78fc7-aaf5-4e83-8cef-61ee436aa067 None None] Ext name="Router Flavor Extension" alias="l3-flavors" description="Flavor support for routers." updated="2016-05-17T00:00:00-00:00" {{(pid=103642) _check_extension /opt/stack/neutron/neutron/api/extensions.py:415}}
Jun 09 02:56:13.499266 np0000179090 devstack@neutron-api.service[103642]: INFO neutron.api.extensions [None req-f3a78fc7-aaf5-4e83-8cef-61ee436aa067 None None] Loaded extension: l3-flavors
Jun 09 02:56:13.499365 np0000179090 devstack@neutron-api.service[103642]: DEBUG neutron.api.extensions [None req-f3a78fc7-aaf5-4e83-8cef-61ee436aa067 None None] Loading extension file: l3_ndp_proxy.py {{(pid=103642) _load_all_extensions_from_path /opt/stack/neutron/neutron/api/extensions.py:449}}
Jun 09 02:56:13.499664 np0000179090 devstack@neutron-api.service[103642]: DEBUG neutron.api.extensions [None req-f3a78fc7-aaf5-4e83-8cef-61ee436aa067 None None] Ext name="name" alias="l3-ndp-proxy" description="description" updated="2021-06-29T10:00:00-00:00" {{(pid=103642) _check_extension /opt/stack/neutron/neutron/api/extensions.py:415}}
Jun 09 02:56:13.499840 np0000179090 devstack@neutron-api.service[103642]: INFO neutron.api.extensions [None req-f3a78fc7-aaf5-4e83-8cef-61ee436aa067 None None] Extension l3-ndp-proxy not supported by any of loaded plugins
Jun 09 02:56:13.499931 np0000179090 devstack@neutron-api.service[103642]: DEBUG neutron.api.extensions [None req-f3a78fc7-aaf5-4e83-8cef-61ee436aa067 None None] Loading extension file: l3_port_ip_change_not_allowed.py {{(pid=103642) _load_all_extensions_from_path /opt/stack/neutron/neutron/api/extensions.py:449}}
Jun 09 02:56:13.500202 np0000179090 devstack@neutron-api.service[103642]: DEBUG neutron.api.extensions [None req-f3a78fc7-aaf5-4e83-8cef-61ee436aa067 None None] Ext name="Prevent L3 router ports IP address change extension" alias="l3-port-ip-change-not-allowed" description="Prevent change of IP address for some L3 router ports" updated="2018-10-09T10:00:00-00:00" {{(pid=103642) _check_extension /opt/stack/neutron/neutron/api/extensions.py:415}}
Jun 09 02:56:13.500339 np0000179090 devstack@neutron-api.service[103642]: INFO neutron.api.extensions [None req-f3a78fc7-aaf5-4e83-8cef-61ee436aa067 None None] Extension l3-port-ip-change-not-allowed not supported by any of loaded plugins
Jun 09 02:56:13.500463 np0000179090 devstack@neutron-api.service[103642]: DEBUG neutron.api.extensions [None req-f3a78fc7-aaf5-4e83-8cef-61ee436aa067 None None] Loading extension file: l3agentscheduler.py {{(pid=103642) _load_all_extensions_from_path /opt/stack/neutron/neutron/api/extensions.py:449}}
Jun 09 02:56:13.501447 np0000179090 devstack@neutron-api.service[103642]: DEBUG neutron.api.extensions [None req-f3a78fc7-aaf5-4e83-8cef-61ee436aa067 None None] Ext name="L3 Agent Scheduler" alias="l3_agent_scheduler" description="Schedule routers among l3 agents" updated="2013-02-07T10:00:00-00:00" {{(pid=103642) _check_extension /opt/stack/neutron/neutron/api/extensions.py:415}}
Jun 09 02:56:13.501447 np0000179090 devstack@neutron-api.service[103642]: INFO neutron.api.extensions [None req-f3a78fc7-aaf5-4e83-8cef-61ee436aa067 None None] Loaded extension: l3_agent_scheduler
Jun 09 02:56:13.501447 np0000179090 devstack@neutron-api.service[103642]: DEBUG neutron.api.extensions [None req-f3a78fc7-aaf5-4e83-8cef-61ee436aa067 None None] Loading extension file: local_ip.py {{(pid=103642) _load_all_extensions_from_path /opt/stack/neutron/neutron/api/extensions.py:449}}
Jun 09 02:56:13.501784 np0000179090 devstack@neutron-api.service[103642]: DEBUG neutron.api.extensions [None req-f3a78fc7-aaf5-4e83-8cef-61ee436aa067 None None] Ext name="Local IP" alias="local_ip" description="Support Node Local Virtual IP" updated="2021-07-26T10:00:00-00:00" {{(pid=103642) _check_extension /opt/stack/neutron/neutron/api/extensions.py:415}}
Jun 09 02:56:13.501956 np0000179090 devstack@neutron-api.service[103642]: INFO neutron.api.extensions [None req-f3a78fc7-aaf5-4e83-8cef-61ee436aa067 None None] Extension local_ip not supported by any of loaded plugins
Jun 09 02:56:13.502046 np0000179090 devstack@neutron-api.service[103642]: DEBUG neutron.api.extensions [None req-f3a78fc7-aaf5-4e83-8cef-61ee436aa067 None None] Loading extension file: logging.py {{(pid=103642) _load_all_extensions_from_path /opt/stack/neutron/neutron/api/extensions.py:449}}
Jun 09 02:56:13.502374 np0000179090 devstack@neutron-api.service[103642]: DEBUG neutron.api.extensions [None req-f3a78fc7-aaf5-4e83-8cef-61ee436aa067 None None] Ext name="Logging API Extension" alias="logging" description="Provides a logging API for resources such as security group and firewall." updated="2017-01-01T10:00:00-00:00" {{(pid=103642) _check_extension /opt/stack/neutron/neutron/api/extensions.py:415}}
Jun 09 02:56:13.502563 np0000179090 devstack@neutron-api.service[103642]: INFO neutron.api.extensions [None req-f3a78fc7-aaf5-4e83-8cef-61ee436aa067 None None] Extension logging not supported by any of loaded plugins
Jun 09 02:56:13.502642 np0000179090 devstack@neutron-api.service[103642]: DEBUG neutron.api.extensions [None req-f3a78fc7-aaf5-4e83-8cef-61ee436aa067 None None] Loading extension file: metering.py {{(pid=103642) _load_all_extensions_from_path /opt/stack/neutron/neutron/api/extensions.py:449}}
Jun 09 02:56:13.502991 np0000179090 devstack@neutron-api.service[103642]: DEBUG neutron.api.extensions [None req-f3a78fc7-aaf5-4e83-8cef-61ee436aa067 None None] Ext name="Neutron Metering" alias="metering" description="Neutron Metering extension." updated="2013-06-12T10:00:00-00:00" {{(pid=103642) _check_extension /opt/stack/neutron/neutron/api/extensions.py:415}}
Jun 09 02:56:13.503179 np0000179090 devstack@neutron-api.service[103642]: INFO neutron.api.extensions [None req-f3a78fc7-aaf5-4e83-8cef-61ee436aa067 None None] Extension metering not supported by any of loaded plugins
Jun 09 02:56:13.503251 np0000179090 devstack@neutron-api.service[103642]: DEBUG neutron.api.extensions [None req-f3a78fc7-aaf5-4e83-8cef-61ee436aa067 None None] Loading extension file: metering_source_and_destination_fields.py {{(pid=103642) _load_all_extensions_from_path /opt/stack/neutron/neutron/api/extensions.py:449}}
Jun 09 02:56:13.503528 np0000179090 devstack@neutron-api.service[103642]: DEBUG neutron.api.extensions [None req-f3a78fc7-aaf5-4e83-8cef-61ee436aa067 None None] Ext name="Neutron Metering with source and destination filtering" alias="metering_source_and_destination_fields" description="Neutron Metering extension that enables the use of source and destination IP prefixes to create metering label rules." updated="2020-08-21T08:12:00-00:00" {{(pid=103642) _check_extension /opt/stack/neutron/neutron/api/extensions.py:415}}
Jun 09 02:56:13.503711 np0000179090 devstack@neutron-api.service[103642]: INFO neutron.api.extensions [None req-f3a78fc7-aaf5-4e83-8cef-61ee436aa067 None None] Extension metering_source_and_destination_fields not supported by any of loaded plugins
Jun 09 02:56:13.503778 np0000179090 devstack@neutron-api.service[103642]: DEBUG neutron.api.extensions [None req-f3a78fc7-aaf5-4e83-8cef-61ee436aa067 None None] Loading extension file: multiprovidernet.py {{(pid=103642) _load_all_extensions_from_path /opt/stack/neutron/neutron/api/extensions.py:449}}
Jun 09 02:56:13.504037 np0000179090 devstack@neutron-api.service[103642]: DEBUG neutron.api.extensions [None req-f3a78fc7-aaf5-4e83-8cef-61ee436aa067 None None] Ext name="Multi Provider Network" alias="multi-provider" description="Expose mapping of virtual networks to multiple physical networks" updated="2013-06-27T10:00:00-00:00" {{(pid=103642) _check_extension /opt/stack/neutron/neutron/api/extensions.py:415}}
Jun 09 02:56:13.504218 np0000179090 devstack@neutron-api.service[103642]: INFO neutron.api.extensions [None req-f3a78fc7-aaf5-4e83-8cef-61ee436aa067 None None] Loaded extension: multi-provider
Jun 09 02:56:13.504314 np0000179090 devstack@neutron-api.service[103642]: DEBUG neutron.api.extensions [None req-f3a78fc7-aaf5-4e83-8cef-61ee436aa067 None None] Loading extension file: netmtu.py {{(pid=103642) _load_all_extensions_from_path /opt/stack/neutron/neutron/api/extensions.py:449}}
Jun 09 02:56:13.504564 np0000179090 devstack@neutron-api.service[103642]: DEBUG neutron.api.extensions [None req-f3a78fc7-aaf5-4e83-8cef-61ee436aa067 None None] Ext name="Network MTU" alias="net-mtu" description="Provides MTU attribute for a network resource." updated="2015-03-25T10:00:00-00:00" {{(pid=103642) _check_extension /opt/stack/neutron/neutron/api/extensions.py:415}}
Jun 09 02:56:13.504733 np0000179090 devstack@neutron-api.service[103642]: INFO neutron.api.extensions [None req-f3a78fc7-aaf5-4e83-8cef-61ee436aa067 None None] Loaded extension: net-mtu
Jun 09 02:56:13.504821 np0000179090 devstack@neutron-api.service[103642]: DEBUG neutron.api.extensions [None req-f3a78fc7-aaf5-4e83-8cef-61ee436aa067 None None] Loading extension file: netmtu_writable.py {{(pid=103642) _load_all_extensions_from_path /opt/stack/neutron/neutron/api/extensions.py:449}}
Jun 09 02:56:13.505105 np0000179090 devstack@neutron-api.service[103642]: DEBUG neutron.api.extensions [None req-f3a78fc7-aaf5-4e83-8cef-61ee436aa067 None None] Ext name="Network MTU (writable)" alias="net-mtu-writable" description="Provides a writable MTU attribute for a network resource." updated="2017-07-12T00:00:00-00:00" {{(pid=103642) _check_extension /opt/stack/neutron/neutron/api/extensions.py:415}}
Jun 09 02:56:13.505291 np0000179090 devstack@neutron-api.service[103642]: INFO neutron.api.extensions [None req-f3a78fc7-aaf5-4e83-8cef-61ee436aa067 None None] Loaded extension: net-mtu-writable
Jun 09 02:56:13.505384 np0000179090 devstack@neutron-api.service[103642]: DEBUG neutron.api.extensions [None req-f3a78fc7-aaf5-4e83-8cef-61ee436aa067 None None] Loading extension file: network_availability_zone.py {{(pid=103642) _load_all_extensions_from_path /opt/stack/neutron/neutron/api/extensions.py:449}}
Jun 09 02:56:13.505650 np0000179090 devstack@neutron-api.service[103642]: DEBUG neutron.api.extensions [None req-f3a78fc7-aaf5-4e83-8cef-61ee436aa067 None None] Ext name="Network Availability Zone" alias="network_availability_zone" description="Availability zone support for network." updated="2015-01-01T10:00:00-00:00" {{(pid=103642) _check_extension /opt/stack/neutron/neutron/api/extensions.py:415}}
Jun 09 02:56:13.505827 np0000179090 devstack@neutron-api.service[103642]: INFO neutron.api.extensions [None req-f3a78fc7-aaf5-4e83-8cef-61ee436aa067 None None] Loaded extension: network_availability_zone
Jun 09 02:56:13.505921 np0000179090 devstack@neutron-api.service[103642]: DEBUG neutron.api.extensions [None req-f3a78fc7-aaf5-4e83-8cef-61ee436aa067 None None] Loading extension file: network_ha.py {{(pid=103642) _load_all_extensions_from_path /opt/stack/neutron/neutron/api/extensions.py:449}}
Jun 09 02:56:13.506153 np0000179090 devstack@neutron-api.service[103642]: DEBUG neutron.api.extensions [None req-f3a78fc7-aaf5-4e83-8cef-61ee436aa067 None None] Ext name="Network HA creation flag" alias="network_ha" description="Network high availability creation flag." updated="2023-04-27T10:00:00-00:00" {{(pid=103642) _check_extension /opt/stack/neutron/neutron/api/extensions.py:415}}
Jun 09 02:56:13.506341 np0000179090 devstack@neutron-api.service[103642]: INFO neutron.api.extensions [None req-f3a78fc7-aaf5-4e83-8cef-61ee436aa067 None None] Extension network_ha not supported by any of loaded plugins
Jun 09 02:56:13.506434 np0000179090 devstack@neutron-api.service[103642]: DEBUG neutron.api.extensions [None req-f3a78fc7-aaf5-4e83-8cef-61ee436aa067 None None] Loading extension file: network_ip_availability.py {{(pid=103642) _load_all_extensions_from_path /opt/stack/neutron/neutron/api/extensions.py:449}}
Jun 09 02:56:13.506693 np0000179090 devstack@neutron-api.service[103642]: DEBUG neutron.api.extensions [None req-f3a78fc7-aaf5-4e83-8cef-61ee436aa067 None None] Ext name="Network IP Availability" alias="network-ip-availability" description="Provides IP availability data for each network and subnet." updated="2015-09-24T00:00:00-00:00" {{(pid=103642) _check_extension /opt/stack/neutron/neutron/api/extensions.py:415}}
Jun 09 02:56:13.506866 np0000179090 devstack@neutron-api.service[103642]: INFO neutron.api.extensions [None req-f3a78fc7-aaf5-4e83-8cef-61ee436aa067 None None] Loaded extension: network-ip-availability
Jun 09 02:56:13.506960 np0000179090 devstack@neutron-api.service[103642]: DEBUG neutron.api.extensions [None req-f3a78fc7-aaf5-4e83-8cef-61ee436aa067 None None] Loading extension file: network_ip_availability_details.py {{(pid=103642) _load_all_extensions_from_path /opt/stack/neutron/neutron/api/extensions.py:449}}
Jun 09 02:56:13.507026 np0000179090 devstack@neutron-api.service[103639]: DEBUG neutron_lib.callbacks.manager [None req-bbf71124-f7dc-4386-bf41-f6f891aaccdc None None] Subscribe: > router before_delete 55550000, False {{(pid=103639) subscribe /opt/stack/data/venv/lib/python3.12/site-packages/neutron_lib/callbacks/manager.py:52}}
Jun 09 02:56:13.507229 np0000179090 devstack@neutron-api.service[103639]: DEBUG neutron_lib.callbacks.manager [None req-bbf71124-f7dc-4386-bf41-f6f891aaccdc None None] Subscribe: port before_update 55550000, False {{(pid=103639) subscribe /opt/stack/data/venv/lib/python3.12/site-packages/neutron_lib/callbacks/manager.py:52}}
Jun 09 02:56:13.507306 np0000179090 devstack@neutron-api.service[103642]: DEBUG neutron.api.extensions [None req-f3a78fc7-aaf5-4e83-8cef-61ee436aa067 None None] Ext name="Network IP Availability Details Extension" alias="network-ip-availability-details" description="Add ip_availability_details attribute to network-ip-availabilities resource." updated="2025-10-31T00:00:00-00:00" {{(pid=103642) _check_extension /opt/stack/neutron/neutron/api/extensions.py:415}}
Jun 09 02:56:13.507377 np0000179090 devstack@neutron-api.service[103639]: DEBUG neutron_lib.callbacks.manager [None req-bbf71124-f7dc-4386-bf41-f6f891aaccdc None None] Subscribe: port after_update 55550000, False {{(pid=103639) subscribe /opt/stack/data/venv/lib/python3.12/site-packages/neutron_lib/callbacks/manager.py:52}}
Jun 09 02:56:13.507441 np0000179090 devstack@neutron-api.service[103642]: INFO neutron.api.extensions [None req-f3a78fc7-aaf5-4e83-8cef-61ee436aa067 None None] Loaded extension: network-ip-availability-details
Jun 09 02:56:13.507499 np0000179090 devstack@neutron-api.service[103642]: DEBUG neutron.api.extensions [None req-f3a78fc7-aaf5-4e83-8cef-61ee436aa067 None None] Loading extension file: network_segment_range.py {{(pid=103642) _load_all_extensions_from_path /opt/stack/neutron/neutron/api/extensions.py:449}}
Jun 09 02:56:13.507577 np0000179090 devstack@neutron-api.service[103639]: DEBUG neutron_lib.callbacks.manager [None req-bbf71124-f7dc-4386-bf41-f6f891aaccdc None None] Subscribe: > port precommit_delete 55550000, False {{(pid=103639) subscribe /opt/stack/data/venv/lib/python3.12/site-packages/neutron_lib/callbacks/manager.py:52}}
Jun 09 02:56:13.507640 np0000179090 devstack@neutron-api.service[103639]: DEBUG neutron_lib.callbacks.manager [None req-bbf71124-f7dc-4386-bf41-f6f891aaccdc None None] Subscribe: port before_update 55550000, False {{(pid=103639) subscribe /opt/stack/data/venv/lib/python3.12/site-packages/neutron_lib/callbacks/manager.py:52}}
Jun 09 02:56:13.507794 np0000179090 devstack@neutron-api.service[103639]: DEBUG neutron_lib.callbacks.manager [None req-bbf71124-f7dc-4386-bf41-f6f891aaccdc None None] Subscribe: port before_delete 55550000, False {{(pid=103639) subscribe /opt/stack/data/venv/lib/python3.12/site-packages/neutron_lib/callbacks/manager.py:52}}
Jun 09 02:56:13.507872 np0000179090 devstack@neutron-api.service[103642]: DEBUG neutron.api.extensions [None req-f3a78fc7-aaf5-4e83-8cef-61ee436aa067 None None] Ext name="Neutron Network Segment Range" alias="network-segment-range" description="Provides support for the network segment range management" updated="2018-11-29T00:00:00-00:00" {{(pid=103642) _check_extension /opt/stack/neutron/neutron/api/extensions.py:415}}
Jun 09 02:56:13.507936 np0000179090 devstack@neutron-api.service[103639]: DEBUG neutron_lib.callbacks.manager [None req-bbf71124-f7dc-4386-bf41-f6f891aaccdc None None] Subscribe: > router precommit_create 55550000, False {{(pid=103639) subscribe /opt/stack/data/venv/lib/python3.12/site-packages/neutron_lib/callbacks/manager.py:52}}
Jun 09 02:56:13.507998 np0000179090 devstack@neutron-api.service[103642]: INFO neutron.api.extensions [None req-f3a78fc7-aaf5-4e83-8cef-61ee436aa067 None None] Extension network-segment-range not supported by any of loaded plugins
Jun 09 02:56:13.508058 np0000179090 devstack@neutron-api.service[103642]: DEBUG neutron.api.extensions [None req-f3a78fc7-aaf5-4e83-8cef-61ee436aa067 None None] Loading extension file: pagination.py {{(pid=103642) _load_all_extensions_from_path /opt/stack/neutron/neutron/api/extensions.py:449}}
Jun 09 02:56:13.508118 np0000179090 devstack@neutron-api.service[103639]: DEBUG neutron_lib.callbacks.manager [None req-bbf71124-f7dc-4386-bf41-f6f891aaccdc None None] Subscribe: > router precommit_create 55550000, False {{(pid=103639) subscribe /opt/stack/data/venv/lib/python3.12/site-packages/neutron_lib/callbacks/manager.py:52}}
Jun 09 02:56:13.508220 np0000179090 devstack@neutron-api.service[103639]: DEBUG neutron_lib.callbacks.manager [None req-bbf71124-f7dc-4386-bf41-f6f891aaccdc None None] Subscribe: > router precommit_update 55550000, False {{(pid=103639) subscribe /opt/stack/data/venv/lib/python3.12/site-packages/neutron_lib/callbacks/manager.py:52}}
Jun 09 02:56:13.508318 np0000179090 devstack@neutron-api.service[103642]: DEBUG neutron.api.extensions [None req-f3a78fc7-aaf5-4e83-8cef-61ee436aa067 None None] Ext name="Pagination support" alias="pagination" description="Extension that indicates that pagination is enabled." updated="2016-06-12T00:00:00-00:00" {{(pid=103642) _check_extension /opt/stack/neutron/neutron/api/extensions.py:415}}
Jun 09 02:56:13.508395 np0000179090 devstack@neutron-api.service[103639]: DEBUG neutron_lib.callbacks.manager [None req-bbf71124-f7dc-4386-bf41-f6f891aaccdc None None] Subscribe: subnet after_update 55550000, False {{(pid=103639) subscribe /opt/stack/data/venv/lib/python3.12/site-packages/neutron_lib/callbacks/manager.py:52}}
Jun 09 02:56:13.509946 np0000179090 devstack@neutron-api.service[103642]: INFO neutron.api.extensions [None req-f3a78fc7-aaf5-4e83-8cef-61ee436aa067 None None] Loaded extension: pagination
Jun 09 02:56:13.509946 np0000179090 devstack@neutron-api.service[103642]: DEBUG neutron.api.extensions [None req-f3a78fc7-aaf5-4e83-8cef-61ee436aa067 None None] Loading extension file: port_device_profile.py {{(pid=103642) _load_all_extensions_from_path /opt/stack/neutron/neutron/api/extensions.py:449}}
Jun 09 02:56:13.510504 np0000179090 devstack@neutron-api.service[103639]: DEBUG neutron.quota.resource_registry [None req-bbf71124-f7dc-4386-bf41-f6f891aaccdc None None] Tracking information for resource: router configured {{(pid=103639) set_tracked_resource /opt/stack/neutron/neutron/quota/resource_registry.py:203}}
Jun 09 02:56:13.510999 np0000179090 devstack@neutron-api.service[103642]: DEBUG neutron.api.extensions [None req-f3a78fc7-aaf5-4e83-8cef-61ee436aa067 None None] Ext name="Port device profile" alias="port-device-profile" description="Expose the port device profile (Cyborg)" updated="2020-12-17T10:00:00-00:00" {{(pid=103642) _check_extension /opt/stack/neutron/neutron/api/extensions.py:415}}
Jun 09 02:56:13.511464 np0000179090 devstack@neutron-api.service[103639]: DEBUG neutron.quota.resource_registry [None req-bbf71124-f7dc-4386-bf41-f6f891aaccdc None None] Tracking information for resource: floatingip configured {{(pid=103639) set_tracked_resource /opt/stack/neutron/neutron/quota/resource_registry.py:203}}
Jun 09 02:56:13.511973 np0000179090 devstack@neutron-api.service[103642]: INFO neutron.api.extensions [None req-f3a78fc7-aaf5-4e83-8cef-61ee436aa067 None None] Loaded extension: port-device-profile
Jun 09 02:56:13.512539 np0000179090 devstack@neutron-api.service[103639]: INFO neutron.services.ovn_l3.plugin [None req-bbf71124-f7dc-4386-bf41-f6f891aaccdc None None] Starting OVNL3RouterPlugin
Jun 09 02:56:13.513678 np0000179090 devstack@neutron-api.service[103642]: DEBUG neutron.api.extensions [None req-f3a78fc7-aaf5-4e83-8cef-61ee436aa067 None None] Loading extension file: port_hardware_offload_type.py {{(pid=103642) _load_all_extensions_from_path /opt/stack/neutron/neutron/api/extensions.py:449}}
Jun 09 02:56:13.514147 np0000179090 devstack@neutron-api.service[103639]: DEBUG neutron_lib.callbacks.manager [None req-bbf71124-f7dc-4386-bf41-f6f891aaccdc None None] Subscribe: > port_forwarding_plugin after_init 55550000, False {{(pid=103639) subscribe /opt/stack/data/venv/lib/python3.12/site-packages/neutron_lib/callbacks/manager.py:52}}
Jun 09 02:56:13.514415 np0000179090 devstack@neutron-api.service[103642]: DEBUG neutron.api.extensions [None req-f3a78fc7-aaf5-4e83-8cef-61ee436aa067 None None] Ext name="Port hardware offload" alias="port-hardware-offload-type" description="Expose port hardware offload extension" updated="2023-05-09T10:00:00-00:00" {{(pid=103642) _check_extension /opt/stack/neutron/neutron/api/extensions.py:415}}
Jun 09 02:56:13.514415 np0000179090 devstack@neutron-api.service[103642]: INFO neutron.api.extensions [None req-f3a78fc7-aaf5-4e83-8cef-61ee436aa067 None None] Extension port-hardware-offload-type not supported by any of loaded plugins
Jun 09 02:56:13.514678 np0000179090 devstack@neutron-api.service[103639]: DEBUG neutron_lib.callbacks.manager [None req-bbf71124-f7dc-4386-bf41-f6f891aaccdc None None] Subscribe: > router before_create 55550100, False {{(pid=103639) subscribe /opt/stack/data/venv/lib/python3.12/site-packages/neutron_lib/callbacks/manager.py:52}}
Jun 09 02:56:13.514908 np0000179090 devstack@neutron-api.service[103642]: DEBUG neutron.api.extensions [None req-f3a78fc7-aaf5-4e83-8cef-61ee436aa067 None None] Loading extension file: port_hint_ovs_tx_steering.py {{(pid=103642) _load_all_extensions_from_path /opt/stack/neutron/neutron/api/extensions.py:449}}
Jun 09 02:56:13.514997 np0000179090 devstack@neutron-api.service[103639]: DEBUG neutron_lib.callbacks.manager [None req-bbf71124-f7dc-4386-bf41-f6f891aaccdc None None] Subscribe: > router precommit_delete 55550100, False {{(pid=103639) subscribe /opt/stack/data/venv/lib/python3.12/site-packages/neutron_lib/callbacks/manager.py:52}}
Jun 09 02:56:13.514997 np0000179090 devstack@neutron-api.service[103639]: DEBUG neutron_lib.callbacks.manager [None req-bbf71124-f7dc-4386-bf41-f6f891aaccdc None None] Subscribe: > router precommit_create 55550100, False {{(pid=103639) subscribe /opt/stack/data/venv/lib/python3.12/site-packages/neutron_lib/callbacks/manager.py:52}}
Jun 09 02:56:13.515225 np0000179090 devstack@neutron-api.service[103642]: DEBUG neutron.api.extensions [None req-f3a78fc7-aaf5-4e83-8cef-61ee436aa067 None None] Ext name="Port hint: Open vSwitch Tx steering" alias="port-hint-ovs-tx-steering" description="Enable Port hint: Open vSwitch Tx steering" updated="2023-01-01T00:00:00-00:00" {{(pid=103642) _check_extension /opt/stack/neutron/neutron/api/extensions.py:415}}
Jun 09 02:56:13.515292 np0000179090 devstack@neutron-api.service[103639]: DEBUG neutron_lib.callbacks.manager [None req-bbf71124-f7dc-4386-bf41-f6f891aaccdc None None] Subscribe: > router precommit_update 55550100, False {{(pid=103639) subscribe /opt/stack/data/venv/lib/python3.12/site-packages/neutron_lib/callbacks/manager.py:52}}
Jun 09 02:56:13.515403 np0000179090 devstack@neutron-api.service[103642]: INFO neutron.api.extensions [None req-f3a78fc7-aaf5-4e83-8cef-61ee436aa067 None None] Extension port-hint-ovs-tx-steering not supported by any of loaded plugins
Jun 09 02:56:13.515403 np0000179090 devstack@neutron-api.service[103642]: DEBUG neutron.api.extensions [None req-f3a78fc7-aaf5-4e83-8cef-61ee436aa067 None None] Loading extension file: port_hints.py {{(pid=103642) _load_all_extensions_from_path /opt/stack/neutron/neutron/api/extensions.py:449}}
Jun 09 02:56:13.515403 np0000179090 devstack@neutron-api.service[103642]: DEBUG neutron.api.extensions [None req-f3a78fc7-aaf5-4e83-8cef-61ee436aa067 None None] Ext name="Port hints" alias="port-hints" description="Backend specific port hints to allow backend specific tuning" updated="2023-01-01T00:00:00-00:00" {{(pid=103642) _check_extension /opt/stack/neutron/neutron/api/extensions.py:415}}
Jun 09 02:56:13.515403 np0000179090 devstack@neutron-api.service[103642]: INFO neutron.api.extensions [None req-f3a78fc7-aaf5-4e83-8cef-61ee436aa067 None None] Extension port-hints not supported by any of loaded plugins
Jun 09 02:56:13.515403 np0000179090 devstack@neutron-api.service[103642]: DEBUG neutron.api.extensions [None req-f3a78fc7-aaf5-4e83-8cef-61ee436aa067 None None] Loading extension file: port_mac_address_override.py {{(pid=103642) _load_all_extensions_from_path /opt/stack/neutron/neutron/api/extensions.py:449}}
Jun 09 02:56:13.515403 np0000179090 devstack@neutron-api.service[103642]: DEBUG neutron.api.extensions [None req-f3a78fc7-aaf5-4e83-8cef-61ee436aa067 None None] Ext name="Neutron Port MAC address override" alias="port-mac-override" description="Allow overriding the MAC address of a direct-physical Port via the active binding profile" updated="2022-03-18T10:00:00-00:00" {{(pid=103642) _check_extension /opt/stack/neutron/neutron/api/extensions.py:415}}
Jun 09 02:56:13.515403 np0000179090 devstack@neutron-api.service[103642]: INFO neutron.api.extensions [None req-f3a78fc7-aaf5-4e83-8cef-61ee436aa067 None None] Extension port-mac-override not supported by any of loaded plugins
Jun 09 02:56:13.515711 np0000179090 devstack@neutron-api.service[103642]: DEBUG neutron.api.extensions [None req-f3a78fc7-aaf5-4e83-8cef-61ee436aa067 None None] Loading extension file: port_mac_address_regenerate.py {{(pid=103642) _load_all_extensions_from_path /opt/stack/neutron/neutron/api/extensions.py:449}}
Jun 09 02:56:13.515711 np0000179090 devstack@neutron-api.service[103642]: DEBUG neutron.api.extensions [None req-f3a78fc7-aaf5-4e83-8cef-61ee436aa067 None None] Ext name="Neutron Port MAC address regenerate" alias="port-mac-address-regenerate" description="Network port MAC address regenerate" updated="2018-05-03T10:00:00-00:00" {{(pid=103642) _check_extension /opt/stack/neutron/neutron/api/extensions.py:415}}
Jun 09 02:56:13.515711 np0000179090 devstack@neutron-api.service[103642]: INFO neutron.api.extensions [None req-f3a78fc7-aaf5-4e83-8cef-61ee436aa067 None None] Loaded extension: port-mac-address-regenerate
Jun 09 02:56:13.515711 np0000179090 devstack@neutron-api.service[103642]: DEBUG neutron.api.extensions [None req-f3a78fc7-aaf5-4e83-8cef-61ee436aa067 None None] Loading extension file: port_numa_affinity_policy.py {{(pid=103642) _load_all_extensions_from_path /opt/stack/neutron/neutron/api/extensions.py:449}}
Jun 09 02:56:13.515711 np0000179090 devstack@neutron-api.service[103642]: DEBUG neutron.api.extensions [None req-f3a78fc7-aaf5-4e83-8cef-61ee436aa067 None None] Ext name="Port NUMA affinity policy" alias="port-numa-affinity-policy" description="Expose the port NUMA affinity policy" updated="2020-07-08T10:00:00-00:00" {{(pid=103642) _check_extension /opt/stack/neutron/neutron/api/extensions.py:415}}
Jun 09 02:56:13.515711 np0000179090 devstack@neutron-api.service[103642]: INFO neutron.api.extensions [None req-f3a78fc7-aaf5-4e83-8cef-61ee436aa067 None None] Loaded extension: port-numa-affinity-policy
Jun 09 02:56:13.515711 np0000179090 devstack@neutron-api.service[103642]: DEBUG neutron.api.extensions [None req-f3a78fc7-aaf5-4e83-8cef-61ee436aa067 None None] Loading extension file: port_numa_affinity_policy_socket.py {{(pid=103642) _load_all_extensions_from_path /opt/stack/neutron/neutron/api/extensions.py:449}}
Jun 09 02:56:13.515978 np0000179090 devstack@neutron-api.service[103642]: DEBUG neutron.api.extensions [None req-f3a78fc7-aaf5-4e83-8cef-61ee436aa067 None None] Ext name="Port NUMA affinity policy "socket"" alias="port-numa-affinity-policy-socket" description="Adds "socket" to the supported port NUMA affinity policies" updated="2024-02-09T10:00:00-00:00" {{(pid=103642) _check_extension /opt/stack/neutron/neutron/api/extensions.py:415}}
Jun 09 02:56:13.515978 np0000179090 devstack@neutron-api.service[103642]: INFO neutron.api.extensions [None req-f3a78fc7-aaf5-4e83-8cef-61ee436aa067 None None] Loaded extension: port-numa-affinity-policy-socket
Jun 09 02:56:13.515978 np0000179090 devstack@neutron-api.service[103642]: DEBUG neutron.api.extensions [None req-f3a78fc7-aaf5-4e83-8cef-61ee436aa067 None None] Loading extension file: port_resource_request.py {{(pid=103642) _load_all_extensions_from_path /opt/stack/neutron/neutron/api/extensions.py:449}}
Jun 09 02:56:13.515978 np0000179090 devstack@neutron-api.service[103642]: DEBUG neutron.api.extensions [None req-f3a78fc7-aaf5-4e83-8cef-61ee436aa067 None None] Ext name="Port Resource Request" alias="port-resource-request" description="Expose resource request to Port" updated="2018-05-08T10:00:00-00:00" {{(pid=103642) _check_extension /opt/stack/neutron/neutron/api/extensions.py:415}}
Jun 09 02:56:13.515978 np0000179090 devstack@neutron-api.service[103642]: INFO neutron.api.extensions [None req-f3a78fc7-aaf5-4e83-8cef-61ee436aa067 None None] Extension port-resource-request not supported by any of loaded plugins
Jun 09 02:56:13.515978 np0000179090 devstack@neutron-api.service[103642]: DEBUG neutron.api.extensions [None req-f3a78fc7-aaf5-4e83-8cef-61ee436aa067 None None] Loading extension file: port_resource_request_groups.py {{(pid=103642) _load_all_extensions_from_path /opt/stack/neutron/neutron/api/extensions.py:449}}
Jun 09 02:56:13.516260 np0000179090 devstack@neutron-api.service[103639]: DEBUG neutron.services.provider_configuration [None req-bbf71124-f7dc-4386-bf41-f6f891aaccdc None None] Service providers = [] {{(pid=103639) parse_service_provider_opt /opt/stack/neutron/neutron/services/provider_configuration.py:170}}
Jun 09 02:56:13.516359 np0000179090 devstack@neutron-api.service[103642]: DEBUG neutron.api.extensions [None req-f3a78fc7-aaf5-4e83-8cef-61ee436aa067 None None] Ext name="Port Resource Request Groups" alias="port-resource-request-groups" description="Support requesting multiple groups of resources and traits from the same RP subtree in resource_request" updated="2021-08-02T10:00:00-00:00" {{(pid=103642) _check_extension /opt/stack/neutron/neutron/api/extensions.py:415}}
Jun 09 02:56:13.516435 np0000179090 devstack@neutron-api.service[103639]: DEBUG neutron.db.servicetype_db [None req-bbf71124-f7dc-4386-bf41-f6f891aaccdc None None] Adding provider configuration for service L3_ROUTER_NAT {{(pid=103639) add_provider_configuration /opt/stack/neutron/neutron/db/servicetype_db.py:45}}
Jun 09 02:56:13.516504 np0000179090 devstack@neutron-api.service[103642]: INFO neutron.api.extensions [None req-f3a78fc7-aaf5-4e83-8cef-61ee436aa067 None None] Extension port-resource-request-groups not supported by any of loaded plugins
Jun 09 02:56:13.516504 np0000179090 devstack@neutron-api.service[103642]: DEBUG neutron.api.extensions [None req-f3a78fc7-aaf5-4e83-8cef-61ee436aa067 None None] Loading extension file: port_trusted_vif.py {{(pid=103642) _load_all_extensions_from_path /opt/stack/neutron/neutron/api/extensions.py:449}}
