Feb 17 22:40:03.586399 np0000156236 systemd[1]: Starting devstack@n-api-meta.service - Devstack devstack@n-api-meta.service...
Feb 17 22:40:03.595406 np0000156236 devstack@n-api-meta.service[108483]: [uWSGI] getting INI configuration from /etc/nova/nova-metadata-uwsgi.ini
Feb 17 22:40:03.595992 np0000156236 devstack@n-api-meta.service[108483]: open("./http_plugin.so"): No such file or directory [core/utils.c line 3709]
Feb 17 22:40:03.595992 np0000156236 devstack@n-api-meta.service[108483]: !!! UNABLE to load uWSGI plugin: ./http_plugin.so: cannot open shared object file: No such file or directory !!!
Feb 17 22:40:03.595992 np0000156236 devstack@n-api-meta.service[108483]: open("./python3_plugin.so"): No such file or directory [core/utils.c line 3709]
Feb 17 22:40:03.595992 np0000156236 devstack@n-api-meta.service[108483]: !!! UNABLE to load uWSGI plugin: ./python3_plugin.so: cannot open shared object file: No such file or directory !!!
Feb 17 22:40:03.595992 np0000156236 devstack@n-api-meta.service[108483]: *** Starting uWSGI 2.0.31 (64bit) on [Tue Feb 17 22:40:03 2026] ***
Feb 17 22:40:03.595992 np0000156236 devstack@n-api-meta.service[108483]: compiled with version: 13.3.0 on 17 February 2026 22:29:52
Feb 17 22:40:03.595992 np0000156236 devstack@n-api-meta.service[108483]: os: Linux-6.8.0-100-generic #100-Ubuntu SMP PREEMPT_DYNAMIC Tue Jan 13 16:40:06 UTC 2026
Feb 17 22:40:03.595992 np0000156236 devstack@n-api-meta.service[108483]: nodename: np0000156236
Feb 17 22:40:03.595992 np0000156236 devstack@n-api-meta.service[108483]: machine: x86_64
Feb 17 22:40:03.595992 np0000156236 devstack@n-api-meta.service[108483]: clock source: unix
Feb 17 22:40:03.595992 np0000156236 devstack@n-api-meta.service[108483]: pcre jit disabled
Feb 17 22:40:03.595992 np0000156236 devstack@n-api-meta.service[108483]: detected number of CPU cores: 16
Feb 17 22:40:03.595992 np0000156236 devstack@n-api-meta.service[108483]: current working directory: /
Feb 17 22:40:03.595992 np0000156236 devstack@n-api-meta.service[108483]: detected binary path: /opt/stack/data/venv/bin/uwsgi
Feb 17 22:40:03.595992 np0000156236 devstack@n-api-meta.service[108483]: your processes number limit is 256923
Feb 17 22:40:03.595992 np0000156236 devstack@n-api-meta.service[108483]: your memory page size is 4096 bytes
Feb 17 22:40:03.595992 np0000156236 devstack@n-api-meta.service[108483]: detected max file descriptor number: 2048
Feb 17 22:40:03.595992 np0000156236 devstack@n-api-meta.service[108483]: lock engine: pthread robust mutexes
Feb 17 22:40:03.595992 np0000156236 devstack@n-api-meta.service[108483]: thunder lock: enabled
Feb 17 22:40:03.596922 np0000156236 devstack@n-api-meta.service[108483]: uWSGI http bound on 0.0.0.0:8775 fd 5
Feb 17 22:40:03.596922 np0000156236 devstack@n-api-meta.service[108483]: uwsgi socket 0 bound to TCP address 127.0.0.1:44457 (port auto-assigned) fd 4
Feb 17 22:40:03.596922 np0000156236 devstack@n-api-meta.service[108483]: Python version: 3.12.3 (main, Jan 22 2026, 20:57:42) [GCC 13.3.0]
Feb 17 22:40:03.596922 np0000156236 devstack@n-api-meta.service[108483]: PEP 405 virtualenv detected: /opt/stack/data/venv
Feb 17 22:40:03.596922 np0000156236 devstack@n-api-meta.service[108483]: Set PythonHome to /opt/stack/data/venv
Feb 17 22:40:03.633061 np0000156236 devstack@n-api-meta.service[108483]: Python main interpreter initialized at 0x71f48b6a3668
Feb 17 22:40:03.633061 np0000156236 devstack@n-api-meta.service[108483]: python threads support enabled
Feb 17 22:40:03.633061 np0000156236 devstack@n-api-meta.service[108483]: your server socket listen backlog is limited to 100 connections
Feb 17 22:40:03.633061 np0000156236 devstack@n-api-meta.service[108483]: your mercy for graceful operations on workers is 80 seconds
Feb 17 22:40:03.633772 np0000156236 devstack@n-api-meta.service[108483]: mapped 671795 bytes (656 KB) for 4 cores
Feb 17 22:40:03.633933 np0000156236 devstack@n-api-meta.service[108483]: *** Operational MODE: preforking ***
Feb 17 22:40:03.634164 np0000156236 devstack@n-api-meta.service[108483]: *** uWSGI is running in multiple interpreter mode ***
Feb 17 22:40:03.634164 np0000156236 devstack@n-api-meta.service[108483]: spawned uWSGI master process (pid: 108483)
Feb 17 22:40:03.635100 np0000156236 devstack@n-api-meta.service[108483]: spawned uWSGI worker 1 (pid: 108484, cores: 1)
Feb 17 22:40:03.635228 np0000156236 systemd[1]: Started devstack@n-api-meta.service - Devstack devstack@n-api-meta.service.
Feb 17 22:40:03.635725 np0000156236 devstack@n-api-meta.service[108483]: spawned uWSGI worker 2 (pid: 108485, cores: 1)
Feb 17 22:40:03.636164 np0000156236 devstack@n-api-meta.service[108483]: spawned uWSGI worker 3 (pid: 108486, cores: 1)
Feb 17 22:40:03.636597 np0000156236 devstack@n-api-meta.service[108483]: spawned uWSGI worker 4 (pid: 108487, cores: 1)
Feb 17 22:40:03.637192 np0000156236 devstack@n-api-meta.service[108483]: spawned uWSGI http 1 (pid: 108488)
Feb 17 22:40:03.637192 np0000156236 devstack@n-api-meta.service[108483]: running "unix_signal:15 gracefully_kill_them_all" (master-start)...
Feb 17 22:40:03.990318 np0000156236 devstack@n-api-meta.service[108485]: Service is starting with native threading. This is currently experimental. Do not use it in production without first testing it in pre-production.
Feb 17 22:40:03.994332 np0000156236 devstack@n-api-meta.service[108487]: Service is starting with native threading. This is currently experimental. Do not use it in production without first testing it in pre-production.
Feb 17 22:40:04.003316 np0000156236 devstack@n-api-meta.service[108484]: Service is starting with native threading. This is currently experimental. Do not use it in production without first testing it in pre-production.
Feb 17 22:40:04.003841 np0000156236 devstack@n-api-meta.service[108486]: Service is starting with native threading. This is currently experimental. Do not use it in production without first testing it in pre-production.
Feb 17 22:40:05.387033 np0000156236 devstack@n-api-meta.service[108487]: INFO dbcounter [None req-c54982d3-3aec-42f0-8222-1177ce6b45bf None None] Registered counter for database nova_api
Feb 17 22:40:05.404961 np0000156236 devstack@n-api-meta.service[108487]: DEBUG oslo_db.sqlalchemy.engines [None req-c54982d3-3aec-42f0-8222-1177ce6b45bf None None] MySQL server mode set to STRICT_TRANS_TABLES,STRICT_ALL_TABLES,NO_ZERO_IN_DATE,NO_ZERO_DATE,ERROR_FOR_DIVISION_BY_ZERO,TRADITIONAL,NO_ENGINE_SUBSTITUTION {{(pid=108487) _check_effective_sql_mode /opt/stack/data/venv/lib/python3.12/site-packages/oslo_db/sqlalchemy/engines.py:325}}
Feb 17 22:40:05.438985 np0000156236 devstack@n-api-meta.service[108487]: DEBUG dbcounter [-] [108487] Writer thread running {{(pid=108487) stat_writer /opt/stack/data/venv/lib/python3.12/site-packages/dbcounter.py:102}}
Feb 17 22:40:05.439826 np0000156236 devstack@n-api-meta.service[108484]: INFO dbcounter [None req-566c1378-4bb2-439d-9b83-c14af9375d38 None None] Registered counter for database nova_api
Feb 17 22:40:05.441359 np0000156236 devstack@n-api-meta.service[108487]: DEBUG nova.context [None req-c54982d3-3aec-42f0-8222-1177ce6b45bf None None] Found 2 cells: 00000000-0000-0000-0000-000000000000(cell0),2e8c4612-cfd5-4f94-a5e4-76cded3c35af(cell1) {{(pid=108487) load_cells /opt/stack/nova/nova/context.py:509}}
Feb 17 22:40:05.441642 np0000156236 devstack@n-api-meta.service[108487]: INFO nova.utils [None req-c54982d3-3aec-42f0-8222-1177ce6b45bf None None] The cell worker thread pool MainProcess.cell_worker is initialized
Feb 17 22:40:05.443499 np0000156236 devstack@n-api-meta.service[108487]: DEBUG oslo_concurrency.lockutils [None req-c54982d3-3aec-42f0-8222-1177ce6b45bf None None] Acquiring lock "00000000-0000-0000-0000-000000000000" by "nova.context.set_target_cell..get_or_set_cached_cell_and_set_connections" {{(pid=108487) inner /opt/stack/data/venv/lib/python3.12/site-packages/oslo_concurrency/lockutils.py:506}}
Feb 17 22:40:05.443699 np0000156236 devstack@n-api-meta.service[108487]: DEBUG oslo_concurrency.lockutils [None req-c54982d3-3aec-42f0-8222-1177ce6b45bf None None] Lock "00000000-0000-0000-0000-000000000000" acquired by "nova.context.set_target_cell..get_or_set_cached_cell_and_set_connections" :: waited 0.000s {{(pid=108487) inner /opt/stack/data/venv/lib/python3.12/site-packages/oslo_concurrency/lockutils.py:519}}
Feb 17 22:40:05.444063 np0000156236 devstack@n-api-meta.service[108487]: DEBUG oslo_concurrency.lockutils [None req-c54982d3-3aec-42f0-8222-1177ce6b45bf None None] Lock "00000000-0000-0000-0000-000000000000" "released" by "nova.context.set_target_cell..get_or_set_cached_cell_and_set_connections" :: held 0.000s {{(pid=108487) inner /opt/stack/data/venv/lib/python3.12/site-packages/oslo_concurrency/lockutils.py:538}}
Feb 17 22:40:05.444772 np0000156236 devstack@n-api-meta.service[108487]: DEBUG oslo_concurrency.lockutils [None req-c54982d3-3aec-42f0-8222-1177ce6b45bf None None] Acquiring lock "2e8c4612-cfd5-4f94-a5e4-76cded3c35af" by "nova.context.set_target_cell..get_or_set_cached_cell_and_set_connections" {{(pid=108487) inner /opt/stack/data/venv/lib/python3.12/site-packages/oslo_concurrency/lockutils.py:506}}
Feb 17 22:40:05.444933 np0000156236 devstack@n-api-meta.service[108487]: DEBUG oslo_concurrency.lockutils [None req-c54982d3-3aec-42f0-8222-1177ce6b45bf None None] Lock "2e8c4612-cfd5-4f94-a5e4-76cded3c35af" acquired by "nova.context.set_target_cell..get_or_set_cached_cell_and_set_connections" :: waited 0.000s {{(pid=108487) inner /opt/stack/data/venv/lib/python3.12/site-packages/oslo_concurrency/lockutils.py:519}}
Feb 17 22:40:05.445707 np0000156236 devstack@n-api-meta.service[108487]: DEBUG oslo_concurrency.lockutils [None req-c54982d3-3aec-42f0-8222-1177ce6b45bf None None] Lock "2e8c4612-cfd5-4f94-a5e4-76cded3c35af" "released" by "nova.context.set_target_cell..get_or_set_cached_cell_and_set_connections" :: held 0.001s {{(pid=108487) inner /opt/stack/data/venv/lib/python3.12/site-packages/oslo_concurrency/lockutils.py:538}}
Feb 17 22:40:05.447813 np0000156236 devstack@n-api-meta.service[108487]: INFO dbcounter [None req-c54982d3-3aec-42f0-8222-1177ce6b45bf None None] Registered counter for database nova_cell0
Feb 17 22:40:05.452548 np0000156236 devstack@n-api-meta.service[108487]: INFO dbcounter [None req-c54982d3-3aec-42f0-8222-1177ce6b45bf None None] Registered counter for database nova_cell1
Feb 17 22:40:05.455873 np0000156236 devstack@n-api-meta.service[108484]: DEBUG oslo_db.sqlalchemy.engines [None req-566c1378-4bb2-439d-9b83-c14af9375d38 None None] MySQL server mode set to STRICT_TRANS_TABLES,STRICT_ALL_TABLES,NO_ZERO_IN_DATE,NO_ZERO_DATE,ERROR_FOR_DIVISION_BY_ZERO,TRADITIONAL,NO_ENGINE_SUBSTITUTION {{(pid=108484) _check_effective_sql_mode /opt/stack/data/venv/lib/python3.12/site-packages/oslo_db/sqlalchemy/engines.py:325}}
Feb 17 22:40:05.456698 np0000156236 devstack@n-api-meta.service[108485]: INFO dbcounter [None req-b016a712-7184-4a3e-97a1-b790fb82a53b None None] Registered counter for database nova_api
Feb 17 22:40:05.460395 np0000156236 devstack@n-api-meta.service[108487]: DEBUG oslo_db.sqlalchemy.engines [None req-c54982d3-3aec-42f0-8222-1177ce6b45bf None None] MySQL server mode set to STRICT_TRANS_TABLES,STRICT_ALL_TABLES,NO_ZERO_IN_DATE,NO_ZERO_DATE,ERROR_FOR_DIVISION_BY_ZERO,TRADITIONAL,NO_ENGINE_SUBSTITUTION {{(pid=108487) _check_effective_sql_mode /opt/stack/data/venv/lib/python3.12/site-packages/oslo_db/sqlalchemy/engines.py:325}}
Feb 17 22:40:05.465211 np0000156236 devstack@n-api-meta.service[108487]: DEBUG oslo_db.sqlalchemy.engines [None req-c54982d3-3aec-42f0-8222-1177ce6b45bf None None] MySQL server mode set to STRICT_TRANS_TABLES,STRICT_ALL_TABLES,NO_ZERO_IN_DATE,NO_ZERO_DATE,ERROR_FOR_DIVISION_BY_ZERO,TRADITIONAL,NO_ENGINE_SUBSTITUTION {{(pid=108487) _check_effective_sql_mode /opt/stack/data/venv/lib/python3.12/site-packages/oslo_db/sqlalchemy/engines.py:325}}
Feb 17 22:40:05.478040 np0000156236 devstack@n-api-meta.service[108485]: DEBUG oslo_db.sqlalchemy.engines [None req-b016a712-7184-4a3e-97a1-b790fb82a53b None None] MySQL server mode set to STRICT_TRANS_TABLES,STRICT_ALL_TABLES,NO_ZERO_IN_DATE,NO_ZERO_DATE,ERROR_FOR_DIVISION_BY_ZERO,TRADITIONAL,NO_ENGINE_SUBSTITUTION {{(pid=108485) _check_effective_sql_mode /opt/stack/data/venv/lib/python3.12/site-packages/oslo_db/sqlalchemy/engines.py:325}}
Feb 17 22:40:05.480451 np0000156236 devstack@n-api-meta.service[108486]: INFO dbcounter [None req-6f634d90-6057-4e28-963d-b2a7102ac2d4 None None] Registered counter for database nova_api
Feb 17 22:40:05.492773 np0000156236 devstack@n-api-meta.service[108484]: DEBUG dbcounter [-] [108484] Writer thread running {{(pid=108484) stat_writer /opt/stack/data/venv/lib/python3.12/site-packages/dbcounter.py:102}}
Feb 17 22:40:05.492773 np0000156236 devstack@n-api-meta.service[108484]: DEBUG nova.context [None req-566c1378-4bb2-439d-9b83-c14af9375d38 None None] Found 2 cells: 00000000-0000-0000-0000-000000000000(cell0),2e8c4612-cfd5-4f94-a5e4-76cded3c35af(cell1) {{(pid=108484) load_cells /opt/stack/nova/nova/context.py:509}}
Feb 17 22:40:05.492773 np0000156236 devstack@n-api-meta.service[108484]: INFO nova.utils [None req-566c1378-4bb2-439d-9b83-c14af9375d38 None None] The cell worker thread pool MainProcess.cell_worker is initialized
Feb 17 22:40:05.494347 np0000156236 devstack@n-api-meta.service[108484]: DEBUG oslo_concurrency.lockutils [None req-566c1378-4bb2-439d-9b83-c14af9375d38 None None] Acquiring lock "00000000-0000-0000-0000-000000000000" by "nova.context.set_target_cell..get_or_set_cached_cell_and_set_connections" {{(pid=108484) inner /opt/stack/data/venv/lib/python3.12/site-packages/oslo_concurrency/lockutils.py:506}}
Feb 17 22:40:05.494510 np0000156236 devstack@n-api-meta.service[108484]: DEBUG oslo_concurrency.lockutils [None req-566c1378-4bb2-439d-9b83-c14af9375d38 None None] Lock "00000000-0000-0000-0000-000000000000" acquired by "nova.context.set_target_cell..get_or_set_cached_cell_and_set_connections" :: waited 0.000s {{(pid=108484) inner /opt/stack/data/venv/lib/python3.12/site-packages/oslo_concurrency/lockutils.py:519}}
Feb 17 22:40:05.494873 np0000156236 devstack@n-api-meta.service[108484]: DEBUG oslo_concurrency.lockutils [None req-566c1378-4bb2-439d-9b83-c14af9375d38 None None] Lock "00000000-0000-0000-0000-000000000000" "released" by "nova.context.set_target_cell..get_or_set_cached_cell_and_set_connections" :: held 0.000s {{(pid=108484) inner /opt/stack/data/venv/lib/python3.12/site-packages/oslo_concurrency/lockutils.py:538}}
Feb 17 22:40:05.495593 np0000156236 devstack@n-api-meta.service[108484]: DEBUG oslo_concurrency.lockutils [None req-566c1378-4bb2-439d-9b83-c14af9375d38 None None] Acquiring lock "2e8c4612-cfd5-4f94-a5e4-76cded3c35af" by "nova.context.set_target_cell..get_or_set_cached_cell_and_set_connections" {{(pid=108484) inner /opt/stack/data/venv/lib/python3.12/site-packages/oslo_concurrency/lockutils.py:506}}
Feb 17 22:40:05.495749 np0000156236 devstack@n-api-meta.service[108484]: DEBUG oslo_concurrency.lockutils [None req-566c1378-4bb2-439d-9b83-c14af9375d38 None None] Lock "2e8c4612-cfd5-4f94-a5e4-76cded3c35af" acquired by "nova.context.set_target_cell..get_or_set_cached_cell_and_set_connections" :: waited 0.000s {{(pid=108484) inner /opt/stack/data/venv/lib/python3.12/site-packages/oslo_concurrency/lockutils.py:519}}
Feb 17 22:40:05.496584 np0000156236 devstack@n-api-meta.service[108484]: DEBUG oslo_concurrency.lockutils [None req-566c1378-4bb2-439d-9b83-c14af9375d38 None None] Lock "2e8c4612-cfd5-4f94-a5e4-76cded3c35af" "released" by "nova.context.set_target_cell..get_or_set_cached_cell_and_set_connections" :: held 0.001s {{(pid=108484) inner /opt/stack/data/venv/lib/python3.12/site-packages/oslo_concurrency/lockutils.py:538}}
Feb 17 22:40:05.496992 np0000156236 devstack@n-api-meta.service[108486]: DEBUG oslo_db.sqlalchemy.engines [None req-6f634d90-6057-4e28-963d-b2a7102ac2d4 None None] MySQL server mode set to STRICT_TRANS_TABLES,STRICT_ALL_TABLES,NO_ZERO_IN_DATE,NO_ZERO_DATE,ERROR_FOR_DIVISION_BY_ZERO,TRADITIONAL,NO_ENGINE_SUBSTITUTION {{(pid=108486) _check_effective_sql_mode /opt/stack/data/venv/lib/python3.12/site-packages/oslo_db/sqlalchemy/engines.py:325}}
Feb 17 22:40:05.499987 np0000156236 devstack@n-api-meta.service[108484]: INFO dbcounter [None req-566c1378-4bb2-439d-9b83-c14af9375d38 None None] Registered counter for database nova_cell0
Feb 17 22:40:05.505165 np0000156236 devstack@n-api-meta.service[108484]: INFO dbcounter [None req-566c1378-4bb2-439d-9b83-c14af9375d38 None None] Registered counter for database nova_cell1
Feb 17 22:40:05.513828 np0000156236 devstack@n-api-meta.service[108485]: DEBUG dbcounter [-] [108485] Writer thread running {{(pid=108485) stat_writer /opt/stack/data/venv/lib/python3.12/site-packages/dbcounter.py:102}}
Feb 17 22:40:05.514483 np0000156236 devstack@n-api-meta.service[108484]: DEBUG oslo_db.sqlalchemy.engines [None req-566c1378-4bb2-439d-9b83-c14af9375d38 None None] MySQL server mode set to STRICT_TRANS_TABLES,STRICT_ALL_TABLES,NO_ZERO_IN_DATE,NO_ZERO_DATE,ERROR_FOR_DIVISION_BY_ZERO,TRADITIONAL,NO_ENGINE_SUBSTITUTION {{(pid=108484) _check_effective_sql_mode /opt/stack/data/venv/lib/python3.12/site-packages/oslo_db/sqlalchemy/engines.py:325}}
Feb 17 22:40:05.516171 np0000156236 devstack@n-api-meta.service[108485]: DEBUG nova.context [None req-b016a712-7184-4a3e-97a1-b790fb82a53b None None] Found 2 cells: 00000000-0000-0000-0000-000000000000(cell0),2e8c4612-cfd5-4f94-a5e4-76cded3c35af(cell1) {{(pid=108485) load_cells /opt/stack/nova/nova/context.py:509}}
Feb 17 22:40:05.516386 np0000156236 devstack@n-api-meta.service[108485]: INFO nova.utils [None req-b016a712-7184-4a3e-97a1-b790fb82a53b None None] The cell worker thread pool MainProcess.cell_worker is initialized
Feb 17 22:40:05.518249 np0000156236 devstack@n-api-meta.service[108485]: DEBUG oslo_concurrency.lockutils [None req-b016a712-7184-4a3e-97a1-b790fb82a53b None None] Acquiring lock "00000000-0000-0000-0000-000000000000" by "nova.context.set_target_cell..get_or_set_cached_cell_and_set_connections" {{(pid=108485) inner /opt/stack/data/venv/lib/python3.12/site-packages/oslo_concurrency/lockutils.py:506}}
Feb 17 22:40:05.518370 np0000156236 devstack@n-api-meta.service[108485]: DEBUG oslo_concurrency.lockutils [None req-b016a712-7184-4a3e-97a1-b790fb82a53b None None] Lock "00000000-0000-0000-0000-000000000000" acquired by "nova.context.set_target_cell..get_or_set_cached_cell_and_set_connections" :: waited 0.000s {{(pid=108485) inner /opt/stack/data/venv/lib/python3.12/site-packages/oslo_concurrency/lockutils.py:519}}
Feb 17 22:40:05.518754 np0000156236 devstack@n-api-meta.service[108485]: DEBUG oslo_concurrency.lockutils [None req-b016a712-7184-4a3e-97a1-b790fb82a53b None None] Lock "00000000-0000-0000-0000-000000000000" "released" by "nova.context.set_target_cell..get_or_set_cached_cell_and_set_connections" :: held 0.000s {{(pid=108485) inner /opt/stack/data/venv/lib/python3.12/site-packages/oslo_concurrency/lockutils.py:538}}
Feb 17 22:40:05.519458 np0000156236 devstack@n-api-meta.service[108485]: DEBUG oslo_concurrency.lockutils [None req-b016a712-7184-4a3e-97a1-b790fb82a53b None None] Acquiring lock "2e8c4612-cfd5-4f94-a5e4-76cded3c35af" by "nova.context.set_target_cell..get_or_set_cached_cell_and_set_connections" {{(pid=108485) inner /opt/stack/data/venv/lib/python3.12/site-packages/oslo_concurrency/lockutils.py:506}}
Feb 17 22:40:05.519583 np0000156236 devstack@n-api-meta.service[108485]: DEBUG oslo_concurrency.lockutils [None req-b016a712-7184-4a3e-97a1-b790fb82a53b None None] Lock "2e8c4612-cfd5-4f94-a5e4-76cded3c35af" acquired by "nova.context.set_target_cell..get_or_set_cached_cell_and_set_connections" :: waited 0.000s {{(pid=108485) inner /opt/stack/data/venv/lib/python3.12/site-packages/oslo_concurrency/lockutils.py:519}}
Feb 17 22:40:05.519945 np0000156236 devstack@n-api-meta.service[108484]: DEBUG oslo_db.sqlalchemy.engines [None req-566c1378-4bb2-439d-9b83-c14af9375d38 None None] MySQL server mode set to STRICT_TRANS_TABLES,STRICT_ALL_TABLES,NO_ZERO_IN_DATE,NO_ZERO_DATE,ERROR_FOR_DIVISION_BY_ZERO,TRADITIONAL,NO_ENGINE_SUBSTITUTION {{(pid=108484) _check_effective_sql_mode /opt/stack/data/venv/lib/python3.12/site-packages/oslo_db/sqlalchemy/engines.py:325}}
Feb 17 22:40:05.520445 np0000156236 devstack@n-api-meta.service[108485]: DEBUG oslo_concurrency.lockutils [None req-b016a712-7184-4a3e-97a1-b790fb82a53b None None] Lock "2e8c4612-cfd5-4f94-a5e4-76cded3c35af" "released" by "nova.context.set_target_cell..get_or_set_cached_cell_and_set_connections" :: held 0.001s {{(pid=108485) inner /opt/stack/data/venv/lib/python3.12/site-packages/oslo_concurrency/lockutils.py:538}}
Feb 17 22:40:05.523257 np0000156236 devstack@n-api-meta.service[108485]: INFO dbcounter [None req-b016a712-7184-4a3e-97a1-b790fb82a53b None None] Registered counter for database nova_cell0
Feb 17 22:40:05.529477 np0000156236 devstack@n-api-meta.service[108485]: INFO dbcounter [None req-b016a712-7184-4a3e-97a1-b790fb82a53b None None] Registered counter for database nova_cell1
Feb 17 22:40:05.529623 np0000156236 devstack@n-api-meta.service[108486]: DEBUG dbcounter [-] [108486] Writer thread running {{(pid=108486) stat_writer /opt/stack/data/venv/lib/python3.12/site-packages/dbcounter.py:102}}
Feb 17 22:40:05.532141 np0000156236 devstack@n-api-meta.service[108486]: DEBUG nova.context [None req-6f634d90-6057-4e28-963d-b2a7102ac2d4 None None] Found 2 cells: 00000000-0000-0000-0000-000000000000(cell0),2e8c4612-cfd5-4f94-a5e4-76cded3c35af(cell1) {{(pid=108486) load_cells /opt/stack/nova/nova/context.py:509}}
Feb 17 22:40:05.532314 np0000156236 devstack@n-api-meta.service[108486]: INFO nova.utils [None req-6f634d90-6057-4e28-963d-b2a7102ac2d4 None None] The cell worker thread pool MainProcess.cell_worker is initialized
Feb 17 22:40:05.534193 np0000156236 devstack@n-api-meta.service[108486]: DEBUG oslo_concurrency.lockutils [None req-6f634d90-6057-4e28-963d-b2a7102ac2d4 None None] Acquiring lock "00000000-0000-0000-0000-000000000000" by "nova.context.set_target_cell..get_or_set_cached_cell_and_set_connections" {{(pid=108486) inner /opt/stack/data/venv/lib/python3.12/site-packages/oslo_concurrency/lockutils.py:506}}
Feb 17 22:40:05.534193 np0000156236 devstack@n-api-meta.service[108486]: DEBUG oslo_concurrency.lockutils [None req-6f634d90-6057-4e28-963d-b2a7102ac2d4 None None] Lock "00000000-0000-0000-0000-000000000000" acquired by "nova.context.set_target_cell..get_or_set_cached_cell_and_set_connections" :: waited 0.000s {{(pid=108486) inner /opt/stack/data/venv/lib/python3.12/site-packages/oslo_concurrency/lockutils.py:519}}
Feb 17 22:40:05.534556 np0000156236 devstack@n-api-meta.service[108486]: DEBUG oslo_concurrency.lockutils [None req-6f634d90-6057-4e28-963d-b2a7102ac2d4 None None] Lock "00000000-0000-0000-0000-000000000000" "released" by "nova.context.set_target_cell..get_or_set_cached_cell_and_set_connections" :: held 0.000s {{(pid=108486) inner /opt/stack/data/venv/lib/python3.12/site-packages/oslo_concurrency/lockutils.py:538}}
Feb 17 22:40:05.535354 np0000156236 devstack@n-api-meta.service[108486]: DEBUG oslo_concurrency.lockutils [None req-6f634d90-6057-4e28-963d-b2a7102ac2d4 None None] Acquiring lock "2e8c4612-cfd5-4f94-a5e4-76cded3c35af" by "nova.context.set_target_cell..get_or_set_cached_cell_and_set_connections" {{(pid=108486) inner /opt/stack/data/venv/lib/python3.12/site-packages/oslo_concurrency/lockutils.py:506}}
Feb 17 22:40:05.535472 np0000156236 devstack@n-api-meta.service[108486]: DEBUG oslo_concurrency.lockutils [None req-6f634d90-6057-4e28-963d-b2a7102ac2d4 None None] Lock "2e8c4612-cfd5-4f94-a5e4-76cded3c35af" acquired by "nova.context.set_target_cell..get_or_set_cached_cell_and_set_connections" :: waited 0.000s {{(pid=108486) inner /opt/stack/data/venv/lib/python3.12/site-packages/oslo_concurrency/lockutils.py:519}}
Feb 17 22:40:05.536301 np0000156236 devstack@n-api-meta.service[108486]: DEBUG oslo_concurrency.lockutils [None req-6f634d90-6057-4e28-963d-b2a7102ac2d4 None None] Lock "2e8c4612-cfd5-4f94-a5e4-76cded3c35af" "released" by "nova.context.set_target_cell..get_or_set_cached_cell_and_set_connections" :: held 0.001s {{(pid=108486) inner /opt/stack/data/venv/lib/python3.12/site-packages/oslo_concurrency/lockutils.py:538}}
Feb 17 22:40:05.538360 np0000156236 devstack@n-api-meta.service[108486]: INFO dbcounter [None req-6f634d90-6057-4e28-963d-b2a7102ac2d4 None None] Registered counter for database nova_cell0
Feb 17 22:40:05.540139 np0000156236 devstack@n-api-meta.service[108485]: DEBUG oslo_db.sqlalchemy.engines [None req-b016a712-7184-4a3e-97a1-b790fb82a53b None None] MySQL server mode set to STRICT_TRANS_TABLES,STRICT_ALL_TABLES,NO_ZERO_IN_DATE,NO_ZERO_DATE,ERROR_FOR_DIVISION_BY_ZERO,TRADITIONAL,NO_ENGINE_SUBSTITUTION {{(pid=108485) _check_effective_sql_mode /opt/stack/data/venv/lib/python3.12/site-packages/oslo_db/sqlalchemy/engines.py:325}}
Feb 17 22:40:05.542290 np0000156236 devstack@n-api-meta.service[108486]: INFO dbcounter [None req-6f634d90-6057-4e28-963d-b2a7102ac2d4 None None] Registered counter for database nova_cell1
Feb 17 22:40:05.547767 np0000156236 devstack@n-api-meta.service[108485]: DEBUG oslo_db.sqlalchemy.engines [None req-b016a712-7184-4a3e-97a1-b790fb82a53b None None] MySQL server mode set to STRICT_TRANS_TABLES,STRICT_ALL_TABLES,NO_ZERO_IN_DATE,NO_ZERO_DATE,ERROR_FOR_DIVISION_BY_ZERO,TRADITIONAL,NO_ENGINE_SUBSTITUTION {{(pid=108485) _check_effective_sql_mode /opt/stack/data/venv/lib/python3.12/site-packages/oslo_db/sqlalchemy/engines.py:325}}
Feb 17 22:40:05.556504 np0000156236 devstack@n-api-meta.service[108486]: DEBUG oslo_db.sqlalchemy.engines [None req-6f634d90-6057-4e28-963d-b2a7102ac2d4 None None] MySQL server mode set to STRICT_TRANS_TABLES,STRICT_ALL_TABLES,NO_ZERO_IN_DATE,NO_ZERO_DATE,ERROR_FOR_DIVISION_BY_ZERO,TRADITIONAL,NO_ENGINE_SUBSTITUTION {{(pid=108486) _check_effective_sql_mode /opt/stack/data/venv/lib/python3.12/site-packages/oslo_db/sqlalchemy/engines.py:325}}
Feb 17 22:40:05.565163 np0000156236 devstack@n-api-meta.service[108487]: DEBUG dbcounter [-] [108487] Writer thread running {{(pid=108487) stat_writer /opt/stack/data/venv/lib/python3.12/site-packages/dbcounter.py:102}}
Feb 17 22:40:05.568618 np0000156236 devstack@n-api-meta.service[108487]: DEBUG dbcounter [-] [108487] Writer thread running {{(pid=108487) stat_writer /opt/stack/data/venv/lib/python3.12/site-packages/dbcounter.py:102}}
Feb 17 22:40:05.573844 np0000156236 devstack@n-api-meta.service[108487]: INFO dbcounter [None req-c54982d3-3aec-42f0-8222-1177ce6b45bf None None] Registered counter for database nova_cell0
Feb 17 22:40:05.575128 np0000156236 devstack@n-api-meta.service[108486]: DEBUG oslo_db.sqlalchemy.engines [None req-6f634d90-6057-4e28-963d-b2a7102ac2d4 None None] MySQL server mode set to STRICT_TRANS_TABLES,STRICT_ALL_TABLES,NO_ZERO_IN_DATE,NO_ZERO_DATE,ERROR_FOR_DIVISION_BY_ZERO,TRADITIONAL,NO_ENGINE_SUBSTITUTION {{(pid=108486) _check_effective_sql_mode /opt/stack/data/venv/lib/python3.12/site-packages/oslo_db/sqlalchemy/engines.py:325}}
Feb 17 22:40:05.584619 np0000156236 devstack@n-api-meta.service[108487]: DEBUG oslo_db.sqlalchemy.engines [None req-c54982d3-3aec-42f0-8222-1177ce6b45bf None None] MySQL server mode set to STRICT_TRANS_TABLES,STRICT_ALL_TABLES,NO_ZERO_IN_DATE,NO_ZERO_DATE,ERROR_FOR_DIVISION_BY_ZERO,TRADITIONAL,NO_ENGINE_SUBSTITUTION {{(pid=108487) _check_effective_sql_mode /opt/stack/data/venv/lib/python3.12/site-packages/oslo_db/sqlalchemy/engines.py:325}}
Feb 17 22:40:05.595473 np0000156236 devstack@n-api-meta.service[108487]: DEBUG dbcounter [-] [108487] Writer thread running {{(pid=108487) stat_writer /opt/stack/data/venv/lib/python3.12/site-packages/dbcounter.py:102}}
Feb 17 22:40:05.622633 np0000156236 devstack@n-api-meta.service[108484]: DEBUG dbcounter [-] [108484] Writer thread running {{(pid=108484) stat_writer /opt/stack/data/venv/lib/python3.12/site-packages/dbcounter.py:102}}
Feb 17 22:40:05.623120 np0000156236 devstack@n-api-meta.service[108484]: DEBUG dbcounter [-] [108484] Writer thread running {{(pid=108484) stat_writer /opt/stack/data/venv/lib/python3.12/site-packages/dbcounter.py:102}}
Feb 17 22:40:05.627085 np0000156236 devstack@n-api-meta.service[108484]: INFO dbcounter [None req-566c1378-4bb2-439d-9b83-c14af9375d38 None None] Registered counter for database nova_cell0
Feb 17 22:40:05.639753 np0000156236 devstack@n-api-meta.service[108487]: WARNING nova.api.metadata.handler [None req-c54982d3-3aec-42f0-8222-1177ce6b45bf None None] metadata_proxy_shared_secret is not configured, the metadata information returned by the proxy cannot be trusted
Feb 17 22:40:05.642119 np0000156236 devstack@n-api-meta.service[108487]: DEBUG nova.api.openstack.wsgi_app [None req-c54982d3-3aec-42f0-8222-1177ce6b45bf None None] ******************************************************************************** {{(pid=108487) log_opt_values /opt/stack/data/venv/lib/python3.12/site-packages/oslo_config/cfg.py:2804}}
Feb 17 22:40:05.642216 np0000156236 devstack@n-api-meta.service[108487]: DEBUG nova.api.openstack.wsgi_app [None req-c54982d3-3aec-42f0-8222-1177ce6b45bf None None] Configuration options gathered from: {{(pid=108487) log_opt_values /opt/stack/data/venv/lib/python3.12/site-packages/oslo_config/cfg.py:2805}}
Feb 17 22:40:05.642323 np0000156236 devstack@n-api-meta.service[108487]: DEBUG nova.api.openstack.wsgi_app [None req-c54982d3-3aec-42f0-8222-1177ce6b45bf None None] command line args: [] {{(pid=108487) log_opt_values /opt/stack/data/venv/lib/python3.12/site-packages/oslo_config/cfg.py:2806}}
Feb 17 22:40:05.642478 np0000156236 devstack@n-api-meta.service[108487]: DEBUG nova.api.openstack.wsgi_app [None req-c54982d3-3aec-42f0-8222-1177ce6b45bf None None] config files: ['/etc/nova/api-paste.ini', '/etc/nova/nova.conf'] {{(pid=108487) log_opt_values /opt/stack/data/venv/lib/python3.12/site-packages/oslo_config/cfg.py:2807}}
Feb 17 22:40:05.642590 np0000156236 devstack@n-api-meta.service[108487]: DEBUG nova.api.openstack.wsgi_app [None req-c54982d3-3aec-42f0-8222-1177ce6b45bf None None] ================================================================================ {{(pid=108487) log_opt_values /opt/stack/data/venv/lib/python3.12/site-packages/oslo_config/cfg.py:2809}}
Feb 17 22:40:05.642772 np0000156236 devstack@n-api-meta.service[108487]: DEBUG nova.api.openstack.wsgi_app [None req-c54982d3-3aec-42f0-8222-1177ce6b45bf None None] allow_resize_to_same_host = True {{(pid=108487) log_opt_values /opt/stack/data/venv/lib/python3.12/site-packages/oslo_config/cfg.py:2817}}
Feb 17 22:40:05.642903 np0000156236 devstack@n-api-meta.service[108487]: DEBUG nova.api.openstack.wsgi_app [None req-c54982d3-3aec-42f0-8222-1177ce6b45bf None None] arq_binding_timeout = 300 {{(pid=108487) log_opt_values /opt/stack/data/venv/lib/python3.12/site-packages/oslo_config/cfg.py:2817}}
Feb 17 22:40:05.643038 np0000156236 devstack@n-api-meta.service[108487]: DEBUG nova.api.openstack.wsgi_app [None req-c54982d3-3aec-42f0-8222-1177ce6b45bf None None] block_device_allocate_retries = 60 {{(pid=108487) log_opt_values /opt/stack/data/venv/lib/python3.12/site-packages/oslo_config/cfg.py:2817}}
Feb 17 22:40:05.643191 np0000156236 devstack@n-api-meta.service[108487]: DEBUG nova.api.openstack.wsgi_app [None req-c54982d3-3aec-42f0-8222-1177ce6b45bf None None] block_device_allocate_retries_interval = 3 {{(pid=108487) log_opt_values /opt/stack/data/venv/lib/python3.12/site-packages/oslo_config/cfg.py:2817}}
Feb 17 22:40:05.643310 np0000156236 devstack@n-api-meta.service[108487]: DEBUG nova.api.openstack.wsgi_app [None req-c54982d3-3aec-42f0-8222-1177ce6b45bf None None] cell_worker_thread_pool_size = 5 {{(pid=108487) log_opt_values /opt/stack/data/venv/lib/python3.12/site-packages/oslo_config/cfg.py:2817}}
Feb 17 22:40:05.643431 np0000156236 devstack@n-api-meta.service[108487]: DEBUG nova.api.openstack.wsgi_app [None req-c54982d3-3aec-42f0-8222-1177ce6b45bf None None] cert = self.pem {{(pid=108487) log_opt_values /opt/stack/data/venv/lib/python3.12/site-packages/oslo_config/cfg.py:2817}}
Feb 17 22:40:05.643563 np0000156236 devstack@n-api-meta.service[108487]: DEBUG nova.api.openstack.wsgi_app [None req-c54982d3-3aec-42f0-8222-1177ce6b45bf None None] compute_driver = libvirt.LibvirtDriver {{(pid=108487) log_opt_values /opt/stack/data/venv/lib/python3.12/site-packages/oslo_config/cfg.py:2817}}
Feb 17 22:40:05.643692 np0000156236 devstack@n-api-meta.service[108487]: DEBUG nova.api.openstack.wsgi_app [None req-c54982d3-3aec-42f0-8222-1177ce6b45bf None None] compute_monitors = [] {{(pid=108487) log_opt_values /opt/stack/data/venv/lib/python3.12/site-packages/oslo_config/cfg.py:2817}}
Feb 17 22:40:05.643845 np0000156236 devstack@n-api-meta.service[108487]: DEBUG nova.api.openstack.wsgi_app [None req-c54982d3-3aec-42f0-8222-1177ce6b45bf None None] config_dir = [] {{(pid=108487) log_opt_values /opt/stack/data/venv/lib/python3.12/site-packages/oslo_config/cfg.py:2817}}
Feb 17 22:40:05.643992 np0000156236 devstack@n-api-meta.service[108487]: DEBUG nova.api.openstack.wsgi_app [None req-c54982d3-3aec-42f0-8222-1177ce6b45bf None None] config_drive_format = iso9660 {{(pid=108487) log_opt_values /opt/stack/data/venv/lib/python3.12/site-packages/oslo_config/cfg.py:2817}}
Feb 17 22:40:05.644086 np0000156236 devstack@n-api-meta.service[108487]: DEBUG nova.api.openstack.wsgi_app [None req-c54982d3-3aec-42f0-8222-1177ce6b45bf None None] config_file = ['/etc/nova/api-paste.ini', '/etc/nova/nova.conf'] {{(pid=108487) log_opt_values /opt/stack/data/venv/lib/python3.12/site-packages/oslo_config/cfg.py:2817}}
Feb 17 22:40:05.644211 np0000156236 devstack@n-api-meta.service[108487]: DEBUG nova.api.openstack.wsgi_app [None req-c54982d3-3aec-42f0-8222-1177ce6b45bf None None] config_source = [] {{(pid=108487) log_opt_values /opt/stack/data/venv/lib/python3.12/site-packages/oslo_config/cfg.py:2817}}
Feb 17 22:40:05.644343 np0000156236 devstack@n-api-meta.service[108487]: DEBUG nova.api.openstack.wsgi_app [None req-c54982d3-3aec-42f0-8222-1177ce6b45bf None None] console_host = np0000156236 {{(pid=108487) log_opt_values /opt/stack/data/venv/lib/python3.12/site-packages/oslo_config/cfg.py:2817}}
Feb 17 22:40:05.644477 np0000156236 devstack@n-api-meta.service[108487]: DEBUG nova.api.openstack.wsgi_app [None req-c54982d3-3aec-42f0-8222-1177ce6b45bf None None] control_exchange = nova {{(pid=108487) log_opt_values /opt/stack/data/venv/lib/python3.12/site-packages/oslo_config/cfg.py:2817}}
Feb 17 22:40:05.644607 np0000156236 devstack@n-api-meta.service[108487]: DEBUG nova.api.openstack.wsgi_app [None req-c54982d3-3aec-42f0-8222-1177ce6b45bf None None] cpu_allocation_ratio = None {{(pid=108487) log_opt_values /opt/stack/data/venv/lib/python3.12/site-packages/oslo_config/cfg.py:2817}}
Feb 17 22:40:05.644759 np0000156236 devstack@n-api-meta.service[108487]: DEBUG nova.api.openstack.wsgi_app [None req-c54982d3-3aec-42f0-8222-1177ce6b45bf None None] daemon = False {{(pid=108487) log_opt_values /opt/stack/data/venv/lib/python3.12/site-packages/oslo_config/cfg.py:2817}}
Feb 17 22:40:05.644938 np0000156236 devstack@n-api-meta.service[108487]: DEBUG nova.api.openstack.wsgi_app [None req-c54982d3-3aec-42f0-8222-1177ce6b45bf None None] debug = True {{(pid=108487) log_opt_values /opt/stack/data/venv/lib/python3.12/site-packages/oslo_config/cfg.py:2817}}
Feb 17 22:40:05.645065 np0000156236 devstack@n-api-meta.service[108487]: DEBUG nova.api.openstack.wsgi_app [None req-c54982d3-3aec-42f0-8222-1177ce6b45bf None None] default_access_ip_network_name = None {{(pid=108487) log_opt_values /opt/stack/data/venv/lib/python3.12/site-packages/oslo_config/cfg.py:2817}}
Feb 17 22:40:05.645235 np0000156236 devstack@n-api-meta.service[108487]: DEBUG nova.api.openstack.wsgi_app [None req-c54982d3-3aec-42f0-8222-1177ce6b45bf None None] default_availability_zone = nova {{(pid=108487) log_opt_values /opt/stack/data/venv/lib/python3.12/site-packages/oslo_config/cfg.py:2817}}
Feb 17 22:40:05.645374 np0000156236 devstack@n-api-meta.service[108487]: DEBUG nova.api.openstack.wsgi_app [None req-c54982d3-3aec-42f0-8222-1177ce6b45bf None None] default_ephemeral_format = ext4 {{(pid=108487) log_opt_values /opt/stack/data/venv/lib/python3.12/site-packages/oslo_config/cfg.py:2817}}
Feb 17 22:40:05.645500 np0000156236 devstack@n-api-meta.service[108487]: DEBUG nova.api.openstack.wsgi_app [None req-c54982d3-3aec-42f0-8222-1177ce6b45bf None None] default_green_pool_size = 1000 {{(pid=108487) log_opt_values /opt/stack/data/venv/lib/python3.12/site-packages/oslo_config/cfg.py:2817}}
Feb 17 22:40:05.645707 np0000156236 devstack@n-api-meta.service[108487]: DEBUG nova.api.openstack.wsgi_app [None req-c54982d3-3aec-42f0-8222-1177ce6b45bf None None] default_log_levels = ['amqp=WARN', 'boto=WARN', 'sqlalchemy=WARN', 'suds=INFO', 'oslo.messaging=INFO', 'oslo_messaging=INFO', 'iso8601=WARN', 'requests.packages.urllib3.connectionpool=WARN', 'urllib3.connectionpool=WARN', 'websocket=WARN', 'requests.packages.urllib3.util.retry=WARN', 'urllib3.util.retry=WARN', 'keystonemiddleware=WARN', 'routes.middleware=WARN', 'stevedore=WARN', 'taskflow=WARN', 'keystoneauth=WARN', 'oslo.cache=INFO', 'oslo_policy=INFO', 'dogpile.core.dogpile=INFO', 'glanceclient=WARN', 'oslo.privsep.daemon=INFO'] {{(pid=108487) log_opt_values /opt/stack/data/venv/lib/python3.12/site-packages/oslo_config/cfg.py:2817}}
Feb 17 22:40:05.646029 np0000156236 devstack@n-api-meta.service[108487]: DEBUG nova.api.openstack.wsgi_app [None req-c54982d3-3aec-42f0-8222-1177ce6b45bf None None] default_schedule_zone = None {{(pid=108487) log_opt_values /opt/stack/data/venv/lib/python3.12/site-packages/oslo_config/cfg.py:2817}}
Feb 17 22:40:05.646177 np0000156236 devstack@n-api-meta.service[108487]: DEBUG nova.api.openstack.wsgi_app [None req-c54982d3-3aec-42f0-8222-1177ce6b45bf None None] default_thread_pool_size = 10 {{(pid=108487) log_opt_values /opt/stack/data/venv/lib/python3.12/site-packages/oslo_config/cfg.py:2817}}
Feb 17 22:40:05.646316 np0000156236 devstack@n-api-meta.service[108487]: DEBUG nova.api.openstack.wsgi_app [None req-c54982d3-3aec-42f0-8222-1177ce6b45bf None None] disk_allocation_ratio = None {{(pid=108487) log_opt_values /opt/stack/data/venv/lib/python3.12/site-packages/oslo_config/cfg.py:2817}}
Feb 17 22:40:05.646444 np0000156236 devstack@n-api-meta.service[108487]: DEBUG nova.api.openstack.wsgi_app [None req-c54982d3-3aec-42f0-8222-1177ce6b45bf None None] enable_new_services = True {{(pid=108487) log_opt_values /opt/stack/data/venv/lib/python3.12/site-packages/oslo_config/cfg.py:2817}}
Feb 17 22:40:05.646569 np0000156236 devstack@n-api-meta.service[108487]: DEBUG nova.api.openstack.wsgi_app [None req-c54982d3-3aec-42f0-8222-1177ce6b45bf None None] flat_injected = False {{(pid=108487) log_opt_values /opt/stack/data/venv/lib/python3.12/site-packages/oslo_config/cfg.py:2817}}
Feb 17 22:40:05.646693 np0000156236 devstack@n-api-meta.service[108487]: DEBUG nova.api.openstack.wsgi_app [None req-c54982d3-3aec-42f0-8222-1177ce6b45bf None None] force_config_drive = False {{(pid=108487) log_opt_values /opt/stack/data/venv/lib/python3.12/site-packages/oslo_config/cfg.py:2817}}
Feb 17 22:40:05.646909 np0000156236 devstack@n-api-meta.service[108487]: DEBUG nova.api.openstack.wsgi_app [None req-c54982d3-3aec-42f0-8222-1177ce6b45bf None None] force_raw_images = True {{(pid=108487) log_opt_values /opt/stack/data/venv/lib/python3.12/site-packages/oslo_config/cfg.py:2817}}
Feb 17 22:40:05.647042 np0000156236 devstack@n-api-meta.service[108487]: DEBUG nova.api.openstack.wsgi_app [None req-c54982d3-3aec-42f0-8222-1177ce6b45bf None None] graceful_shutdown_timeout = 5 {{(pid=108487) log_opt_values /opt/stack/data/venv/lib/python3.12/site-packages/oslo_config/cfg.py:2817}}
Feb 17 22:40:05.647173 np0000156236 devstack@n-api-meta.service[108487]: DEBUG nova.api.openstack.wsgi_app [None req-c54982d3-3aec-42f0-8222-1177ce6b45bf None None] heal_instance_info_cache_interval = -1 {{(pid=108487) log_opt_values /opt/stack/data/venv/lib/python3.12/site-packages/oslo_config/cfg.py:2817}}
Feb 17 22:40:05.647348 np0000156236 devstack@n-api-meta.service[108487]: DEBUG nova.api.openstack.wsgi_app [None req-c54982d3-3aec-42f0-8222-1177ce6b45bf None None] host = np0000156236 {{(pid=108487) log_opt_values /opt/stack/data/venv/lib/python3.12/site-packages/oslo_config/cfg.py:2817}}
Feb 17 22:40:05.647479 np0000156236 devstack@n-api-meta.service[108487]: DEBUG nova.api.openstack.wsgi_app [None req-c54982d3-3aec-42f0-8222-1177ce6b45bf None None] initial_cpu_allocation_ratio = 4.0 {{(pid=108487) log_opt_values /opt/stack/data/venv/lib/python3.12/site-packages/oslo_config/cfg.py:2817}}
Feb 17 22:40:05.647610 np0000156236 devstack@n-api-meta.service[108487]: DEBUG nova.api.openstack.wsgi_app [None req-c54982d3-3aec-42f0-8222-1177ce6b45bf None None] initial_disk_allocation_ratio = 1.0 {{(pid=108487) log_opt_values /opt/stack/data/venv/lib/python3.12/site-packages/oslo_config/cfg.py:2817}}
Feb 17 22:40:05.647753 np0000156236 devstack@n-api-meta.service[108487]: DEBUG nova.api.openstack.wsgi_app [None req-c54982d3-3aec-42f0-8222-1177ce6b45bf None None] initial_ram_allocation_ratio = 1.0 {{(pid=108487) log_opt_values /opt/stack/data/venv/lib/python3.12/site-packages/oslo_config/cfg.py:2817}}
Feb 17 22:40:05.647944 np0000156236 devstack@n-api-meta.service[108487]: DEBUG nova.api.openstack.wsgi_app [None req-c54982d3-3aec-42f0-8222-1177ce6b45bf None None] injected_network_template = /opt/stack/nova/nova/virt/interfaces.template {{(pid=108487) log_opt_values /opt/stack/data/venv/lib/python3.12/site-packages/oslo_config/cfg.py:2817}}
Feb 17 22:40:05.648095 np0000156236 devstack@n-api-meta.service[108487]: DEBUG nova.api.openstack.wsgi_app [None req-c54982d3-3aec-42f0-8222-1177ce6b45bf None None] instance_build_timeout = 0 {{(pid=108487) log_opt_values /opt/stack/data/venv/lib/python3.12/site-packages/oslo_config/cfg.py:2817}}
Feb 17 22:40:05.648227 np0000156236 devstack@n-api-meta.service[108487]: DEBUG nova.api.openstack.wsgi_app [None req-c54982d3-3aec-42f0-8222-1177ce6b45bf None None] instance_delete_interval = 300 {{(pid=108487) log_opt_values /opt/stack/data/venv/lib/python3.12/site-packages/oslo_config/cfg.py:2817}}
Feb 17 22:40:05.648364 np0000156236 devstack@n-api-meta.service[108487]: DEBUG nova.api.openstack.wsgi_app [None req-c54982d3-3aec-42f0-8222-1177ce6b45bf None None] instance_format = [instance: %(uuid)s] {{(pid=108487) log_opt_values /opt/stack/data/venv/lib/python3.12/site-packages/oslo_config/cfg.py:2817}}
Feb 17 22:40:05.648495 np0000156236 devstack@n-api-meta.service[108487]: DEBUG nova.api.openstack.wsgi_app [None req-c54982d3-3aec-42f0-8222-1177ce6b45bf None None] instance_name_template = instance-%08x {{(pid=108487) log_opt_values /opt/stack/data/venv/lib/python3.12/site-packages/oslo_config/cfg.py:2817}}
Feb 17 22:40:05.648623 np0000156236 devstack@n-api-meta.service[108487]: DEBUG nova.api.openstack.wsgi_app [None req-c54982d3-3aec-42f0-8222-1177ce6b45bf None None] instance_usage_audit = False {{(pid=108487) log_opt_values /opt/stack/data/venv/lib/python3.12/site-packages/oslo_config/cfg.py:2817}}
Feb 17 22:40:05.648781 np0000156236 devstack@n-api-meta.service[108487]: DEBUG nova.api.openstack.wsgi_app [None req-c54982d3-3aec-42f0-8222-1177ce6b45bf None None] instance_usage_audit_period = month {{(pid=108487) log_opt_values /opt/stack/data/venv/lib/python3.12/site-packages/oslo_config/cfg.py:2817}}
Feb 17 22:40:05.648961 np0000156236 devstack@n-api-meta.service[108487]: DEBUG nova.api.openstack.wsgi_app [None req-c54982d3-3aec-42f0-8222-1177ce6b45bf None None] instance_uuid_format = [instance: %(uuid)s] {{(pid=108487) log_opt_values /opt/stack/data/venv/lib/python3.12/site-packages/oslo_config/cfg.py:2817}}
Feb 17 22:40:05.649148 np0000156236 devstack@n-api-meta.service[108487]: DEBUG nova.api.openstack.wsgi_app [None req-c54982d3-3aec-42f0-8222-1177ce6b45bf None None] instances_path = /opt/stack/data/nova/instances {{(pid=108487) log_opt_values /opt/stack/data/venv/lib/python3.12/site-packages/oslo_config/cfg.py:2817}}
Feb 17 22:40:05.649253 np0000156236 devstack@n-api-meta.service[108487]: DEBUG nova.api.openstack.wsgi_app [None req-c54982d3-3aec-42f0-8222-1177ce6b45bf None None] internal_service_availability_zone = internal {{(pid=108487) log_opt_values /opt/stack/data/venv/lib/python3.12/site-packages/oslo_config/cfg.py:2817}}
Feb 17 22:40:05.649395 np0000156236 devstack@n-api-meta.service[108487]: DEBUG nova.api.openstack.wsgi_app [None req-c54982d3-3aec-42f0-8222-1177ce6b45bf None None] key = None {{(pid=108487) log_opt_values /opt/stack/data/venv/lib/python3.12/site-packages/oslo_config/cfg.py:2817}}
Feb 17 22:40:05.649521 np0000156236 devstack@n-api-meta.service[108487]: DEBUG nova.api.openstack.wsgi_app [None req-c54982d3-3aec-42f0-8222-1177ce6b45bf None None] live_migration_retry_count = 30 {{(pid=108487) log_opt_values /opt/stack/data/venv/lib/python3.12/site-packages/oslo_config/cfg.py:2817}}
Feb 17 22:40:05.649653 np0000156236 devstack@n-api-meta.service[108487]: DEBUG nova.api.openstack.wsgi_app [None req-c54982d3-3aec-42f0-8222-1177ce6b45bf None None] log_color = False {{(pid=108487) log_opt_values /opt/stack/data/venv/lib/python3.12/site-packages/oslo_config/cfg.py:2817}}
Feb 17 22:40:05.649814 np0000156236 devstack@n-api-meta.service[108487]: DEBUG nova.api.openstack.wsgi_app [None req-c54982d3-3aec-42f0-8222-1177ce6b45bf None None] log_config_append = None {{(pid=108487) log_opt_values /opt/stack/data/venv/lib/python3.12/site-packages/oslo_config/cfg.py:2817}}
Feb 17 22:40:05.649960 np0000156236 devstack@n-api-meta.service[108487]: DEBUG nova.api.openstack.wsgi_app [None req-c54982d3-3aec-42f0-8222-1177ce6b45bf None None] log_date_format = %Y-%m-%d %H:%M:%S {{(pid=108487) log_opt_values /opt/stack/data/venv/lib/python3.12/site-packages/oslo_config/cfg.py:2817}}
Feb 17 22:40:05.650086 np0000156236 devstack@n-api-meta.service[108487]: DEBUG nova.api.openstack.wsgi_app [None req-c54982d3-3aec-42f0-8222-1177ce6b45bf None None] log_dir = None {{(pid=108487) log_opt_values /opt/stack/data/venv/lib/python3.12/site-packages/oslo_config/cfg.py:2817}}
Feb 17 22:40:05.650250 np0000156236 devstack@n-api-meta.service[108487]: DEBUG nova.api.openstack.wsgi_app [None req-c54982d3-3aec-42f0-8222-1177ce6b45bf None None] log_file = None {{(pid=108487) log_opt_values /opt/stack/data/venv/lib/python3.12/site-packages/oslo_config/cfg.py:2817}}
Feb 17 22:40:05.650318 np0000156236 devstack@n-api-meta.service[108487]: DEBUG nova.api.openstack.wsgi_app [None req-c54982d3-3aec-42f0-8222-1177ce6b45bf None None] log_options = True {{(pid=108487) log_opt_values /opt/stack/data/venv/lib/python3.12/site-packages/oslo_config/cfg.py:2817}}
Feb 17 22:40:05.650447 np0000156236 devstack@n-api-meta.service[108487]: DEBUG nova.api.openstack.wsgi_app [None req-c54982d3-3aec-42f0-8222-1177ce6b45bf None None] log_rotate_interval = 1 {{(pid=108487) log_opt_values /opt/stack/data/venv/lib/python3.12/site-packages/oslo_config/cfg.py:2817}}
Feb 17 22:40:05.650575 np0000156236 devstack@n-api-meta.service[108487]: DEBUG nova.api.openstack.wsgi_app [None req-c54982d3-3aec-42f0-8222-1177ce6b45bf None None] log_rotate_interval_type = days {{(pid=108487) log_opt_values /opt/stack/data/venv/lib/python3.12/site-packages/oslo_config/cfg.py:2817}}
Feb 17 22:40:05.650699 np0000156236 devstack@n-api-meta.service[108484]: DEBUG oslo_db.sqlalchemy.engines [None req-566c1378-4bb2-439d-9b83-c14af9375d38 None None] MySQL server mode set to STRICT_TRANS_TABLES,STRICT_ALL_TABLES,NO_ZERO_IN_DATE,NO_ZERO_DATE,ERROR_FOR_DIVISION_BY_ZERO,TRADITIONAL,NO_ENGINE_SUBSTITUTION {{(pid=108484) _check_effective_sql_mode /opt/stack/data/venv/lib/python3.12/site-packages/oslo_db/sqlalchemy/engines.py:325}}
Feb 17 22:40:05.650771 np0000156236 devstack@n-api-meta.service[108487]: DEBUG nova.api.openstack.wsgi_app [None req-c54982d3-3aec-42f0-8222-1177ce6b45bf None None] log_rotation_type = none {{(pid=108487) log_opt_values /opt/stack/data/venv/lib/python3.12/site-packages/oslo_config/cfg.py:2817}}
Feb 17 22:40:05.650833 np0000156236 devstack@n-api-meta.service[108487]: DEBUG nova.api.openstack.wsgi_app [None req-c54982d3-3aec-42f0-8222-1177ce6b45bf None None] logging_context_format_string = %(color)s%(levelname)s %(name)s [%(global_request_id)s %(request_id)s %(project_name)s %(user_name)s%(color)s] %(instance)s%(color)s%(message)s {{(pid=108487) log_opt_values /opt/stack/data/venv/lib/python3.12/site-packages/oslo_config/cfg.py:2817}}
Feb 17 22:40:05.650915 np0000156236 devstack@n-api-meta.service[108487]: DEBUG nova.api.openstack.wsgi_app [None req-c54982d3-3aec-42f0-8222-1177ce6b45bf None None] logging_debug_format_suffix = {{(pid=%(process)d) %(funcName)s %(pathname)s:%(lineno)d}} {{(pid=108487) log_opt_values /opt/stack/data/venv/lib/python3.12/site-packages/oslo_config/cfg.py:2817}}
Feb 17 22:40:05.651049 np0000156236 devstack@n-api-meta.service[108487]: DEBUG nova.api.openstack.wsgi_app [None req-c54982d3-3aec-42f0-8222-1177ce6b45bf None None] logging_default_format_string = %(color)s%(levelname)s %(name)s [-%(color)s] %(instance)s%(color)s%(message)s {{(pid=108487) log_opt_values /opt/stack/data/venv/lib/python3.12/site-packages/oslo_config/cfg.py:2817}}
Feb 17 22:40:05.651178 np0000156236 devstack@n-api-meta.service[108487]: DEBUG nova.api.openstack.wsgi_app [None req-c54982d3-3aec-42f0-8222-1177ce6b45bf None None] logging_exception_prefix = ERROR %(name)s %(instance)s {{(pid=108487) log_opt_values /opt/stack/data/venv/lib/python3.12/site-packages/oslo_config/cfg.py:2817}}
