+ COMMAND=start + start + exec neutron-rpc-server --config-file /etc/neutron/neutron.conf --config-file /etc/neutron/plugins/ml2/ml2_conf.ini /var/lib/openstack/lib/python3.10/site-packages/munch/__init__.py:24: UserWarning: pkg_resources is deprecated as an API. See https://setuptools.pypa.io/en/latest/pkg_resources.html. The pkg_resources package is slated for removal as early as 2025-11-30. Refrain from using this package or pin to Setuptools<81. import pkg_resources
2026-09-07 09:17:28.580 1 INFO neutron.common.config [-] Logging enabled!
2026-09-07 09:17:28.580 1 INFO neutron.common.config [-] /var/lib/openstack/bin/neutron-rpc-server version 21.2.26.dev5
2026-09-07 09:17:28.581 1 INFO neutron.server.rpc_eventlet [-] Eventlet based AMQP RPC server starting...
2026-09-07 09:17:28.581 1 INFO neutron.manager [-] Loading core plugin: ml2
2026-09-07 09:17:29.369 1 INFO neutron.plugins.ml2.managers [-] Configured type driver names: ['flat', 'gre', 'vlan', 'vxlan']
2026-09-07 09:17:29.372 1 INFO neutron.plugins.ml2.drivers.type_flat [-] Arbitrary flat physical_network names allowed
2026-09-07 09:17:29.374 1 INFO neutron.plugins.ml2.drivers.type_vlan [-] Network VLAN ranges: OrderedDict([('external', [(1, 4094)])])
2026-09-07 09:17:29.375 1 INFO neutron.plugins.ml2.managers [-] Loaded type driver names: ['flat', 'gre', 'vlan', 'vxlan']
2026-09-07 09:17:29.375 1 INFO neutron.plugins.ml2.managers [-] Registered types: dict_keys(['flat', 'gre', 'vlan', 'vxlan'])
2026-09-07 09:17:29.375 1 INFO neutron.plugins.ml2.managers [-] Tenant network_types: ['vxlan']
2026-09-07 09:17:29.375 1 INFO neutron.plugins.ml2.managers [-] Configured extension driver names: ['dns_domain_ports', 'port_security', 'qos']
2026-09-07 09:17:29.380 1 INFO neutron.plugins.ml2.managers [-] Loaded extension driver names: ['dns_domain_ports', 'port_security', 'qos']
2026-09-07 09:17:29.380 1 INFO neutron.plugins.ml2.managers [-] Registered extension drivers: ['dns_domain_ports', 'port_security', 'qos']
2026-09-07 09:17:29.380 1 INFO neutron.plugins.ml2.managers [-] Configured mechanism driver names: ['openvswitch', 'l2population']
2026-09-07 09:17:29.395 1 INFO neutron.plugins.ml2.drivers.mech_agent [-] Open vSwitch agent's supported_vnic_types: ['normal', 'direct', 'smart-nic', 'vdpa']
2026-09-07 09:17:29.396 1 INFO neutron.plugins.ml2.managers [-] Loaded mechanism driver names: ['openvswitch', 'l2population']
2026-09-07 09:17:29.396 1 INFO neutron.plugins.ml2.managers [-] Registered mechanism drivers: ['openvswitch', 'l2population']
2026-09-07 09:17:29.426 1 INFO neutron.plugins.ml2.managers [-] Initializing driver for type 'flat'
2026-09-07 09:17:29.426 1 INFO neutron.plugins.ml2.drivers.type_flat [-] ML2 FlatTypeDriver initialization complete
2026-09-07 09:17:29.426 1 INFO neutron.plugins.ml2.managers [-] Initializing driver for type 'gre'
2026-09-07 09:17:29.426 1 INFO neutron.plugins.ml2.drivers.type_tunnel [-] gre ID ranges: [(1, 1000)]
2026-09-07 09:17:29.661 1 INFO neutron.plugins.ml2.managers [None req-18ab5553-c65e-4966-9374-8beec7ef088a - - - - - -] Initializing driver for type 'vlan'
2026-09-07 09:17:29.913 1 INFO neutron.plugins.ml2.drivers.type_vlan [None req-18ab5553-c65e-4966-9374-8beec7ef088a - - - - - -] VlanTypeDriver initialization complete
2026-09-07 09:17:29.913 1 INFO neutron.plugins.ml2.managers [None req-18ab5553-c65e-4966-9374-8beec7ef088a - - - - - -] Initializing driver for type 'vxlan'
2026-09-07 09:17:29.913 1 INFO neutron.plugins.ml2.drivers.type_tunnel [None req-18ab5553-c65e-4966-9374-8beec7ef088a - - - - - -] vxlan ID ranges: [(1, 1000)]
2026-09-07 09:17:29.967 1 INFO neutron.plugins.ml2.managers [None req-18ab5553-c65e-4966-9374-8beec7ef088a - - - - - -] Initializing extension driver 'dns_domain_ports'
2026-09-07 09:17:29.967 1 INFO neutron.plugins.ml2.extensions.dns_integration [None req-18ab5553-c65e-4966-9374-8beec7ef088a - - - - - -] DNSDomainPortsExtensionDriver initialization complete
2026-09-07 09:17:29.967 1 INFO neutron.plugins.ml2.managers [None req-18ab5553-c65e-4966-9374-8beec7ef088a - - - - - -] Initializing extension driver 'port_security'
2026-09-07 09:17:29.967 1 INFO neutron.plugins.ml2.extensions.port_security [None req-18ab5553-c65e-4966-9374-8beec7ef088a - - - - - -] PortSecurityExtensionDriver initialization complete
2026-09-07 09:17:29.967 1 INFO neutron.plugins.ml2.managers [None req-18ab5553-c65e-4966-9374-8beec7ef088a - - - - - -] Initializing extension driver 'qos'
2026-09-07 09:17:29.968 1 INFO neutron.plugins.ml2.managers [None req-18ab5553-c65e-4966-9374-8beec7ef088a - - - - - -] Initializing mechanism driver 'openvswitch'
2026-09-07 09:17:29.968 1 INFO neutron.plugins.ml2.managers [None req-18ab5553-c65e-4966-9374-8beec7ef088a - - - - - -] Initializing mechanism driver 'l2population'
2026-09-07 09:17:29.977 1 INFO neutron.quota [None req-eeec82db-23a2-434b-86fb-4097f2857341 - - - - - -] Loaded quota_driver: .
2026-09-07 09:17:29.977 1 INFO neutron.plugins.ml2.plugin [None req-eeec82db-23a2-434b-86fb-4097f2857341 - - - - - -] Modular L2 Plugin initialization complete
2026-09-07 09:17:29.978 1 INFO neutron.plugins.ml2.managers [None req-eeec82db-23a2-434b-86fb-4097f2857341 - - - - - -] Got dns-integration extension from driver 'dns_domain_ports'
2026-09-07 09:17:29.978 1 INFO neutron.plugins.ml2.managers [None req-eeec82db-23a2-434b-86fb-4097f2857341 - - - - - -] Got dns-domain-ports extension from driver 'dns_domain_ports'
2026-09-07 09:17:29.978 1 INFO neutron.plugins.ml2.managers [None req-eeec82db-23a2-434b-86fb-4097f2857341 - - - - - -] Got port-security extension from driver 'port_security'
2026-09-07 09:17:29.978 1 INFO neutron.extensions.vlantransparent [None req-eeec82db-23a2-434b-86fb-4097f2857341 - - - - - -] Disabled vlantransparent extension.
2026-09-07 09:17:29.979 1 INFO neutron.manager [None req-eeec82db-23a2-434b-86fb-4097f2857341 - - - - - -] Loading Plugin: qos
2026-09-07 09:17:29.988 1 INFO neutron.manager [None req-eeec82db-23a2-434b-86fb-4097f2857341 - - - - - -] Loading Plugin: router
2026-09-07 09:17:30.028 1 INFO neutron.services.service_base [None req-eeec82db-23a2-434b-86fb-4097f2857341 - - - - - -] Default provider is not specified for service type L3_ROUTER_NAT
2026-09-07 09:17:30.029 1 INFO neutron.manager [None req-eeec82db-23a2-434b-86fb-4097f2857341 - - - - - -] Loading Plugin: segments
2026-09-07 09:17:30.102 1 INFO neutron.manager [None req-eeec82db-23a2-434b-86fb-4097f2857341 - - - - - -] Loading Plugin: trunk
2026-09-07 09:17:30.155 1 INFO neutron.manager [None req-eeec82db-23a2-434b-86fb-4097f2857341 - - - - - -] Loading Plugin: vpnaas
2026-09-07 09:17:30.185 1 WARNING stevedore.named [None req-eeec82db-23a2-434b-86fb-4097f2857341 - - - - - -] Could not load neutron_vpnaas.services.vpn.service_drivers.ipsec.IPsecVPNDriver
2026-09-07 09:17:30.234 1 INFO neutron_vpnaas.services.vpn.plugin [None req-eeec82db-23a2-434b-86fb-4097f2857341 - - - - - -] VPN plugin using service drivers: dict_keys(['strongswan']), default: strongswan
2026-09-07 09:17:30.234 1 INFO neutron.common.utils [None req-eeec82db-23a2-434b-86fb-4097f2857341 - - - - - -] Disable filter validation extension by service plugin VPNDriverPlugin.
2026-09-07 09:17:30.234 1 INFO neutron.manager [None req-eeec82db-23a2-434b-86fb-4097f2857341 - - - - - -] Loading Plugin: auto_allocate
2026-09-07 09:17:30.238 1 INFO neutron.manager [None req-eeec82db-23a2-434b-86fb-4097f2857341 - - - - - -] Loading Plugin: tag
2026-09-07 09:17:30.241 1 INFO neutron.manager [None req-eeec82db-23a2-434b-86fb-4097f2857341 - - - - - -] Loading Plugin: timestamp
2026-09-07 09:17:30.243 1 INFO neutron.manager [None req-eeec82db-23a2-434b-86fb-4097f2857341 - - - - - -] Loading Plugin: network_ip_availability
2026-09-07 09:17:30.246 1 INFO neutron.manager [None req-eeec82db-23a2-434b-86fb-4097f2857341 - - - - - -] Loading Plugin: flavors
2026-09-07 09:17:30.248 1 INFO neutron.manager [None req-eeec82db-23a2-434b-86fb-4097f2857341 - - - - - -] Loading Plugin: revisions
2026-09-07 09:17:30.251 1 INFO neutron.api.extensions [None req-eeec82db-23a2-434b-86fb-4097f2857341 - - - - - -] Initializing extension manager.
2026-09-07 09:17:30.252 1 INFO neutron.api.extensions [None req-eeec82db-23a2-434b-86fb-4097f2857341 - - - - - -] Loaded extension: address-group
2026-09-07 09:17:30.252 1 INFO neutron.api.extensions [None req-eeec82db-23a2-434b-86fb-4097f2857341 - - - - - -] Loaded extension: address-scope
2026-09-07 09:17:30.253 1 INFO neutron.api.extensions [None req-eeec82db-23a2-434b-86fb-4097f2857341 - - - - - -] Loaded extension: router-admin-state-down-before-update
2026-09-07 09:17:30.253 1 INFO neutron.api.extensions [None req-eeec82db-23a2-434b-86fb-4097f2857341 - - - - - -] Loaded extension: agent
2026-09-07 09:17:30.254 1 INFO neutron.api.extensions [None req-eeec82db-23a2-434b-86fb-4097f2857341 - - - - - -] Loaded extension: agent-resources-synced
2026-09-07 09:17:30.255 1 INFO neutron.api.extensions [None req-eeec82db-23a2-434b-86fb-4097f2857341 - - - - - -] Loaded extension: allowed-address-pairs
2026-09-07 09:17:30.256 1 INFO neutron.api.extensions [None req-eeec82db-23a2-434b-86fb-4097f2857341 - - - - - -] Loaded extension: auto-allocated-topology
2026-09-07 09:17:30.257 1 INFO neutron.api.extensions [None req-eeec82db-23a2-434b-86fb-4097f2857341 - - - - - -] Loaded extension: availability_zone
2026-09-07 09:17:30.257 1 INFO neutron.api.extensions [None req-eeec82db-23a2-434b-86fb-4097f2857341 - - - - - -] Loaded extension: availability_zone_filter
2026-09-07 09:17:30.258 1 INFO neutron.api.extensions [None req-eeec82db-23a2-434b-86fb-4097f2857341 - - - - - -] Extension data-plane-status not supported by any of loaded plugins
2026-09-07 09:17:30.258 1 INFO neutron.api.extensions [None req-eeec82db-23a2-434b-86fb-4097f2857341 - - - - - -] Loaded extension: default-subnetpools
2026-09-07 09:17:30.259 1 INFO neutron.api.extensions [None req-eeec82db-23a2-434b-86fb-4097f2857341 - - - - - -] Loaded extension: dhcp_agent_scheduler
2026-09-07 09:17:30.260 1 INFO neutron.api.extensions [None req-eeec82db-23a2-434b-86fb-4097f2857341 - - - - - -] Loaded extension: dns-integration
2026-09-07 09:17:30.260 1 INFO neutron.api.extensions [None req-eeec82db-23a2-434b-86fb-4097f2857341 - - - - - -] Loaded extension: dns-domain-ports
2026-09-07 09:17:30.261 1 INFO neutron.api.extensions [None req-eeec82db-23a2-434b-86fb-4097f2857341 - - - - - -] Extension dns-integration-domain-keywords not supported by any of loaded plugins
2026-09-07 09:17:30.261 1 INFO neutron.api.extensions [None req-eeec82db-23a2-434b-86fb-4097f2857341 - - - - - -] Loaded extension: dvr
2026-09-07 09:17:30.262 1 INFO neutron.api.extensions [None req-eeec82db-23a2-434b-86fb-4097f2857341 - - - - - -] Extension ecmp_routes not supported by any of loaded plugins
2026-09-07 09:17:30.262 1 INFO neutron.api.extensions [None req-eeec82db-23a2-434b-86fb-4097f2857341 - - - - - -] Loaded extension: empty-string-filtering
2026-09-07 09:17:30.263 1 INFO neutron.api.extensions [None req-eeec82db-23a2-434b-86fb-4097f2857341 - - - - - -] Extension expose-l3-conntrack-helper not supported by any of loaded plugins
2026-09-07 09:17:30.263 1 INFO neutron.api.extensions [None req-eeec82db-23a2-434b-86fb-4097f2857341 - - - - - -] Extension expose-port-forwarding-in-fip not supported by any of loaded plugins
2026-09-07 09:17:30.264 1 INFO neutron.api.extensions [None req-eeec82db-23a2-434b-86fb-4097f2857341 - - - - - -] Loaded extension: external-net
2026-09-07 09:17:30.264 1 INFO neutron.api.extensions [None req-eeec82db-23a2-434b-86fb-4097f2857341 - - - - - -] Loaded extension: extra_dhcp_opt
2026-09-07 09:17:30.265 1 INFO neutron.api.extensions [None req-eeec82db-23a2-434b-86fb-4097f2857341 - - - - - -] Loaded extension: extraroute
2026-09-07 09:17:30.265 1 INFO neutron.api.extensions [None req-eeec82db-23a2-434b-86fb-4097f2857341 - - - - - -] Loaded extension: extraroute-atomic
2026-09-07 09:17:30.266 1 INFO neutron.api.extensions [None req-eeec82db-23a2-434b-86fb-4097f2857341 - - - - - -] Extension filter-validation not supported by any of loaded plugins
2026-09-07 09:17:30.266 1 INFO neutron.api.extensions [None req-eeec82db-23a2-434b-86fb-4097f2857341 - - - - - -] Extension floating-ip-port-forwarding-description not supported by any of loaded plugins
2026-09-07 09:17:30.267 1 INFO neutron.api.extensions [None req-eeec82db-23a2-434b-86fb-4097f2857341 - - - - - -] Loaded extension: floating-ip-port-forwarding-detail
2026-09-07 09:17:30.267 1 INFO neutron.api.extensions [None req-eeec82db-23a2-434b-86fb-4097f2857341 - - - - - -] Extension floating-ip-port-forwarding-port-ranges not supported by any of loaded plugins
2026-09-07 09:17:30.268 1 INFO neutron.api.extensions [None req-eeec82db-23a2-434b-86fb-4097f2857341 - - - - - -] Loaded extension: fip-port-details
2026-09-07 09:17:30.268 1 INFO neutron.api.extensions [None req-eeec82db-23a2-434b-86fb-4097f2857341 - - - - - -] Loaded extension: flavors
2026-09-07 09:17:30.269 1 INFO neutron.api.extensions [None req-eeec82db-23a2-434b-86fb-4097f2857341 - - - - - -] Extension floating-ip-port-forwarding not supported by any of loaded plugins
2026-09-07 09:17:30.270 1 INFO neutron.api.extensions [None req-eeec82db-23a2-434b-86fb-4097f2857341 - - - - - -] Loaded extension: floatingip-pools
2026-09-07 09:17:30.271 1 INFO neutron.api.extensions [None req-eeec82db-23a2-434b-86fb-4097f2857341 - - - - - -] Loaded extension: ip_allocation
2026-09-07 09:17:30.272 1 INFO neutron.api.extensions [None req-eeec82db-23a2-434b-86fb-4097f2857341 - - - - - -] Loaded extension: ip-substring-filtering
2026-09-07 09:17:30.274 1 INFO neutron.api.extensions [None req-eeec82db-23a2-434b-86fb-4097f2857341 - - - - - -] Loaded extension: l2_adjacency
2026-09-07 09:17:30.276 1 INFO neutron.api.extensions [None req-eeec82db-23a2-434b-86fb-4097f2857341 - - - - - -] Loaded extension: router
2026-09-07 09:17:30.282 1 INFO neutron.api.extensions [None req-eeec82db-23a2-434b-86fb-4097f2857341 - - - - - -] Extension l3-conntrack-helper not supported by any of loaded plugins
2026-09-07 09:17:30.284 1 INFO neutron.api.extensions [None req-eeec82db-23a2-434b-86fb-4097f2857341 - - - - - -] Loaded extension: ext-gw-mode
2026-09-07 09:17:30.285 1 INFO neutron.api.extensions [None req-eeec82db-23a2-434b-86fb-4097f2857341 - - - - - -] Loaded extension: l3-ha
2026-09-07 09:17:30.287 1 INFO neutron.api.extensions [None req-eeec82db-23a2-434b-86fb-4097f2857341 - - - - - -] Extension l3-ext-ndp-proxy not supported by any of loaded plugins
2026-09-07 09:17:30.289 1 INFO neutron.api.extensions [None req-eeec82db-23a2-434b-86fb-4097f2857341 - - - - - -] Loaded extension: l3-flavors
2026-09-07 09:17:30.289 1 INFO neutron.api.extensions [None req-eeec82db-23a2-434b-86fb-4097f2857341 - - - - - -] Extension l3-ndp-proxy not supported by any of loaded plugins
2026-09-07 09:17:30.290 1 INFO neutron.api.extensions [None req-eeec82db-23a2-434b-86fb-4097f2857341 - - - - - -] Loaded extension: l3-port-ip-change-not-allowed
2026-09-07 09:17:30.295 1 INFO neutron.api.extensions [None req-eeec82db-23a2-434b-86fb-4097f2857341 - - - - - -] Loaded extension: l3_agent_scheduler
2026-09-07 09:17:30.299 1 INFO neutron.api.extensions [None req-eeec82db-23a2-434b-86fb-4097f2857341 - - - - - -] Extension local_ip not supported by any of loaded plugins
2026-09-07 09:17:30.307 1 INFO neutron.api.extensions [None req-eeec82db-23a2-434b-86fb-4097f2857341 - - - - - -] Extension logging not supported by any of loaded plugins
2026-09-07 09:17:30.309 1 INFO neutron.api.extensions [None req-eeec82db-23a2-434b-86fb-4097f2857341 - - - - - -] Extension metering not supported by any of loaded plugins
2026-09-07 09:17:30.309 1 INFO neutron.api.extensions [None req-eeec82db-23a2-434b-86fb-4097f2857341 - - - - - -] Extension metering_source_and_destination_fields not supported by any of loaded plugins
2026-09-07 09:17:30.310 1 INFO neutron.api.extensions [None req-eeec82db-23a2-434b-86fb-4097f2857341 - - - - - -] Loaded extension: multi-provider
2026-09-07 09:17:30.310 1 INFO neutron.api.extensions [None req-eeec82db-23a2-434b-86fb-4097f2857341 - - - - - -] Loaded extension: net-mtu
2026-09-07 09:17:30.311 1 INFO neutron.api.extensions [None req-eeec82db-23a2-434b-86fb-4097f2857341 - - - - - -] Loaded extension: net-mtu-writable
2026-09-07 09:17:30.311 1 INFO neutron.api.extensions [None req-eeec82db-23a2-434b-86fb-4097f2857341 - - - - - -] Loaded extension: network_availability_zone
2026-09-07 09:17:30.312 1 INFO neutron.api.extensions [None req-eeec82db-23a2-434b-86fb-4097f2857341 - - - - - -] Loaded extension: network-ip-availability
2026-09-07 09:17:30.313 1 INFO neutron.api.extensions [None req-eeec82db-23a2-434b-86fb-4097f2857341 - - - - - -] Extension network-segment-range not supported by any of loaded plugins
2026-09-07 09:17:30.313 1 INFO neutron.api.extensions [None req-eeec82db-23a2-434b-86fb-4097f2857341 - - - - - -] Loaded extension: pagination
2026-09-07 09:17:30.314 1 INFO neutron.api.extensions [None req-eeec82db-23a2-434b-86fb-4097f2857341 - - - - - -] Loaded extension: port-device-profile
2026-09-07 09:17:30.314 1 INFO neutron.api.extensions [None req-eeec82db-23a2-434b-86fb-4097f2857341 - - - - - -] Loaded extension: port-mac-override
2026-09-07 09:17:30.314 1 INFO neutron.api.extensions [None req-eeec82db-23a2-434b-86fb-4097f2857341 - - - - - -] Loaded extension: port-mac-address-regenerate
2026-09-07 09:17:30.315 1 INFO neutron.api.extensions [None req-eeec82db-23a2-434b-86fb-4097f2857341 - - - - - -] Loaded extension: port-numa-affinity-policy
2026-09-07 09:17:30.315 1 INFO neutron.api.extensions [None req-eeec82db-23a2-434b-86fb-4097f2857341 - - - - - -] Loaded extension: port-resource-request
2026-09-07 09:17:30.316 1 INFO neutron.api.extensions [None req-eeec82db-23a2-434b-86fb-4097f2857341 - - - - - -] Loaded extension: port-resource-request-groups
2026-09-07 09:17:30.316 1 INFO neutron.api.extensions [None req-eeec82db-23a2-434b-86fb-4097f2857341 - - - - - -] Loaded extension: binding
2026-09-07 09:17:30.317 1 INFO neutron.api.extensions [None req-eeec82db-23a2-434b-86fb-4097f2857341 - - - - - -] Loaded extension: binding-extended
2026-09-07 09:17:30.318 1 INFO neutron.api.extensions [None req-eeec82db-23a2-434b-86fb-4097f2857341 - - - - - -] Loaded extension: port-security
2026-09-07 09:17:30.318 1 INFO neutron.api.extensions [None req-eeec82db-23a2-434b-86fb-4097f2857341 - - - - - -] Loaded extension: project-id
2026-09-07 09:17:30.318 1 INFO neutron.api.extensions [None req-eeec82db-23a2-434b-86fb-4097f2857341 - - - - - -] Loaded extension: provider
2026-09-07 09:17:30.320 1 INFO neutron.api.extensions [None req-eeec82db-23a2-434b-86fb-4097f2857341 - - - - - -] Loaded extension: qos
2026-09-07 09:17:30.320 1 INFO neutron.api.extensions [None req-eeec82db-23a2-434b-86fb-4097f2857341 - - - - - -] Loaded extension: qos-bw-limit-direction
2026-09-07 09:17:30.321 1 INFO neutron.api.extensions [None req-eeec82db-23a2-434b-86fb-4097f2857341 - - - - - -] Loaded extension: qos-bw-minimum-ingress
2026-09-07 09:17:30.321 1 INFO neutron.api.extensions [None req-eeec82db-23a2-434b-86fb-4097f2857341 - - - - - -] Loaded extension: qos-default
2026-09-07 09:17:30.322 1 INFO neutron.api.extensions [None req-eeec82db-23a2-434b-86fb-4097f2857341 - - - - - -] Loaded extension: qos-fip
2026-09-07 09:17:30.322 1 INFO neutron.api.extensions [None req-eeec82db-23a2-434b-86fb-4097f2857341 - - - - - -] Extension qos-fip-network-policy not supported by any of loaded plugins
2026-09-07 09:17:30.323 1 INFO neutron.api.extensions [None req-eeec82db-23a2-434b-86fb-4097f2857341 - - - - - -] Loaded extension: qos-gateway-ip
2026-09-07 09:17:30.323 1 INFO neutron.api.extensions [None req-eeec82db-23a2-434b-86fb-4097f2857341 - - - - - -] Loaded extension: qos-port-network-policy
2026-09-07 09:17:30.324 1 INFO neutron.api.extensions [None req-eeec82db-23a2-434b-86fb-4097f2857341 - - - - - -] Loaded extension: qos-pps-minimum
2026-09-07 09:17:30.324 1 INFO neutron.api.extensions [None req-eeec82db-23a2-434b-86fb-4097f2857341 - - - - - -] Loaded extension: qos-pps-minimum-rule-alias
2026-09-07 09:17:30.325 1 INFO neutron.api.extensions [None req-eeec82db-23a2-434b-86fb-4097f2857341 - - - - - -] Loaded extension: qos-pps
2026-09-07 09:17:30.325 1 INFO neutron.api.extensions [None req-eeec82db-23a2-434b-86fb-4097f2857341 - - - - - -] Loaded extension: qos-rule-type-details
2026-09-07 09:17:30.325 1 INFO neutron.api.extensions [None req-eeec82db-23a2-434b-86fb-4097f2857341 - - - - - -] Loaded extension: qos-rule-type-filter
2026-09-07 09:17:30.326 1 INFO neutron.api.extensions [None req-eeec82db-23a2-434b-86fb-4097f2857341 - - - - - -] Loaded extension: qos-rules-alias
2026-09-07 09:17:30.326 1 INFO neutron.api.extensions [None req-eeec82db-23a2-434b-86fb-4097f2857341 - - - - - -] Loaded extension: quota-check-limit
2026-09-07 09:17:30.328 1 INFO neutron.api.extensions [None req-eeec82db-23a2-434b-86fb-4097f2857341 - - - - - -] Loaded extension: quotas
2026-09-07 09:17:30.331 1 INFO neutron.api.extensions [None req-eeec82db-23a2-434b-86fb-4097f2857341 - - - - - -] Loaded extension: quota_details
2026-09-07 09:17:30.332 1 INFO neutron.api.extensions [None req-eeec82db-23a2-434b-86fb-4097f2857341 - - - - - -] Loaded extension: rbac-policies
2026-09-07 09:17:30.332 1 INFO neutron.api.extensions [None req-eeec82db-23a2-434b-86fb-4097f2857341 - - - - - -] Loaded extension: rbac-address-group
2026-09-07 09:17:30.333 1 INFO neutron.api.extensions [None req-eeec82db-23a2-434b-86fb-4097f2857341 - - - - - -] Loaded extension: rbac-address-scope
2026-09-07 09:17:30.334 1 INFO neutron.api.extensions [None req-eeec82db-23a2-434b-86fb-4097f2857341 - - - - - -] Loaded extension: rbac-security-groups
2026-09-07 09:17:30.334 1 INFO neutron.api.extensions [None req-eeec82db-23a2-434b-86fb-4097f2857341 - - - - - -] Loaded extension: rbac-subnetpool
2026-09-07 09:17:30.335 1 INFO neutron.api.extensions [None req-eeec82db-23a2-434b-86fb-4097f2857341 - - - - - -] Loaded extension: revision-if-match
2026-09-07 09:17:30.336 1 INFO neutron.api.extensions [None req-eeec82db-23a2-434b-86fb-4097f2857341 - - - - - -] Loaded extension: standard-attr-revisions
2026-09-07 09:17:30.336 1 INFO neutron.api.extensions [None req-eeec82db-23a2-434b-86fb-4097f2857341 - - - - - -] Loaded extension: router_availability_zone
2026-09-07 09:17:30.337 1 INFO neutron.api.extensions [None req-eeec82db-23a2-434b-86fb-4097f2857341 - - - - - -] Extension router-service-type not supported by any of loaded plugins
2026-09-07 09:17:30.337 1 INFO neutron.api.extensions [None req-eeec82db-23a2-434b-86fb-4097f2857341 - - - - - -] Loaded extension: security-groups-normalized-cidr
2026-09-07 09:17:30.338 1 INFO neutron.api.extensions [None req-eeec82db-23a2-434b-86fb-4097f2857341 - - - - - -] Loaded extension: port-security-groups-filtering
2026-09-07 09:17:30.339 1 INFO neutron.api.extensions [None req-eeec82db-23a2-434b-86fb-4097f2857341 - - - - - -] Loaded extension: security-groups-remote-address-group
2026-09-07 09:17:30.339 1 INFO neutron.api.extensions [None req-eeec82db-23a2-434b-86fb-4097f2857341 - - - - - -] Loaded extension: security-groups-shared-filtering
2026-09-07 09:17:30.346 1 INFO neutron.api.extensions [None req-eeec82db-23a2-434b-86fb-4097f2857341 - - - - - -] Loaded extension: security-group
2026-09-07 09:17:30.348 1 INFO neutron.api.extensions [None req-eeec82db-23a2-434b-86fb-4097f2857341 - - - - - -] Loaded extension: segment
2026-09-07 09:17:30.348 1 INFO neutron.api.extensions [None req-eeec82db-23a2-434b-86fb-4097f2857341 - - - - - -] Loaded extension: segments-peer-subnet-host-routes
2026-09-07 09:17:30.349 1 INFO neutron.api.extensions [None req-eeec82db-23a2-434b-86fb-4097f2857341 - - - - - -] Loaded extension: service-type
2026-09-07 09:17:30.349 1 INFO neutron.api.extensions [None req-eeec82db-23a2-434b-86fb-4097f2857341 - - - - - -] Loaded extension: sorting
2026-09-07 09:17:30.350 1 INFO neutron.api.extensions [None req-eeec82db-23a2-434b-86fb-4097f2857341 - - - - - -] Loaded extension: standard-attr-segment
2026-09-07 09:17:30.351 1 INFO neutron.api.extensions [None req-eeec82db-23a2-434b-86fb-4097f2857341 - - - - - -] Loaded extension: standard-attr-description
2026-09-07 09:17:30.351 1 INFO neutron.api.extensions [None req-eeec82db-23a2-434b-86fb-4097f2857341 - - - - - -] Loaded extension: stateful-security-group
2026-09-07 09:17:30.352 1 WARNING neutron.api.extensions [None req-eeec82db-23a2-434b-86fb-4097f2857341 - - - - - -] Did not find expected name "Stdattrs_common" in /var/lib/openstack/lib/python3.10/site-packages/neutron/extensions/stdattrs_common.py
2026-09-07 09:17:30.352 1 INFO neutron.api.extensions [None req-eeec82db-23a2-434b-86fb-4097f2857341 - - - - - -] Extension subnet-dns-publish-fixed-ip not supported by any of loaded plugins
2026-09-07 09:17:30.353 1 INFO neutron.api.extensions [None req-eeec82db-23a2-434b-86fb-4097f2857341 - - - - - -] Loaded extension: subnet_onboard
2026-09-07 09:17:30.353 1 INFO neutron.api.extensions [None req-eeec82db-23a2-434b-86fb-4097f2857341 - - - - - -] Loaded extension: subnet-segmentid-writable
2026-09-07 09:17:30.354 1 INFO neutron.api.extensions [None req-eeec82db-23a2-434b-86fb-4097f2857341 - - - - - -] Loaded extension: subnet-service-types
2026-09-07 09:17:30.354 1 INFO neutron.api.extensions [None req-eeec82db-23a2-434b-86fb-4097f2857341 - - - - - -] Loaded extension: subnet_allocation
2026-09-07 09:17:30.355 1 INFO neutron.api.extensions [None req-eeec82db-23a2-434b-86fb-4097f2857341 - - - - - -] Loaded extension: subnetpool-prefix-ops
2026-09-07 09:17:30.356 1 INFO neutron.api.extensions [None req-eeec82db-23a2-434b-86fb-4097f2857341 - - - - - -] Extension tag-ports-during-bulk-creation not supported by any of loaded plugins
2026-09-07 09:17:30.358 1 INFO neutron.api.extensions [None req-eeec82db-23a2-434b-86fb-4097f2857341 - - - - - -] Loaded extension: standard-attr-tag
2026-09-07 09:17:30.358 1 INFO neutron.api.extensions [None req-eeec82db-23a2-434b-86fb-4097f2857341 - - - - - -] Loaded extension: standard-attr-timestamp
2026-09-07 09:17:30.359 1 INFO neutron.api.extensions [None req-eeec82db-23a2-434b-86fb-4097f2857341 - - - - - -] Loaded extension: trunk
2026-09-07 09:17:30.359 1 INFO neutron.api.extensions [None req-eeec82db-23a2-434b-86fb-4097f2857341 - - - - - -] Loaded extension: trunk-details
2026-09-07 09:17:30.360 1 INFO neutron.api.extensions [None req-eeec82db-23a2-434b-86fb-4097f2857341 - - - - - -] Extension uplink-status-propagation not supported by any of loaded plugins
2026-09-07 09:17:30.360 1 INFO neutron.api.extensions [None req-eeec82db-23a2-434b-86fb-4097f2857341 - - - - - -] Extension vlan-transparent not supported by any of loaded plugins
2026-09-07 09:17:30.362 1 INFO neutron.api.extensions [None req-eeec82db-23a2-434b-86fb-4097f2857341 - - - - - -] Loaded extension: vpn-endpoint-groups
2026-09-07 09:17:30.363 1 INFO neutron.api.extensions [None req-eeec82db-23a2-434b-86fb-4097f2857341 - - - - - -] Loaded extension: vpn-flavors
2026-09-07 09:17:30.364 1 INFO neutron.api.extensions [None req-eeec82db-23a2-434b-86fb-4097f2857341 - - - - - -] Loaded extension: vpnaas
2026-09-07 09:17:30.366 1 INFO oslo_service.service [None req-eeec82db-23a2-434b-86fb-4097f2857341 - - - - - -] Starting 2 workers
2026-09-07 09:17:30.369 1 INFO oslo_service.service [None req-eeec82db-23a2-434b-86fb-4097f2857341 - - - - - -] Starting 1 workers
2026-09-07 09:18:09.550 10 INFO neutron.db.l3_hamode_db [None req-3dafd42d-e992-4f11-8f1b-982b9f832145 - - - - - -] Number of active agents lower than max_l3_agents_per_router. L3 agents available: 1
2026-09-07 09:18:22.041 9 INFO neutron.plugins.ml2.plugin [None req-63ae706c-c49c-4abd-9430-1f79ac73bd80 - - - - - -] Attempt 1 to provision port dd59fcf3-b96e-4897-aad4-f65996e04f40
2026-09-07 09:18:23.272 9 INFO neutron.plugins.ml2.plugin [None req-8a6e7343-ceab-4dc8-a72b-145679eeb0e7 - - - - - -] Attempt 1 to provision port dd59fcf3-b96e-4897-aad4-f65996e04f40
2026-09-07 09:18:23.552 10 INFO neutron.plugins.ml2.plugin [None req-3919c94f-7ff1-4341-a347-e312ec0aa45a - - - - - -] Attempt 1 to provision port dd59fcf3-b96e-4897-aad4-f65996e04f40
2026-09-07 09:18:23.949 9 INFO neutron.plugins.ml2.plugin [None req-63ae706c-c49c-4abd-9430-1f79ac73bd80 - - - - - -] Attempt 1 to provision port dd59fcf3-b96e-4897-aad4-f65996e04f40
2026-09-07 09:25:14.269 9 INFO neutron.plugins.ml2.plugin [None req-63ae706c-c49c-4abd-9430-1f79ac73bd80 - - - - - -] Attempt 1 to provision port 541cc938-fed1-443b-b98a-5192c5419461
2026-09-07 09:25:15.016 9 INFO neutron.plugins.ml2.plugin [None req-1869fadf-d8c1-44f3-80f8-88bf940c740d - - - - - -] Attempt 1 to provision port 541cc938-fed1-443b-b98a-5192c5419461
2026-09-07 09:25:15.293 10 INFO neutron.plugins.ml2.plugin [None req-7dbc092a-b306-4012-801e-03069a0a7576 - - - - - -] Attempt 1 to provision port 541cc938-fed1-443b-b98a-5192c5419461
2026-09-07 09:25:16.274 9 INFO neutron.plugins.ml2.plugin [None req-63ae706c-c49c-4abd-9430-1f79ac73bd80 - - - - - -] Attempt 1 to provision port 541cc938-fed1-443b-b98a-5192c5419461
2026-09-07 09:25:21.935 10 INFO neutron.plugins.ml2.plugin [None req-0bb7797c-5d5e-49ce-b02b-c1b38320ceab - - - - - -] Attempt 1 to provision port 63aee530-dffd-4007-a727-30b130f2fd0b
2026-09-07 09:29:12.552 10 INFO neutron.plugins.ml2.plugin [None req-63ae706c-c49c-4abd-9430-1f79ac73bd80 - - - - - -] Attempt 1 to provision port 63aee530-dffd-4007-a727-30b130f2fd0b
2026-09-07 09:29:14.434 9 INFO neutron.plugins.ml2.plugin [None req-63ae706c-c49c-4abd-9430-1f79ac73bd80 - - - - - -] Attempt 1 to provision port 63aee530-dffd-4007-a727-30b130f2fd0b
2026-09-07 09:37:56.821 10 INFO neutron.plugins.ml2.plugin [None req-63ae706c-c49c-4abd-9430-1f79ac73bd80 - - - - - -] Attempt 1 to provision port 18faf803-948e-4ad3-9450-398315c2c084
2026-09-07 09:37:58.799 9 INFO neutron.plugins.ml2.plugin [None req-63ae706c-c49c-4abd-9430-1f79ac73bd80 - - - - - -] Attempt 1 to provision port 18faf803-948e-4ad3-9450-398315c2c084
2026-09-07 09:55:49.639 9 INFO neutron.plugins.ml2.plugin [None req-63ae706c-c49c-4abd-9430-1f79ac73bd80 - - - - - -] Attempt 1 to provision port 68992271-f3d5-4f70-b118-738d6e8336fc
2026-09-07 09:55:50.314 10 INFO neutron.plugins.ml2.plugin [None req-f0b0042f-72e0-439b-abb7-dd2929aea797 - - - - - -] Attempt 1 to provision port 0b97d9ae-0721-4b01-b0ca-a3b4f78a7023
2026-09-07 09:55:50.983 9 INFO neutron.plugins.ml2.plugin [None req-abce375f-7a9d-4bf5-a1d7-262ef04a3cc5 - - - - - -] Attempt 1 to provision port 183285b3-c612-4e2e-b5ef-e23542ed0b49
2026-09-07 09:55:51.561 10 INFO neutron.plugins.ml2.plugin [None req-63ae706c-c49c-4abd-9430-1f79ac73bd80 - - - - - -] Attempt 1 to provision port c7592dc1-a3cf-45ef-b3a7-5b00512b06cf
2026-09-07 09:55:52.050 10 INFO neutron.plugins.ml2.plugin [None req-63ae706c-c49c-4abd-9430-1f79ac73bd80 - - - - - -] Attempt 1 to provision port 68992271-f3d5-4f70-b118-738d6e8336fc
2026-09-07 09:55:52.131 9 INFO neutron.plugins.ml2.plugin [None req-6c45e39d-520b-462c-a907-64cd75f41e7e - - - - - -] Attempt 1 to provision port 68992271-f3d5-4f70-b118-738d6e8336fc
2026-09-07 09:55:52.406 9 INFO neutron.plugins.ml2.plugin [None req-6c45e39d-520b-462c-a907-64cd75f41e7e - - - - - -] Attempt 1 to provision port 2e4d9dc3-184d-4866-b556-13fd45d8eb3f
2026-09-07 09:55:52.460 10 INFO neutron.plugins.ml2.plugin [None req-63ae706c-c49c-4abd-9430-1f79ac73bd80 - - - - - -] Attempt 1 to provision port 2e4d9dc3-184d-4866-b556-13fd45d8eb3f
2026-09-07 09:55:52.943 10 INFO neutron.plugins.ml2.plugin [None req-11b250fd-02f8-4497-9540-50ea24ae77d9 - - - - - -] Attempt 1 to provision port c7592dc1-a3cf-45ef-b3a7-5b00512b06cf
2026-09-07 09:55:53.096 10 INFO neutron.plugins.ml2.plugin [None req-11b250fd-02f8-4497-9540-50ea24ae77d9 - - - - - -] Attempt 1 to provision port 68992271-f3d5-4f70-b118-738d6e8336fc
2026-09-07 09:55:53.214 10 INFO neutron.plugins.ml2.plugin [None req-11b250fd-02f8-4497-9540-50ea24ae77d9 - - - - - -] Attempt 1 to provision port 2e4d9dc3-184d-4866-b556-13fd45d8eb3f
2026-09-07 09:55:53.505 10 INFO neutron.plugins.ml2.plugin [None req-63ae706c-c49c-4abd-9430-1f79ac73bd80 - - - - - -] Attempt 1 to provision port c7592dc1-a3cf-45ef-b3a7-5b00512b06cf
2026-09-07 09:55:53.521 9 INFO neutron.plugins.ml2.plugin [None req-995c58bf-6f95-44df-8ef4-79a28e1d742b - - - - - -] Attempt 1 to provision port efb05424-707a-4b98-9fec-dd60ce3fc2b9
2026-09-07 09:55:53.993 10 INFO neutron.plugins.ml2.plugin [None req-63ae706c-c49c-4abd-9430-1f79ac73bd80 - - - - - -] Attempt 1 to provision port 2e4d9dc3-184d-4866-b556-13fd45d8eb3f
2026-09-07 09:55:54.100 10 INFO neutron.plugins.ml2.plugin [None req-7ce8b211-9711-4c73-b4d3-5f071badb6ac - - - - - -] Attempt 1 to provision port 9fd37914-24a9-4f15-80c8-6cecd69a4066
2026-09-07 09:55:54.258 9 INFO neutron.plugins.ml2.plugin [None req-dd7605ad-f977-4334-a39c-d6ae7c58e143 - - - - - -] Attempt 1 to provision port efb05424-707a-4b98-9fec-dd60ce3fc2b9
2026-09-07 09:55:55.031 10 INFO neutron.plugins.ml2.plugin [None req-d0c317ac-f670-4106-b952-0b977d102ff9 - - - - - -] Attempt 1 to provision port c0c185bf-96fd-4b11-9aed-9e92688be451
2026-09-07 09:55:55.701 9 INFO neutron.plugins.ml2.plugin [None req-2a0014bc-853d-4526-9d5d-d0e6050539b2 - - - - - -] Attempt 1 to provision port c0c185bf-96fd-4b11-9aed-9e92688be451
2026-09-07 09:55:57.251 9 INFO neutron.plugins.ml2.plugin [None req-6b6d9c29-1da6-4e68-a4fc-0b3fdb3fd680 - - - - - -] Attempt 1 to provision port 52eedc74-f701-44f2-b88e-5134c6418fe3
2026-09-07 09:55:57.559 9 INFO neutron.plugins.ml2.plugin [None req-63ae706c-c49c-4abd-9430-1f79ac73bd80 - - - - - -] Attempt 1 to provision port a53ab31b-a879-47ec-98f7-953496b8ce27
2026-09-07 09:55:57.601 10 INFO neutron.plugins.ml2.plugin [None req-cbfb82fb-91ed-47a1-a510-de91a77ce9f1 - - - - - -] Attempt 1 to provision port 52eedc74-f701-44f2-b88e-5134c6418fe3
2026-09-07 09:55:57.981 9 INFO neutron.plugins.ml2.plugin [None req-9b3dac07-ae53-4186-80f1-5b2ac3d701e1 - - - - - -] Attempt 1 to provision port 0575e1a3-fee3-4edb-ba0f-da41a9339454
2026-09-07 09:55:58.936 9 INFO neutron.plugins.ml2.plugin [None req-84f5d8b4-2241-44bd-b58b-aa130cf90ce0 - - - - - -] Attempt 1 to provision port a53ab31b-a879-47ec-98f7-953496b8ce27
2026-09-07 09:55:59.362 10 INFO neutron.plugins.ml2.plugin [None req-6e6b9eb9-e05a-4404-bb6d-96ae68ec811c - - - - - -] Attempt 1 to provision port a53ab31b-a879-47ec-98f7-953496b8ce27
2026-09-07 09:55:59.499 9 INFO neutron.plugins.ml2.plugin [None req-63ae706c-c49c-4abd-9430-1f79ac73bd80 - - - - - -] Attempt 1 to provision port a53ab31b-a879-47ec-98f7-953496b8ce27
2026-09-07 09:56:00.388 10 INFO neutron.plugins.ml2.plugin [None req-7a780d11-93ea-461f-89fc-b58e06669d61 - - - - - -] Attempt 1 to provision port 71be1243-ac3d-4c56-98cf-e0d44e801bea
2026-09-07 09:56:01.063 9 INFO neutron.plugins.ml2.plugin [None req-e25e2fce-df1a-496b-90a8-8eb71351d317 - - - - - -] Attempt 1 to provision port 71be1243-ac3d-4c56-98cf-e0d44e801bea
2026-09-07 09:56:01.563 10 INFO neutron.plugins.ml2.plugin [None req-63ae706c-c49c-4abd-9430-1f79ac73bd80 - - - - - -] Attempt 1 to provision port a1ac3abc-b312-4fab-aae1-4bd68ecf837b
2026-09-07 09:56:02.259 10 INFO neutron.plugins.ml2.plugin [None req-63ae706c-c49c-4abd-9430-1f79ac73bd80 - - - - - -] Attempt 1 to provision port ecadb524-906d-4d15-bdc6-2854cbe2c008
2026-09-07 09:56:02.781 10 INFO neutron.plugins.ml2.plugin [None req-63ae706c-c49c-4abd-9430-1f79ac73bd80 - - - - - -] Attempt 1 to provision port ebf68ae7-a52b-4a77-8236-b10aef9bc269
2026-09-07 09:56:03.485 10 INFO neutron.plugins.ml2.plugin [None req-63ae706c-c49c-4abd-9430-1f79ac73bd80 - - - - - -] Attempt 1 to provision port 7004deb0-649d-4a4d-be9a-24d7bc1eb297
2026-09-07 09:56:04.205 10 INFO neutron.plugins.ml2.plugin [None req-63ae706c-c49c-4abd-9430-1f79ac73bd80 - - - - - -] Attempt 1 to provision port ecadb524-906d-4d15-bdc6-2854cbe2c008
2026-09-07 09:56:04.255 10 INFO neutron.plugins.ml2.plugin [None req-63ae706c-c49c-4abd-9430-1f79ac73bd80 - - - - - -] Attempt 1 to provision port ebf68ae7-a52b-4a77-8236-b10aef9bc269
2026-09-07 09:56:04.560 10 INFO neutron.plugins.ml2.plugin [None req-63ae706c-c49c-4abd-9430-1f79ac73bd80 - - - - - -] Attempt 1 to provision port 7004deb0-649d-4a4d-be9a-24d7bc1eb297
2026-09-07 09:56:04.881 10 INFO neutron.plugins.ml2.plugin [None req-63ae706c-c49c-4abd-9430-1f79ac73bd80 - - - - - -] Attempt 1 to provision port a1ac3abc-b312-4fab-aae1-4bd68ecf837b /var/lib/openstack/lib/python3.10/site-packages/oslo_db/sqlalchemy/enginefacade.py:676: SAWarning: DELETE statement on table 'portsecuritybindings' expected to delete 1 row(s); 0 were matched. Please set confirm_deleted_rows=False within the mapper configuration to prevent this warning. self.session.flush() /var/lib/openstack/lib/python3.10/site-packages/oslo_db/sqlalchemy/enginefacade.py:676: SAWarning: DELETE statement on table 'ml2_port_bindings' expected to delete 1 row(s); 0 were matched. Please set confirm_deleted_rows=False within the mapper configuration to prevent this warning. self.session.flush() /var/lib/openstack/lib/python3.10/site-packages/oslo_db/sqlalchemy/enginefacade.py:676: SAWarning: DELETE statement on table 'ml2_port_binding_levels' expected to delete 1 row(s); 0 were matched. Please set confirm_deleted_rows=False within the mapper configuration to prevent this warning. self.session.flush() /var/lib/openstack/lib/python3.10/site-packages/oslo_db/sqlalchemy/enginefacade.py:676: SAWarning: DELETE statement on table 'ports' expected to delete 1 row(s); 0 were matched. Please set confirm_deleted_rows=False within the mapper configuration to prevent this warning. self.session.flush()
2026-09-07 09:56:06.258 9 INFO neutron.plugins.ml2.plugin [None req-8064369f-2fd4-420e-a4ee-75a6f276fcbe - - - - - -] Attempt 1 to provision port 21beccbe-80b9-4d76-8d94-38c1499a6e07 /var/lib/openstack/lib/python3.10/site-packages/oslo_db/sqlalchemy/enginefacade.py:676: SAWarning: DELETE statement on table 'portsecuritybindings' expected to delete 1 row(s); 0 were matched. Please set confirm_deleted_rows=False within the mapper configuration to prevent this warning. self.session.flush() /var/lib/openstack/lib/python3.10/site-packages/oslo_db/sqlalchemy/enginefacade.py:676: SAWarning: DELETE statement on table 'ml2_port_bindings' expected to delete 1 row(s); 0 were matched. Please set confirm_deleted_rows=False within the mapper configuration to prevent this warning. self.session.flush() /var/lib/openstack/lib/python3.10/site-packages/oslo_db/sqlalchemy/enginefacade.py:676: SAWarning: DELETE statement on table 'ml2_port_binding_levels' expected to delete 1 row(s); 0 were matched. Please set confirm_deleted_rows=False within the mapper configuration to prevent this warning. self.session.flush() /var/lib/openstack/lib/python3.10/site-packages/oslo_db/sqlalchemy/enginefacade.py:676: SAWarning: DELETE statement on table 'ports' expected to delete 1 row(s); 0 were matched. Please set confirm_deleted_rows=False within the mapper configuration to prevent this warning. self.session.flush()
2026-09-07 09:56:12.313 10 INFO neutron.plugins.ml2.plugin [None req-63ae706c-c49c-4abd-9430-1f79ac73bd80 - - - - - -] Attempt 1 to provision port 21beccbe-80b9-4d76-8d94-38c1499a6e07
2026-09-07 09:56:13.017 10 INFO neutron.notifiers.nova [-] Nova event matching ['req-715a15b5-fc86-4e73-a907-bc8bbfbbba53'] response: {'server_uuid': '5d255058-6a58-46cd-9a16-f7c43e23b44a', 'name': 'network-vif-plugged', 'status': 'completed', 'tag': '21beccbe-80b9-4d76-8d94-38c1499a6e07', 'code': 200}
2026-09-07 09:56:14.483 10 INFO neutron.plugins.ml2.plugin [None req-63ae706c-c49c-4abd-9430-1f79ac73bd80 - - - - - -] Attempt 1 to provision port 21beccbe-80b9-4d76-8d94-38c1499a6e07
2026-09-07 09:56:15.002 10 INFO neutron.plugins.ml2.plugin [None req-63ae706c-c49c-4abd-9430-1f79ac73bd80 - - - - - -] Attempt 1 to provision port b147707b-a936-4a25-adc7-844cc58383a9
2026-09-07 09:56:15.190 10 INFO neutron.notifiers.nova [-] Nova event matching ['req-9a9a20a9-04e5-4fd8-b736-2f08666aace0'] response: {'server_uuid': '23fd7ea6-b471-4503-8927-1d9d748ab2b1', 'name': 'network-vif-plugged', 'status': 'completed', 'tag': 'b147707b-a936-4a25-adc7-844cc58383a9', 'code': 200}
2026-09-07 09:56:16.312 9 INFO neutron.plugins.ml2.plugin [None req-63ae706c-c49c-4abd-9430-1f79ac73bd80 - - - - - -] Attempt 1 to provision port b147707b-a936-4a25-adc7-844cc58383a9
2026-09-07 09:56:30.225 10 INFO neutron.plugins.ml2.plugin [None req-63ae706c-c49c-4abd-9430-1f79ac73bd80 - - - - - -] Attempt 1 to provision port 9fd37914-24a9-4f15-80c8-6cecd69a4066
2026-09-07 09:56:30.789 10 INFO neutron.plugins.ml2.plugin [None req-63ae706c-c49c-4abd-9430-1f79ac73bd80 - - - - - -] Attempt 1 to provision port 52eedc74-f701-44f2-b88e-5134c6418fe3
2026-09-07 09:56:31.377 10 INFO neutron.plugins.ml2.plugin [None req-d3bc0655-8ab8-4829-a56a-62f3c5d06d34 - - - - - -] Attempt 1 to provision port ed1ad600-6493-4299-815e-4b06e1374933
2026-09-07 09:56:31.787 9 INFO neutron.plugins.ml2.plugin [None req-c8ed767d-c190-4955-bc2e-d82f05ee3c57 - - - - - -] Attempt 1 to provision port 21beccbe-80b9-4d76-8d94-38c1499a6e07
2026-09-07 09:56:32.329 10 INFO neutron.plugins.ml2.plugin [None req-63ae706c-c49c-4abd-9430-1f79ac73bd80 - - - - - -] Attempt 1 to provision port 21beccbe-80b9-4d76-8d94-38c1499a6e07
2026-09-07 09:56:32.604 10 INFO neutron.plugins.ml2.plugin [None req-9f2836cf-dafb-4ac7-8fa5-5ad63603a917 - - - - - -] Attempt 1 to provision port bd8271b7-8127-475f-b353-e13b70af1b9c
2026-09-07 09:56:32.624 10 INFO neutron.plugins.ml2.plugin [None req-63ae706c-c49c-4abd-9430-1f79ac73bd80 - - - - - -] Attempt 1 to provision port 9fd37914-24a9-4f15-80c8-6cecd69a4066
2026-09-07 09:56:32.875 10 INFO neutron.plugins.ml2.plugin [None req-63ae706c-c49c-4abd-9430-1f79ac73bd80 - - - - - -] Attempt 1 to provision port bd8271b7-8127-475f-b353-e13b70af1b9c
2026-09-07 09:56:33.007 10 INFO neutron.plugins.ml2.plugin [None req-a6f92cfe-4fa9-454f-8292-2df349af6f55 - - - - - -] Attempt 1 to provision port bd8271b7-8127-475f-b353-e13b70af1b9c
2026-09-07 09:56:33.209 10 INFO neutron.plugins.ml2.plugin [None req-63ae706c-c49c-4abd-9430-1f79ac73bd80 - - - - - -] Attempt 1 to provision port 52eedc74-f701-44f2-b88e-5134c6418fe3
2026-09-07 09:56:33.811 9 INFO neutron.plugins.ml2.plugin [None req-395889f2-51bf-4acc-9591-a6462e8317bb - - - - - -] Attempt 1 to provision port fff9cc5e-26b3-49ef-8f57-5a5fc3fd39d2
2026-09-07 09:56:34.195 10 INFO neutron.plugins.ml2.plugin [None req-63ae706c-c49c-4abd-9430-1f79ac73bd80 - - - - - -] Attempt 1 to provision port bd8271b7-8127-475f-b353-e13b70af1b9c
2026-09-07 09:56:34.371 9 INFO neutron.plugins.ml2.plugin [None req-94421a1a-bac4-4d00-8f44-61042f48158f - - - - - -] Attempt 1 to provision port 21beccbe-80b9-4d76-8d94-38c1499a6e07
2026-09-07 09:56:34.663 10 INFO neutron.plugins.ml2.plugin [None req-6147f739-118e-4d79-906f-88d8f564ffc4 - - - - - -] Attempt 1 to provision port fff9cc5e-26b3-49ef-8f57-5a5fc3fd39d2
2026-09-07 09:56:36.179 10 INFO neutron.plugins.ml2.plugin [None req-63ae706c-c49c-4abd-9430-1f79ac73bd80 - - - - - -] Attempt 1 to provision port 80629a58-ac82-4703-8fa4-498cf54412b5
2026-09-07 09:56:37.411 9 INFO neutron.notifiers.nova [-] Nova event matching ['req-6ae9f1db-38cf-41b7-a8c3-65708937ab36'] response: {'server_uuid': '5d255058-6a58-46cd-9a16-f7c43e23b44a', 'name': 'network-vif-unplugged', 'status': 'completed', 'tag': '21beccbe-80b9-4d76-8d94-38c1499a6e07', 'code': 200}
2026-09-07 09:56:37.965 9 INFO neutron.plugins.ml2.plugin [None req-75aeb843-6474-4baf-a49e-76ba1fa08a75 - - - - - -] Attempt 1 to provision port 42b2a201-419a-44bb-8acc-8fde2d81246f
2026-09-07 09:56:38.266 10 INFO neutron.plugins.ml2.plugin [None req-63ae706c-c49c-4abd-9430-1f79ac73bd80 - - - - - -] Attempt 1 to provision port 80629a58-ac82-4703-8fa4-498cf54412b5
2026-09-07 09:56:42.884 10 INFO neutron.plugins.ml2.plugin [None req-d006477e-3aec-44e7-bd3e-85c0ad541f67 - - - - - -] Attempt 1 to provision port 0ef87adc-cd92-4f47-a92b-25199a48b4ea
2026-09-07 09:56:46.321 9 INFO neutron.plugins.ml2.plugin [None req-63ae706c-c49c-4abd-9430-1f79ac73bd80 - - - - - -] Attempt 1 to provision port 0ef87adc-cd92-4f47-a92b-25199a48b4ea
2026-09-07 09:56:46.494 9 INFO neutron.notifiers.nova [-] Nova event matching ['req-62981750-28fc-4cbb-9621-816ff8c1ddd5'] response: {'server_uuid': 'ce4d4a4f-5330-467c-b388-5e941dfad2b0', 'name': 'network-vif-plugged', 'status': 'completed', 'tag': '0ef87adc-cd92-4f47-a92b-25199a48b4ea', 'code': 200}
2026-09-07 09:56:48.333 9 INFO neutron.plugins.ml2.plugin [None req-e22f0adf-9734-4e5a-8325-3031a6b9012b - - - - - -] Attempt 1 to provision port 957eccfe-c295-4c9f-acbf-1ba22fa49ba8
2026-09-07 09:56:48.367 10 INFO neutron.plugins.ml2.plugin [None req-63ae706c-c49c-4abd-9430-1f79ac73bd80 - - - - - -] Attempt 1 to provision port 0ef87adc-cd92-4f47-a92b-25199a48b4ea
2026-09-07 09:56:48.645 10 INFO neutron.plugins.ml2.plugin [None req-63ae706c-c49c-4abd-9430-1f79ac73bd80 - - - - - -] Attempt 1 to provision port 05d13446-1298-4b2a-a303-97496ab6f5a5
2026-09-07 09:56:49.329 10 INFO neutron.plugins.ml2.plugin [None req-c3bff866-ab8f-4bac-bef7-1d4921bd9532 - - - - - -] Attempt 1 to provision port 05d13446-1298-4b2a-a303-97496ab6f5a5
2026-09-07 09:56:49.716 9 INFO neutron.plugins.ml2.plugin [None req-021c7e8a-0fa5-4249-b14f-2f150d0a2332 - - - - - -] Attempt 1 to provision port 05d13446-1298-4b2a-a303-97496ab6f5a5
2026-09-07 09:56:50.315 10 INFO neutron.plugins.ml2.plugin [None req-63ae706c-c49c-4abd-9430-1f79ac73bd80 - - - - - -] Attempt 1 to provision port 05d13446-1298-4b2a-a303-97496ab6f5a5
2026-09-07 09:56:50.606 9 INFO neutron.plugins.ml2.plugin [None req-80c7ab25-6efd-4197-9e05-a5a53190a686 - - - - - -] Attempt 1 to provision port 21175568-3852-42dc-8997-bf756392d3cf
2026-09-07 09:56:51.924 10 INFO neutron.plugins.ml2.plugin [None req-6f46496a-96de-4727-94ac-36db31094e86 - - - - - -] Attempt 1 to provision port 21175568-3852-42dc-8997-bf756392d3cf
2026-09-07 09:56:52.400 9 INFO neutron.plugins.ml2.plugin [None req-63ae706c-c49c-4abd-9430-1f79ac73bd80 - - - - - -] Attempt 1 to provision port a52dee32-d529-47d3-be57-55c13687ccac
2026-09-07 09:56:52.933 9 INFO neutron.plugins.ml2.plugin [None req-63ae706c-c49c-4abd-9430-1f79ac73bd80 - - - - - -] Attempt 1 to provision port ed1ad600-6493-4299-815e-4b06e1374933
2026-09-07 09:56:53.627 9 INFO neutron.plugins.ml2.plugin [None req-63ae706c-c49c-4abd-9430-1f79ac73bd80 - - - - - -] Attempt 1 to provision port fff9cc5e-26b3-49ef-8f57-5a5fc3fd39d2
2026-09-07 09:56:54.302 10 INFO neutron.plugins.ml2.plugin [None req-63ae706c-c49c-4abd-9430-1f79ac73bd80 - - - - - -] Attempt 1 to provision port a52dee32-d529-47d3-be57-55c13687ccac
2026-09-07 09:56:54.717 10 INFO neutron.plugins.ml2.plugin [None req-63ae706c-c49c-4abd-9430-1f79ac73bd80 - - - - - -] Attempt 1 to provision port ed1ad600-6493-4299-815e-4b06e1374933
2026-09-07 09:56:54.995 10 INFO neutron.plugins.ml2.plugin [None req-63ae706c-c49c-4abd-9430-1f79ac73bd80 - - - - - -] Attempt 1 to provision port fff9cc5e-26b3-49ef-8f57-5a5fc3fd39d2
2026-09-07 09:56:58.055 10 INFO neutron.plugins.ml2.plugin [None req-65ff6e2d-3224-4768-9821-69ce8cc65bb8 - - - - - -] Attempt 1 to provision port d38bb8b1-a772-4c4b-98a3-55224fdfae09
2026-09-07 09:57:00.444 9 INFO neutron.plugins.ml2.plugin [None req-63ae706c-c49c-4abd-9430-1f79ac73bd80 - - - - - -] Attempt 1 to provision port d38bb8b1-a772-4c4b-98a3-55224fdfae09
2026-09-07 09:57:00.601 9 INFO neutron.notifiers.nova [-] Nova event matching ['req-7cea5a13-ac21-41e8-b0cc-0486c56f47c6'] response: {'server_uuid': 'c8fee402-ecd4-4f5c-8efa-37c8608c5b66', 'name': 'network-vif-plugged', 'status': 'completed', 'tag': 'd38bb8b1-a772-4c4b-98a3-55224fdfae09', 'code': 200}
2026-09-07 09:57:02.347 10 INFO neutron.plugins.ml2.plugin [None req-63ae706c-c49c-4abd-9430-1f79ac73bd80 - - - - - -] Attempt 1 to provision port 3a41b63f-2ac2-49e4-973e-bf2b351bd328
2026-09-07 09:57:03.430 10 INFO neutron.plugins.ml2.plugin [None req-63ae706c-c49c-4abd-9430-1f79ac73bd80 - - - - - -] Attempt 1 to provision port d38bb8b1-a772-4c4b-98a3-55224fdfae09
2026-09-07 09:57:04.249 9 INFO neutron.plugins.ml2.plugin [None req-dcd21b60-22f8-4637-b2a6-31ae68356371 - - - - - -] Attempt 1 to provision port 3a41b63f-2ac2-49e4-973e-bf2b351bd328
2026-09-07 09:57:04.354 9 INFO neutron.plugins.ml2.plugin [None req-63ae706c-c49c-4abd-9430-1f79ac73bd80 - - - - - -] Attempt 1 to provision port 3a41b63f-2ac2-49e4-973e-bf2b351bd328
2026-09-07 09:57:04.661 9 INFO neutron.plugins.ml2.plugin [None req-80ab0905-79ab-439d-a9a3-38ce1e3437ae - - - - - -] Attempt 1 to provision port 3a41b63f-2ac2-49e4-973e-bf2b351bd328
2026-09-07 09:57:05.886 9 INFO neutron.plugins.ml2.plugin [None req-80d744e4-3481-4f8b-9059-d117d64438cf - - - - - -] Attempt 1 to provision port 287974bb-ff7d-4027-9059-afe8e2c7e1f3
2026-09-07 09:57:06.253 10 INFO neutron.plugins.ml2.plugin [None req-63ae706c-c49c-4abd-9430-1f79ac73bd80 - - - - - -] Attempt 1 to provision port a696c42d-70f4-4504-a1ae-b028997e259f
2026-09-07 09:57:07.823 9 WARNING neutron.plugins.ml2.plugin [None req-338fdd6b-441f-4673-bc72-737596666bfb - - - - - -] Concurrent port binding operations failed on port 957eccfe-c295-4c9f-acbf-1ba22fa49ba8
2026-09-07 09:57:07.831 9 INFO neutron.plugins.ml2.plugin [None req-338fdd6b-441f-4673-bc72-737596666bfb - - - - - -] Attempt 2 to bind port 957eccfe-c295-4c9f-acbf-1ba22fa49ba8
2026-09-07 09:57:07.897 10 INFO neutron.plugins.ml2.plugin [None req-027b52c8-c574-4097-9e49-4201a8b011a6 - - - - - -] Attempt 1 to provision port a696c42d-70f4-4504-a1ae-b028997e259f
2026-09-07 09:57:08.291 9 INFO neutron.plugins.ml2.plugin [None req-f2006093-47a7-4613-a45a-c2d843431bce - - - - - -] Attempt 1 to provision port a696c42d-70f4-4504-a1ae-b028997e259f
