Apr 03 02:57:33.368570 np0000163371 systemd[1]: Starting devstack@n-api-meta.service - Devstack devstack@n-api-meta.service...
Apr 03 02:57:33.380072 np0000163371 devstack@n-api-meta.service[107388]: [uWSGI] getting INI configuration from /etc/nova/nova-metadata-uwsgi.ini
Apr 03 02:57:33.380565 np0000163371 devstack@n-api-meta.service[107388]: open("./http_plugin.so"): No such file or directory [core/utils.c line 3709]
Apr 03 02:57:33.380565 np0000163371 devstack@n-api-meta.service[107388]: !!! UNABLE to load uWSGI plugin: ./http_plugin.so: cannot open shared object file: No such file or directory !!!
Apr 03 02:57:33.380565 np0000163371 devstack@n-api-meta.service[107388]: open("./python3_plugin.so"): No such file or directory [core/utils.c line 3709]
Apr 03 02:57:33.380565 np0000163371 devstack@n-api-meta.service[107388]: !!! UNABLE to load uWSGI plugin: ./python3_plugin.so: cannot open shared object file: No such file or directory !!!
Apr 03 02:57:33.380565 np0000163371 devstack@n-api-meta.service[107388]: *** Starting uWSGI 2.0.31 (64bit) on [Fri Apr 3 02:57:33 2026] ***
Apr 03 02:57:33.380565 np0000163371 devstack@n-api-meta.service[107388]: compiled with version: 13.3.0 on 03 April 2026 02:47:16
Apr 03 02:57:33.380565 np0000163371 devstack@n-api-meta.service[107388]: os: Linux-6.8.0-107-generic #107-Ubuntu SMP PREEMPT_DYNAMIC Fri Mar 13 19:51:50 UTC 2026
Apr 03 02:57:33.380565 np0000163371 devstack@n-api-meta.service[107388]: nodename: np0000163371
Apr 03 02:57:33.380565 np0000163371 devstack@n-api-meta.service[107388]: machine: x86_64
Apr 03 02:57:33.380565 np0000163371 devstack@n-api-meta.service[107388]: clock source: unix
Apr 03 02:57:33.380565 np0000163371 devstack@n-api-meta.service[107388]: pcre jit disabled
Apr 03 02:57:33.380565 np0000163371 devstack@n-api-meta.service[107388]: detected number of CPU cores: 16
Apr 03 02:57:33.380565 np0000163371 devstack@n-api-meta.service[107388]: current working directory: /
Apr 03 02:57:33.380565 np0000163371 devstack@n-api-meta.service[107388]: detected binary path: /opt/stack/data/venv/bin/uwsgi
Apr 03 02:57:33.380565 np0000163371 devstack@n-api-meta.service[107388]: your processes number limit is 256917
Apr 03 02:57:33.380565 np0000163371 devstack@n-api-meta.service[107388]: your memory page size is 4096 bytes
Apr 03 02:57:33.380565 np0000163371 devstack@n-api-meta.service[107388]: detected max file descriptor number: 2048
Apr 03 02:57:33.380565 np0000163371 devstack@n-api-meta.service[107388]: lock engine: pthread robust mutexes
Apr 03 02:57:33.380565 np0000163371 devstack@n-api-meta.service[107388]: thunder lock: enabled
Apr 03 02:57:33.381263 np0000163371 devstack@n-api-meta.service[107388]: uWSGI http bound on 0.0.0.0:8775 fd 5
Apr 03 02:57:33.381263 np0000163371 devstack@n-api-meta.service[107388]: uwsgi socket 0 bound to TCP address 127.0.0.1:45731 (port auto-assigned) fd 4
Apr 03 02:57:33.381263 np0000163371 devstack@n-api-meta.service[107388]: Python version: 3.12.3 (main, Mar 3 2026, 12:15:18) [GCC 13.3.0]
Apr 03 02:57:33.381263 np0000163371 devstack@n-api-meta.service[107388]: PEP 405 virtualenv detected: /opt/stack/data/venv
Apr 03 02:57:33.381263 np0000163371 devstack@n-api-meta.service[107388]: Set PythonHome to /opt/stack/data/venv
Apr 03 02:57:33.418032 np0000163371 devstack@n-api-meta.service[107388]: Python main interpreter initialized at 0x71cd294a3668
Apr 03 02:57:33.418032 np0000163371 devstack@n-api-meta.service[107388]: python threads support enabled
Apr 03 02:57:33.418032 np0000163371 devstack@n-api-meta.service[107388]: your server socket listen backlog is limited to 100 connections
Apr 03 02:57:33.418032 np0000163371 devstack@n-api-meta.service[107388]: your mercy for graceful operations on workers is 80 seconds
Apr 03 02:57:33.418577 np0000163371 devstack@n-api-meta.service[107388]: mapped 671795 bytes (656 KB) for 4 cores
Apr 03 02:57:33.418726 np0000163371 devstack@n-api-meta.service[107388]: *** Operational MODE: preforking ***
Apr 03 02:57:33.418952 np0000163371 devstack@n-api-meta.service[107388]: *** uWSGI is running in multiple interpreter mode ***
Apr 03 02:57:33.418952 np0000163371 devstack@n-api-meta.service[107388]: spawned uWSGI master process (pid: 107388)
Apr 03 02:57:33.419262 np0000163371 systemd[1]: Started devstack@n-api-meta.service - Devstack devstack@n-api-meta.service.
Apr 03 02:57:33.419652 np0000163371 devstack@n-api-meta.service[107388]: spawned uWSGI worker 1 (pid: 107389, cores: 1)
Apr 03 02:57:33.420108 np0000163371 devstack@n-api-meta.service[107388]: spawned uWSGI worker 2 (pid: 107390, cores: 1)
Apr 03 02:57:33.420544 np0000163371 devstack@n-api-meta.service[107388]: spawned uWSGI worker 3 (pid: 107391, cores: 1)
Apr 03 02:57:33.421016 np0000163371 devstack@n-api-meta.service[107388]: spawned uWSGI worker 4 (pid: 107392, cores: 1)
Apr 03 02:57:33.421591 np0000163371 devstack@n-api-meta.service[107388]: spawned uWSGI http 1 (pid: 107393)
Apr 03 02:57:33.421591 np0000163371 devstack@n-api-meta.service[107388]: running "unix_signal:15 gracefully_kill_them_all" (master-start)...
Apr 03 02:57:33.774932 np0000163371 devstack@n-api-meta.service[107392]: Service is starting with native threading. This is currently experimental. Do not use it in production without first testing it in pre-production.
Apr 03 02:57:33.803035 np0000163371 devstack@n-api-meta.service[107390]: Service is starting with native threading. This is currently experimental. Do not use it in production without first testing it in pre-production.
Apr 03 02:57:33.806097 np0000163371 devstack@n-api-meta.service[107391]: Service is starting with native threading. This is currently experimental. Do not use it in production without first testing it in pre-production.
Apr 03 02:57:33.818900 np0000163371 devstack@n-api-meta.service[107389]: Service is starting with native threading. This is currently experimental. Do not use it in production without first testing it in pre-production.
Apr 03 02:57:35.243316 np0000163371 devstack@n-api-meta.service[107392]: INFO dbcounter [None req-cf8eba21-735f-4253-b4c9-2ee4e37ba060 None None] Registered counter for database nova_api
Apr 03 02:57:35.258803 np0000163371 devstack@n-api-meta.service[107392]: DEBUG oslo_db.sqlalchemy.engines [None req-cf8eba21-735f-4253-b4c9-2ee4e37ba060 None None] MySQL server mode set to STRICT_TRANS_TABLES,STRICT_ALL_TABLES,NO_ZERO_IN_DATE,NO_ZERO_DATE,ERROR_FOR_DIVISION_BY_ZERO,TRADITIONAL,NO_ENGINE_SUBSTITUTION {{(pid=107392) _check_effective_sql_mode /opt/stack/data/venv/lib/python3.12/site-packages/oslo_db/sqlalchemy/engines.py:325}}
Apr 03 02:57:35.285153 np0000163371 devstack@n-api-meta.service[107391]: INFO dbcounter [None req-c8006695-7872-4f96-9a26-5500c7ccc260 None None] Registered counter for database nova_api
Apr 03 02:57:35.296104 np0000163371 devstack@n-api-meta.service[107392]: DEBUG dbcounter [-] [107392] Writer thread running {{(pid=107392) stat_writer /opt/stack/data/venv/lib/python3.12/site-packages/dbcounter.py:102}}
Apr 03 02:57:35.299775 np0000163371 devstack@n-api-meta.service[107391]: DEBUG oslo_db.sqlalchemy.engines [None req-c8006695-7872-4f96-9a26-5500c7ccc260 None None] MySQL server mode set to STRICT_TRANS_TABLES,STRICT_ALL_TABLES,NO_ZERO_IN_DATE,NO_ZERO_DATE,ERROR_FOR_DIVISION_BY_ZERO,TRADITIONAL,NO_ENGINE_SUBSTITUTION {{(pid=107391) _check_effective_sql_mode /opt/stack/data/venv/lib/python3.12/site-packages/oslo_db/sqlalchemy/engines.py:325}}
Apr 03 02:57:35.300100 np0000163371 devstack@n-api-meta.service[107392]: DEBUG nova.context [None req-cf8eba21-735f-4253-b4c9-2ee4e37ba060 None None] Found 2 cells: 00000000-0000-0000-0000-000000000000(cell0),19364ba9-6b17-48e8-9898-f48bdd5e27a5(cell1) {{(pid=107392) load_cells /opt/stack/nova/nova/context.py:509}}
Apr 03 02:57:35.300645 np0000163371 devstack@n-api-meta.service[107392]: INFO nova.utils [None req-cf8eba21-735f-4253-b4c9-2ee4e37ba060 None None] The cell worker thread pool MainProcess.cell_worker is initialized
Apr 03 02:57:35.304378 np0000163371 devstack@n-api-meta.service[107392]: DEBUG oslo_concurrency.lockutils [None req-cf8eba21-735f-4253-b4c9-2ee4e37ba060 None None] Acquiring lock "00000000-0000-0000-0000-000000000000" by "nova.context.set_target_cell..get_or_set_cached_cell_and_set_connections" {{(pid=107392) inner /opt/stack/data/venv/lib/python3.12/site-packages/oslo_concurrency/lockutils.py:506}}
Apr 03 02:57:35.304683 np0000163371 devstack@n-api-meta.service[107392]: DEBUG oslo_concurrency.lockutils [None req-cf8eba21-735f-4253-b4c9-2ee4e37ba060 None None] Lock "00000000-0000-0000-0000-000000000000" acquired by "nova.context.set_target_cell..get_or_set_cached_cell_and_set_connections" :: waited 0.000s {{(pid=107392) inner /opt/stack/data/venv/lib/python3.12/site-packages/oslo_concurrency/lockutils.py:519}}
Apr 03 02:57:35.305451 np0000163371 devstack@n-api-meta.service[107392]: DEBUG oslo_concurrency.lockutils [None req-cf8eba21-735f-4253-b4c9-2ee4e37ba060 None None] Lock "00000000-0000-0000-0000-000000000000" "released" by "nova.context.set_target_cell..get_or_set_cached_cell_and_set_connections" :: held 0.001s {{(pid=107392) inner /opt/stack/data/venv/lib/python3.12/site-packages/oslo_concurrency/lockutils.py:538}}
Apr 03 02:57:35.306443 np0000163371 devstack@n-api-meta.service[107392]: DEBUG oslo_concurrency.lockutils [None req-cf8eba21-735f-4253-b4c9-2ee4e37ba060 None None] Acquiring lock "19364ba9-6b17-48e8-9898-f48bdd5e27a5" by "nova.context.set_target_cell..get_or_set_cached_cell_and_set_connections" {{(pid=107392) inner /opt/stack/data/venv/lib/python3.12/site-packages/oslo_concurrency/lockutils.py:506}}
Apr 03 02:57:35.306608 np0000163371 devstack@n-api-meta.service[107392]: DEBUG oslo_concurrency.lockutils [None req-cf8eba21-735f-4253-b4c9-2ee4e37ba060 None None] Lock "19364ba9-6b17-48e8-9898-f48bdd5e27a5" acquired by "nova.context.set_target_cell..get_or_set_cached_cell_and_set_connections" :: waited 0.000s {{(pid=107392) inner /opt/stack/data/venv/lib/python3.12/site-packages/oslo_concurrency/lockutils.py:519}}
Apr 03 02:57:35.307440 np0000163371 devstack@n-api-meta.service[107392]: DEBUG oslo_concurrency.lockutils [None req-cf8eba21-735f-4253-b4c9-2ee4e37ba060 None None] Lock "19364ba9-6b17-48e8-9898-f48bdd5e27a5" "released" by "nova.context.set_target_cell..get_or_set_cached_cell_and_set_connections" :: held 0.001s {{(pid=107392) inner /opt/stack/data/venv/lib/python3.12/site-packages/oslo_concurrency/lockutils.py:538}}
Apr 03 02:57:35.310671 np0000163371 devstack@n-api-meta.service[107392]: INFO dbcounter [None req-cf8eba21-735f-4253-b4c9-2ee4e37ba060 None None] Registered counter for database nova_cell0
Apr 03 02:57:35.313447 np0000163371 devstack@n-api-meta.service[107390]: INFO dbcounter [None req-eb9c53f8-47d7-465d-b574-dd2430d6e81a None None] Registered counter for database nova_api
Apr 03 02:57:35.314251 np0000163371 devstack@n-api-meta.service[107392]: INFO dbcounter [None req-cf8eba21-735f-4253-b4c9-2ee4e37ba060 None None] Registered counter for database nova_cell1
Apr 03 02:57:35.323845 np0000163371 devstack@n-api-meta.service[107392]: DEBUG oslo_db.sqlalchemy.engines [None req-cf8eba21-735f-4253-b4c9-2ee4e37ba060 None None] MySQL server mode set to STRICT_TRANS_TABLES,STRICT_ALL_TABLES,NO_ZERO_IN_DATE,NO_ZERO_DATE,ERROR_FOR_DIVISION_BY_ZERO,TRADITIONAL,NO_ENGINE_SUBSTITUTION {{(pid=107392) _check_effective_sql_mode /opt/stack/data/venv/lib/python3.12/site-packages/oslo_db/sqlalchemy/engines.py:325}}
Apr 03 02:57:35.329425 np0000163371 devstack@n-api-meta.service[107392]: DEBUG oslo_db.sqlalchemy.engines [None req-cf8eba21-735f-4253-b4c9-2ee4e37ba060 None None] MySQL server mode set to STRICT_TRANS_TABLES,STRICT_ALL_TABLES,NO_ZERO_IN_DATE,NO_ZERO_DATE,ERROR_FOR_DIVISION_BY_ZERO,TRADITIONAL,NO_ENGINE_SUBSTITUTION {{(pid=107392) _check_effective_sql_mode /opt/stack/data/venv/lib/python3.12/site-packages/oslo_db/sqlalchemy/engines.py:325}}
Apr 03 02:57:35.333728 np0000163371 devstack@n-api-meta.service[107390]: DEBUG oslo_db.sqlalchemy.engines [None req-eb9c53f8-47d7-465d-b574-dd2430d6e81a None None] MySQL server mode set to STRICT_TRANS_TABLES,STRICT_ALL_TABLES,NO_ZERO_IN_DATE,NO_ZERO_DATE,ERROR_FOR_DIVISION_BY_ZERO,TRADITIONAL,NO_ENGINE_SUBSTITUTION {{(pid=107390) _check_effective_sql_mode /opt/stack/data/venv/lib/python3.12/site-packages/oslo_db/sqlalchemy/engines.py:325}}
Apr 03 02:57:35.336292 np0000163371 devstack@n-api-meta.service[107391]: DEBUG dbcounter [-] [107391] Writer thread running {{(pid=107391) stat_writer /opt/stack/data/venv/lib/python3.12/site-packages/dbcounter.py:102}}
Apr 03 02:57:35.338830 np0000163371 devstack@n-api-meta.service[107391]: DEBUG nova.context [None req-c8006695-7872-4f96-9a26-5500c7ccc260 None None] Found 2 cells: 00000000-0000-0000-0000-000000000000(cell0),19364ba9-6b17-48e8-9898-f48bdd5e27a5(cell1) {{(pid=107391) load_cells /opt/stack/nova/nova/context.py:509}}
Apr 03 02:57:35.339020 np0000163371 devstack@n-api-meta.service[107391]: INFO nova.utils [None req-c8006695-7872-4f96-9a26-5500c7ccc260 None None] The cell worker thread pool MainProcess.cell_worker is initialized
Apr 03 02:57:35.343231 np0000163371 devstack@n-api-meta.service[107391]: DEBUG oslo_concurrency.lockutils [None req-c8006695-7872-4f96-9a26-5500c7ccc260 None None] Acquiring lock "00000000-0000-0000-0000-000000000000" by "nova.context.set_target_cell..get_or_set_cached_cell_and_set_connections" {{(pid=107391) inner /opt/stack/data/venv/lib/python3.12/site-packages/oslo_concurrency/lockutils.py:506}}
Apr 03 02:57:35.343231 np0000163371 devstack@n-api-meta.service[107391]: DEBUG oslo_concurrency.lockutils [None req-c8006695-7872-4f96-9a26-5500c7ccc260 None None] Lock "00000000-0000-0000-0000-000000000000" acquired by "nova.context.set_target_cell..get_or_set_cached_cell_and_set_connections" :: waited 0.000s {{(pid=107391) inner /opt/stack/data/venv/lib/python3.12/site-packages/oslo_concurrency/lockutils.py:519}}
Apr 03 02:57:35.343231 np0000163371 devstack@n-api-meta.service[107391]: DEBUG oslo_concurrency.lockutils [None req-c8006695-7872-4f96-9a26-5500c7ccc260 None None] Lock "00000000-0000-0000-0000-000000000000" "released" by "nova.context.set_target_cell..get_or_set_cached_cell_and_set_connections" :: held 0.000s {{(pid=107391) inner /opt/stack/data/venv/lib/python3.12/site-packages/oslo_concurrency/lockutils.py:538}}
Apr 03 02:57:35.343231 np0000163371 devstack@n-api-meta.service[107391]: DEBUG oslo_concurrency.lockutils [None req-c8006695-7872-4f96-9a26-5500c7ccc260 None None] Acquiring lock "19364ba9-6b17-48e8-9898-f48bdd5e27a5" by "nova.context.set_target_cell..get_or_set_cached_cell_and_set_connections" {{(pid=107391) inner /opt/stack/data/venv/lib/python3.12/site-packages/oslo_concurrency/lockutils.py:506}}
Apr 03 02:57:35.343231 np0000163371 devstack@n-api-meta.service[107391]: DEBUG oslo_concurrency.lockutils [None req-c8006695-7872-4f96-9a26-5500c7ccc260 None None] Lock "19364ba9-6b17-48e8-9898-f48bdd5e27a5" acquired by "nova.context.set_target_cell..get_or_set_cached_cell_and_set_connections" :: waited 0.000s {{(pid=107391) inner /opt/stack/data/venv/lib/python3.12/site-packages/oslo_concurrency/lockutils.py:519}}
Apr 03 02:57:35.343713 np0000163371 devstack@n-api-meta.service[107391]: DEBUG oslo_concurrency.lockutils [None req-c8006695-7872-4f96-9a26-5500c7ccc260 None None] Lock "19364ba9-6b17-48e8-9898-f48bdd5e27a5" "released" by "nova.context.set_target_cell..get_or_set_cached_cell_and_set_connections" :: held 0.001s {{(pid=107391) inner /opt/stack/data/venv/lib/python3.12/site-packages/oslo_concurrency/lockutils.py:538}}
Apr 03 02:57:35.347212 np0000163371 devstack@n-api-meta.service[107391]: INFO dbcounter [None req-c8006695-7872-4f96-9a26-5500c7ccc260 None None] Registered counter for database nova_cell0
Apr 03 02:57:35.351413 np0000163371 devstack@n-api-meta.service[107391]: INFO dbcounter [None req-c8006695-7872-4f96-9a26-5500c7ccc260 None None] Registered counter for database nova_cell1
Apr 03 02:57:35.361239 np0000163371 devstack@n-api-meta.service[107391]: DEBUG oslo_db.sqlalchemy.engines [None req-c8006695-7872-4f96-9a26-5500c7ccc260 None None] MySQL server mode set to STRICT_TRANS_TABLES,STRICT_ALL_TABLES,NO_ZERO_IN_DATE,NO_ZERO_DATE,ERROR_FOR_DIVISION_BY_ZERO,TRADITIONAL,NO_ENGINE_SUBSTITUTION {{(pid=107391) _check_effective_sql_mode /opt/stack/data/venv/lib/python3.12/site-packages/oslo_db/sqlalchemy/engines.py:325}}
Apr 03 02:57:35.368710 np0000163371 devstack@n-api-meta.service[107389]: INFO dbcounter [None req-4d93e322-9a1c-4e77-b035-fd2722cd535c None None] Registered counter for database nova_api
Apr 03 02:57:35.371065 np0000163371 devstack@n-api-meta.service[107390]: DEBUG dbcounter [-] [107390] Writer thread running {{(pid=107390) stat_writer /opt/stack/data/venv/lib/python3.12/site-packages/dbcounter.py:102}}
Apr 03 02:57:35.373480 np0000163371 devstack@n-api-meta.service[107390]: DEBUG nova.context [None req-eb9c53f8-47d7-465d-b574-dd2430d6e81a None None] Found 2 cells: 00000000-0000-0000-0000-000000000000(cell0),19364ba9-6b17-48e8-9898-f48bdd5e27a5(cell1) {{(pid=107390) load_cells /opt/stack/nova/nova/context.py:509}}
Apr 03 02:57:35.373849 np0000163371 devstack@n-api-meta.service[107390]: INFO nova.utils [None req-eb9c53f8-47d7-465d-b574-dd2430d6e81a None None] The cell worker thread pool MainProcess.cell_worker is initialized
Apr 03 02:57:35.375606 np0000163371 devstack@n-api-meta.service[107390]: DEBUG oslo_concurrency.lockutils [None req-eb9c53f8-47d7-465d-b574-dd2430d6e81a None None] Acquiring lock "00000000-0000-0000-0000-000000000000" by "nova.context.set_target_cell..get_or_set_cached_cell_and_set_connections" {{(pid=107390) inner /opt/stack/data/venv/lib/python3.12/site-packages/oslo_concurrency/lockutils.py:506}}
Apr 03 02:57:35.375856 np0000163371 devstack@n-api-meta.service[107390]: DEBUG oslo_concurrency.lockutils [None req-eb9c53f8-47d7-465d-b574-dd2430d6e81a None None] Lock "00000000-0000-0000-0000-000000000000" acquired by "nova.context.set_target_cell..get_or_set_cached_cell_and_set_connections" :: waited 0.000s {{(pid=107390) inner /opt/stack/data/venv/lib/python3.12/site-packages/oslo_concurrency/lockutils.py:519}}
Apr 03 02:57:35.376138 np0000163371 devstack@n-api-meta.service[107390]: DEBUG oslo_concurrency.lockutils [None req-eb9c53f8-47d7-465d-b574-dd2430d6e81a None None] Lock "00000000-0000-0000-0000-000000000000" "released" by "nova.context.set_target_cell..get_or_set_cached_cell_and_set_connections" :: held 0.000s {{(pid=107390) inner /opt/stack/data/venv/lib/python3.12/site-packages/oslo_concurrency/lockutils.py:538}}
Apr 03 02:57:35.376833 np0000163371 devstack@n-api-meta.service[107390]: DEBUG oslo_concurrency.lockutils [None req-eb9c53f8-47d7-465d-b574-dd2430d6e81a None None] Acquiring lock "19364ba9-6b17-48e8-9898-f48bdd5e27a5" by "nova.context.set_target_cell..get_or_set_cached_cell_and_set_connections" {{(pid=107390) inner /opt/stack/data/venv/lib/python3.12/site-packages/oslo_concurrency/lockutils.py:506}}
Apr 03 02:57:35.376991 np0000163371 devstack@n-api-meta.service[107390]: DEBUG oslo_concurrency.lockutils [None req-eb9c53f8-47d7-465d-b574-dd2430d6e81a None None] Lock "19364ba9-6b17-48e8-9898-f48bdd5e27a5" acquired by "nova.context.set_target_cell..get_or_set_cached_cell_and_set_connections" :: waited 0.000s {{(pid=107390) inner /opt/stack/data/venv/lib/python3.12/site-packages/oslo_concurrency/lockutils.py:519}}
Apr 03 02:57:35.377932 np0000163371 devstack@n-api-meta.service[107390]: DEBUG oslo_concurrency.lockutils [None req-eb9c53f8-47d7-465d-b574-dd2430d6e81a None None] Lock "19364ba9-6b17-48e8-9898-f48bdd5e27a5" "released" by "nova.context.set_target_cell..get_or_set_cached_cell_and_set_connections" :: held 0.001s {{(pid=107390) inner /opt/stack/data/venv/lib/python3.12/site-packages/oslo_concurrency/lockutils.py:538}}
Apr 03 02:57:35.378410 np0000163371 devstack@n-api-meta.service[107391]: DEBUG oslo_db.sqlalchemy.engines [None req-c8006695-7872-4f96-9a26-5500c7ccc260 None None] MySQL server mode set to STRICT_TRANS_TABLES,STRICT_ALL_TABLES,NO_ZERO_IN_DATE,NO_ZERO_DATE,ERROR_FOR_DIVISION_BY_ZERO,TRADITIONAL,NO_ENGINE_SUBSTITUTION {{(pid=107391) _check_effective_sql_mode /opt/stack/data/venv/lib/python3.12/site-packages/oslo_db/sqlalchemy/engines.py:325}}
Apr 03 02:57:35.380794 np0000163371 devstack@n-api-meta.service[107390]: INFO dbcounter [None req-eb9c53f8-47d7-465d-b574-dd2430d6e81a None None] Registered counter for database nova_cell0
Apr 03 02:57:35.386230 np0000163371 devstack@n-api-meta.service[107390]: INFO dbcounter [None req-eb9c53f8-47d7-465d-b574-dd2430d6e81a None None] Registered counter for database nova_cell1
Apr 03 02:57:35.388109 np0000163371 devstack@n-api-meta.service[107389]: DEBUG oslo_db.sqlalchemy.engines [None req-4d93e322-9a1c-4e77-b035-fd2722cd535c None None] MySQL server mode set to STRICT_TRANS_TABLES,STRICT_ALL_TABLES,NO_ZERO_IN_DATE,NO_ZERO_DATE,ERROR_FOR_DIVISION_BY_ZERO,TRADITIONAL,NO_ENGINE_SUBSTITUTION {{(pid=107389) _check_effective_sql_mode /opt/stack/data/venv/lib/python3.12/site-packages/oslo_db/sqlalchemy/engines.py:325}}
Apr 03 02:57:35.394092 np0000163371 devstack@n-api-meta.service[107390]: DEBUG oslo_db.sqlalchemy.engines [None req-eb9c53f8-47d7-465d-b574-dd2430d6e81a None None] MySQL server mode set to STRICT_TRANS_TABLES,STRICT_ALL_TABLES,NO_ZERO_IN_DATE,NO_ZERO_DATE,ERROR_FOR_DIVISION_BY_ZERO,TRADITIONAL,NO_ENGINE_SUBSTITUTION {{(pid=107390) _check_effective_sql_mode /opt/stack/data/venv/lib/python3.12/site-packages/oslo_db/sqlalchemy/engines.py:325}}
Apr 03 02:57:35.405963 np0000163371 devstack@n-api-meta.service[107390]: DEBUG oslo_db.sqlalchemy.engines [None req-eb9c53f8-47d7-465d-b574-dd2430d6e81a None None] MySQL server mode set to STRICT_TRANS_TABLES,STRICT_ALL_TABLES,NO_ZERO_IN_DATE,NO_ZERO_DATE,ERROR_FOR_DIVISION_BY_ZERO,TRADITIONAL,NO_ENGINE_SUBSTITUTION {{(pid=107390) _check_effective_sql_mode /opt/stack/data/venv/lib/python3.12/site-packages/oslo_db/sqlalchemy/engines.py:325}}
Apr 03 02:57:35.421963 np0000163371 devstack@n-api-meta.service[107392]: DEBUG dbcounter [-] [107392] Writer thread running {{(pid=107392) stat_writer /opt/stack/data/venv/lib/python3.12/site-packages/dbcounter.py:102}}
Apr 03 02:57:35.424298 np0000163371 devstack@n-api-meta.service[107392]: DEBUG dbcounter [-] [107392] Writer thread running {{(pid=107392) stat_writer /opt/stack/data/venv/lib/python3.12/site-packages/dbcounter.py:102}}
Apr 03 02:57:35.427109 np0000163371 devstack@n-api-meta.service[107389]: DEBUG dbcounter [-] [107389] Writer thread running {{(pid=107389) stat_writer /opt/stack/data/venv/lib/python3.12/site-packages/dbcounter.py:102}}
Apr 03 02:57:35.429999 np0000163371 devstack@n-api-meta.service[107389]: DEBUG nova.context [None req-4d93e322-9a1c-4e77-b035-fd2722cd535c None None] Found 2 cells: 00000000-0000-0000-0000-000000000000(cell0),19364ba9-6b17-48e8-9898-f48bdd5e27a5(cell1) {{(pid=107389) load_cells /opt/stack/nova/nova/context.py:509}}
Apr 03 02:57:35.430289 np0000163371 devstack@n-api-meta.service[107389]: INFO nova.utils [None req-4d93e322-9a1c-4e77-b035-fd2722cd535c None None] The cell worker thread pool MainProcess.cell_worker is initialized
Apr 03 02:57:35.430840 np0000163371 devstack@n-api-meta.service[107392]: INFO dbcounter [None req-cf8eba21-735f-4253-b4c9-2ee4e37ba060 None None] Registered counter for database nova_cell0
Apr 03 02:57:35.432299 np0000163371 devstack@n-api-meta.service[107389]: DEBUG oslo_concurrency.lockutils [None req-4d93e322-9a1c-4e77-b035-fd2722cd535c None None] Acquiring lock "00000000-0000-0000-0000-000000000000" by "nova.context.set_target_cell..get_or_set_cached_cell_and_set_connections" {{(pid=107389) inner /opt/stack/data/venv/lib/python3.12/site-packages/oslo_concurrency/lockutils.py:506}}
Apr 03 02:57:35.432470 np0000163371 devstack@n-api-meta.service[107389]: DEBUG oslo_concurrency.lockutils [None req-4d93e322-9a1c-4e77-b035-fd2722cd535c None None] Lock "00000000-0000-0000-0000-000000000000" acquired by "nova.context.set_target_cell..get_or_set_cached_cell_and_set_connections" :: waited 0.000s {{(pid=107389) inner /opt/stack/data/venv/lib/python3.12/site-packages/oslo_concurrency/lockutils.py:519}}
Apr 03 02:57:35.432818 np0000163371 devstack@n-api-meta.service[107389]: DEBUG oslo_concurrency.lockutils [None req-4d93e322-9a1c-4e77-b035-fd2722cd535c None None] Lock "00000000-0000-0000-0000-000000000000" "released" by "nova.context.set_target_cell..get_or_set_cached_cell_and_set_connections" :: held 0.000s {{(pid=107389) inner /opt/stack/data/venv/lib/python3.12/site-packages/oslo_concurrency/lockutils.py:538}}
Apr 03 02:57:35.433667 np0000163371 devstack@n-api-meta.service[107389]: DEBUG oslo_concurrency.lockutils [None req-4d93e322-9a1c-4e77-b035-fd2722cd535c None None] Acquiring lock "19364ba9-6b17-48e8-9898-f48bdd5e27a5" by "nova.context.set_target_cell..get_or_set_cached_cell_and_set_connections" {{(pid=107389) inner /opt/stack/data/venv/lib/python3.12/site-packages/oslo_concurrency/lockutils.py:506}}
Apr 03 02:57:35.433819 np0000163371 devstack@n-api-meta.service[107389]: DEBUG oslo_concurrency.lockutils [None req-4d93e322-9a1c-4e77-b035-fd2722cd535c None None] Lock "19364ba9-6b17-48e8-9898-f48bdd5e27a5" acquired by "nova.context.set_target_cell..get_or_set_cached_cell_and_set_connections" :: waited 0.000s {{(pid=107389) inner /opt/stack/data/venv/lib/python3.12/site-packages/oslo_concurrency/lockutils.py:519}}
Apr 03 02:57:35.434888 np0000163371 devstack@n-api-meta.service[107389]: DEBUG oslo_concurrency.lockutils [None req-4d93e322-9a1c-4e77-b035-fd2722cd535c None None] Lock "19364ba9-6b17-48e8-9898-f48bdd5e27a5" "released" by "nova.context.set_target_cell..get_or_set_cached_cell_and_set_connections" :: held 0.001s {{(pid=107389) inner /opt/stack/data/venv/lib/python3.12/site-packages/oslo_concurrency/lockutils.py:538}}
Apr 03 02:57:35.437934 np0000163371 devstack@n-api-meta.service[107389]: INFO dbcounter [None req-4d93e322-9a1c-4e77-b035-fd2722cd535c None None] Registered counter for database nova_cell0
Apr 03 02:57:35.441583 np0000163371 devstack@n-api-meta.service[107392]: DEBUG oslo_db.sqlalchemy.engines [None req-cf8eba21-735f-4253-b4c9-2ee4e37ba060 None None] MySQL server mode set to STRICT_TRANS_TABLES,STRICT_ALL_TABLES,NO_ZERO_IN_DATE,NO_ZERO_DATE,ERROR_FOR_DIVISION_BY_ZERO,TRADITIONAL,NO_ENGINE_SUBSTITUTION {{(pid=107392) _check_effective_sql_mode /opt/stack/data/venv/lib/python3.12/site-packages/oslo_db/sqlalchemy/engines.py:325}}
Apr 03 02:57:35.443401 np0000163371 devstack@n-api-meta.service[107389]: INFO dbcounter [None req-4d93e322-9a1c-4e77-b035-fd2722cd535c None None] Registered counter for database nova_cell1
Apr 03 02:57:35.450171 np0000163371 devstack@n-api-meta.service[107392]: DEBUG dbcounter [-] [107392] Writer thread running {{(pid=107392) stat_writer /opt/stack/data/venv/lib/python3.12/site-packages/dbcounter.py:102}}
Apr 03 02:57:35.455737 np0000163371 devstack@n-api-meta.service[107389]: DEBUG oslo_db.sqlalchemy.engines [None req-4d93e322-9a1c-4e77-b035-fd2722cd535c None None] MySQL server mode set to STRICT_TRANS_TABLES,STRICT_ALL_TABLES,NO_ZERO_IN_DATE,NO_ZERO_DATE,ERROR_FOR_DIVISION_BY_ZERO,TRADITIONAL,NO_ENGINE_SUBSTITUTION {{(pid=107389) _check_effective_sql_mode /opt/stack/data/venv/lib/python3.12/site-packages/oslo_db/sqlalchemy/engines.py:325}}
Apr 03 02:57:35.468084 np0000163371 devstack@n-api-meta.service[107389]: DEBUG oslo_db.sqlalchemy.engines [None req-4d93e322-9a1c-4e77-b035-fd2722cd535c None None] MySQL server mode set to STRICT_TRANS_TABLES,STRICT_ALL_TABLES,NO_ZERO_IN_DATE,NO_ZERO_DATE,ERROR_FOR_DIVISION_BY_ZERO,TRADITIONAL,NO_ENGINE_SUBSTITUTION {{(pid=107389) _check_effective_sql_mode /opt/stack/data/venv/lib/python3.12/site-packages/oslo_db/sqlalchemy/engines.py:325}}
Apr 03 02:57:35.479969 np0000163371 devstack@n-api-meta.service[107391]: DEBUG dbcounter [-] [107391] Writer thread running {{(pid=107391) stat_writer /opt/stack/data/venv/lib/python3.12/site-packages/dbcounter.py:102}}
Apr 03 02:57:35.485359 np0000163371 devstack@n-api-meta.service[107391]: DEBUG dbcounter [-] [107391] Writer thread running {{(pid=107391) stat_writer /opt/stack/data/venv/lib/python3.12/site-packages/dbcounter.py:102}}
Apr 03 02:57:35.490339 np0000163371 devstack@n-api-meta.service[107391]: INFO dbcounter [None req-c8006695-7872-4f96-9a26-5500c7ccc260 None None] Registered counter for database nova_cell0
Apr 03 02:57:35.494653 np0000163371 devstack@n-api-meta.service[107390]: DEBUG dbcounter [-] [107390] Writer thread running {{(pid=107390) stat_writer /opt/stack/data/venv/lib/python3.12/site-packages/dbcounter.py:102}}
Apr 03 02:57:35.495342 np0000163371 devstack@n-api-meta.service[107392]: WARNING nova.api.metadata.handler [None req-cf8eba21-735f-4253-b4c9-2ee4e37ba060 None None] metadata_proxy_shared_secret is not configured, the metadata information returned by the proxy cannot be trusted
Apr 03 02:57:35.500224 np0000163371 devstack@n-api-meta.service[107392]: DEBUG nova.api.openstack.wsgi_app [None req-cf8eba21-735f-4253-b4c9-2ee4e37ba060 None None] ******************************************************************************** {{(pid=107392) log_opt_values /opt/stack/data/venv/lib/python3.12/site-packages/oslo_config/cfg.py:2979}}
Apr 03 02:57:35.500224 np0000163371 devstack@n-api-meta.service[107392]: DEBUG nova.api.openstack.wsgi_app [None req-cf8eba21-735f-4253-b4c9-2ee4e37ba060 None None] Configuration options gathered from: {{(pid=107392) log_opt_values /opt/stack/data/venv/lib/python3.12/site-packages/oslo_config/cfg.py:2980}}
Apr 03 02:57:35.500224 np0000163371 devstack@n-api-meta.service[107392]: DEBUG nova.api.openstack.wsgi_app [None req-cf8eba21-735f-4253-b4c9-2ee4e37ba060 None None] command line args: [] {{(pid=107392) log_opt_values /opt/stack/data/venv/lib/python3.12/site-packages/oslo_config/cfg.py:2981}}
Apr 03 02:57:35.500224 np0000163371 devstack@n-api-meta.service[107392]: DEBUG nova.api.openstack.wsgi_app [None req-cf8eba21-735f-4253-b4c9-2ee4e37ba060 None None] config files: ['/etc/nova/api-paste.ini', '/etc/nova/nova.conf'] {{(pid=107392) log_opt_values /opt/stack/data/venv/lib/python3.12/site-packages/oslo_config/cfg.py:2982}}
Apr 03 02:57:35.500224 np0000163371 devstack@n-api-meta.service[107392]: DEBUG nova.api.openstack.wsgi_app [None req-cf8eba21-735f-4253-b4c9-2ee4e37ba060 None None] ================================================================================ {{(pid=107392) log_opt_values /opt/stack/data/venv/lib/python3.12/site-packages/oslo_config/cfg.py:2987}}
Apr 03 02:57:35.500224 np0000163371 devstack@n-api-meta.service[107392]: DEBUG nova.api.openstack.wsgi_app [None req-cf8eba21-735f-4253-b4c9-2ee4e37ba060 None None] allow_resize_to_same_host = True {{(pid=107392) log_opt_values /opt/stack/data/venv/lib/python3.12/site-packages/oslo_config/cfg.py:2995}}
Apr 03 02:57:35.500224 np0000163371 devstack@n-api-meta.service[107392]: DEBUG nova.api.openstack.wsgi_app [None req-cf8eba21-735f-4253-b4c9-2ee4e37ba060 None None] arq_binding_timeout = 300 {{(pid=107392) log_opt_values /opt/stack/data/venv/lib/python3.12/site-packages/oslo_config/cfg.py:2995}}
Apr 03 02:57:35.500863 np0000163371 devstack@n-api-meta.service[107392]: DEBUG nova.api.openstack.wsgi_app [None req-cf8eba21-735f-4253-b4c9-2ee4e37ba060 None None] block_device_allocate_retries = 60 {{(pid=107392) log_opt_values /opt/stack/data/venv/lib/python3.12/site-packages/oslo_config/cfg.py:2995}}
Apr 03 02:57:35.500863 np0000163371 devstack@n-api-meta.service[107392]: DEBUG nova.api.openstack.wsgi_app [None req-cf8eba21-735f-4253-b4c9-2ee4e37ba060 None None] block_device_allocate_retries_interval = 3 {{(pid=107392) log_opt_values /opt/stack/data/venv/lib/python3.12/site-packages/oslo_config/cfg.py:2995}}
Apr 03 02:57:35.500863 np0000163371 devstack@n-api-meta.service[107392]: DEBUG nova.api.openstack.wsgi_app [None req-cf8eba21-735f-4253-b4c9-2ee4e37ba060 None None] cell_worker_thread_pool_size = 5 {{(pid=107392) log_opt_values /opt/stack/data/venv/lib/python3.12/site-packages/oslo_config/cfg.py:2995}}
Apr 03 02:57:35.500863 np0000163371 devstack@n-api-meta.service[107392]: DEBUG nova.api.openstack.wsgi_app [None req-cf8eba21-735f-4253-b4c9-2ee4e37ba060 None None] cert = self.pem {{(pid=107392) log_opt_values /opt/stack/data/venv/lib/python3.12/site-packages/oslo_config/cfg.py:2995}}
Apr 03 02:57:35.501018 np0000163371 devstack@n-api-meta.service[107390]: DEBUG dbcounter [-] [107390] Writer thread running {{(pid=107390) stat_writer /opt/stack/data/venv/lib/python3.12/site-packages/dbcounter.py:102}}
Apr 03 02:57:35.501060 np0000163371 devstack@n-api-meta.service[107392]: DEBUG nova.api.openstack.wsgi_app [None req-cf8eba21-735f-4253-b4c9-2ee4e37ba060 None None] compute_driver = libvirt.LibvirtDriver {{(pid=107392) log_opt_values /opt/stack/data/venv/lib/python3.12/site-packages/oslo_config/cfg.py:2995}}
Apr 03 02:57:35.501060 np0000163371 devstack@n-api-meta.service[107392]: DEBUG nova.api.openstack.wsgi_app [None req-cf8eba21-735f-4253-b4c9-2ee4e37ba060 None None] compute_monitors = [] {{(pid=107392) log_opt_values /opt/stack/data/venv/lib/python3.12/site-packages/oslo_config/cfg.py:2995}}
Apr 03 02:57:35.501060 np0000163371 devstack@n-api-meta.service[107392]: DEBUG nova.api.openstack.wsgi_app [None req-cf8eba21-735f-4253-b4c9-2ee4e37ba060 None None] config_dir = [] {{(pid=107392) log_opt_values /opt/stack/data/venv/lib/python3.12/site-packages/oslo_config/cfg.py:2995}}
Apr 03 02:57:35.501060 np0000163371 devstack@n-api-meta.service[107392]: DEBUG nova.api.openstack.wsgi_app [None req-cf8eba21-735f-4253-b4c9-2ee4e37ba060 None None] config_drive_format = iso9660 {{(pid=107392) log_opt_values /opt/stack/data/venv/lib/python3.12/site-packages/oslo_config/cfg.py:2995}}
Apr 03 02:57:35.501060 np0000163371 devstack@n-api-meta.service[107392]: DEBUG nova.api.openstack.wsgi_app [None req-cf8eba21-735f-4253-b4c9-2ee4e37ba060 None None] config_file = ['/etc/nova/api-paste.ini', '/etc/nova/nova.conf'] {{(pid=107392) log_opt_values /opt/stack/data/venv/lib/python3.12/site-packages/oslo_config/cfg.py:2995}}
Apr 03 02:57:35.501060 np0000163371 devstack@n-api-meta.service[107392]: DEBUG nova.api.openstack.wsgi_app [None req-cf8eba21-735f-4253-b4c9-2ee4e37ba060 None None] config_source = [] {{(pid=107392) log_opt_values /opt/stack/data/venv/lib/python3.12/site-packages/oslo_config/cfg.py:2995}}
Apr 03 02:57:35.501261 np0000163371 devstack@n-api-meta.service[107391]: DEBUG oslo_db.sqlalchemy.engines [None req-c8006695-7872-4f96-9a26-5500c7ccc260 None None] MySQL server mode set to STRICT_TRANS_TABLES,STRICT_ALL_TABLES,NO_ZERO_IN_DATE,NO_ZERO_DATE,ERROR_FOR_DIVISION_BY_ZERO,TRADITIONAL,NO_ENGINE_SUBSTITUTION {{(pid=107391) _check_effective_sql_mode /opt/stack/data/venv/lib/python3.12/site-packages/oslo_db/sqlalchemy/engines.py:325}}
Apr 03 02:57:35.501303 np0000163371 devstack@n-api-meta.service[107392]: DEBUG nova.api.openstack.wsgi_app [None req-cf8eba21-735f-4253-b4c9-2ee4e37ba060 None None] console_host = np0000163371 {{(pid=107392) log_opt_values /opt/stack/data/venv/lib/python3.12/site-packages/oslo_config/cfg.py:2995}}
Apr 03 02:57:35.501303 np0000163371 devstack@n-api-meta.service[107392]: DEBUG nova.api.openstack.wsgi_app [None req-cf8eba21-735f-4253-b4c9-2ee4e37ba060 None None] control_exchange = nova {{(pid=107392) log_opt_values /opt/stack/data/venv/lib/python3.12/site-packages/oslo_config/cfg.py:2995}}
Apr 03 02:57:35.501603 np0000163371 devstack@n-api-meta.service[107392]: DEBUG nova.api.openstack.wsgi_app [None req-cf8eba21-735f-4253-b4c9-2ee4e37ba060 None None] cpu_allocation_ratio = None {{(pid=107392) log_opt_values /opt/stack/data/venv/lib/python3.12/site-packages/oslo_config/cfg.py:2995}}
Apr 03 02:57:35.501603 np0000163371 devstack@n-api-meta.service[107392]: DEBUG nova.api.openstack.wsgi_app [None req-cf8eba21-735f-4253-b4c9-2ee4e37ba060 None None] daemon = False {{(pid=107392) log_opt_values /opt/stack/data/venv/lib/python3.12/site-packages/oslo_config/cfg.py:2995}}
Apr 03 02:57:35.501743 np0000163371 devstack@n-api-meta.service[107392]: DEBUG nova.api.openstack.wsgi_app [None req-cf8eba21-735f-4253-b4c9-2ee4e37ba060 None None] debug = True {{(pid=107392) log_opt_values /opt/stack/data/venv/lib/python3.12/site-packages/oslo_config/cfg.py:2995}}
Apr 03 02:57:35.501811 np0000163371 devstack@n-api-meta.service[107392]: DEBUG nova.api.openstack.wsgi_app [None req-cf8eba21-735f-4253-b4c9-2ee4e37ba060 None None] default_access_ip_network_name = None {{(pid=107392) log_opt_values /opt/stack/data/venv/lib/python3.12/site-packages/oslo_config/cfg.py:2995}}
Apr 03 02:57:35.501957 np0000163371 devstack@n-api-meta.service[107392]: DEBUG nova.api.openstack.wsgi_app [None req-cf8eba21-735f-4253-b4c9-2ee4e37ba060 None None] default_availability_zone = nova {{(pid=107392) log_opt_values /opt/stack/data/venv/lib/python3.12/site-packages/oslo_config/cfg.py:2995}}
Apr 03 02:57:35.502087 np0000163371 devstack@n-api-meta.service[107392]: DEBUG nova.api.openstack.wsgi_app [None req-cf8eba21-735f-4253-b4c9-2ee4e37ba060 None None] default_ephemeral_format = ext4 {{(pid=107392) log_opt_values /opt/stack/data/venv/lib/python3.12/site-packages/oslo_config/cfg.py:2995}}
Apr 03 02:57:35.502267 np0000163371 devstack@n-api-meta.service[107392]: DEBUG nova.api.openstack.wsgi_app [None req-cf8eba21-735f-4253-b4c9-2ee4e37ba060 None None] default_green_pool_size = 1000 {{(pid=107392) log_opt_values /opt/stack/data/venv/lib/python3.12/site-packages/oslo_config/cfg.py:2995}}
Apr 03 02:57:35.502491 np0000163371 devstack@n-api-meta.service[107392]: DEBUG nova.api.openstack.wsgi_app [None req-cf8eba21-735f-4253-b4c9-2ee4e37ba060 None None] default_log_levels = ['amqp=WARN', 'boto=WARN', 'sqlalchemy=WARN', 'suds=INFO', 'oslo.messaging=INFO', 'oslo_messaging=INFO', 'iso8601=WARN', 'requests.packages.urllib3.connectionpool=WARN', 'urllib3.connectionpool=WARN', 'websocket=WARN', 'requests.packages.urllib3.util.retry=WARN', 'urllib3.util.retry=WARN', 'keystonemiddleware=WARN', 'routes.middleware=WARN', 'stevedore=WARN', 'taskflow=WARN', 'keystoneauth=WARN', 'oslo.cache=INFO', 'oslo_policy=INFO', 'dogpile.core.dogpile=INFO', 'glanceclient=WARN', 'oslo.privsep.daemon=INFO'] {{(pid=107392) log_opt_values /opt/stack/data/venv/lib/python3.12/site-packages/oslo_config/cfg.py:2995}}
Apr 03 02:57:35.502631 np0000163371 devstack@n-api-meta.service[107392]: DEBUG nova.api.openstack.wsgi_app [None req-cf8eba21-735f-4253-b4c9-2ee4e37ba060 None None] default_schedule_zone = None {{(pid=107392) log_opt_values /opt/stack/data/venv/lib/python3.12/site-packages/oslo_config/cfg.py:2995}}
Apr 03 02:57:35.502774 np0000163371 devstack@n-api-meta.service[107392]: DEBUG nova.api.openstack.wsgi_app [None req-cf8eba21-735f-4253-b4c9-2ee4e37ba060 None None] default_thread_pool_size = 10 {{(pid=107392) log_opt_values /opt/stack/data/venv/lib/python3.12/site-packages/oslo_config/cfg.py:2995}}
Apr 03 02:57:35.502895 np0000163371 devstack@n-api-meta.service[107392]: DEBUG nova.api.openstack.wsgi_app [None req-cf8eba21-735f-4253-b4c9-2ee4e37ba060 None None] disk_allocation_ratio = None {{(pid=107392) log_opt_values /opt/stack/data/venv/lib/python3.12/site-packages/oslo_config/cfg.py:2995}}
Apr 03 02:57:35.503013 np0000163371 devstack@n-api-meta.service[107392]: DEBUG nova.api.openstack.wsgi_app [None req-cf8eba21-735f-4253-b4c9-2ee4e37ba060 None None] enable_new_services = True {{(pid=107392) log_opt_values /opt/stack/data/venv/lib/python3.12/site-packages/oslo_config/cfg.py:2995}}
Apr 03 02:57:35.503161 np0000163371 devstack@n-api-meta.service[107392]: DEBUG nova.api.openstack.wsgi_app [None req-cf8eba21-735f-4253-b4c9-2ee4e37ba060 None None] flat_injected = False {{(pid=107392) log_opt_values /opt/stack/data/venv/lib/python3.12/site-packages/oslo_config/cfg.py:2995}}
Apr 03 02:57:35.503295 np0000163371 devstack@n-api-meta.service[107392]: DEBUG nova.api.openstack.wsgi_app [None req-cf8eba21-735f-4253-b4c9-2ee4e37ba060 None None] force_config_drive = False {{(pid=107392) log_opt_values /opt/stack/data/venv/lib/python3.12/site-packages/oslo_config/cfg.py:2995}}
Apr 03 02:57:35.503430 np0000163371 devstack@n-api-meta.service[107392]: DEBUG nova.api.openstack.wsgi_app [None req-cf8eba21-735f-4253-b4c9-2ee4e37ba060 None None] force_raw_images = True {{(pid=107392) log_opt_values /opt/stack/data/venv/lib/python3.12/site-packages/oslo_config/cfg.py:2995}}
Apr 03 02:57:35.503581 np0000163371 devstack@n-api-meta.service[107392]: DEBUG nova.api.openstack.wsgi_app [None req-cf8eba21-735f-4253-b4c9-2ee4e37ba060 None None] graceful_shutdown_timeout = 5 {{(pid=107392) log_opt_values /opt/stack/data/venv/lib/python3.12/site-packages/oslo_config/cfg.py:2995}}
Apr 03 02:57:35.503702 np0000163371 devstack@n-api-meta.service[107392]: DEBUG nova.api.openstack.wsgi_app [None req-cf8eba21-735f-4253-b4c9-2ee4e37ba060 None None] heal_instance_info_cache_interval = -1 {{(pid=107392) log_opt_values /opt/stack/data/venv/lib/python3.12/site-packages/oslo_config/cfg.py:2995}}
Apr 03 02:57:35.503878 np0000163371 devstack@n-api-meta.service[107392]: DEBUG nova.api.openstack.wsgi_app [None req-cf8eba21-735f-4253-b4c9-2ee4e37ba060 None None] host = np0000163371 {{(pid=107392) log_opt_values /opt/stack/data/venv/lib/python3.12/site-packages/oslo_config/cfg.py:2995}}
Apr 03 02:57:35.504019 np0000163371 devstack@n-api-meta.service[107392]: DEBUG nova.api.openstack.wsgi_app [None req-cf8eba21-735f-4253-b4c9-2ee4e37ba060 None None] initial_cpu_allocation_ratio = 4.0 {{(pid=107392) log_opt_values /opt/stack/data/venv/lib/python3.12/site-packages/oslo_config/cfg.py:2995}}
Apr 03 02:57:35.504150 np0000163371 devstack@n-api-meta.service[107392]: DEBUG nova.api.openstack.wsgi_app [None req-cf8eba21-735f-4253-b4c9-2ee4e37ba060 None None] initial_disk_allocation_ratio = 1.0 {{(pid=107392) log_opt_values /opt/stack/data/venv/lib/python3.12/site-packages/oslo_config/cfg.py:2995}}
Apr 03 02:57:35.504252 np0000163371 devstack@n-api-meta.service[107390]: INFO dbcounter [None req-eb9c53f8-47d7-465d-b574-dd2430d6e81a None None] Registered counter for database nova_cell0
Apr 03 02:57:35.504328 np0000163371 devstack@n-api-meta.service[107392]: DEBUG nova.api.openstack.wsgi_app [None req-cf8eba21-735f-4253-b4c9-2ee4e37ba060 None None] initial_ram_allocation_ratio = 1.0 {{(pid=107392) log_opt_values /opt/stack/data/venv/lib/python3.12/site-packages/oslo_config/cfg.py:2995}}
Apr 03 02:57:35.504490 np0000163371 devstack@n-api-meta.service[107392]: DEBUG nova.api.openstack.wsgi_app [None req-cf8eba21-735f-4253-b4c9-2ee4e37ba060 None None] injected_network_template = /opt/stack/nova/nova/virt/interfaces.template {{(pid=107392) log_opt_values /opt/stack/data/venv/lib/python3.12/site-packages/oslo_config/cfg.py:2995}}
Apr 03 02:57:35.504620 np0000163371 devstack@n-api-meta.service[107392]: DEBUG nova.api.openstack.wsgi_app [None req-cf8eba21-735f-4253-b4c9-2ee4e37ba060 None None] instance_build_timeout = 0 {{(pid=107392) log_opt_values /opt/stack/data/venv/lib/python3.12/site-packages/oslo_config/cfg.py:2995}}
Apr 03 02:57:35.504752 np0000163371 devstack@n-api-meta.service[107392]: DEBUG nova.api.openstack.wsgi_app [None req-cf8eba21-735f-4253-b4c9-2ee4e37ba060 None None] instance_delete_interval = 300 {{(pid=107392) log_opt_values /opt/stack/data/venv/lib/python3.12/site-packages/oslo_config/cfg.py:2995}}
Apr 03 02:57:35.504884 np0000163371 devstack@n-api-meta.service[107392]: DEBUG nova.api.openstack.wsgi_app [None req-cf8eba21-735f-4253-b4c9-2ee4e37ba060 None None] instance_format = [instance: %(uuid)s] {{(pid=107392) log_opt_values /opt/stack/data/venv/lib/python3.12/site-packages/oslo_config/cfg.py:2995}}
Apr 03 02:57:35.505018 np0000163371 devstack@n-api-meta.service[107392]: DEBUG nova.api.openstack.wsgi_app [None req-cf8eba21-735f-4253-b4c9-2ee4e37ba060 None None] instance_name_template = instance-%08x {{(pid=107392) log_opt_values /opt/stack/data/venv/lib/python3.12/site-packages/oslo_config/cfg.py:2995}}
Apr 03 02:57:35.505147 np0000163371 devstack@n-api-meta.service[107392]: DEBUG nova.api.openstack.wsgi_app [None req-cf8eba21-735f-4253-b4c9-2ee4e37ba060 None None] instance_usage_audit = False {{(pid=107392) log_opt_values /opt/stack/data/venv/lib/python3.12/site-packages/oslo_config/cfg.py:2995}}
Apr 03 02:57:35.505325 np0000163371 devstack@n-api-meta.service[107392]: DEBUG nova.api.openstack.wsgi_app [None req-cf8eba21-735f-4253-b4c9-2ee4e37ba060 None None] instance_usage_audit_period = month {{(pid=107392) log_opt_values /opt/stack/data/venv/lib/python3.12/site-packages/oslo_config/cfg.py:2995}}
Apr 03 02:57:35.505464 np0000163371 devstack@n-api-meta.service[107392]: DEBUG nova.api.openstack.wsgi_app [None req-cf8eba21-735f-4253-b4c9-2ee4e37ba060 None None] instance_uuid_format = [instance: %(uuid)s] {{(pid=107392) log_opt_values /opt/stack/data/venv/lib/python3.12/site-packages/oslo_config/cfg.py:2995}}
Apr 03 02:57:35.505596 np0000163371 devstack@n-api-meta.service[107392]: DEBUG nova.api.openstack.wsgi_app [None req-cf8eba21-735f-4253-b4c9-2ee4e37ba060 None None] instances_path = /opt/stack/data/nova/instances {{(pid=107392) log_opt_values /opt/stack/data/venv/lib/python3.12/site-packages/oslo_config/cfg.py:2995}}
Apr 03 02:57:35.505731 np0000163371 devstack@n-api-meta.service[107392]: DEBUG nova.api.openstack.wsgi_app [None req-cf8eba21-735f-4253-b4c9-2ee4e37ba060 None None] internal_service_availability_zone = internal {{(pid=107392) log_opt_values /opt/stack/data/venv/lib/python3.12/site-packages/oslo_config/cfg.py:2995}}
Apr 03 02:57:35.505855 np0000163371 devstack@n-api-meta.service[107392]: DEBUG nova.api.openstack.wsgi_app [None req-cf8eba21-735f-4253-b4c9-2ee4e37ba060 None None] key = None {{(pid=107392) log_opt_values /opt/stack/data/venv/lib/python3.12/site-packages/oslo_config/cfg.py:2995}}
Apr 03 02:57:35.505980 np0000163371 devstack@n-api-meta.service[107392]: DEBUG nova.api.openstack.wsgi_app [None req-cf8eba21-735f-4253-b4c9-2ee4e37ba060 None None] live_migration_retry_count = 30 {{(pid=107392) log_opt_values /opt/stack/data/venv/lib/python3.12/site-packages/oslo_config/cfg.py:2995}}
Apr 03 02:57:35.506113 np0000163371 devstack@n-api-meta.service[107392]: DEBUG nova.api.openstack.wsgi_app [None req-cf8eba21-735f-4253-b4c9-2ee4e37ba060 None None] log_color = False {{(pid=107392) log_opt_values /opt/stack/data/venv/lib/python3.12/site-packages/oslo_config/cfg.py:2995}}
Apr 03 02:57:35.506267 np0000163371 devstack@n-api-meta.service[107392]: DEBUG nova.api.openstack.wsgi_app [None req-cf8eba21-735f-4253-b4c9-2ee4e37ba060 None None] log_config_append = None {{(pid=107392) log_opt_values /opt/stack/data/venv/lib/python3.12/site-packages/oslo_config/cfg.py:2995}}
Apr 03 02:57:35.506459 np0000163371 devstack@n-api-meta.service[107392]: DEBUG nova.api.openstack.wsgi_app [None req-cf8eba21-735f-4253-b4c9-2ee4e37ba060 None None] log_date_format = %Y-%m-%d %H:%M:%S {{(pid=107392) log_opt_values /opt/stack/data/venv/lib/python3.12/site-packages/oslo_config/cfg.py:2995}}
Apr 03 02:57:35.506589 np0000163371 devstack@n-api-meta.service[107392]: DEBUG nova.api.openstack.wsgi_app [None req-cf8eba21-735f-4253-b4c9-2ee4e37ba060 None None] log_dir = None {{(pid=107392) log_opt_values /opt/stack/data/venv/lib/python3.12/site-packages/oslo_config/cfg.py:2995}}
Apr 03 02:57:35.506716 np0000163371 devstack@n-api-meta.service[107392]: DEBUG nova.api.openstack.wsgi_app [None req-cf8eba21-735f-4253-b4c9-2ee4e37ba060 None None] log_file = None {{(pid=107392) log_opt_values /opt/stack/data/venv/lib/python3.12/site-packages/oslo_config/cfg.py:2995}}
Apr 03 02:57:35.506812 np0000163371 devstack@n-api-meta.service[107392]: DEBUG nova.api.openstack.wsgi_app [None req-cf8eba21-735f-4253-b4c9-2ee4e37ba060 None None] log_options = True {{(pid=107392) log_opt_values /opt/stack/data/venv/lib/python3.12/site-packages/oslo_config/cfg.py:2995}}
Apr 03 02:57:35.506943 np0000163371 devstack@n-api-meta.service[107392]: DEBUG nova.api.openstack.wsgi_app [None req-cf8eba21-735f-4253-b4c9-2ee4e37ba060 None None] log_rotate_interval = 1 {{(pid=107392) log_opt_values /opt/stack/data/venv/lib/python3.12/site-packages/oslo_config/cfg.py:2995}}
Apr 03 02:57:35.507076 np0000163371 devstack@n-api-meta.service[107392]: DEBUG nova.api.openstack.wsgi_app [None req-cf8eba21-735f-4253-b4c9-2ee4e37ba060 None None] log_rotate_interval_type = days {{(pid=107392) log_opt_values /opt/stack/data/venv/lib/python3.12/site-packages/oslo_config/cfg.py:2995}}
Apr 03 02:57:35.507209 np0000163371 devstack@n-api-meta.service[107392]: DEBUG nova.api.openstack.wsgi_app [None req-cf8eba21-735f-4253-b4c9-2ee4e37ba060 None None] log_rotation_type = none {{(pid=107392) log_opt_values /opt/stack/data/venv/lib/python3.12/site-packages/oslo_config/cfg.py:2995}}
Apr 03 02:57:35.507327 np0000163371 devstack@n-api-meta.service[107392]: DEBUG nova.api.openstack.wsgi_app [None req-cf8eba21-735f-4253-b4c9-2ee4e37ba060 None None] logging_context_format_string = %(color)s%(levelname)s %(name)s [%(global_request_id)s %(request_id)s %(project_name)s %(user_name)s%(color)s] %(instance)s%(color)s%(message)s {{(pid=107392) log_opt_values /opt/stack/data/venv/lib/python3.12/site-packages/oslo_config/cfg.py:2995}}
Apr 03 02:57:35.507430 np0000163371 devstack@n-api-meta.service[107392]: DEBUG nova.api.openstack.wsgi_app [None req-cf8eba21-735f-4253-b4c9-2ee4e37ba060 None None] logging_debug_format_suffix = {{(pid=%(process)d) %(funcName)s %(pathname)s:%(lineno)d}} {{(pid=107392) log_opt_values /opt/stack/data/venv/lib/python3.12/site-packages/oslo_config/cfg.py:2995}}
Apr 03 02:57:35.507561 np0000163371 devstack@n-api-meta.service[107392]: DEBUG nova.api.openstack.wsgi_app [None req-cf8eba21-735f-4253-b4c9-2ee4e37ba060 None None] logging_default_format_string = %(color)s%(levelname)s %(name)s [-%(color)s] %(instance)s%(color)s%(message)s {{(pid=107392) log_opt_values /opt/stack/data/venv/lib/python3.12/site-packages/oslo_config/cfg.py:2995}}
