Apr 03 02:57:33.921127 np0000163371 nova-scheduler[107545]: DEBUG cotyledon.oslo_config_glue [-] vnc.vencrypt_client_cert = None {{(pid=107545) log_opt_values /opt/stack/data/venv/lib/python3.12/site-packages/oslo_config/cfg.py:3006}}
Apr 03 02:57:33.921127 np0000163371 nova-scheduler[107545]: DEBUG cotyledon.oslo_config_glue [-] vnc.vencrypt_client_key = None {{(pid=107545) log_opt_values /opt/stack/data/venv/lib/python3.12/site-packages/oslo_config/cfg.py:3006}}
Apr 03 02:57:33.921127 np0000163371 nova-scheduler[107545]: DEBUG cotyledon.oslo_config_glue [-] workarounds.disable_compute_service_check_for_ffu = False {{(pid=107545) log_opt_values /opt/stack/data/venv/lib/python3.12/site-packages/oslo_config/cfg.py:3006}}
Apr 03 02:57:33.921127 np0000163371 nova-scheduler[107545]: DEBUG cotyledon.oslo_config_glue [-] workarounds.disable_deep_image_inspection = False {{(pid=107545) log_opt_values /opt/stack/data/venv/lib/python3.12/site-packages/oslo_config/cfg.py:3006}}
Apr 03 02:57:33.921127 np0000163371 nova-scheduler[107545]: DEBUG cotyledon.oslo_config_glue [-] workarounds.disable_fallback_pcpu_query = False {{(pid=107545) log_opt_values /opt/stack/data/venv/lib/python3.12/site-packages/oslo_config/cfg.py:3006}}
Apr 03 02:57:33.921127 np0000163371 nova-scheduler[107545]: DEBUG cotyledon.oslo_config_glue [-] workarounds.disable_group_policy_check_upcall = False {{(pid=107545) log_opt_values /opt/stack/data/venv/lib/python3.12/site-packages/oslo_config/cfg.py:3006}}
Apr 03 02:57:33.921371 np0000163371 nova-scheduler[107545]: DEBUG cotyledon.oslo_config_glue [-] workarounds.disable_libvirt_livesnapshot = False {{(pid=107545) log_opt_values /opt/stack/data/venv/lib/python3.12/site-packages/oslo_config/cfg.py:3006}}
Apr 03 02:57:33.921371 np0000163371 nova-scheduler[107545]: DEBUG cotyledon.oslo_config_glue [-] workarounds.disable_rootwrap = False {{(pid=107545) log_opt_values /opt/stack/data/venv/lib/python3.12/site-packages/oslo_config/cfg.py:3006}}
Apr 03 02:57:33.921371 np0000163371 nova-scheduler[107545]: DEBUG cotyledon.oslo_config_glue [-] workarounds.enable_numa_live_migration = False {{(pid=107545) log_opt_values /opt/stack/data/venv/lib/python3.12/site-packages/oslo_config/cfg.py:3006}}
Apr 03 02:57:33.921371 np0000163371 nova-scheduler[107545]: DEBUG cotyledon.oslo_config_glue [-] workarounds.enable_qemu_monitor_announce_self = False {{(pid=107545) log_opt_values /opt/stack/data/venv/lib/python3.12/site-packages/oslo_config/cfg.py:3006}}
Apr 03 02:57:33.921371 np0000163371 nova-scheduler[107545]: DEBUG cotyledon.oslo_config_glue [-] workarounds.ensure_libvirt_rbd_instance_dir_cleanup = False {{(pid=107545) log_opt_values /opt/stack/data/venv/lib/python3.12/site-packages/oslo_config/cfg.py:3006}}
Apr 03 02:57:33.921371 np0000163371 nova-scheduler[107545]: DEBUG cotyledon.oslo_config_glue [-] workarounds.handle_virt_lifecycle_events = True {{(pid=107545) log_opt_values /opt/stack/data/venv/lib/python3.12/site-packages/oslo_config/cfg.py:3006}}
Apr 03 02:57:33.921371 np0000163371 nova-scheduler[107545]: DEBUG cotyledon.oslo_config_glue [-] workarounds.libvirt_disable_apic = False {{(pid=107545) log_opt_values /opt/stack/data/venv/lib/python3.12/site-packages/oslo_config/cfg.py:3006}}
Apr 03 02:57:33.921371 np0000163371 nova-scheduler[107545]: DEBUG cotyledon.oslo_config_glue [-] workarounds.never_download_image_if_on_rbd = False {{(pid=107545) log_opt_values /opt/stack/data/venv/lib/python3.12/site-packages/oslo_config/cfg.py:3006}}
Apr 03 02:57:33.921371 np0000163371 nova-scheduler[107545]: DEBUG cotyledon.oslo_config_glue [-] workarounds.qemu_monitor_announce_self_count = 3 {{(pid=107545) log_opt_values /opt/stack/data/venv/lib/python3.12/site-packages/oslo_config/cfg.py:3006}}
Apr 03 02:57:33.921626 np0000163371 nova-scheduler[107545]: DEBUG cotyledon.oslo_config_glue [-] workarounds.qemu_monitor_announce_self_interval = 1 {{(pid=107545) log_opt_values /opt/stack/data/venv/lib/python3.12/site-packages/oslo_config/cfg.py:3006}}
Apr 03 02:57:33.921626 np0000163371 nova-scheduler[107545]: DEBUG cotyledon.oslo_config_glue [-] workarounds.reserve_disk_resource_for_image_cache = False {{(pid=107545) log_opt_values /opt/stack/data/venv/lib/python3.12/site-packages/oslo_config/cfg.py:3006}}
Apr 03 02:57:33.921626 np0000163371 nova-scheduler[107545]: DEBUG cotyledon.oslo_config_glue [-] workarounds.skip_cpu_compare_at_startup = False {{(pid=107545) log_opt_values /opt/stack/data/venv/lib/python3.12/site-packages/oslo_config/cfg.py:3006}}
Apr 03 02:57:33.921626 np0000163371 nova-scheduler[107545]: DEBUG cotyledon.oslo_config_glue [-] workarounds.skip_cpu_compare_on_dest = False {{(pid=107545) log_opt_values /opt/stack/data/venv/lib/python3.12/site-packages/oslo_config/cfg.py:3006}}
Apr 03 02:57:33.921626 np0000163371 nova-scheduler[107545]: DEBUG cotyledon.oslo_config_glue [-] workarounds.skip_hypervisor_version_check_on_lm = False {{(pid=107545) log_opt_values /opt/stack/data/venv/lib/python3.12/site-packages/oslo_config/cfg.py:3006}}
Apr 03 02:57:33.921626 np0000163371 nova-scheduler[107545]: DEBUG cotyledon.oslo_config_glue [-] workarounds.skip_reserve_in_use_ironic_nodes = False {{(pid=107545) log_opt_values /opt/stack/data/venv/lib/python3.12/site-packages/oslo_config/cfg.py:3006}}
Apr 03 02:57:33.921626 np0000163371 nova-scheduler[107545]: DEBUG cotyledon.oslo_config_glue [-] workarounds.unified_limits_count_pcpu_as_vcpu = False {{(pid=107545) log_opt_values /opt/stack/data/venv/lib/python3.12/site-packages/oslo_config/cfg.py:3006}}
Apr 03 02:57:33.921626 np0000163371 nova-scheduler[107545]: DEBUG cotyledon.oslo_config_glue [-] workarounds.wait_for_vif_plugged_event_during_hard_reboot = [] {{(pid=107545) log_opt_values /opt/stack/data/venv/lib/python3.12/site-packages/oslo_config/cfg.py:3006}}
Apr 03 02:57:33.921822 np0000163371 nova-scheduler[107545]: DEBUG cotyledon.oslo_config_glue [-] wsgi.api_paste_config = /etc/nova/api-paste.ini {{(pid=107545) log_opt_values /opt/stack/data/venv/lib/python3.12/site-packages/oslo_config/cfg.py:3006}}
Apr 03 02:57:33.921822 np0000163371 nova-scheduler[107545]: DEBUG cotyledon.oslo_config_glue [-] wsgi.secure_proxy_ssl_header = None {{(pid=107545) log_opt_values /opt/stack/data/venv/lib/python3.12/site-packages/oslo_config/cfg.py:3006}}
Apr 03 02:57:33.921822 np0000163371 nova-scheduler[107545]: DEBUG cotyledon.oslo_config_glue [-] zvm.ca_file = None {{(pid=107545) log_opt_values /opt/stack/data/venv/lib/python3.12/site-packages/oslo_config/cfg.py:3006}}
Apr 03 02:57:33.921822 np0000163371 nova-scheduler[107545]: DEBUG cotyledon.oslo_config_glue [-] zvm.cloud_connector_url = None {{(pid=107545) log_opt_values /opt/stack/data/venv/lib/python3.12/site-packages/oslo_config/cfg.py:3006}}
Apr 03 02:57:33.921822 np0000163371 nova-scheduler[107545]: DEBUG cotyledon.oslo_config_glue [-] zvm.image_tmp_path = /opt/stack/data/nova/images {{(pid=107545) log_opt_values /opt/stack/data/venv/lib/python3.12/site-packages/oslo_config/cfg.py:3006}}
Apr 03 02:57:33.921822 np0000163371 nova-scheduler[107545]: DEBUG cotyledon.oslo_config_glue [-] zvm.reachable_timeout = 300 {{(pid=107545) log_opt_values /opt/stack/data/venv/lib/python3.12/site-packages/oslo_config/cfg.py:3006}}
Apr 03 02:57:33.921822 np0000163371 nova-scheduler[107545]: DEBUG cotyledon.oslo_config_glue [-] oslo_versionedobjects.fatal_exception_format_errors = False {{(pid=107545) log_opt_values /opt/stack/data/venv/lib/python3.12/site-packages/oslo_config/cfg.py:3006}}
Apr 03 02:57:33.921822 np0000163371 nova-scheduler[107545]: DEBUG cotyledon.oslo_config_glue [-] oslo_middleware.http_basic_auth_user_file = /etc/htpasswd {{(pid=107545) log_opt_values /opt/stack/data/venv/lib/python3.12/site-packages/oslo_config/cfg.py:3006}}
Apr 03 02:57:33.921822 np0000163371 nova-scheduler[107545]: DEBUG cotyledon.oslo_config_glue [-] oslo_messaging_metrics.metrics_buffer_size = 1000 {{(pid=107545) log_opt_values /opt/stack/data/venv/lib/python3.12/site-packages/oslo_config/cfg.py:3006}}
Apr 03 02:57:33.922027 np0000163371 nova-scheduler[107545]: DEBUG cotyledon.oslo_config_glue [-] oslo_messaging_metrics.metrics_enabled = False {{(pid=107545) log_opt_values /opt/stack/data/venv/lib/python3.12/site-packages/oslo_config/cfg.py:3006}}
Apr 03 02:57:33.922027 np0000163371 nova-scheduler[107545]: DEBUG cotyledon.oslo_config_glue [-] oslo_messaging_metrics.metrics_process_name = {{(pid=107545) log_opt_values /opt/stack/data/venv/lib/python3.12/site-packages/oslo_config/cfg.py:3006}}
Apr 03 02:57:33.922027 np0000163371 nova-scheduler[107545]: DEBUG cotyledon.oslo_config_glue [-] oslo_messaging_metrics.metrics_socket_file = /var/tmp/metrics_collector.sock {{(pid=107545) log_opt_values /opt/stack/data/venv/lib/python3.12/site-packages/oslo_config/cfg.py:3006}}
Apr 03 02:57:33.922027 np0000163371 nova-scheduler[107545]: DEBUG cotyledon.oslo_config_glue [-] oslo_messaging_metrics.metrics_thread_stop_timeout = 10 {{(pid=107545) log_opt_values /opt/stack/data/venv/lib/python3.12/site-packages/oslo_config/cfg.py:3006}}
Apr 03 02:57:33.922027 np0000163371 nova-scheduler[107545]: DEBUG cotyledon.oslo_config_glue [-] profiler.connection_string = messaging:// {{(pid=107545) log_opt_values /opt/stack/data/venv/lib/python3.12/site-packages/oslo_config/cfg.py:3006}}
Apr 03 02:57:33.922027 np0000163371 nova-scheduler[107545]: DEBUG cotyledon.oslo_config_glue [-] profiler.enabled = False {{(pid=107545) log_opt_values /opt/stack/data/venv/lib/python3.12/site-packages/oslo_config/cfg.py:3006}}
Apr 03 02:57:33.922027 np0000163371 nova-scheduler[107545]: DEBUG cotyledon.oslo_config_glue [-] profiler.es_doc_type = notification {{(pid=107545) log_opt_values /opt/stack/data/venv/lib/python3.12/site-packages/oslo_config/cfg.py:3006}}
Apr 03 02:57:33.922027 np0000163371 nova-scheduler[107545]: DEBUG cotyledon.oslo_config_glue [-] profiler.es_scroll_size = 10000 {{(pid=107545) log_opt_values /opt/stack/data/venv/lib/python3.12/site-packages/oslo_config/cfg.py:3006}}
Apr 03 02:57:33.922027 np0000163371 nova-scheduler[107545]: DEBUG cotyledon.oslo_config_glue [-] profiler.es_scroll_time = 2m {{(pid=107545) log_opt_values /opt/stack/data/venv/lib/python3.12/site-packages/oslo_config/cfg.py:3006}}
Apr 03 02:57:33.922246 np0000163371 nova-scheduler[107545]: DEBUG cotyledon.oslo_config_glue [-] profiler.filter_error_trace = False {{(pid=107545) log_opt_values /opt/stack/data/venv/lib/python3.12/site-packages/oslo_config/cfg.py:3006}}
Apr 03 02:57:33.922246 np0000163371 nova-scheduler[107545]: DEBUG cotyledon.oslo_config_glue [-] profiler.hmac_keys = **** {{(pid=107545) log_opt_values /opt/stack/data/venv/lib/python3.12/site-packages/oslo_config/cfg.py:3006}}
Apr 03 02:57:33.922246 np0000163371 nova-scheduler[107545]: DEBUG cotyledon.oslo_config_glue [-] profiler.sentinel_service_name = mymaster {{(pid=107545) log_opt_values /opt/stack/data/venv/lib/python3.12/site-packages/oslo_config/cfg.py:3006}}
Apr 03 02:57:33.922246 np0000163371 nova-scheduler[107545]: DEBUG cotyledon.oslo_config_glue [-] profiler.socket_timeout = 0.1 {{(pid=107545) log_opt_values /opt/stack/data/venv/lib/python3.12/site-packages/oslo_config/cfg.py:3006}}
Apr 03 02:57:33.922246 np0000163371 nova-scheduler[107545]: DEBUG cotyledon.oslo_config_glue [-] profiler.trace_requests = False {{(pid=107545) log_opt_values /opt/stack/data/venv/lib/python3.12/site-packages/oslo_config/cfg.py:3006}}
Apr 03 02:57:33.922246 np0000163371 nova-scheduler[107545]: DEBUG cotyledon.oslo_config_glue [-] profiler.trace_sqlalchemy = False {{(pid=107545) log_opt_values /opt/stack/data/venv/lib/python3.12/site-packages/oslo_config/cfg.py:3006}}
Apr 03 02:57:33.922246 np0000163371 nova-scheduler[107545]: DEBUG cotyledon.oslo_config_glue [-] profiler_jaeger.process_tags = {} {{(pid=107545) log_opt_values /opt/stack/data/venv/lib/python3.12/site-packages/oslo_config/cfg.py:3006}}
Apr 03 02:57:33.922246 np0000163371 nova-scheduler[107545]: DEBUG cotyledon.oslo_config_glue [-] profiler_jaeger.service_name_prefix = None {{(pid=107545) log_opt_values /opt/stack/data/venv/lib/python3.12/site-packages/oslo_config/cfg.py:3006}}
Apr 03 02:57:33.922246 np0000163371 nova-scheduler[107545]: DEBUG cotyledon.oslo_config_glue [-] profiler_otlp.service_name_prefix = None {{(pid=107545) log_opt_values /opt/stack/data/venv/lib/python3.12/site-packages/oslo_config/cfg.py:3006}}
Apr 03 02:57:33.922466 np0000163371 nova-scheduler[107545]: DEBUG cotyledon.oslo_config_glue [-] oslo_messaging_rabbit.amqp_auto_delete = False {{(pid=107545) log_opt_values /opt/stack/data/venv/lib/python3.12/site-packages/oslo_config/cfg.py:3006}}
Apr 03 02:57:33.922466 np0000163371 nova-scheduler[107545]: DEBUG cotyledon.oslo_config_glue [-] oslo_messaging_rabbit.amqp_durable_queues = False {{(pid=107545) log_opt_values /opt/stack/data/venv/lib/python3.12/site-packages/oslo_config/cfg.py:3006}}
Apr 03 02:57:33.922466 np0000163371 nova-scheduler[107545]: DEBUG cotyledon.oslo_config_glue [-] oslo_messaging_rabbit.conn_pool_min_size = 2 {{(pid=107545) log_opt_values /opt/stack/data/venv/lib/python3.12/site-packages/oslo_config/cfg.py:3006}}
Apr 03 02:57:33.922466 np0000163371 nova-scheduler[107545]: DEBUG cotyledon.oslo_config_glue [-] oslo_messaging_rabbit.conn_pool_ttl = 1200 {{(pid=107545) log_opt_values /opt/stack/data/venv/lib/python3.12/site-packages/oslo_config/cfg.py:3006}}
Apr 03 02:57:33.922466 np0000163371 nova-scheduler[107545]: DEBUG cotyledon.oslo_config_glue [-] oslo_messaging_rabbit.direct_mandatory_flag = True {{(pid=107545) log_opt_values /opt/stack/data/venv/lib/python3.12/site-packages/oslo_config/cfg.py:3006}}
Apr 03 02:57:33.922466 np0000163371 nova-scheduler[107545]: DEBUG cotyledon.oslo_config_glue [-] oslo_messaging_rabbit.enable_cancel_on_failover = False {{(pid=107545) log_opt_values /opt/stack/data/venv/lib/python3.12/site-packages/oslo_config/cfg.py:3006}}
Apr 03 02:57:33.922466 np0000163371 nova-scheduler[107545]: DEBUG cotyledon.oslo_config_glue [-] oslo_messaging_rabbit.heartbeat_in_pthread = False {{(pid=107545) log_opt_values /opt/stack/data/venv/lib/python3.12/site-packages/oslo_config/cfg.py:3006}}
Apr 03 02:57:33.922466 np0000163371 nova-scheduler[107545]: DEBUG cotyledon.oslo_config_glue [-] oslo_messaging_rabbit.heartbeat_rate = 3 {{(pid=107545) log_opt_values /opt/stack/data/venv/lib/python3.12/site-packages/oslo_config/cfg.py:3006}}
Apr 03 02:57:33.922466 np0000163371 nova-scheduler[107545]: DEBUG cotyledon.oslo_config_glue [-] oslo_messaging_rabbit.heartbeat_timeout_threshold = 60 {{(pid=107545) log_opt_values /opt/stack/data/venv/lib/python3.12/site-packages/oslo_config/cfg.py:3006}}
Apr 03 02:57:33.922667 np0000163371 nova-scheduler[107545]: DEBUG cotyledon.oslo_config_glue [-] oslo_messaging_rabbit.hostname = np0000163371 {{(pid=107545) log_opt_values /opt/stack/data/venv/lib/python3.12/site-packages/oslo_config/cfg.py:3006}}
Apr 03 02:57:33.922667 np0000163371 nova-scheduler[107545]: DEBUG cotyledon.oslo_config_glue [-] oslo_messaging_rabbit.kombu_compression = None {{(pid=107545) log_opt_values /opt/stack/data/venv/lib/python3.12/site-packages/oslo_config/cfg.py:3006}}
Apr 03 02:57:33.922667 np0000163371 nova-scheduler[107545]: DEBUG cotyledon.oslo_config_glue [-] oslo_messaging_rabbit.kombu_failover_strategy = round-robin {{(pid=107545) log_opt_values /opt/stack/data/venv/lib/python3.12/site-packages/oslo_config/cfg.py:3006}}
Apr 03 02:57:33.922667 np0000163371 nova-scheduler[107545]: DEBUG cotyledon.oslo_config_glue [-] oslo_messaging_rabbit.kombu_missing_consumer_retry_timeout = 60 {{(pid=107545) log_opt_values /opt/stack/data/venv/lib/python3.12/site-packages/oslo_config/cfg.py:3006}}
Apr 03 02:57:33.922667 np0000163371 nova-scheduler[107545]: DEBUG cotyledon.oslo_config_glue [-] oslo_messaging_rabbit.kombu_reconnect_delay = 1.0 {{(pid=107545) log_opt_values /opt/stack/data/venv/lib/python3.12/site-packages/oslo_config/cfg.py:3006}}
Apr 03 02:57:33.922667 np0000163371 nova-scheduler[107545]: DEBUG cotyledon.oslo_config_glue [-] oslo_messaging_rabbit.kombu_reconnect_splay = 0.0 {{(pid=107545) log_opt_values /opt/stack/data/venv/lib/python3.12/site-packages/oslo_config/cfg.py:3006}}
Apr 03 02:57:33.922667 np0000163371 nova-scheduler[107545]: DEBUG cotyledon.oslo_config_glue [-] oslo_messaging_rabbit.processname = nova-scheduler {{(pid=107545) log_opt_values /opt/stack/data/venv/lib/python3.12/site-packages/oslo_config/cfg.py:3006}}
Apr 03 02:57:33.922667 np0000163371 nova-scheduler[107545]: DEBUG cotyledon.oslo_config_glue [-] oslo_messaging_rabbit.rabbit_ha_queues = False {{(pid=107545) log_opt_values /opt/stack/data/venv/lib/python3.12/site-packages/oslo_config/cfg.py:3006}}
Apr 03 02:57:33.922667 np0000163371 nova-scheduler[107545]: DEBUG cotyledon.oslo_config_glue [-] oslo_messaging_rabbit.rabbit_interval_max = 30 {{(pid=107545) log_opt_values /opt/stack/data/venv/lib/python3.12/site-packages/oslo_config/cfg.py:3006}}
Apr 03 02:57:33.922885 np0000163371 nova-scheduler[107545]: DEBUG cotyledon.oslo_config_glue [-] oslo_messaging_rabbit.rabbit_login_method = AMQPLAIN {{(pid=107545) log_opt_values /opt/stack/data/venv/lib/python3.12/site-packages/oslo_config/cfg.py:3006}}
Apr 03 02:57:33.922885 np0000163371 nova-scheduler[107545]: DEBUG cotyledon.oslo_config_glue [-] oslo_messaging_rabbit.rabbit_qos_prefetch_count = 0 {{(pid=107545) log_opt_values /opt/stack/data/venv/lib/python3.12/site-packages/oslo_config/cfg.py:3006}}
Apr 03 02:57:33.922885 np0000163371 nova-scheduler[107545]: DEBUG cotyledon.oslo_config_glue [-] oslo_messaging_rabbit.rabbit_quorum_delivery_limit = 0 {{(pid=107545) log_opt_values /opt/stack/data/venv/lib/python3.12/site-packages/oslo_config/cfg.py:3006}}
Apr 03 02:57:33.922885 np0000163371 nova-scheduler[107545]: DEBUG cotyledon.oslo_config_glue [-] oslo_messaging_rabbit.rabbit_quorum_max_memory_bytes = 0 {{(pid=107545) log_opt_values /opt/stack/data/venv/lib/python3.12/site-packages/oslo_config/cfg.py:3006}}
Apr 03 02:57:33.922885 np0000163371 nova-scheduler[107545]: DEBUG cotyledon.oslo_config_glue [-] oslo_messaging_rabbit.rabbit_quorum_max_memory_length = 0 {{(pid=107545) log_opt_values /opt/stack/data/venv/lib/python3.12/site-packages/oslo_config/cfg.py:3006}}
Apr 03 02:57:33.922885 np0000163371 nova-scheduler[107545]: DEBUG cotyledon.oslo_config_glue [-] oslo_messaging_rabbit.rabbit_quorum_queue = False {{(pid=107545) log_opt_values /opt/stack/data/venv/lib/python3.12/site-packages/oslo_config/cfg.py:3006}}
Apr 03 02:57:33.922885 np0000163371 nova-scheduler[107545]: DEBUG cotyledon.oslo_config_glue [-] oslo_messaging_rabbit.rabbit_retry_backoff = 2 {{(pid=107545) log_opt_values /opt/stack/data/venv/lib/python3.12/site-packages/oslo_config/cfg.py:3006}}
Apr 03 02:57:33.922885 np0000163371 nova-scheduler[107545]: DEBUG cotyledon.oslo_config_glue [-] oslo_messaging_rabbit.rabbit_retry_interval = 1 {{(pid=107545) log_opt_values /opt/stack/data/venv/lib/python3.12/site-packages/oslo_config/cfg.py:3006}}
Apr 03 02:57:33.923063 np0000163371 nova-scheduler[107545]: DEBUG cotyledon.oslo_config_glue [-] oslo_messaging_rabbit.rabbit_stream_fanout = False {{(pid=107545) log_opt_values /opt/stack/data/venv/lib/python3.12/site-packages/oslo_config/cfg.py:3006}}
Apr 03 02:57:33.923063 np0000163371 nova-scheduler[107545]: DEBUG cotyledon.oslo_config_glue [-] oslo_messaging_rabbit.rabbit_transient_queues_ttl = 1800 {{(pid=107545) log_opt_values /opt/stack/data/venv/lib/python3.12/site-packages/oslo_config/cfg.py:3006}}
Apr 03 02:57:33.923063 np0000163371 nova-scheduler[107545]: DEBUG cotyledon.oslo_config_glue [-] oslo_messaging_rabbit.rabbit_transient_quorum_queue = False {{(pid=107545) log_opt_values /opt/stack/data/venv/lib/python3.12/site-packages/oslo_config/cfg.py:3006}}
Apr 03 02:57:33.923063 np0000163371 nova-scheduler[107545]: DEBUG cotyledon.oslo_config_glue [-] oslo_messaging_rabbit.rpc_conn_pool_size = 30 {{(pid=107545) log_opt_values /opt/stack/data/venv/lib/python3.12/site-packages/oslo_config/cfg.py:3006}}
Apr 03 02:57:33.923063 np0000163371 nova-scheduler[107545]: DEBUG cotyledon.oslo_config_glue [-] oslo_messaging_rabbit.ssl = False {{(pid=107545) log_opt_values /opt/stack/data/venv/lib/python3.12/site-packages/oslo_config/cfg.py:3006}}
Apr 03 02:57:33.923063 np0000163371 nova-scheduler[107545]: DEBUG cotyledon.oslo_config_glue [-] oslo_messaging_rabbit.ssl_ca_file = {{(pid=107545) log_opt_values /opt/stack/data/venv/lib/python3.12/site-packages/oslo_config/cfg.py:3006}}
Apr 03 02:57:33.923063 np0000163371 nova-scheduler[107545]: DEBUG cotyledon.oslo_config_glue [-] oslo_messaging_rabbit.ssl_cert_file = {{(pid=107545) log_opt_values /opt/stack/data/venv/lib/python3.12/site-packages/oslo_config/cfg.py:3006}}
Apr 03 02:57:33.923063 np0000163371 nova-scheduler[107545]: DEBUG cotyledon.oslo_config_glue [-] oslo_messaging_rabbit.ssl_enforce_fips_mode = False {{(pid=107545) log_opt_values /opt/stack/data/venv/lib/python3.12/site-packages/oslo_config/cfg.py:3006}}
Apr 03 02:57:33.923063 np0000163371 nova-scheduler[107545]: DEBUG cotyledon.oslo_config_glue [-] oslo_messaging_rabbit.ssl_key_file = {{(pid=107545) log_opt_values /opt/stack/data/venv/lib/python3.12/site-packages/oslo_config/cfg.py:3006}}
Apr 03 02:57:33.923299 np0000163371 nova-scheduler[107545]: DEBUG cotyledon.oslo_config_glue [-] oslo_messaging_rabbit.ssl_version = {{(pid=107545) log_opt_values /opt/stack/data/venv/lib/python3.12/site-packages/oslo_config/cfg.py:3006}}
Apr 03 02:57:33.923299 np0000163371 nova-scheduler[107545]: DEBUG cotyledon.oslo_config_glue [-] oslo_messaging_rabbit.use_queue_manager = False {{(pid=107545) log_opt_values /opt/stack/data/venv/lib/python3.12/site-packages/oslo_config/cfg.py:3006}}
Apr 03 02:57:33.923299 np0000163371 nova-scheduler[107545]: DEBUG cotyledon.oslo_config_glue [-] oslo_messaging_notifications.driver = ['messagingv2'] {{(pid=107545) log_opt_values /opt/stack/data/venv/lib/python3.12/site-packages/oslo_config/cfg.py:3006}}
Apr 03 02:57:33.923299 np0000163371 nova-scheduler[107545]: DEBUG cotyledon.oslo_config_glue [-] oslo_messaging_notifications.retry = -1 {{(pid=107545) log_opt_values /opt/stack/data/venv/lib/python3.12/site-packages/oslo_config/cfg.py:3006}}
Apr 03 02:57:33.923299 np0000163371 nova-scheduler[107545]: DEBUG cotyledon.oslo_config_glue [-] oslo_messaging_notifications.topics = ['notifications'] {{(pid=107545) log_opt_values /opt/stack/data/venv/lib/python3.12/site-packages/oslo_config/cfg.py:3006}}
Apr 03 02:57:33.923299 np0000163371 nova-scheduler[107545]: DEBUG cotyledon.oslo_config_glue [-] oslo_messaging_notifications.transport_url = **** {{(pid=107545) log_opt_values /opt/stack/data/venv/lib/python3.12/site-packages/oslo_config/cfg.py:3006}}
Apr 03 02:57:33.923299 np0000163371 nova-scheduler[107545]: DEBUG cotyledon.oslo_config_glue [-] oslo_limit.auth_section = None {{(pid=107545) log_opt_values /opt/stack/data/venv/lib/python3.12/site-packages/oslo_config/cfg.py:3006}}
Apr 03 02:57:33.923299 np0000163371 nova-scheduler[107545]: DEBUG cotyledon.oslo_config_glue [-] oslo_limit.auth_type = None {{(pid=107545) log_opt_values /opt/stack/data/venv/lib/python3.12/site-packages/oslo_config/cfg.py:3006}}
Apr 03 02:57:33.923299 np0000163371 nova-scheduler[107545]: DEBUG cotyledon.oslo_config_glue [-] oslo_limit.cafile = None {{(pid=107545) log_opt_values /opt/stack/data/venv/lib/python3.12/site-packages/oslo_config/cfg.py:3006}}
Apr 03 02:57:33.923606 np0000163371 nova-scheduler[107535]: DEBUG oslo_db.sqlalchemy.engines [None req-7ef26df2-740c-46b4-8dc6-14765bc32507 None None] MySQL server mode set to STRICT_TRANS_TABLES,STRICT_ALL_TABLES,NO_ZERO_IN_DATE,NO_ZERO_DATE,ERROR_FOR_DIVISION_BY_ZERO,TRADITIONAL,NO_ENGINE_SUBSTITUTION {{(pid=107535) _check_effective_sql_mode /opt/stack/data/venv/lib/python3.12/site-packages/oslo_db/sqlalchemy/engines.py:325}}
Apr 03 02:57:33.923640 np0000163371 nova-scheduler[107545]: DEBUG cotyledon.oslo_config_glue [-] oslo_limit.certfile = None {{(pid=107545) log_opt_values /opt/stack/data/venv/lib/python3.12/site-packages/oslo_config/cfg.py:3006}}
Apr 03 02:57:33.923640 np0000163371 nova-scheduler[107545]: DEBUG cotyledon.oslo_config_glue [-] oslo_limit.collect_timing = False {{(pid=107545) log_opt_values /opt/stack/data/venv/lib/python3.12/site-packages/oslo_config/cfg.py:3006}}
Apr 03 02:57:33.923640 np0000163371 nova-scheduler[107545]: DEBUG cotyledon.oslo_config_glue [-] oslo_limit.connect_retries = None {{(pid=107545) log_opt_values /opt/stack/data/venv/lib/python3.12/site-packages/oslo_config/cfg.py:3006}}
Apr 03 02:57:33.923640 np0000163371 nova-scheduler[107545]: DEBUG cotyledon.oslo_config_glue [-] oslo_limit.connect_retry_delay = None {{(pid=107545) log_opt_values /opt/stack/data/venv/lib/python3.12/site-packages/oslo_config/cfg.py:3006}}
Apr 03 02:57:33.923640 np0000163371 nova-scheduler[107545]: DEBUG cotyledon.oslo_config_glue [-] oslo_limit.endpoint_id = None {{(pid=107545) log_opt_values /opt/stack/data/venv/lib/python3.12/site-packages/oslo_config/cfg.py:3006}}
Apr 03 02:57:33.923640 np0000163371 nova-scheduler[107545]: DEBUG cotyledon.oslo_config_glue [-] oslo_limit.endpoint_interface = public {{(pid=107545) log_opt_values /opt/stack/data/venv/lib/python3.12/site-packages/oslo_config/cfg.py:3006}}
Apr 03 02:57:33.923640 np0000163371 nova-scheduler[107545]: DEBUG cotyledon.oslo_config_glue [-] oslo_limit.endpoint_override = None {{(pid=107545) log_opt_values /opt/stack/data/venv/lib/python3.12/site-packages/oslo_config/cfg.py:3006}}
Apr 03 02:57:33.923640 np0000163371 nova-scheduler[107545]: DEBUG cotyledon.oslo_config_glue [-] oslo_limit.endpoint_region_name = None {{(pid=107545) log_opt_values /opt/stack/data/venv/lib/python3.12/site-packages/oslo_config/cfg.py:3006}}
Apr 03 02:57:33.923640 np0000163371 nova-scheduler[107545]: DEBUG cotyledon.oslo_config_glue [-] oslo_limit.endpoint_service_name = None {{(pid=107545) log_opt_values /opt/stack/data/venv/lib/python3.12/site-packages/oslo_config/cfg.py:3006}}
Apr 03 02:57:33.923859 np0000163371 nova-scheduler[107545]: DEBUG cotyledon.oslo_config_glue [-] oslo_limit.endpoint_service_type = None {{(pid=107545) log_opt_values /opt/stack/data/venv/lib/python3.12/site-packages/oslo_config/cfg.py:3006}}
Apr 03 02:57:33.923859 np0000163371 nova-scheduler[107545]: DEBUG cotyledon.oslo_config_glue [-] oslo_limit.insecure = False {{(pid=107545) log_opt_values /opt/stack/data/venv/lib/python3.12/site-packages/oslo_config/cfg.py:3006}}
Apr 03 02:57:33.923859 np0000163371 nova-scheduler[107545]: DEBUG cotyledon.oslo_config_glue [-] oslo_limit.keyfile = None {{(pid=107545) log_opt_values /opt/stack/data/venv/lib/python3.12/site-packages/oslo_config/cfg.py:3006}}
Apr 03 02:57:33.923859 np0000163371 nova-scheduler[107545]: DEBUG cotyledon.oslo_config_glue [-] oslo_limit.max_version = None {{(pid=107545) log_opt_values /opt/stack/data/venv/lib/python3.12/site-packages/oslo_config/cfg.py:3006}}
Apr 03 02:57:33.923859 np0000163371 nova-scheduler[107545]: DEBUG cotyledon.oslo_config_glue [-] oslo_limit.min_version = None {{(pid=107545) log_opt_values /opt/stack/data/venv/lib/python3.12/site-packages/oslo_config/cfg.py:3006}}
Apr 03 02:57:33.923859 np0000163371 nova-scheduler[107545]: DEBUG cotyledon.oslo_config_glue [-] oslo_limit.region_name = None {{(pid=107545) log_opt_values /opt/stack/data/venv/lib/python3.12/site-packages/oslo_config/cfg.py:3006}}
Apr 03 02:57:33.923859 np0000163371 nova-scheduler[107545]: DEBUG cotyledon.oslo_config_glue [-] oslo_limit.retriable_status_codes = None {{(pid=107545) log_opt_values /opt/stack/data/venv/lib/python3.12/site-packages/oslo_config/cfg.py:3006}}
Apr 03 02:57:33.923859 np0000163371 nova-scheduler[107545]: DEBUG cotyledon.oslo_config_glue [-] oslo_limit.service_name = None {{(pid=107545) log_opt_values /opt/stack/data/venv/lib/python3.12/site-packages/oslo_config/cfg.py:3006}}
Apr 03 02:57:33.923859 np0000163371 nova-scheduler[107545]: DEBUG cotyledon.oslo_config_glue [-] oslo_limit.service_type = None {{(pid=107545) log_opt_values /opt/stack/data/venv/lib/python3.12/site-packages/oslo_config/cfg.py:3006}}
Apr 03 02:57:33.924063 np0000163371 nova-scheduler[107545]: DEBUG cotyledon.oslo_config_glue [-] oslo_limit.split_loggers = False {{(pid=107545) log_opt_values /opt/stack/data/venv/lib/python3.12/site-packages/oslo_config/cfg.py:3006}}
Apr 03 02:57:33.924063 np0000163371 nova-scheduler[107545]: DEBUG cotyledon.oslo_config_glue [-] oslo_limit.status_code_retries = None {{(pid=107545) log_opt_values /opt/stack/data/venv/lib/python3.12/site-packages/oslo_config/cfg.py:3006}}
Apr 03 02:57:33.924063 np0000163371 nova-scheduler[107545]: DEBUG cotyledon.oslo_config_glue [-] oslo_limit.status_code_retry_delay = None {{(pid=107545) log_opt_values /opt/stack/data/venv/lib/python3.12/site-packages/oslo_config/cfg.py:3006}}
Apr 03 02:57:33.924063 np0000163371 nova-scheduler[107545]: DEBUG cotyledon.oslo_config_glue [-] oslo_limit.timeout = None {{(pid=107545) log_opt_values /opt/stack/data/venv/lib/python3.12/site-packages/oslo_config/cfg.py:3006}}
Apr 03 02:57:33.924063 np0000163371 nova-scheduler[107545]: DEBUG cotyledon.oslo_config_glue [-] oslo_limit.valid_interfaces = None {{(pid=107545) log_opt_values /opt/stack/data/venv/lib/python3.12/site-packages/oslo_config/cfg.py:3006}}
Apr 03 02:57:33.924063 np0000163371 nova-scheduler[107545]: DEBUG cotyledon.oslo_config_glue [-] oslo_limit.version = None {{(pid=107545) log_opt_values /opt/stack/data/venv/lib/python3.12/site-packages/oslo_config/cfg.py:3006}}
Apr 03 02:57:33.924063 np0000163371 nova-scheduler[107545]: DEBUG cotyledon.oslo_config_glue [-] oslo_reports.file_event_handler = None {{(pid=107545) log_opt_values /opt/stack/data/venv/lib/python3.12/site-packages/oslo_config/cfg.py:3006}}
Apr 03 02:57:33.924063 np0000163371 nova-scheduler[107545]: DEBUG cotyledon.oslo_config_glue [-] oslo_reports.file_event_handler_interval = 1 {{(pid=107545) log_opt_values /opt/stack/data/venv/lib/python3.12/site-packages/oslo_config/cfg.py:3006}}
Apr 03 02:57:33.924063 np0000163371 nova-scheduler[107545]: DEBUG cotyledon.oslo_config_glue [-] oslo_reports.log_dir = None {{(pid=107545) log_opt_values /opt/stack/data/venv/lib/python3.12/site-packages/oslo_config/cfg.py:3006}}
Apr 03 02:57:33.924283 np0000163371 nova-scheduler[107545]: DEBUG cotyledon.oslo_config_glue [-] ******************************************************************************** {{(pid=107545) log_opt_values /opt/stack/data/venv/lib/python3.12/site-packages/oslo_config/cfg.py:3013}}
Apr 03 02:57:33.924283 np0000163371 nova-scheduler[107545]: DEBUG cotyledon._service_worker [-] Run service ServiceWrapper(3) [107545] {{(pid=107545) wait_forever /opt/stack/data/venv/lib/python3.12/site-packages/cotyledon/_service_worker.py:218}}
Apr 03 02:57:33.924283 np0000163371 nova-scheduler[107545]: INFO nova.service [-] Starting scheduler node (version 33.1.0)
Apr 03 02:57:33.924283 np0000163371 nova-scheduler[107545]: INFO dbcounter [None req-4c33bd4c-dcca-4682-bae7-4aa25c5c734a None None] Registered counter for database nova_cell0
Apr 03 02:57:33.924379 np0000163371 nova-scheduler[107535]: DEBUG dbcounter [-] [107535] Writer thread running {{(pid=107535) stat_writer /opt/stack/data/venv/lib/python3.12/site-packages/dbcounter.py:102}}
Apr 03 02:57:33.924406 np0000163371 nova-scheduler[107519]: DEBUG nova.service [None req-5310bdaa-f793-4eb4-a7c2-2b0d4bd536e6 None None] Creating RPC server for service: nova-scheduler on topic: scheduler {{(pid=107519) start /opt/stack/nova/nova/service.py:195}}
Apr 03 02:57:33.924442 np0000163371 nova-scheduler[107527]: DEBUG nova.service [None req-285273d2-11f2-4dfb-b93a-fe4c2693565d None None] Creating RPC server for service: nova-scheduler on topic: scheduler {{(pid=107527) start /opt/stack/nova/nova/service.py:195}}
Apr 03 02:57:33.924473 np0000163371 nova-scheduler[107545]: DEBUG oslo_db.sqlalchemy.engines [None req-4c33bd4c-dcca-4682-bae7-4aa25c5c734a None None] MySQL server mode set to STRICT_TRANS_TABLES,STRICT_ALL_TABLES,NO_ZERO_IN_DATE,NO_ZERO_DATE,ERROR_FOR_DIVISION_BY_ZERO,TRADITIONAL,NO_ENGINE_SUBSTITUTION {{(pid=107545) _check_effective_sql_mode /opt/stack/data/venv/lib/python3.12/site-packages/oslo_db/sqlalchemy/engines.py:325}}
Apr 03 02:57:33.929661 np0000163371 nova-scheduler[107535]: DEBUG nova.service [None req-7ef26df2-740c-46b4-8dc6-14765bc32507 None None] Creating RPC server for service: nova-scheduler on topic: scheduler {{(pid=107535) start /opt/stack/nova/nova/service.py:195}}
Apr 03 02:57:33.936010 np0000163371 nova-scheduler[107545]: DEBUG dbcounter [-] [107545] Writer thread running {{(pid=107545) stat_writer /opt/stack/data/venv/lib/python3.12/site-packages/dbcounter.py:102}}
Apr 03 02:57:33.939698 np0000163371 nova-scheduler[107545]: DEBUG nova.service [None req-4c33bd4c-dcca-4682-bae7-4aa25c5c734a None None] Creating RPC server for service: nova-scheduler on topic: scheduler {{(pid=107545) start /opt/stack/nova/nova/service.py:195}}
Apr 03 02:57:33.948815 np0000163371 nova-scheduler[107527]: DEBUG nova.service [None req-285273d2-11f2-4dfb-b93a-fe4c2693565d None None] Join ServiceGroup membership for this service scheduler {{(pid=107527) start /opt/stack/nova/nova/service.py:221}}
Apr 03 02:57:33.949000 np0000163371 nova-scheduler[107519]: DEBUG nova.service [None req-5310bdaa-f793-4eb4-a7c2-2b0d4bd536e6 None None] Join ServiceGroup membership for this service scheduler {{(pid=107519) start /opt/stack/nova/nova/service.py:221}}
Apr 03 02:57:33.949086 np0000163371 nova-scheduler[107527]: DEBUG nova.servicegroup.drivers.db [None req-285273d2-11f2-4dfb-b93a-fe4c2693565d None None] DB_Driver: join new ServiceGroup member np0000163371 to the scheduler group, service = {{(pid=107527) join /opt/stack/nova/nova/servicegroup/drivers/db.py:44}}
Apr 03 02:57:33.949251 np0000163371 nova-scheduler[107519]: DEBUG nova.servicegroup.drivers.db [None req-5310bdaa-f793-4eb4-a7c2-2b0d4bd536e6 None None] DB_Driver: join new ServiceGroup member np0000163371 to the scheduler group, service = {{(pid=107519) join /opt/stack/nova/nova/servicegroup/drivers/db.py:44}}
Apr 03 02:57:33.951581 np0000163371 nova-scheduler[107535]: DEBUG nova.service [None req-7ef26df2-740c-46b4-8dc6-14765bc32507 None None] Join ServiceGroup membership for this service scheduler {{(pid=107535) start /opt/stack/nova/nova/service.py:221}}
Apr 03 02:57:33.951581 np0000163371 nova-scheduler[107535]: DEBUG nova.servicegroup.drivers.db [None req-7ef26df2-740c-46b4-8dc6-14765bc32507 None None] DB_Driver: join new ServiceGroup member np0000163371 to the scheduler group, service = {{(pid=107535) join /opt/stack/nova/nova/servicegroup/drivers/db.py:44}}
Apr 03 02:57:33.958831 np0000163371 nova-scheduler[107545]: DEBUG nova.service [None req-4c33bd4c-dcca-4682-bae7-4aa25c5c734a None None] Join ServiceGroup membership for this service scheduler {{(pid=107545) start /opt/stack/nova/nova/service.py:221}}
Apr 03 02:57:33.959117 np0000163371 nova-scheduler[107545]: DEBUG nova.servicegroup.drivers.db [None req-4c33bd4c-dcca-4682-bae7-4aa25c5c734a None None] DB_Driver: join new ServiceGroup member np0000163371 to the scheduler group, service = {{(pid=107545) join /opt/stack/nova/nova/servicegroup/drivers/db.py:44}}
Apr 03 02:57:35.963095 np0000163371 nova-scheduler[107545]: DEBUG oslo.service.backend._threading.loopingcall [None req-7018a706-8f27-4741-bbfd-167a7c7b3195 None None] Dynamic interval looping call 'nova.service.Service.periodic_tasks' sleeping for 60.00 seconds {{(pid=107545) _run_loop /opt/stack/data/venv/lib/python3.12/site-packages/oslo_service/backend/_threading/loopingcall.py:125}}
Apr 03 02:57:38.968782 np0000163371 nova-scheduler[107535]: DEBUG oslo.service.backend._threading.loopingcall [-] Fixed interval looping call 'nova.servicegroup.drivers.db.DbDriver._report_state' sleeping for 119.98 seconds {{(pid=107535) _run_loop /opt/stack/data/venv/lib/python3.12/site-packages/oslo_service/backend/_threading/loopingcall.py:125}}
Apr 03 02:57:38.970811 np0000163371 nova-scheduler[107527]: DEBUG oslo.service.backend._threading.loopingcall [-] Fixed interval looping call 'nova.servicegroup.drivers.db.DbDriver._report_state' sleeping for 119.98 seconds {{(pid=107527) _run_loop /opt/stack/data/venv/lib/python3.12/site-packages/oslo_service/backend/_threading/loopingcall.py:125}}
Apr 03 02:57:38.975474 np0000163371 nova-scheduler[107519]: DEBUG oslo.service.backend._threading.loopingcall [-] Fixed interval looping call 'nova.servicegroup.drivers.db.DbDriver._report_state' sleeping for 119.98 seconds {{(pid=107519) _run_loop /opt/stack/data/venv/lib/python3.12/site-packages/oslo_service/backend/_threading/loopingcall.py:125}}
Apr 03 02:57:38.979315 np0000163371 nova-scheduler[107545]: DEBUG oslo.service.backend._threading.loopingcall [-] Fixed interval looping call 'nova.servicegroup.drivers.db.DbDriver._report_state' sleeping for 119.98 seconds {{(pid=107545) _run_loop /opt/stack/data/venv/lib/python3.12/site-packages/oslo_service/backend/_threading/loopingcall.py:125}}
Apr 03 02:57:42.512071 np0000163371 nova-scheduler[106708]: DEBUG dbcounter [-] [106708] Writing DB stats nova_api:SELECT=3 {{(pid=106708) stat_writer /opt/stack/data/venv/lib/python3.12/site-packages/dbcounter.py:115}}
Apr 03 02:57:42.618184 np0000163371 nova-scheduler[106708]: DEBUG dbcounter [-] [106708] Writing DB stats nova_cell0:SELECT=1 {{(pid=106708) stat_writer /opt/stack/data/venv/lib/python3.12/site-packages/dbcounter.py:115}}
Apr 03 02:57:42.619253 np0000163371 nova-scheduler[106708]: DEBUG dbcounter [-] [106708] Writing DB stats nova_cell1:SELECT=1 {{(pid=106708) stat_writer /opt/stack/data/venv/lib/python3.12/site-packages/dbcounter.py:115}}
Apr 03 02:57:48.961710 np0000163371 nova-scheduler[107535]: DEBUG dbcounter [-] [107535] Writing DB stats nova_cell0:SELECT=4,nova_cell0:INSERT=1,nova_cell0:UPDATE=1 {{(pid=107535) stat_writer /opt/stack/data/venv/lib/python3.12/site-packages/dbcounter.py:115}}
Apr 03 02:57:48.963077 np0000163371 nova-scheduler[107527]: DEBUG dbcounter [-] [107527] Writing DB stats nova_cell0:SELECT=5,nova_cell0:INSERT=1,nova_cell0:UPDATE=1 {{(pid=107527) stat_writer /opt/stack/data/venv/lib/python3.12/site-packages/dbcounter.py:115}}
Apr 03 02:57:48.965532 np0000163371 nova-scheduler[107519]: DEBUG dbcounter [-] [107519] Writing DB stats nova_cell0:SELECT=4,nova_cell0:INSERT=1,nova_cell0:UPDATE=1 {{(pid=107519) stat_writer /opt/stack/data/venv/lib/python3.12/site-packages/dbcounter.py:115}}
Apr 03 02:57:48.973564 np0000163371 nova-scheduler[107545]: DEBUG dbcounter [-] [107545] Writing DB stats nova_cell0:SELECT=3 {{(pid=107545) stat_writer /opt/stack/data/venv/lib/python3.12/site-packages/dbcounter.py:115}}
Apr 03 02:58:01.951946 np0000163371 nova-scheduler[107527]: DEBUG oslo.service.backend._threading.loopingcall [None req-e87fbc55-1309-48a9-8caa-070397b5fee9 None None] Dynamic interval looping call 'nova.service.Service.periodic_tasks' sleeping for 60.00 seconds {{(pid=107527) _run_loop /opt/stack/data/venv/lib/python3.12/site-packages/oslo_service/backend/_threading/loopingcall.py:125}}
Apr 03 02:58:12.953059 np0000163371 nova-scheduler[107535]: DEBUG oslo.service.backend._threading.loopingcall [None req-fbc8daa7-0959-4655-9043-50e7133cf873 None None] Dynamic interval looping call 'nova.service.Service.periodic_tasks' sleeping for 60.00 seconds {{(pid=107535) _run_loop /opt/stack/data/venv/lib/python3.12/site-packages/oslo_service/backend/_threading/loopingcall.py:125}}
Apr 03 02:58:31.952360 np0000163371 nova-scheduler[107519]: DEBUG oslo.service.backend._threading.loopingcall [None req-a2b8289b-e204-4892-99e6-ee1fa7b6873c None None] Dynamic interval looping call 'nova.service.Service.periodic_tasks' sleeping for 60.00 seconds {{(pid=107519) _run_loop /opt/stack/data/venv/lib/python3.12/site-packages/oslo_service/backend/_threading/loopingcall.py:125}}
Apr 03 02:58:35.963879 np0000163371 nova-scheduler[107545]: DEBUG oslo.service.backend._threading.loopingcall [None req-7018a706-8f27-4741-bbfd-167a7c7b3195 None None] Dynamic interval looping call 'nova.service.Service.periodic_tasks' sleeping for 60.00 seconds {{(pid=107545) _run_loop /opt/stack/data/venv/lib/python3.12/site-packages/oslo_service/backend/_threading/loopingcall.py:125}}
Apr 03 02:59:01.952721 np0000163371 nova-scheduler[107527]: DEBUG oslo.service.backend._threading.loopingcall [None req-e87fbc55-1309-48a9-8caa-070397b5fee9 None None] Dynamic interval looping call 'nova.service.Service.periodic_tasks' sleeping for 60.00 seconds {{(pid=107527) _run_loop /opt/stack/data/venv/lib/python3.12/site-packages/oslo_service/backend/_threading/loopingcall.py:125}}
Apr 03 02:59:12.953972 np0000163371 nova-scheduler[107535]: DEBUG oslo.service.backend._threading.loopingcall [None req-fbc8daa7-0959-4655-9043-50e7133cf873 None None] Dynamic interval looping call 'nova.service.Service.periodic_tasks' sleeping for 60.00 seconds {{(pid=107535) _run_loop /opt/stack/data/venv/lib/python3.12/site-packages/oslo_service/backend/_threading/loopingcall.py:125}}
Apr 03 02:59:31.952891 np0000163371 nova-scheduler[107519]: DEBUG oslo.service.backend._threading.loopingcall [None req-a2b8289b-e204-4892-99e6-ee1fa7b6873c None None] Dynamic interval looping call 'nova.service.Service.periodic_tasks' sleeping for 60.00 seconds {{(pid=107519) _run_loop /opt/stack/data/venv/lib/python3.12/site-packages/oslo_service/backend/_threading/loopingcall.py:125}}
Apr 03 02:59:35.964479 np0000163371 nova-scheduler[107545]: DEBUG oslo.service.backend._threading.loopingcall [None req-7018a706-8f27-4741-bbfd-167a7c7b3195 None None] Dynamic interval looping call 'nova.service.Service.periodic_tasks' sleeping for 60.00 seconds {{(pid=107545) _run_loop /opt/stack/data/venv/lib/python3.12/site-packages/oslo_service/backend/_threading/loopingcall.py:125}}
Apr 03 02:59:38.957663 np0000163371 nova-scheduler[107535]: DEBUG oslo.service.backend._threading.loopingcall [-] Fixed interval looping call 'nova.servicegroup.drivers.db.DbDriver._report_state' sleeping for 119.99 seconds {{(pid=107535) _run_loop /opt/stack/data/venv/lib/python3.12/site-packages/oslo_service/backend/_threading/loopingcall.py:125}}
Apr 03 02:59:38.958472 np0000163371 nova-scheduler[107527]: DEBUG oslo.service.backend._threading.loopingcall [-] Fixed interval looping call 'nova.servicegroup.drivers.db.DbDriver._report_state' sleeping for 119.99 seconds {{(pid=107527) _run_loop /opt/stack/data/venv/lib/python3.12/site-packages/oslo_service/backend/_threading/loopingcall.py:125}}
Apr 03 02:59:38.960911 np0000163371 nova-scheduler[107519]: DEBUG oslo.service.backend._threading.loopingcall [-] Fixed interval looping call 'nova.servicegroup.drivers.db.DbDriver._report_state' sleeping for 119.99 seconds {{(pid=107519) _run_loop /opt/stack/data/venv/lib/python3.12/site-packages/oslo_service/backend/_threading/loopingcall.py:125}}
Apr 03 02:59:38.962913 np0000163371 nova-scheduler[107545]: DEBUG oslo.service.backend._threading.loopingcall [-] Fixed interval looping call 'nova.servicegroup.drivers.db.DbDriver._report_state' sleeping for 120.00 seconds {{(pid=107545) _run_loop /opt/stack/data/venv/lib/python3.12/site-packages/oslo_service/backend/_threading/loopingcall.py:125}}
Apr 03 02:59:48.953259 np0000163371 nova-scheduler[107535]: DEBUG dbcounter [-] [107535] Writing DB stats nova_cell0:SELECT=1,nova_cell0:UPDATE=1 {{(pid=107535) stat_writer /opt/stack/data/venv/lib/python3.12/site-packages/dbcounter.py:115}}
Apr 03 02:59:48.954314 np0000163371 nova-scheduler[107527]: DEBUG dbcounter [-] [107527] Writing DB stats nova_cell0:SELECT=1,nova_cell0:UPDATE=1 {{(pid=107527) stat_writer /opt/stack/data/venv/lib/python3.12/site-packages/dbcounter.py:115}}
Apr 03 02:59:48.958623 np0000163371 nova-scheduler[107519]: DEBUG dbcounter [-] [107519] Writing DB stats nova_cell0:SELECT=1 {{(pid=107519) stat_writer /opt/stack/data/venv/lib/python3.12/site-packages/dbcounter.py:115}}
Apr 03 02:59:48.961613 np0000163371 nova-scheduler[107545]: DEBUG dbcounter [-] [107545] Writing DB stats nova_cell0:SELECT=1 {{(pid=107545) stat_writer /opt/stack/data/venv/lib/python3.12/site-packages/dbcounter.py:115}}
Apr 03 03:00:01.953641 np0000163371 nova-scheduler[107527]: DEBUG oslo.service.backend._threading.loopingcall [None req-e87fbc55-1309-48a9-8caa-070397b5fee9 None None] Dynamic interval looping call 'nova.service.Service.periodic_tasks' sleeping for 60.00 seconds {{(pid=107527) _run_loop /opt/stack/data/venv/lib/python3.12/site-packages/oslo_service/backend/_threading/loopingcall.py:125}}
Apr 03 03:00:13.012917 np0000163371 nova-scheduler[107535]: DEBUG oslo.service.backend._threading.loopingcall [None req-fbc8daa7-0959-4655-9043-50e7133cf873 None None] Dynamic interval looping call 'nova.service.Service.periodic_tasks' sleeping for 60.00 seconds {{(pid=107535) _run_loop /opt/stack/data/venv/lib/python3.12/site-packages/oslo_service/backend/_threading/loopingcall.py:125}}
Apr 03 03:00:31.954031 np0000163371 nova-scheduler[107519]: DEBUG oslo.service.backend._threading.loopingcall [None req-a2b8289b-e204-4892-99e6-ee1fa7b6873c None None] Dynamic interval looping call 'nova.service.Service.periodic_tasks' sleeping for 60.00 seconds {{(pid=107519) _run_loop /opt/stack/data/venv/lib/python3.12/site-packages/oslo_service/backend/_threading/loopingcall.py:125}}
Apr 03 03:00:35.965192 np0000163371 nova-scheduler[107545]: DEBUG oslo.service.backend._threading.loopingcall [None req-7018a706-8f27-4741-bbfd-167a7c7b3195 None None] Dynamic interval looping call 'nova.service.Service.periodic_tasks' sleeping for 60.00 seconds {{(pid=107545) _run_loop /opt/stack/data/venv/lib/python3.12/site-packages/oslo_service/backend/_threading/loopingcall.py:125}}
Apr 03 03:01:01.954459 np0000163371 nova-scheduler[107527]: DEBUG oslo.service.backend._threading.loopingcall [None req-e87fbc55-1309-48a9-8caa-070397b5fee9 None None] Dynamic interval looping call 'nova.service.Service.periodic_tasks' sleeping for 60.00 seconds {{(pid=107527) _run_loop /opt/stack/data/venv/lib/python3.12/site-packages/oslo_service/backend/_threading/loopingcall.py:125}}
Apr 03 03:01:12.955716 np0000163371 nova-scheduler[107535]: DEBUG oslo.service.backend._threading.loopingcall [None req-fbc8daa7-0959-4655-9043-50e7133cf873 None None] Dynamic interval looping call 'nova.service.Service.periodic_tasks' sleeping for 60.00 seconds {{(pid=107535) _run_loop /opt/stack/data/venv/lib/python3.12/site-packages/oslo_service/backend/_threading/loopingcall.py:125}}
Apr 03 03:01:31.954643 np0000163371 nova-scheduler[107519]: DEBUG oslo.service.backend._threading.loopingcall [None req-a2b8289b-e204-4892-99e6-ee1fa7b6873c None None] Dynamic interval looping call 'nova.service.Service.periodic_tasks' sleeping for 60.00 seconds {{(pid=107519) _run_loop /opt/stack/data/venv/lib/python3.12/site-packages/oslo_service/backend/_threading/loopingcall.py:125}}
Apr 03 03:01:35.966059 np0000163371 nova-scheduler[107545]: DEBUG oslo.service.backend._threading.loopingcall [None req-7018a706-8f27-4741-bbfd-167a7c7b3195 None None] Dynamic interval looping call 'nova.service.Service.periodic_tasks' sleeping for 60.00 seconds {{(pid=107545) _run_loop /opt/stack/data/venv/lib/python3.12/site-packages/oslo_service/backend/_threading/loopingcall.py:125}}
Apr 03 03:01:38.956549 np0000163371 nova-scheduler[107535]: DEBUG oslo.service.backend._threading.loopingcall [-] Fixed interval looping call 'nova.servicegroup.drivers.db.DbDriver._report_state' sleeping for 119.99 seconds {{(pid=107535) _run_loop /opt/stack/data/venv/lib/python3.12/site-packages/oslo_service/backend/_threading/loopingcall.py:125}}
Apr 03 03:01:38.958124 np0000163371 nova-scheduler[107519]: DEBUG oslo.service.backend._threading.loopingcall [-] Fixed interval looping call 'nova.servicegroup.drivers.db.DbDriver._report_state' sleeping for 119.99 seconds {{(pid=107519) _run_loop /opt/stack/data/venv/lib/python3.12/site-packages/oslo_service/backend/_threading/loopingcall.py:125}}
Apr 03 03:01:38.958411 np0000163371 nova-scheduler[107527]: DEBUG oslo.service.backend._threading.loopingcall [-] Fixed interval looping call 'nova.servicegroup.drivers.db.DbDriver._report_state' sleeping for 119.99 seconds {{(pid=107527) _run_loop /opt/stack/data/venv/lib/python3.12/site-packages/oslo_service/backend/_threading/loopingcall.py:125}}
Apr 03 03:01:38.969061 np0000163371 nova-scheduler[107545]: DEBUG oslo.service.backend._threading.loopingcall [-] Fixed interval looping call 'nova.servicegroup.drivers.db.DbDriver._report_state' sleeping for 119.99 seconds {{(pid=107545) _run_loop /opt/stack/data/venv/lib/python3.12/site-packages/oslo_service/backend/_threading/loopingcall.py:125}}
Apr 03 03:01:48.378267 np0000163371 nova-scheduler[107519]: DEBUG nova.scheduler.manager [None req-e816838c-d676-4ca3-878a-6b95dcb41df4 demo demo] Starting to schedule for instances: ['99da6aff-80d6-4731-a585-39e95765af28'] {{(pid=107519) select_destinations /opt/stack/nova/nova/scheduler/manager.py:210}}
Apr 03 03:01:48.380170 np0000163371 nova-scheduler[107519]: DEBUG oslo_db.sqlalchemy.engines [None req-e816838c-d676-4ca3-878a-6b95dcb41df4 demo demo] Parent process 106708 forked (107519) with an open database connection, which is being discarded and recreated. {{(pid=107519) checkout /opt/stack/data/venv/lib/python3.12/site-packages/oslo_db/sqlalchemy/engines.py:402}}
Apr 03 03:01:48.391942 np0000163371 nova-scheduler[107519]: DEBUG dbcounter [-] [107519] Writer thread running {{(pid=107519) stat_writer /opt/stack/data/venv/lib/python3.12/site-packages/dbcounter.py:102}}
Apr 03 03:01:48.396284 np0000163371 nova-scheduler[107519]: DEBUG nova.scheduler.request_filter [None req-e816838c-d676-4ca3-878a-6b95dcb41df4 demo demo] Request filter 'map_az_to_placement_aggregate' took 0.0 seconds {{(pid=107519) wrapper /opt/stack/nova/nova/scheduler/request_filter.py:46}}
