2026-08-06 02:14:17.328 9 INFO neutron.wsgi [None req-ea9a7f6f-04b4-4cbe-a2b4-3cccb47a703b 9087e96f43424d049a6132d3e43b4108 d58100d8ecd2422b887762f8e24a12fc - - default default] 10.0.0.120 "PUT /v2.0/subnetpools/7c21ac9d-8dc6-4067-a540-1da2a539a71e/tags HTTP/1.1" status: 200 len: 218 time: 0.0268667 /var/lib/openstack/lib/python3.10/site-packages/pycadf/identifier.py:71: UserWarning: Invalid uuid: neutron. To ensure interoperability, identifiers should be a valid uuid. warnings.warn(('Invalid uuid: %s. To ensure interoperability, '
2026-08-06 02:14:17.361 10 INFO neutron.wsgi [None req-2d8b7835-04a1-4bea-94c3-0dda65c88202 9087e96f43424d049a6132d3e43b4108 d58100d8ecd2422b887762f8e24a12fc - - default default] 10.0.0.120 "GET /v2.0/subnetpools/7c21ac9d-8dc6-4067-a540-1da2a539a71e/tags HTTP/1.1" status: 200 len: 218 time: 0.0262704
2026-08-06 02:14:17.403 10 INFO neutron.wsgi [None req-89e01cb2-baae-4f6f-bc26-a658a1323680 9087e96f43424d049a6132d3e43b4108 d58100d8ecd2422b887762f8e24a12fc - - default default] 10.0.0.120 "PUT /v2.0/subnetpools/7c21ac9d-8dc6-4067-a540-1da2a539a71e/tags/green HTTP/1.1" status: 201 len: 201 time: 0.0269935
2026-08-06 02:14:17.425 10 INFO neutron.wsgi [None req-1d585883-99c9-469e-8601-935690a8974d 9087e96f43424d049a6132d3e43b4108 d58100d8ecd2422b887762f8e24a12fc - - default default] 10.0.0.120 "GET /v2.0/subnetpools/7c21ac9d-8dc6-4067-a540-1da2a539a71e/tags HTTP/1.1" status: 200 len: 227 time: 0.0168157
2026-08-06 02:14:17.460 10 INFO neutron.wsgi [None req-2a7c8808-fee4-4693-80cb-d6198bad3e0c 9087e96f43424d049a6132d3e43b4108 d58100d8ecd2422b887762f8e24a12fc - - default default] 10.0.0.120 "PUT /v2.0/subnetpools/7c21ac9d-8dc6-4067-a540-1da2a539a71e/tags/red HTTP/1.1" status: 201 len: 201 time: 0.0310285
2026-08-06 02:14:17.486 9 INFO neutron.wsgi [None req-3fa58d8e-f43b-4cf8-8c16-c148def875a2 9087e96f43424d049a6132d3e43b4108 d58100d8ecd2422b887762f8e24a12fc - - default default] 10.0.0.120 "GET /v2.0/subnetpools/7c21ac9d-8dc6-4067-a540-1da2a539a71e/tags HTTP/1.1" status: 200 len: 227 time: 0.0177250
2026-08-06 02:14:17.489 10 INFO neutron.wsgi [None req-d5f0a375-994d-4c8b-bc67-43aed0744ec4 2e4a36b2e7ce4b468af7faf9bfc3156a 0f7083d820204f31826693428e1aad01 - - default default] 10.0.0.120 "GET /v2.0/security-groups?tenant_id=a5bd5a48940d4bf59213d80c2b761e12&name=default HTTP/1.1" status: 200 len: 2996 time: 0.0321493
2026-08-06 02:14:17.521 9 INFO neutron.wsgi [None req-d14796c8-ccc5-48c7-9813-994525eb7a87 9087e96f43424d049a6132d3e43b4108 d58100d8ecd2422b887762f8e24a12fc - - default default] 10.0.0.120 "PUT /v2.0/subnetpools/7c21ac9d-8dc6-4067-a540-1da2a539a71e/tags/black.or.white HTTP/1.1" status: 201 len: 201 time: 0.0298154
2026-08-06 02:14:17.544 9 INFO neutron.wsgi [None req-e75c1a27-6ec0-409a-b3ad-bf34b4aa70e2 9087e96f43424d049a6132d3e43b4108 d58100d8ecd2422b887762f8e24a12fc - - default default] 10.0.0.120 "GET /v2.0/subnetpools/7c21ac9d-8dc6-4067-a540-1da2a539a71e/tags HTTP/1.1" status: 200 len: 245 time: 0.0176027
2026-08-06 02:14:17.583 9 INFO neutron.wsgi [None req-12b9d941-ab59-4a2f-9f0f-a8c88b1edcd7 9087e96f43424d049a6132d3e43b4108 d58100d8ecd2422b887762f8e24a12fc - - default default] 10.0.0.120 "PUT /v2.0/subnetpools/7c21ac9d-8dc6-4067-a540-1da2a539a71e/tags HTTP/1.1" status: 200 len: 230 time: 0.0342605
2026-08-06 02:14:17.605 9 INFO neutron.wsgi [None req-32365c4d-b046-4956-9032-d8fbbaaa9739 9087e96f43424d049a6132d3e43b4108 d58100d8ecd2422b887762f8e24a12fc - - default default] 10.0.0.120 "GET /v2.0/subnetpools/7c21ac9d-8dc6-4067-a540-1da2a539a71e/tags HTTP/1.1" status: 200 len: 230 time: 0.0167711
2026-08-06 02:14:17.635 9 INFO neutron.wsgi [None req-0ce46672-3d58-43c3-8aa7-6f496d61948d 9087e96f43424d049a6132d3e43b4108 d58100d8ecd2422b887762f8e24a12fc - - default default] 10.0.0.120 "GET /v2.0/subnetpools/7c21ac9d-8dc6-4067-a540-1da2a539a71e/tags/red HTTP/1.1" status: 204 len: 168 time: 0.0247362
2026-08-06 02:14:17.666 9 INFO neutron.api.v2.resource [None req-78956ec0-8964-48a7-b272-1d576f742468 9087e96f43424d049a6132d3e43b4108 d58100d8ecd2422b887762f8e24a12fc - - default default] show failed (client error): The resource could not be found.
2026-08-06 02:14:17.668 9 INFO neutron.wsgi [None req-78956ec0-8964-48a7-b272-1d576f742468 9087e96f43424d049a6132d3e43b4108 d58100d8ecd2422b887762f8e24a12fc - - default default] 10.0.0.120 "GET /v2.0/subnetpools/7c21ac9d-8dc6-4067-a540-1da2a539a71e/tags/green HTTP/1.1" status: 404 len: 299 time: 0.0283782
2026-08-06 02:14:17.692 10 INFO neutron.wsgi [None req-1744d996-1e35-4747-92ee-707cf105bb59 2e4a36b2e7ce4b468af7faf9bfc3156a 0f7083d820204f31826693428e1aad01 - - default default] 10.0.0.120 "DELETE /v2.0/security-groups/837e1d04-a21e-4f15-9e20-58ba9f271756 HTTP/1.1" status: 204 len: 168 time: 0.1971109
2026-08-06 02:14:17.704 9 INFO neutron.wsgi [None req-23d2efaf-84af-416b-b4f1-97f92f01ca9d 9087e96f43424d049a6132d3e43b4108 d58100d8ecd2422b887762f8e24a12fc - - default default] 10.0.0.120 "DELETE /v2.0/subnetpools/7c21ac9d-8dc6-4067-a540-1da2a539a71e/tags/red HTTP/1.1" status: 204 len: 168 time: 0.0316544
2026-08-06 02:14:17.724 9 INFO neutron.wsgi [None req-29738dbb-6a1d-4803-b4d9-dca0075a73b7 9087e96f43424d049a6132d3e43b4108 d58100d8ecd2422b887762f8e24a12fc - - default default] 10.0.0.120 "GET /v2.0/subnetpools/7c21ac9d-8dc6-4067-a540-1da2a539a71e/tags HTTP/1.1" status: 200 len: 223 time: 0.0159845
2026-08-06 02:14:17.747 9 INFO neutron.api.v2.resource [None req-5e17d434-befb-461e-96b2-61316eeab0ff 9087e96f43424d049a6132d3e43b4108 d58100d8ecd2422b887762f8e24a12fc - - default default] delete failed (client error): The resource could not be found.
2026-08-06 02:14:17.748 9 INFO neutron.wsgi [None req-5e17d434-befb-461e-96b2-61316eeab0ff 9087e96f43424d049a6132d3e43b4108 d58100d8ecd2422b887762f8e24a12fc - - default default] 10.0.0.120 "DELETE /v2.0/subnetpools/7c21ac9d-8dc6-4067-a540-1da2a539a71e/tags/green HTTP/1.1" status: 404 len: 299 time: 0.0194902
2026-08-06 02:14:17.790 9 INFO neutron.wsgi [None req-a7df46b2-4fb2-45bc-afa8-e298f8b97588 9087e96f43424d049a6132d3e43b4108 d58100d8ecd2422b887762f8e24a12fc - - default default] 10.0.0.120 "DELETE /v2.0/subnetpools/7c21ac9d-8dc6-4067-a540-1da2a539a71e/tags HTTP/1.1" status: 204 len: 168 time: 0.0369964
2026-08-06 02:14:17.813 9 INFO neutron.wsgi [None req-a6838b52-4df9-4ff4-83bb-7b98d12ce655 9087e96f43424d049a6132d3e43b4108 d58100d8ecd2422b887762f8e24a12fc - - default default] 10.0.0.120 "GET /v2.0/subnetpools/7c21ac9d-8dc6-4067-a540-1da2a539a71e/tags HTTP/1.1" status: 200 len: 205 time: 0.0159948
2026-08-06 02:14:17.887 9 INFO neutron.wsgi [None req-09ed2dd2-6608-4c7e-9e7c-d628d717e208 9087e96f43424d049a6132d3e43b4108 d58100d8ecd2422b887762f8e24a12fc - - default default] 10.0.0.120 "DELETE /v2.0/subnetpools/7c21ac9d-8dc6-4067-a540-1da2a539a71e HTTP/1.1" status: 204 len: 168 time: 0.0630758
2026-08-06 02:14:18.845 10 INFO neutron.db.ovn_revision_numbers_db [None req-d5759fb4-99a6-4419-96e8-597eb78d6c1c 2e4a36b2e7ce4b468af7faf9bfc3156a 0f7083d820204f31826693428e1aad01 - - default default] Successfully bumped revision number for resource 7dc17d49-a0c3-4e60-bda5-496494bc26b3 (type: security_groups) to 1
2026-08-06 02:14:18.859 10 INFO neutron.db.ovn_revision_numbers_db [None req-d5759fb4-99a6-4419-96e8-597eb78d6c1c 2e4a36b2e7ce4b468af7faf9bfc3156a 0f7083d820204f31826693428e1aad01 - - default default] Successfully bumped revision number for resource 20069313-6a48-4e1f-a5d2-8be5e6e385b7 (type: security_group_rules) to 0
2026-08-06 02:14:18.875 10 INFO neutron.db.ovn_revision_numbers_db [None req-d5759fb4-99a6-4419-96e8-597eb78d6c1c 2e4a36b2e7ce4b468af7faf9bfc3156a 0f7083d820204f31826693428e1aad01 - - default default] Successfully bumped revision number for resource b04f007d-1744-47b7-91fe-a087112f4829 (type: security_group_rules) to 0
2026-08-06 02:14:18.891 10 INFO neutron.db.ovn_revision_numbers_db [None req-d5759fb4-99a6-4419-96e8-597eb78d6c1c 2e4a36b2e7ce4b468af7faf9bfc3156a 0f7083d820204f31826693428e1aad01 - - default default] Successfully bumped revision number for resource e2214a69-bd14-46ec-8f35-9b8786516634 (type: security_group_rules) to 0
2026-08-06 02:14:18.906 10 INFO neutron.db.ovn_revision_numbers_db [None req-d5759fb4-99a6-4419-96e8-597eb78d6c1c 2e4a36b2e7ce4b468af7faf9bfc3156a 0f7083d820204f31826693428e1aad01 - - default default] Successfully bumped revision number for resource f14cbda3-be0d-4235-9abf-26acda19bd6a (type: security_group_rules) to 0
2026-08-06 02:14:18.931 10 INFO neutron.wsgi [None req-d5759fb4-99a6-4419-96e8-597eb78d6c1c 2e4a36b2e7ce4b468af7faf9bfc3156a 0f7083d820204f31826693428e1aad01 - - default default] 10.0.0.120 "GET /v2.0/security-groups?tenant_id=d58100d8ecd2422b887762f8e24a12fc&name=default HTTP/1.1" status: 200 len: 3000 time: 0.3591030
2026-08-06 02:14:19.147 10 INFO neutron.wsgi [None req-e06ba018-5bb3-4016-ac6c-ffaeb9a99a06 2e4a36b2e7ce4b468af7faf9bfc3156a 0f7083d820204f31826693428e1aad01 - - default default] 10.0.0.120 "DELETE /v2.0/security-groups/7dc17d49-a0c3-4e60-bda5-496494bc26b3 HTTP/1.1" status: 204 len: 168 time: 0.2098415
2026-08-06 02:14:19.442 9 INFO neutron.db.ovn_revision_numbers_db [None req-594ded32-9e6f-40b3-8104-51a61d94cc4c 2e4a36b2e7ce4b468af7faf9bfc3156a 0f7083d820204f31826693428e1aad01 - - default default] Successfully bumped revision number for resource 87236fbb-de85-43bc-9053-728dfa5b1b65 (type: security_groups) to 1
2026-08-06 02:14:19.460 9 INFO neutron.db.ovn_revision_numbers_db [None req-594ded32-9e6f-40b3-8104-51a61d94cc4c 2e4a36b2e7ce4b468af7faf9bfc3156a 0f7083d820204f31826693428e1aad01 - - default default] Successfully bumped revision number for resource 1d78e810-2cff-496a-acd5-84045212c69e (type: security_group_rules) to 0
2026-08-06 02:14:19.475 9 INFO neutron.db.ovn_revision_numbers_db [None req-594ded32-9e6f-40b3-8104-51a61d94cc4c 2e4a36b2e7ce4b468af7faf9bfc3156a 0f7083d820204f31826693428e1aad01 - - default default] Successfully bumped revision number for resource 420f660f-dfe5-49aa-bb5a-2c84d9bc703f (type: security_group_rules) to 0
2026-08-06 02:14:19.490 9 INFO neutron.db.ovn_revision_numbers_db [None req-594ded32-9e6f-40b3-8104-51a61d94cc4c 2e4a36b2e7ce4b468af7faf9bfc3156a 0f7083d820204f31826693428e1aad01 - - default default] Successfully bumped revision number for resource 74abbd3e-361d-4d58-b36b-8f94c244773a (type: security_group_rules) to 0
2026-08-06 02:14:19.507 9 INFO neutron.db.ovn_revision_numbers_db [None req-594ded32-9e6f-40b3-8104-51a61d94cc4c 2e4a36b2e7ce4b468af7faf9bfc3156a 0f7083d820204f31826693428e1aad01 - - default default] Successfully bumped revision number for resource dd88969b-da11-44ad-9510-79c4fe01cbe1 (type: security_group_rules) to 0
2026-08-06 02:14:19.532 9 INFO neutron.wsgi [None req-594ded32-9e6f-40b3-8104-51a61d94cc4c 2e4a36b2e7ce4b468af7faf9bfc3156a 0f7083d820204f31826693428e1aad01 - - default default] 10.0.0.120 "GET /v2.0/security-groups?tenant_id=9f9c884295f1428ea48cbc9370bf9b91&name=default HTTP/1.1" status: 200 len: 3000 time: 0.2143540
2026-08-06 02:14:19.758 9 INFO neutron.wsgi [None req-c9b5483f-8ec9-4403-baed-c61f29bd1f33 2e4a36b2e7ce4b468af7faf9bfc3156a 0f7083d820204f31826693428e1aad01 - - default default] 10.0.0.120 "DELETE /v2.0/security-groups/87236fbb-de85-43bc-9053-728dfa5b1b65 HTTP/1.1" status: 204 len: 168 time: 0.2198257
2026-08-06 02:14:20.962 9 INFO neutron.wsgi [None req-ba0436d8-a758-4fa9-9a81-eb9f365efef1 9d56ac3e479143a28af8f1ad85eb0136 b17524548e6b4120888d2c506296a585 - - default default] 10.0.0.39 "GET /v2.0/extensions HTTP/1.1" status: 200 len: 16525 time: 0.2413750
2026-08-06 02:14:21.069 9 INFO neutron.wsgi [None req-c4a43a8e-8e17-4bc0-82ea-24d9a9e1b47c 9d56ac3e479143a28af8f1ad85eb0136 b17524548e6b4120888d2c506296a585 - - default default] 10.0.0.39 "GET /v2.0/quotas/b17524548e6b4120888d2c506296a585/details HTTP/1.1" status: 200 len: 756 time: 0.0895672
2026-08-06 02:14:23.527 10 INFO neutron.db.ovn_revision_numbers_db [None req-094033c1-04c7-4ada-8532-526b29ca98db 2e4a36b2e7ce4b468af7faf9bfc3156a 0f7083d820204f31826693428e1aad01 - - default default] Successfully bumped revision number for resource 71a8ab30-99c1-4598-9678-d4143e71240e (type: security_groups) to 1
2026-08-06 02:14:23.541 10 INFO neutron.db.ovn_revision_numbers_db [None req-094033c1-04c7-4ada-8532-526b29ca98db 2e4a36b2e7ce4b468af7faf9bfc3156a 0f7083d820204f31826693428e1aad01 - - default default] Successfully bumped revision number for resource 5746374b-6267-4ae3-adc6-3d7588675164 (type: security_group_rules) to 0
2026-08-06 02:14:23.554 10 INFO neutron.db.ovn_revision_numbers_db [None req-094033c1-04c7-4ada-8532-526b29ca98db 2e4a36b2e7ce4b468af7faf9bfc3156a 0f7083d820204f31826693428e1aad01 - - default default] Successfully bumped revision number for resource 6265a1bd-986b-4dc5-ad62-b1500d6da278 (type: security_group_rules) to 0
2026-08-06 02:14:23.571 10 INFO neutron.db.ovn_revision_numbers_db [None req-094033c1-04c7-4ada-8532-526b29ca98db 2e4a36b2e7ce4b468af7faf9bfc3156a 0f7083d820204f31826693428e1aad01 - - default default] Successfully bumped revision number for resource d3614831-61b1-4115-948f-2fae7b400b9d (type: security_group_rules) to 0
2026-08-06 02:14:23.584 10 INFO neutron.db.ovn_revision_numbers_db [None req-094033c1-04c7-4ada-8532-526b29ca98db 2e4a36b2e7ce4b468af7faf9bfc3156a 0f7083d820204f31826693428e1aad01 - - default default] Successfully bumped revision number for resource dafa9166-e48b-4479-a87d-cd794ea26611 (type: security_group_rules) to 0
2026-08-06 02:14:23.606 10 INFO neutron.wsgi [None req-094033c1-04c7-4ada-8532-526b29ca98db 2e4a36b2e7ce4b468af7faf9bfc3156a 0f7083d820204f31826693428e1aad01 - - default default] 10.0.0.120 "GET /v2.0/security-groups?tenant_id=7ce0e812a93b4b6fab4cdda425e567d2&name=default HTTP/1.1" status: 200 len: 3000 time: 0.2863653
2026-08-06 02:14:23.612 10 INFO neutron.wsgi [-] 10.0.0.239 "GET / HTTP/1.1" status: 200 len: 247 time: 0.0013437
2026-08-06 02:14:23.613 10 INFO neutron.wsgi [-] 10.0.0.239 "GET / HTTP/1.1" status: 200 len: 247 time: 0.0008874
2026-08-06 02:14:23.714 10 INFO neutron.wsgi [None req-dc45dbee-4b3b-404b-bf08-739c01c61013 9d56ac3e479143a28af8f1ad85eb0136 b17524548e6b4120888d2c506296a585 - - default default] 10.0.0.39 "GET /v2.0/extensions HTTP/1.1" status: 200 len: 16525 time: 0.0089757
2026-08-06 02:14:23.813 9 INFO neutron.wsgi [None req-dfd551ee-7222-4a0d-a69c-5a2b376753a7 2e4a36b2e7ce4b468af7faf9bfc3156a 0f7083d820204f31826693428e1aad01 - - default default] 10.0.0.120 "DELETE /v2.0/security-groups/71a8ab30-99c1-4598-9678-d4143e71240e HTTP/1.1" status: 204 len: 168 time: 0.2005394
2026-08-06 02:14:23.814 10 INFO neutron.wsgi [None req-a3990abd-8d0f-4629-8d68-c70ccf6ffa60 9d56ac3e479143a28af8f1ad85eb0136 b17524548e6b4120888d2c506296a585 - - default default] 10.0.0.39 "GET /v2.0/quotas/b17524548e6b4120888d2c506296a585/details HTTP/1.1" status: 200 len: 756 time: 0.0775502
2026-08-06 02:14:23.990 10 INFO neutron.db.ovn_revision_numbers_db [None req-acd4b754-0aec-4894-97ad-b95aa0be420d 2e4a36b2e7ce4b468af7faf9bfc3156a 0f7083d820204f31826693428e1aad01 - - default default] Successfully bumped revision number for resource daea2f6a-97fa-4ab1-b60a-0e0e106f6dc8 (type: security_groups) to 1
2026-08-06 02:14:24.008 10 INFO neutron.db.ovn_revision_numbers_db [None req-acd4b754-0aec-4894-97ad-b95aa0be420d 2e4a36b2e7ce4b468af7faf9bfc3156a 0f7083d820204f31826693428e1aad01 - - default default] Successfully bumped revision number for resource 0998031c-6e95-4355-a1be-27ad432ed8bd (type: security_group_rules) to 0
2026-08-06 02:14:24.020 10 INFO neutron.db.ovn_revision_numbers_db [None req-acd4b754-0aec-4894-97ad-b95aa0be420d 2e4a36b2e7ce4b468af7faf9bfc3156a 0f7083d820204f31826693428e1aad01 - - default default] Successfully bumped revision number for resource 43587167-43a6-40ef-95d2-045b4cd01df0 (type: security_group_rules) to 0
2026-08-06 02:14:24.032 10 INFO neutron.db.ovn_revision_numbers_db [None req-acd4b754-0aec-4894-97ad-b95aa0be420d 2e4a36b2e7ce4b468af7faf9bfc3156a 0f7083d820204f31826693428e1aad01 - - default default] Successfully bumped revision number for resource 5e297ddf-eed1-4b6a-8414-2ff3ed77b07e (type: security_group_rules) to 0
2026-08-06 02:14:24.046 10 INFO neutron.db.ovn_revision_numbers_db [None req-acd4b754-0aec-4894-97ad-b95aa0be420d 2e4a36b2e7ce4b468af7faf9bfc3156a 0f7083d820204f31826693428e1aad01 - - default default] Successfully bumped revision number for resource c3bcba82-f5cf-44cb-9b87-4cbaeaaab2ea (type: security_group_rules) to 0
2026-08-06 02:14:24.070 10 INFO neutron.wsgi [None req-acd4b754-0aec-4894-97ad-b95aa0be420d 2e4a36b2e7ce4b468af7faf9bfc3156a 0f7083d820204f31826693428e1aad01 - - default default] 10.0.0.120 "GET /v2.0/security-groups?tenant_id=23e42494f04740788495067f4d34c0b5&name=default HTTP/1.1" status: 200 len: 3000 time: 0.1734693
2026-08-06 02:14:24.299 10 INFO neutron.wsgi [None req-ba86f457-a073-4eee-9225-226665f4facf 2e4a36b2e7ce4b468af7faf9bfc3156a 0f7083d820204f31826693428e1aad01 - - default default] 10.0.0.120 "DELETE /v2.0/security-groups/daea2f6a-97fa-4ab1-b60a-0e0e106f6dc8 HTTP/1.1" status: 204 len: 168 time: 0.2232513
2026-08-06 02:14:26.569 10 INFO neutron.db.ovn_revision_numbers_db [None req-d32785d8-d381-4f11-9899-a263ce3dc7c4 2e4a36b2e7ce4b468af7faf9bfc3156a 0f7083d820204f31826693428e1aad01 - - default default] Successfully bumped revision number for resource f50ce94c-9247-4c7d-8abe-d7ded833dff4 (type: security_groups) to 1
2026-08-06 02:14:26.582 10 INFO neutron.db.ovn_revision_numbers_db [None req-d32785d8-d381-4f11-9899-a263ce3dc7c4 2e4a36b2e7ce4b468af7faf9bfc3156a 0f7083d820204f31826693428e1aad01 - - default default] Successfully bumped revision number for resource 0facaff3-b7cc-46fd-baf9-be6a3cd09e12 (type: security_group_rules) to 0
2026-08-06 02:14:26.595 10 INFO neutron.db.ovn_revision_numbers_db [None req-d32785d8-d381-4f11-9899-a263ce3dc7c4 2e4a36b2e7ce4b468af7faf9bfc3156a 0f7083d820204f31826693428e1aad01 - - default default] Successfully bumped revision number for resource 98f96477-7e06-4353-af8b-f8fe7fd0b767 (type: security_group_rules) to 0
2026-08-06 02:14:26.610 10 INFO neutron.db.ovn_revision_numbers_db [None req-d32785d8-d381-4f11-9899-a263ce3dc7c4 2e4a36b2e7ce4b468af7faf9bfc3156a 0f7083d820204f31826693428e1aad01 - - default default] Successfully bumped revision number for resource a7f205de-3672-46d1-a02a-335e7f379d34 (type: security_group_rules) to 0
2026-08-06 02:14:26.624 10 INFO neutron.db.ovn_revision_numbers_db [None req-d32785d8-d381-4f11-9899-a263ce3dc7c4 2e4a36b2e7ce4b468af7faf9bfc3156a 0f7083d820204f31826693428e1aad01 - - default default] Successfully bumped revision number for resource e6909e55-14f5-4df2-bf2f-87803baced9a (type: security_group_rules) to 0
2026-08-06 02:14:26.647 10 INFO neutron.wsgi [None req-d32785d8-d381-4f11-9899-a263ce3dc7c4 2e4a36b2e7ce4b468af7faf9bfc3156a 0f7083d820204f31826693428e1aad01 - - default default] 10.0.0.120 "GET /v2.0/security-groups?tenant_id=b17524548e6b4120888d2c506296a585&name=default HTTP/1.1" status: 200 len: 3000 time: 0.3507421
2026-08-06 02:14:26.841 10 INFO neutron.wsgi [None req-7d136588-9eeb-4d01-8dea-f11847bad0d1 2e4a36b2e7ce4b468af7faf9bfc3156a 0f7083d820204f31826693428e1aad01 - - default default] 10.0.0.120 "DELETE /v2.0/security-groups/f50ce94c-9247-4c7d-8abe-d7ded833dff4 HTTP/1.1" status: 204 len: 168 time: 0.1878958
2026-08-06 02:14:30.014 9 INFO neutron.db.ovn_revision_numbers_db [None req-2983a34b-39b5-4d15-b37a-96b54b75feb9 0ef7ed25845c4a328d678b1082aeeeea 6adfcdff34bf4af2b885205eda36064c - - default default] Successfully bumped revision number for resource 6de087fb-9e82-4665-9800-b3cc51fb4114 (type: security_groups) to 1
2026-08-06 02:14:30.028 9 INFO neutron.db.ovn_revision_numbers_db [None req-2983a34b-39b5-4d15-b37a-96b54b75feb9 0ef7ed25845c4a328d678b1082aeeeea 6adfcdff34bf4af2b885205eda36064c - - default default] Successfully bumped revision number for resource 3bf61703-7aca-4428-9318-a1a5c1b16bb1 (type: security_group_rules) to 0
2026-08-06 02:14:30.055 9 INFO neutron.db.ovn_revision_numbers_db [None req-2983a34b-39b5-4d15-b37a-96b54b75feb9 0ef7ed25845c4a328d678b1082aeeeea 6adfcdff34bf4af2b885205eda36064c - - default default] Successfully bumped revision number for resource 72fbf8ef-907f-4c24-891f-bc95156d4356 (type: security_group_rules) to 0
2026-08-06 02:14:30.091 9 INFO neutron.db.ovn_revision_numbers_db [None req-2983a34b-39b5-4d15-b37a-96b54b75feb9 0ef7ed25845c4a328d678b1082aeeeea 6adfcdff34bf4af2b885205eda36064c - - default default] Successfully bumped revision number for resource c6ffb33c-251a-4a0e-865c-544e146d40a2 (type: security_group_rules) to 0
2026-08-06 02:14:30.110 9 INFO neutron.db.ovn_revision_numbers_db [None req-2983a34b-39b5-4d15-b37a-96b54b75feb9 0ef7ed25845c4a328d678b1082aeeeea 6adfcdff34bf4af2b885205eda36064c - - default default] Successfully bumped revision number for resource d94b1012-e28f-4c87-b928-3446d8e097f6 (type: security_group_rules) to 0
2026-08-06 02:14:30.160 9 INFO neutron.db.segments_db [None req-2983a34b-39b5-4d15-b37a-96b54b75feb9 0ef7ed25845c4a328d678b1082aeeeea 6adfcdff34bf4af2b885205eda36064c - - default default] Added segment 4775d38b-b1c2-40e9-b911-2db76889fee3 of type geneve for network bbc235d1-b3c2-453f-a52d-3d03dedfaa9a
2026-08-06 02:14:30.301 9 INFO neutron.db.ovn_revision_numbers_db [None req-2983a34b-39b5-4d15-b37a-96b54b75feb9 0ef7ed25845c4a328d678b1082aeeeea 6adfcdff34bf4af2b885205eda36064c - - default default] Successfully bumped revision number for resource bbc235d1-b3c2-453f-a52d-3d03dedfaa9a (type: networks) to 1
2026-08-06 02:14:30.477 9 WARNING neutron.scheduler.dhcp_agent_scheduler [None req-2983a34b-39b5-4d15-b37a-96b54b75feb9 0ef7ed25845c4a328d678b1082aeeeea 6adfcdff34bf4af2b885205eda36064c - - default default] No more DHCP agents
2026-08-06 02:14:30.478 9 WARNING neutron.api.rpc.agentnotifiers.dhcp_rpc_agent_api [None req-2983a34b-39b5-4d15-b37a-96b54b75feb9 0ef7ed25845c4a328d678b1082aeeeea 6adfcdff34bf4af2b885205eda36064c - - default default] Unable to schedule network bbc235d1-b3c2-453f-a52d-3d03dedfaa9a: no agents available; will retry on subsequent port and subnet creation events.
2026-08-06 02:14:30.565 9 INFO neutron.db.ovn_revision_numbers_db [None req-2983a34b-39b5-4d15-b37a-96b54b75feb9 0ef7ed25845c4a328d678b1082aeeeea 6adfcdff34bf4af2b885205eda36064c - - default default] Successfully bumped revision number for resource 021a0272-9d3a-4be1-bad2-4065f324d302 (type: ports) to 1
2026-08-06 02:14:30.598 9 INFO neutron.wsgi [None req-2983a34b-39b5-4d15-b37a-96b54b75feb9 0ef7ed25845c4a328d678b1082aeeeea 6adfcdff34bf4af2b885205eda36064c - - default default] 10.0.0.120 "POST /v2.0/networks HTTP/1.1" status: 201 len: 831 time: 0.9235764
2026-08-06 02:14:30.822 10 INFO neutron.wsgi [None req-026bb36e-0c7b-45a7-8c63-8680340fd279 2e4a36b2e7ce4b468af7faf9bfc3156a 0f7083d820204f31826693428e1aad01 - - default default] 10.0.0.136 "GET /v2.0/floatingips HTTP/1.1" status: 200 len: 193 time: 0.0729318
2026-08-06 02:14:30.841 10 INFO neutron.wsgi [None req-d81037a6-4384-4ef3-a910-1ee6defa1de5 2e4a36b2e7ce4b468af7faf9bfc3156a 0f7083d820204f31826693428e1aad01 - - default default] 10.0.0.136 "GET /v2.0/network-ip-availabilities HTTP/1.1" status: 200 len: 1548 time: 0.0179684
2026-08-06 02:14:30.856 10 INFO neutron.wsgi [None req-78816a31-8983-451b-9d58-3579d2184bfd 2e4a36b2e7ce4b468af7faf9bfc3156a 0f7083d820204f31826693428e1aad01 - - default default] 10.0.0.136 "GET /v2.0/agents HTTP/1.1" status: 200 len: 997 time: 0.0141249
2026-08-06 02:14:30.940 10 INFO neutron.wsgi [None req-6b9498e2-645b-4380-a89c-a820fd5a6f23 2e4a36b2e7ce4b468af7faf9bfc3156a 0f7083d820204f31826693428e1aad01 - - default default] 10.0.0.136 "GET /v2.0/networks HTTP/1.1" status: 200 len: 3057 time: 0.0811749
2026-08-06 02:14:30.981 10 INFO neutron.wsgi [None req-ec7e14d1-7318-4e28-89af-4ec2ecf93428 2e4a36b2e7ce4b468af7faf9bfc3156a 0f7083d820204f31826693428e1aad01 - - default default] 10.0.0.136 "GET /v2.0/subnets HTTP/1.1" status: 200 len: 1437 time: 0.0380504
2026-08-06 02:14:31.016 10 INFO neutron.wsgi [None req-4f83db13-a3f1-42ed-b295-7e2987637c77 2e4a36b2e7ce4b468af7faf9bfc3156a 0f7083d820204f31826693428e1aad01 - - default default] 10.0.0.136 "GET /v2.0/ports HTTP/1.1" status: 200 len: 6225 time: 0.0337050
2026-08-06 02:14:31.091 10 INFO neutron.wsgi [None req-6569c54d-189b-4d48-9389-4e59f3f12e43 2e4a36b2e7ce4b468af7faf9bfc3156a 0f7083d820204f31826693428e1aad01 - - default default] 10.0.0.136 "GET /v2.0/routers HTTP/1.1" status: 200 len: 672 time: 0.0705535
2026-08-06 02:14:31.114 10 INFO neutron.wsgi [None req-5c0a264a-5054-40d9-a26c-53dc940b9bad 2e4a36b2e7ce4b468af7faf9bfc3156a 0f7083d820204f31826693428e1aad01 - - default default] 10.0.0.136 "GET /v2.0/agents?binary=ovn-controller HTTP/1.1" status: 200 len: 591 time: 0.0225873
2026-08-06 02:14:31.151 10 INFO neutron.wsgi [None req-a309d080-2462-407c-a33a-e19ca6820032 2e4a36b2e7ce4b468af7faf9bfc3156a 0f7083d820204f31826693428e1aad01 - - default default] 10.0.0.136 "GET /v2.0/subnets HTTP/1.1" status: 200 len: 1437 time: 0.0354254
2026-08-06 02:14:31.164 10 INFO neutron.wsgi [None req-70e83209-e743-47a6-ab90-03a172bee80e 2e4a36b2e7ce4b468af7faf9bfc3156a 0f7083d820204f31826693428e1aad01 - - default default] 10.0.0.136 "GET /v2.0/subnetpools HTTP/1.1" status: 200 len: 193 time: 0.0105896
2026-08-06 02:14:31.231 10 INFO neutron.wsgi [None req-2de3f939-4e21-4b3d-8613-ca50e1b20bc6 2e4a36b2e7ce4b468af7faf9bfc3156a 0f7083d820204f31826693428e1aad01 - - default default] 10.0.0.136 "GET /v2.0/security-groups HTTP/1.1" status: 200 len: 19587 time: 0.0659931
2026-08-06 02:14:31.332 9 WARNING neutron.scheduler.dhcp_agent_scheduler [None req-16acd817-af6d-467a-b4bf-ad7b5a8d3014 0ef7ed25845c4a328d678b1082aeeeea 6adfcdff34bf4af2b885205eda36064c - - default default] No more DHCP agents
2026-08-06 02:14:31.334 9 WARNING neutron.api.rpc.agentnotifiers.dhcp_rpc_agent_api [None req-16acd817-af6d-467a-b4bf-ad7b5a8d3014 0ef7ed25845c4a328d678b1082aeeeea 6adfcdff34bf4af2b885205eda36064c - - default default] Unable to schedule network c1718552-acc5-4458-8d8d-985543294dc5: no agents available; will retry on subsequent port and subnet creation events.
2026-08-06 02:14:31.477 9 INFO neutron.db.ovn_revision_numbers_db [None req-16acd817-af6d-467a-b4bf-ad7b5a8d3014 0ef7ed25845c4a328d678b1082aeeeea 6adfcdff34bf4af2b885205eda36064c - - default default] Successfully bumped revision number for resource 3b344365-43df-42c4-99b1-8056c66de4ee (type: ports) to 1
2026-08-06 02:14:32.105 10 INFO neutron.plugins.ml2.drivers.ovn.mech_driver.ovsdb.ovsdb_monitor [None req-75dd1ac1-45e5-4cac-b4a9-534a7135d7d0 - - - - - -] Router d3147092-f1b1-4312-9929-f09be405acb3 is bound to host instance
2026-08-06 02:14:32.109 9 INFO neutron.plugins.ml2.drivers.ovn.mech_driver.mech_driver [None req-e803c85a-817a-496a-8cdb-88b25cf88c07 - - - - - -] OVN reports status up for port: 3b344365-43df-42c4-99b1-8056c66de4ee
2026-08-06 02:14:32.133 9 INFO neutron.plugins.ml2.plugin [None req-e803c85a-817a-496a-8cdb-88b25cf88c07 - - - - - -] Attempt 1 to provision port 3b344365-43df-42c4-99b1-8056c66de4ee
2026-08-06 02:14:32.165 9 INFO neutron.db.ovn_revision_numbers_db [None req-16acd817-af6d-467a-b4bf-ad7b5a8d3014 0ef7ed25845c4a328d678b1082aeeeea 6adfcdff34bf4af2b885205eda36064c - - default default] Successfully bumped revision number for resource 3b344365-43df-42c4-99b1-8056c66de4ee (type: router_ports) to 1
2026-08-06 02:14:32.251 9 INFO neutron.db.ovn_revision_numbers_db [None req-16acd817-af6d-467a-b4bf-ad7b5a8d3014 0ef7ed25845c4a328d678b1082aeeeea 6adfcdff34bf4af2b885205eda36064c - - default default] Successfully bumped revision number for resource d3147092-f1b1-4312-9929-f09be405acb3 (type: routers) to 2
2026-08-06 02:14:32.267 9 INFO neutron.wsgi [None req-16acd817-af6d-467a-b4bf-ad7b5a8d3014 0ef7ed25845c4a328d678b1082aeeeea 6adfcdff34bf4af2b885205eda36064c - - default default] 10.0.0.120 "POST /v2.0/routers HTTP/1.1" status: 201 len: 874 time: 1.6624234
2026-08-06 02:14:32.344 9 INFO neutron.wsgi [None req-2e5c1d3f-1822-4b84-909a-e3fcb6a01184 33bea08c36a144fc965f9c9807e64575 3f000868d2d3478d90dc8e70beab3304 - - default default] 10.0.0.120 "GET /v2.0/subnets?project_id=6adfcdff34bf4af2b885205eda36064c&cidr=10.100.0.0%2F28 HTTP/1.1" status: 200 len: 207 time: 0.0671713
2026-08-06 02:14:32.440 9 INFO neutron.wsgi [None req-7c78e6bd-d22c-4947-81dd-04fbfbf7a6f9 33bea08c36a144fc965f9c9807e64575 3f000868d2d3478d90dc8e70beab3304 - - default default] 10.0.0.120 "GET /v2.0/networks?router%3Aexternal=True HTTP/1.1" status: 200 len: 947 time: 0.0900984
2026-08-06 02:14:32.469 10 INFO neutron.wsgi [None req-7183870d-6289-478d-9759-ed6967d3acc3 33bea08c36a144fc965f9c9807e64575 3f000868d2d3478d90dc8e70beab3304 - - default default] 10.0.0.120 "GET /v2.0/subnets?network_id=c1718552-acc5-4458-8d8d-985543294dc5&cidr=10.100.0.0%2F28 HTTP/1.1" status: 200 len: 207 time: 0.0226116
2026-08-06 02:14:32.615 10 INFO neutron.db.ovn_revision_numbers_db [None req-75dd1ac1-45e5-4cac-b4a9-534a7135d7d0 - - - - - -] Successfully bumped revision number for resource 3b344365-43df-42c4-99b1-8056c66de4ee (type: ports) to 1
2026-08-06 02:14:32.738 9 WARNING neutron.scheduler.dhcp_agent_scheduler [None req-6e9397e9-0859-440b-ba40-f6556a2028c6 0ef7ed25845c4a328d678b1082aeeeea 6adfcdff34bf4af2b885205eda36064c - - default default] No more DHCP agents
2026-08-06 02:14:32.741 9 WARNING neutron.api.rpc.agentnotifiers.dhcp_rpc_agent_api [None req-6e9397e9-0859-440b-ba40-f6556a2028c6 0ef7ed25845c4a328d678b1082aeeeea 6adfcdff34bf4af2b885205eda36064c - - default default] Unable to schedule network bbc235d1-b3c2-453f-a52d-3d03dedfaa9a: no agents available; will retry on subsequent port and subnet creation events.
2026-08-06 02:14:32.868 10 INFO neutron.db.ovn_revision_numbers_db [None req-75dd1ac1-45e5-4cac-b4a9-534a7135d7d0 - - - - - -] Successfully bumped revision number for resource 3b344365-43df-42c4-99b1-8056c66de4ee (type: router_ports) to 3
2026-08-06 02:14:33.254 9 INFO neutron.db.ovn_revision_numbers_db [None req-6e9397e9-0859-440b-ba40-f6556a2028c6 0ef7ed25845c4a328d678b1082aeeeea 6adfcdff34bf4af2b885205eda36064c - - default default] Successfully bumped revision number for resource 021a0272-9d3a-4be1-bad2-4065f324d302 (type: ports) to 2
2026-08-06 02:14:33.260 10 INFO neutron.db.ovn_revision_numbers_db [None req-75dd1ac1-45e5-4cac-b4a9-534a7135d7d0 - - - - - -] Successfully bumped revision number for resource 3b344365-43df-42c4-99b1-8056c66de4ee (type: ports) to 2
2026-08-06 02:14:33.293 9 INFO neutron.db.ovn_revision_numbers_db [None req-6e9397e9-0859-440b-ba40-f6556a2028c6 0ef7ed25845c4a328d678b1082aeeeea 6adfcdff34bf4af2b885205eda36064c - - default default] Successfully bumped revision number for resource 9bfc468b-5d8b-4861-8e4f-3cb38d66b9fc (type: subnets) to 0
2026-08-06 02:14:33.308 9 INFO neutron.wsgi [None req-6e9397e9-0859-440b-ba40-f6556a2028c6 0ef7ed25845c4a328d678b1082aeeeea 6adfcdff34bf4af2b885205eda36064c - - default default] 10.0.0.120 "POST /v2.0/subnets HTTP/1.1" status: 201 len: 832 time: 0.8317525
2026-08-06 02:14:33.623 10 INFO neutron.db.ovn_revision_numbers_db [None req-75dd1ac1-45e5-4cac-b4a9-534a7135d7d0 - - - - - -] Successfully bumped revision number for resource 3b344365-43df-42c4-99b1-8056c66de4ee (type: ports) to 4
2026-08-06 02:14:33.969 10 INFO neutron.db.ovn_revision_numbers_db [None req-75dd1ac1-45e5-4cac-b4a9-534a7135d7d0 - - - - - -] Successfully bumped revision number for resource 3b344365-43df-42c4-99b1-8056c66de4ee (type: router_ports) to 4
2026-08-06 02:14:34.043 10 WARNING neutron.scheduler.dhcp_agent_scheduler [None req-99fb0df9-e20d-4eaa-be84-d7fc5c336292 0ef7ed25845c4a328d678b1082aeeeea 6adfcdff34bf4af2b885205eda36064c - - default default] No more DHCP agents
2026-08-06 02:14:34.045 10 WARNING neutron.api.rpc.agentnotifiers.dhcp_rpc_agent_api [None req-99fb0df9-e20d-4eaa-be84-d7fc5c336292 0ef7ed25845c4a328d678b1082aeeeea 6adfcdff34bf4af2b885205eda36064c - - default default] Unable to schedule network bbc235d1-b3c2-453f-a52d-3d03dedfaa9a: no agents available; will retry on subsequent port and subnet creation events.
2026-08-06 02:14:34.240 10 INFO neutron.db.ovn_revision_numbers_db [None req-99fb0df9-e20d-4eaa-be84-d7fc5c336292 0ef7ed25845c4a328d678b1082aeeeea 6adfcdff34bf4af2b885205eda36064c - - default default] Successfully bumped revision number for resource 13721a78-8793-4853-8cc7-25714d0df084 (type: ports) to 1
2026-08-06 02:14:34.760 10 INFO neutron.db.ovn_revision_numbers_db [None req-99fb0df9-e20d-4eaa-be84-d7fc5c336292 0ef7ed25845c4a328d678b1082aeeeea 6adfcdff34bf4af2b885205eda36064c - - default default] Successfully bumped revision number for resource 13721a78-8793-4853-8cc7-25714d0df084 (type: router_ports) to 1
2026-08-06 02:14:34.917 10 INFO neutron.db.ovn_revision_numbers_db [None req-99fb0df9-e20d-4eaa-be84-d7fc5c336292 0ef7ed25845c4a328d678b1082aeeeea 6adfcdff34bf4af2b885205eda36064c - - default default] Successfully bumped revision number for resource 13721a78-8793-4853-8cc7-25714d0df084 (type: ports) to 1
2026-08-06 02:14:34.977 10 WARNING neutron.scheduler.dhcp_agent_scheduler [None req-99fb0df9-e20d-4eaa-be84-d7fc5c336292 0ef7ed25845c4a328d678b1082aeeeea 6adfcdff34bf4af2b885205eda36064c - - default default] No more DHCP agents
2026-08-06 02:14:34.979 10 WARNING neutron.api.rpc.agentnotifiers.dhcp_rpc_agent_api [None req-99fb0df9-e20d-4eaa-be84-d7fc5c336292 0ef7ed25845c4a328d678b1082aeeeea 6adfcdff34bf4af2b885205eda36064c - - default default] Unable to schedule network bbc235d1-b3c2-453f-a52d-3d03dedfaa9a: no agents available; will retry on subsequent port and subnet creation events.
2026-08-06 02:14:35.066 9 INFO neutron.plugins.ml2.drivers.ovn.mech_driver.mech_driver [None req-e803c85a-817a-496a-8cdb-88b25cf88c07 - - - - - -] OVN reports status up for port: 13721a78-8793-4853-8cc7-25714d0df084
2026-08-06 02:14:35.074 9 INFO neutron.plugins.ml2.plugin [None req-e803c85a-817a-496a-8cdb-88b25cf88c07 - - - - - -] Attempt 1 to provision port 13721a78-8793-4853-8cc7-25714d0df084
2026-08-06 02:14:35.423 9 INFO neutron.db.ovn_revision_numbers_db [None req-e803c85a-817a-496a-8cdb-88b25cf88c07 - - - - - -] Successfully bumped revision number for resource 13721a78-8793-4853-8cc7-25714d0df084 (type: ports) to 2
2026-08-06 02:14:35.541 9 INFO neutron.db.ovn_revision_numbers_db [None req-e803c85a-817a-496a-8cdb-88b25cf88c07 - - - - - -] Successfully bumped revision number for resource 13721a78-8793-4853-8cc7-25714d0df084 (type: router_ports) to 2
2026-08-06 02:14:35.611 10 INFO neutron.db.ovn_revision_numbers_db [None req-99fb0df9-e20d-4eaa-be84-d7fc5c336292 0ef7ed25845c4a328d678b1082aeeeea 6adfcdff34bf4af2b885205eda36064c - - default default] Successfully bumped revision number for resource 13721a78-8793-4853-8cc7-25714d0df084 (type: router_ports) to 1
2026-08-06 02:14:35.614 10 INFO neutron.wsgi [None req-99fb0df9-e20d-4eaa-be84-d7fc5c336292 0ef7ed25845c4a328d678b1082aeeeea 6adfcdff34bf4af2b885205eda36064c - - default default] 10.0.0.120 "PUT /v2.0/routers/d3147092-f1b1-4312-9929-f09be405acb3/add_router_interface HTTP/1.1" status: 200 len: 503 time: 2.3001657
2026-08-06 02:14:35.686 10 INFO neutron.wsgi [None req-cc98d8ff-9863-44aa-93b8-b83d14a2b997 33bea08c36a144fc965f9c9807e64575 3f000868d2d3478d90dc8e70beab3304 - - default default] 10.0.0.120 "GET /v2.0/networks HTTP/1.1" status: 200 len: 3114 time: 0.0652514
2026-08-06 02:14:35.726 10 INFO neutron.wsgi [None req-99399847-d946-4d7a-a043-7ccdc01eb620 33bea08c36a144fc965f9c9807e64575 3f000868d2d3478d90dc8e70beab3304 - - default default] 10.0.0.120 "GET /v2.0/subnets HTTP/1.1" status: 200 len: 2097 time: 0.0340507
2026-08-06 02:14:35.811 10 INFO neutron.wsgi [None req-f58d9254-e807-477a-a8e4-1bad84872189 33bea08c36a144fc965f9c9807e64575 3f000868d2d3478d90dc8e70beab3304 - - default default] 10.0.0.120 "GET /v2.0/routers HTTP/1.1" status: 200 len: 878 time: 0.0791376
2026-08-06 02:14:35.997 10 INFO neutron.db.ovn_revision_numbers_db [None req-fa0a43ac-fb9b-46f6-a734-429ebbc3be15 0ef7ed25845c4a328d678b1082aeeeea 6adfcdff34bf4af2b885205eda36064c - - default default] Successfully bumped revision number for resource 2fb39252-3904-4cf0-93cb-ce4378c046d7 (type: security_groups) to 1
2026-08-06 02:14:36.014 10 INFO neutron.db.ovn_revision_numbers_db [None req-fa0a43ac-fb9b-46f6-a734-429ebbc3be15 0ef7ed25845c4a328d678b1082aeeeea 6adfcdff34bf4af2b885205eda36064c - - default default] Successfully bumped revision number for resource b8ef2118-62a1-48ea-bde3-e2115deea6b0 (type: security_group_rules) to 0
2026-08-06 02:14:36.027 10 INFO neutron.db.ovn_revision_numbers_db [None req-fa0a43ac-fb9b-46f6-a734-429ebbc3be15 0ef7ed25845c4a328d678b1082aeeeea 6adfcdff34bf4af2b885205eda36064c - - default default] Successfully bumped revision number for resource f25f258e-4cef-444c-bed9-23f6e944d4bd (type: security_group_rules) to 0
2026-08-06 02:14:36.048 10 INFO neutron.wsgi [None req-fa0a43ac-fb9b-46f6-a734-429ebbc3be15 0ef7ed25845c4a328d678b1082aeeeea 6adfcdff34bf4af2b885205eda36064c - - default default] 10.0.0.120 "POST /v2.0/security-groups HTTP/1.1" status: 201 len: 1811 time: 0.1806116
2026-08-06 02:14:36.202 10 INFO neutron.db.ovn_revision_numbers_db [None req-f7a4985a-fb0a-4826-900b-c708489be91c 0ef7ed25845c4a328d678b1082aeeeea 6adfcdff34bf4af2b885205eda36064c - - default default] Successfully bumped revision number for resource abbb89eb-8681-4d4a-836c-65d528ac4e74 (type: security_group_rules) to 0
2026-08-06 02:14:36.239 10 INFO neutron.wsgi [None req-f7a4985a-fb0a-4826-900b-c708489be91c 0ef7ed25845c4a328d678b1082aeeeea 6adfcdff34bf4af2b885205eda36064c - - default default] 10.0.0.120 "POST /v2.0/security-group-rules HTTP/1.1" status: 201 len: 764 time: 0.1851821
2026-08-06 02:14:36.372 10 INFO neutron.db.ovn_revision_numbers_db [None req-5e0d4b60-0a0d-41a5-8b2b-bf45eac87b90 0ef7ed25845c4a328d678b1082aeeeea 6adfcdff34bf4af2b885205eda36064c - - default default] Successfully bumped revision number for resource 23631735-c4a8-4a3f-869c-d29b38ae9eb6 (type: security_group_rules) to 0
2026-08-06 02:14:36.403 10 INFO neutron.wsgi [None req-5e0d4b60-0a0d-41a5-8b2b-bf45eac87b90 0ef7ed25845c4a328d678b1082aeeeea 6adfcdff34bf4af2b885205eda36064c - - default default] 10.0.0.120 "POST /v2.0/security-group-rules HTTP/1.1" status: 201 len: 763 time: 0.1546321
2026-08-06 02:14:36.521 10 INFO neutron.db.ovn_revision_numbers_db [None req-779e7ed9-cb4a-4ae8-9fcd-6f0ecd501ed3 0ef7ed25845c4a328d678b1082aeeeea 6adfcdff34bf4af2b885205eda36064c - - default default] Successfully bumped revision number for resource 152c4911-6cfe-4407-9bbc-c3cf4072809a (type: security_group_rules) to 0
2026-08-06 02:14:36.543 10 INFO neutron.wsgi [None req-779e7ed9-cb4a-4ae8-9fcd-6f0ecd501ed3 0ef7ed25845c4a328d678b1082aeeeea 6adfcdff34bf4af2b885205eda36064c - - default default] 10.0.0.120 "POST /v2.0/security-group-rules HTTP/1.1" status: 201 len: 769 time: 0.1335845
2026-08-06 02:14:36.644 10 INFO neutron.db.ovn_revision_numbers_db [None req-bd9fab4b-e0d4-45b8-809e-26b4b7bcfdf7 0ef7ed25845c4a328d678b1082aeeeea 6adfcdff34bf4af2b885205eda36064c - - default default] Successfully bumped revision number for resource 08fd8b08-3214-4cdd-9e4f-febef80beb86 (type: security_group_rules) to 0
2026-08-06 02:14:36.664 10 INFO neutron.wsgi [None req-bd9fab4b-e0d4-45b8-809e-26b4b7bcfdf7 0ef7ed25845c4a328d678b1082aeeeea 6adfcdff34bf4af2b885205eda36064c - - default default] 10.0.0.120 "POST /v2.0/security-group-rules HTTP/1.1" status: 201 len: 768 time: 0.1149819
2026-08-06 02:14:36.687 10 INFO neutron.db.securitygroups_db [None req-8d807543-a5d8-4b3f-a9ef-a3a3eb68ad3d 0ef7ed25845c4a328d678b1082aeeeea 6adfcdff34bf4af2b885205eda36064c - - default default] Project 6adfcdff34bf4af2b885205eda36064c added a security group rule with legacy IPv6 ICMP protocol name icmp, ipv6-icmp should be used instead. It was automatically converted.
2026-08-06 02:14:36.781 10 INFO neutron.db.ovn_revision_numbers_db [None req-8d807543-a5d8-4b3f-a9ef-a3a3eb68ad3d 0ef7ed25845c4a328d678b1082aeeeea 6adfcdff34bf4af2b885205eda36064c - - default default] Successfully bumped revision number for resource 58903dbc-41cd-4020-a570-833627725eb3 (type: security_group_rules) to 0
2026-08-06 02:14:36.803 10 INFO neutron.wsgi [None req-8d807543-a5d8-4b3f-a9ef-a3a3eb68ad3d 0ef7ed25845c4a328d678b1082aeeeea 6adfcdff34bf4af2b885205eda36064c - - default default] 10.0.0.120 "POST /v2.0/security-group-rules HTTP/1.1" status: 201 len: 774 time: 0.1331768
2026-08-06 02:14:36.831 10 INFO neutron.db.securitygroups_db [None req-d622af5a-af1e-4d9c-989c-e95fa0257970 0ef7ed25845c4a328d678b1082aeeeea 6adfcdff34bf4af2b885205eda36064c - - default default] Project 6adfcdff34bf4af2b885205eda36064c added a security group rule with legacy IPv6 ICMP protocol name icmp, ipv6-icmp should be used instead. It was automatically converted.
2026-08-06 02:14:36.937 10 INFO neutron.db.ovn_revision_numbers_db [None req-d622af5a-af1e-4d9c-989c-e95fa0257970 0ef7ed25845c4a328d678b1082aeeeea 6adfcdff34bf4af2b885205eda36064c - - default default] Successfully bumped revision number for resource 201a43b5-283a-4a6a-bbeb-a58a212d4ebf (type: security_group_rules) to 0
2026-08-06 02:14:36.961 10 INFO neutron.wsgi [None req-d622af5a-af1e-4d9c-989c-e95fa0257970 0ef7ed25845c4a328d678b1082aeeeea 6adfcdff34bf4af2b885205eda36064c - - default default] 10.0.0.120 "POST /v2.0/security-group-rules HTTP/1.1" status: 201 len: 773 time: 0.1522181
2026-08-06 02:14:37.372 10 INFO neutron.wsgi [None req-4a76dfd2-978e-4ffa-abd2-fbd1ac9db710 0ef7ed25845c4a328d678b1082aeeeea 6adfcdff34bf4af2b885205eda36064c - - default default] 10.0.0.120 "GET /v2.0/networks HTTP/1.1" status: 200 len: 1492 time: 0.1039805
2026-08-06 02:14:37.497 9 INFO neutron.wsgi [req-b657b836-3245-4e2a-a8d7-fb72f3a6b61f req-e5ee43e9-abe7-4d9d-8b57-4916f19e6caf 0ef7ed25845c4a328d678b1082aeeeea 6adfcdff34bf4af2b885205eda36064c - - default default] 10.0.0.189 "GET /v2.0/security-groups?name=tempest-secgroup-smoke-703351561&fields=id&tenant_id=6adfcdff34bf4af2b885205eda36064c HTTP/1.1" status: 200 len: 267 time: 0.0423658
2026-08-06 02:14:37.579 9 INFO neutron.wsgi [req-b657b836-3245-4e2a-a8d7-fb72f3a6b61f req-c575072e-3858-41ed-b569-18227c466af7 0ef7ed25845c4a328d678b1082aeeeea 6adfcdff34bf4af2b885205eda36064c - - default default] 10.0.0.189 "GET /v2.0/networks?id=bbc235d1-b3c2-453f-a52d-3d03dedfaa9a HTTP/1.1" status: 200 len: 859 time: 0.0731270
2026-08-06 02:14:37.602 9 INFO neutron.wsgi [req-b657b836-3245-4e2a-a8d7-fb72f3a6b61f req-c0cd4034-a16b-47a0-b885-b06ba3a60206 0ef7ed25845c4a328d678b1082aeeeea 6adfcdff34bf4af2b885205eda36064c - - default default] 10.0.0.189 "GET /v2.0/quotas/6adfcdff34bf4af2b885205eda36064c HTTP/1.1" status: 200 len: 386 time: 0.0146408
2026-08-06 02:14:37.705 9 INFO neutron.wsgi [req-b657b836-3245-4e2a-a8d7-fb72f3a6b61f req-47d65f34-a22a-4b00-a36b-6f19443b6861 0ef7ed25845c4a328d678b1082aeeeea 6adfcdff34bf4af2b885205eda36064c - - default default] 10.0.0.189 "GET /v2.0/ports?tenant_id=6adfcdff34bf4af2b885205eda36064c&fields=id HTTP/1.1" status: 200 len: 302 time: 0.0957232
2026-08-06 02:14:37.781 9 INFO neutron.wsgi [req-b657b836-3245-4e2a-a8d7-fb72f3a6b61f req-73371558-93ef-4802-9729-0e3eb408a74d 123a2441c5f2463da513ffaba3348231 29dce264b30a46a0869abeb9578a6d05 - - fab790142a074d2e87ad130527d97ec0 fab790142a074d2e87ad130527d97ec0] 10.0.0.189 "GET /v2.0/networks/bbc235d1-b3c2-453f-a52d-3d03dedfaa9a?fields=segments HTTP/1.1" status: 200 len: 212 time: 0.0628505
2026-08-06 02:14:37.848 9 INFO neutron.wsgi [req-b657b836-3245-4e2a-a8d7-fb72f3a6b61f req-3b08e34c-9c76-483c-a245-b5f68c3ea764 123a2441c5f2463da513ffaba3348231 29dce264b30a46a0869abeb9578a6d05 - - fab790142a074d2e87ad130527d97ec0 fab790142a074d2e87ad130527d97ec0] 10.0.0.189 "GET /v2.0/networks/bbc235d1-b3c2-453f-a52d-3d03dedfaa9a?fields=provider%3Aphysical_network&fields=provider%3Anetwork_type HTTP/1.1" status: 200 len: 277 time: 0.0575643
2026-08-06 02:14:37.979 9 INFO neutron.wsgi [req-f7b95695-2589-4206-951b-3982328e6168 req-52ea75a2-c93c-48e9-9247-5bdb87d61649 0ef7ed25845c4a328d678b1082aeeeea 6adfcdff34bf4af2b885205eda36064c - - default default] 10.0.0.189 "GET /v2.0/ports?device_id=3fa7a729-a50f-4986-9975-b6d8a9d8ad01 HTTP/1.1" status: 200 len: 210 time: 0.0203786
2026-08-06 02:14:38.614 9 INFO neutron.wsgi [-] 10.0.0.239 "GET / HTTP/1.1" status: 200 len: 247 time: 0.0019820
2026-08-06 02:14:38.614 10 INFO neutron.wsgi [-] 10.0.0.239 "GET / HTTP/1.1" status: 200 len: 247 time: 0.0022147
2026-08-06 02:14:38.745 9 INFO neutron.wsgi [req-b657b836-3245-4e2a-a8d7-fb72f3a6b61f req-cc03e00b-2d75-4cdf-87e8-444ee35cd7c7 0ef7ed25845c4a328d678b1082aeeeea 6adfcdff34bf4af2b885205eda36064c - - default default] 199.204.45.210 "GET /v2.0/networks?id=bbc235d1-b3c2-453f-a52d-3d03dedfaa9a HTTP/1.1" status: 200 len: 859 time: 0.0601926
2026-08-06 02:14:38.810 9 INFO neutron.wsgi [req-b657b836-3245-4e2a-a8d7-fb72f3a6b61f req-91cfd71f-3b9d-443d-9977-937eeaca84db 0ef7ed25845c4a328d678b1082aeeeea 6adfcdff34bf4af2b885205eda36064c - - default default] 199.204.45.210 "GET /v2.0/security-groups?fields=id&fields=name&tenant_id=6adfcdff34bf4af2b885205eda36064c HTTP/1.1" status: 200 len: 379 time: 0.0583282
2026-08-06 02:14:39.087 9 INFO neutron.wsgi [req-5ca7fddd-f5a0-4436-ba1b-9e0fb9839154 req-7cd7dad5-5e51-44f3-9eb9-cc0fb0ac5050 0ef7ed25845c4a328d678b1082aeeeea 6adfcdff34bf4af2b885205eda36064c - - default default] 10.0.0.189 "GET /v2.0/ports?device_id=3fa7a729-a50f-4986-9975-b6d8a9d8ad01 HTTP/1.1" status: 200 len: 210 time: 0.0363812
2026-08-06 02:14:39.169 9 WARNING neutron.scheduler.dhcp_agent_scheduler [req-b657b836-3245-4e2a-a8d7-fb72f3a6b61f req-945b43ac-31b4-49b6-9326-842bf421a6fe 0ef7ed25845c4a328d678b1082aeeeea 6adfcdff34bf4af2b885205eda36064c - - default default] No more DHCP agents
2026-08-06 02:14:39.173 9 WARNING neutron.api.rpc.agentnotifiers.dhcp_rpc_agent_api [req-b657b836-3245-4e2a-a8d7-fb72f3a6b61f req-945b43ac-31b4-49b6-9326-842bf421a6fe 0ef7ed25845c4a328d678b1082aeeeea 6adfcdff34bf4af2b885205eda36064c - - default default] Unable to schedule network bbc235d1-b3c2-453f-a52d-3d03dedfaa9a: no agents available; will retry on subsequent port and subnet creation events.
2026-08-06 02:14:39.375 9 INFO neutron.db.ovn_revision_numbers_db [req-b657b836-3245-4e2a-a8d7-fb72f3a6b61f req-945b43ac-31b4-49b6-9326-842bf421a6fe 0ef7ed25845c4a328d678b1082aeeeea 6adfcdff34bf4af2b885205eda36064c - - default default] Successfully bumped revision number for resource d5a97e9f-a7fc-4e02-9cc6-1dc3aabf036e (type: ports) to 1
2026-08-06 02:14:39.403 9 INFO neutron.wsgi [req-b657b836-3245-4e2a-a8d7-fb72f3a6b61f req-945b43ac-31b4-49b6-9326-842bf421a6fe 0ef7ed25845c4a328d678b1082aeeeea 6adfcdff34bf4af2b885205eda36064c - - default default] 199.204.45.210 "POST /v2.0/ports HTTP/1.1" status: 201 len: 1162 time: 0.5859728 /var/lib/openstack/lib/python3.10/site-packages/pycadf/identifier.py:71: UserWarning: Invalid uuid: neutron. To ensure interoperability, identifiers should be a valid uuid. warnings.warn(('Invalid uuid: %s. To ensure interoperability, '
2026-08-06 02:14:40.257 9 INFO neutron.wsgi [req-7531c2e6-8eca-4531-8499-97cef34b32b9 req-f219fc1d-d4e6-43c9-97a5-979ef15fa73e 0ef7ed25845c4a328d678b1082aeeeea 6adfcdff34bf4af2b885205eda36064c - - default default] 10.0.0.189 "GET /v2.0/ports?device_id=3fa7a729-a50f-4986-9975-b6d8a9d8ad01 HTTP/1.1" status: 200 len: 1172 time: 0.0875399 /var/lib/openstack/lib/python3.10/site-packages/pycadf/identifier.py:71: UserWarning: Invalid uuid: neutron. To ensure interoperability, identifiers should be a valid uuid. warnings.warn(('Invalid uuid: %s. To ensure interoperability, '
2026-08-06 02:14:40.328 9 INFO neutron.wsgi [req-7531c2e6-8eca-4531-8499-97cef34b32b9 req-5fbfa093-229f-45c8-be87-de29585fd00b 0ef7ed25845c4a328d678b1082aeeeea 6adfcdff34bf4af2b885205eda36064c - - default default] 10.0.0.189 "GET /v2.0/security-groups?id=2fb39252-3904-4cf0-93cb-ce4378c046d7&fields=id&fields=name HTTP/1.1" status: 200 len: 312 time: 0.0661571
2026-08-06 02:14:40.343 9 WARNING neutron.plugins.ml2.drivers.ovn.mech_driver.ovsdb.ovn_client [None req-e803c85a-817a-496a-8cdb-88b25cf88c07 - - - - - -] No hosting information found for port 13721a78-8793-4853-8cc7-25714d0df084: RuntimeError: No hosting information found for port 13721a78-8793-4853-8cc7-25714d0df084
2026-08-06 02:14:40.383 9 INFO neutron.db.ovn_revision_numbers_db [req-b657b836-3245-4e2a-a8d7-fb72f3a6b61f req-e4eab5f9-5105-4f3e-bd6b-7b3c19c24e23 123a2441c5f2463da513ffaba3348231 29dce264b30a46a0869abeb9578a6d05 - - fab790142a074d2e87ad130527d97ec0 fab790142a074d2e87ad130527d97ec0] Successfully bumped revision number for resource d5a97e9f-a7fc-4e02-9cc6-1dc3aabf036e (type: ports) to 2
2026-08-06 02:14:40.589 9 INFO neutron.db.ovn_revision_numbers_db [req-b657b836-3245-4e2a-a8d7-fb72f3a6b61f req-e4eab5f9-5105-4f3e-bd6b-7b3c19c24e23 123a2441c5f2463da513ffaba3348231 29dce264b30a46a0869abeb9578a6d05 - - fab790142a074d2e87ad130527d97ec0 fab790142a074d2e87ad130527d97ec0] Successfully bumped revision number for resource d5a97e9f-a7fc-4e02-9cc6-1dc3aabf036e (type: ports) to 2
2026-08-06 02:14:40.607 9 INFO neutron.wsgi [req-b657b836-3245-4e2a-a8d7-fb72f3a6b61f req-e4eab5f9-5105-4f3e-bd6b-7b3c19c24e23 123a2441c5f2463da513ffaba3348231 29dce264b30a46a0869abeb9578a6d05 - - fab790142a074d2e87ad130527d97ec0 fab790142a074d2e87ad130527d97ec0] 199.204.45.210 "PUT /v2.0/ports/d5a97e9f-a7fc-4e02-9cc6-1dc3aabf036e HTTP/1.1" status: 200 len: 1380 time: 1.1948862
2026-08-06 02:14:40.645 9 INFO neutron.notifiers.nova [-] Nova event matching ['req-8a7644a5-7276-4205-a1c3-31372261497d'] response: {'name': 'network-changed', 'server_uuid': '3fa7a729-a50f-4986-9975-b6d8a9d8ad01', 'tag': 'd5a97e9f-a7fc-4e02-9cc6-1dc3aabf036e', 'status': 'completed', 'code': 200} /var/lib/openstack/lib/python3.10/site-packages/pycadf/identifier.py:71: UserWarning: Invalid uuid: neutron. To ensure interoperability, identifiers should be a valid uuid. warnings.warn(('Invalid uuid: %s. To ensure interoperability, '
