2026-08-06 02:13:36.627 10 INFO neutron.db.segments_db [None req-46ca42fe-61e4-4881-83d4-18227902286f 67e21070e0424b3eaf077ea9a14fcddc e94c2f1e5af4467e89b1836dfac301cf - - default default] Added segment adb8bb93-8c46-4a75-9f63-6c90bae50bfd of type geneve for network 8a87c329-4d45-4a7f-be2b-8d1a161be36b
2026-08-06 02:13:36.669 10 WARNING neutron.scheduler.dhcp_agent_scheduler [None req-9b516be6-144a-4e12-967b-5b69ff3196c9 2dc64eb560f544c48685e93df9933cfe be01266a9a8d4638a7ef60e0ab992106 - - default default] No more DHCP agents
2026-08-06 02:13:36.677 10 WARNING neutron.api.rpc.agentnotifiers.dhcp_rpc_agent_api [None req-9b516be6-144a-4e12-967b-5b69ff3196c9 2dc64eb560f544c48685e93df9933cfe be01266a9a8d4638a7ef60e0ab992106 - - default default] Unable to schedule network c1718552-acc5-4458-8d8d-985543294dc5: no agents available; will retry on subsequent port and subnet creation events.
2026-08-06 02:13:36.815 10 INFO neutron.db.ovn_revision_numbers_db [None req-46ca42fe-61e4-4881-83d4-18227902286f 67e21070e0424b3eaf077ea9a14fcddc e94c2f1e5af4467e89b1836dfac301cf - - default default] Successfully bumped revision number for resource 5a63ffe3-6dd0-4113-adce-36ed4a0ad397 (type: networks) to 1
2026-08-06 02:13:37.018 10 WARNING neutron.scheduler.dhcp_agent_scheduler [None req-46ca42fe-61e4-4881-83d4-18227902286f 67e21070e0424b3eaf077ea9a14fcddc e94c2f1e5af4467e89b1836dfac301cf - - default default] No more DHCP agents
2026-08-06 02:13:37.032 10 WARNING neutron.api.rpc.agentnotifiers.dhcp_rpc_agent_api [None req-46ca42fe-61e4-4881-83d4-18227902286f 67e21070e0424b3eaf077ea9a14fcddc e94c2f1e5af4467e89b1836dfac301cf - - default default] Unable to schedule network 5a63ffe3-6dd0-4113-adce-36ed4a0ad397: no agents available; will retry on subsequent port and subnet creation events.
2026-08-06 02:13:37.100 10 INFO neutron.db.ovn_revision_numbers_db [None req-9b516be6-144a-4e12-967b-5b69ff3196c9 2dc64eb560f544c48685e93df9933cfe be01266a9a8d4638a7ef60e0ab992106 - - default default] Successfully bumped revision number for resource 6bdf487d-6867-4d2e-90db-7049ad266cad (type: floatingips) to 0
2026-08-06 02:13:37.124 10 INFO neutron.wsgi [None req-9b516be6-144a-4e12-967b-5b69ff3196c9 2dc64eb560f544c48685e93df9933cfe be01266a9a8d4638a7ef60e0ab992106 - - default default] 10.0.0.120 "POST /v2.0/floatingips HTTP/1.1" status: 201 len: 751 time: 0.7787421
2026-08-06 02:13:37.146 10 INFO neutron.db.ovn_revision_numbers_db [None req-46ca42fe-61e4-4881-83d4-18227902286f 67e21070e0424b3eaf077ea9a14fcddc e94c2f1e5af4467e89b1836dfac301cf - - default default] Successfully bumped revision number for resource f9c3ab67-35bf-40cb-97ac-da95d07f2492 (type: ports) to 1
2026-08-06 02:13:37.175 10 INFO neutron.wsgi [None req-8ec0bed9-03e4-4aa1-8b28-7ec5e19dd7ad 2dc64eb560f544c48685e93df9933cfe be01266a9a8d4638a7ef60e0ab992106 - - default default] 10.0.0.120 "PUT /v2.0/floatingips/6bdf487d-6867-4d2e-90db-7049ad266cad/tags HTTP/1.1" status: 200 len: 218 time: 0.0456276
2026-08-06 02:13:37.220 10 INFO neutron.db.ovn_revision_numbers_db [None req-46ca42fe-61e4-4881-83d4-18227902286f 67e21070e0424b3eaf077ea9a14fcddc e94c2f1e5af4467e89b1836dfac301cf - - default default] Successfully bumped revision number for resource 8a87c329-4d45-4a7f-be2b-8d1a161be36b (type: networks) to 1
2026-08-06 02:13:37.236 9 INFO neutron.wsgi [None req-2b221cc1-ee2c-4cfb-8585-cf243bf869f4 2dc64eb560f544c48685e93df9933cfe be01266a9a8d4638a7ef60e0ab992106 - - default default] 10.0.0.120 "GET /v2.0/floatingips/6bdf487d-6867-4d2e-90db-7049ad266cad/tags HTTP/1.1" status: 200 len: 218 time: 0.0400314
2026-08-06 02:13:37.284 9 INFO neutron.wsgi [None req-abb011db-7d1d-4e2d-a625-287789459e6e 2dc64eb560f544c48685e93df9933cfe be01266a9a8d4638a7ef60e0ab992106 - - default default] 10.0.0.120 "PUT /v2.0/floatingips/6bdf487d-6867-4d2e-90db-7049ad266cad/tags/green HTTP/1.1" status: 201 len: 201 time: 0.0406291
2026-08-06 02:13:37.313 9 INFO neutron.wsgi [None req-202204a5-e589-460f-a681-2c73dd29bd2e 2dc64eb560f544c48685e93df9933cfe be01266a9a8d4638a7ef60e0ab992106 - - default default] 10.0.0.120 "GET /v2.0/floatingips/6bdf487d-6867-4d2e-90db-7049ad266cad/tags HTTP/1.1" status: 200 len: 227 time: 0.0242667
2026-08-06 02:13:37.340 9 INFO neutron.wsgi [None req-a9c3c391-10da-478c-97e1-4cfd6457498d 2dc64eb560f544c48685e93df9933cfe be01266a9a8d4638a7ef60e0ab992106 - - default default] 10.0.0.120 "PUT /v2.0/floatingips/6bdf487d-6867-4d2e-90db-7049ad266cad/tags/red HTTP/1.1" status: 201 len: 201 time: 0.0235763
2026-08-06 02:13:37.368 9 INFO neutron.wsgi [None req-cba78f17-894c-492c-a5f7-a6a21bb99851 2dc64eb560f544c48685e93df9933cfe be01266a9a8d4638a7ef60e0ab992106 - - default default] 10.0.0.120 "GET /v2.0/floatingips/6bdf487d-6867-4d2e-90db-7049ad266cad/tags HTTP/1.1" status: 200 len: 227 time: 0.0236018
2026-08-06 02:13:37.404 10 WARNING neutron.scheduler.dhcp_agent_scheduler [None req-46ca42fe-61e4-4881-83d4-18227902286f 67e21070e0424b3eaf077ea9a14fcddc e94c2f1e5af4467e89b1836dfac301cf - - default default] No more DHCP agents
2026-08-06 02:13:37.407 10 WARNING neutron.api.rpc.agentnotifiers.dhcp_rpc_agent_api [None req-46ca42fe-61e4-4881-83d4-18227902286f 67e21070e0424b3eaf077ea9a14fcddc e94c2f1e5af4467e89b1836dfac301cf - - default default] Unable to schedule network 8a87c329-4d45-4a7f-be2b-8d1a161be36b: no agents available; will retry on subsequent port and subnet creation events.
2026-08-06 02:13:37.409 9 INFO neutron.wsgi [None req-4683f4ba-faea-47b5-a6e7-aeabe4464ea1 2dc64eb560f544c48685e93df9933cfe be01266a9a8d4638a7ef60e0ab992106 - - default default] 10.0.0.120 "PUT /v2.0/floatingips/6bdf487d-6867-4d2e-90db-7049ad266cad/tags/black.or.white HTTP/1.1" status: 201 len: 201 time: 0.0372753
2026-08-06 02:13:37.437 9 INFO neutron.wsgi [None req-a8aee698-96fe-47c5-834a-5f862123c02c 2dc64eb560f544c48685e93df9933cfe be01266a9a8d4638a7ef60e0ab992106 - - default default] 10.0.0.120 "GET /v2.0/floatingips/6bdf487d-6867-4d2e-90db-7049ad266cad/tags HTTP/1.1" status: 200 len: 245 time: 0.0244124
2026-08-06 02:13:37.482 10 INFO neutron.db.ovn_revision_numbers_db [None req-46ca42fe-61e4-4881-83d4-18227902286f 67e21070e0424b3eaf077ea9a14fcddc e94c2f1e5af4467e89b1836dfac301cf - - default default] Successfully bumped revision number for resource 0b6b570c-7cbd-4b37-a814-dc9fcce81015 (type: ports) to 1
2026-08-06 02:13:37.499 10 INFO neutron.wsgi [None req-46ca42fe-61e4-4881-83d4-18227902286f 67e21070e0424b3eaf077ea9a14fcddc e94c2f1e5af4467e89b1836dfac301cf - - default default] 10.0.0.120 "POST /v2.0/networks HTTP/1.1" status: 201 len: 1444 time: 1.3615708
2026-08-06 02:13:37.580 10 INFO neutron.wsgi [None req-a3cddf97-0fc4-4705-9ef2-bcdba728588c 67e21070e0424b3eaf077ea9a14fcddc e94c2f1e5af4467e89b1836dfac301cf - - default default] 10.0.0.120 "GET /v2.0/networks HTTP/1.1" status: 200 len: 2050 time: 0.0765243
2026-08-06 02:13:37.701 9 INFO neutron.wsgi [None req-dad84700-dbb8-4a55-a2d8-3c884f35c80b 2dc64eb560f544c48685e93df9933cfe be01266a9a8d4638a7ef60e0ab992106 - - default default] 10.0.0.120 "PUT /v2.0/floatingips/6bdf487d-6867-4d2e-90db-7049ad266cad/tags HTTP/1.1" status: 200 len: 230 time: 0.2594819
2026-08-06 02:13:37.744 9 INFO neutron.wsgi [None req-cdfe3142-9cea-4d7c-aa69-5581a469d5a7 2dc64eb560f544c48685e93df9933cfe be01266a9a8d4638a7ef60e0ab992106 - - default default] 10.0.0.120 "GET /v2.0/floatingips/6bdf487d-6867-4d2e-90db-7049ad266cad/tags HTTP/1.1" status: 200 len: 230 time: 0.0322311
2026-08-06 02:13:37.779 9 INFO neutron.wsgi [None req-10702cc3-60f3-4b4b-a61a-9b0eb4ae730e 2dc64eb560f544c48685e93df9933cfe be01266a9a8d4638a7ef60e0ab992106 - - default default] 10.0.0.120 "GET /v2.0/floatingips/6bdf487d-6867-4d2e-90db-7049ad266cad/tags/red HTTP/1.1" status: 204 len: 168 time: 0.0287890
2026-08-06 02:13:37.813 9 INFO neutron.api.v2.resource [None req-579b2c68-4442-49f9-9ca4-56acd01861e3 2dc64eb560f544c48685e93df9933cfe be01266a9a8d4638a7ef60e0ab992106 - - default default] show failed (client error): The resource could not be found.
2026-08-06 02:13:37.814 9 INFO neutron.wsgi [None req-579b2c68-4442-49f9-9ca4-56acd01861e3 2dc64eb560f544c48685e93df9933cfe be01266a9a8d4638a7ef60e0ab992106 - - default default] 10.0.0.120 "GET /v2.0/floatingips/6bdf487d-6867-4d2e-90db-7049ad266cad/tags/green HTTP/1.1" status: 404 len: 299 time: 0.0303285
2026-08-06 02:13:37.858 9 INFO neutron.wsgi [None req-ca038fc5-cbe0-4d7b-9ba8-4175c68e0b55 2dc64eb560f544c48685e93df9933cfe be01266a9a8d4638a7ef60e0ab992106 - - default default] 10.0.0.120 "DELETE /v2.0/floatingips/6bdf487d-6867-4d2e-90db-7049ad266cad/tags/red HTTP/1.1" status: 204 len: 168 time: 0.0380318
2026-08-06 02:13:37.896 9 INFO neutron.wsgi [None req-116b4ab2-dd49-4feb-91cc-53ebd99bdea9 2dc64eb560f544c48685e93df9933cfe be01266a9a8d4638a7ef60e0ab992106 - - default default] 10.0.0.120 "GET /v2.0/floatingips/6bdf487d-6867-4d2e-90db-7049ad266cad/tags HTTP/1.1" status: 200 len: 223 time: 0.0319843
2026-08-06 02:13:37.933 9 INFO neutron.api.v2.resource [None req-ab23b4ae-3946-4b32-b6e5-c3d2cb38b815 2dc64eb560f544c48685e93df9933cfe be01266a9a8d4638a7ef60e0ab992106 - - default default] delete failed (client error): The resource could not be found.
2026-08-06 02:13:37.934 9 INFO neutron.wsgi [None req-ab23b4ae-3946-4b32-b6e5-c3d2cb38b815 2dc64eb560f544c48685e93df9933cfe be01266a9a8d4638a7ef60e0ab992106 - - default default] 10.0.0.120 "DELETE /v2.0/floatingips/6bdf487d-6867-4d2e-90db-7049ad266cad/tags/green HTTP/1.1" status: 404 len: 299 time: 0.0329096
2026-08-06 02:13:37.987 9 INFO neutron.wsgi [None req-c77b0a55-9183-4c14-b95f-92bf96b8616f 2dc64eb560f544c48685e93df9933cfe be01266a9a8d4638a7ef60e0ab992106 - - default default] 10.0.0.120 "DELETE /v2.0/floatingips/6bdf487d-6867-4d2e-90db-7049ad266cad/tags HTTP/1.1" status: 204 len: 168 time: 0.0470362
2026-08-06 02:13:38.027 10 INFO neutron.wsgi [None req-587cb231-57b0-4f85-b05a-e84e844a58d5 2dc64eb560f544c48685e93df9933cfe be01266a9a8d4638a7ef60e0ab992106 - - default default] 10.0.0.120 "GET /v2.0/floatingips/6bdf487d-6867-4d2e-90db-7049ad266cad/tags HTTP/1.1" status: 200 len: 205 time: 0.0335679
2026-08-06 02:13:38.393 10 INFO neutron.services.segments.plugin [-] Segment f8bb5895-5b45-44ca-9474-2b2acaa64488 resource provider aggregate not found
2026-08-06 02:13:38.400 10 INFO neutron.services.segments.plugin [-] Segment f8bb5895-5b45-44ca-9474-2b2acaa64488 resource provider aggregate not found
2026-08-06 02:13:38.416 10 INFO neutron.services.segments.plugin [-] Segment f8bb5895-5b45-44ca-9474-2b2acaa64488 resource provider not found; error: Placement Client Error (4xx): {"errors": [{"status": 404, "title": "Not Found", "detail": "The resource could not be found.\n\n No resource provider with uuid f8bb5895-5b45-44ca-9474-2b2acaa64488 found for delete ", "request_id": "req-f7797d0b-5ec0-44c2-8341-ed4bf6c77fe3"}]}
2026-08-06 02:13:38.419 10 INFO neutron.services.segments.plugin [-] Segment f8bb5895-5b45-44ca-9474-2b2acaa64488 resource provider not found; error: Placement Client Error (4xx): {"errors": [{"status": 404, "title": "Not Found", "detail": "The resource could not be found.\n\n No resource provider with uuid f8bb5895-5b45-44ca-9474-2b2acaa64488 found for delete ", "request_id": "req-9e76a742-b1c2-4df2-b243-06bc86c003d0"}]}
2026-08-06 02:13:38.478 10 INFO neutron.wsgi [None req-cc4bd267-5157-4b54-935b-ea8c0b0f4ce5 67e21070e0424b3eaf077ea9a14fcddc e94c2f1e5af4467e89b1836dfac301cf - - default default] 10.0.0.120 "DELETE /v2.0/networks/5a63ffe3-6dd0-4113-adce-36ed4a0ad397 HTTP/1.1" status: 204 len: 168 time: 0.8919079
2026-08-06 02:13:38.575 10 INFO neutron.wsgi [None req-520e68ee-aed8-4aa2-88fa-3e1580b4a016 2dc64eb560f544c48685e93df9933cfe be01266a9a8d4638a7ef60e0ab992106 - - default default] 10.0.0.120 "DELETE /v2.0/floatingips/6bdf487d-6867-4d2e-90db-7049ad266cad HTTP/1.1" status: 204 len: 168 time: 0.5381060
2026-08-06 02:13:38.613 10 INFO neutron.wsgi [-] 10.0.0.239 "GET / HTTP/1.1" status: 200 len: 247 time: 0.0017080
2026-08-06 02:13:38.615 10 INFO neutron.wsgi [-] 10.0.0.239 "GET / HTTP/1.1" status: 200 len: 247 time: 0.0010555
2026-08-06 02:13:38.943 9 INFO neutron.services.segments.plugin [-] Segment adb8bb93-8c46-4a75-9f63-6c90bae50bfd resource provider aggregate not found
2026-08-06 02:13:38.950 9 INFO neutron.services.segments.plugin [-] Segment adb8bb93-8c46-4a75-9f63-6c90bae50bfd resource provider aggregate not found
2026-08-06 02:13:38.972 9 INFO neutron.services.segments.plugin [-] Segment adb8bb93-8c46-4a75-9f63-6c90bae50bfd resource provider not found; error: Placement Client Error (4xx): {"errors": [{"status": 404, "title": "Not Found", "detail": "The resource could not be found.\n\n No resource provider with uuid adb8bb93-8c46-4a75-9f63-6c90bae50bfd found for delete ", "request_id": "req-bef7caa0-dd12-4e49-9d15-5f5d1ef13d53"}]}
2026-08-06 02:13:38.975 9 INFO neutron.services.segments.plugin [-] Segment adb8bb93-8c46-4a75-9f63-6c90bae50bfd resource provider not found; error: Placement Client Error (4xx): {"errors": [{"status": 404, "title": "Not Found", "detail": "The resource could not be found.\n\n No resource provider with uuid adb8bb93-8c46-4a75-9f63-6c90bae50bfd found for delete ", "request_id": "req-98d1d727-4574-4783-9bde-b9dbf6d65ea3"}]}
2026-08-06 02:13:39.000 9 INFO neutron.wsgi [None req-245b4783-c6e5-4929-8075-e2ab5a8710f9 67e21070e0424b3eaf077ea9a14fcddc e94c2f1e5af4467e89b1836dfac301cf - - default default] 10.0.0.120 "DELETE /v2.0/networks/8a87c329-4d45-4a7f-be2b-8d1a161be36b HTTP/1.1" status: 204 len: 168 time: 0.5157256
2026-08-06 02:13:39.117 9 INFO neutron.wsgi [None req-88264a9d-b72a-4993-b798-eb6bda050ea5 67e21070e0424b3eaf077ea9a14fcddc e94c2f1e5af4467e89b1836dfac301cf - - default default] 10.0.0.120 "GET /v2.0/networks HTTP/1.1" status: 200 len: 845 time: 0.1106377
2026-08-06 02:13:39.236 10 INFO neutron.db.segments_db [None req-691e80d4-9762-4ce2-8073-d7cec01ef578 67e21070e0424b3eaf077ea9a14fcddc e94c2f1e5af4467e89b1836dfac301cf - - default default] Added segment 7cba7f1f-314f-4ddc-8618-f397b3cf6bb5 of type geneve for network ee094928-c2d6-49a5-9d6a-e39854ebb2c8
2026-08-06 02:13:39.301 9 INFO neutron.db.ovn_revision_numbers_db [None req-dd0b12d8-d75c-4b89-9672-ed541e2ef8fc 7bcdba86b3044964931b7a03428d97bd fb2648bf3d2b423fb7741eaafdc9cebe - - default default] Successfully bumped revision number for resource 2c7d4e60-50c7-471f-9507-df4119ba6204 (type: security_groups) to 1
2026-08-06 02:13:39.317 9 INFO neutron.db.ovn_revision_numbers_db [None req-dd0b12d8-d75c-4b89-9672-ed541e2ef8fc 7bcdba86b3044964931b7a03428d97bd fb2648bf3d2b423fb7741eaafdc9cebe - - default default] Successfully bumped revision number for resource 1172e3da-c60e-47d8-aad0-980cd9e2862f (type: security_group_rules) to 0
2026-08-06 02:13:39.332 9 INFO neutron.db.ovn_revision_numbers_db [None req-dd0b12d8-d75c-4b89-9672-ed541e2ef8fc 7bcdba86b3044964931b7a03428d97bd fb2648bf3d2b423fb7741eaafdc9cebe - - default default] Successfully bumped revision number for resource b2c2a512-f516-4659-bc15-6a48fbed2f22 (type: security_group_rules) to 0
2026-08-06 02:13:39.355 9 INFO neutron.db.ovn_revision_numbers_db [None req-dd0b12d8-d75c-4b89-9672-ed541e2ef8fc 7bcdba86b3044964931b7a03428d97bd fb2648bf3d2b423fb7741eaafdc9cebe - - default default] Successfully bumped revision number for resource e1a2913b-6b4f-46e2-af07-70ca1f22b4cd (type: security_group_rules) to 0
2026-08-06 02:13:39.380 9 INFO neutron.db.ovn_revision_numbers_db [None req-dd0b12d8-d75c-4b89-9672-ed541e2ef8fc 7bcdba86b3044964931b7a03428d97bd fb2648bf3d2b423fb7741eaafdc9cebe - - default default] Successfully bumped revision number for resource e516a445-7ccb-4106-ba94-2b57da4ee59e (type: security_group_rules) to 0
2026-08-06 02:13:39.405 10 INFO neutron.db.ovn_revision_numbers_db [None req-691e80d4-9762-4ce2-8073-d7cec01ef578 67e21070e0424b3eaf077ea9a14fcddc e94c2f1e5af4467e89b1836dfac301cf - - default default] Successfully bumped revision number for resource ee094928-c2d6-49a5-9d6a-e39854ebb2c8 (type: networks) to 1
2026-08-06 02:13:39.441 9 INFO neutron.db.segments_db [None req-dd0b12d8-d75c-4b89-9672-ed541e2ef8fc 7bcdba86b3044964931b7a03428d97bd fb2648bf3d2b423fb7741eaafdc9cebe - - default default] Added segment dc03dc7a-cd43-4f59-835c-6a69a236723f of type geneve for network c817c5d0-8069-4f07-8241-c9372b1cae11
2026-08-06 02:13:39.566 10 WARNING neutron.scheduler.dhcp_agent_scheduler [None req-691e80d4-9762-4ce2-8073-d7cec01ef578 67e21070e0424b3eaf077ea9a14fcddc e94c2f1e5af4467e89b1836dfac301cf - - default default] No more DHCP agents
2026-08-06 02:13:39.569 10 WARNING neutron.api.rpc.agentnotifiers.dhcp_rpc_agent_api [None req-691e80d4-9762-4ce2-8073-d7cec01ef578 67e21070e0424b3eaf077ea9a14fcddc e94c2f1e5af4467e89b1836dfac301cf - - default default] Unable to schedule network ee094928-c2d6-49a5-9d6a-e39854ebb2c8: no agents available; will retry on subsequent port and subnet creation events.
2026-08-06 02:13:39.608 9 INFO neutron.db.ovn_revision_numbers_db [None req-dd0b12d8-d75c-4b89-9672-ed541e2ef8fc 7bcdba86b3044964931b7a03428d97bd fb2648bf3d2b423fb7741eaafdc9cebe - - default default] Successfully bumped revision number for resource c817c5d0-8069-4f07-8241-c9372b1cae11 (type: networks) to 1
2026-08-06 02:13:39.640 10 INFO neutron.db.ovn_revision_numbers_db [None req-691e80d4-9762-4ce2-8073-d7cec01ef578 67e21070e0424b3eaf077ea9a14fcddc e94c2f1e5af4467e89b1836dfac301cf - - default default] Successfully bumped revision number for resource 5d48d7af-137d-487e-8d8f-27b4c723be46 (type: ports) to 1
2026-08-06 02:13:39.664 10 INFO neutron.wsgi [None req-691e80d4-9762-4ce2-8073-d7cec01ef578 67e21070e0424b3eaf077ea9a14fcddc e94c2f1e5af4467e89b1836dfac301cf - - default default] 10.0.0.120 "POST /v2.0/networks HTTP/1.1" status: 201 len: 849 time: 0.5372996
2026-08-06 02:13:39.731 9 INFO neutron.db.ovn_revision_numbers_db [None req-86d9f0cd-b203-4d64-9020-486f5b494eb7 2e4a36b2e7ce4b468af7faf9bfc3156a 0f7083d820204f31826693428e1aad01 - - default default] Successfully bumped revision number for resource e51b8b37-d3b4-4e23-a4eb-0153e0bede59 (type: security_groups) to 1
2026-08-06 02:13:39.761 9 INFO neutron.db.ovn_revision_numbers_db [None req-86d9f0cd-b203-4d64-9020-486f5b494eb7 2e4a36b2e7ce4b468af7faf9bfc3156a 0f7083d820204f31826693428e1aad01 - - default default] Successfully bumped revision number for resource 667abb87-33cf-4531-81a7-d90eb25d9f15 (type: security_group_rules) to 0
2026-08-06 02:13:39.769 10 INFO neutron.db.segments_db [None req-538897f3-2ec7-4d91-ad87-299ee356b715 67e21070e0424b3eaf077ea9a14fcddc e94c2f1e5af4467e89b1836dfac301cf - - default default] Added segment 2f84b511-384a-4cef-80be-65432580b919 of type geneve for network 7985cd6d-e1e0-4c50-bf4f-5911f8686672
2026-08-06 02:13:39.781 9 INFO neutron.db.ovn_revision_numbers_db [None req-86d9f0cd-b203-4d64-9020-486f5b494eb7 2e4a36b2e7ce4b468af7faf9bfc3156a 0f7083d820204f31826693428e1aad01 - - default default] Successfully bumped revision number for resource 6a2383a8-3c68-415b-bf1c-dd61c2e98d00 (type: security_group_rules) to 0
2026-08-06 02:13:39.799 9 INFO neutron.db.ovn_revision_numbers_db [None req-86d9f0cd-b203-4d64-9020-486f5b494eb7 2e4a36b2e7ce4b468af7faf9bfc3156a 0f7083d820204f31826693428e1aad01 - - default default] Successfully bumped revision number for resource da6a6459-057c-44fc-8320-8fbd0debec91 (type: security_group_rules) to 0
2026-08-06 02:13:39.818 9 INFO neutron.db.ovn_revision_numbers_db [None req-86d9f0cd-b203-4d64-9020-486f5b494eb7 2e4a36b2e7ce4b468af7faf9bfc3156a 0f7083d820204f31826693428e1aad01 - - default default] Successfully bumped revision number for resource e1f57466-556f-4cb8-92e7-b81c9f65ef77 (type: security_group_rules) to 0
2026-08-06 02:13:39.855 9 WARNING neutron.scheduler.dhcp_agent_scheduler [None req-dd0b12d8-d75c-4b89-9672-ed541e2ef8fc 7bcdba86b3044964931b7a03428d97bd fb2648bf3d2b423fb7741eaafdc9cebe - - default default] No more DHCP agents
2026-08-06 02:13:39.867 9 WARNING neutron.api.rpc.agentnotifiers.dhcp_rpc_agent_api [None req-dd0b12d8-d75c-4b89-9672-ed541e2ef8fc 7bcdba86b3044964931b7a03428d97bd fb2648bf3d2b423fb7741eaafdc9cebe - - default default] Unable to schedule network c817c5d0-8069-4f07-8241-c9372b1cae11: no agents available; will retry on subsequent port and subnet creation events.
2026-08-06 02:13:39.874 9 INFO neutron.wsgi [None req-86d9f0cd-b203-4d64-9020-486f5b494eb7 2e4a36b2e7ce4b468af7faf9bfc3156a 0f7083d820204f31826693428e1aad01 - - default default] 10.0.0.120 "GET /v2.0/security-groups?tenant_id=58b2043e8dba44eaa474cdc037c4090f&name=default HTTP/1.1" status: 200 len: 2996 time: 0.4885511
2026-08-06 02:13:39.896 10 INFO neutron.db.ovn_revision_numbers_db [None req-538897f3-2ec7-4d91-ad87-299ee356b715 67e21070e0424b3eaf077ea9a14fcddc e94c2f1e5af4467e89b1836dfac301cf - - default default] Successfully bumped revision number for resource 7985cd6d-e1e0-4c50-bf4f-5911f8686672 (type: networks) to 1
2026-08-06 02:13:39.987 9 INFO neutron.db.ovn_revision_numbers_db [None req-dd0b12d8-d75c-4b89-9672-ed541e2ef8fc 7bcdba86b3044964931b7a03428d97bd fb2648bf3d2b423fb7741eaafdc9cebe - - default default] Successfully bumped revision number for resource 70c88314-8d57-41d5-b2fd-4da1e003f097 (type: ports) to 1
2026-08-06 02:13:40.012 9 INFO neutron.wsgi [None req-dd0b12d8-d75c-4b89-9672-ed541e2ef8fc 7bcdba86b3044964931b7a03428d97bd fb2648bf3d2b423fb7741eaafdc9cebe - - default default] 10.0.0.120 "POST /v2.0/networks HTTP/1.1" status: 201 len: 830 time: 1.1203394
2026-08-06 02:13:40.122 10 WARNING neutron.scheduler.dhcp_agent_scheduler [None req-538897f3-2ec7-4d91-ad87-299ee356b715 67e21070e0424b3eaf077ea9a14fcddc e94c2f1e5af4467e89b1836dfac301cf - - default default] No more DHCP agents
2026-08-06 02:13:40.127 10 WARNING neutron.api.rpc.agentnotifiers.dhcp_rpc_agent_api [None req-538897f3-2ec7-4d91-ad87-299ee356b715 67e21070e0424b3eaf077ea9a14fcddc e94c2f1e5af4467e89b1836dfac301cf - - default default] Unable to schedule network 7985cd6d-e1e0-4c50-bf4f-5911f8686672: no agents available; will retry on subsequent port and subnet creation events.
2026-08-06 02:13:40.141 9 INFO neutron.wsgi [None req-a85a3921-1ca9-4918-841e-d822e0e6460b 2e4a36b2e7ce4b468af7faf9bfc3156a 0f7083d820204f31826693428e1aad01 - - default default] 10.0.0.120 "DELETE /v2.0/security-groups/e51b8b37-d3b4-4e23-a4eb-0153e0bede59 HTTP/1.1" status: 204 len: 168 time: 0.2585857
2026-08-06 02:13:40.239 10 INFO neutron.db.ovn_revision_numbers_db [None req-538897f3-2ec7-4d91-ad87-299ee356b715 67e21070e0424b3eaf077ea9a14fcddc e94c2f1e5af4467e89b1836dfac301cf - - default default] Successfully bumped revision number for resource c1d094e2-81d2-4219-81fa-128f2ef9452c (type: ports) to 1
2026-08-06 02:13:40.271 10 INFO neutron.wsgi [None req-538897f3-2ec7-4d91-ad87-299ee356b715 67e21070e0424b3eaf077ea9a14fcddc e94c2f1e5af4467e89b1836dfac301cf - - default default] 10.0.0.120 "POST /v2.0/networks HTTP/1.1" status: 201 len: 849 time: 0.6037984
2026-08-06 02:13:40.330 10 WARNING neutron.scheduler.dhcp_agent_scheduler [None req-312e070b-39da-4688-968a-285cf9adf97e 7bcdba86b3044964931b7a03428d97bd fb2648bf3d2b423fb7741eaafdc9cebe - - default default] No more DHCP agents
2026-08-06 02:13:40.335 10 WARNING neutron.api.rpc.agentnotifiers.dhcp_rpc_agent_api [None req-312e070b-39da-4688-968a-285cf9adf97e 7bcdba86b3044964931b7a03428d97bd fb2648bf3d2b423fb7741eaafdc9cebe - - default default] Unable to schedule network c817c5d0-8069-4f07-8241-c9372b1cae11: no agents available; will retry on subsequent port and subnet creation events.
2026-08-06 02:13:40.434 9 INFO neutron.wsgi [None req-d95e9a4a-1efc-4642-99ed-9d6e7cbb4ba7 7ae36c2f6df243b2b6aa062e8838fc49 fa011acee7f346ebb55d6058e03209b6 - - default default] 10.0.0.120 "POST /v2.0/subnetpools HTTP/1.1" status: 201 len: 715 time: 0.1852419
2026-08-06 02:13:40.502 10 INFO neutron.db.ovn_revision_numbers_db [None req-0a86e314-32b7-4f44-8484-06f8642c477a 2e4a36b2e7ce4b468af7faf9bfc3156a 0f7083d820204f31826693428e1aad01 - - default default] Successfully bumped revision number for resource c1f70108-f3c0-4381-babb-48d0fc6b0357 (type: security_groups) to 1
2026-08-06 02:13:40.538 10 INFO neutron.db.ovn_revision_numbers_db [None req-0a86e314-32b7-4f44-8484-06f8642c477a 2e4a36b2e7ce4b468af7faf9bfc3156a 0f7083d820204f31826693428e1aad01 - - default default] Successfully bumped revision number for resource 0ccc48f9-a573-4896-bd48-6930df2d70f6 (type: security_group_rules) to 0
2026-08-06 02:13:40.547 10 INFO neutron.wsgi [None req-85321588-d88b-4cc4-afd3-904c42b7dbdb 7ae36c2f6df243b2b6aa062e8838fc49 fa011acee7f346ebb55d6058e03209b6 - - default default] 10.0.0.120 "POST /v2.0/subnetpools HTTP/1.1" status: 201 len: 715 time: 0.1061540
2026-08-06 02:13:40.583 10 INFO neutron.db.ovn_revision_numbers_db [None req-0a86e314-32b7-4f44-8484-06f8642c477a 2e4a36b2e7ce4b468af7faf9bfc3156a 0f7083d820204f31826693428e1aad01 - - default default] Successfully bumped revision number for resource 7e13ec92-5573-4e88-b7e7-d2593872d2b3 (type: security_group_rules) to 0
2026-08-06 02:13:40.599 10 INFO neutron.db.ovn_revision_numbers_db [None req-0a86e314-32b7-4f44-8484-06f8642c477a 2e4a36b2e7ce4b468af7faf9bfc3156a 0f7083d820204f31826693428e1aad01 - - default default] Successfully bumped revision number for resource b7af7df3-5288-4832-870a-f9b620ca117e (type: security_group_rules) to 0
2026-08-06 02:13:40.619 10 INFO neutron.db.ovn_revision_numbers_db [None req-0a86e314-32b7-4f44-8484-06f8642c477a 2e4a36b2e7ce4b468af7faf9bfc3156a 0f7083d820204f31826693428e1aad01 - - default default] Successfully bumped revision number for resource f45f41f8-d5ec-4c60-b540-07577bda6a6b (type: security_group_rules) to 0
2026-08-06 02:13:40.622 9 INFO neutron.wsgi [None req-e701b4f5-f29e-46fc-aaf7-add179a8bfd3 7ae36c2f6df243b2b6aa062e8838fc49 fa011acee7f346ebb55d6058e03209b6 - - default default] 10.0.0.120 "POST /v2.0/subnetpools HTTP/1.1" status: 201 len: 715 time: 0.0663991
2026-08-06 02:13:40.639 10 INFO neutron.wsgi [None req-0a86e314-32b7-4f44-8484-06f8642c477a 2e4a36b2e7ce4b468af7faf9bfc3156a 0f7083d820204f31826693428e1aad01 - - default default] 10.0.0.120 "GET /v2.0/security-groups?tenant_id=be01266a9a8d4638a7ef60e0ab992106&name=default HTTP/1.1" status: 200 len: 2996 time: 0.3266177
2026-08-06 02:13:40.711 9 INFO neutron.wsgi [None req-75fdea27-6088-411f-af07-15480f09157b 7ae36c2f6df243b2b6aa062e8838fc49 fa011acee7f346ebb55d6058e03209b6 - - default default] 10.0.0.120 "POST /v2.0/subnetpools HTTP/1.1" status: 201 len: 715 time: 0.0832689 /var/lib/openstack/lib/python3.10/site-packages/pycadf/identifier.py:71: UserWarning: Invalid uuid: neutron. To ensure interoperability, identifiers should be a valid uuid. warnings.warn(('Invalid uuid: %s. To ensure interoperability, '
2026-08-06 02:13:40.821 9 INFO neutron.wsgi [None req-ab923d36-dcca-4203-937f-57df5b813f73 7ae36c2f6df243b2b6aa062e8838fc49 fa011acee7f346ebb55d6058e03209b6 - - default default] 10.0.0.120 "POST /v2.0/subnetpools HTTP/1.1" status: 201 len: 715 time: 0.1042349 /var/lib/openstack/lib/python3.10/site-packages/pycadf/identifier.py:71: UserWarning: Invalid uuid: neutron. To ensure interoperability, identifiers should be a valid uuid. warnings.warn(('Invalid uuid: %s. To ensure interoperability, '
2026-08-06 02:13:40.868 9 INFO neutron.wsgi [None req-ddb3e5b8-9f83-4d91-bf0a-99630efcb857 7ae36c2f6df243b2b6aa062e8838fc49 fa011acee7f346ebb55d6058e03209b6 - - default default] 10.0.0.120 "PUT /v2.0/subnetpools/1350e75f-16ee-4da2-b3f9-120dc9db7c4e/tags HTTP/1.1" status: 200 len: 210 time: 0.0404150
2026-08-06 02:13:40.873 9 WARNING neutron.scheduler.dhcp_agent_scheduler [None req-b5f56024-c5b9-443a-bddd-2d3d78c53800 67e21070e0424b3eaf077ea9a14fcddc e94c2f1e5af4467e89b1836dfac301cf - - default default] No more DHCP agents /var/lib/openstack/lib/python3.10/site-packages/pycadf/identifier.py:71: UserWarning: Invalid uuid: neutron. To ensure interoperability, identifiers should be a valid uuid. warnings.warn(('Invalid uuid: %s. To ensure interoperability, '
2026-08-06 02:13:40.879 9 WARNING neutron.api.rpc.agentnotifiers.dhcp_rpc_agent_api [None req-b5f56024-c5b9-443a-bddd-2d3d78c53800 67e21070e0424b3eaf077ea9a14fcddc e94c2f1e5af4467e89b1836dfac301cf - - default default] Unable to schedule network ee094928-c2d6-49a5-9d6a-e39854ebb2c8: no agents available; will retry on subsequent port and subnet creation events.
2026-08-06 02:13:40.933 9 INFO neutron.wsgi [None req-b6725016-31dd-43d7-806e-88ada12230d3 7ae36c2f6df243b2b6aa062e8838fc49 fa011acee7f346ebb55d6058e03209b6 - - default default] 10.0.0.120 "PUT /v2.0/subnetpools/9a539c7b-171f-4e6f-a227-bf7f69a3282f/tags HTTP/1.1" status: 200 len: 218 time: 0.0593901
2026-08-06 02:13:40.942 10 INFO neutron.wsgi [None req-e6f73e87-30b9-45a7-bc15-9ea4b29aabf6 2e4a36b2e7ce4b468af7faf9bfc3156a 0f7083d820204f31826693428e1aad01 - - default default] 10.0.0.120 "DELETE /v2.0/security-groups/c1f70108-f3c0-4381-babb-48d0fc6b0357 HTTP/1.1" status: 204 len: 168 time: 0.2997167
2026-08-06 02:13:40.949 10 INFO neutron.db.ovn_revision_numbers_db [None req-312e070b-39da-4688-968a-285cf9adf97e 7bcdba86b3044964931b7a03428d97bd fb2648bf3d2b423fb7741eaafdc9cebe - - default default] Successfully bumped revision number for resource 70c88314-8d57-41d5-b2fd-4da1e003f097 (type: ports) to 2
2026-08-06 02:13:40.982 9 INFO neutron.wsgi [None req-ca245119-0730-4220-867a-31efcf947157 7ae36c2f6df243b2b6aa062e8838fc49 fa011acee7f346ebb55d6058e03209b6 - - default default] 10.0.0.120 "PUT /v2.0/subnetpools/fe5990e2-8f43-4f62-8dae-108f140ad627/tags HTTP/1.1" status: 200 len: 227 time: 0.0443068
2026-08-06 02:13:40.991 9 INFO neutron.db.ovn_revision_numbers_db [None req-b5f56024-c5b9-443a-bddd-2d3d78c53800 67e21070e0424b3eaf077ea9a14fcddc e94c2f1e5af4467e89b1836dfac301cf - - default default] Successfully bumped revision number for resource cc0ed19f-e06b-4d3f-97d8-62770a68c72c (type: ports) to 1
2026-08-06 02:13:40.992 10 INFO neutron.db.ovn_revision_numbers_db [None req-312e070b-39da-4688-968a-285cf9adf97e 7bcdba86b3044964931b7a03428d97bd fb2648bf3d2b423fb7741eaafdc9cebe - - default default] Successfully bumped revision number for resource 73c9a56a-bc9b-4c2d-9118-cd01d5fb329e (type: subnets) to 0
2026-08-06 02:13:41.007 10 INFO neutron.wsgi [None req-312e070b-39da-4688-968a-285cf9adf97e 7bcdba86b3044964931b7a03428d97bd fb2648bf3d2b423fb7741eaafdc9cebe - - default default] 10.0.0.120 "POST /v2.0/subnets HTTP/1.1" status: 201 len: 801 time: 0.9874129
2026-08-06 02:13:41.014 9 INFO neutron.wsgi [None req-0a91c1a7-77b2-41cf-a000-747f5f152cc5 7ae36c2f6df243b2b6aa062e8838fc49 fa011acee7f346ebb55d6058e03209b6 - - default default] 10.0.0.120 "PUT /v2.0/subnetpools/2fd81be0-a0e4-41e9-818d-731a765576b1/tags HTTP/1.1" status: 200 len: 212 time: 0.0277691
2026-08-06 02:13:41.036 9 WARNING neutron.scheduler.dhcp_agent_scheduler [None req-b5f56024-c5b9-443a-bddd-2d3d78c53800 67e21070e0424b3eaf077ea9a14fcddc e94c2f1e5af4467e89b1836dfac301cf - - default default] No more DHCP agents
2026-08-06 02:13:41.040 9 WARNING neutron.api.rpc.agentnotifiers.dhcp_rpc_agent_api [None req-b5f56024-c5b9-443a-bddd-2d3d78c53800 67e21070e0424b3eaf077ea9a14fcddc e94c2f1e5af4467e89b1836dfac301cf - - default default] Unable to schedule network 7985cd6d-e1e0-4c50-bf4f-5911f8686672: no agents available; will retry on subsequent port and subnet creation events.
2026-08-06 02:13:41.048 9 INFO neutron.wsgi [None req-946626db-6ba9-4e9f-bbfe-f3a4dc050cc0 7ae36c2f6df243b2b6aa062e8838fc49 fa011acee7f346ebb55d6058e03209b6 - - default default] 10.0.0.120 "GET /v2.0/subnetpools?tags=red HTTP/1.1" status: 200 len: 1758 time: 0.0284679
2026-08-06 02:13:41.089 10 INFO neutron.wsgi [None req-1ffe97cb-70a8-466e-8c65-defcc25adbbc 7ae36c2f6df243b2b6aa062e8838fc49 fa011acee7f346ebb55d6058e03209b6 - - default default] 10.0.0.120 "GET /v2.0/subnetpools?tags=red%2Cblue HTTP/1.1" status: 200 len: 1251 time: 0.0324161
2026-08-06 02:13:41.095 10 INFO neutron.wsgi [None req-35bf4b7f-d652-4fdb-8e41-de072bddb1a7 7bcdba86b3044964931b7a03428d97bd fb2648bf3d2b423fb7741eaafdc9cebe - - default default] 10.0.0.120 "PUT /v2.0/subnets/73c9a56a-bc9b-4c2d-9118-cd01d5fb329e/tags HTTP/1.1" status: 200 len: 218 time: 0.0793588 /var/lib/openstack/lib/python3.10/site-packages/pycadf/identifier.py:71: UserWarning: Invalid uuid: neutron. To ensure interoperability, identifiers should be a valid uuid. warnings.warn(('Invalid uuid: %s. To ensure interoperability, '
2026-08-06 02:13:41.138 9 INFO neutron.wsgi [None req-03e8b97e-0a5c-4939-af44-fa037dbc1b98 7ae36c2f6df243b2b6aa062e8838fc49 fa011acee7f346ebb55d6058e03209b6 - - default default] 10.0.0.120 "GET /v2.0/subnetpools?tags-any=blue HTTP/1.1" status: 200 len: 1251 time: 0.0374656
2026-08-06 02:13:41.143 9 INFO neutron.db.ovn_revision_numbers_db [None req-b5f56024-c5b9-443a-bddd-2d3d78c53800 67e21070e0424b3eaf077ea9a14fcddc e94c2f1e5af4467e89b1836dfac301cf - - default default] Successfully bumped revision number for resource 85127467-b2ef-424c-9267-996cd559d04e (type: ports) to 1
2026-08-06 02:13:41.163 10 INFO neutron.wsgi [None req-d4e6e540-d50b-4da4-b46c-4dbe90c58991 7bcdba86b3044964931b7a03428d97bd fb2648bf3d2b423fb7741eaafdc9cebe - - default default] 10.0.0.120 "GET /v2.0/subnets/73c9a56a-bc9b-4c2d-9118-cd01d5fb329e/tags HTTP/1.1" status: 200 len: 218 time: 0.0567055
2026-08-06 02:13:41.176 10 INFO neutron.wsgi [None req-fd3ba636-61e9-4fc1-9560-1b0a4a1c7316 7ae36c2f6df243b2b6aa062e8838fc49 fa011acee7f346ebb55d6058e03209b6 - - default default] 10.0.0.120 "GET /v2.0/subnetpools?tags-any=red%2Cblue HTTP/1.1" status: 200 len: 1758 time: 0.0303099
2026-08-06 02:13:41.180 9 INFO neutron.wsgi [None req-b5f56024-c5b9-443a-bddd-2d3d78c53800 67e21070e0424b3eaf077ea9a14fcddc e94c2f1e5af4467e89b1836dfac301cf - - default default] 10.0.0.120 "POST /v2.0/ports HTTP/1.1" status: 201 len: 1705 time: 0.9018016
2026-08-06 02:13:41.220 10 INFO neutron.wsgi [None req-915ae555-19cf-495e-b92e-0c8f9b4bfc42 7ae36c2f6df243b2b6aa062e8838fc49 fa011acee7f346ebb55d6058e03209b6 - - default default] 10.0.0.120 "GET /v2.0/subnetpools?not-tags=red HTTP/1.1" status: 200 len: 1223 time: 0.0305116
2026-08-06 02:13:41.263 10 INFO neutron.wsgi [None req-43e62b13-2323-4066-aa91-658301e4f1c6 7ae36c2f6df243b2b6aa062e8838fc49 fa011acee7f346ebb55d6058e03209b6 - - default default] 10.0.0.120 "GET /v2.0/subnetpools?not-tags=red%2Cblue HTTP/1.1" status: 200 len: 1730 time: 0.0375440
2026-08-06 02:13:41.263 9 INFO neutron.wsgi [None req-16af16ad-c293-4707-94a8-36f7fd02e105 7bcdba86b3044964931b7a03428d97bd fb2648bf3d2b423fb7741eaafdc9cebe - - default default] 10.0.0.120 "PUT /v2.0/subnets/73c9a56a-bc9b-4c2d-9118-cd01d5fb329e/tags/green HTTP/1.1" status: 201 len: 201 time: 0.0931730
2026-08-06 02:13:41.298 10 INFO neutron.wsgi [None req-bcbf1730-2003-47fb-94a0-6b975c0d3e70 7ae36c2f6df243b2b6aa062e8838fc49 fa011acee7f346ebb55d6058e03209b6 - - default default] 10.0.0.120 "GET /v2.0/subnetpools?not-tags-any=blue HTTP/1.1" status: 200 len: 1730 time: 0.0303874
2026-08-06 02:13:41.308 9 INFO neutron.wsgi [None req-c757f4d2-7c53-438f-b120-6689ea1f5ca2 7bcdba86b3044964931b7a03428d97bd fb2648bf3d2b423fb7741eaafdc9cebe - - default default] 10.0.0.120 "GET /v2.0/subnets/73c9a56a-bc9b-4c2d-9118-cd01d5fb329e/tags HTTP/1.1" status: 200 len: 227 time: 0.0411475
2026-08-06 02:13:41.357 10 INFO neutron.wsgi [None req-5d9da4af-82fe-482e-95a7-a1d164cf297d 7ae36c2f6df243b2b6aa062e8838fc49 fa011acee7f346ebb55d6058e03209b6 - - default default] 10.0.0.120 "GET /v2.0/subnetpools?not-tags-any=red%2Cblue HTTP/1.1" status: 200 len: 1223 time: 0.0536113
2026-08-06 02:13:41.375 10 INFO neutron.wsgi [None req-80296ea7-42ba-4835-93f2-4f6668b6fd5b 7bcdba86b3044964931b7a03428d97bd fb2648bf3d2b423fb7741eaafdc9cebe - - default default] 10.0.0.120 "PUT /v2.0/subnets/73c9a56a-bc9b-4c2d-9118-cd01d5fb329e/tags/red HTTP/1.1" status: 201 len: 201 time: 0.0626950
2026-08-06 02:13:41.379 9 INFO neutron.wsgi [None req-15c6f2c1-c3b3-428d-922f-227a6a01bb7e 67e21070e0424b3eaf077ea9a14fcddc e94c2f1e5af4467e89b1836dfac301cf - - default default] 10.0.0.120 "GET /v2.0/ports HTTP/1.1" status: 200 len: 3212 time: 0.1823390
2026-08-06 02:13:41.419 10 INFO neutron.wsgi [None req-33e7c6b5-6c80-4463-9515-e10284a40d98 7bcdba86b3044964931b7a03428d97bd fb2648bf3d2b423fb7741eaafdc9cebe - - default default] 10.0.0.120 "GET /v2.0/subnets/73c9a56a-bc9b-4c2d-9118-cd01d5fb329e/tags HTTP/1.1" status: 200 len: 227 time: 0.0335686
2026-08-06 02:13:41.440 10 INFO neutron.wsgi [None req-941f5b38-7874-40dd-a610-f618890bbe08 7ae36c2f6df243b2b6aa062e8838fc49 fa011acee7f346ebb55d6058e03209b6 - - default default] 10.0.0.120 "DELETE /v2.0/subnetpools/1350e75f-16ee-4da2-b3f9-120dc9db7c4e HTTP/1.1" status: 204 len: 168 time: 0.0764558
2026-08-06 02:13:41.480 10 INFO neutron.wsgi [None req-075ba14d-28db-468a-b06f-ed74779a8fdb 7bcdba86b3044964931b7a03428d97bd fb2648bf3d2b423fb7741eaafdc9cebe - - default default] 10.0.0.120 "PUT /v2.0/subnets/73c9a56a-bc9b-4c2d-9118-cd01d5fb329e/tags/black.or.white HTTP/1.1" status: 201 len: 201 time: 0.0560944
2026-08-06 02:13:41.501 10 INFO neutron.wsgi [None req-a1f8e3c5-ce29-45ed-917b-86a0f44f89ba 7ae36c2f6df243b2b6aa062e8838fc49 fa011acee7f346ebb55d6058e03209b6 - - default default] 10.0.0.120 "DELETE /v2.0/subnetpools/9a539c7b-171f-4e6f-a227-bf7f69a3282f HTTP/1.1" status: 204 len: 168 time: 0.0568225
2026-08-06 02:13:41.523 9 INFO neutron.wsgi [None req-e5f4f361-f9c0-4d8e-9d42-2735874d9fe9 7bcdba86b3044964931b7a03428d97bd fb2648bf3d2b423fb7741eaafdc9cebe - - default default] 10.0.0.120 "GET /v2.0/subnets/73c9a56a-bc9b-4c2d-9118-cd01d5fb329e/tags HTTP/1.1" status: 200 len: 245 time: 0.0385528
2026-08-06 02:13:41.556 10 INFO neutron.wsgi [None req-a401fb4a-4075-423a-9694-4b946db09ca1 7ae36c2f6df243b2b6aa062e8838fc49 fa011acee7f346ebb55d6058e03209b6 - - default default] 10.0.0.120 "DELETE /v2.0/subnetpools/fe5990e2-8f43-4f62-8dae-108f140ad627 HTTP/1.1" status: 204 len: 168 time: 0.0494707
2026-08-06 02:13:41.599 9 INFO neutron.wsgi [None req-4ad76da6-2a42-4cc4-b598-0d4e548c6c8f 7bcdba86b3044964931b7a03428d97bd fb2648bf3d2b423fb7741eaafdc9cebe - - default default] 10.0.0.120 "PUT /v2.0/subnets/73c9a56a-bc9b-4c2d-9118-cd01d5fb329e/tags HTTP/1.1" status: 200 len: 230 time: 0.0701692
2026-08-06 02:13:41.629 9 INFO neutron.wsgi [None req-c7b239cd-836b-4248-a192-b9c53cee7bbb 7ae36c2f6df243b2b6aa062e8838fc49 fa011acee7f346ebb55d6058e03209b6 - - default default] 10.0.0.120 "DELETE /v2.0/subnetpools/2fd81be0-a0e4-41e9-818d-731a765576b1 HTTP/1.1" status: 204 len: 168 time: 0.0678251
2026-08-06 02:13:41.635 10 INFO neutron.wsgi [None req-7751d29d-97a2-4368-abf1-1aab36728a96 7bcdba86b3044964931b7a03428d97bd fb2648bf3d2b423fb7741eaafdc9cebe - - default default] 10.0.0.120 "GET /v2.0/subnets/73c9a56a-bc9b-4c2d-9118-cd01d5fb329e/tags HTTP/1.1" status: 200 len: 230 time: 0.0306091
2026-08-06 02:13:41.649 9 INFO neutron.wsgi [None req-9bae8cea-37c4-4203-9c3d-f4eed2dd7936 67e21070e0424b3eaf077ea9a14fcddc e94c2f1e5af4467e89b1836dfac301cf - - default default] 10.0.0.120 "DELETE /v2.0/ports/cc0ed19f-e06b-4d3f-97d8-62770a68c72c HTTP/1.1" status: 204 len: 168 time: 0.2643857
2026-08-06 02:13:41.686 10 INFO neutron.wsgi [None req-66fadf53-704e-48d8-91a9-b40797a75eb6 7bcdba86b3044964931b7a03428d97bd fb2648bf3d2b423fb7741eaafdc9cebe - - default default] 10.0.0.120 "GET /v2.0/subnets/73c9a56a-bc9b-4c2d-9118-cd01d5fb329e/tags/red HTTP/1.1" status: 204 len: 168 time: 0.0468037
2026-08-06 02:13:41.716 9 INFO neutron.wsgi [None req-9aa1d41f-4773-4b53-b0db-a029b4bffbb6 7ae36c2f6df243b2b6aa062e8838fc49 fa011acee7f346ebb55d6058e03209b6 - - default default] 10.0.0.120 "DELETE /v2.0/subnetpools/be33125a-ea58-4bf2-93a2-e8d1ed286d2a HTTP/1.1" status: 204 len: 168 time: 0.0825288
2026-08-06 02:13:41.727 9 INFO neutron.api.v2.resource [None req-949341e4-8d2c-4d10-be8d-1d00bc2a3843 7bcdba86b3044964931b7a03428d97bd fb2648bf3d2b423fb7741eaafdc9cebe - - default default] show failed (client error): The resource could not be found.
2026-08-06 02:13:41.728 9 INFO neutron.wsgi [None req-949341e4-8d2c-4d10-be8d-1d00bc2a3843 7bcdba86b3044964931b7a03428d97bd fb2648bf3d2b423fb7741eaafdc9cebe - - default default] 10.0.0.120 "GET /v2.0/subnets/73c9a56a-bc9b-4c2d-9118-cd01d5fb329e/tags/green HTTP/1.1" status: 404 len: 299 time: 0.0365713
2026-08-06 02:13:41.770 9 INFO neutron.wsgi [None req-c504708f-9b3a-4251-b02a-33bcca592597 7bcdba86b3044964931b7a03428d97bd fb2648bf3d2b423fb7741eaafdc9cebe - - default default] 10.0.0.120 "DELETE /v2.0/subnets/73c9a56a-bc9b-4c2d-9118-cd01d5fb329e/tags/red HTTP/1.1" status: 204 len: 168 time: 0.0366194
2026-08-06 02:13:41.802 9 INFO neutron.wsgi [None req-0cd22326-6dcf-442f-b7ce-ef834c2e3060 7bcdba86b3044964931b7a03428d97bd fb2648bf3d2b423fb7741eaafdc9cebe - - default default] 10.0.0.120 "GET /v2.0/subnets/73c9a56a-bc9b-4c2d-9118-cd01d5fb329e/tags HTTP/1.1" status: 200 len: 223 time: 0.0271368
2026-08-06 02:13:41.833 9 INFO neutron.api.v2.resource [None req-b58ee6ed-15a7-4e11-a482-97d1412ead23 7bcdba86b3044964931b7a03428d97bd fb2648bf3d2b423fb7741eaafdc9cebe - - default default] delete failed (client error): The resource could not be found.
2026-08-06 02:13:41.834 9 INFO neutron.wsgi [None req-b58ee6ed-15a7-4e11-a482-97d1412ead23 7bcdba86b3044964931b7a03428d97bd fb2648bf3d2b423fb7741eaafdc9cebe - - default default] 10.0.0.120 "DELETE /v2.0/subnets/73c9a56a-bc9b-4c2d-9118-cd01d5fb329e/tags/green HTTP/1.1" status: 404 len: 299 time: 0.0269644
2026-08-06 02:13:41.884 9 INFO neutron.wsgi [None req-8ea7ba8b-eff9-4ed3-af41-4ee271898968 7bcdba86b3044964931b7a03428d97bd fb2648bf3d2b423fb7741eaafdc9cebe - - default default] 10.0.0.120 "DELETE /v2.0/subnets/73c9a56a-bc9b-4c2d-9118-cd01d5fb329e/tags HTTP/1.1" status: 204 len: 168 time: 0.0460970
2026-08-06 02:13:41.894 10 INFO neutron.wsgi [None req-55a652cb-f4cc-4e98-b529-5b96ffcc8f91 67e21070e0424b3eaf077ea9a14fcddc e94c2f1e5af4467e89b1836dfac301cf - - default default] 10.0.0.120 "DELETE /v2.0/ports/85127467-b2ef-424c-9267-996cd559d04e HTTP/1.1" status: 204 len: 168 time: 0.2393181
2026-08-06 02:13:41.932 9 INFO neutron.wsgi [None req-53550ef2-593c-4614-abea-cc23bb70ec92 7bcdba86b3044964931b7a03428d97bd fb2648bf3d2b423fb7741eaafdc9cebe - - default default] 10.0.0.120 "GET /v2.0/subnets/73c9a56a-bc9b-4c2d-9118-cd01d5fb329e/tags HTTP/1.1" status: 200 len: 205 time: 0.0430794
2026-08-06 02:13:41.945 9 INFO neutron.wsgi [None req-839e2cb9-e5b4-4264-8e35-520f73d7469f 67e21070e0424b3eaf077ea9a14fcddc e94c2f1e5af4467e89b1836dfac301cf - - default default] 10.0.0.120 "GET /v2.0/ports HTTP/1.1" status: 200 len: 1718 time: 0.0472596
2026-08-06 02:13:42.039 10 INFO neutron.db.segments_db [None req-72c7519f-b949-4c0b-b4d7-dc97b140de05 67e21070e0424b3eaf077ea9a14fcddc e94c2f1e5af4467e89b1836dfac301cf - - default default] Added segment 80942918-f733-4b02-a7af-045987118add of type geneve for network 6ceae250-e96f-4692-9990-ff91da7f383b
2026-08-06 02:13:42.161 9 INFO neutron.wsgi [None req-912db968-f7f2-4a5a-b8c8-92d7936b71f5 7bcdba86b3044964931b7a03428d97bd fb2648bf3d2b423fb7741eaafdc9cebe - - default default] 10.0.0.120 "DELETE /v2.0/subnets/73c9a56a-bc9b-4c2d-9118-cd01d5fb329e HTTP/1.1" status: 204 len: 168 time: 0.2100437
2026-08-06 02:13:42.233 10 INFO neutron.db.ovn_revision_numbers_db [None req-72c7519f-b949-4c0b-b4d7-dc97b140de05 67e21070e0424b3eaf077ea9a14fcddc e94c2f1e5af4467e89b1836dfac301cf - - default default] Successfully bumped revision number for resource 6ceae250-e96f-4692-9990-ff91da7f383b (type: networks) to 1
2026-08-06 02:13:42.418 10 WARNING neutron.scheduler.dhcp_agent_scheduler [None req-72c7519f-b949-4c0b-b4d7-dc97b140de05 67e21070e0424b3eaf077ea9a14fcddc e94c2f1e5af4467e89b1836dfac301cf - - default default] No more DHCP agents
2026-08-06 02:13:42.422 10 WARNING neutron.api.rpc.agentnotifiers.dhcp_rpc_agent_api [None req-72c7519f-b949-4c0b-b4d7-dc97b140de05 67e21070e0424b3eaf077ea9a14fcddc e94c2f1e5af4467e89b1836dfac301cf - - default default] Unable to schedule network 6ceae250-e96f-4692-9990-ff91da7f383b: no agents available; will retry on subsequent port and subnet creation events.
2026-08-06 02:13:42.512 10 INFO neutron.db.ovn_revision_numbers_db [None req-72c7519f-b949-4c0b-b4d7-dc97b140de05 67e21070e0424b3eaf077ea9a14fcddc e94c2f1e5af4467e89b1836dfac301cf - - default default] Successfully bumped revision number for resource 64708483-302f-4119-bcfe-f5cc67e0b166 (type: ports) to 1
2026-08-06 02:13:42.522 9 INFO neutron.services.segments.plugin [-] Segment dc03dc7a-cd43-4f59-835c-6a69a236723f resource provider aggregate not found
2026-08-06 02:13:42.527 9 INFO neutron.services.segments.plugin [-] Segment dc03dc7a-cd43-4f59-835c-6a69a236723f resource provider aggregate not found
2026-08-06 02:13:42.545 9 INFO neutron.services.segments.plugin [-] Segment dc03dc7a-cd43-4f59-835c-6a69a236723f resource provider not found; error: Placement Client Error (4xx): {"errors": [{"status": 404, "title": "Not Found", "detail": "The resource could not be found.\n\n No resource provider with uuid dc03dc7a-cd43-4f59-835c-6a69a236723f found for delete ", "request_id": "req-9260faa5-4812-4214-9677-5edf7fb349c8"}]}
2026-08-06 02:13:42.546 9 INFO neutron.services.segments.plugin [-] Segment dc03dc7a-cd43-4f59-835c-6a69a236723f resource provider not found; error: Placement Client Error (4xx): {"errors": [{"status": 404, "title": "Not Found", "detail": "The resource could not be found.\n\n No resource provider with uuid dc03dc7a-cd43-4f59-835c-6a69a236723f found for delete ", "request_id": "req-2f3a3829-29f9-4296-8dc2-c7214b39708f"}]}
2026-08-06 02:13:42.548 10 INFO neutron.wsgi [None req-72c7519f-b949-4c0b-b4d7-dc97b140de05 67e21070e0424b3eaf077ea9a14fcddc e94c2f1e5af4467e89b1836dfac301cf - - default default] 10.0.0.120 "POST /v2.0/networks HTTP/1.1" status: 201 len: 848 time: 0.5959554
2026-08-06 02:13:42.576 9 INFO neutron.wsgi [None req-58fd821f-6df5-4541-ac99-92c1cc16fb0c 7bcdba86b3044964931b7a03428d97bd fb2648bf3d2b423fb7741eaafdc9cebe - - default default] 10.0.0.120 "DELETE /v2.0/networks/c817c5d0-8069-4f07-8241-c9372b1cae11 HTTP/1.1" status: 204 len: 168 time: 0.4090533
2026-08-06 02:13:42.645 9 INFO neutron.db.segments_db [None req-49e51c8d-ead7-404b-966c-f1ec0c17c370 67e21070e0424b3eaf077ea9a14fcddc e94c2f1e5af4467e89b1836dfac301cf - - default default] Added segment 401433c7-6bc1-4c8b-89d3-226b3555c056 of type geneve for network af314f78-8ffe-4213-8a5a-41d071a1363d
2026-08-06 02:13:42.753 10 INFO neutron.db.ovn_revision_numbers_db [None req-8ee45844-27a1-44dd-a481-a5db04ea3efe 2e4a36b2e7ce4b468af7faf9bfc3156a 0f7083d820204f31826693428e1aad01 - - default default] Successfully bumped revision number for resource 3d418ac2-e4f6-405b-b2f1-11c23eb3f35b (type: security_groups) to 1
2026-08-06 02:13:42.768 10 INFO neutron.db.ovn_revision_numbers_db [None req-8ee45844-27a1-44dd-a481-a5db04ea3efe 2e4a36b2e7ce4b468af7faf9bfc3156a 0f7083d820204f31826693428e1aad01 - - default default] Successfully bumped revision number for resource 051f010a-c18e-4c3b-beba-cb348e7c2305 (type: security_group_rules) to 0
2026-08-06 02:13:42.781 9 INFO neutron.db.ovn_revision_numbers_db [None req-49e51c8d-ead7-404b-966c-f1ec0c17c370 67e21070e0424b3eaf077ea9a14fcddc e94c2f1e5af4467e89b1836dfac301cf - - default default] Successfully bumped revision number for resource af314f78-8ffe-4213-8a5a-41d071a1363d (type: networks) to 1
2026-08-06 02:13:42.795 10 INFO neutron.db.ovn_revision_numbers_db [None req-8ee45844-27a1-44dd-a481-a5db04ea3efe 2e4a36b2e7ce4b468af7faf9bfc3156a 0f7083d820204f31826693428e1aad01 - - default default] Successfully bumped revision number for resource 0c690ff4-265d-4255-8da5-3ecd9fa5c6ce (type: security_group_rules) to 0
2026-08-06 02:13:42.817 10 INFO neutron.db.ovn_revision_numbers_db [None req-8ee45844-27a1-44dd-a481-a5db04ea3efe 2e4a36b2e7ce4b468af7faf9bfc3156a 0f7083d820204f31826693428e1aad01 - - default default] Successfully bumped revision number for resource 6e135198-6373-432c-a881-9005b5ac5e2b (type: security_group_rules) to 0
2026-08-06 02:13:42.834 10 INFO neutron.db.ovn_revision_numbers_db [None req-8ee45844-27a1-44dd-a481-a5db04ea3efe 2e4a36b2e7ce4b468af7faf9bfc3156a 0f7083d820204f31826693428e1aad01 - - default default] Successfully bumped revision number for resource f2ff3e74-27a4-49de-a69e-ee047f77a538 (type: security_group_rules) to 0
2026-08-06 02:13:42.866 10 INFO neutron.wsgi [None req-8ee45844-27a1-44dd-a481-a5db04ea3efe 2e4a36b2e7ce4b468af7faf9bfc3156a 0f7083d820204f31826693428e1aad01 - - default default] 10.0.0.120 "GET /v2.0/security-groups?tenant_id=fa011acee7f346ebb55d6058e03209b6&name=default HTTP/1.1" status: 200 len: 2996 time: 0.3307009
2026-08-06 02:13:43.101 10 INFO neutron.wsgi [None req-84e06bd9-8a8f-4514-8673-9cf21e235995 2e4a36b2e7ce4b468af7faf9bfc3156a 0f7083d820204f31826693428e1aad01 - - default default] 10.0.0.120 "DELETE /v2.0/security-groups/3d418ac2-e4f6-405b-b2f1-11c23eb3f35b HTTP/1.1" status: 204 len: 168 time: 0.2285156
2026-08-06 02:13:43.159 9 WARNING neutron.scheduler.dhcp_agent_scheduler [None req-49e51c8d-ead7-404b-966c-f1ec0c17c370 67e21070e0424b3eaf077ea9a14fcddc e94c2f1e5af4467e89b1836dfac301cf - - default default] No more DHCP agents
2026-08-06 02:13:43.160 9 WARNING neutron.api.rpc.agentnotifiers.dhcp_rpc_agent_api [None req-49e51c8d-ead7-404b-966c-f1ec0c17c370 67e21070e0424b3eaf077ea9a14fcddc e94c2f1e5af4467e89b1836dfac301cf - - default default] Unable to schedule network af314f78-8ffe-4213-8a5a-41d071a1363d: no agents available; will retry on subsequent port and subnet creation events.
2026-08-06 02:13:43.250 9 INFO neutron.db.ovn_revision_numbers_db [None req-49e51c8d-ead7-404b-966c-f1ec0c17c370 67e21070e0424b3eaf077ea9a14fcddc e94c2f1e5af4467e89b1836dfac301cf - - default default] Successfully bumped revision number for resource 9464dead-ef9b-4bae-b9dc-1b6b56702596 (type: ports) to 1
2026-08-06 02:13:43.280 9 INFO neutron.wsgi [None req-49e51c8d-ead7-404b-966c-f1ec0c17c370 67e21070e0424b3eaf077ea9a14fcddc e94c2f1e5af4467e89b1836dfac301cf - - default default] 10.0.0.120 "POST /v2.0/networks HTTP/1.1" status: 201 len: 848 time: 0.7238846
