2026-08-06 02:11:37.555 9 INFO neutron.wsgi [None req-714c3762-bae1-4665-8faa-8b6b4e9a0c41 2e4a36b2e7ce4b468af7faf9bfc3156a 0f7083d820204f31826693428e1aad01 - - default default] 10.0.0.120 "GET /v2.0/security-groups?tenant_id=7b5978ad97034e1b838e28751ffe509c&name=default HTTP/1.1" status: 200 len: 2996 time: 0.2413094
2026-08-06 02:11:37.696 9 WARNING neutron.scheduler.dhcp_agent_scheduler [None req-7de28f6d-5609-4bbc-b748-873422dec781 2e4a36b2e7ce4b468af7faf9bfc3156a 0f7083d820204f31826693428e1aad01 - - default default] No more DHCP agents
2026-08-06 02:11:37.699 9 WARNING neutron.api.rpc.agentnotifiers.dhcp_rpc_agent_api [None req-7de28f6d-5609-4bbc-b748-873422dec781 2e4a36b2e7ce4b468af7faf9bfc3156a 0f7083d820204f31826693428e1aad01 - - default default] Unable to schedule network a1582f7b-2e3d-47e7-960b-b3e04aa86575: no agents available; will retry on subsequent port and subnet creation events.
2026-08-06 02:11:37.868 9 INFO neutron.db.ovn_revision_numbers_db [None req-7de28f6d-5609-4bbc-b748-873422dec781 2e4a36b2e7ce4b468af7faf9bfc3156a 0f7083d820204f31826693428e1aad01 - - default default] Successfully bumped revision number for resource 2ed5f262-dc68-48d3-96d4-baabb3dfffda (type: ports) to 1
2026-08-06 02:11:37.971 10 INFO neutron.db.ovn_revision_numbers_db [None req-75dd1ac1-45e5-4cac-b4a9-534a7135d7d0 - - - - - -] Successfully bumped revision number for resource d36944d1-f44e-4761-8124-da2b73059126 (type: ports) to 1
2026-08-06 02:11:38.049 10 INFO neutron.wsgi [None req-e55fe93d-f5fa-41ed-9d99-5058ecc94ccf 2e4a36b2e7ce4b468af7faf9bfc3156a 0f7083d820204f31826693428e1aad01 - - default default] 10.0.0.120 "DELETE /v2.0/security-groups/cc3b1187-0972-4c25-a54a-1771acb72cd3 HTTP/1.1" status: 204 len: 168 time: 0.4836519
2026-08-06 02:11:38.203 9 INFO neutron.plugins.ml2.drivers.ovn.mech_driver.mech_driver [None req-e803c85a-817a-496a-8cdb-88b25cf88c07 - - - - - -] OVN reports status up for port: e332878c-5a63-4cba-9d87-e8afb2432cad
2026-08-06 02:11:38.220 9 INFO neutron.plugins.ml2.plugin [None req-e803c85a-817a-496a-8cdb-88b25cf88c07 - - - - - -] Attempt 1 to provision port e332878c-5a63-4cba-9d87-e8afb2432cad
2026-08-06 02:11:38.274 10 INFO neutron.db.ovn_revision_numbers_db [None req-d42d9268-8f1c-4570-b97d-c326314e567b 2e4a36b2e7ce4b468af7faf9bfc3156a 0f7083d820204f31826693428e1aad01 - - default default] Successfully bumped revision number for resource e332878c-5a63-4cba-9d87-e8afb2432cad (type: router_ports) to 1
2026-08-06 02:11:38.381 10 INFO neutron.db.ovn_revision_numbers_db [None req-d42d9268-8f1c-4570-b97d-c326314e567b 2e4a36b2e7ce4b468af7faf9bfc3156a 0f7083d820204f31826693428e1aad01 - - default default] Successfully bumped revision number for resource 3597fd30-5acb-440a-8911-8e93d8bc994e (type: routers) to 2
2026-08-06 02:11:38.398 9 INFO neutron.db.ovn_revision_numbers_db [None req-7de28f6d-5609-4bbc-b748-873422dec781 2e4a36b2e7ce4b468af7faf9bfc3156a 0f7083d820204f31826693428e1aad01 - - default default] Successfully bumped revision number for resource 2ed5f262-dc68-48d3-96d4-baabb3dfffda (type: router_ports) to 1
2026-08-06 02:11:38.412 10 INFO neutron.wsgi [None req-d42d9268-8f1c-4570-b97d-c326314e567b 2e4a36b2e7ce4b468af7faf9bfc3156a 0f7083d820204f31826693428e1aad01 - - default default] 10.0.0.120 "POST /v2.0/routers HTTP/1.1" status: 201 len: 877 time: 2.2101641
2026-08-06 02:11:38.515 10 INFO neutron.db.ovn_revision_numbers_db [None req-75dd1ac1-45e5-4cac-b4a9-534a7135d7d0 - - - - - -] Successfully bumped revision number for resource d36944d1-f44e-4761-8124-da2b73059126 (type: router_ports) to 3
2026-08-06 02:11:38.613 10 INFO neutron.wsgi [-] 10.0.0.239 "GET / HTTP/1.1" status: 200 len: 247 time: 0.0019581
2026-08-06 02:11:38.616 10 INFO neutron.wsgi [-] 10.0.0.239 "GET / HTTP/1.1" status: 200 len: 247 time: 0.0015354
2026-08-06 02:11:38.670 9 INFO neutron.db.ovn_revision_numbers_db [None req-7de28f6d-5609-4bbc-b748-873422dec781 2e4a36b2e7ce4b468af7faf9bfc3156a 0f7083d820204f31826693428e1aad01 - - default default] Successfully bumped revision number for resource 2ed5f262-dc68-48d3-96d4-baabb3dfffda (type: ports) to 1
2026-08-06 02:11:38.704 10 INFO neutron.db.ovn_revision_numbers_db [None req-75dd1ac1-45e5-4cac-b4a9-534a7135d7d0 - - - - - -] Successfully bumped revision number for resource d36944d1-f44e-4761-8124-da2b73059126 (type: ports) to 2
2026-08-06 02:11:38.761 9 WARNING neutron.scheduler.dhcp_agent_scheduler [None req-7de28f6d-5609-4bbc-b748-873422dec781 2e4a36b2e7ce4b468af7faf9bfc3156a 0f7083d820204f31826693428e1aad01 - - default default] No more DHCP agents
2026-08-06 02:11:38.763 9 WARNING neutron.api.rpc.agentnotifiers.dhcp_rpc_agent_api [None req-7de28f6d-5609-4bbc-b748-873422dec781 2e4a36b2e7ce4b468af7faf9bfc3156a 0f7083d820204f31826693428e1aad01 - - default default] Unable to schedule network a1582f7b-2e3d-47e7-960b-b3e04aa86575: no agents available; will retry on subsequent port and subnet creation events.
2026-08-06 02:11:38.941 10 INFO neutron.db.ovn_revision_numbers_db [None req-75dd1ac1-45e5-4cac-b4a9-534a7135d7d0 - - - - - -] Successfully bumped revision number for resource d36944d1-f44e-4761-8124-da2b73059126 (type: ports) to 4
2026-08-06 02:11:38.984 9 WARNING neutron.scheduler.dhcp_agent_scheduler [None req-eb6d81b9-1235-4674-ab2d-c996f2d1d502 2e4a36b2e7ce4b468af7faf9bfc3156a 0f7083d820204f31826693428e1aad01 - - default default] No more DHCP agents
2026-08-06 02:11:38.987 9 WARNING neutron.api.rpc.agentnotifiers.dhcp_rpc_agent_api [None req-eb6d81b9-1235-4674-ab2d-c996f2d1d502 2e4a36b2e7ce4b468af7faf9bfc3156a 0f7083d820204f31826693428e1aad01 - - default default] Unable to schedule network 4969d9ec-96f1-46fa-8100-01c466cc1320: no agents available; will retry on subsequent port and subnet creation events.
2026-08-06 02:11:39.218 10 INFO neutron.db.ovn_revision_numbers_db [None req-75dd1ac1-45e5-4cac-b4a9-534a7135d7d0 - - - - - -] Successfully bumped revision number for resource d36944d1-f44e-4761-8124-da2b73059126 (type: router_ports) to 4
2026-08-06 02:11:39.250 9 INFO neutron.db.ovn_revision_numbers_db [None req-eb6d81b9-1235-4674-ab2d-c996f2d1d502 2e4a36b2e7ce4b468af7faf9bfc3156a 0f7083d820204f31826693428e1aad01 - - default default] Successfully bumped revision number for resource 565d10df-6a06-4fd7-bb9b-9650a54662e3 (type: ports) to 1
2026-08-06 02:11:39.266 10 INFO neutron.plugins.ml2.drivers.ovn.mech_driver.mech_driver [None req-91a3dc40-28aa-4ca6-ad5c-ecbb71fb7f26 - - - - - -] OVN reports status up for port: 2ed5f262-dc68-48d3-96d4-baabb3dfffda
2026-08-06 02:11:39.276 10 INFO neutron.plugins.ml2.plugin [None req-91a3dc40-28aa-4ca6-ad5c-ecbb71fb7f26 - - - - - -] Attempt 1 to provision port 2ed5f262-dc68-48d3-96d4-baabb3dfffda
2026-08-06 02:11:39.277 10 INFO neutron.plugins.ml2.drivers.ovn.mech_driver.ovsdb.ovsdb_monitor [None req-75dd1ac1-45e5-4cac-b4a9-534a7135d7d0 - - - - - -] Router 3597fd30-5acb-440a-8911-8e93d8bc994e is bound to host instance
2026-08-06 02:11:39.484 9 INFO neutron.db.ovn_revision_numbers_db [None req-7de28f6d-5609-4bbc-b748-873422dec781 2e4a36b2e7ce4b468af7faf9bfc3156a 0f7083d820204f31826693428e1aad01 - - default default] Successfully bumped revision number for resource 2ed5f262-dc68-48d3-96d4-baabb3dfffda (type: router_ports) to 1
2026-08-06 02:11:39.486 9 INFO neutron.wsgi [None req-7de28f6d-5609-4bbc-b748-873422dec781 2e4a36b2e7ce4b468af7faf9bfc3156a 0f7083d820204f31826693428e1aad01 - - default default] 10.0.0.120 "PUT /v2.0/routers/7cc5378a-75fd-4814-bc4a-ba8fef02ab6a/add_router_interface HTTP/1.1" status: 200 len: 503 time: 2.5820248
2026-08-06 02:11:39.639 10 INFO neutron.db.ovn_revision_numbers_db [None req-91a3dc40-28aa-4ca6-ad5c-ecbb71fb7f26 - - - - - -] Successfully bumped revision number for resource 2ed5f262-dc68-48d3-96d4-baabb3dfffda (type: ports) to 2
2026-08-06 02:11:39.790 9 INFO neutron.db.ovn_revision_numbers_db [None req-eb6d81b9-1235-4674-ab2d-c996f2d1d502 2e4a36b2e7ce4b468af7faf9bfc3156a 0f7083d820204f31826693428e1aad01 - - default default] Successfully bumped revision number for resource 565d10df-6a06-4fd7-bb9b-9650a54662e3 (type: router_ports) to 1
2026-08-06 02:11:39.923 9 INFO neutron.db.ovn_revision_numbers_db [None req-eb6d81b9-1235-4674-ab2d-c996f2d1d502 2e4a36b2e7ce4b468af7faf9bfc3156a 0f7083d820204f31826693428e1aad01 - - default default] Successfully bumped revision number for resource 565d10df-6a06-4fd7-bb9b-9650a54662e3 (type: ports) to 1
2026-08-06 02:11:39.979 9 WARNING neutron.scheduler.dhcp_agent_scheduler [None req-eb6d81b9-1235-4674-ab2d-c996f2d1d502 2e4a36b2e7ce4b468af7faf9bfc3156a 0f7083d820204f31826693428e1aad01 - - default default] No more DHCP agents
2026-08-06 02:11:39.982 9 WARNING neutron.api.rpc.agentnotifiers.dhcp_rpc_agent_api [None req-eb6d81b9-1235-4674-ab2d-c996f2d1d502 2e4a36b2e7ce4b468af7faf9bfc3156a 0f7083d820204f31826693428e1aad01 - - default default] Unable to schedule network 4969d9ec-96f1-46fa-8100-01c466cc1320: no agents available; will retry on subsequent port and subnet creation events.
2026-08-06 02:11:40.111 10 INFO neutron.db.ovn_revision_numbers_db [None req-91a3dc40-28aa-4ca6-ad5c-ecbb71fb7f26 - - - - - -] Successfully bumped revision number for resource 2ed5f262-dc68-48d3-96d4-baabb3dfffda (type: router_ports) to 2
2026-08-06 02:11:40.316 10 INFO neutron.db.ovn_revision_numbers_db [None req-75dd1ac1-45e5-4cac-b4a9-534a7135d7d0 - - - - - -] Successfully bumped revision number for resource e332878c-5a63-4cba-9d87-e8afb2432cad (type: ports) to 1
2026-08-06 02:11:40.391 10 INFO neutron.db.ovn_revision_numbers_db [None req-284ca6dc-8101-4ed0-bb5d-4d68add0af1f d8738e1b7ab5448e97e437d6a4bcec32 687252fac8254e9f97640970b202f568 - - default default] Successfully bumped revision number for resource 5918736a-1708-4dc2-b8ef-2c6845223957 (type: security_groups) to 1
2026-08-06 02:11:40.417 10 INFO neutron.db.ovn_revision_numbers_db [None req-284ca6dc-8101-4ed0-bb5d-4d68add0af1f d8738e1b7ab5448e97e437d6a4bcec32 687252fac8254e9f97640970b202f568 - - default default] Successfully bumped revision number for resource 5ff14950-178f-48ad-8d11-43e356ecf24a (type: security_group_rules) to 0
2026-08-06 02:11:40.454 10 INFO neutron.db.ovn_revision_numbers_db [None req-284ca6dc-8101-4ed0-bb5d-4d68add0af1f d8738e1b7ab5448e97e437d6a4bcec32 687252fac8254e9f97640970b202f568 - - default default] Successfully bumped revision number for resource c0acedd7-91d9-4239-ae7a-469d5f03a9da (type: security_group_rules) to 0
2026-08-06 02:11:40.487 10 INFO neutron.wsgi [None req-284ca6dc-8101-4ed0-bb5d-4d68add0af1f d8738e1b7ab5448e97e437d6a4bcec32 687252fac8254e9f97640970b202f568 - - default default] 10.0.0.120 "POST /v2.0/security-groups HTTP/1.1" status: 201 len: 1796 time: 0.2364852
2026-08-06 02:11:40.539 9 INFO neutron.db.ovn_revision_numbers_db [None req-eb6d81b9-1235-4674-ab2d-c996f2d1d502 2e4a36b2e7ce4b468af7faf9bfc3156a 0f7083d820204f31826693428e1aad01 - - default default] Successfully bumped revision number for resource 565d10df-6a06-4fd7-bb9b-9650a54662e3 (type: router_ports) to 1
2026-08-06 02:11:40.542 9 INFO neutron.wsgi [None req-eb6d81b9-1235-4674-ab2d-c996f2d1d502 2e4a36b2e7ce4b468af7faf9bfc3156a 0f7083d820204f31826693428e1aad01 - - default default] 10.0.0.120 "PUT /v2.0/routers/3597fd30-5acb-440a-8911-8e93d8bc994e/add_router_interface HTTP/1.1" status: 200 len: 503 time: 2.1218491
2026-08-06 02:11:40.665 10 INFO neutron.db.ovn_revision_numbers_db [None req-75dd1ac1-45e5-4cac-b4a9-534a7135d7d0 - - - - - -] Successfully bumped revision number for resource e332878c-5a63-4cba-9d87-e8afb2432cad (type: router_ports) to 3
2026-08-06 02:11:40.826 10 INFO neutron.db.ovn_revision_numbers_db [None req-75dd1ac1-45e5-4cac-b4a9-534a7135d7d0 - - - - - -] Successfully bumped revision number for resource e332878c-5a63-4cba-9d87-e8afb2432cad (type: ports) to 2
2026-08-06 02:11:40.843 9 INFO neutron.plugins.ml2.drivers.ovn.mech_driver.mech_driver [None req-e803c85a-817a-496a-8cdb-88b25cf88c07 - - - - - -] OVN reports status up for port: 565d10df-6a06-4fd7-bb9b-9650a54662e3
2026-08-06 02:11:40.857 9 INFO neutron.plugins.ml2.plugin [None req-e803c85a-817a-496a-8cdb-88b25cf88c07 - - - - - -] Attempt 1 to provision port 565d10df-6a06-4fd7-bb9b-9650a54662e3
2026-08-06 02:11:40.948 9 INFO neutron.db.ovn_revision_numbers_db [None req-58f76f53-6922-4fb8-9b7d-19a3f21d523a d77a7d9742b3409ca37fede767d8f795 fe5212386bf54ba3a1b06091a9a3a27b - - default default] Successfully bumped revision number for resource b2bc6e1a-0b37-4c0c-b441-7febeff069e1 (type: security_groups) to 1
2026-08-06 02:11:40.949 9 INFO neutron.db.ovn_revision_numbers_db [None req-e180e8c3-bf88-42e5-9239-39a581f163b8 d8738e1b7ab5448e97e437d6a4bcec32 687252fac8254e9f97640970b202f568 - - default default] Successfully bumped revision number for resource 2603b2c3-401f-4edd-ad49-f5190f7c160f (type: security_group_rules) to 0
2026-08-06 02:11:40.971 9 INFO neutron.db.ovn_revision_numbers_db [None req-58f76f53-6922-4fb8-9b7d-19a3f21d523a d77a7d9742b3409ca37fede767d8f795 fe5212386bf54ba3a1b06091a9a3a27b - - default default] Successfully bumped revision number for resource 472c0682-838f-48b1-9ccc-f41a8f6e9e8e (type: security_group_rules) to 0
2026-08-06 02:11:40.985 9 INFO neutron.wsgi [None req-e180e8c3-bf88-42e5-9239-39a581f163b8 d8738e1b7ab5448e97e437d6a4bcec32 687252fac8254e9f97640970b202f568 - - default default] 10.0.0.120 "POST /v2.0/security-group-rules HTTP/1.1" status: 201 len: 764 time: 0.4914167
2026-08-06 02:11:40.996 9 INFO neutron.db.ovn_revision_numbers_db [None req-58f76f53-6922-4fb8-9b7d-19a3f21d523a d77a7d9742b3409ca37fede767d8f795 fe5212386bf54ba3a1b06091a9a3a27b - - default default] Successfully bumped revision number for resource b0ae0aa2-c84a-4a6e-a8c2-f28bc591326d (type: security_group_rules) to 0
2026-08-06 02:11:41.018 9 INFO neutron.db.ovn_revision_numbers_db [None req-58f76f53-6922-4fb8-9b7d-19a3f21d523a d77a7d9742b3409ca37fede767d8f795 fe5212386bf54ba3a1b06091a9a3a27b - - default default] Successfully bumped revision number for resource bb665aeb-e3f2-4938-85ff-7a2efa642bb9 (type: security_group_rules) to 0
2026-08-06 02:11:41.049 9 INFO neutron.db.ovn_revision_numbers_db [None req-58f76f53-6922-4fb8-9b7d-19a3f21d523a d77a7d9742b3409ca37fede767d8f795 fe5212386bf54ba3a1b06091a9a3a27b - - default default] Successfully bumped revision number for resource ccaae5cf-ea35-4a76-8563-1a4fb00e7abc (type: security_group_rules) to 0
2026-08-06 02:11:41.120 9 INFO neutron.db.segments_db [None req-58f76f53-6922-4fb8-9b7d-19a3f21d523a d77a7d9742b3409ca37fede767d8f795 fe5212386bf54ba3a1b06091a9a3a27b - - default default] Added segment b63e7947-42eb-48d6-811e-1c70ed47e5d8 of type geneve for network 538f0c72-7b1a-4fd5-9ff8-43c46e6dec81
2026-08-06 02:11:41.132 10 INFO neutron.db.ovn_revision_numbers_db [None req-75dd1ac1-45e5-4cac-b4a9-534a7135d7d0 - - - - - -] Successfully bumped revision number for resource e332878c-5a63-4cba-9d87-e8afb2432cad (type: ports) to 4
2026-08-06 02:11:41.226 9 INFO neutron.db.ovn_revision_numbers_db [None req-53140883-058e-4f4d-99e7-bf3db77c281e d8738e1b7ab5448e97e437d6a4bcec32 687252fac8254e9f97640970b202f568 - - default default] Successfully bumped revision number for resource 773875cd-152c-4745-9fc9-dfde37093045 (type: security_group_rules) to 0
2026-08-06 02:11:41.297 9 INFO neutron.wsgi [None req-53140883-058e-4f4d-99e7-bf3db77c281e d8738e1b7ab5448e97e437d6a4bcec32 687252fac8254e9f97640970b202f568 - - default default] 10.0.0.120 "POST /v2.0/security-group-rules HTTP/1.1" status: 201 len: 769 time: 0.3028100
2026-08-06 02:11:41.350 9 INFO neutron.db.ovn_revision_numbers_db [None req-e803c85a-817a-496a-8cdb-88b25cf88c07 - - - - - -] Successfully bumped revision number for resource 565d10df-6a06-4fd7-bb9b-9650a54662e3 (type: ports) to 2
2026-08-06 02:11:41.352 9 INFO neutron.db.ovn_revision_numbers_db [None req-58f76f53-6922-4fb8-9b7d-19a3f21d523a d77a7d9742b3409ca37fede767d8f795 fe5212386bf54ba3a1b06091a9a3a27b - - default default] Successfully bumped revision number for resource 538f0c72-7b1a-4fd5-9ff8-43c46e6dec81 (type: networks) to 1
2026-08-06 02:11:41.509 10 INFO neutron.db.ovn_revision_numbers_db [None req-75dd1ac1-45e5-4cac-b4a9-534a7135d7d0 - - - - - -] Successfully bumped revision number for resource e332878c-5a63-4cba-9d87-e8afb2432cad (type: router_ports) to 4
2026-08-06 02:11:41.534 10 INFO neutron.db.ovn_revision_numbers_db [None req-e48a8048-97de-4574-b603-cbe8e3187d34 f811f296ffee487293127a0dc1638ddc 5db850b0aa8447ff8b7616e2e0f2f78c - - default default] Successfully bumped revision number for resource 16c84360-2114-4e9d-b9ab-4241f1e5a232 (type: security_groups) to 1
2026-08-06 02:11:41.540 9 INFO neutron.db.ovn_revision_numbers_db [None req-e803c85a-817a-496a-8cdb-88b25cf88c07 - - - - - -] Successfully bumped revision number for resource 565d10df-6a06-4fd7-bb9b-9650a54662e3 (type: router_ports) to 2
2026-08-06 02:11:41.561 10 INFO neutron.db.ovn_revision_numbers_db [None req-e48a8048-97de-4574-b603-cbe8e3187d34 f811f296ffee487293127a0dc1638ddc 5db850b0aa8447ff8b7616e2e0f2f78c - - default default] Successfully bumped revision number for resource e2d68b97-3799-4c93-aaf2-2393e4fe4c26 (type: security_group_rules) to 0
2026-08-06 02:11:41.591 10 INFO neutron.db.ovn_revision_numbers_db [None req-e48a8048-97de-4574-b603-cbe8e3187d34 f811f296ffee487293127a0dc1638ddc 5db850b0aa8447ff8b7616e2e0f2f78c - - default default] Successfully bumped revision number for resource fac9d47c-5a41-438a-bac1-a9e7120c12b1 (type: security_group_rules) to 0
2026-08-06 02:11:41.594 9 WARNING neutron.scheduler.dhcp_agent_scheduler [None req-58f76f53-6922-4fb8-9b7d-19a3f21d523a d77a7d9742b3409ca37fede767d8f795 fe5212386bf54ba3a1b06091a9a3a27b - - default default] No more DHCP agents
2026-08-06 02:11:41.597 9 WARNING neutron.api.rpc.agentnotifiers.dhcp_rpc_agent_api [None req-58f76f53-6922-4fb8-9b7d-19a3f21d523a d77a7d9742b3409ca37fede767d8f795 fe5212386bf54ba3a1b06091a9a3a27b - - default default] Unable to schedule network 538f0c72-7b1a-4fd5-9ff8-43c46e6dec81: no agents available; will retry on subsequent port and subnet creation events.
2026-08-06 02:11:41.616 10 INFO neutron.wsgi [None req-e48a8048-97de-4574-b603-cbe8e3187d34 f811f296ffee487293127a0dc1638ddc 5db850b0aa8447ff8b7616e2e0f2f78c - - default default] 10.0.0.120 "POST /v2.0/security-groups HTTP/1.1" status: 201 len: 1794 time: 0.2983088
2026-08-06 02:11:41.688 9 INFO neutron.db.ovn_revision_numbers_db [None req-58f76f53-6922-4fb8-9b7d-19a3f21d523a d77a7d9742b3409ca37fede767d8f795 fe5212386bf54ba3a1b06091a9a3a27b - - default default] Successfully bumped revision number for resource 2d891daf-63ff-4d5f-b968-809b04ce9ce0 (type: ports) to 1
2026-08-06 02:11:41.694 10 WARNING neutron.scheduler.dhcp_agent_scheduler [None req-d0d65788-ca4c-4c31-adb2-5e388f5e7da8 d8738e1b7ab5448e97e437d6a4bcec32 687252fac8254e9f97640970b202f568 - - default default] No more DHCP agents
2026-08-06 02:11:41.697 10 WARNING neutron.api.rpc.agentnotifiers.dhcp_rpc_agent_api [None req-d0d65788-ca4c-4c31-adb2-5e388f5e7da8 d8738e1b7ab5448e97e437d6a4bcec32 687252fac8254e9f97640970b202f568 - - default default] Unable to schedule network c1718552-acc5-4458-8d8d-985543294dc5: no agents available; will retry on subsequent port and subnet creation events.
2026-08-06 02:11:41.709 9 INFO neutron.wsgi [None req-58f76f53-6922-4fb8-9b7d-19a3f21d523a d77a7d9742b3409ca37fede767d8f795 fe5212386bf54ba3a1b06091a9a3a27b - - default default] 10.0.0.120 "POST /v2.0/networks HTTP/1.1" status: 201 len: 844 time: 1.5060916
2026-08-06 02:11:41.801 10 INFO neutron.db.ovn_revision_numbers_db [None req-2cffb0c3-aff2-417b-bc8a-cf648be7bc9a f811f296ffee487293127a0dc1638ddc 5db850b0aa8447ff8b7616e2e0f2f78c - - default default] Successfully bumped revision number for resource 080db9ab-d864-46d1-a30d-4b7c9e059a41 (type: security_group_rules) to 0
2026-08-06 02:11:41.840 10 INFO neutron.wsgi [None req-2cffb0c3-aff2-417b-bc8a-cf648be7bc9a f811f296ffee487293127a0dc1638ddc 5db850b0aa8447ff8b7616e2e0f2f78c - - default default] 10.0.0.120 "POST /v2.0/security-group-rules HTTP/1.1" status: 201 len: 764 time: 0.2175281
2026-08-06 02:11:41.974 10 INFO neutron.db.ovn_revision_numbers_db [None req-e04e039c-879c-499f-b322-079ad697504e 2e4a36b2e7ce4b468af7faf9bfc3156a 0f7083d820204f31826693428e1aad01 - - default default] Successfully bumped revision number for resource 804860c8-19da-489c-9a8c-1a75134dac64 (type: security_groups) to 1
2026-08-06 02:11:42.002 9 WARNING neutron.scheduler.dhcp_agent_scheduler [None req-33d60f8a-f52b-412d-9547-5125881d263e d77a7d9742b3409ca37fede767d8f795 fe5212386bf54ba3a1b06091a9a3a27b - - default default] No more DHCP agents
2026-08-06 02:11:42.006 9 WARNING neutron.api.rpc.agentnotifiers.dhcp_rpc_agent_api [None req-33d60f8a-f52b-412d-9547-5125881d263e d77a7d9742b3409ca37fede767d8f795 fe5212386bf54ba3a1b06091a9a3a27b - - default default] Unable to schedule network 538f0c72-7b1a-4fd5-9ff8-43c46e6dec81: no agents available; will retry on subsequent port and subnet creation events.
2026-08-06 02:11:42.007 10 INFO neutron.db.ovn_revision_numbers_db [None req-e04e039c-879c-499f-b322-079ad697504e 2e4a36b2e7ce4b468af7faf9bfc3156a 0f7083d820204f31826693428e1aad01 - - default default] Successfully bumped revision number for resource 1aeb3d0b-b21d-4ebe-ad41-1f047107b8fb (type: security_group_rules) to 0
2026-08-06 02:11:42.038 10 INFO neutron.db.ovn_revision_numbers_db [None req-e04e039c-879c-499f-b322-079ad697504e 2e4a36b2e7ce4b468af7faf9bfc3156a 0f7083d820204f31826693428e1aad01 - - default default] Successfully bumped revision number for resource 3efbe493-82d9-42c8-947d-89bfacbf89b2 (type: security_group_rules) to 0
2026-08-06 02:11:42.091 10 INFO neutron.db.ovn_revision_numbers_db [None req-e04e039c-879c-499f-b322-079ad697504e 2e4a36b2e7ce4b468af7faf9bfc3156a 0f7083d820204f31826693428e1aad01 - - default default] Successfully bumped revision number for resource 50930341-3f44-4b51-b61c-428269a9511f (type: security_group_rules) to 0
2026-08-06 02:11:42.104 9 INFO neutron.db.ovn_revision_numbers_db [None req-33d60f8a-f52b-412d-9547-5125881d263e d77a7d9742b3409ca37fede767d8f795 fe5212386bf54ba3a1b06091a9a3a27b - - default default] Successfully bumped revision number for resource f748d9c1-71b5-40d2-ba22-f475f8c1f5fa (type: ports) to 1
2026-08-06 02:11:42.131 10 INFO neutron.db.ovn_revision_numbers_db [None req-e04e039c-879c-499f-b322-079ad697504e 2e4a36b2e7ce4b468af7faf9bfc3156a 0f7083d820204f31826693428e1aad01 - - default default] Successfully bumped revision number for resource 739bc17c-dc72-4b23-a45e-03cba7386d57 (type: security_group_rules) to 0
2026-08-06 02:11:42.135 9 INFO neutron.wsgi [None req-33d60f8a-f52b-412d-9547-5125881d263e d77a7d9742b3409ca37fede767d8f795 fe5212386bf54ba3a1b06091a9a3a27b - - default default] 10.0.0.120 "POST /v2.0/ports HTTP/1.1" status: 201 len: 974 time: 0.4200733 /var/lib/openstack/lib/python3.10/site-packages/pycadf/identifier.py:71: UserWarning: Invalid uuid: neutron. To ensure interoperability, identifiers should be a valid uuid. warnings.warn(('Invalid uuid: %s. To ensure interoperability, '
2026-08-06 02:11:42.149 10 INFO neutron.db.ovn_revision_numbers_db [None req-d128b1d4-dde6-4e00-8718-e848b2f0ba57 f811f296ffee487293127a0dc1638ddc 5db850b0aa8447ff8b7616e2e0f2f78c - - default default] Successfully bumped revision number for resource 026f2809-86f2-4b56-883a-0fcf0e33302e (type: security_group_rules) to 0
2026-08-06 02:11:42.177 10 INFO neutron.wsgi [None req-e04e039c-879c-499f-b322-079ad697504e 2e4a36b2e7ce4b468af7faf9bfc3156a 0f7083d820204f31826693428e1aad01 - - default default] 10.0.0.120 "GET /v2.0/security-groups?tenant_id=82c7411d89a04eefbf42e1b73b0c17d1&name=default HTTP/1.1" status: 200 len: 2996 time: 0.5899611
2026-08-06 02:11:42.220 10 INFO neutron.db.ovn_revision_numbers_db [None req-d0d65788-ca4c-4c31-adb2-5e388f5e7da8 d8738e1b7ab5448e97e437d6a4bcec32 687252fac8254e9f97640970b202f568 - - default default] Successfully bumped revision number for resource b4078f14-f8d3-4cfd-9b62-f6c9845055fa (type: floatingips) to 0
2026-08-06 02:11:42.250 10 INFO neutron.wsgi [None req-d0d65788-ca4c-4c31-adb2-5e388f5e7da8 d8738e1b7ab5448e97e437d6a4bcec32 687252fac8254e9f97640970b202f568 - - default default] 10.0.0.120 "POST /v2.0/floatingips HTTP/1.1" status: 201 len: 751 time: 0.9451022
2026-08-06 02:11:42.255 10 INFO neutron.wsgi [None req-d128b1d4-dde6-4e00-8718-e848b2f0ba57 f811f296ffee487293127a0dc1638ddc 5db850b0aa8447ff8b7616e2e0f2f78c - - default default] 10.0.0.120 "POST /v2.0/security-group-rules HTTP/1.1" status: 201 len: 769 time: 0.4070086
2026-08-06 02:11:42.270 9 INFO neutron.db.segments_db [None req-cbb27057-df2d-4561-8a6b-b2715ef4c798 d77a7d9742b3409ca37fede767d8f795 fe5212386bf54ba3a1b06091a9a3a27b - - default default] Added segment ec8392eb-8e3f-4ee0-8ad7-d920143420e1 of type geneve for network 5da137ed-fd7f-491b-a805-b1f1d20f45e8
2026-08-06 02:11:42.436 9 INFO neutron.db.ovn_revision_numbers_db [None req-cbb27057-df2d-4561-8a6b-b2715ef4c798 d77a7d9742b3409ca37fede767d8f795 fe5212386bf54ba3a1b06091a9a3a27b - - default default] Successfully bumped revision number for resource 5da137ed-fd7f-491b-a805-b1f1d20f45e8 (type: networks) to 1
2026-08-06 02:11:42.524 9 INFO neutron.wsgi [None req-a68ae3c2-7a99-4285-ac46-eaa38d84a825 2e4a36b2e7ce4b468af7faf9bfc3156a 0f7083d820204f31826693428e1aad01 - - default default] 10.0.0.120 "DELETE /v2.0/security-groups/804860c8-19da-489c-9a8c-1a75134dac64 HTTP/1.1" status: 204 len: 168 time: 0.3310022
2026-08-06 02:11:42.560 10 WARNING neutron.scheduler.dhcp_agent_scheduler [None req-8abd6a05-b4d1-41b9-8988-62fa765df583 f811f296ffee487293127a0dc1638ddc 5db850b0aa8447ff8b7616e2e0f2f78c - - default default] No more DHCP agents
2026-08-06 02:11:42.564 10 WARNING neutron.api.rpc.agentnotifiers.dhcp_rpc_agent_api [None req-8abd6a05-b4d1-41b9-8988-62fa765df583 f811f296ffee487293127a0dc1638ddc 5db850b0aa8447ff8b7616e2e0f2f78c - - default default] Unable to schedule network c1718552-acc5-4458-8d8d-985543294dc5: no agents available; will retry on subsequent port and subnet creation events.
2026-08-06 02:11:42.612 9 WARNING neutron.scheduler.dhcp_agent_scheduler [None req-cbb27057-df2d-4561-8a6b-b2715ef4c798 d77a7d9742b3409ca37fede767d8f795 fe5212386bf54ba3a1b06091a9a3a27b - - default default] No more DHCP agents
2026-08-06 02:11:42.616 9 WARNING neutron.api.rpc.agentnotifiers.dhcp_rpc_agent_api [None req-cbb27057-df2d-4561-8a6b-b2715ef4c798 d77a7d9742b3409ca37fede767d8f795 fe5212386bf54ba3a1b06091a9a3a27b - - default default] Unable to schedule network 5da137ed-fd7f-491b-a805-b1f1d20f45e8: no agents available; will retry on subsequent port and subnet creation events.
2026-08-06 02:11:42.712 9 INFO neutron.db.ovn_revision_numbers_db [None req-cbb27057-df2d-4561-8a6b-b2715ef4c798 d77a7d9742b3409ca37fede767d8f795 fe5212386bf54ba3a1b06091a9a3a27b - - default default] Successfully bumped revision number for resource 8c3840e9-957c-47c3-8c20-cd11652484be (type: ports) to 1
2026-08-06 02:11:42.753 9 INFO neutron.wsgi [None req-cbb27057-df2d-4561-8a6b-b2715ef4c798 d77a7d9742b3409ca37fede767d8f795 fe5212386bf54ba3a1b06091a9a3a27b - - default default] 10.0.0.120 "POST /v2.0/networks HTTP/1.1" status: 201 len: 831 time: 0.6089053
2026-08-06 02:11:42.758 9 INFO neutron.wsgi [req-2a223d6e-f83d-411e-8ef0-b79189b7599f req-f9dbf23c-803f-40d2-80be-4997683210bb d8738e1b7ab5448e97e437d6a4bcec32 687252fac8254e9f97640970b202f568 - - default default] 10.0.0.189 "GET /v2.0/security-groups?name=tempest-securitygroup--1544852468&fields=id&tenant_id=687252fac8254e9f97640970b202f568 HTTP/1.1" status: 200 len: 267 time: 0.0561600
2026-08-06 02:11:42.834 9 INFO neutron.db.ovn_revision_numbers_db [None req-2a1bc031-3a62-4b18-8106-bfc806eccc50 2e4a36b2e7ce4b468af7faf9bfc3156a 0f7083d820204f31826693428e1aad01 - - default default] Successfully bumped revision number for resource 978974cf-7596-4b0e-94ae-d16a2329ecce (type: security_groups) to 1
2026-08-06 02:11:42.855 9 INFO neutron.db.ovn_revision_numbers_db [None req-2a1bc031-3a62-4b18-8106-bfc806eccc50 2e4a36b2e7ce4b468af7faf9bfc3156a 0f7083d820204f31826693428e1aad01 - - default default] Successfully bumped revision number for resource 1e49e0a4-3938-4572-8e38-9cc7959ee1e2 (type: security_group_rules) to 0
2026-08-06 02:11:42.860 9 INFO neutron.wsgi [req-2a223d6e-f83d-411e-8ef0-b79189b7599f req-06248e65-64cc-4a68-b038-eca8a1d8b86a d8738e1b7ab5448e97e437d6a4bcec32 687252fac8254e9f97640970b202f568 - - default default] 10.0.0.189 "GET /v2.0/networks?id=a1582f7b-2e3d-47e7-960b-b3e04aa86575 HTTP/1.1" status: 200 len: 869 time: 0.0942791
2026-08-06 02:11:42.876 10 INFO neutron.db.ovn_revision_numbers_db [None req-8abd6a05-b4d1-41b9-8988-62fa765df583 f811f296ffee487293127a0dc1638ddc 5db850b0aa8447ff8b7616e2e0f2f78c - - default default] Successfully bumped revision number for resource 24c0c759-79fe-4604-b5c2-8b690a002fb5 (type: floatingips) to 0
2026-08-06 02:11:42.881 9 INFO neutron.db.ovn_revision_numbers_db [None req-2a1bc031-3a62-4b18-8106-bfc806eccc50 2e4a36b2e7ce4b468af7faf9bfc3156a 0f7083d820204f31826693428e1aad01 - - default default] Successfully bumped revision number for resource 7085ea7a-9cf0-4c94-b68e-d1bbf67ce13d (type: security_group_rules) to 0
2026-08-06 02:11:42.889 10 INFO neutron.wsgi [None req-8abd6a05-b4d1-41b9-8988-62fa765df583 f811f296ffee487293127a0dc1638ddc 5db850b0aa8447ff8b7616e2e0f2f78c - - default default] 10.0.0.120 "POST /v2.0/floatingips HTTP/1.1" status: 201 len: 751 time: 0.6280119
2026-08-06 02:11:42.891 9 INFO neutron.wsgi [req-2a223d6e-f83d-411e-8ef0-b79189b7599f req-36bc5c14-c46c-4a1e-bd5f-2e47043a9055 d8738e1b7ab5448e97e437d6a4bcec32 687252fac8254e9f97640970b202f568 - - default default] 10.0.0.189 "GET /v2.0/quotas/687252fac8254e9f97640970b202f568 HTTP/1.1" status: 200 len: 386 time: 0.0202894
2026-08-06 02:11:42.927 9 INFO neutron.db.ovn_revision_numbers_db [None req-2a1bc031-3a62-4b18-8106-bfc806eccc50 2e4a36b2e7ce4b468af7faf9bfc3156a 0f7083d820204f31826693428e1aad01 - - default default] Successfully bumped revision number for resource e4f6229e-1659-4e27-8286-be60d14661e8 (type: security_group_rules) to 0
2026-08-06 02:11:42.964 9 INFO neutron.db.ovn_revision_numbers_db [None req-2a1bc031-3a62-4b18-8106-bfc806eccc50 2e4a36b2e7ce4b468af7faf9bfc3156a 0f7083d820204f31826693428e1aad01 - - default default] Successfully bumped revision number for resource f863952a-0d90-4741-a238-e58adfecfc8a (type: security_group_rules) to 0
2026-08-06 02:11:43.004 9 INFO neutron.wsgi [None req-2a1bc031-3a62-4b18-8106-bfc806eccc50 2e4a36b2e7ce4b468af7faf9bfc3156a 0f7083d820204f31826693428e1aad01 - - default default] 10.0.0.120 "GET /v2.0/security-groups?tenant_id=adfdf23964974b80bfc73705c8f8b1f2&name=default HTTP/1.1" status: 200 len: 2996 time: 0.3628542
2026-08-06 02:11:43.029 9 INFO neutron.wsgi [req-2a223d6e-f83d-411e-8ef0-b79189b7599f req-455f22f5-37e1-430e-aec2-ada0073b9836 d8738e1b7ab5448e97e437d6a4bcec32 687252fac8254e9f97640970b202f568 - - default default] 10.0.0.189 "GET /v2.0/ports?tenant_id=687252fac8254e9f97640970b202f568&fields=id HTTP/1.1" status: 200 len: 302 time: 0.1320174
2026-08-06 02:11:43.107 9 WARNING neutron.scheduler.dhcp_agent_scheduler [None req-8abcbe5c-c705-4ca8-ad98-ab3c2f4b0959 d77a7d9742b3409ca37fede767d8f795 fe5212386bf54ba3a1b06091a9a3a27b - - default default] No more DHCP agents
2026-08-06 02:11:43.115 9 WARNING neutron.api.rpc.agentnotifiers.dhcp_rpc_agent_api [None req-8abcbe5c-c705-4ca8-ad98-ab3c2f4b0959 d77a7d9742b3409ca37fede767d8f795 fe5212386bf54ba3a1b06091a9a3a27b - - default default] Unable to schedule network 5da137ed-fd7f-491b-a805-b1f1d20f45e8: no agents available; will retry on subsequent port and subnet creation events.
2026-08-06 02:11:43.132 9 INFO neutron.wsgi [req-2a223d6e-f83d-411e-8ef0-b79189b7599f req-78ae504a-78c0-4184-aca0-403dd353242a 123a2441c5f2463da513ffaba3348231 29dce264b30a46a0869abeb9578a6d05 - - fab790142a074d2e87ad130527d97ec0 fab790142a074d2e87ad130527d97ec0] 10.0.0.189 "GET /v2.0/networks/a1582f7b-2e3d-47e7-960b-b3e04aa86575?fields=segments HTTP/1.1" status: 200 len: 212 time: 0.0858455
2026-08-06 02:11:43.208 10 INFO neutron.wsgi [None req-1732169c-7094-4038-9199-f68890868f51 2e4a36b2e7ce4b468af7faf9bfc3156a 0f7083d820204f31826693428e1aad01 - - default default] 10.0.0.120 "DELETE /v2.0/security-groups/978974cf-7596-4b0e-94ae-d16a2329ecce HTTP/1.1" status: 204 len: 168 time: 0.1959598
2026-08-06 02:11:43.234 9 INFO neutron.wsgi [req-2a223d6e-f83d-411e-8ef0-b79189b7599f req-e3492915-c270-45c3-bf83-75ea49c622bf 123a2441c5f2463da513ffaba3348231 29dce264b30a46a0869abeb9578a6d05 - - fab790142a074d2e87ad130527d97ec0 fab790142a074d2e87ad130527d97ec0] 10.0.0.189 "GET /v2.0/networks/a1582f7b-2e3d-47e7-960b-b3e04aa86575?fields=provider%3Aphysical_network&fields=provider%3Anetwork_type HTTP/1.1" status: 200 len: 277 time: 0.0889502
2026-08-06 02:11:43.437 9 INFO neutron.wsgi [req-36cb5cca-0f13-4eb3-8d2f-212f236a88c9 req-34c8eeec-8682-48e4-a726-618cda9a1892 d8738e1b7ab5448e97e437d6a4bcec32 687252fac8254e9f97640970b202f568 - - default default] 10.0.0.189 "GET /v2.0/ports?device_id=862320ef-1f5c-4491-8c95-fa53d59413aa HTTP/1.1" status: 200 len: 210 time: 0.0392642
2026-08-06 02:11:43.444 9 INFO neutron.wsgi [req-8793c091-0efc-4aeb-9c9d-faee9c1cbec8 req-fab0a317-1d88-4766-8f10-b09ad1cbcaf8 f811f296ffee487293127a0dc1638ddc 5db850b0aa8447ff8b7616e2e0f2f78c - - default default] 10.0.0.189 "GET /v2.0/security-groups?name=tempest-securitygroup--425667032&fields=id&tenant_id=5db850b0aa8447ff8b7616e2e0f2f78c HTTP/1.1" status: 200 len: 267 time: 0.0806162
2026-08-06 02:11:43.794 9 INFO neutron.wsgi [req-8793c091-0efc-4aeb-9c9d-faee9c1cbec8 req-1e49abfb-69cb-4b1d-aacd-b5cda4bc0c85 f811f296ffee487293127a0dc1638ddc 5db850b0aa8447ff8b7616e2e0f2f78c - - default default] 10.0.0.189 "GET /v2.0/networks?id=4969d9ec-96f1-46fa-8100-01c466cc1320 HTTP/1.1" status: 200 len: 875 time: 0.3405712
2026-08-06 02:11:43.821 9 INFO neutron.wsgi [req-8793c091-0efc-4aeb-9c9d-faee9c1cbec8 req-7f5cc994-1dc7-41c3-bba9-81ec6c46d951 f811f296ffee487293127a0dc1638ddc 5db850b0aa8447ff8b7616e2e0f2f78c - - default default] 10.0.0.189 "GET /v2.0/quotas/5db850b0aa8447ff8b7616e2e0f2f78c HTTP/1.1" status: 200 len: 386 time: 0.0159359
2026-08-06 02:11:43.943 9 INFO neutron.wsgi [req-8793c091-0efc-4aeb-9c9d-faee9c1cbec8 req-8f479b10-bb3c-4557-8dd1-e3c69f95b7bc f811f296ffee487293127a0dc1638ddc 5db850b0aa8447ff8b7616e2e0f2f78c - - default default] 10.0.0.189 "GET /v2.0/ports?tenant_id=5db850b0aa8447ff8b7616e2e0f2f78c&fields=id HTTP/1.1" status: 200 len: 302 time: 0.1139672
2026-08-06 02:11:43.958 9 INFO neutron.db.ovn_revision_numbers_db [None req-8abcbe5c-c705-4ca8-ad98-ab3c2f4b0959 d77a7d9742b3409ca37fede767d8f795 fe5212386bf54ba3a1b06091a9a3a27b - - default default] Successfully bumped revision number for resource 8c3840e9-957c-47c3-8c20-cd11652484be (type: ports) to 2
2026-08-06 02:11:44.034 9 INFO neutron.db.ovn_revision_numbers_db [None req-8abcbe5c-c705-4ca8-ad98-ab3c2f4b0959 d77a7d9742b3409ca37fede767d8f795 fe5212386bf54ba3a1b06091a9a3a27b - - default default] Successfully bumped revision number for resource c402ce76-f306-4e69-a93e-b15d69234885 (type: subnets) to 0
2026-08-06 02:11:44.050 9 INFO neutron.wsgi [req-8793c091-0efc-4aeb-9c9d-faee9c1cbec8 req-b58cc4cc-0418-424c-8547-8ff0d76a25cc 123a2441c5f2463da513ffaba3348231 29dce264b30a46a0869abeb9578a6d05 - - fab790142a074d2e87ad130527d97ec0 fab790142a074d2e87ad130527d97ec0] 10.0.0.189 "GET /v2.0/networks/4969d9ec-96f1-46fa-8100-01c466cc1320?fields=segments HTTP/1.1" status: 200 len: 212 time: 0.0897048
2026-08-06 02:11:44.056 9 INFO neutron.wsgi [None req-8abcbe5c-c705-4ca8-ad98-ab3c2f4b0959 d77a7d9742b3409ca37fede767d8f795 fe5212386bf54ba3a1b06091a9a3a27b - - default default] 10.0.0.120 "POST /v2.0/subnets HTTP/1.1" status: 201 len: 801 time: 1.2968919
2026-08-06 02:11:44.141 10 INFO neutron.wsgi [req-2a223d6e-f83d-411e-8ef0-b79189b7599f req-e2a366f3-5ec7-489b-a36d-d4417fe9f7a7 d8738e1b7ab5448e97e437d6a4bcec32 687252fac8254e9f97640970b202f568 - - default default] 199.204.45.210 "GET /v2.0/networks?id=a1582f7b-2e3d-47e7-960b-b3e04aa86575 HTTP/1.1" status: 200 len: 869 time: 0.0954094
2026-08-06 02:11:44.146 9 INFO neutron.wsgi [req-8793c091-0efc-4aeb-9c9d-faee9c1cbec8 req-884134c8-9a1d-4660-a3c9-63725efe33c5 123a2441c5f2463da513ffaba3348231 29dce264b30a46a0869abeb9578a6d05 - - fab790142a074d2e87ad130527d97ec0 fab790142a074d2e87ad130527d97ec0] 10.0.0.189 "GET /v2.0/networks/4969d9ec-96f1-46fa-8100-01c466cc1320?fields=provider%3Aphysical_network&fields=provider%3Anetwork_type HTTP/1.1" status: 200 len: 277 time: 0.0877898
2026-08-06 02:11:44.195 10 INFO neutron.wsgi [req-2a223d6e-f83d-411e-8ef0-b79189b7599f req-6b4a1fe7-e14f-41f3-b6e2-b054aed12fa1 d8738e1b7ab5448e97e437d6a4bcec32 687252fac8254e9f97640970b202f568 - - default default] 199.204.45.210 "GET /v2.0/security-groups?fields=id&fields=name&tenant_id=687252fac8254e9f97640970b202f568 HTTP/1.1" status: 200 len: 380 time: 0.0483997
2026-08-06 02:11:44.307 9 INFO neutron.wsgi [req-2c641085-718d-42fa-ad91-7e6d4b026885 req-483eae0e-3663-4d81-8281-9c8722d2381e f811f296ffee487293127a0dc1638ddc 5db850b0aa8447ff8b7616e2e0f2f78c - - default default] 10.0.0.189 "GET /v2.0/ports?device_id=8f504b9a-aa9d-459a-9f72-dcd736d8405b HTTP/1.1" status: 200 len: 210 time: 0.0319588
2026-08-06 02:11:44.520 10 WARNING neutron.scheduler.dhcp_agent_scheduler [None req-d3681d7b-92a0-4fa9-a93e-006b9298d0f2 d77a7d9742b3409ca37fede767d8f795 fe5212386bf54ba3a1b06091a9a3a27b - - default default] No more DHCP agents
2026-08-06 02:11:44.520 9 INFO neutron.wsgi [req-f807719c-6754-4870-ba42-aad1367db047 req-c555a104-648b-4b24-89f3-d9ff8225af4d d8738e1b7ab5448e97e437d6a4bcec32 687252fac8254e9f97640970b202f568 - - default default] 10.0.0.189 "GET /v2.0/ports?device_id=862320ef-1f5c-4491-8c95-fa53d59413aa HTTP/1.1" status: 200 len: 210 time: 0.0183709
2026-08-06 02:11:44.521 10 WARNING neutron.api.rpc.agentnotifiers.dhcp_rpc_agent_api [None req-d3681d7b-92a0-4fa9-a93e-006b9298d0f2 d77a7d9742b3409ca37fede767d8f795 fe5212386bf54ba3a1b06091a9a3a27b - - default default] Unable to schedule network 5da137ed-fd7f-491b-a805-b1f1d20f45e8: no agents available; will retry on subsequent port and subnet creation events.
2026-08-06 02:11:44.843 10 WARNING neutron.plugins.ml2.drivers.ovn.mech_driver.ovsdb.ovn_client [None req-91a3dc40-28aa-4ca6-ad5c-ecbb71fb7f26 - - - - - -] No hosting information found for port 2ed5f262-dc68-48d3-96d4-baabb3dfffda: RuntimeError: No hosting information found for port 2ed5f262-dc68-48d3-96d4-baabb3dfffda
2026-08-06 02:11:44.901 10 WARNING neutron.scheduler.dhcp_agent_scheduler [req-2a223d6e-f83d-411e-8ef0-b79189b7599f req-496c5bbb-26b9-414c-843b-15846aed21f6 d8738e1b7ab5448e97e437d6a4bcec32 687252fac8254e9f97640970b202f568 - - default default] No more DHCP agents
2026-08-06 02:11:44.906 10 WARNING neutron.api.rpc.agentnotifiers.dhcp_rpc_agent_api [req-2a223d6e-f83d-411e-8ef0-b79189b7599f req-496c5bbb-26b9-414c-843b-15846aed21f6 d8738e1b7ab5448e97e437d6a4bcec32 687252fac8254e9f97640970b202f568 - - default default] Unable to schedule network a1582f7b-2e3d-47e7-960b-b3e04aa86575: no agents available; will retry on subsequent port and subnet creation events. /var/lib/openstack/lib/python3.10/site-packages/pycadf/identifier.py:71: UserWarning: Invalid uuid: neutron. To ensure interoperability, identifiers should be a valid uuid. warnings.warn(('Invalid uuid: %s. To ensure interoperability, '
2026-08-06 02:11:45.054 10 INFO neutron.db.ovn_revision_numbers_db [None req-d3681d7b-92a0-4fa9-a93e-006b9298d0f2 d77a7d9742b3409ca37fede767d8f795 fe5212386bf54ba3a1b06091a9a3a27b - - default default] Successfully bumped revision number for resource 3728315d-7336-4af4-b68d-654217e65236 (type: ports) to 1
2026-08-06 02:11:45.093 10 INFO neutron.wsgi [req-8793c091-0efc-4aeb-9c9d-faee9c1cbec8 req-925f3ce8-fe58-4f8b-b165-1eda92dcdcbb f811f296ffee487293127a0dc1638ddc 5db850b0aa8447ff8b7616e2e0f2f78c - - default default] 199.204.45.210 "GET /v2.0/networks?id=4969d9ec-96f1-46fa-8100-01c466cc1320 HTTP/1.1" status: 200 len: 875 time: 0.1290345
2026-08-06 02:11:45.097 10 INFO neutron.wsgi [None req-d3681d7b-92a0-4fa9-a93e-006b9298d0f2 d77a7d9742b3409ca37fede767d8f795 fe5212386bf54ba3a1b06091a9a3a27b - - default default] 10.0.0.120 "POST /v2.0/ports HTTP/1.1" status: 201 len: 1149 time: 1.0356572
2026-08-06 02:11:45.163 10 INFO neutron.wsgi [req-8793c091-0efc-4aeb-9c9d-faee9c1cbec8 req-de2c679b-1be1-45b0-9f85-ffa2f064010f f811f296ffee487293127a0dc1638ddc 5db850b0aa8447ff8b7616e2e0f2f78c - - default default] 199.204.45.210 "GET /v2.0/security-groups?fields=id&fields=name&tenant_id=5db850b0aa8447ff8b7616e2e0f2f78c HTTP/1.1" status: 200 len: 379 time: 0.0619538
2026-08-06 02:11:45.164 10 INFO neutron.db.ovn_revision_numbers_db [req-2a223d6e-f83d-411e-8ef0-b79189b7599f req-496c5bbb-26b9-414c-843b-15846aed21f6 d8738e1b7ab5448e97e437d6a4bcec32 687252fac8254e9f97640970b202f568 - - default default] Successfully bumped revision number for resource 66f3d4dd-0f0b-46cf-94ae-770cb57fa1da (type: ports) to 1
2026-08-06 02:11:45.208 10 INFO neutron.wsgi [req-2a223d6e-f83d-411e-8ef0-b79189b7599f req-496c5bbb-26b9-414c-843b-15846aed21f6 d8738e1b7ab5448e97e437d6a4bcec32 687252fac8254e9f97640970b202f568 - - default default] 199.204.45.210 "POST /v2.0/ports HTTP/1.1" status: 201 len: 1162 time: 1.0014462
2026-08-06 02:11:45.393 9 INFO neutron.wsgi [req-d5659745-8fe0-4537-a746-924d1fb48b59 req-347f957f-2fa7-4fdb-a488-c22ce33ccc47 f811f296ffee487293127a0dc1638ddc 5db850b0aa8447ff8b7616e2e0f2f78c - - default default] 10.0.0.189 "GET /v2.0/ports?device_id=8f504b9a-aa9d-459a-9f72-dcd736d8405b HTTP/1.1" status: 200 len: 210 time: 0.0239127
2026-08-06 02:11:45.497 9 INFO neutron.wsgi [None req-26582b8d-13cd-4059-a50d-bfe467d2ee63 d77a7d9742b3409ca37fede767d8f795 fe5212386bf54ba3a1b06091a9a3a27b - - default default] 10.0.0.120 "DELETE /v2.0/ports/3728315d-7336-4af4-b68d-654217e65236 HTTP/1.1" status: 204 len: 168 time: 0.3921089
2026-08-06 02:11:45.527 9 INFO neutron.pecan_wsgi.hooks.translation [None req-02d5aa2a-10e4-45b1-992e-f08ac7a97b55 d77a7d9742b3409ca37fede767d8f795 fe5212386bf54ba3a1b06091a9a3a27b - - default default] DELETE failed (client error): The resource could not be found.
2026-08-06 02:11:45.532 9 INFO neutron.wsgi [None req-02d5aa2a-10e4-45b1-992e-f08ac7a97b55 d77a7d9742b3409ca37fede767d8f795 fe5212386bf54ba3a1b06091a9a3a27b - - default default] 10.0.0.120 "DELETE /v2.0/ports/3728315d-7336-4af4-b68d-654217e65236 HTTP/1.1" status: 404 len: 333 time: 0.0293419
2026-08-06 02:11:45.556 9 INFO neutron.pecan_wsgi.hooks.translation [None req-288ecaa1-dc99-451c-96af-9a52fde128a9 d77a7d9742b3409ca37fede767d8f795 fe5212386bf54ba3a1b06091a9a3a27b - - default default] GET failed (client error): The resource could not be found.
2026-08-06 02:11:45.558 9 INFO neutron.wsgi [None req-288ecaa1-dc99-451c-96af-9a52fde128a9 d77a7d9742b3409ca37fede767d8f795 fe5212386bf54ba3a1b06091a9a3a27b - - default default] 10.0.0.120 "GET /v2.0/ports/3728315d-7336-4af4-b68d-654217e65236 HTTP/1.1" status: 404 len: 333 time: 0.0215380
2026-08-06 02:11:45.571 10 INFO neutron.db.ovn_revision_numbers_db [None req-fbd7982d-1867-4faf-b7fd-0b5f0b20c04b 40c416567f414471ac6587c877bc28e3 b7b9254afe8440f7afc265d742285401 - - default default] Successfully bumped revision number for resource 13bf7cee-d552-41a0-91c7-b9e0988cbd95 (type: security_groups) to 1
2026-08-06 02:11:45.612 10 INFO neutron.db.ovn_revision_numbers_db [None req-fbd7982d-1867-4faf-b7fd-0b5f0b20c04b 40c416567f414471ac6587c877bc28e3 b7b9254afe8440f7afc265d742285401 - - default default] Successfully bumped revision number for resource 2e2b3a5b-24ae-4a49-bf3d-7d277c41f177 (type: security_group_rules) to 0
2026-08-06 02:11:45.619 9 INFO neutron.wsgi [req-ae85d111-1fc3-431f-98cf-939e2f7c78ce req-192a941b-bcda-4c0d-bd08-23f1880d5e9b d8738e1b7ab5448e97e437d6a4bcec32 687252fac8254e9f97640970b202f568 - - default default] 10.0.0.189 "GET /v2.0/ports?device_id=862320ef-1f5c-4491-8c95-fa53d59413aa HTTP/1.1" status: 200 len: 1172 time: 0.0371423
2026-08-06 02:11:45.649 10 INFO neutron.db.ovn_revision_numbers_db [None req-fbd7982d-1867-4faf-b7fd-0b5f0b20c04b 40c416567f414471ac6587c877bc28e3 b7b9254afe8440f7afc265d742285401 - - default default] Successfully bumped revision number for resource 5b49b243-7f39-424b-83fa-5a4ef22f9421 (type: security_group_rules) to 0
2026-08-06 02:11:45.651 10 WARNING neutron.scheduler.dhcp_agent_scheduler [req-8793c091-0efc-4aeb-9c9d-faee9c1cbec8 req-7caf81c8-f4f8-4e7a-b9ce-115c421ee5cc f811f296ffee487293127a0dc1638ddc 5db850b0aa8447ff8b7616e2e0f2f78c - - default default] No more DHCP agents
2026-08-06 02:11:45.660 10 WARNING neutron.api.rpc.agentnotifiers.dhcp_rpc_agent_api [req-8793c091-0efc-4aeb-9c9d-faee9c1cbec8 req-7caf81c8-f4f8-4e7a-b9ce-115c421ee5cc f811f296ffee487293127a0dc1638ddc 5db850b0aa8447ff8b7616e2e0f2f78c - - default default] Unable to schedule network 4969d9ec-96f1-46fa-8100-01c466cc1320: no agents available; will retry on subsequent port and subnet creation events.
2026-08-06 02:11:45.678 9 INFO neutron.wsgi [req-ae85d111-1fc3-431f-98cf-939e2f7c78ce req-c7c44133-ac52-46f7-a148-396a86c4af8d d8738e1b7ab5448e97e437d6a4bcec32 687252fac8254e9f97640970b202f568 - - default default] 10.0.0.189 "GET /v2.0/security-groups?id=5918736a-1708-4dc2-b8ef-2c6845223957&fields=id&fields=name HTTP/1.1" status: 200 len: 313 time: 0.0507503
2026-08-06 02:11:45.685 10 INFO neutron.db.ovn_revision_numbers_db [None req-fbd7982d-1867-4faf-b7fd-0b5f0b20c04b 40c416567f414471ac6587c877bc28e3 b7b9254afe8440f7afc265d742285401 - - default default] Successfully bumped revision number for resource 8aefccb2-1258-46dd-b190-664d9df5806c (type: security_group_rules) to 0
2026-08-06 02:11:45.708 10 INFO neutron.db.ovn_revision_numbers_db [None req-fbd7982d-1867-4faf-b7fd-0b5f0b20c04b 40c416567f414471ac6587c877bc28e3 b7b9254afe8440f7afc265d742285401 - - default default] Successfully bumped revision number for resource dfe79d70-41e5-4d78-a9dc-386068b123de (type: security_group_rules) to 0
2026-08-06 02:11:45.767 9 INFO neutron.wsgi [None req-763ff556-4291-4a15-b64e-6f47df2cb002 d77a7d9742b3409ca37fede767d8f795 fe5212386bf54ba3a1b06091a9a3a27b - - default default] 10.0.0.120 "DELETE /v2.0/subnets/c402ce76-f306-4e69-a93e-b15d69234885 HTTP/1.1" status: 204 len: 168 time: 0.2030120
2026-08-06 02:11:45.782 10 INFO neutron.db.segments_db [None req-fbd7982d-1867-4faf-b7fd-0b5f0b20c04b 40c416567f414471ac6587c877bc28e3 b7b9254afe8440f7afc265d742285401 - - default default] Added segment 38af4c83-4fcd-4295-83db-e214e3661d19 of type geneve for network ea8b1243-249c-4b44-ae8e-36dc4ff9dfca
2026-08-06 02:11:45.857 10 INFO neutron.db.ovn_revision_numbers_db [req-2a223d6e-f83d-411e-8ef0-b79189b7599f req-19fa1006-1832-4233-822a-06d101f3b27b 123a2441c5f2463da513ffaba3348231 29dce264b30a46a0869abeb9578a6d05 - - fab790142a074d2e87ad130527d97ec0 fab790142a074d2e87ad130527d97ec0] Successfully bumped revision number for resource 66f3d4dd-0f0b-46cf-94ae-770cb57fa1da (type: ports) to 2
2026-08-06 02:11:45.991 10 INFO neutron.db.ovn_revision_numbers_db [req-8793c091-0efc-4aeb-9c9d-faee9c1cbec8 req-7caf81c8-f4f8-4e7a-b9ce-115c421ee5cc f811f296ffee487293127a0dc1638ddc 5db850b0aa8447ff8b7616e2e0f2f78c - - default default] Successfully bumped revision number for resource d7b151d0-dde2-4f3f-a95a-ecda3aa60072 (type: ports) to 1
2026-08-06 02:11:46.006 10 INFO neutron.db.ovn_revision_numbers_db [None req-fbd7982d-1867-4faf-b7fd-0b5f0b20c04b 40c416567f414471ac6587c877bc28e3 b7b9254afe8440f7afc265d742285401 - - default default] Successfully bumped revision number for resource ea8b1243-249c-4b44-ae8e-36dc4ff9dfca (type: networks) to 1
2026-08-06 02:11:46.025 10 INFO neutron.wsgi [req-8793c091-0efc-4aeb-9c9d-faee9c1cbec8 req-7caf81c8-f4f8-4e7a-b9ce-115c421ee5cc f811f296ffee487293127a0dc1638ddc 5db850b0aa8447ff8b7616e2e0f2f78c - - default default] 199.204.45.210 "POST /v2.0/ports HTTP/1.1" status: 201 len: 1158 time: 0.8510325 /var/lib/openstack/lib/python3.10/site-packages/pycadf/identifier.py:71: UserWarning: Invalid uuid: neutron. To ensure interoperability, identifiers should be a valid uuid. warnings.warn(('Invalid uuid: %s. To ensure interoperability, '
2026-08-06 02:11:46.121 9 INFO neutron.services.segments.plugin [-] Segment ec8392eb-8e3f-4ee0-8ad7-d920143420e1 resource provider aggregate not found
2026-08-06 02:11:46.128 9 INFO neutron.services.segments.plugin [-] Segment ec8392eb-8e3f-4ee0-8ad7-d920143420e1 resource provider aggregate not found
2026-08-06 02:11:46.157 9 INFO neutron.services.segments.plugin [-] Segment ec8392eb-8e3f-4ee0-8ad7-d920143420e1 resource provider not found; error: Placement Client Error (4xx): {"errors": [{"status": 404, "title": "Not Found", "detail": "The resource could not be found.\n\n No resource provider with uuid ec8392eb-8e3f-4ee0-8ad7-d920143420e1 found for delete ", "request_id": "req-faf8127e-aab0-48f1-9075-6439dfe68707"}]}
2026-08-06 02:11:46.159 9 INFO neutron.services.segments.plugin [-] Segment ec8392eb-8e3f-4ee0-8ad7-d920143420e1 resource provider not found; error: Placement Client Error (4xx): {"errors": [{"status": 404, "title": "Not Found", "detail": "The resource could not be found.\n\n No resource provider with uuid ec8392eb-8e3f-4ee0-8ad7-d920143420e1 found for delete ", "request_id": "req-2a781790-94d5-4fac-9da9-fd2ecdd33b8e"}]}
2026-08-06 02:11:46.198 9 INFO neutron.wsgi [None req-f7e51521-7306-4dcd-9b5d-88fc27aea586 d77a7d9742b3409ca37fede767d8f795 fe5212386bf54ba3a1b06091a9a3a27b - - default default] 10.0.0.120 "DELETE /v2.0/networks/5da137ed-fd7f-491b-a805-b1f1d20f45e8 HTTP/1.1" status: 204 len: 168 time: 0.4242604
2026-08-06 02:11:46.303 9 INFO neutron.db.segments_db [None req-1877a157-fd9a-4f43-9514-7da40196e04d d77a7d9742b3409ca37fede767d8f795 fe5212386bf54ba3a1b06091a9a3a27b - - default default] Added segment ec935e69-369a-42dd-9096-18fed5c95d99 of type geneve for network 08f9eeb7-1b1a-4c47-9121-32b151a8ad2b
