2026-08-06 02:10:52.927 10 WARNING neutron.plugins.ml2.drivers.ovn.mech_driver.ovsdb.ovn_client [None req-91a3dc40-28aa-4ca6-ad5c-ecbb71fb7f26 - - - - - -] No hosting information found for port 9f24ccfd-6e60-499f-89d4-32b7984cc7e2: RuntimeError: No hosting information found for port 9f24ccfd-6e60-499f-89d4-32b7984cc7e2
2026-08-06 02:10:52.928 10 INFO neutron.plugins.ml2.drivers.ovn.mech_driver.mech_driver [None req-91a3dc40-28aa-4ca6-ad5c-ecbb71fb7f26 - - - - - -] OVN reports status up for port: 27312d73-39b5-45aa-9223-dfe6fdfbf8e5
2026-08-06 02:10:52.928 9 INFO neutron.api.v2.resource [req-61ed0320-86fb-4792-8e4c-39ce7a06fb70 req-14ed8cb7-3ee1-4f8d-9a7f-77166b1d0c80 c70bd76ee5fe49e9b1aba44ee43bd526 1488f3bd1d17422bb45a5e78e76e472c - - default default] show failed (client error): The resource could not be found.
2026-08-06 02:10:52.929 9 INFO neutron.wsgi [req-61ed0320-86fb-4792-8e4c-39ce7a06fb70 req-14ed8cb7-3ee1-4f8d-9a7f-77166b1d0c80 c70bd76ee5fe49e9b1aba44ee43bd526 1488f3bd1d17422bb45a5e78e76e472c - - default default] 10.0.0.189 "GET /v2.0/security-groups/14f20683-174f-465e-ad7a-c58245c3aaf5 HTTP/1.1" status: 404 len: 352 time: 0.0206850
2026-08-06 02:10:52.940 9 INFO neutron.wsgi [req-b7c4adbd-14ab-4d11-8e48-36c35026eeb8 req-fb9c0825-ed06-4882-9bb4-0d7f91ec16b3 57cbe146d5164e28955722077d25ce8c 5854e022fc744390aa618c8c42c07ea1 - - default default] 10.0.0.189 "GET /v2.0/ports?device_id=0ce9f996-f6cf-4ef2-8852-05ef323798c7 HTTP/1.1" status: 200 len: 210 time: 0.0199256
2026-08-06 02:10:52.957 10 INFO neutron.plugins.ml2.plugin [None req-91a3dc40-28aa-4ca6-ad5c-ecbb71fb7f26 - - - - - -] Attempt 1 to provision port 27312d73-39b5-45aa-9223-dfe6fdfbf8e5
2026-08-06 02:10:53.000 9 INFO neutron.wsgi [req-3acadea0-da8a-4733-bfbc-2d8e70aa86bd req-72c58949-90b6-4539-96cb-3c0e612a384f c70bd76ee5fe49e9b1aba44ee43bd526 1488f3bd1d17422bb45a5e78e76e472c - - default default] 10.0.0.189 "GET /v2.0/security-groups?tenant_id=1488f3bd1d17422bb45a5e78e76e472c HTTP/1.1" status: 200 len: 2997 time: 0.0391743
2026-08-06 02:10:53.047 9 INFO neutron.wsgi [req-3acadea0-da8a-4733-bfbc-2d8e70aa86bd req-d76c755a-3e3a-44c0-8eea-a6de3b5ab07f c70bd76ee5fe49e9b1aba44ee43bd526 1488f3bd1d17422bb45a5e78e76e472c - - default default] 10.0.0.189 "GET /v2.0/security-groups/e0725158-759f-42b6-bc67-ac816c3c0064 HTTP/1.1" status: 200 len: 2994 time: 0.0387399
2026-08-06 02:10:53.098 9 INFO neutron.wsgi [req-3acadea0-da8a-4733-bfbc-2d8e70aa86bd req-75d57cc1-a269-4eb2-83a1-6b6081a61b12 c70bd76ee5fe49e9b1aba44ee43bd526 1488f3bd1d17422bb45a5e78e76e472c - - default default] 10.0.0.189 "GET /v2.0/security-groups/e0725158-759f-42b6-bc67-ac816c3c0064 HTTP/1.1" status: 200 len: 2994 time: 0.0423503
2026-08-06 02:10:53.141 9 INFO neutron.api.v2.resource [req-e3a5fd72-4701-46b9-b0d2-4dfffb4476c8 req-2196d252-193b-49a5-b133-bac8e1ccf8dc c70bd76ee5fe49e9b1aba44ee43bd526 1488f3bd1d17422bb45a5e78e76e472c - - default default] show failed (client error): The resource could not be found.
2026-08-06 02:10:53.143 9 INFO neutron.wsgi [req-e3a5fd72-4701-46b9-b0d2-4dfffb4476c8 req-2196d252-193b-49a5-b133-bac8e1ccf8dc c70bd76ee5fe49e9b1aba44ee43bd526 1488f3bd1d17422bb45a5e78e76e472c - - default default] 10.0.0.189 "GET /v2.0/security-groups/14f20683-174f-465e-ad7a-c58245c3aaf5 HTTP/1.1" status: 404 len: 352 time: 0.0161738
2026-08-06 02:10:53.179 9 INFO neutron.api.v2.resource [req-f865cd51-0f67-49f9-86e5-15968160f9d9 req-ae7cd6a3-0edb-4ec7-a57d-d5a7bca61a9a c70bd76ee5fe49e9b1aba44ee43bd526 1488f3bd1d17422bb45a5e78e76e472c - - default default] show failed (client error): The resource could not be found.
2026-08-06 02:10:53.180 9 INFO neutron.wsgi [req-f865cd51-0f67-49f9-86e5-15968160f9d9 req-ae7cd6a3-0edb-4ec7-a57d-d5a7bca61a9a c70bd76ee5fe49e9b1aba44ee43bd526 1488f3bd1d17422bb45a5e78e76e472c - - default default] 10.0.0.189 "GET /v2.0/security-groups/6af2d786-2335-4361-8e4f-69a2dcf8893c HTTP/1.1" status: 404 len: 352 time: 0.0178838
2026-08-06 02:10:53.212 9 INFO neutron.api.v2.resource [req-51167f2d-6eb1-4611-940c-d58483ea6898 req-dae48c56-e749-44c0-8dc7-aa68c8e6d541 c70bd76ee5fe49e9b1aba44ee43bd526 1488f3bd1d17422bb45a5e78e76e472c - - default default] show failed (client error): The resource could not be found.
2026-08-06 02:10:53.214 9 INFO neutron.wsgi [req-51167f2d-6eb1-4611-940c-d58483ea6898 req-dae48c56-e749-44c0-8dc7-aa68c8e6d541 c70bd76ee5fe49e9b1aba44ee43bd526 1488f3bd1d17422bb45a5e78e76e472c - - default default] 10.0.0.189 "GET /v2.0/security-groups/f53bab9f-eb6b-44c3-b7ff-b2583ddaf67d HTTP/1.1" status: 404 len: 352 time: 0.0145214
2026-08-06 02:10:53.604 10 INFO neutron.wsgi [None req-51db62de-bd5c-4d93-add6-40cc34550a2d 2e4a36b2e7ce4b468af7faf9bfc3156a 0f7083d820204f31826693428e1aad01 - - default default] 10.0.0.120 "PUT /v2.0/routers/cf7d95a7-b8f3-454e-9415-c9ddb60d8ed9/remove_router_interface HTTP/1.1" status: 200 len: 503 time: 1.9570966
2026-08-06 02:10:53.615 10 INFO neutron.wsgi [-] 10.0.0.239 "GET / HTTP/1.1" status: 200 len: 247 time: 0.0014849
2026-08-06 02:10:53.616 10 INFO neutron.wsgi [-] 10.0.0.239 "GET / HTTP/1.1" status: 200 len: 247 time: 0.0009065
2026-08-06 02:10:53.622 10 WARNING neutron.scheduler.dhcp_agent_scheduler [req-6df0f97b-599a-4fb9-a34d-37d7713e9938 req-106bc004-10cc-431f-a4a5-db45376b495b 57cbe146d5164e28955722077d25ce8c 5854e022fc744390aa618c8c42c07ea1 - - default default] No more DHCP agents
2026-08-06 02:10:53.628 10 WARNING neutron.api.rpc.agentnotifiers.dhcp_rpc_agent_api [req-6df0f97b-599a-4fb9-a34d-37d7713e9938 req-106bc004-10cc-431f-a4a5-db45376b495b 57cbe146d5164e28955722077d25ce8c 5854e022fc744390aa618c8c42c07ea1 - - default default] Unable to schedule network 18c1bed0-bd27-4c9a-b0eb-4c79e195d6f5: no agents available; will retry on subsequent port and subnet creation events.
2026-08-06 02:10:53.659 10 INFO neutron.db.ovn_revision_numbers_db [None req-91a3dc40-28aa-4ca6-ad5c-ecbb71fb7f26 - - - - - -] Successfully bumped revision number for resource 27312d73-39b5-45aa-9223-dfe6fdfbf8e5 (type: ports) to 2
2026-08-06 02:10:53.827 10 INFO neutron.db.ovn_revision_numbers_db [req-6df0f97b-599a-4fb9-a34d-37d7713e9938 req-106bc004-10cc-431f-a4a5-db45376b495b 57cbe146d5164e28955722077d25ce8c 5854e022fc744390aa618c8c42c07ea1 - - default default] Successfully bumped revision number for resource 1c3027eb-90b9-467f-ba6f-7f4e1f5cbc9c (type: ports) to 1
2026-08-06 02:10:53.848 10 INFO neutron.db.ovn_revision_numbers_db [None req-91a3dc40-28aa-4ca6-ad5c-ecbb71fb7f26 - - - - - -] Successfully bumped revision number for resource 27312d73-39b5-45aa-9223-dfe6fdfbf8e5 (type: router_ports) to 2
2026-08-06 02:10:53.852 10 INFO neutron.wsgi [req-6df0f97b-599a-4fb9-a34d-37d7713e9938 req-106bc004-10cc-431f-a4a5-db45376b495b 57cbe146d5164e28955722077d25ce8c 5854e022fc744390aa618c8c42c07ea1 - - default default] 199.204.45.210 "POST /v2.0/ports HTTP/1.1" status: 201 len: 1162 time: 1.0591669 /var/lib/openstack/lib/python3.10/site-packages/pycadf/identifier.py:71: UserWarning: Invalid uuid: neutron. To ensure interoperability, identifiers should be a valid uuid. warnings.warn(('Invalid uuid: %s. To ensure interoperability, '
2026-08-06 02:10:53.866 10 INFO neutron.wsgi [req-6df0f97b-599a-4fb9-a34d-37d7713e9938 req-87a48541-4e54-401f-815c-ad7e3743ce48 57cbe146d5164e28955722077d25ce8c 5854e022fc744390aa618c8c42c07ea1 - - default default] 199.204.45.210 "GET /v2.0/extensions HTTP/1.1" status: 200 len: 16525 time: 0.0078928
2026-08-06 02:10:54.192 9 INFO neutron.wsgi [req-f869f27e-f97b-4165-bcd1-d7c317216f4f req-7c43e309-7f12-401c-b424-bd97e82cd457 57cbe146d5164e28955722077d25ce8c 5854e022fc744390aa618c8c42c07ea1 - - default default] 10.0.0.189 "GET /v2.0/ports?device_id=0ce9f996-f6cf-4ef2-8852-05ef323798c7 HTTP/1.1" status: 200 len: 1160 time: 0.1157584
2026-08-06 02:10:54.281 9 INFO neutron.wsgi [req-f869f27e-f97b-4165-bcd1-d7c317216f4f req-752e92a4-8ae5-47bd-b5d7-b2032a323722 57cbe146d5164e28955722077d25ce8c 5854e022fc744390aa618c8c42c07ea1 - - default default] 10.0.0.189 "GET /v2.0/security-groups?id=c26af22a-3847-4275-9cf0-0912e2bf69a5&fields=id&fields=name HTTP/1.1" status: 200 len: 313 time: 0.0819163
2026-08-06 02:10:54.720 9 INFO neutron.wsgi [None req-6817f921-ae48-4ccd-9046-f2c564749637 2e4a36b2e7ce4b468af7faf9bfc3156a 0f7083d820204f31826693428e1aad01 - - default default] 10.0.0.120 "DELETE /v2.0/routers/cf7d95a7-b8f3-454e-9415-c9ddb60d8ed9 HTTP/1.1" status: 204 len: 168 time: 1.1068790
2026-08-06 02:10:54.967 10 INFO neutron.db.ovn_revision_numbers_db [req-6df0f97b-599a-4fb9-a34d-37d7713e9938 req-1502e895-f6b0-4577-ae7d-c25869eb6803 123a2441c5f2463da513ffaba3348231 29dce264b30a46a0869abeb9578a6d05 - - fab790142a074d2e87ad130527d97ec0 fab790142a074d2e87ad130527d97ec0] Successfully bumped revision number for resource 1c3027eb-90b9-467f-ba6f-7f4e1f5cbc9c (type: ports) to 2
2026-08-06 02:10:54.983 10 INFO neutron.wsgi [None req-04149ae1-0f0d-4141-8365-dded2b018ea9 2e4a36b2e7ce4b468af7faf9bfc3156a 0f7083d820204f31826693428e1aad01 - - default default] 10.0.0.120 "DELETE /v2.0/subnets/cba0d7f9-f6b6-4b13-879d-d99d4089c1ff HTTP/1.1" status: 204 len: 168 time: 0.2503915 /var/lib/openstack/lib/python3.10/site-packages/pycadf/identifier.py:71: UserWarning: Invalid uuid: neutron. To ensure interoperability, identifiers should be a valid uuid. warnings.warn(('Invalid uuid: %s. To ensure interoperability, '
2026-08-06 02:10:55.013 9 INFO neutron.wsgi [None req-8549b2a8-5531-493a-8288-f138be91c371 2e4a36b2e7ce4b468af7faf9bfc3156a 0f7083d820204f31826693428e1aad01 - - default default] 10.0.0.120 "PUT /v2.0/routers/83c2130d-6ec8-44b4-b6c8-16e8a90116b2/remove_router_interface HTTP/1.1" status: 200 len: 503 time: 1.7860334
2026-08-06 02:10:55.233 10 INFO neutron.db.ovn_revision_numbers_db [req-6df0f97b-599a-4fb9-a34d-37d7713e9938 req-1502e895-f6b0-4577-ae7d-c25869eb6803 123a2441c5f2463da513ffaba3348231 29dce264b30a46a0869abeb9578a6d05 - - fab790142a074d2e87ad130527d97ec0 fab790142a074d2e87ad130527d97ec0] Successfully bumped revision number for resource 1c3027eb-90b9-467f-ba6f-7f4e1f5cbc9c (type: ports) to 2
2026-08-06 02:10:55.247 10 INFO neutron.wsgi [req-6df0f97b-599a-4fb9-a34d-37d7713e9938 req-1502e895-f6b0-4577-ae7d-c25869eb6803 123a2441c5f2463da513ffaba3348231 29dce264b30a46a0869abeb9578a6d05 - - fab790142a074d2e87ad130527d97ec0 fab790142a074d2e87ad130527d97ec0] 199.204.45.210 "PUT /v2.0/ports/1c3027eb-90b9-467f-ba6f-7f4e1f5cbc9c HTTP/1.1" status: 200 len: 1380 time: 0.9649711 /var/lib/openstack/lib/python3.10/site-packages/pycadf/identifier.py:71: UserWarning: Invalid uuid: neutron. To ensure interoperability, identifiers should be a valid uuid. warnings.warn(('Invalid uuid: %s. To ensure interoperability, '
2026-08-06 02:10:55.350 10 INFO neutron.wsgi [req-6df0f97b-599a-4fb9-a34d-37d7713e9938 req-83024bcd-a211-4796-bd0b-970857a7d36b 123a2441c5f2463da513ffaba3348231 29dce264b30a46a0869abeb9578a6d05 - - fab790142a074d2e87ad130527d97ec0 fab790142a074d2e87ad130527d97ec0] 199.204.45.210 "GET /v2.0/ports?tenant_id=5854e022fc744390aa618c8c42c07ea1&device_id=0ce9f996-f6cf-4ef2-8852-05ef323798c7 HTTP/1.1" status: 200 len: 1411 time: 0.0575778
2026-08-06 02:10:55.394 10 INFO neutron.wsgi [req-6df0f97b-599a-4fb9-a34d-37d7713e9938 req-00510813-954a-4498-96df-ee3f64407723 123a2441c5f2463da513ffaba3348231 29dce264b30a46a0869abeb9578a6d05 - - fab790142a074d2e87ad130527d97ec0 fab790142a074d2e87ad130527d97ec0] 199.204.45.210 "GET /v2.0/floatingips?fixed_ip_address=10.100.0.13&port_id=1c3027eb-90b9-467f-ba6f-7f4e1f5cbc9c HTTP/1.1" status: 200 len: 217 time: 0.0345886
2026-08-06 02:10:55.608 9 INFO neutron.wsgi [req-58d0937e-b05f-4e31-b021-5905cbf0d7f8 req-c18a9476-fa77-4f1b-bc9a-ed7d2bdd11f0 57cbe146d5164e28955722077d25ce8c 5854e022fc744390aa618c8c42c07ea1 - - default default] 10.0.0.189 "GET /v2.0/ports?device_id=0ce9f996-f6cf-4ef2-8852-05ef323798c7 HTTP/1.1" status: 200 len: 1172 time: 0.2281134
2026-08-06 02:10:55.610 10 INFO neutron.wsgi [req-6df0f97b-599a-4fb9-a34d-37d7713e9938 req-fcee305b-4a3e-4262-b300-b0b56cb4b2b9 123a2441c5f2463da513ffaba3348231 29dce264b30a46a0869abeb9578a6d05 - - fab790142a074d2e87ad130527d97ec0 fab790142a074d2e87ad130527d97ec0] 199.204.45.210 "GET /v2.0/subnets?id=74721ed6-61d9-4060-9e8f-69363bf48187 HTTP/1.1" status: 200 len: 876 time: 0.2073762
2026-08-06 02:10:55.644 10 INFO neutron.wsgi [req-6df0f97b-599a-4fb9-a34d-37d7713e9938 req-034d38a6-377f-437c-af84-462c2086a56a 123a2441c5f2463da513ffaba3348231 29dce264b30a46a0869abeb9578a6d05 - - fab790142a074d2e87ad130527d97ec0 fab790142a074d2e87ad130527d97ec0] 199.204.45.210 "GET /v2.0/ports?network_id=18c1bed0-bd27-4c9a-b0eb-4c79e195d6f5&device_owner=network%3Adhcp HTTP/1.1" status: 200 len: 210 time: 0.0279226
2026-08-06 02:10:55.702 9 INFO neutron.wsgi [req-58d0937e-b05f-4e31-b021-5905cbf0d7f8 req-abdffb27-ca86-4682-a8a4-12fc357bfb34 57cbe146d5164e28955722077d25ce8c 5854e022fc744390aa618c8c42c07ea1 - - default default] 10.0.0.189 "GET /v2.0/security-groups?id=c26af22a-3847-4275-9cf0-0912e2bf69a5&fields=id&fields=name HTTP/1.1" status: 200 len: 313 time: 0.0675869
2026-08-06 02:10:55.708 9 INFO neutron.wsgi [None req-aeb93db7-4202-4648-b04c-f43b173ce98b 2e4a36b2e7ce4b468af7faf9bfc3156a 0f7083d820204f31826693428e1aad01 - - default default] 10.0.0.120 "DELETE /v2.0/networks/81ef48d8-92b6-411c-ac6c-6d5ea50043c4 HTTP/1.1" status: 204 len: 168 time: 0.7153964
2026-08-06 02:10:55.727 10 INFO neutron.wsgi [req-6df0f97b-599a-4fb9-a34d-37d7713e9938 req-7bc923a7-c3ed-4d40-89a2-85ccf9db835b 123a2441c5f2463da513ffaba3348231 29dce264b30a46a0869abeb9578a6d05 - - fab790142a074d2e87ad130527d97ec0 fab790142a074d2e87ad130527d97ec0] 199.204.45.210 "GET /v2.0/networks/18c1bed0-bd27-4c9a-b0eb-4c79e195d6f5?fields=segments HTTP/1.1" status: 200 len: 212 time: 0.0761902
2026-08-06 02:10:55.825 10 INFO neutron.wsgi [req-6df0f97b-599a-4fb9-a34d-37d7713e9938 req-c6a01c24-32e3-4fb9-b7da-07f65ca83381 123a2441c5f2463da513ffaba3348231 29dce264b30a46a0869abeb9578a6d05 - - fab790142a074d2e87ad130527d97ec0 fab790142a074d2e87ad130527d97ec0] 199.204.45.210 "GET /v2.0/networks/18c1bed0-bd27-4c9a-b0eb-4c79e195d6f5?fields=provider%3Aphysical_network&fields=provider%3Anetwork_type HTTP/1.1" status: 200 len: 277 time: 0.0874484
2026-08-06 02:10:55.969 9 INFO neutron.wsgi [None req-f9064f51-3f44-4e00-8b4f-5df86348ea0e 2e4a36b2e7ce4b468af7faf9bfc3156a 0f7083d820204f31826693428e1aad01 - - default default] 10.0.0.120 "DELETE /v2.0/routers/83c2130d-6ec8-44b4-b6c8-16e8a90116b2 HTTP/1.1" status: 204 len: 168 time: 0.9468431
2026-08-06 02:10:55.989 10 INFO neutron.notifiers.nova [-] Nova event matching ['req-2a407f6f-4ed5-40a2-97d9-b33005acbc76'] response: {'name': 'network-changed', 'server_uuid': '0ce9f996-f6cf-4ef2-8852-05ef323798c7', 'tag': '1c3027eb-90b9-467f-ba6f-7f4e1f5cbc9c', 'status': 'completed', 'code': 200}
2026-08-06 02:10:56.022 10 INFO neutron.wsgi [None req-514c03e4-d4a0-4141-a83e-913660506acc 2e4a36b2e7ce4b468af7faf9bfc3156a 0f7083d820204f31826693428e1aad01 - - default default] 10.0.0.120 "GET /v2.0/security-groups?tenant_id=3cc6292027384f038f4ba0faf38951be&name=default HTTP/1.1" status: 200 len: 2992 time: 0.0605371
2026-08-06 02:10:56.080 10 INFO neutron.wsgi [req-79b47ace-2388-4462-870d-70d559d0f248 req-35c450f8-4252-405b-8b2a-4a2a4ebaeea7 123a2441c5f2463da513ffaba3348231 29dce264b30a46a0869abeb9578a6d05 - - fab790142a074d2e87ad130527d97ec0 fab790142a074d2e87ad130527d97ec0] 199.204.45.210 "GET /v2.0/ports?tenant_id=5854e022fc744390aa618c8c42c07ea1&device_id=0ce9f996-f6cf-4ef2-8852-05ef323798c7 HTTP/1.1" status: 200 len: 1411 time: 0.0473411
2026-08-06 02:10:56.198 10 INFO neutron.wsgi [req-79b47ace-2388-4462-870d-70d559d0f248 req-ec6a8567-76b2-4beb-850e-e2ac60d21abb 123a2441c5f2463da513ffaba3348231 29dce264b30a46a0869abeb9578a6d05 - - fab790142a074d2e87ad130527d97ec0 fab790142a074d2e87ad130527d97ec0] 199.204.45.210 "GET /v2.0/networks?id=18c1bed0-bd27-4c9a-b0eb-4c79e195d6f5 HTTP/1.1" status: 200 len: 981 time: 0.1093445
2026-08-06 02:10:56.245 9 INFO neutron.wsgi [None req-344943a0-6183-4ca0-8f20-d522563b9c35 2e4a36b2e7ce4b468af7faf9bfc3156a 0f7083d820204f31826693428e1aad01 - - default default] 10.0.0.120 "DELETE /v2.0/subnets/afc70804-ceed-4640-8a0d-5056d53c4e5a HTTP/1.1" status: 204 len: 168 time: 0.2698355
2026-08-06 02:10:56.354 10 INFO neutron.wsgi [req-79b47ace-2388-4462-870d-70d559d0f248 req-a461c263-84bf-4e24-8f4a-3836024c58a3 123a2441c5f2463da513ffaba3348231 29dce264b30a46a0869abeb9578a6d05 - - fab790142a074d2e87ad130527d97ec0 fab790142a074d2e87ad130527d97ec0] 199.204.45.210 "GET /v2.0/floatingips?fixed_ip_address=10.100.0.13&port_id=1c3027eb-90b9-467f-ba6f-7f4e1f5cbc9c HTTP/1.1" status: 200 len: 217 time: 0.0214033
2026-08-06 02:10:56.418 10 INFO neutron.wsgi [None req-fdf0957d-1f7a-42ad-a596-9b4e4b843e00 2e4a36b2e7ce4b468af7faf9bfc3156a 0f7083d820204f31826693428e1aad01 - - default default] 10.0.0.120 "DELETE /v2.0/security-groups/b0c05da1-2f21-48e1-b5c5-4964d62feca3 HTTP/1.1" status: 204 len: 168 time: 0.3917866
2026-08-06 02:10:56.446 10 INFO neutron.wsgi [req-79b47ace-2388-4462-870d-70d559d0f248 req-a765a109-c779-456d-ab03-88d8fcbd4ed9 123a2441c5f2463da513ffaba3348231 29dce264b30a46a0869abeb9578a6d05 - - fab790142a074d2e87ad130527d97ec0 fab790142a074d2e87ad130527d97ec0] 199.204.45.210 "GET /v2.0/subnets?id=74721ed6-61d9-4060-9e8f-69363bf48187 HTTP/1.1" status: 200 len: 876 time: 0.0490873
2026-08-06 02:10:56.477 9 INFO neutron.services.segments.plugin [-] Segment 8855a83e-b2a1-444e-8990-d7d33013705d resource provider aggregate not found
2026-08-06 02:10:56.483 9 INFO neutron.services.segments.plugin [-] Segment 8855a83e-b2a1-444e-8990-d7d33013705d resource provider aggregate not found
2026-08-06 02:10:56.492 10 INFO neutron.wsgi [req-79b47ace-2388-4462-870d-70d559d0f248 req-aa038659-5cae-4717-bf7a-8edd68a5ca7c 123a2441c5f2463da513ffaba3348231 29dce264b30a46a0869abeb9578a6d05 - - fab790142a074d2e87ad130527d97ec0 fab790142a074d2e87ad130527d97ec0] 199.204.45.210 "GET /v2.0/ports?network_id=18c1bed0-bd27-4c9a-b0eb-4c79e195d6f5&device_owner=network%3Adhcp HTTP/1.1" status: 200 len: 210 time: 0.0263278
2026-08-06 02:10:56.510 9 INFO neutron.services.segments.plugin [-] Segment 8855a83e-b2a1-444e-8990-d7d33013705d resource provider not found; error: Placement Client Error (4xx): {"errors": [{"status": 404, "title": "Not Found", "detail": "The resource could not be found.\n\n No resource provider with uuid 8855a83e-b2a1-444e-8990-d7d33013705d found for delete ", "request_id": "req-4fe9443b-f085-421b-9d37-6fc968e9f57c"}]}
2026-08-06 02:10:56.513 9 INFO neutron.services.segments.plugin [-] Segment 8855a83e-b2a1-444e-8990-d7d33013705d resource provider not found; error: Placement Client Error (4xx): {"errors": [{"status": 404, "title": "Not Found", "detail": "The resource could not be found.\n\n No resource provider with uuid 8855a83e-b2a1-444e-8990-d7d33013705d found for delete ", "request_id": "req-c08d27c5-0f89-4ee4-872c-5d18dc2f2689"}]}
2026-08-06 02:10:56.600 10 INFO neutron.wsgi [req-79b47ace-2388-4462-870d-70d559d0f248 req-c8ece800-6a15-43cc-b8c1-29e9ad7ffca1 123a2441c5f2463da513ffaba3348231 29dce264b30a46a0869abeb9578a6d05 - - fab790142a074d2e87ad130527d97ec0 fab790142a074d2e87ad130527d97ec0] 199.204.45.210 "GET /v2.0/networks/18c1bed0-bd27-4c9a-b0eb-4c79e195d6f5?fields=segments HTTP/1.1" status: 200 len: 212 time: 0.1006887
2026-08-06 02:10:56.716 10 INFO neutron.wsgi [req-79b47ace-2388-4462-870d-70d559d0f248 req-c089cd7a-38ae-4e87-8752-5c2ccb604279 123a2441c5f2463da513ffaba3348231 29dce264b30a46a0869abeb9578a6d05 - - fab790142a074d2e87ad130527d97ec0 fab790142a074d2e87ad130527d97ec0] 199.204.45.210 "GET /v2.0/networks/18c1bed0-bd27-4c9a-b0eb-4c79e195d6f5?fields=provider%3Aphysical_network&fields=provider%3Anetwork_type HTTP/1.1" status: 200 len: 277 time: 0.1037321
2026-08-06 02:10:56.808 10 INFO neutron.wsgi [None req-2f847d2f-1230-46b8-b8f0-a78ea9017d4c 2e4a36b2e7ce4b468af7faf9bfc3156a 0f7083d820204f31826693428e1aad01 - - default default] 10.0.0.120 "DELETE /v2.0/networks/4f387f7c-b75a-42ca-8295-0d851ae583f5 HTTP/1.1" status: 204 len: 168 time: 0.5561402
2026-08-06 02:10:56.830 9 INFO neutron.wsgi [req-bf4a87ba-72dc-42b1-9bbd-500e3dce91eb req-066f3a58-630b-4d48-8177-5114dad742de 57cbe146d5164e28955722077d25ce8c 5854e022fc744390aa618c8c42c07ea1 - - default default] 10.0.0.189 "GET /v2.0/ports?device_id=0ce9f996-f6cf-4ef2-8852-05ef323798c7 HTTP/1.1" status: 200 len: 1172 time: 0.0502729
2026-08-06 02:10:56.888 9 INFO neutron.wsgi [req-bf4a87ba-72dc-42b1-9bbd-500e3dce91eb req-b3750ec5-2e60-4bcf-ac95-b80fc14dda97 57cbe146d5164e28955722077d25ce8c 5854e022fc744390aa618c8c42c07ea1 - - default default] 10.0.0.189 "GET /v2.0/security-groups?id=c26af22a-3847-4275-9cf0-0912e2bf69a5&fields=id&fields=name HTTP/1.1" status: 200 len: 313 time: 0.0482550
2026-08-06 02:10:57.198 9 INFO neutron.wsgi [None req-7ae4ce2c-6557-462b-a13a-8184efe49e36 2e4a36b2e7ce4b468af7faf9bfc3156a 0f7083d820204f31826693428e1aad01 - - default default] 10.0.0.120 "GET /v2.0/security-groups?tenant_id=1488f3bd1d17422bb45a5e78e76e472c&name=default HTTP/1.1" status: 200 len: 2992 time: 0.0546362
2026-08-06 02:10:57.381 10 INFO neutron.services.segments.plugin [-] Segment 361e6e25-fc13-40c5-a001-eae45d5aa4f6 resource provider aggregate not found
2026-08-06 02:10:57.408 10 INFO neutron.services.segments.plugin [-] Segment 361e6e25-fc13-40c5-a001-eae45d5aa4f6 resource provider not found; error: Placement Client Error (4xx): {"errors": [{"status": 404, "title": "Not Found", "detail": "The resource could not be found.\n\n No resource provider with uuid 361e6e25-fc13-40c5-a001-eae45d5aa4f6 found for delete ", "request_id": "req-a6e40bd1-a3e4-45a0-a645-e98703af2ab3"}]}
2026-08-06 02:10:57.425 10 INFO neutron.services.segments.plugin [-] Segment 361e6e25-fc13-40c5-a001-eae45d5aa4f6 resource provider aggregate not found
2026-08-06 02:10:57.446 10 INFO neutron.services.segments.plugin [-] Segment 361e6e25-fc13-40c5-a001-eae45d5aa4f6 resource provider not found; error: Placement Client Error (4xx): {"errors": [{"status": 404, "title": "Not Found", "detail": "The resource could not be found.\n\n No resource provider with uuid 361e6e25-fc13-40c5-a001-eae45d5aa4f6 found for delete ", "request_id": "req-58cea444-fbe0-4207-9ebc-dc381648103c"}]}
2026-08-06 02:10:57.457 10 INFO neutron.wsgi [None req-06f38ee8-ac02-4172-9fa2-e4a88d1b301e 2e4a36b2e7ce4b468af7faf9bfc3156a 0f7083d820204f31826693428e1aad01 - - default default] 10.0.0.120 "DELETE /v2.0/security-groups/e0725158-759f-42b6-bc67-ac816c3c0064 HTTP/1.1" status: 204 len: 168 time: 0.2525735
2026-08-06 02:10:57.574 10 INFO neutron.db.ovn_revision_numbers_db [None req-69ea0831-1cfa-483a-a82a-48446fe6c449 2e4a36b2e7ce4b468af7faf9bfc3156a 0f7083d820204f31826693428e1aad01 - - default default] Successfully bumped revision number for resource 4bdbf7ae-4ac2-4686-9283-7befc6357d49 (type: security_groups) to 1
2026-08-06 02:10:57.587 10 INFO neutron.db.ovn_revision_numbers_db [None req-69ea0831-1cfa-483a-a82a-48446fe6c449 2e4a36b2e7ce4b468af7faf9bfc3156a 0f7083d820204f31826693428e1aad01 - - default default] Successfully bumped revision number for resource 1d8dc782-14d7-48cf-bd1d-2085846802e7 (type: security_group_rules) to 0
2026-08-06 02:10:57.611 10 INFO neutron.db.ovn_revision_numbers_db [None req-69ea0831-1cfa-483a-a82a-48446fe6c449 2e4a36b2e7ce4b468af7faf9bfc3156a 0f7083d820204f31826693428e1aad01 - - default default] Successfully bumped revision number for resource 1dd31966-df07-4369-a930-913756166941 (type: security_group_rules) to 0
2026-08-06 02:10:57.628 10 INFO neutron.db.ovn_revision_numbers_db [None req-69ea0831-1cfa-483a-a82a-48446fe6c449 2e4a36b2e7ce4b468af7faf9bfc3156a 0f7083d820204f31826693428e1aad01 - - default default] Successfully bumped revision number for resource 3a0166d6-2de0-4381-8a5c-bc649428ce57 (type: security_group_rules) to 0
2026-08-06 02:10:57.644 10 INFO neutron.db.ovn_revision_numbers_db [None req-69ea0831-1cfa-483a-a82a-48446fe6c449 2e4a36b2e7ce4b468af7faf9bfc3156a 0f7083d820204f31826693428e1aad01 - - default default] Successfully bumped revision number for resource 6e54e799-6a0e-4f8f-b4fb-75ddcf76acec (type: security_group_rules) to 0
2026-08-06 02:10:57.667 10 INFO neutron.wsgi [None req-69ea0831-1cfa-483a-a82a-48446fe6c449 2e4a36b2e7ce4b468af7faf9bfc3156a 0f7083d820204f31826693428e1aad01 - - default default] 10.0.0.120 "GET /v2.0/security-groups?tenant_id=482d0f2325054030b6f2317cf4f8b66e&name=default HTTP/1.1" status: 200 len: 2996 time: 0.2634091
2026-08-06 02:10:57.847 10 INFO neutron.wsgi [None req-d01ce6fa-4c5f-4e25-a2ac-2b090acd0d06 2e4a36b2e7ce4b468af7faf9bfc3156a 0f7083d820204f31826693428e1aad01 - - default default] 10.0.0.120 "DELETE /v2.0/security-groups/4bdbf7ae-4ac2-4686-9283-7befc6357d49 HTTP/1.1" status: 204 len: 168 time: 0.1755164
2026-08-06 02:10:58.005 9 INFO neutron.wsgi [req-fc6ebc82-96ba-49d1-ab04-fafa345d1521 req-e964cc32-00ca-407b-9ff2-e7ad90b3e1ed 57cbe146d5164e28955722077d25ce8c 5854e022fc744390aa618c8c42c07ea1 - - default default] 10.0.0.189 "GET /v2.0/ports?device_id=0ce9f996-f6cf-4ef2-8852-05ef323798c7 HTTP/1.1" status: 200 len: 1172 time: 0.0435722
2026-08-06 02:10:58.047 9 INFO neutron.wsgi [req-fc6ebc82-96ba-49d1-ab04-fafa345d1521 req-2e41bb1d-fcf5-4b74-ac72-46025e4384b2 57cbe146d5164e28955722077d25ce8c 5854e022fc744390aa618c8c42c07ea1 - - default default] 10.0.0.189 "GET /v2.0/security-groups?id=c26af22a-3847-4275-9cf0-0912e2bf69a5&fields=id&fields=name HTTP/1.1" status: 200 len: 313 time: 0.0339100
2026-08-06 02:10:58.084 10 INFO neutron.db.ovn_revision_numbers_db [None req-61585bd3-e2de-4e99-b4bf-3cd89e993cf6 2e4a36b2e7ce4b468af7faf9bfc3156a 0f7083d820204f31826693428e1aad01 - - default default] Successfully bumped revision number for resource 1e6aa5f9-7b41-404e-9de9-4b4f27755fc4 (type: security_groups) to 1
2026-08-06 02:10:58.101 10 INFO neutron.db.ovn_revision_numbers_db [None req-61585bd3-e2de-4e99-b4bf-3cd89e993cf6 2e4a36b2e7ce4b468af7faf9bfc3156a 0f7083d820204f31826693428e1aad01 - - default default] Successfully bumped revision number for resource 353d4735-0560-43f3-b07e-7b4404fa8e8b (type: security_group_rules) to 0
2026-08-06 02:10:58.123 10 INFO neutron.db.ovn_revision_numbers_db [None req-61585bd3-e2de-4e99-b4bf-3cd89e993cf6 2e4a36b2e7ce4b468af7faf9bfc3156a 0f7083d820204f31826693428e1aad01 - - default default] Successfully bumped revision number for resource 6f16307f-479b-4bf9-bf6c-566f1c39d7cb (type: security_group_rules) to 0
2026-08-06 02:10:58.141 10 INFO neutron.db.ovn_revision_numbers_db [None req-61585bd3-e2de-4e99-b4bf-3cd89e993cf6 2e4a36b2e7ce4b468af7faf9bfc3156a 0f7083d820204f31826693428e1aad01 - - default default] Successfully bumped revision number for resource cf0fef02-df1d-4c2e-ae16-2434468e7d77 (type: security_group_rules) to 0
2026-08-06 02:10:58.154 10 INFO neutron.db.ovn_revision_numbers_db [None req-61585bd3-e2de-4e99-b4bf-3cd89e993cf6 2e4a36b2e7ce4b468af7faf9bfc3156a 0f7083d820204f31826693428e1aad01 - - default default] Successfully bumped revision number for resource f8e993eb-cdf4-4b7b-ae8f-93ce3cd929d2 (type: security_group_rules) to 0
2026-08-06 02:10:58.181 10 INFO neutron.wsgi [None req-61585bd3-e2de-4e99-b4bf-3cd89e993cf6 2e4a36b2e7ce4b468af7faf9bfc3156a 0f7083d820204f31826693428e1aad01 - - default default] 10.0.0.120 "GET /v2.0/security-groups?tenant_id=9b0f2328f04d4deb9c7e4b0663161a1a&name=default HTTP/1.1" status: 200 len: 2996 time: 0.2003462
2026-08-06 02:10:58.380 10 INFO neutron.wsgi [None req-6f3ef60c-dc88-4496-bf5f-ddd48fded38c 2e4a36b2e7ce4b468af7faf9bfc3156a 0f7083d820204f31826693428e1aad01 - - default default] 10.0.0.120 "DELETE /v2.0/security-groups/1e6aa5f9-7b41-404e-9de9-4b4f27755fc4 HTTP/1.1" status: 204 len: 168 time: 0.1934803
2026-08-06 02:10:58.810 9 INFO neutron.plugins.ml2.drivers.ovn.mech_driver.mech_driver [None req-e803c85a-817a-496a-8cdb-88b25cf88c07 - - - - - -] OVN reports status up for port: 1c3027eb-90b9-467f-ba6f-7f4e1f5cbc9c
2026-08-06 02:10:58.827 9 INFO neutron.plugins.ml2.plugin [None req-e803c85a-817a-496a-8cdb-88b25cf88c07 - - - - - -] Attempt 1 to provision port 1c3027eb-90b9-467f-ba6f-7f4e1f5cbc9c
2026-08-06 02:10:58.886 9 INFO neutron.db.ovn_revision_numbers_db [None req-cc8119d9-c803-4272-bed7-0d087a72389d 2e4a36b2e7ce4b468af7faf9bfc3156a 0f7083d820204f31826693428e1aad01 - - default default] Successfully bumped revision number for resource 0f7ee6fb-00e3-48cf-9ae2-617b495630b1 (type: security_groups) to 1
2026-08-06 02:10:58.909 9 INFO neutron.db.ovn_revision_numbers_db [None req-cc8119d9-c803-4272-bed7-0d087a72389d 2e4a36b2e7ce4b468af7faf9bfc3156a 0f7083d820204f31826693428e1aad01 - - default default] Successfully bumped revision number for resource 50179fca-2322-4ffd-a297-9387c7b567b1 (type: security_group_rules) to 0
2026-08-06 02:10:58.927 9 INFO neutron.db.ovn_revision_numbers_db [None req-cc8119d9-c803-4272-bed7-0d087a72389d 2e4a36b2e7ce4b468af7faf9bfc3156a 0f7083d820204f31826693428e1aad01 - - default default] Successfully bumped revision number for resource 75355150-5843-403f-8b89-78d238464b21 (type: security_group_rules) to 0
2026-08-06 02:10:58.960 9 INFO neutron.db.ovn_revision_numbers_db [None req-cc8119d9-c803-4272-bed7-0d087a72389d 2e4a36b2e7ce4b468af7faf9bfc3156a 0f7083d820204f31826693428e1aad01 - - default default] Successfully bumped revision number for resource ad5aef46-4ce3-4404-9092-14e0485184ae (type: security_group_rules) to 0
2026-08-06 02:10:59.001 9 INFO neutron.db.ovn_revision_numbers_db [None req-cc8119d9-c803-4272-bed7-0d087a72389d 2e4a36b2e7ce4b468af7faf9bfc3156a 0f7083d820204f31826693428e1aad01 - - default default] Successfully bumped revision number for resource c9cde23f-7a1d-4a18-ae3a-e9c3acad722d (type: security_group_rules) to 0
2026-08-06 02:10:59.063 9 INFO neutron.db.segments_db [None req-cc8119d9-c803-4272-bed7-0d087a72389d 2e4a36b2e7ce4b468af7faf9bfc3156a 0f7083d820204f31826693428e1aad01 - - default default] Added segment 78786866-be39-45bd-b746-80d167d54e14 of type geneve for network eca820a1-03e7-4341-b3a2-fc693b12ad9a
2026-08-06 02:10:59.242 9 INFO neutron.wsgi [req-1ccf22e7-9a41-4f2d-bb17-7c94a0013e4a req-c93c6de9-0026-4dcc-84e6-ef7e6cf59698 57cbe146d5164e28955722077d25ce8c 5854e022fc744390aa618c8c42c07ea1 - - default default] 10.0.0.189 "GET /v2.0/ports?device_id=0ce9f996-f6cf-4ef2-8852-05ef323798c7 HTTP/1.1" status: 200 len: 1174 time: 0.0855746
2026-08-06 02:10:59.253 10 WARNING neutron.plugins.ml2.drivers.ovn.mech_driver.ovsdb.ovn_client [None req-91a3dc40-28aa-4ca6-ad5c-ecbb71fb7f26 - - - - - -] No port found with ID 27312d73-39b5-45aa-9223-dfe6fdfbf8e5: RuntimeError: No port found with ID 27312d73-39b5-45aa-9223-dfe6fdfbf8e5
2026-08-06 02:10:59.261 9 INFO neutron.db.ovn_revision_numbers_db [None req-e803c85a-817a-496a-8cdb-88b25cf88c07 - - - - - -] Successfully bumped revision number for resource 1c3027eb-90b9-467f-ba6f-7f4e1f5cbc9c (type: ports) to 4
2026-08-06 02:10:59.337 9 INFO neutron.wsgi [req-1ccf22e7-9a41-4f2d-bb17-7c94a0013e4a req-b01eaece-3e47-40b0-aaf0-c31278323884 57cbe146d5164e28955722077d25ce8c 5854e022fc744390aa618c8c42c07ea1 - - default default] 10.0.0.189 "GET /v2.0/security-groups?id=c26af22a-3847-4275-9cf0-0912e2bf69a5&fields=id&fields=name HTTP/1.1" status: 200 len: 313 time: 0.0854247
2026-08-06 02:10:59.365 9 INFO neutron.db.ovn_revision_numbers_db [None req-cc8119d9-c803-4272-bed7-0d087a72389d 2e4a36b2e7ce4b468af7faf9bfc3156a 0f7083d820204f31826693428e1aad01 - - default default] Successfully bumped revision number for resource eca820a1-03e7-4341-b3a2-fc693b12ad9a (type: networks) to 1
2026-08-06 02:10:59.489 10 INFO neutron.db.ovn_revision_numbers_db [None req-3da71534-7dcd-4b8d-bfa6-bbebbab0cd5b 2e4a36b2e7ce4b468af7faf9bfc3156a 0f7083d820204f31826693428e1aad01 - - default default] Successfully bumped revision number for resource b4d6cab0-ca6e-4d00-9281-cc69bb5aa66a (type: security_groups) to 1
2026-08-06 02:10:59.510 10 INFO neutron.db.ovn_revision_numbers_db [None req-3da71534-7dcd-4b8d-bfa6-bbebbab0cd5b 2e4a36b2e7ce4b468af7faf9bfc3156a 0f7083d820204f31826693428e1aad01 - - default default] Successfully bumped revision number for resource 4b8e1af2-cf4d-4925-aebb-f5dbacd3ad1a (type: security_group_rules) to 0
2026-08-06 02:10:59.525 10 INFO neutron.db.ovn_revision_numbers_db [None req-3da71534-7dcd-4b8d-bfa6-bbebbab0cd5b 2e4a36b2e7ce4b468af7faf9bfc3156a 0f7083d820204f31826693428e1aad01 - - default default] Successfully bumped revision number for resource 6e55c0c3-e857-45a8-a939-ce7b3437386e (type: security_group_rules) to 0
2026-08-06 02:10:59.542 10 INFO neutron.db.ovn_revision_numbers_db [None req-3da71534-7dcd-4b8d-bfa6-bbebbab0cd5b 2e4a36b2e7ce4b468af7faf9bfc3156a 0f7083d820204f31826693428e1aad01 - - default default] Successfully bumped revision number for resource 8830e3b4-f13a-42f2-9ad8-d0f8d3e8f5c3 (type: security_group_rules) to 0
2026-08-06 02:10:59.567 9 WARNING neutron.scheduler.dhcp_agent_scheduler [None req-cc8119d9-c803-4272-bed7-0d087a72389d 2e4a36b2e7ce4b468af7faf9bfc3156a 0f7083d820204f31826693428e1aad01 - - default default] No more DHCP agents
2026-08-06 02:10:59.574 9 WARNING neutron.api.rpc.agentnotifiers.dhcp_rpc_agent_api [None req-cc8119d9-c803-4272-bed7-0d087a72389d 2e4a36b2e7ce4b468af7faf9bfc3156a 0f7083d820204f31826693428e1aad01 - - default default] Unable to schedule network eca820a1-03e7-4341-b3a2-fc693b12ad9a: no agents available; will retry on subsequent port and subnet creation events.
2026-08-06 02:10:59.581 10 INFO neutron.db.ovn_revision_numbers_db [None req-3da71534-7dcd-4b8d-bfa6-bbebbab0cd5b 2e4a36b2e7ce4b468af7faf9bfc3156a 0f7083d820204f31826693428e1aad01 - - default default] Successfully bumped revision number for resource ea04c71e-6506-4404-b021-a45eb1e702d3 (type: security_group_rules) to 0
2026-08-06 02:10:59.633 10 INFO neutron.db.segments_db [None req-3da71534-7dcd-4b8d-bfa6-bbebbab0cd5b 2e4a36b2e7ce4b468af7faf9bfc3156a 0f7083d820204f31826693428e1aad01 - - default default] Added segment 459981ef-f774-431e-9433-8ebf7ad3afdd of type geneve for network e85834e3-adda-47ac-89c8-2bde6dacf5e6
2026-08-06 02:10:59.638 9 INFO neutron.notifiers.nova [-] Nova event matching ['req-5498c2f9-5524-40cf-9ffc-a666ada9147e'] response: {'server_uuid': '0ce9f996-f6cf-4ef2-8852-05ef323798c7', 'name': 'network-vif-plugged', 'status': 'completed', 'tag': '1c3027eb-90b9-467f-ba6f-7f4e1f5cbc9c', 'code': 200}
2026-08-06 02:10:59.697 9 INFO neutron.db.ovn_revision_numbers_db [None req-cc8119d9-c803-4272-bed7-0d087a72389d 2e4a36b2e7ce4b468af7faf9bfc3156a 0f7083d820204f31826693428e1aad01 - - default default] Successfully bumped revision number for resource f787c080-6381-4a8a-b8b7-f8cfe532e0a7 (type: ports) to 1
2026-08-06 02:10:59.769 9 INFO neutron.wsgi [None req-cc8119d9-c803-4272-bed7-0d087a72389d 2e4a36b2e7ce4b468af7faf9bfc3156a 0f7083d820204f31826693428e1aad01 - - default default] 10.0.0.120 "POST /v2.0/networks HTTP/1.1" status: 201 len: 946 time: 1.3252938 /var/lib/openstack/lib/python3.10/site-packages/pycadf/identifier.py:71: UserWarning: Invalid uuid: neutron. To ensure interoperability, identifiers should be a valid uuid. warnings.warn(('Invalid uuid: %s. To ensure interoperability, '
2026-08-06 02:10:59.838 10 INFO neutron.db.ovn_revision_numbers_db [None req-3da71534-7dcd-4b8d-bfa6-bbebbab0cd5b 2e4a36b2e7ce4b468af7faf9bfc3156a 0f7083d820204f31826693428e1aad01 - - default default] Successfully bumped revision number for resource e85834e3-adda-47ac-89c8-2bde6dacf5e6 (type: networks) to 1
2026-08-06 02:10:59.984 9 WARNING neutron.scheduler.dhcp_agent_scheduler [None req-d6706167-47a8-45ac-9cde-e830014f2702 2e4a36b2e7ce4b468af7faf9bfc3156a 0f7083d820204f31826693428e1aad01 - - default default] No more DHCP agents
2026-08-06 02:10:59.986 9 WARNING neutron.api.rpc.agentnotifiers.dhcp_rpc_agent_api [None req-d6706167-47a8-45ac-9cde-e830014f2702 2e4a36b2e7ce4b468af7faf9bfc3156a 0f7083d820204f31826693428e1aad01 - - default default] Unable to schedule network eca820a1-03e7-4341-b3a2-fc693b12ad9a: no agents available; will retry on subsequent port and subnet creation events.
2026-08-06 02:11:00.070 10 WARNING neutron.scheduler.dhcp_agent_scheduler [None req-3da71534-7dcd-4b8d-bfa6-bbebbab0cd5b 2e4a36b2e7ce4b468af7faf9bfc3156a 0f7083d820204f31826693428e1aad01 - - default default] No more DHCP agents
2026-08-06 02:11:00.072 10 WARNING neutron.api.rpc.agentnotifiers.dhcp_rpc_agent_api [None req-3da71534-7dcd-4b8d-bfa6-bbebbab0cd5b 2e4a36b2e7ce4b468af7faf9bfc3156a 0f7083d820204f31826693428e1aad01 - - default default] Unable to schedule network e85834e3-adda-47ac-89c8-2bde6dacf5e6: no agents available; will retry on subsequent port and subnet creation events.
2026-08-06 02:11:00.213 10 INFO neutron.db.ovn_revision_numbers_db [None req-3da71534-7dcd-4b8d-bfa6-bbebbab0cd5b 2e4a36b2e7ce4b468af7faf9bfc3156a 0f7083d820204f31826693428e1aad01 - - default default] Successfully bumped revision number for resource 6f1a06b4-72ae-4ac0-a527-643cf6ae1387 (type: ports) to 1
2026-08-06 02:11:00.262 10 INFO neutron.wsgi [None req-3da71534-7dcd-4b8d-bfa6-bbebbab0cd5b 2e4a36b2e7ce4b468af7faf9bfc3156a 0f7083d820204f31826693428e1aad01 - - default default] 10.0.0.120 "POST /v2.0/networks HTTP/1.1" status: 201 len: 949 time: 1.0796719
2026-08-06 02:11:00.441 10 WARNING neutron.scheduler.dhcp_agent_scheduler [None req-79198926-186b-4413-8d68-82f3afd9a39a 2e4a36b2e7ce4b468af7faf9bfc3156a 0f7083d820204f31826693428e1aad01 - - default default] No more DHCP agents
2026-08-06 02:11:00.444 10 WARNING neutron.api.rpc.agentnotifiers.dhcp_rpc_agent_api [None req-79198926-186b-4413-8d68-82f3afd9a39a 2e4a36b2e7ce4b468af7faf9bfc3156a 0f7083d820204f31826693428e1aad01 - - default default] Unable to schedule network e85834e3-adda-47ac-89c8-2bde6dacf5e6: no agents available; will retry on subsequent port and subnet creation events.
2026-08-06 02:11:00.467 9 INFO neutron.wsgi [req-c4ea7e90-7800-4074-8849-671302154e22 req-6898c961-2b7a-4e38-a61a-fb90009b940e 57cbe146d5164e28955722077d25ce8c 5854e022fc744390aa618c8c42c07ea1 - - default default] 10.0.0.189 "GET /v2.0/ports?device_id=0ce9f996-f6cf-4ef2-8852-05ef323798c7 HTTP/1.1" status: 200 len: 1174 time: 0.0511098
2026-08-06 02:11:00.542 9 INFO neutron.wsgi [req-c4ea7e90-7800-4074-8849-671302154e22 req-bc935f03-f0e2-4a23-9439-f5f001b8e8a9 57cbe146d5164e28955722077d25ce8c 5854e022fc744390aa618c8c42c07ea1 - - default default] 10.0.0.189 "GET /v2.0/security-groups?id=c26af22a-3847-4275-9cf0-0912e2bf69a5&fields=id&fields=name HTTP/1.1" status: 200 len: 313 time: 0.0654635
2026-08-06 02:11:00.607 9 INFO neutron.db.ovn_revision_numbers_db [None req-d6706167-47a8-45ac-9cde-e830014f2702 2e4a36b2e7ce4b468af7faf9bfc3156a 0f7083d820204f31826693428e1aad01 - - default default] Successfully bumped revision number for resource f787c080-6381-4a8a-b8b7-f8cfe532e0a7 (type: ports) to 2
2026-08-06 02:11:00.681 9 INFO neutron.db.ovn_revision_numbers_db [None req-d6706167-47a8-45ac-9cde-e830014f2702 2e4a36b2e7ce4b468af7faf9bfc3156a 0f7083d820204f31826693428e1aad01 - - default default] Successfully bumped revision number for resource f90daf88-a601-46b3-a638-3c3bc0703ff5 (type: subnets) to 0
2026-08-06 02:11:00.704 9 INFO neutron.wsgi [None req-d6706167-47a8-45ac-9cde-e830014f2702 2e4a36b2e7ce4b468af7faf9bfc3156a 0f7083d820204f31826693428e1aad01 - - default default] 10.0.0.120 "POST /v2.0/subnets HTTP/1.1" status: 201 len: 866 time: 0.9218135
2026-08-06 02:11:00.745 9 INFO neutron.wsgi [req-3511e930-aacc-4de5-b64c-9348bc058bee req-68ff8520-9ed6-4b0e-aefb-7894a008f9b8 57cbe146d5164e28955722077d25ce8c 5854e022fc744390aa618c8c42c07ea1 - - default default] 10.0.0.189 "GET /v2.0/ports?device_id=0ce9f996-f6cf-4ef2-8852-05ef323798c7 HTTP/1.1" status: 200 len: 1174 time: 0.1070943
2026-08-06 02:11:01.283 9 WARNING neutron.scheduler.dhcp_agent_scheduler [None req-8fd3d977-1782-40c6-80d1-83d887ebb2a1 2e4a36b2e7ce4b468af7faf9bfc3156a 0f7083d820204f31826693428e1aad01 - - default default] No more DHCP agents
2026-08-06 02:11:01.289 10 INFO neutron.db.l3_db [None req-f9c7c8ca-9b42-4e21-a4f7-c5cc8f46f642 57cbe146d5164e28955722077d25ce8c 5854e022fc744390aa618c8c42c07ea1 - - default default] Floating IP 3f4b2a6d-debc-43de-8b7b-b7d4eb4e38cf associated. External IP: 10.96.250.202, port: 1c3027eb-90b9-467f-ba6f-7f4e1f5cbc9c.
2026-08-06 02:11:01.294 10 INFO neutron.db.ovn_revision_numbers_db [None req-79198926-186b-4413-8d68-82f3afd9a39a 2e4a36b2e7ce4b468af7faf9bfc3156a 0f7083d820204f31826693428e1aad01 - - default default] Successfully bumped revision number for resource 6f1a06b4-72ae-4ac0-a527-643cf6ae1387 (type: ports) to 2
2026-08-06 02:11:01.294 9 WARNING neutron.api.rpc.agentnotifiers.dhcp_rpc_agent_api [None req-8fd3d977-1782-40c6-80d1-83d887ebb2a1 2e4a36b2e7ce4b468af7faf9bfc3156a 0f7083d820204f31826693428e1aad01 - - default default] Unable to schedule network c1718552-acc5-4458-8d8d-985543294dc5: no agents available; will retry on subsequent port and subnet creation events.
2026-08-06 02:11:01.377 10 INFO neutron.db.ovn_revision_numbers_db [None req-79198926-186b-4413-8d68-82f3afd9a39a 2e4a36b2e7ce4b468af7faf9bfc3156a 0f7083d820204f31826693428e1aad01 - - default default] Successfully bumped revision number for resource 8221b755-59ae-417b-ae95-7ccee256b284 (type: subnets) to 0
2026-08-06 02:11:01.386 10 INFO neutron.db.ovn_revision_numbers_db [None req-f850d053-c5e4-48d2-bf3f-68c96ef541ab 2e4a36b2e7ce4b468af7faf9bfc3156a 0f7083d820204f31826693428e1aad01 - - default default] Successfully bumped revision number for resource 71463f1a-8859-404a-8b98-ced207910dc9 (type: security_groups) to 1
2026-08-06 02:11:01.407 10 INFO neutron.wsgi [None req-79198926-186b-4413-8d68-82f3afd9a39a 2e4a36b2e7ce4b468af7faf9bfc3156a 0f7083d820204f31826693428e1aad01 - - default default] 10.0.0.120 "POST /v2.0/subnets HTTP/1.1" status: 201 len: 869 time: 1.1391513
2026-08-06 02:11:01.436 10 INFO neutron.db.ovn_revision_numbers_db [None req-f850d053-c5e4-48d2-bf3f-68c96ef541ab 2e4a36b2e7ce4b468af7faf9bfc3156a 0f7083d820204f31826693428e1aad01 - - default default] Successfully bumped revision number for resource 76003d02-bdbd-43a3-888e-d4f5442e8ce7 (type: security_group_rules) to 0
2026-08-06 02:11:01.454 9 INFO neutron.db.ovn_revision_numbers_db [None req-8fd3d977-1782-40c6-80d1-83d887ebb2a1 2e4a36b2e7ce4b468af7faf9bfc3156a 0f7083d820204f31826693428e1aad01 - - default default] Successfully bumped revision number for resource 9752c07b-57a8-4782-8ac7-f1d19ee64b22 (type: ports) to 1
2026-08-06 02:11:01.459 10 INFO neutron.db.ovn_revision_numbers_db [None req-f850d053-c5e4-48d2-bf3f-68c96ef541ab 2e4a36b2e7ce4b468af7faf9bfc3156a 0f7083d820204f31826693428e1aad01 - - default default] Successfully bumped revision number for resource 7e3b0488-16e7-433c-b882-6535e8222cc6 (type: security_group_rules) to 0
2026-08-06 02:11:01.507 10 INFO neutron.db.ovn_revision_numbers_db [None req-f850d053-c5e4-48d2-bf3f-68c96ef541ab 2e4a36b2e7ce4b468af7faf9bfc3156a 0f7083d820204f31826693428e1aad01 - - default default] Successfully bumped revision number for resource 8cdf256b-855f-427b-a65f-2e421bbd2e4a (type: security_group_rules) to 0
2026-08-06 02:11:01.538 10 INFO neutron.db.ovn_revision_numbers_db [None req-f850d053-c5e4-48d2-bf3f-68c96ef541ab 2e4a36b2e7ce4b468af7faf9bfc3156a 0f7083d820204f31826693428e1aad01 - - default default] Successfully bumped revision number for resource e81446c6-b4d8-4d4a-a00d-8869e70cccef (type: security_group_rules) to 0
2026-08-06 02:11:01.609 10 INFO neutron.wsgi [None req-f850d053-c5e4-48d2-bf3f-68c96ef541ab 2e4a36b2e7ce4b468af7faf9bfc3156a 0f7083d820204f31826693428e1aad01 - - default default] 10.0.0.120 "GET /v2.0/security-groups?tenant_id=0bec1544718b4180842b5ee770f4ba0c&name=default HTTP/1.1" status: 200 len: 2996 time: 0.7242122 /var/lib/openstack/lib/python3.10/site-packages/pycadf/identifier.py:71: UserWarning: Invalid uuid: neutron. To ensure interoperability, identifiers should be a valid uuid. warnings.warn(('Invalid uuid: %s. To ensure interoperability, '
2026-08-06 02:11:01.640 10 INFO neutron.db.ovn_revision_numbers_db [None req-f9c7c8ca-9b42-4e21-a4f7-c5cc8f46f642 57cbe146d5164e28955722077d25ce8c 5854e022fc744390aa618c8c42c07ea1 - - default default] Successfully bumped revision number for resource 3f4b2a6d-debc-43de-8b7b-b7d4eb4e38cf (type: floatingips) to 1
2026-08-06 02:11:01.798 10 INFO neutron.db.ovn_revision_numbers_db [None req-f9c7c8ca-9b42-4e21-a4f7-c5cc8f46f642 57cbe146d5164e28955722077d25ce8c 5854e022fc744390aa618c8c42c07ea1 - - default default] Successfully bumped revision number for resource 3f4b2a6d-debc-43de-8b7b-b7d4eb4e38cf (type: floatingips) to 2
2026-08-06 02:11:01.841 10 INFO neutron.wsgi [None req-f9c7c8ca-9b42-4e21-a4f7-c5cc8f46f642 57cbe146d5164e28955722077d25ce8c 5854e022fc744390aa618c8c42c07ea1 - - default default] 10.0.0.120 "PUT /v2.0/floatingips/3f4b2a6d-debc-43de-8b7b-b7d4eb4e38cf HTTP/1.1" status: 200 len: 1050 time: 1.0836306
2026-08-06 02:11:01.867 9 INFO neutron.notifiers.nova [-] Nova event matching ['req-81ae293f-51f1-425c-acc8-7fde3a86ee3a'] response: {'server_uuid': '0ce9f996-f6cf-4ef2-8852-05ef323798c7', 'name': 'network-vif-plugged', 'status': 'completed', 'tag': '1c3027eb-90b9-467f-ba6f-7f4e1f5cbc9c', 'code': 200}
2026-08-06 02:11:01.890 10 INFO neutron.notifiers.nova [-] Nova event matching ['req-1d0a6440-2191-4d0f-b29c-59be1d82c77e'] response: {'name': 'network-changed', 'server_uuid': '0ce9f996-f6cf-4ef2-8852-05ef323798c7', 'tag': '1c3027eb-90b9-467f-ba6f-7f4e1f5cbc9c', 'status': 'completed', 'code': 200}
2026-08-06 02:11:01.953 10 INFO neutron.wsgi [req-818d8dc6-4bf1-4af4-87e7-8bbdb7f538ea req-a211a44d-53c5-4cc8-a3af-648178d1a3ea 123a2441c5f2463da513ffaba3348231 29dce264b30a46a0869abeb9578a6d05 - - fab790142a074d2e87ad130527d97ec0 fab790142a074d2e87ad130527d97ec0] 199.204.45.210 "GET /v2.0/ports?tenant_id=5854e022fc744390aa618c8c42c07ea1&device_id=0ce9f996-f6cf-4ef2-8852-05ef323798c7 HTTP/1.1" status: 200 len: 1413 time: 0.0467248
2026-08-06 02:11:01.955 9 INFO neutron.wsgi [req-cf148a9a-418b-49fe-bfad-fb2ded3ee4c5 req-a876ef5b-b4b8-4518-97d0-5e3661f085f8 57cbe146d5164e28955722077d25ce8c 5854e022fc744390aa618c8c42c07ea1 - - default default] 10.0.0.189 "GET /v2.0/ports?device_id=0ce9f996-f6cf-4ef2-8852-05ef323798c7 HTTP/1.1" status: 200 len: 1174 time: 0.0718467
2026-08-06 02:11:02.028 10 INFO neutron.wsgi [req-818d8dc6-4bf1-4af4-87e7-8bbdb7f538ea req-e6d8241e-b9d0-4bb9-9ada-ac3349b4da8e 123a2441c5f2463da513ffaba3348231 29dce264b30a46a0869abeb9578a6d05 - - fab790142a074d2e87ad130527d97ec0 fab790142a074d2e87ad130527d97ec0] 199.204.45.210 "GET /v2.0/networks?id=18c1bed0-bd27-4c9a-b0eb-4c79e195d6f5 HTTP/1.1" status: 200 len: 981 time: 0.0688262
2026-08-06 02:11:02.053 9 INFO neutron.wsgi [req-cf148a9a-418b-49fe-bfad-fb2ded3ee4c5 req-cb9dc3b1-c0da-48c9-a6b8-312ce68ed9c0 57cbe146d5164e28955722077d25ce8c 5854e022fc744390aa618c8c42c07ea1 - - default default] 10.0.0.189 "GET /v2.0/security-groups?id=c26af22a-3847-4275-9cf0-0912e2bf69a5&fields=id&fields=name HTTP/1.1" status: 200 len: 313 time: 0.0880334
2026-08-06 02:11:02.068 10 WARNING neutron.scheduler.dhcp_agent_scheduler [None req-7702eb1b-0fe2-47ed-ac6a-a6d6ad8091b7 2e4a36b2e7ce4b468af7faf9bfc3156a 0f7083d820204f31826693428e1aad01 - - default default] No more DHCP agents
2026-08-06 02:11:02.076 10 WARNING neutron.api.rpc.agentnotifiers.dhcp_rpc_agent_api [None req-7702eb1b-0fe2-47ed-ac6a-a6d6ad8091b7 2e4a36b2e7ce4b468af7faf9bfc3156a 0f7083d820204f31826693428e1aad01 - - default default] Unable to schedule network c1718552-acc5-4458-8d8d-985543294dc5: no agents available; will retry on subsequent port and subnet creation events.
2026-08-06 02:11:02.098 10 INFO neutron.wsgi [req-818d8dc6-4bf1-4af4-87e7-8bbdb7f538ea req-e23dd74f-6e9e-4d62-a248-7ed2f2db1fb1 123a2441c5f2463da513ffaba3348231 29dce264b30a46a0869abeb9578a6d05 - - fab790142a074d2e87ad130527d97ec0 fab790142a074d2e87ad130527d97ec0] 199.204.45.210 "GET /v2.0/floatingips?fixed_ip_address=10.100.0.13&port_id=1c3027eb-90b9-467f-ba6f-7f4e1f5cbc9c HTTP/1.1" status: 200 len: 1060 time: 0.0640287
2026-08-06 02:11:02.140 10 INFO neutron.wsgi [req-818d8dc6-4bf1-4af4-87e7-8bbdb7f538ea req-427401ae-4e15-4e6b-b641-de3200401f7b 123a2441c5f2463da513ffaba3348231 29dce264b30a46a0869abeb9578a6d05 - - fab790142a074d2e87ad130527d97ec0 fab790142a074d2e87ad130527d97ec0] 199.204.45.210 "GET /v2.0/subnets?id=74721ed6-61d9-4060-9e8f-69363bf48187 HTTP/1.1" status: 200 len: 876 time: 0.0354426
2026-08-06 02:11:02.167 9 INFO neutron.wsgi [None req-552cff60-376a-4447-95d4-481b3f8f8d91 2e4a36b2e7ce4b468af7faf9bfc3156a 0f7083d820204f31826693428e1aad01 - - default default] 10.0.0.120 "DELETE /v2.0/security-groups/71463f1a-8859-404a-8b98-ced207910dc9 HTTP/1.1" status: 204 len: 168 time: 0.5520918
2026-08-06 02:11:02.173 10 INFO neutron.wsgi [req-818d8dc6-4bf1-4af4-87e7-8bbdb7f538ea req-32a1632b-9bb2-4938-86ee-fc846ce14a24 123a2441c5f2463da513ffaba3348231 29dce264b30a46a0869abeb9578a6d05 - - fab790142a074d2e87ad130527d97ec0 fab790142a074d2e87ad130527d97ec0] 199.204.45.210 "GET /v2.0/ports?network_id=18c1bed0-bd27-4c9a-b0eb-4c79e195d6f5&device_owner=network%3Adhcp HTTP/1.1" status: 200 len: 210 time: 0.0238695
2026-08-06 02:11:02.287 10 INFO neutron.wsgi [req-818d8dc6-4bf1-4af4-87e7-8bbdb7f538ea req-ab0d0576-c393-4970-ab49-5b0c9df1a19c 123a2441c5f2463da513ffaba3348231 29dce264b30a46a0869abeb9578a6d05 - - fab790142a074d2e87ad130527d97ec0 fab790142a074d2e87ad130527d97ec0] 199.204.45.210 "GET /v2.0/networks/18c1bed0-bd27-4c9a-b0eb-4c79e195d6f5?fields=segments HTTP/1.1" status: 200 len: 212 time: 0.0985935
2026-08-06 02:11:02.348 10 INFO neutron.db.ovn_revision_numbers_db [None req-7702eb1b-0fe2-47ed-ac6a-a6d6ad8091b7 2e4a36b2e7ce4b468af7faf9bfc3156a 0f7083d820204f31826693428e1aad01 - - default default] Successfully bumped revision number for resource b5311c47-55f6-4894-92f2-d81cae081922 (type: ports) to 1
2026-08-06 02:11:02.380 9 INFO neutron.plugins.ml2.drivers.ovn.mech_driver.mech_driver [None req-e803c85a-817a-496a-8cdb-88b25cf88c07 - - - - - -] OVN reports status up for port: 9752c07b-57a8-4782-8ac7-f1d19ee64b22
