2026-08-06 02:14:40.697 9 INFO neutron.wsgi [req-b657b836-3245-4e2a-a8d7-fb72f3a6b61f req-b420068d-8f01-4b9a-8047-973b47c2716a 123a2441c5f2463da513ffaba3348231 29dce264b30a46a0869abeb9578a6d05 - - fab790142a074d2e87ad130527d97ec0 fab790142a074d2e87ad130527d97ec0] 199.204.45.210 "GET /v2.0/ports?tenant_id=6adfcdff34bf4af2b885205eda36064c&device_id=3fa7a729-a50f-4986-9975-b6d8a9d8ad01 HTTP/1.1" status: 200 len: 1411 time: 0.0400488
2026-08-06 02:14:40.725 9 INFO neutron.wsgi [req-b657b836-3245-4e2a-a8d7-fb72f3a6b61f req-0be3249a-84d6-4075-927a-a78d4e5794cd 123a2441c5f2463da513ffaba3348231 29dce264b30a46a0869abeb9578a6d05 - - fab790142a074d2e87ad130527d97ec0 fab790142a074d2e87ad130527d97ec0] 199.204.45.210 "GET /v2.0/floatingips?fixed_ip_address=10.100.0.14&port_id=d5a97e9f-a7fc-4e02-9cc6-1dc3aabf036e HTTP/1.1" status: 200 len: 217 time: 0.0213287
2026-08-06 02:14:40.762 9 INFO neutron.wsgi [req-b657b836-3245-4e2a-a8d7-fb72f3a6b61f req-5f933cab-26f0-4382-82ea-9dbc3f14ee59 123a2441c5f2463da513ffaba3348231 29dce264b30a46a0869abeb9578a6d05 - - fab790142a074d2e87ad130527d97ec0 fab790142a074d2e87ad130527d97ec0] 199.204.45.210 "GET /v2.0/subnets?id=9bfc468b-5d8b-4861-8e4f-3cb38d66b9fc HTTP/1.1" status: 200 len: 853 time: 0.0316167
2026-08-06 02:14:40.793 9 INFO neutron.wsgi [req-b657b836-3245-4e2a-a8d7-fb72f3a6b61f req-3b2c0b7b-5192-457e-adca-ecc0765abfaa 123a2441c5f2463da513ffaba3348231 29dce264b30a46a0869abeb9578a6d05 - - fab790142a074d2e87ad130527d97ec0 fab790142a074d2e87ad130527d97ec0] 199.204.45.210 "GET /v2.0/ports?network_id=bbc235d1-b3c2-453f-a52d-3d03dedfaa9a&device_owner=network%3Adhcp HTTP/1.1" status: 200 len: 210 time: 0.0236785
2026-08-06 02:14:40.877 9 INFO neutron.wsgi [req-b657b836-3245-4e2a-a8d7-fb72f3a6b61f req-88e52e19-c6bd-4bfe-b145-8a8481fc7b4b 123a2441c5f2463da513ffaba3348231 29dce264b30a46a0869abeb9578a6d05 - - fab790142a074d2e87ad130527d97ec0 fab790142a074d2e87ad130527d97ec0] 199.204.45.210 "GET /v2.0/networks/bbc235d1-b3c2-453f-a52d-3d03dedfaa9a?fields=segments HTTP/1.1" status: 200 len: 212 time: 0.0761163
2026-08-06 02:14:40.946 9 INFO neutron.wsgi [req-b657b836-3245-4e2a-a8d7-fb72f3a6b61f req-30d8915d-e38d-4ef6-b0a9-e04df47c465d 123a2441c5f2463da513ffaba3348231 29dce264b30a46a0869abeb9578a6d05 - - fab790142a074d2e87ad130527d97ec0 fab790142a074d2e87ad130527d97ec0] 199.204.45.210 "GET /v2.0/networks/bbc235d1-b3c2-453f-a52d-3d03dedfaa9a?fields=provider%3Aphysical_network&fields=provider%3Anetwork_type HTTP/1.1" status: 200 len: 277 time: 0.0637031
2026-08-06 02:14:41.037 9 INFO neutron.wsgi [req-923542a6-0a15-4593-b64f-17c16ba3cf18 req-aa37a52c-7204-44a2-bb20-b1c98d4a1f7c 123a2441c5f2463da513ffaba3348231 29dce264b30a46a0869abeb9578a6d05 - - fab790142a074d2e87ad130527d97ec0 fab790142a074d2e87ad130527d97ec0] 199.204.45.210 "GET /v2.0/ports?tenant_id=6adfcdff34bf4af2b885205eda36064c&device_id=3fa7a729-a50f-4986-9975-b6d8a9d8ad01 HTTP/1.1" status: 200 len: 1411 time: 0.0401392
2026-08-06 02:14:41.132 9 INFO neutron.wsgi [req-923542a6-0a15-4593-b64f-17c16ba3cf18 req-7cadf092-19c9-43ed-ad23-33ef180af189 123a2441c5f2463da513ffaba3348231 29dce264b30a46a0869abeb9578a6d05 - - fab790142a074d2e87ad130527d97ec0 fab790142a074d2e87ad130527d97ec0] 199.204.45.210 "GET /v2.0/networks?id=bbc235d1-b3c2-453f-a52d-3d03dedfaa9a HTTP/1.1" status: 200 len: 958 time: 0.0819175
2026-08-06 02:14:41.166 10 INFO neutron.plugins.ml2.drivers.ovn.mech_driver.mech_driver [None req-91a3dc40-28aa-4ca6-ad5c-ecbb71fb7f26 - - - - - -] OVN reports status up for port: d5a97e9f-a7fc-4e02-9cc6-1dc3aabf036e
2026-08-06 02:14:41.170 9 INFO neutron.wsgi [req-923542a6-0a15-4593-b64f-17c16ba3cf18 req-c4f7d5d3-1c54-4a3b-8a5f-a7c552deb7d7 123a2441c5f2463da513ffaba3348231 29dce264b30a46a0869abeb9578a6d05 - - fab790142a074d2e87ad130527d97ec0 fab790142a074d2e87ad130527d97ec0] 199.204.45.210 "GET /v2.0/floatingips?fixed_ip_address=10.100.0.14&port_id=d5a97e9f-a7fc-4e02-9cc6-1dc3aabf036e HTTP/1.1" status: 200 len: 217 time: 0.0293984
2026-08-06 02:14:41.187 10 INFO neutron.plugins.ml2.plugin [None req-91a3dc40-28aa-4ca6-ad5c-ecbb71fb7f26 - - - - - -] Attempt 1 to provision port d5a97e9f-a7fc-4e02-9cc6-1dc3aabf036e
2026-08-06 02:14:41.225 9 INFO neutron.wsgi [req-923542a6-0a15-4593-b64f-17c16ba3cf18 req-8ad89720-e8fc-4622-acf2-a7c01d269bc8 123a2441c5f2463da513ffaba3348231 29dce264b30a46a0869abeb9578a6d05 - - fab790142a074d2e87ad130527d97ec0 fab790142a074d2e87ad130527d97ec0] 199.204.45.210 "GET /v2.0/subnets?id=9bfc468b-5d8b-4861-8e4f-3cb38d66b9fc HTTP/1.1" status: 200 len: 853 time: 0.0488174
2026-08-06 02:14:41.274 9 INFO neutron.wsgi [req-923542a6-0a15-4593-b64f-17c16ba3cf18 req-bb677f18-7d52-40e9-8923-fa84e286094c 123a2441c5f2463da513ffaba3348231 29dce264b30a46a0869abeb9578a6d05 - - fab790142a074d2e87ad130527d97ec0 fab790142a074d2e87ad130527d97ec0] 199.204.45.210 "GET /v2.0/ports?network_id=bbc235d1-b3c2-453f-a52d-3d03dedfaa9a&device_owner=network%3Adhcp HTTP/1.1" status: 200 len: 210 time: 0.0407457
2026-08-06 02:14:41.355 9 INFO neutron.wsgi [req-923542a6-0a15-4593-b64f-17c16ba3cf18 req-69d76595-9fab-42b5-98de-897e285451a2 123a2441c5f2463da513ffaba3348231 29dce264b30a46a0869abeb9578a6d05 - - fab790142a074d2e87ad130527d97ec0 fab790142a074d2e87ad130527d97ec0] 199.204.45.210 "GET /v2.0/networks/bbc235d1-b3c2-453f-a52d-3d03dedfaa9a?fields=segments HTTP/1.1" status: 200 len: 212 time: 0.0748670
2026-08-06 02:14:41.371 10 INFO neutron.notifiers.nova [-] Nova event matching ['req-da08f1e1-c3a0-4305-a8ba-b80351b52783'] response: {'server_uuid': '3fa7a729-a50f-4986-9975-b6d8a9d8ad01', 'name': 'network-vif-plugged', 'status': 'completed', 'tag': 'd5a97e9f-a7fc-4e02-9cc6-1dc3aabf036e', 'code': 200}
2026-08-06 02:14:41.462 9 INFO neutron.wsgi [req-9e99bb68-542c-4301-8985-6d9f75a281d4 req-062b06a2-ac34-451f-87ed-6d25d6d74e26 0ef7ed25845c4a328d678b1082aeeeea 6adfcdff34bf4af2b885205eda36064c - - default default] 10.0.0.189 "GET /v2.0/ports?device_id=3fa7a729-a50f-4986-9975-b6d8a9d8ad01 HTTP/1.1" status: 200 len: 1174 time: 0.0416660
2026-08-06 02:14:41.483 9 INFO neutron.wsgi [req-923542a6-0a15-4593-b64f-17c16ba3cf18 req-2619e78f-fde1-4f19-9993-c114dfcbf4fb 123a2441c5f2463da513ffaba3348231 29dce264b30a46a0869abeb9578a6d05 - - fab790142a074d2e87ad130527d97ec0 fab790142a074d2e87ad130527d97ec0] 199.204.45.210 "GET /v2.0/networks/bbc235d1-b3c2-453f-a52d-3d03dedfaa9a?fields=provider%3Aphysical_network&fields=provider%3Anetwork_type HTTP/1.1" status: 200 len: 277 time: 0.1193461
2026-08-06 02:14:41.520 9 INFO neutron.wsgi [req-9e99bb68-542c-4301-8985-6d9f75a281d4 req-ca939193-7161-4b67-a531-709d9173894d 0ef7ed25845c4a328d678b1082aeeeea 6adfcdff34bf4af2b885205eda36064c - - default default] 10.0.0.189 "GET /v2.0/security-groups?id=2fb39252-3904-4cf0-93cb-ce4378c046d7&fields=id&fields=name HTTP/1.1" status: 200 len: 312 time: 0.0521727
2026-08-06 02:14:41.571 10 INFO neutron.db.ovn_revision_numbers_db [None req-91a3dc40-28aa-4ca6-ad5c-ecbb71fb7f26 - - - - - -] Successfully bumped revision number for resource d5a97e9f-a7fc-4e02-9cc6-1dc3aabf036e (type: ports) to 4
2026-08-06 02:14:42.632 9 INFO neutron.wsgi [req-d5726099-6134-4a57-a9bc-5d91c13abd16 req-1aaa4b11-2c05-46de-9fcb-bdc13fc18894 0ef7ed25845c4a328d678b1082aeeeea 6adfcdff34bf4af2b885205eda36064c - - default default] 10.0.0.189 "GET /v2.0/ports?device_id=3fa7a729-a50f-4986-9975-b6d8a9d8ad01 HTTP/1.1" status: 200 len: 1174 time: 0.0453782
2026-08-06 02:14:42.687 9 INFO neutron.wsgi [req-d5726099-6134-4a57-a9bc-5d91c13abd16 req-54eacf0d-a54a-4f4c-b94b-cea43d2348b2 0ef7ed25845c4a328d678b1082aeeeea 6adfcdff34bf4af2b885205eda36064c - - default default] 10.0.0.189 "GET /v2.0/security-groups?id=2fb39252-3904-4cf0-93cb-ce4378c046d7&fields=id&fields=name HTTP/1.1" status: 200 len: 312 time: 0.0480545
2026-08-06 02:14:42.848 9 INFO neutron.wsgi [req-08763392-6ab8-4062-83a5-1da7f91faf86 req-9a07aa47-fa58-4998-8bcb-0fc3147cc4da 0ef7ed25845c4a328d678b1082aeeeea 6adfcdff34bf4af2b885205eda36064c - - default default] 10.0.0.189 "GET /v2.0/ports?device_id=3fa7a729-a50f-4986-9975-b6d8a9d8ad01 HTTP/1.1" status: 200 len: 1174 time: 0.1054831
2026-08-06 02:14:42.885 15 INFO neutron.plugins.ml2.drivers.ovn.mech_driver.ovsdb.maintenance [None req-3336e0df-f3f6-4561-a551-51bd701d47d3 - - - - - -] Maintenance task: Synchronization finished (took 2.21 seconds)
2026-08-06 02:14:42.903 9 INFO neutron.wsgi [req-08763392-6ab8-4062-83a5-1da7f91faf86 req-777a764d-49fe-4ea2-afe4-b8461799cf17 0ef7ed25845c4a328d678b1082aeeeea 6adfcdff34bf4af2b885205eda36064c - - default default] 10.0.0.189 "GET /v2.0/security-groups?id=2fb39252-3904-4cf0-93cb-ce4378c046d7&fields=id&fields=name HTTP/1.1" status: 200 len: 312 time: 0.0478919 /var/lib/openstack/lib/python3.10/site-packages/pycadf/identifier.py:71: UserWarning: Invalid uuid: neutron. To ensure interoperability, identifiers should be a valid uuid. warnings.warn(('Invalid uuid: %s. To ensure interoperability, '
2026-08-06 02:14:42.981 10 INFO neutron.wsgi [None req-2556d901-dd10-427f-8afb-4805a8734d78 33bea08c36a144fc965f9c9807e64575 3f000868d2d3478d90dc8e70beab3304 - - default default] 10.0.0.120 "GET /v2.0/ports?device_id=3fa7a729-a50f-4986-9975-b6d8a9d8ad01 HTTP/1.1" status: 200 len: 1408 time: 0.0489664
2026-08-06 02:14:43.312 9 WARNING neutron.scheduler.dhcp_agent_scheduler [None req-75f0f5ed-a0e7-44df-a88b-1db0f5e96e64 0ef7ed25845c4a328d678b1082aeeeea 6adfcdff34bf4af2b885205eda36064c - - default default] No more DHCP agents
2026-08-06 02:14:43.314 9 WARNING neutron.api.rpc.agentnotifiers.dhcp_rpc_agent_api [None req-75f0f5ed-a0e7-44df-a88b-1db0f5e96e64 0ef7ed25845c4a328d678b1082aeeeea 6adfcdff34bf4af2b885205eda36064c - - default default] Unable to schedule network c1718552-acc5-4458-8d8d-985543294dc5: no agents available; will retry on subsequent port and subnet creation events.
2026-08-06 02:14:43.410 10 INFO neutron.notifiers.nova [-] Nova event matching ['req-ff8f6e60-7def-45be-8f89-93486984a256'] response: {'server_uuid': '3fa7a729-a50f-4986-9975-b6d8a9d8ad01', 'name': 'network-vif-plugged', 'status': 'completed', 'tag': 'd5a97e9f-a7fc-4e02-9cc6-1dc3aabf036e', 'code': 200}
2026-08-06 02:14:43.869 9 INFO neutron.db.l3_db [None req-75f0f5ed-a0e7-44df-a88b-1db0f5e96e64 0ef7ed25845c4a328d678b1082aeeeea 6adfcdff34bf4af2b885205eda36064c - - default default] Floating IP f04e3f0b-5ad5-4a50-9cbe-b9b644956a21 associated. External IP: 10.96.250.211, port: d5a97e9f-a7fc-4e02-9cc6-1dc3aabf036e.
2026-08-06 02:14:44.139 9 INFO neutron.db.ovn_revision_numbers_db [None req-75f0f5ed-a0e7-44df-a88b-1db0f5e96e64 0ef7ed25845c4a328d678b1082aeeeea 6adfcdff34bf4af2b885205eda36064c - - default default] Successfully bumped revision number for resource f04e3f0b-5ad5-4a50-9cbe-b9b644956a21 (type: floatingips) to 0
2026-08-06 02:14:44.270 9 INFO neutron.db.ovn_revision_numbers_db [None req-75f0f5ed-a0e7-44df-a88b-1db0f5e96e64 0ef7ed25845c4a328d678b1082aeeeea 6adfcdff34bf4af2b885205eda36064c - - default default] Successfully bumped revision number for resource f04e3f0b-5ad5-4a50-9cbe-b9b644956a21 (type: floatingips) to 1
2026-08-06 02:14:44.316 9 INFO neutron.wsgi [None req-75f0f5ed-a0e7-44df-a88b-1db0f5e96e64 0ef7ed25845c4a328d678b1082aeeeea 6adfcdff34bf4af2b885205eda36064c - - default default] 10.0.0.120 "POST /v2.0/floatingips HTTP/1.1" status: 201 len: 1055 time: 1.3297992
2026-08-06 02:14:44.375 9 INFO neutron.notifiers.nova [-] Nova event matching ['req-bd88db59-0f2e-4f09-a505-60d183fd694d'] response: {'name': 'network-changed', 'server_uuid': '3fa7a729-a50f-4986-9975-b6d8a9d8ad01', 'tag': 'd5a97e9f-a7fc-4e02-9cc6-1dc3aabf036e', 'status': 'completed', 'code': 200}
2026-08-06 02:14:44.376 10 INFO neutron.wsgi [None req-49b85fcb-b19e-46a7-83ba-817587d4baa1 0ef7ed25845c4a328d678b1082aeeeea 6adfcdff34bf4af2b885205eda36064c - - default default] 10.0.0.120 "GET /v2.0/floatingips/f04e3f0b-5ad5-4a50-9cbe-b9b644956a21 HTTP/1.1" status: 200 len: 1052 time: 0.0533218 /var/lib/openstack/lib/python3.10/site-packages/pycadf/identifier.py:71: UserWarning: Invalid uuid: neutron. To ensure interoperability, identifiers should be a valid uuid. warnings.warn(('Invalid uuid: %s. To ensure interoperability, '
2026-08-06 02:14:44.434 9 INFO neutron.wsgi [req-33cd1aa4-98ac-4aad-a477-d10a2d5a225b req-70381cfb-b761-4039-a7b9-655e8af36b77 123a2441c5f2463da513ffaba3348231 29dce264b30a46a0869abeb9578a6d05 - - fab790142a074d2e87ad130527d97ec0 fab790142a074d2e87ad130527d97ec0] 199.204.45.210 "GET /v2.0/ports?tenant_id=6adfcdff34bf4af2b885205eda36064c&device_id=3fa7a729-a50f-4986-9975-b6d8a9d8ad01 HTTP/1.1" status: 200 len: 1413 time: 0.0337176
2026-08-06 02:14:44.504 9 INFO neutron.wsgi [req-33cd1aa4-98ac-4aad-a477-d10a2d5a225b req-bc9930c6-c947-4a78-a7a7-25b7ce5dba4c 123a2441c5f2463da513ffaba3348231 29dce264b30a46a0869abeb9578a6d05 - - fab790142a074d2e87ad130527d97ec0 fab790142a074d2e87ad130527d97ec0] 199.204.45.210 "GET /v2.0/networks?id=bbc235d1-b3c2-453f-a52d-3d03dedfaa9a HTTP/1.1" status: 200 len: 958 time: 0.0644190
2026-08-06 02:14:44.569 9 INFO neutron.wsgi [req-33cd1aa4-98ac-4aad-a477-d10a2d5a225b req-39c2de80-6773-41cf-a0a4-7d1f2f626c04 123a2441c5f2463da513ffaba3348231 29dce264b30a46a0869abeb9578a6d05 - - fab790142a074d2e87ad130527d97ec0 fab790142a074d2e87ad130527d97ec0] 199.204.45.210 "GET /v2.0/floatingips?fixed_ip_address=10.100.0.14&port_id=d5a97e9f-a7fc-4e02-9cc6-1dc3aabf036e HTTP/1.1" status: 200 len: 1060 time: 0.0588751
2026-08-06 02:14:44.621 9 INFO neutron.wsgi [req-33cd1aa4-98ac-4aad-a477-d10a2d5a225b req-a7ae62b3-3637-47a4-84e5-c6133eefe89b 123a2441c5f2463da513ffaba3348231 29dce264b30a46a0869abeb9578a6d05 - - fab790142a074d2e87ad130527d97ec0 fab790142a074d2e87ad130527d97ec0] 199.204.45.210 "GET /v2.0/subnets?id=9bfc468b-5d8b-4861-8e4f-3cb38d66b9fc HTTP/1.1" status: 200 len: 853 time: 0.0428231
2026-08-06 02:14:44.655 9 INFO neutron.wsgi [req-33cd1aa4-98ac-4aad-a477-d10a2d5a225b req-6f3c4865-981f-48e6-823d-c9a72f318e33 123a2441c5f2463da513ffaba3348231 29dce264b30a46a0869abeb9578a6d05 - - fab790142a074d2e87ad130527d97ec0 fab790142a074d2e87ad130527d97ec0] 199.204.45.210 "GET /v2.0/ports?network_id=bbc235d1-b3c2-453f-a52d-3d03dedfaa9a&device_owner=network%3Adhcp HTTP/1.1" status: 200 len: 210 time: 0.0266359
2026-08-06 02:14:44.726 9 INFO neutron.wsgi [req-33cd1aa4-98ac-4aad-a477-d10a2d5a225b req-542bde29-bea0-4e48-9518-aa5765edd35b 123a2441c5f2463da513ffaba3348231 29dce264b30a46a0869abeb9578a6d05 - - fab790142a074d2e87ad130527d97ec0 fab790142a074d2e87ad130527d97ec0] 199.204.45.210 "GET /v2.0/networks/bbc235d1-b3c2-453f-a52d-3d03dedfaa9a?fields=segments HTTP/1.1" status: 200 len: 212 time: 0.0600386
2026-08-06 02:14:44.801 9 INFO neutron.wsgi [req-33cd1aa4-98ac-4aad-a477-d10a2d5a225b req-235f769c-db16-456f-adb1-3ba55ecc91eb 123a2441c5f2463da513ffaba3348231 29dce264b30a46a0869abeb9578a6d05 - - fab790142a074d2e87ad130527d97ec0 fab790142a074d2e87ad130527d97ec0] 199.204.45.210 "GET /v2.0/networks/bbc235d1-b3c2-453f-a52d-3d03dedfaa9a?fields=provider%3Aphysical_network&fields=provider%3Anetwork_type HTTP/1.1" status: 200 len: 277 time: 0.0653872
2026-08-06 02:14:53.314 9 INFO neutron.wsgi [req-382a6c63-e8cc-42ef-8384-8d2bc7b178cc req-8310b202-9245-4d63-bdc2-8ae954b58fc4 123a2441c5f2463da513ffaba3348231 29dce264b30a46a0869abeb9578a6d05 - - fab790142a074d2e87ad130527d97ec0 fab790142a074d2e87ad130527d97ec0] 199.204.45.210 "GET /v2.0/ports?device_id=3fa7a729-a50f-4986-9975-b6d8a9d8ad01&fields=binding%3Ahost_id&fields=binding%3Avif_type HTTP/1.1" status: 200 len: 265 time: 0.0499282
2026-08-06 02:14:53.393 9 INFO neutron.wsgi [req-382a6c63-e8cc-42ef-8384-8d2bc7b178cc req-10779a19-a525-4d20-b9c1-0b6f9da1087a 123a2441c5f2463da513ffaba3348231 29dce264b30a46a0869abeb9578a6d05 - - fab790142a074d2e87ad130527d97ec0 fab790142a074d2e87ad130527d97ec0] 199.204.45.210 "GET /v2.0/ports?tenant_id=6adfcdff34bf4af2b885205eda36064c&device_id=3fa7a729-a50f-4986-9975-b6d8a9d8ad01 HTTP/1.1" status: 200 len: 1413 time: 0.0335460
2026-08-06 02:14:53.488 9 INFO neutron.wsgi [req-382a6c63-e8cc-42ef-8384-8d2bc7b178cc req-528bee95-a1a1-4316-99d9-5cd3a3bf7662 123a2441c5f2463da513ffaba3348231 29dce264b30a46a0869abeb9578a6d05 - - fab790142a074d2e87ad130527d97ec0 fab790142a074d2e87ad130527d97ec0] 199.204.45.210 "GET /v2.0/networks?id=bbc235d1-b3c2-453f-a52d-3d03dedfaa9a HTTP/1.1" status: 200 len: 958 time: 0.0699844
2026-08-06 02:14:53.542 9 INFO neutron.wsgi [req-382a6c63-e8cc-42ef-8384-8d2bc7b178cc req-c6f0d922-1328-41f1-902a-be42390cf7d7 123a2441c5f2463da513ffaba3348231 29dce264b30a46a0869abeb9578a6d05 - - fab790142a074d2e87ad130527d97ec0 fab790142a074d2e87ad130527d97ec0] 199.204.45.210 "GET /v2.0/floatingips?fixed_ip_address=10.100.0.14&port_id=d5a97e9f-a7fc-4e02-9cc6-1dc3aabf036e HTTP/1.1" status: 200 len: 1060 time: 0.0457213
2026-08-06 02:14:53.593 9 INFO neutron.wsgi [req-382a6c63-e8cc-42ef-8384-8d2bc7b178cc req-0d2fc71b-2701-4e4c-a3b7-05939b80072c 123a2441c5f2463da513ffaba3348231 29dce264b30a46a0869abeb9578a6d05 - - fab790142a074d2e87ad130527d97ec0 fab790142a074d2e87ad130527d97ec0] 199.204.45.210 "GET /v2.0/subnets?id=9bfc468b-5d8b-4861-8e4f-3cb38d66b9fc HTTP/1.1" status: 200 len: 853 time: 0.0421731
2026-08-06 02:14:53.613 9 INFO neutron.wsgi [-] 10.0.0.239 "GET / HTTP/1.1" status: 200 len: 247 time: 0.0014369
2026-08-06 02:14:53.615 10 INFO neutron.wsgi [-] 10.0.0.239 "GET / HTTP/1.1" status: 200 len: 247 time: 0.0028217
2026-08-06 02:14:53.622 9 INFO neutron.wsgi [req-382a6c63-e8cc-42ef-8384-8d2bc7b178cc req-2f3c0f69-18c4-486b-aac2-f201fd34e727 123a2441c5f2463da513ffaba3348231 29dce264b30a46a0869abeb9578a6d05 - - fab790142a074d2e87ad130527d97ec0 fab790142a074d2e87ad130527d97ec0] 199.204.45.210 "GET /v2.0/ports?network_id=bbc235d1-b3c2-453f-a52d-3d03dedfaa9a&device_owner=network%3Adhcp HTTP/1.1" status: 200 len: 210 time: 0.0223806
2026-08-06 02:14:53.719 9 INFO neutron.wsgi [req-382a6c63-e8cc-42ef-8384-8d2bc7b178cc req-e2fdc0a3-1bd3-4f02-b3a8-c78793990016 123a2441c5f2463da513ffaba3348231 29dce264b30a46a0869abeb9578a6d05 - - fab790142a074d2e87ad130527d97ec0 fab790142a074d2e87ad130527d97ec0] 199.204.45.210 "GET /v2.0/networks/bbc235d1-b3c2-453f-a52d-3d03dedfaa9a?fields=segments HTTP/1.1" status: 200 len: 212 time: 0.0866823
2026-08-06 02:14:53.786 9 INFO neutron.wsgi [req-382a6c63-e8cc-42ef-8384-8d2bc7b178cc req-b6e90c54-c6f8-4b16-a10a-57f04d583bcd 123a2441c5f2463da513ffaba3348231 29dce264b30a46a0869abeb9578a6d05 - - fab790142a074d2e87ad130527d97ec0 fab790142a074d2e87ad130527d97ec0] 199.204.45.210 "GET /v2.0/networks/bbc235d1-b3c2-453f-a52d-3d03dedfaa9a?fields=provider%3Aphysical_network&fields=provider%3Anetwork_type HTTP/1.1" status: 200 len: 277 time: 0.0591505
2026-08-06 02:14:54.200 9 INFO neutron.wsgi [req-7caa0a91-255c-4f6c-9803-6387a4507e55 req-e4ca94fc-def8-488d-adc8-289b8528130c 123a2441c5f2463da513ffaba3348231 29dce264b30a46a0869abeb9578a6d05 - - fab790142a074d2e87ad130527d97ec0 fab790142a074d2e87ad130527d97ec0] 10.0.0.199 "GET /v2.0/ports?device_id=3fa7a729-a50f-4986-9975-b6d8a9d8ad01 HTTP/1.1" status: 200 len: 1413 time: 0.0320268
2026-08-06 02:14:54.249 9 INFO neutron.wsgi [req-7caa0a91-255c-4f6c-9803-6387a4507e55 req-13b23437-fe18-46ff-94fc-9848cd4851da 123a2441c5f2463da513ffaba3348231 29dce264b30a46a0869abeb9578a6d05 - - fab790142a074d2e87ad130527d97ec0 fab790142a074d2e87ad130527d97ec0] 10.0.0.199 "GET /v2.0/security-groups?id=2fb39252-3904-4cf0-93cb-ce4378c046d7&fields=id&fields=name HTTP/1.1" status: 200 len: 312 time: 0.0407820
2026-08-06 02:14:57.238 10 INFO neutron.wsgi [None req-c957fa12-1b92-4f13-b953-f43663c400dc 33bea08c36a144fc965f9c9807e64575 3f000868d2d3478d90dc8e70beab3304 - - default default] 10.0.0.120 "GET /v2.0/ports?project_id=6adfcdff34bf4af2b885205eda36064c&network_id=bbc235d1-b3c2-453f-a52d-3d03dedfaa9a HTTP/1.1" status: 200 len: 3514 time: 0.0617423
2026-08-06 02:14:57.531 10 INFO neutron.wsgi [None req-034bc2b3-eb23-4b5f-b871-85e4951c9916 33bea08c36a144fc965f9c9807e64575 3f000868d2d3478d90dc8e70beab3304 - - default default] 10.0.0.120 "GET /v2.0/subnets?network_id=c1718552-acc5-4458-8d8d-985543294dc5 HTTP/1.1" status: 200 len: 838 time: 0.0409565
2026-08-06 02:14:57.900 10 INFO neutron.db.l3_db [None req-73ee5631-9250-4ab9-8604-20c0125acefd 0ef7ed25845c4a328d678b1082aeeeea 6adfcdff34bf4af2b885205eda36064c - - default default] Floating IP f04e3f0b-5ad5-4a50-9cbe-b9b644956a21 disassociated. External IP: 10.96.250.211, port: d5a97e9f-a7fc-4e02-9cc6-1dc3aabf036e.
2026-08-06 02:14:57.935 10 INFO neutron.db.ovn_revision_numbers_db [None req-73ee5631-9250-4ab9-8604-20c0125acefd 0ef7ed25845c4a328d678b1082aeeeea 6adfcdff34bf4af2b885205eda36064c - - default default] Successfully bumped revision number for resource f04e3f0b-5ad5-4a50-9cbe-b9b644956a21 (type: floatingips) to 2
2026-08-06 02:14:57.999 10 INFO neutron.wsgi [None req-73ee5631-9250-4ab9-8604-20c0125acefd 0ef7ed25845c4a328d678b1082aeeeea 6adfcdff34bf4af2b885205eda36064c - - default default] 10.0.0.120 "PUT /v2.0/floatingips/f04e3f0b-5ad5-4a50-9cbe-b9b644956a21 HTTP/1.1" status: 200 len: 748 time: 0.2419660
2026-08-06 02:14:58.032 10 INFO neutron.wsgi [None req-0830ae75-5d6f-4ef3-b3ae-b3a2f0258696 0ef7ed25845c4a328d678b1082aeeeea 6adfcdff34bf4af2b885205eda36064c - - default default] 10.0.0.120 "GET /v2.0/floatingips/f04e3f0b-5ad5-4a50-9cbe-b9b644956a21 HTTP/1.1" status: 200 len: 746 time: 0.0269074
2026-08-06 02:14:58.034 10 INFO neutron.notifiers.nova [-] Nova event matching ['req-2674e4d3-cbb7-4242-8a0e-6a2ad2663ddf'] response: {'name': 'network-changed', 'server_uuid': '3fa7a729-a50f-4986-9975-b6d8a9d8ad01', 'tag': 'd5a97e9f-a7fc-4e02-9cc6-1dc3aabf036e', 'status': 'completed', 'code': 200} /var/lib/openstack/lib/python3.10/site-packages/pycadf/identifier.py:71: UserWarning: Invalid uuid: neutron. To ensure interoperability, identifiers should be a valid uuid. warnings.warn(('Invalid uuid: %s. To ensure interoperability, '
2026-08-06 02:14:58.106 9 INFO neutron.wsgi [req-5647fd29-8948-4745-8acc-3c2fdf966268 req-b66b2c9f-05f5-4355-be97-c95d02cdceb9 123a2441c5f2463da513ffaba3348231 29dce264b30a46a0869abeb9578a6d05 - - fab790142a074d2e87ad130527d97ec0 fab790142a074d2e87ad130527d97ec0] 199.204.45.210 "GET /v2.0/ports?tenant_id=6adfcdff34bf4af2b885205eda36064c&device_id=3fa7a729-a50f-4986-9975-b6d8a9d8ad01 HTTP/1.1" status: 200 len: 1413 time: 0.0484066
2026-08-06 02:14:58.212 9 INFO neutron.wsgi [req-5647fd29-8948-4745-8acc-3c2fdf966268 req-4d9e1f91-ccce-4e25-8f7e-0beca7756432 123a2441c5f2463da513ffaba3348231 29dce264b30a46a0869abeb9578a6d05 - - fab790142a074d2e87ad130527d97ec0 fab790142a074d2e87ad130527d97ec0] 199.204.45.210 "GET /v2.0/networks?id=bbc235d1-b3c2-453f-a52d-3d03dedfaa9a HTTP/1.1" status: 200 len: 958 time: 0.0979404
2026-08-06 02:14:58.245 9 INFO neutron.wsgi [req-5647fd29-8948-4745-8acc-3c2fdf966268 req-a947c24f-15d3-4743-ac83-5b086edb9d96 123a2441c5f2463da513ffaba3348231 29dce264b30a46a0869abeb9578a6d05 - - fab790142a074d2e87ad130527d97ec0 fab790142a074d2e87ad130527d97ec0] 199.204.45.210 "GET /v2.0/floatingips?fixed_ip_address=10.100.0.14&port_id=d5a97e9f-a7fc-4e02-9cc6-1dc3aabf036e HTTP/1.1" status: 200 len: 217 time: 0.0245497
2026-08-06 02:14:58.286 9 INFO neutron.wsgi [req-5647fd29-8948-4745-8acc-3c2fdf966268 req-f8dce1f7-70c1-4ef0-b7cd-442163020a8d 123a2441c5f2463da513ffaba3348231 29dce264b30a46a0869abeb9578a6d05 - - fab790142a074d2e87ad130527d97ec0 fab790142a074d2e87ad130527d97ec0] 199.204.45.210 "GET /v2.0/subnets?id=9bfc468b-5d8b-4861-8e4f-3cb38d66b9fc HTTP/1.1" status: 200 len: 853 time: 0.0343788
2026-08-06 02:14:58.310 9 INFO neutron.wsgi [req-5647fd29-8948-4745-8acc-3c2fdf966268 req-312d3eff-f273-4c14-b2cd-d4fece0971f5 123a2441c5f2463da513ffaba3348231 29dce264b30a46a0869abeb9578a6d05 - - fab790142a074d2e87ad130527d97ec0 fab790142a074d2e87ad130527d97ec0] 199.204.45.210 "GET /v2.0/ports?network_id=bbc235d1-b3c2-453f-a52d-3d03dedfaa9a&device_owner=network%3Adhcp HTTP/1.1" status: 200 len: 210 time: 0.0176113
2026-08-06 02:14:58.377 9 INFO neutron.wsgi [req-5647fd29-8948-4745-8acc-3c2fdf966268 req-93aa9c74-2c7a-44ea-9656-e022ccbde4af 123a2441c5f2463da513ffaba3348231 29dce264b30a46a0869abeb9578a6d05 - - fab790142a074d2e87ad130527d97ec0 fab790142a074d2e87ad130527d97ec0] 199.204.45.210 "GET /v2.0/networks/bbc235d1-b3c2-453f-a52d-3d03dedfaa9a?fields=segments HTTP/1.1" status: 200 len: 212 time: 0.0597930
2026-08-06 02:14:58.449 9 INFO neutron.wsgi [req-5647fd29-8948-4745-8acc-3c2fdf966268 req-ab7c05bb-52ea-413a-88f3-4dd609167c46 123a2441c5f2463da513ffaba3348231 29dce264b30a46a0869abeb9578a6d05 - - fab790142a074d2e87ad130527d97ec0 fab790142a074d2e87ad130527d97ec0] 199.204.45.210 "GET /v2.0/networks/bbc235d1-b3c2-453f-a52d-3d03dedfaa9a?fields=provider%3Aphysical_network&fields=provider%3Anetwork_type HTTP/1.1" status: 200 len: 277 time: 0.0623806
2026-08-06 02:14:59.229 10 INFO neutron.db.ovn_revision_numbers_db [None req-73af9e6f-149f-43a4-84a4-21486e9c7b7e 0ef7ed25845c4a328d678b1082aeeeea 6adfcdff34bf4af2b885205eda36064c - - default default] Successfully bumped revision number for resource efd61786-0252-4a26-ade7-982c3da3ac78 (type: security_groups) to 1
2026-08-06 02:14:59.241 10 INFO neutron.db.ovn_revision_numbers_db [None req-73af9e6f-149f-43a4-84a4-21486e9c7b7e 0ef7ed25845c4a328d678b1082aeeeea 6adfcdff34bf4af2b885205eda36064c - - default default] Successfully bumped revision number for resource 5700a7e9-d773-4475-9303-dcc808f70c1d (type: security_group_rules) to 0
2026-08-06 02:14:59.254 10 INFO neutron.db.ovn_revision_numbers_db [None req-73af9e6f-149f-43a4-84a4-21486e9c7b7e 0ef7ed25845c4a328d678b1082aeeeea 6adfcdff34bf4af2b885205eda36064c - - default default] Successfully bumped revision number for resource a1bb67aa-8095-41c1-bf54-c0f1ad004022 (type: security_group_rules) to 0
2026-08-06 02:14:59.273 10 INFO neutron.wsgi [None req-73af9e6f-149f-43a4-84a4-21486e9c7b7e 0ef7ed25845c4a328d678b1082aeeeea 6adfcdff34bf4af2b885205eda36064c - - default default] 10.0.0.120 "POST /v2.0/security-groups HTTP/1.1" status: 201 len: 1813 time: 0.1783772
2026-08-06 02:14:59.467 9 INFO neutron.db.ovn_revision_numbers_db [None req-a8d1fe8d-7602-4d67-9bfe-646280dd2d26 0ef7ed25845c4a328d678b1082aeeeea 6adfcdff34bf4af2b885205eda36064c - - default default] Successfully bumped revision number for resource 77ee7db0-fd3b-442f-8248-ecaf547a21b8 (type: security_group_rules) to 0
2026-08-06 02:14:59.501 9 INFO neutron.wsgi [None req-a8d1fe8d-7602-4d67-9bfe-646280dd2d26 0ef7ed25845c4a328d678b1082aeeeea 6adfcdff34bf4af2b885205eda36064c - - default default] 10.0.0.120 "POST /v2.0/security-group-rules HTTP/1.1" status: 201 len: 764 time: 0.2223611
2026-08-06 02:14:59.634 9 INFO neutron.db.ovn_revision_numbers_db [None req-45d83c99-5b84-4324-bf04-cc0bb5adfd76 0ef7ed25845c4a328d678b1082aeeeea 6adfcdff34bf4af2b885205eda36064c - - default default] Successfully bumped revision number for resource 83e31e0b-ec7f-46fc-accb-c2918265c7e4 (type: security_group_rules) to 0
2026-08-06 02:14:59.660 9 INFO neutron.wsgi [None req-45d83c99-5b84-4324-bf04-cc0bb5adfd76 0ef7ed25845c4a328d678b1082aeeeea 6adfcdff34bf4af2b885205eda36064c - - default default] 10.0.0.120 "POST /v2.0/security-group-rules HTTP/1.1" status: 201 len: 763 time: 0.1535733
2026-08-06 02:14:59.783 9 INFO neutron.db.ovn_revision_numbers_db [None req-5d6a278f-2bed-48b2-b0e8-cbf8813e9700 0ef7ed25845c4a328d678b1082aeeeea 6adfcdff34bf4af2b885205eda36064c - - default default] Successfully bumped revision number for resource f8e47225-069b-4eee-b4fc-d45995459a17 (type: security_group_rules) to 0
2026-08-06 02:14:59.803 9 INFO neutron.wsgi [None req-5d6a278f-2bed-48b2-b0e8-cbf8813e9700 0ef7ed25845c4a328d678b1082aeeeea 6adfcdff34bf4af2b885205eda36064c - - default default] 10.0.0.120 "POST /v2.0/security-group-rules HTTP/1.1" status: 201 len: 769 time: 0.1380017
2026-08-06 02:14:59.918 9 INFO neutron.db.ovn_revision_numbers_db [None req-a4bba258-298d-41a1-98d7-3ad20d115457 0ef7ed25845c4a328d678b1082aeeeea 6adfcdff34bf4af2b885205eda36064c - - default default] Successfully bumped revision number for resource 1143efe2-1dea-4624-b53c-cb6f4f0d42a6 (type: security_group_rules) to 0
2026-08-06 02:14:59.944 9 INFO neutron.wsgi [None req-a4bba258-298d-41a1-98d7-3ad20d115457 0ef7ed25845c4a328d678b1082aeeeea 6adfcdff34bf4af2b885205eda36064c - - default default] 10.0.0.120 "POST /v2.0/security-group-rules HTTP/1.1" status: 201 len: 768 time: 0.1340268
2026-08-06 02:14:59.968 9 INFO neutron.db.securitygroups_db [None req-8f0fcbd2-8e87-4f1a-bd32-a7846378f14f 0ef7ed25845c4a328d678b1082aeeeea 6adfcdff34bf4af2b885205eda36064c - - default default] Project 6adfcdff34bf4af2b885205eda36064c added a security group rule with legacy IPv6 ICMP protocol name icmp, ipv6-icmp should be used instead. It was automatically converted.
2026-08-06 02:15:00.054 9 INFO neutron.db.ovn_revision_numbers_db [None req-8f0fcbd2-8e87-4f1a-bd32-a7846378f14f 0ef7ed25845c4a328d678b1082aeeeea 6adfcdff34bf4af2b885205eda36064c - - default default] Successfully bumped revision number for resource a5304f7f-333f-432c-94e8-acfa35537849 (type: security_group_rules) to 0
2026-08-06 02:15:00.077 9 INFO neutron.wsgi [None req-8f0fcbd2-8e87-4f1a-bd32-a7846378f14f 0ef7ed25845c4a328d678b1082aeeeea 6adfcdff34bf4af2b885205eda36064c - - default default] 10.0.0.120 "POST /v2.0/security-group-rules HTTP/1.1" status: 201 len: 774 time: 0.1276968
2026-08-06 02:15:00.119 9 INFO neutron.db.securitygroups_db [None req-7468b6ff-e6a8-4611-a91d-239730188a69 0ef7ed25845c4a328d678b1082aeeeea 6adfcdff34bf4af2b885205eda36064c - - default default] Project 6adfcdff34bf4af2b885205eda36064c added a security group rule with legacy IPv6 ICMP protocol name icmp, ipv6-icmp should be used instead. It was automatically converted.
2026-08-06 02:15:00.597 9 INFO neutron.db.ovn_revision_numbers_db [None req-7468b6ff-e6a8-4611-a91d-239730188a69 0ef7ed25845c4a328d678b1082aeeeea 6adfcdff34bf4af2b885205eda36064c - - default default] Successfully bumped revision number for resource 8f49228b-11bd-4cdc-b859-eef989a85247 (type: security_group_rules) to 0
2026-08-06 02:15:00.638 9 INFO neutron.wsgi [None req-7468b6ff-e6a8-4611-a91d-239730188a69 0ef7ed25845c4a328d678b1082aeeeea 6adfcdff34bf4af2b885205eda36064c - - default default] 10.0.0.120 "POST /v2.0/security-group-rules HTTP/1.1" status: 201 len: 773 time: 0.5538199
2026-08-06 02:15:01.100 10 INFO neutron.wsgi [None req-163e5440-102c-4253-b353-35684eca40dd 0ef7ed25845c4a328d678b1082aeeeea 6adfcdff34bf4af2b885205eda36064c - - default default] 10.0.0.120 "GET /v2.0/networks HTTP/1.1" status: 200 len: 1492 time: 0.1347258
2026-08-06 02:15:01.258 9 INFO neutron.wsgi [req-41553f4f-1d1b-41d8-b49b-719b004b9b47 req-13a3b1b2-2d83-4442-b1e4-3a7bfb99e5c9 0ef7ed25845c4a328d678b1082aeeeea 6adfcdff34bf4af2b885205eda36064c - - default default] 10.0.0.189 "GET /v2.0/security-groups?name=tempest-secgroup-smoke-1531088824&fields=id&tenant_id=6adfcdff34bf4af2b885205eda36064c HTTP/1.1" status: 200 len: 267 time: 0.0608716
2026-08-06 02:15:01.349 9 INFO neutron.wsgi [req-41553f4f-1d1b-41d8-b49b-719b004b9b47 req-a01c6b7e-cbd8-474b-a532-1c20de2c932f 0ef7ed25845c4a328d678b1082aeeeea 6adfcdff34bf4af2b885205eda36064c - - default default] 10.0.0.189 "GET /v2.0/networks?id=bbc235d1-b3c2-453f-a52d-3d03dedfaa9a HTTP/1.1" status: 200 len: 859 time: 0.0830369
2026-08-06 02:15:01.388 9 INFO neutron.wsgi [req-41553f4f-1d1b-41d8-b49b-719b004b9b47 req-cfd9deff-9520-4b16-aaf5-dad897b46a6c 0ef7ed25845c4a328d678b1082aeeeea 6adfcdff34bf4af2b885205eda36064c - - default default] 10.0.0.189 "GET /v2.0/quotas/6adfcdff34bf4af2b885205eda36064c HTTP/1.1" status: 200 len: 386 time: 0.0290339
2026-08-06 02:15:01.482 9 INFO neutron.wsgi [req-41553f4f-1d1b-41d8-b49b-719b004b9b47 req-b64c1c3d-e4db-45b7-8eac-6fcc8f3eaa5d 0ef7ed25845c4a328d678b1082aeeeea 6adfcdff34bf4af2b885205eda36064c - - default default] 10.0.0.189 "GET /v2.0/ports?tenant_id=6adfcdff34bf4af2b885205eda36064c&fields=id HTTP/1.1" status: 200 len: 348 time: 0.0857718
2026-08-06 02:15:01.572 9 INFO neutron.wsgi [req-41553f4f-1d1b-41d8-b49b-719b004b9b47 req-b7a33712-41e1-4d10-a707-df93dbba5f40 123a2441c5f2463da513ffaba3348231 29dce264b30a46a0869abeb9578a6d05 - - fab790142a074d2e87ad130527d97ec0 fab790142a074d2e87ad130527d97ec0] 10.0.0.189 "GET /v2.0/networks/bbc235d1-b3c2-453f-a52d-3d03dedfaa9a?fields=segments HTTP/1.1" status: 200 len: 212 time: 0.0767980
2026-08-06 02:15:01.642 9 INFO neutron.wsgi [req-41553f4f-1d1b-41d8-b49b-719b004b9b47 req-9e03bc97-c88f-42e0-aafb-3151874ec5f1 123a2441c5f2463da513ffaba3348231 29dce264b30a46a0869abeb9578a6d05 - - fab790142a074d2e87ad130527d97ec0 fab790142a074d2e87ad130527d97ec0] 10.0.0.189 "GET /v2.0/networks/bbc235d1-b3c2-453f-a52d-3d03dedfaa9a?fields=provider%3Aphysical_network&fields=provider%3Anetwork_type HTTP/1.1" status: 200 len: 277 time: 0.0611300
2026-08-06 02:15:01.792 9 INFO neutron.wsgi [req-6e20b3f0-a6ea-4aa1-bf38-74ec7d5cf285 req-7e26f567-2220-41c5-b924-7a71111a3473 0ef7ed25845c4a328d678b1082aeeeea 6adfcdff34bf4af2b885205eda36064c - - default default] 10.0.0.189 "GET /v2.0/ports?device_id=06ddfcb9-d3e9-4d4c-8003-e02401fb8424 HTTP/1.1" status: 200 len: 210 time: 0.0271120
2026-08-06 02:15:02.546 9 INFO neutron.wsgi [req-41553f4f-1d1b-41d8-b49b-719b004b9b47 req-41cfa6c3-79bd-4422-983e-7244351d3d94 0ef7ed25845c4a328d678b1082aeeeea 6adfcdff34bf4af2b885205eda36064c - - default default] 199.204.45.210 "GET /v2.0/networks?id=bbc235d1-b3c2-453f-a52d-3d03dedfaa9a HTTP/1.1" status: 200 len: 859 time: 0.0779445
2026-08-06 02:15:02.601 9 INFO neutron.wsgi [req-41553f4f-1d1b-41d8-b49b-719b004b9b47 req-c1946ea9-1399-47b0-a959-64ac6d5a2c7c 0ef7ed25845c4a328d678b1082aeeeea 6adfcdff34bf4af2b885205eda36064c - - default default] 199.204.45.210 "GET /v2.0/security-groups?fields=id&fields=name&tenant_id=6adfcdff34bf4af2b885205eda36064c HTTP/1.1" status: 200 len: 472 time: 0.0478277
2026-08-06 02:15:02.891 9 INFO neutron.wsgi [req-3d257731-f2be-4e46-8f1d-1437d42b6742 req-33938c75-edbd-46b8-a1d1-4b5cad19df00 0ef7ed25845c4a328d678b1082aeeeea 6adfcdff34bf4af2b885205eda36064c - - default default] 10.0.0.189 "GET /v2.0/ports?device_id=06ddfcb9-d3e9-4d4c-8003-e02401fb8424 HTTP/1.1" status: 200 len: 210 time: 0.0246029
2026-08-06 02:15:02.971 9 WARNING neutron.scheduler.dhcp_agent_scheduler [req-41553f4f-1d1b-41d8-b49b-719b004b9b47 req-d0df6b22-db14-45e5-ad45-6700bab3a33a 0ef7ed25845c4a328d678b1082aeeeea 6adfcdff34bf4af2b885205eda36064c - - default default] No more DHCP agents
2026-08-06 02:15:02.975 9 WARNING neutron.api.rpc.agentnotifiers.dhcp_rpc_agent_api [req-41553f4f-1d1b-41d8-b49b-719b004b9b47 req-d0df6b22-db14-45e5-ad45-6700bab3a33a 0ef7ed25845c4a328d678b1082aeeeea 6adfcdff34bf4af2b885205eda36064c - - default default] Unable to schedule network bbc235d1-b3c2-453f-a52d-3d03dedfaa9a: no agents available; will retry on subsequent port and subnet creation events.
2026-08-06 02:15:03.182 9 INFO neutron.db.ovn_revision_numbers_db [req-41553f4f-1d1b-41d8-b49b-719b004b9b47 req-d0df6b22-db14-45e5-ad45-6700bab3a33a 0ef7ed25845c4a328d678b1082aeeeea 6adfcdff34bf4af2b885205eda36064c - - default default] Successfully bumped revision number for resource 6227e926-bbb0-4531-83b6-5021013f24f0 (type: ports) to 1
2026-08-06 02:15:03.209 9 INFO neutron.wsgi [req-41553f4f-1d1b-41d8-b49b-719b004b9b47 req-d0df6b22-db14-45e5-ad45-6700bab3a33a 0ef7ed25845c4a328d678b1082aeeeea 6adfcdff34bf4af2b885205eda36064c - - default default] 199.204.45.210 "POST /v2.0/ports HTTP/1.1" status: 201 len: 1158 time: 0.6014149 /var/lib/openstack/lib/python3.10/site-packages/pycadf/identifier.py:71: UserWarning: Invalid uuid: neutron. To ensure interoperability, identifiers should be a valid uuid. warnings.warn(('Invalid uuid: %s. To ensure interoperability, '
2026-08-06 02:15:03.684 9 INFO neutron.db.ovn_revision_numbers_db [req-41553f4f-1d1b-41d8-b49b-719b004b9b47 req-44cfd3e6-8dc6-4e26-b0e2-cba4a606795d 123a2441c5f2463da513ffaba3348231 29dce264b30a46a0869abeb9578a6d05 - - fab790142a074d2e87ad130527d97ec0 fab790142a074d2e87ad130527d97ec0] Successfully bumped revision number for resource 6227e926-bbb0-4531-83b6-5021013f24f0 (type: ports) to 2
2026-08-06 02:15:03.875 9 INFO neutron.db.ovn_revision_numbers_db [req-41553f4f-1d1b-41d8-b49b-719b004b9b47 req-44cfd3e6-8dc6-4e26-b0e2-cba4a606795d 123a2441c5f2463da513ffaba3348231 29dce264b30a46a0869abeb9578a6d05 - - fab790142a074d2e87ad130527d97ec0 fab790142a074d2e87ad130527d97ec0] Successfully bumped revision number for resource 6227e926-bbb0-4531-83b6-5021013f24f0 (type: ports) to 2
2026-08-06 02:15:03.889 9 INFO neutron.wsgi [req-41553f4f-1d1b-41d8-b49b-719b004b9b47 req-44cfd3e6-8dc6-4e26-b0e2-cba4a606795d 123a2441c5f2463da513ffaba3348231 29dce264b30a46a0869abeb9578a6d05 - - fab790142a074d2e87ad130527d97ec0 fab790142a074d2e87ad130527d97ec0] 199.204.45.210 "PUT /v2.0/ports/6227e926-bbb0-4531-83b6-5021013f24f0 HTTP/1.1" status: 200 len: 1376 time: 0.6720326 /var/lib/openstack/lib/python3.10/site-packages/pycadf/identifier.py:71: UserWarning: Invalid uuid: neutron. To ensure interoperability, identifiers should be a valid uuid. warnings.warn(('Invalid uuid: %s. To ensure interoperability, '
2026-08-06 02:15:03.939 9 INFO neutron.notifiers.nova [-] Nova event matching ['req-9993c22f-98a7-4c53-b5ff-314c4262ec29'] response: {'name': 'network-changed', 'server_uuid': '06ddfcb9-d3e9-4d4c-8003-e02401fb8424', 'tag': '6227e926-bbb0-4531-83b6-5021013f24f0', 'status': 'completed', 'code': 200}
2026-08-06 02:15:03.968 9 INFO neutron.wsgi [req-41553f4f-1d1b-41d8-b49b-719b004b9b47 req-00b6e010-f0d6-4917-ad88-1cb7e2310279 123a2441c5f2463da513ffaba3348231 29dce264b30a46a0869abeb9578a6d05 - - fab790142a074d2e87ad130527d97ec0 fab790142a074d2e87ad130527d97ec0] 199.204.45.210 "GET /v2.0/ports?tenant_id=6adfcdff34bf4af2b885205eda36064c&device_id=06ddfcb9-d3e9-4d4c-8003-e02401fb8424 HTTP/1.1" status: 200 len: 1407 time: 0.0413446
2026-08-06 02:15:03.999 9 INFO neutron.wsgi [req-41553f4f-1d1b-41d8-b49b-719b004b9b47 req-1d04e698-d510-4fcc-ab7b-daa7cf5b18d3 123a2441c5f2463da513ffaba3348231 29dce264b30a46a0869abeb9578a6d05 - - fab790142a074d2e87ad130527d97ec0 fab790142a074d2e87ad130527d97ec0] 199.204.45.210 "GET /v2.0/floatingips?fixed_ip_address=10.100.0.7&port_id=6227e926-bbb0-4531-83b6-5021013f24f0 HTTP/1.1" status: 200 len: 217 time: 0.0225587
2026-08-06 02:15:04.005 9 INFO neutron.wsgi [req-1fb10bbc-8f40-45d3-9907-a69ea4f77706 req-03501e02-46eb-46bf-854a-b2ec213d4490 0ef7ed25845c4a328d678b1082aeeeea 6adfcdff34bf4af2b885205eda36064c - - default default] 10.0.0.189 "GET /v2.0/ports?device_id=06ddfcb9-d3e9-4d4c-8003-e02401fb8424 HTTP/1.1" status: 200 len: 1168 time: 0.0493915
2026-08-06 02:15:04.041 9 INFO neutron.wsgi [req-41553f4f-1d1b-41d8-b49b-719b004b9b47 req-f4db6cdb-25a4-4922-8ec8-6f9bc0c27f5e 123a2441c5f2463da513ffaba3348231 29dce264b30a46a0869abeb9578a6d05 - - fab790142a074d2e87ad130527d97ec0 fab790142a074d2e87ad130527d97ec0] 199.204.45.210 "GET /v2.0/subnets?id=9bfc468b-5d8b-4861-8e4f-3cb38d66b9fc HTTP/1.1" status: 200 len: 853 time: 0.0348272
2026-08-06 02:15:04.059 9 INFO neutron.wsgi [req-1fb10bbc-8f40-45d3-9907-a69ea4f77706 req-ac5e5080-1dd5-4bf8-a16b-896fc7458f7c 0ef7ed25845c4a328d678b1082aeeeea 6adfcdff34bf4af2b885205eda36064c - - default default] 10.0.0.189 "GET /v2.0/security-groups?id=efd61786-0252-4a26-ade7-982c3da3ac78&fields=id&fields=name HTTP/1.1" status: 200 len: 313 time: 0.0454960
2026-08-06 02:15:04.066 9 INFO neutron.wsgi [req-41553f4f-1d1b-41d8-b49b-719b004b9b47 req-486fdad4-8173-41ea-aaa5-b5fea90e3cd9 123a2441c5f2463da513ffaba3348231 29dce264b30a46a0869abeb9578a6d05 - - fab790142a074d2e87ad130527d97ec0 fab790142a074d2e87ad130527d97ec0] 199.204.45.210 "GET /v2.0/ports?network_id=bbc235d1-b3c2-453f-a52d-3d03dedfaa9a&device_owner=network%3Adhcp HTTP/1.1" status: 200 len: 210 time: 0.0182626
2026-08-06 02:15:04.125 9 INFO neutron.wsgi [req-41553f4f-1d1b-41d8-b49b-719b004b9b47 req-ce399c6c-e3a0-4c1a-888a-c0cbd0bb2eee 123a2441c5f2463da513ffaba3348231 29dce264b30a46a0869abeb9578a6d05 - - fab790142a074d2e87ad130527d97ec0 fab790142a074d2e87ad130527d97ec0] 199.204.45.210 "GET /v2.0/networks/bbc235d1-b3c2-453f-a52d-3d03dedfaa9a?fields=segments HTTP/1.1" status: 200 len: 212 time: 0.0511944
2026-08-06 02:15:04.189 9 INFO neutron.wsgi [req-41553f4f-1d1b-41d8-b49b-719b004b9b47 req-29237730-eab7-44a4-b046-c3e57e9eb074 123a2441c5f2463da513ffaba3348231 29dce264b30a46a0869abeb9578a6d05 - - fab790142a074d2e87ad130527d97ec0 fab790142a074d2e87ad130527d97ec0] 199.204.45.210 "GET /v2.0/networks/bbc235d1-b3c2-453f-a52d-3d03dedfaa9a?fields=provider%3Aphysical_network&fields=provider%3Anetwork_type HTTP/1.1" status: 200 len: 277 time: 0.0566945
2026-08-06 02:15:04.267 9 INFO neutron.wsgi [req-9df18daf-eebb-4826-8bfe-bd20eae88981 req-ba23b2d9-5895-4395-bf97-6634722f1560 123a2441c5f2463da513ffaba3348231 29dce264b30a46a0869abeb9578a6d05 - - fab790142a074d2e87ad130527d97ec0 fab790142a074d2e87ad130527d97ec0] 199.204.45.210 "GET /v2.0/ports?tenant_id=6adfcdff34bf4af2b885205eda36064c&device_id=06ddfcb9-d3e9-4d4c-8003-e02401fb8424 HTTP/1.1" status: 200 len: 1407 time: 0.0298855
2026-08-06 02:15:04.328 9 INFO neutron.wsgi [req-9df18daf-eebb-4826-8bfe-bd20eae88981 req-0747978b-6bfc-4ab0-8553-5231ca5e0cdd 123a2441c5f2463da513ffaba3348231 29dce264b30a46a0869abeb9578a6d05 - - fab790142a074d2e87ad130527d97ec0 fab790142a074d2e87ad130527d97ec0] 199.204.45.210 "GET /v2.0/networks?id=bbc235d1-b3c2-453f-a52d-3d03dedfaa9a HTTP/1.1" status: 200 len: 958 time: 0.0557020
2026-08-06 02:15:04.363 9 INFO neutron.wsgi [req-9df18daf-eebb-4826-8bfe-bd20eae88981 req-23b7c83d-6da6-4d69-b7b9-87ea9dcde642 123a2441c5f2463da513ffaba3348231 29dce264b30a46a0869abeb9578a6d05 - - fab790142a074d2e87ad130527d97ec0 fab790142a074d2e87ad130527d97ec0] 199.204.45.210 "GET /v2.0/floatingips?fixed_ip_address=10.100.0.7&port_id=6227e926-bbb0-4531-83b6-5021013f24f0 HTTP/1.1" status: 200 len: 217 time: 0.0288196
2026-08-06 02:15:04.392 10 INFO neutron.plugins.ml2.drivers.ovn.mech_driver.mech_driver [None req-91a3dc40-28aa-4ca6-ad5c-ecbb71fb7f26 - - - - - -] OVN reports status up for port: 6227e926-bbb0-4531-83b6-5021013f24f0
2026-08-06 02:15:04.425 9 INFO neutron.wsgi [req-9df18daf-eebb-4826-8bfe-bd20eae88981 req-81b90c4f-6af0-4f0f-b621-d5336eee3eee 123a2441c5f2463da513ffaba3348231 29dce264b30a46a0869abeb9578a6d05 - - fab790142a074d2e87ad130527d97ec0 fab790142a074d2e87ad130527d97ec0] 199.204.45.210 "GET /v2.0/subnets?id=9bfc468b-5d8b-4861-8e4f-3cb38d66b9fc HTTP/1.1" status: 200 len: 853 time: 0.0553291
2026-08-06 02:15:04.436 10 INFO neutron.plugins.ml2.plugin [None req-91a3dc40-28aa-4ca6-ad5c-ecbb71fb7f26 - - - - - -] Attempt 1 to provision port 6227e926-bbb0-4531-83b6-5021013f24f0
2026-08-06 02:15:04.470 9 INFO neutron.wsgi [req-9df18daf-eebb-4826-8bfe-bd20eae88981 req-b5074ceb-8df1-4ce1-983c-ae07e611b35a 123a2441c5f2463da513ffaba3348231 29dce264b30a46a0869abeb9578a6d05 - - fab790142a074d2e87ad130527d97ec0 fab790142a074d2e87ad130527d97ec0] 199.204.45.210 "GET /v2.0/ports?network_id=bbc235d1-b3c2-453f-a52d-3d03dedfaa9a&device_owner=network%3Adhcp HTTP/1.1" status: 200 len: 210 time: 0.0354867
2026-08-06 02:15:04.565 9 INFO neutron.wsgi [req-9df18daf-eebb-4826-8bfe-bd20eae88981 req-6027c83f-950b-478c-a867-8d1959a46569 123a2441c5f2463da513ffaba3348231 29dce264b30a46a0869abeb9578a6d05 - - fab790142a074d2e87ad130527d97ec0 fab790142a074d2e87ad130527d97ec0] 199.204.45.210 "GET /v2.0/networks/bbc235d1-b3c2-453f-a52d-3d03dedfaa9a?fields=segments HTTP/1.1" status: 200 len: 212 time: 0.0874155
2026-08-06 02:15:04.567 10 INFO neutron.notifiers.nova [-] Nova event matching ['req-06271b2c-62e4-4984-8dde-71bb500299e1'] response: {'server_uuid': '06ddfcb9-d3e9-4d4c-8003-e02401fb8424', 'name': 'network-vif-plugged', 'status': 'completed', 'tag': '6227e926-bbb0-4531-83b6-5021013f24f0', 'code': 200}
2026-08-06 02:15:04.654 9 INFO neutron.wsgi [req-9df18daf-eebb-4826-8bfe-bd20eae88981 req-02809508-311f-46a8-a1cb-86b1f2a69b97 123a2441c5f2463da513ffaba3348231 29dce264b30a46a0869abeb9578a6d05 - - fab790142a074d2e87ad130527d97ec0 fab790142a074d2e87ad130527d97ec0] 199.204.45.210 "GET /v2.0/networks/bbc235d1-b3c2-453f-a52d-3d03dedfaa9a?fields=provider%3Aphysical_network&fields=provider%3Anetwork_type HTTP/1.1" status: 200 len: 277 time: 0.0791800
2026-08-06 02:15:04.719 10 INFO neutron.db.ovn_revision_numbers_db [None req-91a3dc40-28aa-4ca6-ad5c-ecbb71fb7f26 - - - - - -] Successfully bumped revision number for resource 6227e926-bbb0-4531-83b6-5021013f24f0 (type: ports) to 4
2026-08-06 02:15:05.181 9 INFO neutron.wsgi [req-736fcb22-e953-4d99-8ad2-703565826d44 req-2a4d46cd-af1e-45ac-aef4-67e1768d1fd4 0ef7ed25845c4a328d678b1082aeeeea 6adfcdff34bf4af2b885205eda36064c - - default default] 10.0.0.189 "GET /v2.0/ports?device_id=06ddfcb9-d3e9-4d4c-8003-e02401fb8424 HTTP/1.1" status: 200 len: 1170 time: 0.0523946
2026-08-06 02:15:05.258 9 INFO neutron.wsgi [req-736fcb22-e953-4d99-8ad2-703565826d44 req-f64d924b-35eb-43c0-8011-8aa4c5cf7f9b 0ef7ed25845c4a328d678b1082aeeeea 6adfcdff34bf4af2b885205eda36064c - - default default] 10.0.0.189 "GET /v2.0/security-groups?id=efd61786-0252-4a26-ade7-982c3da3ac78&fields=id&fields=name HTTP/1.1" status: 200 len: 313 time: 0.0691271
2026-08-06 02:15:05.374 9 INFO neutron.wsgi [req-9db02162-2385-4fc6-bebd-640ca9c2e1d1 req-f38d2dd9-8123-4afd-ad77-80a489d0c02d 0ef7ed25845c4a328d678b1082aeeeea 6adfcdff34bf4af2b885205eda36064c - - default default] 10.0.0.189 "GET /v2.0/ports?device_id=06ddfcb9-d3e9-4d4c-8003-e02401fb8424 HTTP/1.1" status: 200 len: 1170 time: 0.0483060
2026-08-06 02:15:05.427 9 INFO neutron.wsgi [req-9db02162-2385-4fc6-bebd-640ca9c2e1d1 req-d3e87c45-ca7b-4c63-847f-64ae8ad4016c 0ef7ed25845c4a328d678b1082aeeeea 6adfcdff34bf4af2b885205eda36064c - - default default] 10.0.0.189 "GET /v2.0/security-groups?id=efd61786-0252-4a26-ade7-982c3da3ac78&fields=id&fields=name HTTP/1.1" status: 200 len: 313 time: 0.0465419 /var/lib/openstack/lib/python3.10/site-packages/pycadf/identifier.py:71: UserWarning: Invalid uuid: neutron. To ensure interoperability, identifiers should be a valid uuid. warnings.warn(('Invalid uuid: %s. To ensure interoperability, '
2026-08-06 02:15:05.494 10 INFO neutron.wsgi [None req-c9f31f80-c9bd-4739-826f-91098f0d8e2b 33bea08c36a144fc965f9c9807e64575 3f000868d2d3478d90dc8e70beab3304 - - default default] 10.0.0.120 "GET /v2.0/ports?device_id=06ddfcb9-d3e9-4d4c-8003-e02401fb8424 HTTP/1.1" status: 200 len: 1404 time: 0.0318675
2026-08-06 02:15:05.767 10 INFO neutron.db.l3_db [None req-87e6bdb7-a76f-4233-8cb3-7f2c51cfd351 0ef7ed25845c4a328d678b1082aeeeea 6adfcdff34bf4af2b885205eda36064c - - default default] Floating IP f04e3f0b-5ad5-4a50-9cbe-b9b644956a21 associated. External IP: 10.96.250.211, port: 6227e926-bbb0-4531-83b6-5021013f24f0.
2026-08-06 02:15:06.057 10 INFO neutron.db.ovn_revision_numbers_db [None req-87e6bdb7-a76f-4233-8cb3-7f2c51cfd351 0ef7ed25845c4a328d678b1082aeeeea 6adfcdff34bf4af2b885205eda36064c - - default default] Successfully bumped revision number for resource f04e3f0b-5ad5-4a50-9cbe-b9b644956a21 (type: floatingips) to 4
2026-08-06 02:15:06.752 10 INFO neutron.db.ovn_revision_numbers_db [None req-87e6bdb7-a76f-4233-8cb3-7f2c51cfd351 0ef7ed25845c4a328d678b1082aeeeea 6adfcdff34bf4af2b885205eda36064c - - default default] Successfully bumped revision number for resource f04e3f0b-5ad5-4a50-9cbe-b9b644956a21 (type: floatingips) to 5
2026-08-06 02:15:06.758 10 INFO neutron.notifiers.nova [-] Nova event matching ['req-68fee9b0-56b8-4a75-8797-2c892f8321cb'] response: {'server_uuid': '06ddfcb9-d3e9-4d4c-8003-e02401fb8424', 'name': 'network-vif-plugged', 'status': 'completed', 'tag': '6227e926-bbb0-4531-83b6-5021013f24f0', 'code': 200}
2026-08-06 02:15:06.785 10 INFO neutron.wsgi [None req-87e6bdb7-a76f-4233-8cb3-7f2c51cfd351 0ef7ed25845c4a328d678b1082aeeeea 6adfcdff34bf4af2b885205eda36064c - - default default] 10.0.0.120 "PUT /v2.0/floatingips/f04e3f0b-5ad5-4a50-9cbe-b9b644956a21 HTTP/1.1" status: 200 len: 1049 time: 1.2842057 /var/lib/openstack/lib/python3.10/site-packages/pycadf/identifier.py:71: UserWarning: Invalid uuid: neutron. To ensure interoperability, identifiers should be a valid uuid. warnings.warn(('Invalid uuid: %s. To ensure interoperability, '
2026-08-06 02:15:06.835 10 INFO neutron.wsgi [None req-efd75486-86b2-4475-ba02-a885552f65ea 0ef7ed25845c4a328d678b1082aeeeea 6adfcdff34bf4af2b885205eda36064c - - default default] 10.0.0.120 "GET /v2.0/floatingips/f04e3f0b-5ad5-4a50-9cbe-b9b644956a21 HTTP/1.1" status: 200 len: 1051 time: 0.0447235
2026-08-06 02:15:08.615 9 INFO neutron.wsgi [-] 10.0.0.239 "GET / HTTP/1.1" status: 200 len: 247 time: 0.0033405
2026-08-06 02:15:08.618 9 INFO neutron.wsgi [-] 10.0.0.239 "GET / HTTP/1.1" status: 200 len: 247 time: 0.0023358
2026-08-06 02:15:08.806 10 INFO neutron.notifiers.nova [-] Nova event matching ['req-1fc59b6a-5a00-44d6-b41b-93971d157457'] response: {'name': 'network-changed', 'server_uuid': '06ddfcb9-d3e9-4d4c-8003-e02401fb8424', 'tag': '6227e926-bbb0-4531-83b6-5021013f24f0', 'status': 'completed', 'code': 200}
2026-08-06 02:15:08.870 9 INFO neutron.wsgi [req-93557d55-5781-470d-a710-f9930bbfc80f req-9482ba77-455f-4046-8c1d-c7e764910a65 123a2441c5f2463da513ffaba3348231 29dce264b30a46a0869abeb9578a6d05 - - fab790142a074d2e87ad130527d97ec0 fab790142a074d2e87ad130527d97ec0] 199.204.45.210 "GET /v2.0/ports?tenant_id=6adfcdff34bf4af2b885205eda36064c&device_id=06ddfcb9-d3e9-4d4c-8003-e02401fb8424 HTTP/1.1" status: 200 len: 1409 time: 0.0429766
2026-08-06 02:15:08.957 9 INFO neutron.wsgi [req-93557d55-5781-470d-a710-f9930bbfc80f req-de19d5c6-2887-4075-b454-f7cf73a9ddfb 123a2441c5f2463da513ffaba3348231 29dce264b30a46a0869abeb9578a6d05 - - fab790142a074d2e87ad130527d97ec0 fab790142a074d2e87ad130527d97ec0] 199.204.45.210 "GET /v2.0/networks?id=bbc235d1-b3c2-453f-a52d-3d03dedfaa9a HTTP/1.1" status: 200 len: 958 time: 0.0787044
