2026-08-06 02:10:43.955 10 INFO neutron.db.ovn_revision_numbers_db [None req-75dd1ac1-45e5-4cac-b4a9-534a7135d7d0 - - - - - -] Successfully bumped revision number for resource fa3d1d5e-e60a-4384-bada-c586b1f86e0e (type: ports) to 2
2026-08-06 02:10:44.138 9 WARNING neutron.scheduler.dhcp_agent_scheduler [None req-008c674a-640e-4fe1-85ed-d3f5dcd6ced0 2e4a36b2e7ce4b468af7faf9bfc3156a 0f7083d820204f31826693428e1aad01 - - default default] No more DHCP agents
2026-08-06 02:10:44.145 9 WARNING neutron.api.rpc.agentnotifiers.dhcp_rpc_agent_api [None req-008c674a-640e-4fe1-85ed-d3f5dcd6ced0 2e4a36b2e7ce4b468af7faf9bfc3156a 0f7083d820204f31826693428e1aad01 - - default default] Unable to schedule network 81ef48d8-92b6-411c-ac6c-6d5ea50043c4: no agents available; will retry on subsequent port and subnet creation events.
2026-08-06 02:10:44.307 10 INFO neutron.db.ovn_revision_numbers_db [None req-75dd1ac1-45e5-4cac-b4a9-534a7135d7d0 - - - - - -] Successfully bumped revision number for resource fa3d1d5e-e60a-4384-bada-c586b1f86e0e (type: ports) to 4
2026-08-06 02:10:44.324 9 WARNING neutron.scheduler.dhcp_agent_scheduler [None req-e1d52b0d-f03a-41a8-82bc-e3fc6e350284 2e4a36b2e7ce4b468af7faf9bfc3156a 0f7083d820204f31826693428e1aad01 - - default default] No more DHCP agents
2026-08-06 02:10:44.342 9 WARNING neutron.api.rpc.agentnotifiers.dhcp_rpc_agent_api [None req-e1d52b0d-f03a-41a8-82bc-e3fc6e350284 2e4a36b2e7ce4b468af7faf9bfc3156a 0f7083d820204f31826693428e1aad01 - - default default] Unable to schedule network 4f387f7c-b75a-42ca-8295-0d851ae583f5: no agents available; will retry on subsequent port and subnet creation events.
2026-08-06 02:10:44.448 9 INFO neutron.wsgi [None req-eaa7b3f2-d0af-4f5b-9dd9-fccf6f03d52c 2e4a36b2e7ce4b468af7faf9bfc3156a 0f7083d820204f31826693428e1aad01 - - default default] 10.0.0.120 "DELETE /v2.0/security-groups/e16401ac-fd42-4c05-b5c9-ff3ad15475da HTTP/1.1" status: 204 len: 168 time: 0.9737229
2026-08-06 02:10:44.521 9 INFO neutron.db.ovn_revision_numbers_db [None req-d9127323-d1ff-4c8c-9458-fc1a113c9f6d - - - - - -] Successfully bumped revision number for resource 8d9c349b-1445-4308-8277-524e77792c31 (type: ports) to 1
2026-08-06 02:10:44.523 9 WARNING neutron.scheduler.dhcp_agent_scheduler [None req-02502421-0b94-4b10-ad53-64311d4e2c57 2e4a36b2e7ce4b468af7faf9bfc3156a 0f7083d820204f31826693428e1aad01 - - default default] No more DHCP agents
2026-08-06 02:10:44.530 9 WARNING neutron.api.rpc.agentnotifiers.dhcp_rpc_agent_api [None req-02502421-0b94-4b10-ad53-64311d4e2c57 2e4a36b2e7ce4b468af7faf9bfc3156a 0f7083d820204f31826693428e1aad01 - - default default] Unable to schedule network 18c1bed0-bd27-4c9a-b0eb-4c79e195d6f5: no agents available; will retry on subsequent port and subnet creation events.
2026-08-06 02:10:44.534 10 INFO neutron.db.ovn_revision_numbers_db [None req-75dd1ac1-45e5-4cac-b4a9-534a7135d7d0 - - - - - -] Successfully bumped revision number for resource fa3d1d5e-e60a-4384-bada-c586b1f86e0e (type: router_ports) to 4
2026-08-06 02:10:44.594 9 INFO neutron.db.ovn_revision_numbers_db [None req-008c674a-640e-4fe1-85ed-d3f5dcd6ced0 2e4a36b2e7ce4b468af7faf9bfc3156a 0f7083d820204f31826693428e1aad01 - - default default] Successfully bumped revision number for resource 0fc7e46d-0d73-454f-8416-cb379f971f93 (type: ports) to 1
2026-08-06 02:10:44.604 9 INFO neutron.db.ovn_revision_numbers_db [None req-e1d52b0d-f03a-41a8-82bc-e3fc6e350284 2e4a36b2e7ce4b468af7faf9bfc3156a 0f7083d820204f31826693428e1aad01 - - default default] Successfully bumped revision number for resource 3bcf322f-4019-4e99-9381-f92315cdbde2 (type: ports) to 1
2026-08-06 02:10:44.681 9 INFO neutron.wsgi [None req-e1d52b0d-f03a-41a8-82bc-e3fc6e350284 2e4a36b2e7ce4b468af7faf9bfc3156a 0f7083d820204f31826693428e1aad01 - - default default] 10.0.0.120 "POST /v2.0/networks HTTP/1.1" status: 201 len: 946 time: 2.1541228
2026-08-06 02:10:44.683 10 INFO neutron.db.ovn_revision_numbers_db [None req-1d8a2f85-a8c5-4b28-9210-00924f3f5bc4 2e4a36b2e7ce4b468af7faf9bfc3156a 0f7083d820204f31826693428e1aad01 - - default default] Successfully bumped revision number for resource 23feaef4-8e46-4a5a-8910-933e71725c7b (type: security_groups) to 1
2026-08-06 02:10:44.705 10 INFO neutron.db.ovn_revision_numbers_db [None req-1d8a2f85-a8c5-4b28-9210-00924f3f5bc4 2e4a36b2e7ce4b468af7faf9bfc3156a 0f7083d820204f31826693428e1aad01 - - default default] Successfully bumped revision number for resource 0f3138e5-2935-49bf-b585-a4a4328e28f2 (type: security_group_rules) to 0
2026-08-06 02:10:44.723 10 INFO neutron.db.ovn_revision_numbers_db [None req-1d8a2f85-a8c5-4b28-9210-00924f3f5bc4 2e4a36b2e7ce4b468af7faf9bfc3156a 0f7083d820204f31826693428e1aad01 - - default default] Successfully bumped revision number for resource 457c0d6c-8da3-4e2b-ae6f-49378aa5ad0b (type: security_group_rules) to 0
2026-08-06 02:10:44.747 10 INFO neutron.db.ovn_revision_numbers_db [None req-1d8a2f85-a8c5-4b28-9210-00924f3f5bc4 2e4a36b2e7ce4b468af7faf9bfc3156a 0f7083d820204f31826693428e1aad01 - - default default] Successfully bumped revision number for resource 79c409fe-34ee-4f27-871b-3da05f4501e4 (type: security_group_rules) to 0
2026-08-06 02:10:44.760 10 INFO neutron.db.ovn_revision_numbers_db [None req-1d8a2f85-a8c5-4b28-9210-00924f3f5bc4 2e4a36b2e7ce4b468af7faf9bfc3156a 0f7083d820204f31826693428e1aad01 - - default default] Successfully bumped revision number for resource 83541e21-8f57-405c-b470-c4f58fd1a321 (type: security_group_rules) to 0
2026-08-06 02:10:44.791 10 INFO neutron.wsgi [None req-1d8a2f85-a8c5-4b28-9210-00924f3f5bc4 2e4a36b2e7ce4b468af7faf9bfc3156a 0f7083d820204f31826693428e1aad01 - - default default] 10.0.0.120 "GET /v2.0/security-groups?tenant_id=12b42f2e4dba4a19b03725b7bb0b1ffc&name=default HTTP/1.1" status: 200 len: 2992 time: 0.2153835
2026-08-06 02:10:44.877 10 WARNING neutron.scheduler.dhcp_agent_scheduler [None req-94222723-4dd0-4c44-b25f-b22cf6cdc099 2e4a36b2e7ce4b468af7faf9bfc3156a 0f7083d820204f31826693428e1aad01 - - default default] No more DHCP agents
2026-08-06 02:10:44.882 10 WARNING neutron.api.rpc.agentnotifiers.dhcp_rpc_agent_api [None req-94222723-4dd0-4c44-b25f-b22cf6cdc099 2e4a36b2e7ce4b468af7faf9bfc3156a 0f7083d820204f31826693428e1aad01 - - default default] Unable to schedule network 4f387f7c-b75a-42ca-8295-0d851ae583f5: no agents available; will retry on subsequent port and subnet creation events.
2026-08-06 02:10:44.916 10 INFO neutron.plugins.ml2.drivers.ovn.mech_driver.mech_driver [None req-91a3dc40-28aa-4ca6-ad5c-ecbb71fb7f26 - - - - - -] OVN reports status up for port: 8d9c349b-1445-4308-8277-524e77792c31
2026-08-06 02:10:44.942 10 INFO neutron.plugins.ml2.plugin [None req-91a3dc40-28aa-4ca6-ad5c-ecbb71fb7f26 - - - - - -] Attempt 1 to provision port 8d9c349b-1445-4308-8277-524e77792c31
2026-08-06 02:10:45.006 9 INFO neutron.db.ovn_revision_numbers_db [None req-02502421-0b94-4b10-ad53-64311d4e2c57 2e4a36b2e7ce4b468af7faf9bfc3156a 0f7083d820204f31826693428e1aad01 - - default default] Successfully bumped revision number for resource 9f24ccfd-6e60-499f-89d4-32b7984cc7e2 (type: ports) to 1
2026-08-06 02:10:45.208 9 INFO neutron.db.ovn_revision_numbers_db [None req-d9127323-d1ff-4c8c-9458-fc1a113c9f6d - - - - - -] Successfully bumped revision number for resource 8d9c349b-1445-4308-8277-524e77792c31 (type: router_ports) to 3
2026-08-06 02:10:45.251 10 INFO neutron.wsgi [None req-44b0d728-f892-4102-91be-a0336c5591fd 2e4a36b2e7ce4b468af7faf9bfc3156a 0f7083d820204f31826693428e1aad01 - - default default] 10.0.0.120 "DELETE /v2.0/security-groups/23feaef4-8e46-4a5a-8910-933e71725c7b HTTP/1.1" status: 204 len: 168 time: 0.4529114
2026-08-06 02:10:45.461 9 INFO neutron.db.ovn_revision_numbers_db [None req-d9127323-d1ff-4c8c-9458-fc1a113c9f6d - - - - - -] Successfully bumped revision number for resource 8d9c349b-1445-4308-8277-524e77792c31 (type: ports) to 2
2026-08-06 02:10:45.536 9 INFO neutron.plugins.ml2.drivers.ovn.mech_driver.mech_driver [None req-e803c85a-817a-496a-8cdb-88b25cf88c07 - - - - - -] OVN reports status up for port: 0fc7e46d-0d73-454f-8416-cb379f971f93
2026-08-06 02:10:45.554 9 INFO neutron.plugins.ml2.plugin [None req-e803c85a-817a-496a-8cdb-88b25cf88c07 - - - - - -] Attempt 1 to provision port 0fc7e46d-0d73-454f-8416-cb379f971f93
2026-08-06 02:10:45.578 9 INFO neutron.db.ovn_revision_numbers_db [None req-008c674a-640e-4fe1-85ed-d3f5dcd6ced0 2e4a36b2e7ce4b468af7faf9bfc3156a 0f7083d820204f31826693428e1aad01 - - default default] Successfully bumped revision number for resource 0fc7e46d-0d73-454f-8416-cb379f971f93 (type: router_ports) to 1
2026-08-06 02:10:45.604 10 INFO neutron.db.ovn_revision_numbers_db [None req-91a3dc40-28aa-4ca6-ad5c-ecbb71fb7f26 - - - - - -] Successfully bumped revision number for resource 8d9c349b-1445-4308-8277-524e77792c31 (type: ports) to 4
2026-08-06 02:10:45.850 10 INFO neutron.db.ovn_revision_numbers_db [None req-94222723-4dd0-4c44-b25f-b22cf6cdc099 2e4a36b2e7ce4b468af7faf9bfc3156a 0f7083d820204f31826693428e1aad01 - - default default] Successfully bumped revision number for resource 3bcf322f-4019-4e99-9381-f92315cdbde2 (type: ports) to 2
2026-08-06 02:10:45.864 9 INFO neutron.db.ovn_revision_numbers_db [None req-02502421-0b94-4b10-ad53-64311d4e2c57 2e4a36b2e7ce4b468af7faf9bfc3156a 0f7083d820204f31826693428e1aad01 - - default default] Successfully bumped revision number for resource 9f24ccfd-6e60-499f-89d4-32b7984cc7e2 (type: router_ports) to 1
2026-08-06 02:10:45.902 9 INFO neutron.db.ovn_revision_numbers_db [None req-008c674a-640e-4fe1-85ed-d3f5dcd6ced0 2e4a36b2e7ce4b468af7faf9bfc3156a 0f7083d820204f31826693428e1aad01 - - default default] Successfully bumped revision number for resource 0fc7e46d-0d73-454f-8416-cb379f971f93 (type: ports) to 1
2026-08-06 02:10:45.928 10 INFO neutron.db.ovn_revision_numbers_db [None req-94222723-4dd0-4c44-b25f-b22cf6cdc099 2e4a36b2e7ce4b468af7faf9bfc3156a 0f7083d820204f31826693428e1aad01 - - default default] Successfully bumped revision number for resource afc70804-ceed-4640-8a0d-5056d53c4e5a (type: subnets) to 0
2026-08-06 02:10:45.945 10 INFO neutron.wsgi [None req-94222723-4dd0-4c44-b25f-b22cf6cdc099 2e4a36b2e7ce4b468af7faf9bfc3156a 0f7083d820204f31826693428e1aad01 - - default default] 10.0.0.120 "POST /v2.0/subnets HTTP/1.1" status: 201 len: 866 time: 1.2588902
2026-08-06 02:10:45.989 10 INFO neutron.db.ovn_revision_numbers_db [None req-91a3dc40-28aa-4ca6-ad5c-ecbb71fb7f26 - - - - - -] Successfully bumped revision number for resource 8d9c349b-1445-4308-8277-524e77792c31 (type: router_ports) to 4
2026-08-06 02:10:46.034 9 WARNING neutron.scheduler.dhcp_agent_scheduler [None req-008c674a-640e-4fe1-85ed-d3f5dcd6ced0 2e4a36b2e7ce4b468af7faf9bfc3156a 0f7083d820204f31826693428e1aad01 - - default default] No more DHCP agents
2026-08-06 02:10:46.039 9 WARNING neutron.api.rpc.agentnotifiers.dhcp_rpc_agent_api [None req-008c674a-640e-4fe1-85ed-d3f5dcd6ced0 2e4a36b2e7ce4b468af7faf9bfc3156a 0f7083d820204f31826693428e1aad01 - - default default] Unable to schedule network 81ef48d8-92b6-411c-ac6c-6d5ea50043c4: no agents available; will retry on subsequent port and subnet creation events.
2026-08-06 02:10:46.081 9 INFO neutron.db.ovn_revision_numbers_db [None req-02502421-0b94-4b10-ad53-64311d4e2c57 2e4a36b2e7ce4b468af7faf9bfc3156a 0f7083d820204f31826693428e1aad01 - - default default] Successfully bumped revision number for resource 9f24ccfd-6e60-499f-89d4-32b7984cc7e2 (type: ports) to 1
2026-08-06 02:10:46.092 10 INFO neutron.plugins.ml2.drivers.ovn.mech_driver.mech_driver [None req-91a3dc40-28aa-4ca6-ad5c-ecbb71fb7f26 - - - - - -] OVN reports status up for port: 9f24ccfd-6e60-499f-89d4-32b7984cc7e2
2026-08-06 02:10:46.117 10 INFO neutron.plugins.ml2.plugin [None req-91a3dc40-28aa-4ca6-ad5c-ecbb71fb7f26 - - - - - -] Attempt 1 to provision port 9f24ccfd-6e60-499f-89d4-32b7984cc7e2
2026-08-06 02:10:46.131 9 INFO neutron.db.ovn_revision_numbers_db [None req-e803c85a-817a-496a-8cdb-88b25cf88c07 - - - - - -] Successfully bumped revision number for resource 0fc7e46d-0d73-454f-8416-cb379f971f93 (type: ports) to 2
2026-08-06 02:10:46.244 9 WARNING neutron.scheduler.dhcp_agent_scheduler [None req-02502421-0b94-4b10-ad53-64311d4e2c57 2e4a36b2e7ce4b468af7faf9bfc3156a 0f7083d820204f31826693428e1aad01 - - default default] No more DHCP agents
2026-08-06 02:10:46.248 9 WARNING neutron.api.rpc.agentnotifiers.dhcp_rpc_agent_api [None req-02502421-0b94-4b10-ad53-64311d4e2c57 2e4a36b2e7ce4b468af7faf9bfc3156a 0f7083d820204f31826693428e1aad01 - - default default] Unable to schedule network 18c1bed0-bd27-4c9a-b0eb-4c79e195d6f5: no agents available; will retry on subsequent port and subnet creation events.
2026-08-06 02:10:46.351 9 INFO neutron.db.ovn_revision_numbers_db [None req-e803c85a-817a-496a-8cdb-88b25cf88c07 - - - - - -] Successfully bumped revision number for resource 0fc7e46d-0d73-454f-8416-cb379f971f93 (type: router_ports) to 2
2026-08-06 02:10:46.722 10 WARNING neutron.scheduler.dhcp_agent_scheduler [None req-e7f77c5a-4e70-4fdf-9227-e8711d785bf5 2e4a36b2e7ce4b468af7faf9bfc3156a 0f7083d820204f31826693428e1aad01 - - default default] No more DHCP agents
2026-08-06 02:10:46.725 10 WARNING neutron.api.rpc.agentnotifiers.dhcp_rpc_agent_api [None req-e7f77c5a-4e70-4fdf-9227-e8711d785bf5 2e4a36b2e7ce4b468af7faf9bfc3156a 0f7083d820204f31826693428e1aad01 - - default default] Unable to schedule network c1718552-acc5-4458-8d8d-985543294dc5: no agents available; will retry on subsequent port and subnet creation events.
2026-08-06 02:10:46.727 10 INFO neutron.db.ovn_revision_numbers_db [None req-91a3dc40-28aa-4ca6-ad5c-ecbb71fb7f26 - - - - - -] Successfully bumped revision number for resource 9f24ccfd-6e60-499f-89d4-32b7984cc7e2 (type: ports) to 2
2026-08-06 02:10:46.883 10 INFO neutron.db.ovn_revision_numbers_db [None req-91a3dc40-28aa-4ca6-ad5c-ecbb71fb7f26 - - - - - -] Successfully bumped revision number for resource 9f24ccfd-6e60-499f-89d4-32b7984cc7e2 (type: router_ports) to 2
2026-08-06 02:10:46.891 10 INFO neutron.db.ovn_revision_numbers_db [None req-e7f77c5a-4e70-4fdf-9227-e8711d785bf5 2e4a36b2e7ce4b468af7faf9bfc3156a 0f7083d820204f31826693428e1aad01 - - default default] Successfully bumped revision number for resource 422c8bce-9cfe-4678-a081-7df32cfffd23 (type: ports) to 1
2026-08-06 02:10:46.955 9 INFO neutron.db.ovn_revision_numbers_db [None req-008c674a-640e-4fe1-85ed-d3f5dcd6ced0 2e4a36b2e7ce4b468af7faf9bfc3156a 0f7083d820204f31826693428e1aad01 - - default default] Successfully bumped revision number for resource 0fc7e46d-0d73-454f-8416-cb379f971f93 (type: router_ports) to 2
2026-08-06 02:10:46.958 9 INFO neutron.wsgi [None req-008c674a-640e-4fe1-85ed-d3f5dcd6ced0 2e4a36b2e7ce4b468af7faf9bfc3156a 0f7083d820204f31826693428e1aad01 - - default default] 10.0.0.120 "PUT /v2.0/routers/cf7d95a7-b8f3-454e-9415-c9ddb60d8ed9/add_router_interface HTTP/1.1" status: 200 len: 503 time: 4.1068795
2026-08-06 02:10:47.079 9 INFO neutron.wsgi [None req-02502421-0b94-4b10-ad53-64311d4e2c57 2e4a36b2e7ce4b468af7faf9bfc3156a 0f7083d820204f31826693428e1aad01 - - default default] 10.0.0.120 "PUT /v2.0/routers/378eb65a-0c8d-423d-8218-6866395b601d/add_router_interface HTTP/1.1" status: 200 len: 503 time: 3.9866095
2026-08-06 02:10:47.587 10 INFO neutron.plugins.ml2.drivers.ovn.mech_driver.ovsdb.ovsdb_monitor [None req-75dd1ac1-45e5-4cac-b4a9-534a7135d7d0 - - - - - -] Router 83c2130d-6ec8-44b4-b6c8-16e8a90116b2 is bound to host instance
2026-08-06 02:10:47.625 10 INFO neutron.db.ovn_revision_numbers_db [None req-e7f77c5a-4e70-4fdf-9227-e8711d785bf5 2e4a36b2e7ce4b468af7faf9bfc3156a 0f7083d820204f31826693428e1aad01 - - default default] Successfully bumped revision number for resource 422c8bce-9cfe-4678-a081-7df32cfffd23 (type: router_ports) to 1
2026-08-06 02:10:47.819 10 INFO neutron.db.ovn_revision_numbers_db [None req-e7f77c5a-4e70-4fdf-9227-e8711d785bf5 2e4a36b2e7ce4b468af7faf9bfc3156a 0f7083d820204f31826693428e1aad01 - - default default] Successfully bumped revision number for resource 83c2130d-6ec8-44b4-b6c8-16e8a90116b2 (type: routers) to 2
2026-08-06 02:10:47.832 9 INFO neutron.db.ovn_revision_numbers_db [None req-835f2f0c-b6ac-4706-ba8d-b02b42435832 57cbe146d5164e28955722077d25ce8c 5854e022fc744390aa618c8c42c07ea1 - - default default] Successfully bumped revision number for resource c26af22a-3847-4275-9cf0-0912e2bf69a5 (type: security_groups) to 1
2026-08-06 02:10:47.843 10 INFO neutron.wsgi [None req-e7f77c5a-4e70-4fdf-9227-e8711d785bf5 2e4a36b2e7ce4b468af7faf9bfc3156a 0f7083d820204f31826693428e1aad01 - - default default] 10.0.0.120 "POST /v2.0/routers HTTP/1.1" status: 201 len: 877 time: 1.8840871
2026-08-06 02:10:47.862 9 INFO neutron.db.ovn_revision_numbers_db [None req-835f2f0c-b6ac-4706-ba8d-b02b42435832 57cbe146d5164e28955722077d25ce8c 5854e022fc744390aa618c8c42c07ea1 - - default default] Successfully bumped revision number for resource 629c17b2-9534-441e-b14c-57339d10b7e2 (type: security_group_rules) to 0
2026-08-06 02:10:47.878 9 INFO neutron.db.ovn_revision_numbers_db [None req-835f2f0c-b6ac-4706-ba8d-b02b42435832 57cbe146d5164e28955722077d25ce8c 5854e022fc744390aa618c8c42c07ea1 - - default default] Successfully bumped revision number for resource b7ce82b4-80a3-4f43-a00d-a4f4b1cacb3c (type: security_group_rules) to 0
2026-08-06 02:10:47.903 9 INFO neutron.wsgi [None req-835f2f0c-b6ac-4706-ba8d-b02b42435832 57cbe146d5164e28955722077d25ce8c 5854e022fc744390aa618c8c42c07ea1 - - default default] 10.0.0.120 "POST /v2.0/security-groups HTTP/1.1" status: 201 len: 1794 time: 0.2387333
2026-08-06 02:10:48.052 9 INFO neutron.db.ovn_revision_numbers_db [None req-4154b504-5909-4118-9455-c6c7a2fb4440 57cbe146d5164e28955722077d25ce8c 5854e022fc744390aa618c8c42c07ea1 - - default default] Successfully bumped revision number for resource cba7113a-6c64-42ff-8ea9-9411880f8610 (type: security_group_rules) to 0
2026-08-06 02:10:48.082 9 INFO neutron.wsgi [None req-4154b504-5909-4118-9455-c6c7a2fb4440 57cbe146d5164e28955722077d25ce8c 5854e022fc744390aa618c8c42c07ea1 - - default default] 10.0.0.120 "POST /v2.0/security-group-rules HTTP/1.1" status: 201 len: 764 time: 0.1733077
2026-08-06 02:10:48.235 9 INFO neutron.db.ovn_revision_numbers_db [None req-58eb21f2-c669-4111-97f2-e0b1ea6bfce6 57cbe146d5164e28955722077d25ce8c 5854e022fc744390aa618c8c42c07ea1 - - default default] Successfully bumped revision number for resource 53be54fa-beed-4610-b2bf-82ed48e24aef (type: security_group_rules) to 0
2026-08-06 02:10:48.268 9 INFO neutron.wsgi [None req-58eb21f2-c669-4111-97f2-e0b1ea6bfce6 57cbe146d5164e28955722077d25ce8c 5854e022fc744390aa618c8c42c07ea1 - - default default] 10.0.0.120 "POST /v2.0/security-group-rules HTTP/1.1" status: 201 len: 769 time: 0.1798773
2026-08-06 02:10:48.384 9 INFO neutron.db.ovn_revision_numbers_db [req-1a896308-2637-4240-ad19-f37171f91201 req-620eee05-ba8f-4c55-8770-1cfb4b7c7c4c a394bfd97138486fbe45d332ba5569b3 3cc6292027384f038f4ba0faf38951be - - default default] Successfully bumped revision number for resource 79f2324d-5acb-44e9-bcdb-bd77521e41eb (type: security_groups) to 1
2026-08-06 02:10:48.395 10 INFO neutron.db.ovn_revision_numbers_db [None req-75dd1ac1-45e5-4cac-b4a9-534a7135d7d0 - - - - - -] Successfully bumped revision number for resource 422c8bce-9cfe-4678-a081-7df32cfffd23 (type: ports) to 1
2026-08-06 02:10:48.418 9 INFO neutron.db.ovn_revision_numbers_db [req-1a896308-2637-4240-ad19-f37171f91201 req-620eee05-ba8f-4c55-8770-1cfb4b7c7c4c a394bfd97138486fbe45d332ba5569b3 3cc6292027384f038f4ba0faf38951be - - default default] Successfully bumped revision number for resource 203b7477-ff46-4ae9-bcdb-d0809404d796 (type: security_group_rules) to 0
2026-08-06 02:10:48.454 9 INFO neutron.db.ovn_revision_numbers_db [req-1a896308-2637-4240-ad19-f37171f91201 req-620eee05-ba8f-4c55-8770-1cfb4b7c7c4c a394bfd97138486fbe45d332ba5569b3 3cc6292027384f038f4ba0faf38951be - - default default] Successfully bumped revision number for resource 4320b89f-5fcc-4aa1-86da-5d6694aa52c8 (type: security_group_rules) to 0
2026-08-06 02:10:48.464 10 WARNING neutron.scheduler.dhcp_agent_scheduler [None req-ad6fb1f8-ca09-49f8-9030-a1992694fea7 2e4a36b2e7ce4b468af7faf9bfc3156a 0f7083d820204f31826693428e1aad01 - - default default] No more DHCP agents
2026-08-06 02:10:48.472 10 WARNING neutron.api.rpc.agentnotifiers.dhcp_rpc_agent_api [None req-ad6fb1f8-ca09-49f8-9030-a1992694fea7 2e4a36b2e7ce4b468af7faf9bfc3156a 0f7083d820204f31826693428e1aad01 - - default default] Unable to schedule network 4f387f7c-b75a-42ca-8295-0d851ae583f5: no agents available; will retry on subsequent port and subnet creation events.
2026-08-06 02:10:48.486 9 INFO neutron.wsgi [req-1a896308-2637-4240-ad19-f37171f91201 req-620eee05-ba8f-4c55-8770-1cfb4b7c7c4c a394bfd97138486fbe45d332ba5569b3 3cc6292027384f038f4ba0faf38951be - - default default] 10.0.0.189 "POST /v2.0/security-groups HTTP/1.1" status: 201 len: 1827 time: 0.4985414
2026-08-06 02:10:48.667 9 WARNING neutron.scheduler.dhcp_agent_scheduler [None req-c9727a11-23f5-4233-b4b4-352b98064807 57cbe146d5164e28955722077d25ce8c 5854e022fc744390aa618c8c42c07ea1 - - default default] No more DHCP agents
2026-08-06 02:10:48.671 9 WARNING neutron.api.rpc.agentnotifiers.dhcp_rpc_agent_api [None req-c9727a11-23f5-4233-b4b4-352b98064807 57cbe146d5164e28955722077d25ce8c 5854e022fc744390aa618c8c42c07ea1 - - default default] Unable to schedule network c1718552-acc5-4458-8d8d-985543294dc5: no agents available; will retry on subsequent port and subnet creation events.
2026-08-06 02:10:48.680 10 INFO neutron.db.ovn_revision_numbers_db [None req-ad6fb1f8-ca09-49f8-9030-a1992694fea7 2e4a36b2e7ce4b468af7faf9bfc3156a 0f7083d820204f31826693428e1aad01 - - default default] Successfully bumped revision number for resource 27312d73-39b5-45aa-9223-dfe6fdfbf8e5 (type: ports) to 1
2026-08-06 02:10:48.888 10 INFO neutron.db.ovn_revision_numbers_db [None req-75dd1ac1-45e5-4cac-b4a9-534a7135d7d0 - - - - - -] Successfully bumped revision number for resource 422c8bce-9cfe-4678-a081-7df32cfffd23 (type: router_ports) to 3
2026-08-06 02:10:48.983 9 INFO neutron.db.ovn_revision_numbers_db [None req-c9727a11-23f5-4233-b4b4-352b98064807 57cbe146d5164e28955722077d25ce8c 5854e022fc744390aa618c8c42c07ea1 - - default default] Successfully bumped revision number for resource 3f4b2a6d-debc-43de-8b7b-b7d4eb4e38cf (type: floatingips) to 0
2026-08-06 02:10:48.997 9 INFO neutron.wsgi [None req-c9727a11-23f5-4233-b4b4-352b98064807 57cbe146d5164e28955722077d25ce8c 5854e022fc744390aa618c8c42c07ea1 - - default default] 10.0.0.120 "POST /v2.0/floatingips HTTP/1.1" status: 201 len: 751 time: 0.7232900
2026-08-06 02:10:49.055 10 INFO neutron.db.ovn_revision_numbers_db [None req-75dd1ac1-45e5-4cac-b4a9-534a7135d7d0 - - - - - -] Successfully bumped revision number for resource 422c8bce-9cfe-4678-a081-7df32cfffd23 (type: ports) to 2
2026-08-06 02:10:49.287 9 INFO neutron.wsgi [req-b7f31d7e-7282-43b0-8db6-afb6e4cad564 req-0d56f155-2dec-4c4f-98e2-3ba06eb55583 a394bfd97138486fbe45d332ba5569b3 3cc6292027384f038f4ba0faf38951be - - default default] 10.0.0.189 "GET /v2.0/security-groups/79f2324d-5acb-44e9-bcdb-bd77521e41eb HTTP/1.1" status: 200 len: 1822 time: 0.3429167
2026-08-06 02:10:49.373 10 INFO neutron.db.ovn_revision_numbers_db [None req-75dd1ac1-45e5-4cac-b4a9-534a7135d7d0 - - - - - -] Successfully bumped revision number for resource 422c8bce-9cfe-4678-a081-7df32cfffd23 (type: ports) to 4
2026-08-06 02:10:49.404 10 INFO neutron.db.ovn_revision_numbers_db [None req-ad6fb1f8-ca09-49f8-9030-a1992694fea7 2e4a36b2e7ce4b468af7faf9bfc3156a 0f7083d820204f31826693428e1aad01 - - default default] Successfully bumped revision number for resource 27312d73-39b5-45aa-9223-dfe6fdfbf8e5 (type: router_ports) to 1
2026-08-06 02:10:49.557 9 INFO neutron.wsgi [req-6df0f97b-599a-4fb9-a34d-37d7713e9938 req-83567d20-dc63-4bed-a9e3-e9c49ef47d1d 57cbe146d5164e28955722077d25ce8c 5854e022fc744390aa618c8c42c07ea1 - - default default] 10.0.0.189 "GET /v2.0/security-groups?name=tempest-securitygroup--1202020071&fields=id&tenant_id=5854e022fc744390aa618c8c42c07ea1 HTTP/1.1" status: 200 len: 267 time: 0.0610504
2026-08-06 02:10:49.570 10 INFO neutron.db.ovn_revision_numbers_db [None req-ad6fb1f8-ca09-49f8-9030-a1992694fea7 2e4a36b2e7ce4b468af7faf9bfc3156a 0f7083d820204f31826693428e1aad01 - - default default] Successfully bumped revision number for resource 27312d73-39b5-45aa-9223-dfe6fdfbf8e5 (type: ports) to 1
2026-08-06 02:10:49.661 10 WARNING neutron.scheduler.dhcp_agent_scheduler [None req-ad6fb1f8-ca09-49f8-9030-a1992694fea7 2e4a36b2e7ce4b468af7faf9bfc3156a 0f7083d820204f31826693428e1aad01 - - default default] No more DHCP agents
2026-08-06 02:10:49.664 10 WARNING neutron.api.rpc.agentnotifiers.dhcp_rpc_agent_api [None req-ad6fb1f8-ca09-49f8-9030-a1992694fea7 2e4a36b2e7ce4b468af7faf9bfc3156a 0f7083d820204f31826693428e1aad01 - - default default] Unable to schedule network 4f387f7c-b75a-42ca-8295-0d851ae583f5: no agents available; will retry on subsequent port and subnet creation events.
2026-08-06 02:10:49.676 10 INFO neutron.db.ovn_revision_numbers_db [None req-75dd1ac1-45e5-4cac-b4a9-534a7135d7d0 - - - - - -] Successfully bumped revision number for resource 422c8bce-9cfe-4678-a081-7df32cfffd23 (type: router_ports) to 4
2026-08-06 02:10:49.712 9 INFO neutron.wsgi [req-6df0f97b-599a-4fb9-a34d-37d7713e9938 req-1f9c3239-4e94-46bf-b691-a4a77252104c 57cbe146d5164e28955722077d25ce8c 5854e022fc744390aa618c8c42c07ea1 - - default default] 10.0.0.189 "GET /v2.0/networks?id=18c1bed0-bd27-4c9a-b0eb-4c79e195d6f5 HTTP/1.1" status: 200 len: 882 time: 0.1445444
2026-08-06 02:10:49.718 9 INFO neutron.db.ovn_revision_numbers_db [req-b7f31d7e-7282-43b0-8db6-afb6e4cad564 req-059ccebb-c143-4953-b96b-1c8e28aed05d a394bfd97138486fbe45d332ba5569b3 3cc6292027384f038f4ba0faf38951be - - default default] Successfully bumped revision number for resource 90e717cf-08bf-461e-8110-b0e00ab8c688 (type: security_group_rules) to 0
2026-08-06 02:10:49.744 9 INFO neutron.wsgi [req-6df0f97b-599a-4fb9-a34d-37d7713e9938 req-3100f2b2-4b2e-42c5-9dd9-2a4a15ffc604 57cbe146d5164e28955722077d25ce8c 5854e022fc744390aa618c8c42c07ea1 - - default default] 10.0.0.189 "GET /v2.0/quotas/5854e022fc744390aa618c8c42c07ea1 HTTP/1.1" status: 200 len: 386 time: 0.0243840
2026-08-06 02:10:49.749 9 INFO neutron.db.ovn_revision_numbers_db [None req-54ddbb4c-e823-46f3-a66e-8491b3f0bf83 2e4a36b2e7ce4b468af7faf9bfc3156a 0f7083d820204f31826693428e1aad01 - - default default] Successfully bumped revision number for resource 630f4108-98e3-4005-a979-77b00296aabc (type: security_groups) to 1
2026-08-06 02:10:49.782 9 INFO neutron.wsgi [req-b7f31d7e-7282-43b0-8db6-afb6e4cad564 req-059ccebb-c143-4953-b96b-1c8e28aed05d a394bfd97138486fbe45d332ba5569b3 3cc6292027384f038f4ba0faf38951be - - default default] 10.0.0.189 "POST /v2.0/security-group-rules HTTP/1.1" status: 201 len: 786 time: 0.4856172
2026-08-06 02:10:49.791 9 INFO neutron.db.ovn_revision_numbers_db [None req-54ddbb4c-e823-46f3-a66e-8491b3f0bf83 2e4a36b2e7ce4b468af7faf9bfc3156a 0f7083d820204f31826693428e1aad01 - - default default] Successfully bumped revision number for resource 0811f60f-3aea-40ca-a6a3-fe7c0e89b9a4 (type: security_group_rules) to 0
2026-08-06 02:10:49.827 9 INFO neutron.db.ovn_revision_numbers_db [None req-54ddbb4c-e823-46f3-a66e-8491b3f0bf83 2e4a36b2e7ce4b468af7faf9bfc3156a 0f7083d820204f31826693428e1aad01 - - default default] Successfully bumped revision number for resource 42942092-240f-47b8-8ecc-61069839ccca (type: security_group_rules) to 0
2026-08-06 02:10:49.864 9 INFO neutron.db.ovn_revision_numbers_db [None req-54ddbb4c-e823-46f3-a66e-8491b3f0bf83 2e4a36b2e7ce4b468af7faf9bfc3156a 0f7083d820204f31826693428e1aad01 - - default default] Successfully bumped revision number for resource 8692cd44-57ca-4171-9afc-616e1acd0fd0 (type: security_group_rules) to 0
2026-08-06 02:10:49.889 9 INFO neutron.wsgi [req-6df0f97b-599a-4fb9-a34d-37d7713e9938 req-ecab64ff-9e5a-4ebb-a059-09a6105fa611 57cbe146d5164e28955722077d25ce8c 5854e022fc744390aa618c8c42c07ea1 - - default default] 10.0.0.189 "GET /v2.0/ports?tenant_id=5854e022fc744390aa618c8c42c07ea1&fields=id HTTP/1.1" status: 200 len: 302 time: 0.1330926
2026-08-06 02:10:49.894 9 INFO neutron.db.ovn_revision_numbers_db [None req-54ddbb4c-e823-46f3-a66e-8491b3f0bf83 2e4a36b2e7ce4b468af7faf9bfc3156a 0f7083d820204f31826693428e1aad01 - - default default] Successfully bumped revision number for resource b5701b18-9117-49ee-bd8c-f2015275eadd (type: security_group_rules) to 0
2026-08-06 02:10:49.920 9 INFO neutron.wsgi [None req-54ddbb4c-e823-46f3-a66e-8491b3f0bf83 2e4a36b2e7ce4b468af7faf9bfc3156a 0f7083d820204f31826693428e1aad01 - - default default] 10.0.0.120 "GET /v2.0/security-groups?tenant_id=751b2adbdf2d415eb0f7a1eddc0d5c15&name=default HTTP/1.1" status: 200 len: 2996 time: 0.6934407
2026-08-06 02:10:49.977 9 INFO neutron.db.ovn_revision_numbers_db [req-9c542ab9-533f-40f3-8eae-8b0e2241fe00 req-362abc2a-88d6-45dd-b003-a225d311d803 a394bfd97138486fbe45d332ba5569b3 3cc6292027384f038f4ba0faf38951be - - default default] Successfully bumped revision number for resource 25f4a769-c214-4657-9d2a-23361704e41f (type: security_groups) to 1
2026-08-06 02:10:49.993 9 INFO neutron.db.ovn_revision_numbers_db [req-9c542ab9-533f-40f3-8eae-8b0e2241fe00 req-362abc2a-88d6-45dd-b003-a225d311d803 a394bfd97138486fbe45d332ba5569b3 3cc6292027384f038f4ba0faf38951be - - default default] Successfully bumped revision number for resource 9985a055-8c0f-43ab-af13-0f79a1b000ce (type: security_group_rules) to 0
2026-08-06 02:10:50.019 9 INFO neutron.db.ovn_revision_numbers_db [req-9c542ab9-533f-40f3-8eae-8b0e2241fe00 req-362abc2a-88d6-45dd-b003-a225d311d803 a394bfd97138486fbe45d332ba5569b3 3cc6292027384f038f4ba0faf38951be - - default default] Successfully bumped revision number for resource bc1ec001-5ec7-4e2f-8982-85c35df2879e (type: security_group_rules) to 0
2026-08-06 02:10:50.041 9 INFO neutron.wsgi [req-9c542ab9-533f-40f3-8eae-8b0e2241fe00 req-362abc2a-88d6-45dd-b003-a225d311d803 a394bfd97138486fbe45d332ba5569b3 3cc6292027384f038f4ba0faf38951be - - default default] 10.0.0.189 "POST /v2.0/security-groups HTTP/1.1" status: 201 len: 1826 time: 0.2190633
2026-08-06 02:10:50.109 9 INFO neutron.wsgi [req-652422e6-c7e2-421e-ab40-88f1cb26d866 req-cade1561-2579-4102-85ae-8654e60a2645 a394bfd97138486fbe45d332ba5569b3 3cc6292027384f038f4ba0faf38951be - - default default] 10.0.0.189 "GET /v2.0/security-groups/25f4a769-c214-4657-9d2a-23361704e41f HTTP/1.1" status: 200 len: 1821 time: 0.0362790
2026-08-06 02:10:50.244 9 INFO neutron.db.ovn_revision_numbers_db [req-652422e6-c7e2-421e-ab40-88f1cb26d866 req-33bee5d2-4d64-4e6b-b969-8d8b1a983654 a394bfd97138486fbe45d332ba5569b3 3cc6292027384f038f4ba0faf38951be - - default default] Successfully bumped revision number for resource 749fe435-8595-4cb6-837b-c9a67ecb5a8f (type: security_group_rules) to 0
2026-08-06 02:10:50.272 9 INFO neutron.wsgi [req-652422e6-c7e2-421e-ab40-88f1cb26d866 req-33bee5d2-4d64-4e6b-b969-8d8b1a983654 a394bfd97138486fbe45d332ba5569b3 3cc6292027384f038f4ba0faf38951be - - default default] 10.0.0.189 "POST /v2.0/security-group-rules HTTP/1.1" status: 201 len: 786 time: 0.1569657
2026-08-06 02:10:50.311 10 INFO neutron.wsgi [None req-5080dcc7-ba64-4f9a-b0c4-acae9f998431 2e4a36b2e7ce4b468af7faf9bfc3156a 0f7083d820204f31826693428e1aad01 - - default default] 10.0.0.120 "DELETE /v2.0/security-groups/630f4108-98e3-4005-a979-77b00296aabc HTTP/1.1" status: 204 len: 168 time: 0.3791435
2026-08-06 02:10:50.334 9 INFO neutron.wsgi [req-6df0f97b-599a-4fb9-a34d-37d7713e9938 req-008af8b1-fe7d-44db-8314-3794c6ec483f 123a2441c5f2463da513ffaba3348231 29dce264b30a46a0869abeb9578a6d05 - - fab790142a074d2e87ad130527d97ec0 fab790142a074d2e87ad130527d97ec0] 10.0.0.189 "GET /v2.0/extensions HTTP/1.1" status: 200 len: 16525 time: 0.0611103
2026-08-06 02:10:50.364 9 INFO neutron.wsgi [req-d559901f-a09b-4098-831f-89ee7049b76e req-6abfc4c3-a6e0-4065-94bd-271793186484 a394bfd97138486fbe45d332ba5569b3 3cc6292027384f038f4ba0faf38951be - - default default] 10.0.0.189 "GET /v2.0/security-groups/25f4a769-c214-4657-9d2a-23361704e41f HTTP/1.1" status: 200 len: 2414 time: 0.0658855
2026-08-06 02:10:50.425 9 INFO neutron.wsgi [req-6df0f97b-599a-4fb9-a34d-37d7713e9938 req-8f8960d9-22b7-4a27-b0cf-bf24c7a76f3a 123a2441c5f2463da513ffaba3348231 29dce264b30a46a0869abeb9578a6d05 - - fab790142a074d2e87ad130527d97ec0 fab790142a074d2e87ad130527d97ec0] 10.0.0.189 "GET /v2.0/networks/18c1bed0-bd27-4c9a-b0eb-4c79e195d6f5?fields=segments HTTP/1.1" status: 200 len: 212 time: 0.0845790
2026-08-06 02:10:50.509 9 INFO neutron.wsgi [req-6df0f97b-599a-4fb9-a34d-37d7713e9938 req-f36b2e75-2f4a-4b64-850a-156b319f4625 123a2441c5f2463da513ffaba3348231 29dce264b30a46a0869abeb9578a6d05 - - fab790142a074d2e87ad130527d97ec0 fab790142a074d2e87ad130527d97ec0] 10.0.0.189 "GET /v2.0/networks/18c1bed0-bd27-4c9a-b0eb-4c79e195d6f5?fields=provider%3Aphysical_network&fields=provider%3Anetwork_type HTTP/1.1" status: 200 len: 277 time: 0.0765355
2026-08-06 02:10:50.567 10 INFO neutron.db.ovn_revision_numbers_db [None req-66ceb358-fe93-4b6e-8eed-af7ca2da22e6 2e4a36b2e7ce4b468af7faf9bfc3156a 0f7083d820204f31826693428e1aad01 - - default default] Successfully bumped revision number for resource 6a7204a5-3999-4b51-bf26-ed0538211ed5 (type: security_groups) to 1
2026-08-06 02:10:50.567 9 INFO neutron.db.ovn_revision_numbers_db [req-d559901f-a09b-4098-831f-89ee7049b76e req-83c62dfe-337b-48a1-bd7b-32d794962df1 a394bfd97138486fbe45d332ba5569b3 3cc6292027384f038f4ba0faf38951be - - default default] Successfully bumped revision number for resource 0d5bc8fa-afa5-4828-9825-81f854c1d2d4 (type: security_group_rules) to 0
2026-08-06 02:10:50.592 10 INFO neutron.db.ovn_revision_numbers_db [None req-66ceb358-fe93-4b6e-8eed-af7ca2da22e6 2e4a36b2e7ce4b468af7faf9bfc3156a 0f7083d820204f31826693428e1aad01 - - default default] Successfully bumped revision number for resource c7afd57d-01c3-45f6-821c-e5bfbadd68c1 (type: security_group_rules) to 0
2026-08-06 02:10:50.604 9 INFO neutron.wsgi [req-d559901f-a09b-4098-831f-89ee7049b76e req-83c62dfe-337b-48a1-bd7b-32d794962df1 a394bfd97138486fbe45d332ba5569b3 3cc6292027384f038f4ba0faf38951be - - default default] 10.0.0.189 "POST /v2.0/security-group-rules HTTP/1.1" status: 201 len: 791 time: 0.2345893
2026-08-06 02:10:50.605 10 INFO neutron.db.ovn_revision_numbers_db [None req-ad6fb1f8-ca09-49f8-9030-a1992694fea7 2e4a36b2e7ce4b468af7faf9bfc3156a 0f7083d820204f31826693428e1aad01 - - default default] Successfully bumped revision number for resource 27312d73-39b5-45aa-9223-dfe6fdfbf8e5 (type: router_ports) to 1
2026-08-06 02:10:50.608 10 INFO neutron.wsgi [None req-ad6fb1f8-ca09-49f8-9030-a1992694fea7 2e4a36b2e7ce4b468af7faf9bfc3156a 0f7083d820204f31826693428e1aad01 - - default default] 10.0.0.120 "PUT /v2.0/routers/83c2130d-6ec8-44b4-b6c8-16e8a90116b2/add_router_interface HTTP/1.1" status: 200 len: 503 time: 2.7555072
2026-08-06 02:10:50.612 10 INFO neutron.db.ovn_revision_numbers_db [None req-66ceb358-fe93-4b6e-8eed-af7ca2da22e6 2e4a36b2e7ce4b468af7faf9bfc3156a 0f7083d820204f31826693428e1aad01 - - default default] Successfully bumped revision number for resource d9e62009-674f-45f7-997c-278b80586835 (type: security_group_rules) to 0
2026-08-06 02:10:50.627 10 INFO neutron.db.ovn_revision_numbers_db [None req-66ceb358-fe93-4b6e-8eed-af7ca2da22e6 2e4a36b2e7ce4b468af7faf9bfc3156a 0f7083d820204f31826693428e1aad01 - - default default] Successfully bumped revision number for resource df5a3066-f7cd-4ec8-897f-22c6696d57d4 (type: security_group_rules) to 0
2026-08-06 02:10:50.642 10 INFO neutron.db.ovn_revision_numbers_db [None req-66ceb358-fe93-4b6e-8eed-af7ca2da22e6 2e4a36b2e7ce4b468af7faf9bfc3156a 0f7083d820204f31826693428e1aad01 - - default default] Successfully bumped revision number for resource f9d5b000-81b5-4929-ba31-b645066e7423 (type: security_group_rules) to 0
2026-08-06 02:10:50.666 10 INFO neutron.wsgi [None req-66ceb358-fe93-4b6e-8eed-af7ca2da22e6 2e4a36b2e7ce4b468af7faf9bfc3156a 0f7083d820204f31826693428e1aad01 - - default default] 10.0.0.120 "GET /v2.0/security-groups?tenant_id=dd536e36a135466a92e64613e00c8a10&name=default HTTP/1.1" status: 200 len: 2996 time: 0.2226248
2026-08-06 02:10:50.669 9 INFO neutron.wsgi [req-42a0dccc-905e-4903-afc9-f7611c3b089c req-64e2ff24-7391-45d4-aa46-f872cc2621e3 a394bfd97138486fbe45d332ba5569b3 3cc6292027384f038f4ba0faf38951be - - default default] 10.0.0.189 "GET /v2.0/security-groups/25f4a769-c214-4657-9d2a-23361704e41f HTTP/1.1" status: 200 len: 3012 time: 0.0373378
2026-08-06 02:10:50.725 9 INFO neutron.wsgi [req-8311cdad-10e3-4081-8b6b-a51ded1e688b req-975e9c7a-c6c8-4aed-b9cb-b5c357f7aafd 57cbe146d5164e28955722077d25ce8c 5854e022fc744390aa618c8c42c07ea1 - - default default] 10.0.0.189 "GET /v2.0/ports?device_id=0ce9f996-f6cf-4ef2-8852-05ef323798c7 HTTP/1.1" status: 200 len: 210 time: 0.0328515
2026-08-06 02:10:50.731 9 INFO neutron.wsgi [req-b0fe803b-cfd4-462b-9313-31cae76e4788 req-2eb6de14-34b4-43c3-a19d-90c8f88c034c a394bfd97138486fbe45d332ba5569b3 3cc6292027384f038f4ba0faf38951be - - default default] 10.0.0.189 "GET /v2.0/security-group-rules/0d5bc8fa-afa5-4828-9825-81f854c1d2d4 HTTP/1.1" status: 200 len: 783 time: 0.0282457
2026-08-06 02:10:50.786 9 INFO neutron.wsgi [req-b0fe803b-cfd4-462b-9313-31cae76e4788 req-247aab8a-8eb5-4476-b99c-94d70751f9f3 a394bfd97138486fbe45d332ba5569b3 3cc6292027384f038f4ba0faf38951be - - default default] 10.0.0.189 "GET /v2.0/security-groups/25f4a769-c214-4657-9d2a-23361704e41f HTTP/1.1" status: 200 len: 3012 time: 0.0433145
2026-08-06 02:10:50.883 10 INFO neutron.wsgi [None req-1ec0b7c6-b53a-431d-a919-5a7e1cce5664 2e4a36b2e7ce4b468af7faf9bfc3156a 0f7083d820204f31826693428e1aad01 - - default default] 10.0.0.120 "DELETE /v2.0/security-groups/6a7204a5-3999-4b51-bf26-ed0538211ed5 HTTP/1.1" status: 204 len: 168 time: 0.2112708
2026-08-06 02:10:50.917 9 INFO neutron.wsgi [req-b0fe803b-cfd4-462b-9313-31cae76e4788 req-b16475d2-56ea-4161-9e5d-1509c679fecc a394bfd97138486fbe45d332ba5569b3 3cc6292027384f038f4ba0faf38951be - - default default] 10.0.0.189 "DELETE /v2.0/security-group-rules/0d5bc8fa-afa5-4828-9825-81f854c1d2d4 HTTP/1.1" status: 204 len: 173 time: 0.1232424
2026-08-06 02:10:50.983 9 INFO neutron.wsgi [req-cf6364bd-7501-4d72-aac8-4de957f32928 req-f8833a83-46af-41a2-97ca-3dc82ee2f39c a394bfd97138486fbe45d332ba5569b3 3cc6292027384f038f4ba0faf38951be - - default default] 10.0.0.189 "GET /v2.0/security-groups/25f4a769-c214-4657-9d2a-23361704e41f HTTP/1.1" status: 200 len: 2414 time: 0.0407474
2026-08-06 02:10:51.155 9 INFO neutron.wsgi [req-cf6364bd-7501-4d72-aac8-4de957f32928 req-3b2aec11-0354-42cf-9046-e94f19cdb9be a394bfd97138486fbe45d332ba5569b3 3cc6292027384f038f4ba0faf38951be - - default default] 10.0.0.189 "DELETE /v2.0/security-groups/25f4a769-c214-4657-9d2a-23361704e41f HTTP/1.1" status: 204 len: 173 time: 0.1620300
2026-08-06 02:10:51.370 9 WARNING neutron.plugins.ml2.drivers.ovn.mech_driver.ovsdb.ovn_client [None req-e803c85a-817a-496a-8cdb-88b25cf88c07 - - - - - -] No hosting information found for port 0fc7e46d-0d73-454f-8416-cb379f971f93: RuntimeError: No hosting information found for port 0fc7e46d-0d73-454f-8416-cb379f971f93
2026-08-06 02:10:51.370 9 INFO neutron.plugins.ml2.drivers.ovn.mech_driver.mech_driver [None req-e803c85a-817a-496a-8cdb-88b25cf88c07 - - - - - -] OVN reports status up for port: 422c8bce-9cfe-4678-a081-7df32cfffd23
2026-08-06 02:10:51.390 9 INFO neutron.plugins.ml2.plugin [None req-e803c85a-817a-496a-8cdb-88b25cf88c07 - - - - - -] Attempt 1 to provision port 422c8bce-9cfe-4678-a081-7df32cfffd23
2026-08-06 02:10:51.412 9 INFO neutron.wsgi [req-e1630444-1add-41ce-92a9-4bb53c639fbd req-82d72abc-5ad3-4d2a-84a9-24c01c17b7ae a394bfd97138486fbe45d332ba5569b3 3cc6292027384f038f4ba0faf38951be - - default default] 10.0.0.189 "GET /v2.0/security-groups/79f2324d-5acb-44e9-bcdb-bd77521e41eb HTTP/1.1" status: 200 len: 2415 time: 0.0662100
2026-08-06 02:10:51.471 9 INFO neutron.db.ovn_revision_numbers_db [req-30c01852-5283-45fa-847f-33534ed5ffad req-e2ad449e-946b-440a-9a82-47b487dc4a59 c70bd76ee5fe49e9b1aba44ee43bd526 1488f3bd1d17422bb45a5e78e76e472c - - default default] Successfully bumped revision number for resource f53bab9f-eb6b-44c3-b7ff-b2583ddaf67d (type: security_groups) to 1
2026-08-06 02:10:51.514 9 INFO neutron.db.ovn_revision_numbers_db [req-30c01852-5283-45fa-847f-33534ed5ffad req-e2ad449e-946b-440a-9a82-47b487dc4a59 c70bd76ee5fe49e9b1aba44ee43bd526 1488f3bd1d17422bb45a5e78e76e472c - - default default] Successfully bumped revision number for resource 677e3f50-0643-4bf4-9ffe-f20418a99156 (type: security_group_rules) to 0
2026-08-06 02:10:51.538 9 INFO neutron.db.ovn_revision_numbers_db [req-30c01852-5283-45fa-847f-33534ed5ffad req-e2ad449e-946b-440a-9a82-47b487dc4a59 c70bd76ee5fe49e9b1aba44ee43bd526 1488f3bd1d17422bb45a5e78e76e472c - - default default] Successfully bumped revision number for resource 780bd15a-e86b-40be-ab45-84b7a18ea9fd (type: security_group_rules) to 0
2026-08-06 02:10:51.575 9 INFO neutron.wsgi [req-30c01852-5283-45fa-847f-33534ed5ffad req-e2ad449e-946b-440a-9a82-47b487dc4a59 c70bd76ee5fe49e9b1aba44ee43bd526 1488f3bd1d17422bb45a5e78e76e472c - - default default] 10.0.0.189 "POST /v2.0/security-groups HTTP/1.1" status: 201 len: 1822 time: 0.2958832
2026-08-06 02:10:51.631 9 INFO neutron.wsgi [req-e1630444-1add-41ce-92a9-4bb53c639fbd req-967742e8-c1ca-48b3-9d63-7be479ef2f51 a394bfd97138486fbe45d332ba5569b3 3cc6292027384f038f4ba0faf38951be - - default default] 10.0.0.189 "DELETE /v2.0/security-groups/79f2324d-5acb-44e9-bcdb-bd77521e41eb HTTP/1.1" status: 204 len: 173 time: 0.2072463
2026-08-06 02:10:51.728 9 INFO neutron.db.ovn_revision_numbers_db [req-88599f51-0898-483c-abd9-b2882bffa97a req-61c4639c-f3a0-4dc3-83d7-e57b09b7231c c70bd76ee5fe49e9b1aba44ee43bd526 1488f3bd1d17422bb45a5e78e76e472c - - default default] Successfully bumped revision number for resource 6af2d786-2335-4361-8e4f-69a2dcf8893c (type: security_groups) to 1
2026-08-06 02:10:51.750 9 INFO neutron.db.ovn_revision_numbers_db [req-88599f51-0898-483c-abd9-b2882bffa97a req-61c4639c-f3a0-4dc3-83d7-e57b09b7231c c70bd76ee5fe49e9b1aba44ee43bd526 1488f3bd1d17422bb45a5e78e76e472c - - default default] Successfully bumped revision number for resource 09954102-5bd0-4cd9-9d17-740b6c7ccfcc (type: security_group_rules) to 0
2026-08-06 02:10:51.774 9 INFO neutron.db.ovn_revision_numbers_db [req-88599f51-0898-483c-abd9-b2882bffa97a req-61c4639c-f3a0-4dc3-83d7-e57b09b7231c c70bd76ee5fe49e9b1aba44ee43bd526 1488f3bd1d17422bb45a5e78e76e472c - - default default] Successfully bumped revision number for resource 34a2673e-bec8-45a4-97cc-f18ad32b8c89 (type: security_group_rules) to 0
2026-08-06 02:10:51.794 9 INFO neutron.wsgi [req-88599f51-0898-483c-abd9-b2882bffa97a req-61c4639c-f3a0-4dc3-83d7-e57b09b7231c c70bd76ee5fe49e9b1aba44ee43bd526 1488f3bd1d17422bb45a5e78e76e472c - - default default] 10.0.0.189 "POST /v2.0/security-groups HTTP/1.1" status: 201 len: 1822 time: 0.1925876
2026-08-06 02:10:51.850 9 INFO neutron.wsgi [req-3a9c6429-38c4-4b88-a5d3-fddd7b39b628 req-cb9319c0-5c01-4ceb-b414-a3e7f74d8fa8 57cbe146d5164e28955722077d25ce8c 5854e022fc744390aa618c8c42c07ea1 - - default default] 10.0.0.189 "GET /v2.0/ports?device_id=0ce9f996-f6cf-4ef2-8852-05ef323798c7 HTTP/1.1" status: 200 len: 210 time: 0.0219150
2026-08-06 02:10:51.937 9 INFO neutron.db.ovn_revision_numbers_db [req-1f959393-64ee-4f74-8020-f3d0977b6c9d req-9729a6fe-d912-4792-8dd5-4df12481a694 c70bd76ee5fe49e9b1aba44ee43bd526 1488f3bd1d17422bb45a5e78e76e472c - - default default] Successfully bumped revision number for resource 14f20683-174f-465e-ad7a-c58245c3aaf5 (type: security_groups) to 1
2026-08-06 02:10:51.957 9 INFO neutron.db.ovn_revision_numbers_db [req-1f959393-64ee-4f74-8020-f3d0977b6c9d req-9729a6fe-d912-4792-8dd5-4df12481a694 c70bd76ee5fe49e9b1aba44ee43bd526 1488f3bd1d17422bb45a5e78e76e472c - - default default] Successfully bumped revision number for resource 320be169-e559-427b-94ce-8bacb706523f (type: security_group_rules) to 0
2026-08-06 02:10:51.975 9 INFO neutron.db.ovn_revision_numbers_db [req-1f959393-64ee-4f74-8020-f3d0977b6c9d req-9729a6fe-d912-4792-8dd5-4df12481a694 c70bd76ee5fe49e9b1aba44ee43bd526 1488f3bd1d17422bb45a5e78e76e472c - - default default] Successfully bumped revision number for resource ff92b16b-6fa7-47c4-9fd9-95a154712b8f (type: security_group_rules) to 0
2026-08-06 02:10:51.995 9 INFO neutron.wsgi [req-1f959393-64ee-4f74-8020-f3d0977b6c9d req-9729a6fe-d912-4792-8dd5-4df12481a694 c70bd76ee5fe49e9b1aba44ee43bd526 1488f3bd1d17422bb45a5e78e76e472c - - default default] 10.0.0.189 "POST /v2.0/security-groups HTTP/1.1" status: 201 len: 1822 time: 0.1815917
2026-08-06 02:10:52.129 9 INFO neutron.wsgi [req-eae59782-0cfa-4380-ac88-d019fefa221a req-04c5a0e8-75be-4d48-a2e7-3b053d87585c c70bd76ee5fe49e9b1aba44ee43bd526 1488f3bd1d17422bb45a5e78e76e472c - - default default] 10.0.0.189 "GET /v2.0/security-groups?tenant_id=1488f3bd1d17422bb45a5e78e76e472c HTTP/1.1" status: 200 len: 7794 time: 0.0886507
2026-08-06 02:10:52.188 9 INFO neutron.wsgi [req-eae59782-0cfa-4380-ac88-d019fefa221a req-64ab05e6-ed2f-4e24-84d5-1c303611ac46 c70bd76ee5fe49e9b1aba44ee43bd526 1488f3bd1d17422bb45a5e78e76e472c - - default default] 10.0.0.189 "GET /v2.0/security-groups/e0725158-759f-42b6-bc67-ac816c3c0064 HTTP/1.1" status: 200 len: 2994 time: 0.0538280
2026-08-06 02:10:52.223 9 INFO neutron.wsgi [req-eae59782-0cfa-4380-ac88-d019fefa221a req-0aa3c595-6f0d-4498-885b-a0f7f66e8931 c70bd76ee5fe49e9b1aba44ee43bd526 1488f3bd1d17422bb45a5e78e76e472c - - default default] 10.0.0.189 "GET /v2.0/security-groups/e0725158-759f-42b6-bc67-ac816c3c0064 HTTP/1.1" status: 200 len: 2994 time: 0.0306411
2026-08-06 02:10:52.289 9 INFO neutron.wsgi [req-d6fb5f33-4ab7-495a-abc8-f21552cb7063 req-c8d9220d-91d1-48b1-88e4-b5140afa4412 c70bd76ee5fe49e9b1aba44ee43bd526 1488f3bd1d17422bb45a5e78e76e472c - - default default] 10.0.0.189 "GET /v2.0/security-groups/f53bab9f-eb6b-44c3-b7ff-b2583ddaf67d HTTP/1.1" status: 200 len: 1817 time: 0.0269206
2026-08-06 02:10:52.423 9 INFO neutron.wsgi [req-d6fb5f33-4ab7-495a-abc8-f21552cb7063 req-718b72e8-3497-4553-8394-1ca22720c9f5 c70bd76ee5fe49e9b1aba44ee43bd526 1488f3bd1d17422bb45a5e78e76e472c - - default default] 10.0.0.189 "DELETE /v2.0/security-groups/f53bab9f-eb6b-44c3-b7ff-b2583ddaf67d HTTP/1.1" status: 204 len: 173 time: 0.1262000
2026-08-06 02:10:52.470 9 INFO neutron.api.v2.resource [req-cde3b9a3-8865-47b8-88aa-66a05ecb3481 req-7a5bbf05-fade-4154-a599-d589b3b65af9 c70bd76ee5fe49e9b1aba44ee43bd526 1488f3bd1d17422bb45a5e78e76e472c - - default default] show failed (client error): The resource could not be found.
2026-08-06 02:10:52.471 9 INFO neutron.wsgi [req-cde3b9a3-8865-47b8-88aa-66a05ecb3481 req-7a5bbf05-fade-4154-a599-d589b3b65af9 c70bd76ee5fe49e9b1aba44ee43bd526 1488f3bd1d17422bb45a5e78e76e472c - - default default] 10.0.0.189 "GET /v2.0/security-groups/f53bab9f-eb6b-44c3-b7ff-b2583ddaf67d HTTP/1.1" status: 404 len: 352 time: 0.0146623
2026-08-06 02:10:52.527 9 INFO neutron.wsgi [req-2205ff04-eb8f-482a-8549-c040196c783d req-89fafe38-fb7c-4f87-9a3e-fcaae8136870 c70bd76ee5fe49e9b1aba44ee43bd526 1488f3bd1d17422bb45a5e78e76e472c - - default default] 10.0.0.189 "GET /v2.0/security-groups/6af2d786-2335-4361-8e4f-69a2dcf8893c HTTP/1.1" status: 200 len: 1817 time: 0.0327723
2026-08-06 02:10:52.648 9 INFO neutron.wsgi [req-2205ff04-eb8f-482a-8549-c040196c783d req-02ad4a3e-fce7-449b-88f5-28d654d1c529 c70bd76ee5fe49e9b1aba44ee43bd526 1488f3bd1d17422bb45a5e78e76e472c - - default default] 10.0.0.189 "DELETE /v2.0/security-groups/6af2d786-2335-4361-8e4f-69a2dcf8893c HTTP/1.1" status: 204 len: 173 time: 0.1111677
2026-08-06 02:10:52.684 9 INFO neutron.api.v2.resource [req-bff9e32f-f296-4582-8d72-ed14184608af req-508a9c29-19d8-41a6-97ca-81dff0678c40 c70bd76ee5fe49e9b1aba44ee43bd526 1488f3bd1d17422bb45a5e78e76e472c - - default default] show failed (client error): The resource could not be found.
2026-08-06 02:10:52.685 9 INFO neutron.wsgi [req-bff9e32f-f296-4582-8d72-ed14184608af req-508a9c29-19d8-41a6-97ca-81dff0678c40 c70bd76ee5fe49e9b1aba44ee43bd526 1488f3bd1d17422bb45a5e78e76e472c - - default default] 10.0.0.189 "GET /v2.0/security-groups/6af2d786-2335-4361-8e4f-69a2dcf8893c HTTP/1.1" status: 404 len: 352 time: 0.0156753
2026-08-06 02:10:52.693 10 INFO neutron.wsgi [req-6df0f97b-599a-4fb9-a34d-37d7713e9938 req-590969df-42c9-475a-8b84-5cd0f1f0f2bf 57cbe146d5164e28955722077d25ce8c 5854e022fc744390aa618c8c42c07ea1 - - default default] 199.204.45.210 "GET /v2.0/networks?id=18c1bed0-bd27-4c9a-b0eb-4c79e195d6f5 HTTP/1.1" status: 200 len: 882 time: 0.3219862
2026-08-06 02:10:52.747 9 INFO neutron.wsgi [req-812588f9-7a49-49c5-83e9-326e8b1a35bd req-d7fd7c07-573e-41ed-8be7-8be15dac719d c70bd76ee5fe49e9b1aba44ee43bd526 1488f3bd1d17422bb45a5e78e76e472c - - default default] 10.0.0.189 "GET /v2.0/security-groups/14f20683-174f-465e-ad7a-c58245c3aaf5 HTTP/1.1" status: 200 len: 1817 time: 0.0396280
2026-08-06 02:10:52.785 10 INFO neutron.wsgi [req-6df0f97b-599a-4fb9-a34d-37d7713e9938 req-8f5edb06-048c-46ad-8805-03790229b57e 57cbe146d5164e28955722077d25ce8c 5854e022fc744390aa618c8c42c07ea1 - - default default] 199.204.45.210 "GET /v2.0/security-groups?fields=id&fields=name&tenant_id=5854e022fc744390aa618c8c42c07ea1 HTTP/1.1" status: 200 len: 380 time: 0.0658350
2026-08-06 02:10:52.883 9 INFO neutron.wsgi [req-812588f9-7a49-49c5-83e9-326e8b1a35bd req-fcd145ff-1645-4582-a29d-b6ae1f5252d1 c70bd76ee5fe49e9b1aba44ee43bd526 1488f3bd1d17422bb45a5e78e76e472c - - default default] 10.0.0.189 "DELETE /v2.0/security-groups/14f20683-174f-465e-ad7a-c58245c3aaf5 HTTP/1.1" status: 204 len: 173 time: 0.1217647
