2026-08-06 02:11:28.545 9 WARNING neutron.api.rpc.agentnotifiers.dhcp_rpc_agent_api [None req-c8a2a88e-10b5-4cec-a2d9-93e1dde4507a 70b75a6ed5414efc967b6d359da28cfa 7b5978ad97034e1b838e28751ffe509c - - default default] Unable to schedule network 60c3ae0a-2630-4ab0-ae09-974b9076e85a: no agents available; will retry on subsequent port and subnet creation events.
2026-08-06 02:11:28.700 10 INFO neutron.wsgi [None req-6d9e84b8-011a-4fb6-8ec7-0c5302305e43 2e4a36b2e7ce4b468af7faf9bfc3156a 0f7083d820204f31826693428e1aad01 - - default default] 10.0.0.120 "PUT /v2.0/routers/378eb65a-0c8d-423d-8218-6866395b601d/remove_router_interface HTTP/1.1" status: 200 len: 503 time: 1.4602070 /var/lib/openstack/lib/python3.10/site-packages/pycadf/identifier.py:71: UserWarning: Invalid uuid: neutron. To ensure interoperability, identifiers should be a valid uuid. warnings.warn(('Invalid uuid: %s. To ensure interoperability, '
2026-08-06 02:11:28.897 9 INFO neutron.db.ovn_revision_numbers_db [None req-c8a2a88e-10b5-4cec-a2d9-93e1dde4507a 70b75a6ed5414efc967b6d359da28cfa 7b5978ad97034e1b838e28751ffe509c - - default default] Successfully bumped revision number for resource bc9c6a8e-e3ba-4f4e-8e19-9f05a2e8ed0b (type: ports) to 1
2026-08-06 02:11:28.925 9 INFO neutron.wsgi [None req-c8a2a88e-10b5-4cec-a2d9-93e1dde4507a 70b75a6ed5414efc967b6d359da28cfa 7b5978ad97034e1b838e28751ffe509c - - default default] 10.0.0.120 "POST /v2.0/networks HTTP/1.1" status: 201 len: 835 time: 0.9320190
2026-08-06 02:11:29.003 10 INFO neutron.db.ovn_revision_numbers_db [None req-bab03b27-ed35-45d5-99d5-aee246e1398c 2e4a36b2e7ce4b468af7faf9bfc3156a 0f7083d820204f31826693428e1aad01 - - default default] Successfully bumped revision number for resource 2f716e02-688f-466b-a12a-8e36f836ab83 (type: security_groups) to 1
2026-08-06 02:11:29.031 10 INFO neutron.db.ovn_revision_numbers_db [None req-bab03b27-ed35-45d5-99d5-aee246e1398c 2e4a36b2e7ce4b468af7faf9bfc3156a 0f7083d820204f31826693428e1aad01 - - default default] Successfully bumped revision number for resource 2395315c-4910-4ca2-bbfc-e6258fa0e1a0 (type: security_group_rules) to 0
2026-08-06 02:11:29.064 10 INFO neutron.db.ovn_revision_numbers_db [None req-bab03b27-ed35-45d5-99d5-aee246e1398c 2e4a36b2e7ce4b468af7faf9bfc3156a 0f7083d820204f31826693428e1aad01 - - default default] Successfully bumped revision number for resource b82c6a8d-7bea-4190-884b-6aa1732b35c7 (type: security_group_rules) to 0
2026-08-06 02:11:29.115 10 INFO neutron.db.ovn_revision_numbers_db [None req-bab03b27-ed35-45d5-99d5-aee246e1398c 2e4a36b2e7ce4b468af7faf9bfc3156a 0f7083d820204f31826693428e1aad01 - - default default] Successfully bumped revision number for resource d5aa0dec-5982-4ddf-bed7-30e493c5a23e (type: security_group_rules) to 0
2026-08-06 02:11:29.155 10 INFO neutron.db.ovn_revision_numbers_db [None req-bab03b27-ed35-45d5-99d5-aee246e1398c 2e4a36b2e7ce4b468af7faf9bfc3156a 0f7083d820204f31826693428e1aad01 - - default default] Successfully bumped revision number for resource dabb527e-416f-4a7e-9a01-f9137b99f713 (type: security_group_rules) to 0
2026-08-06 02:11:29.218 10 INFO neutron.wsgi [None req-bab03b27-ed35-45d5-99d5-aee246e1398c 2e4a36b2e7ce4b468af7faf9bfc3156a 0f7083d820204f31826693428e1aad01 - - default default] 10.0.0.120 "GET /v2.0/security-groups?tenant_id=9a9939a065964c45b440ee7074a089aa&name=default HTTP/1.1" status: 200 len: 2996 time: 0.6446710
2026-08-06 02:11:29.346 10 WARNING neutron.scheduler.dhcp_agent_scheduler [None req-a2eb735d-1128-4aa1-82a5-343edf52d59d 70b75a6ed5414efc967b6d359da28cfa 7b5978ad97034e1b838e28751ffe509c - - default default] No more DHCP agents
2026-08-06 02:11:29.351 10 WARNING neutron.api.rpc.agentnotifiers.dhcp_rpc_agent_api [None req-a2eb735d-1128-4aa1-82a5-343edf52d59d 70b75a6ed5414efc967b6d359da28cfa 7b5978ad97034e1b838e28751ffe509c - - default default] Unable to schedule network 60c3ae0a-2630-4ab0-ae09-974b9076e85a: no agents available; will retry on subsequent port and subnet creation events.
2026-08-06 02:11:29.404 10 INFO neutron.db.ovn_revision_numbers_db [None req-a2eb735d-1128-4aa1-82a5-343edf52d59d 70b75a6ed5414efc967b6d359da28cfa 7b5978ad97034e1b838e28751ffe509c - - default default] Successfully bumped revision number for resource 247aef30-323d-44a8-8855-89a017709bb2 (type: subnets) to 0
2026-08-06 02:11:29.425 10 INFO neutron.wsgi [None req-a2eb735d-1128-4aa1-82a5-343edf52d59d 70b75a6ed5414efc967b6d359da28cfa 7b5978ad97034e1b838e28751ffe509c - - default default] 10.0.0.120 "POST /v2.0/subnets HTTP/1.1" status: 201 len: 821 time: 0.4881802
2026-08-06 02:11:29.610 10 INFO neutron.wsgi [None req-8bee7136-a897-4795-826a-43998a2a4980 2e4a36b2e7ce4b468af7faf9bfc3156a 0f7083d820204f31826693428e1aad01 - - default default] 10.0.0.120 "DELETE /v2.0/routers/378eb65a-0c8d-423d-8218-6866395b601d HTTP/1.1" status: 204 len: 168 time: 0.9048164
2026-08-06 02:11:29.614 9 INFO neutron.wsgi [None req-3a028275-59b6-498c-8eec-88d1a6c2fba0 2e4a36b2e7ce4b468af7faf9bfc3156a 0f7083d820204f31826693428e1aad01 - - default default] 10.0.0.120 "DELETE /v2.0/security-groups/2f716e02-688f-466b-a12a-8e36f836ab83 HTTP/1.1" status: 204 len: 168 time: 0.3887575
2026-08-06 02:11:29.670 9 INFO neutron.wsgi [None req-bf63309f-ac35-485c-926f-40d90e121e6e 2e4a36b2e7ce4b468af7faf9bfc3156a 0f7083d820204f31826693428e1aad01 - - default default] 10.0.0.120 "PUT /v2.0/routers/5c927c98-c9f1-491a-8064-e9ec41261c3b/remove_router_interface HTTP/1.1" status: 200 len: 503 time: 1.3740907 /var/lib/openstack/lib/python3.10/site-packages/pycadf/identifier.py:71: UserWarning: Invalid uuid: neutron. To ensure interoperability, identifiers should be a valid uuid. warnings.warn(('Invalid uuid: %s. To ensure interoperability, '
2026-08-06 02:11:29.901 10 INFO neutron.wsgi [None req-f56a2615-6e79-4608-b1e4-b7094fcd4537 2e4a36b2e7ce4b468af7faf9bfc3156a 0f7083d820204f31826693428e1aad01 - - default default] 10.0.0.120 "DELETE /v2.0/subnets/74721ed6-61d9-4060-9e8f-69363bf48187 HTTP/1.1" status: 204 len: 168 time: 0.2855911
2026-08-06 02:11:29.911 10 WARNING neutron.scheduler.dhcp_agent_scheduler [None req-ac25fae5-2020-4084-ad1d-908a01783b78 70b75a6ed5414efc967b6d359da28cfa 7b5978ad97034e1b838e28751ffe509c - - default default] No more DHCP agents
2026-08-06 02:11:29.916 10 WARNING neutron.api.rpc.agentnotifiers.dhcp_rpc_agent_api [None req-ac25fae5-2020-4084-ad1d-908a01783b78 70b75a6ed5414efc967b6d359da28cfa 7b5978ad97034e1b838e28751ffe509c - - default default] Unable to schedule network 60c3ae0a-2630-4ab0-ae09-974b9076e85a: no agents available; will retry on subsequent port and subnet creation events.
2026-08-06 02:11:30.040 10 INFO neutron.db.ovn_revision_numbers_db [None req-ac25fae5-2020-4084-ad1d-908a01783b78 70b75a6ed5414efc967b6d359da28cfa 7b5978ad97034e1b838e28751ffe509c - - default default] Successfully bumped revision number for resource 884a2e2d-9ce3-4376-bc8d-a22ec6f29ac6 (type: ports) to 1
2026-08-06 02:11:30.080 10 INFO neutron.wsgi [None req-ac25fae5-2020-4084-ad1d-908a01783b78 70b75a6ed5414efc967b6d359da28cfa 7b5978ad97034e1b838e28751ffe509c - - default default] 10.0.0.120 "POST /v2.0/ports HTTP/1.1" status: 201 len: 1165 time: 0.6479769 /var/lib/openstack/lib/python3.10/site-packages/pycadf/identifier.py:71: UserWarning: Invalid uuid: neutron. To ensure interoperability, identifiers should be a valid uuid. warnings.warn(('Invalid uuid: %s. To ensure interoperability, '
2026-08-06 02:11:30.392 10 INFO neutron.wsgi [None req-6c6966bb-3d70-4237-ba72-bd35628ce106 70b75a6ed5414efc967b6d359da28cfa 7b5978ad97034e1b838e28751ffe509c - - default default] 10.0.0.120 "DELETE /v2.0/ports/884a2e2d-9ce3-4376-bc8d-a22ec6f29ac6 HTTP/1.1" status: 204 len: 168 time: 0.3001425
2026-08-06 02:11:30.416 10 INFO neutron.pecan_wsgi.hooks.translation [None req-9788f38e-fd99-4360-a375-33eeed1a03d8 70b75a6ed5414efc967b6d359da28cfa 7b5978ad97034e1b838e28751ffe509c - - default default] DELETE failed (client error): The resource could not be found.
2026-08-06 02:11:30.419 10 INFO neutron.wsgi [None req-9788f38e-fd99-4360-a375-33eeed1a03d8 70b75a6ed5414efc967b6d359da28cfa 7b5978ad97034e1b838e28751ffe509c - - default default] 10.0.0.120 "DELETE /v2.0/ports/884a2e2d-9ce3-4376-bc8d-a22ec6f29ac6 HTTP/1.1" status: 404 len: 333 time: 0.0212808
2026-08-06 02:11:30.445 10 INFO neutron.pecan_wsgi.hooks.translation [None req-7caf1937-2361-4bbb-8f42-47f41fbc5954 70b75a6ed5414efc967b6d359da28cfa 7b5978ad97034e1b838e28751ffe509c - - default default] GET failed (client error): The resource could not be found.
2026-08-06 02:11:30.447 10 INFO neutron.wsgi [None req-7caf1937-2361-4bbb-8f42-47f41fbc5954 70b75a6ed5414efc967b6d359da28cfa 7b5978ad97034e1b838e28751ffe509c - - default default] 10.0.0.120 "GET /v2.0/ports/884a2e2d-9ce3-4376-bc8d-a22ec6f29ac6 HTTP/1.1" status: 404 len: 333 time: 0.0217035
2026-08-06 02:11:30.507 9 INFO neutron.wsgi [None req-6ffb5704-b014-41ce-b98c-c5b193f4b327 2e4a36b2e7ce4b468af7faf9bfc3156a 0f7083d820204f31826693428e1aad01 - - default default] 10.0.0.120 "DELETE /v2.0/routers/5c927c98-c9f1-491a-8064-e9ec41261c3b HTTP/1.1" status: 204 len: 168 time: 0.8320282
2026-08-06 02:11:30.513 9 INFO neutron.services.segments.plugin [-] Segment 92ebfaa4-0f85-49ca-8fe9-1a86868b389a resource provider aggregate not found
2026-08-06 02:11:30.538 9 INFO neutron.services.segments.plugin [-] Segment 92ebfaa4-0f85-49ca-8fe9-1a86868b389a resource provider not found; error: Placement Client Error (4xx): {"errors": [{"status": 404, "title": "Not Found", "detail": "The resource could not be found.\n\n No resource provider with uuid 92ebfaa4-0f85-49ca-8fe9-1a86868b389a found for delete ", "request_id": "req-71361dce-2b85-49f0-8cc9-2cd03bae590f"}]}
2026-08-06 02:11:30.539 9 INFO neutron.services.segments.plugin [-] Segment 92ebfaa4-0f85-49ca-8fe9-1a86868b389a resource provider aggregate not found
2026-08-06 02:11:30.562 9 INFO neutron.services.segments.plugin [-] Segment 92ebfaa4-0f85-49ca-8fe9-1a86868b389a resource provider not found; error: Placement Client Error (4xx): {"errors": [{"status": 404, "title": "Not Found", "detail": "The resource could not be found.\n\n No resource provider with uuid 92ebfaa4-0f85-49ca-8fe9-1a86868b389a found for delete ", "request_id": "req-5e6aa698-2851-48b3-9fa0-07b038755991"}]}
2026-08-06 02:11:30.603 9 INFO neutron.wsgi [None req-4350ede0-51b1-4755-b2e0-7fb249292ce0 2e4a36b2e7ce4b468af7faf9bfc3156a 0f7083d820204f31826693428e1aad01 - - default default] 10.0.0.120 "DELETE /v2.0/networks/18c1bed0-bd27-4c9a-b0eb-4c79e195d6f5 HTTP/1.1" status: 204 len: 168 time: 0.6915729
2026-08-06 02:11:30.669 10 INFO neutron.wsgi [None req-9690f83c-9d54-4184-986c-1192284552f3 70b75a6ed5414efc967b6d359da28cfa 7b5978ad97034e1b838e28751ffe509c - - default default] 10.0.0.120 "DELETE /v2.0/subnets/247aef30-323d-44a8-8855-89a017709bb2 HTTP/1.1" status: 204 len: 168 time: 0.2182593
2026-08-06 02:11:30.732 9 INFO neutron.wsgi [None req-70332911-ceb9-4f47-8ff6-1cee2c6b7d9f 2e4a36b2e7ce4b468af7faf9bfc3156a 0f7083d820204f31826693428e1aad01 - - default default] 10.0.0.120 "DELETE /v2.0/subnets/8221b755-59ae-417b-ae95-7ccee256b284 HTTP/1.1" status: 204 len: 168 time: 0.2204652
2026-08-06 02:11:30.777 10 INFO neutron.wsgi [None req-d02e2f9a-9c95-4496-9758-9b81ae1a8d40 2e4a36b2e7ce4b468af7faf9bfc3156a 0f7083d820204f31826693428e1aad01 - - default default] 10.0.0.120 "GET /v2.0/security-groups?tenant_id=5854e022fc744390aa618c8c42c07ea1&name=default HTTP/1.1" status: 200 len: 2992 time: 0.0499318
2026-08-06 02:11:30.983 10 INFO neutron.wsgi [None req-ff8faa68-fd3c-4f98-b41b-4c4952620966 2e4a36b2e7ce4b468af7faf9bfc3156a 0f7083d820204f31826693428e1aad01 - - default default] 10.0.0.136 "GET /v2.0/security-groups HTTP/1.1" status: 200 len: 25139 time: 0.2488790
2026-08-06 02:11:31.051 10 INFO neutron.wsgi [None req-7edfbacf-a469-4f2a-bafc-bf21ba514aba 2e4a36b2e7ce4b468af7faf9bfc3156a 0f7083d820204f31826693428e1aad01 - - default default] 10.0.0.136 "GET /v2.0/subnets HTTP/1.1" status: 200 len: 1437 time: 0.0603197
2026-08-06 02:11:31.070 10 INFO neutron.wsgi [None req-4aeaa80e-9b77-40b3-9582-8e77c4ccc7c9 2e4a36b2e7ce4b468af7faf9bfc3156a 0f7083d820204f31826693428e1aad01 - - default default] 10.0.0.136 "GET /v2.0/subnetpools HTTP/1.1" status: 200 len: 193 time: 0.0157998
2026-08-06 02:11:31.163 10 INFO neutron.services.segments.plugin [-] Segment f7ffd986-a1ef-4d98-badf-be8003b53a58 resource provider aggregate not found
2026-08-06 02:11:31.177 10 INFO neutron.services.segments.plugin [-] Segment f7ffd986-a1ef-4d98-badf-be8003b53a58 resource provider aggregate not found
2026-08-06 02:11:31.188 10 INFO neutron.services.segments.plugin [-] Segment f7ffd986-a1ef-4d98-badf-be8003b53a58 resource provider not found; error: Placement Client Error (4xx): {"errors": [{"status": 404, "title": "Not Found", "detail": "The resource could not be found.\n\n No resource provider with uuid f7ffd986-a1ef-4d98-badf-be8003b53a58 found for delete ", "request_id": "req-0fc1e5d1-2ebc-4b57-86e0-d80abac44f0a"}]}
2026-08-06 02:11:31.191 10 INFO neutron.wsgi [None req-d9969d15-0db1-483c-af0d-8e975ed2cf4f 2e4a36b2e7ce4b468af7faf9bfc3156a 0f7083d820204f31826693428e1aad01 - - default default] 10.0.0.120 "DELETE /v2.0/security-groups/068cf1b4-9ec2-461c-b099-8f8a759ade65 HTTP/1.1" status: 204 len: 168 time: 0.4088249
2026-08-06 02:11:31.196 10 INFO neutron.services.segments.plugin [-] Segment f7ffd986-a1ef-4d98-badf-be8003b53a58 resource provider not found; error: Placement Client Error (4xx): {"errors": [{"status": 404, "title": "Not Found", "detail": "The resource could not be found.\n\n No resource provider with uuid f7ffd986-a1ef-4d98-badf-be8003b53a58 found for delete ", "request_id": "req-89de509d-1e72-4ef2-9c37-d925b7ee1dae"}]}
2026-08-06 02:11:31.208 10 INFO neutron.wsgi [None req-c5edcd91-f458-474f-a918-12de1a82a27a 2e4a36b2e7ce4b468af7faf9bfc3156a 0f7083d820204f31826693428e1aad01 - - default default] 10.0.0.136 "GET /v2.0/networks HTTP/1.1" status: 200 len: 4510 time: 0.1364756
2026-08-06 02:11:31.224 10 INFO neutron.wsgi [None req-cd681b4c-10b6-4af2-b70f-6dedc594a434 70b75a6ed5414efc967b6d359da28cfa 7b5978ad97034e1b838e28751ffe509c - - default default] 10.0.0.120 "DELETE /v2.0/networks/60c3ae0a-2630-4ab0-ae09-974b9076e85a HTTP/1.1" status: 204 len: 168 time: 0.5490186
2026-08-06 02:11:31.242 9 INFO neutron.wsgi [None req-522b2b34-94ea-4aca-9c4c-8a042268bb54 2e4a36b2e7ce4b468af7faf9bfc3156a 0f7083d820204f31826693428e1aad01 - - default default] 10.0.0.120 "DELETE /v2.0/networks/e85834e3-adda-47ac-89c8-2bde6dacf5e6 HTTP/1.1" status: 204 len: 168 time: 0.5059485
2026-08-06 02:11:31.256 10 INFO neutron.wsgi [None req-e9245ddd-fd7a-4b91-bbd5-508befd58cf8 2e4a36b2e7ce4b468af7faf9bfc3156a 0f7083d820204f31826693428e1aad01 - - default default] 10.0.0.136 "GET /v2.0/agents HTTP/1.1" status: 200 len: 997 time: 0.0443642
2026-08-06 02:11:31.297 10 INFO neutron.wsgi [None req-7a011e27-b876-4ae5-b16d-9bad4f08c114 2e4a36b2e7ce4b468af7faf9bfc3156a 0f7083d820204f31826693428e1aad01 - - default default] 10.0.0.136 "GET /v2.0/subnets HTTP/1.1" status: 200 len: 1437 time: 0.0369167
2026-08-06 02:11:31.321 10 INFO neutron.wsgi [None req-bd55bcfd-9c8e-42b8-a8b6-7d61f7c1785a 2e4a36b2e7ce4b468af7faf9bfc3156a 0f7083d820204f31826693428e1aad01 - - default default] 10.0.0.136 "GET /v2.0/routers HTTP/1.1" status: 200 len: 189 time: 0.0224636
2026-08-06 02:11:31.330 10 INFO neutron.db.segments_db [None req-c575a6f6-9510-4c18-adee-0c26602ec3a6 70b75a6ed5414efc967b6d359da28cfa 7b5978ad97034e1b838e28751ffe509c - - default default] Added segment 34800d92-880c-4e86-a6a5-721d49872c07 of type geneve for network 52c8b7bf-a5d7-47c2-aa22-4854696c25ab
2026-08-06 02:11:31.333 10 INFO neutron.wsgi [None req-c8247b49-4d00-4574-a4cc-f5c2a99d9e28 2e4a36b2e7ce4b468af7faf9bfc3156a 0f7083d820204f31826693428e1aad01 - - default default] 10.0.0.136 "GET /v2.0/agents?binary=ovn-controller HTTP/1.1" status: 200 len: 591 time: 0.0108471
2026-08-06 02:11:31.358 10 INFO neutron.wsgi [None req-873ee119-97d0-4d9a-8846-2bc673ac2dbf 2e4a36b2e7ce4b468af7faf9bfc3156a 0f7083d820204f31826693428e1aad01 - - default default] 10.0.0.136 "GET /v2.0/floatingips HTTP/1.1" status: 200 len: 193 time: 0.0226493
2026-08-06 02:11:31.396 10 INFO neutron.wsgi [None req-19f1224a-02cc-4fd5-9fae-ecb5fd990cad 2e4a36b2e7ce4b468af7faf9bfc3156a 0f7083d820204f31826693428e1aad01 - - default default] 10.0.0.136 "GET /v2.0/ports HTTP/1.1" status: 200 len: 7116 time: 0.0355461
2026-08-06 02:11:31.417 10 INFO neutron.wsgi [None req-38b56c30-e67b-41a3-9cc9-c9957828f9e9 2e4a36b2e7ce4b468af7faf9bfc3156a 0f7083d820204f31826693428e1aad01 - - default default] 10.0.0.136 "GET /v2.0/network-ip-availabilities HTTP/1.1" status: 200 len: 1564 time: 0.0183201
2026-08-06 02:11:31.511 9 INFO neutron.wsgi [None req-061579f8-c373-4814-953a-d24768269ef0 2e4a36b2e7ce4b468af7faf9bfc3156a 0f7083d820204f31826693428e1aad01 - - default default] 10.0.0.120 "GET /v2.0/security-groups?tenant_id=f01f931b11d9464f97f136e8053825c7&name=default HTTP/1.1" status: 200 len: 2996 time: 0.0352569
2026-08-06 02:11:31.521 10 INFO neutron.db.ovn_revision_numbers_db [None req-c575a6f6-9510-4c18-adee-0c26602ec3a6 70b75a6ed5414efc967b6d359da28cfa 7b5978ad97034e1b838e28751ffe509c - - default default] Successfully bumped revision number for resource 52c8b7bf-a5d7-47c2-aa22-4854696c25ab (type: networks) to 1
2026-08-06 02:11:31.721 10 WARNING neutron.scheduler.dhcp_agent_scheduler [None req-c575a6f6-9510-4c18-adee-0c26602ec3a6 70b75a6ed5414efc967b6d359da28cfa 7b5978ad97034e1b838e28751ffe509c - - default default] No more DHCP agents
2026-08-06 02:11:31.723 9 INFO neutron.wsgi [None req-3af6941c-c11e-4d55-ac6f-e344df5517b5 2e4a36b2e7ce4b468af7faf9bfc3156a 0f7083d820204f31826693428e1aad01 - - default default] 10.0.0.120 "DELETE /v2.0/security-groups/b4d6cab0-ca6e-4d00-9281-cc69bb5aa66a HTTP/1.1" status: 204 len: 168 time: 0.2068813
2026-08-06 02:11:31.725 10 WARNING neutron.api.rpc.agentnotifiers.dhcp_rpc_agent_api [None req-c575a6f6-9510-4c18-adee-0c26602ec3a6 70b75a6ed5414efc967b6d359da28cfa 7b5978ad97034e1b838e28751ffe509c - - default default] Unable to schedule network 52c8b7bf-a5d7-47c2-aa22-4854696c25ab: no agents available; will retry on subsequent port and subnet creation events.
2026-08-06 02:11:31.817 10 INFO neutron.db.ovn_revision_numbers_db [None req-c575a6f6-9510-4c18-adee-0c26602ec3a6 70b75a6ed5414efc967b6d359da28cfa 7b5978ad97034e1b838e28751ffe509c - - default default] Successfully bumped revision number for resource 92bd3ad5-178f-4d10-bab3-e02980160d00 (type: ports) to 1
2026-08-06 02:11:31.850 10 INFO neutron.wsgi [None req-c575a6f6-9510-4c18-adee-0c26602ec3a6 70b75a6ed5414efc967b6d359da28cfa 7b5978ad97034e1b838e28751ffe509c - - default default] 10.0.0.120 "POST /v2.0/networks HTTP/1.1" status: 201 len: 833 time: 0.6150286
2026-08-06 02:11:32.102 10 WARNING neutron.scheduler.dhcp_agent_scheduler [None req-6e4a0921-ca49-4426-91f0-51f61f234219 70b75a6ed5414efc967b6d359da28cfa 7b5978ad97034e1b838e28751ffe509c - - default default] No more DHCP agents
2026-08-06 02:11:32.105 10 WARNING neutron.api.rpc.agentnotifiers.dhcp_rpc_agent_api [None req-6e4a0921-ca49-4426-91f0-51f61f234219 70b75a6ed5414efc967b6d359da28cfa 7b5978ad97034e1b838e28751ffe509c - - default default] Unable to schedule network 52c8b7bf-a5d7-47c2-aa22-4854696c25ab: no agents available; will retry on subsequent port and subnet creation events.
2026-08-06 02:11:32.156 10 INFO neutron.db.ovn_revision_numbers_db [None req-6e4a0921-ca49-4426-91f0-51f61f234219 70b75a6ed5414efc967b6d359da28cfa 7b5978ad97034e1b838e28751ffe509c - - default default] Successfully bumped revision number for resource c28238c9-eb07-45da-9451-c21468d91abf (type: subnets) to 0
2026-08-06 02:11:32.168 10 INFO neutron.wsgi [None req-6e4a0921-ca49-4426-91f0-51f61f234219 70b75a6ed5414efc967b6d359da28cfa 7b5978ad97034e1b838e28751ffe509c - - default default] 10.0.0.120 "POST /v2.0/subnets HTTP/1.1" status: 201 len: 821 time: 0.3122511
2026-08-06 02:11:32.517 10 WARNING neutron.scheduler.dhcp_agent_scheduler [None req-696a3272-c11d-418d-a4e8-dc4da2b0996f 70b75a6ed5414efc967b6d359da28cfa 7b5978ad97034e1b838e28751ffe509c - - default default] No more DHCP agents
2026-08-06 02:11:32.521 10 WARNING neutron.api.rpc.agentnotifiers.dhcp_rpc_agent_api [None req-696a3272-c11d-418d-a4e8-dc4da2b0996f 70b75a6ed5414efc967b6d359da28cfa 7b5978ad97034e1b838e28751ffe509c - - default default] Unable to schedule network 52c8b7bf-a5d7-47c2-aa22-4854696c25ab: no agents available; will retry on subsequent port and subnet creation events.
2026-08-06 02:11:32.561 9 INFO neutron.services.segments.plugin [-] Segment 459981ef-f774-431e-9433-8ebf7ad3afdd resource provider aggregate not found
2026-08-06 02:11:32.589 9 INFO neutron.services.segments.plugin [-] Segment 459981ef-f774-431e-9433-8ebf7ad3afdd resource provider not found; error: Placement Client Error (4xx): {"errors": [{"status": 404, "title": "Not Found", "detail": "The resource could not be found.\n\n No resource provider with uuid 459981ef-f774-431e-9433-8ebf7ad3afdd found for delete ", "request_id": "req-64a7c784-2757-4617-957b-a690b1104950"}]}
2026-08-06 02:11:32.593 9 INFO neutron.services.segments.plugin [-] Segment 459981ef-f774-431e-9433-8ebf7ad3afdd resource provider aggregate not found
2026-08-06 02:11:32.610 9 INFO neutron.services.segments.plugin [-] Segment 459981ef-f774-431e-9433-8ebf7ad3afdd resource provider not found; error: Placement Client Error (4xx): {"errors": [{"status": 404, "title": "Not Found", "detail": "The resource could not be found.\n\n No resource provider with uuid 459981ef-f774-431e-9433-8ebf7ad3afdd found for delete ", "request_id": "req-9988a79e-3d6c-4166-bbea-6f527afc5d2a"}]}
2026-08-06 02:11:32.651 10 INFO neutron.db.ovn_revision_numbers_db [None req-696a3272-c11d-418d-a4e8-dc4da2b0996f 70b75a6ed5414efc967b6d359da28cfa 7b5978ad97034e1b838e28751ffe509c - - default default] Successfully bumped revision number for resource 01e73b7e-3665-4dc0-af55-6c59c5be4bec (type: ports) to 1
2026-08-06 02:11:32.687 10 INFO neutron.wsgi [None req-696a3272-c11d-418d-a4e8-dc4da2b0996f 70b75a6ed5414efc967b6d359da28cfa 7b5978ad97034e1b838e28751ffe509c - - default default] 10.0.0.120 "POST /v2.0/ports HTTP/1.1" status: 201 len: 1127 time: 0.5125554
2026-08-06 02:11:33.262 10 INFO neutron.wsgi [None req-dde8dd8a-e6e0-4f9f-830a-95cca392c019 70b75a6ed5414efc967b6d359da28cfa 7b5978ad97034e1b838e28751ffe509c - - default default] 10.0.0.120 "DELETE /v2.0/ports/01e73b7e-3665-4dc0-af55-6c59c5be4bec HTTP/1.1" status: 204 len: 168 time: 0.5684471
2026-08-06 02:11:33.287 10 INFO neutron.pecan_wsgi.hooks.translation [None req-fb3919f5-1516-4d68-9efb-9a5c8ad32525 70b75a6ed5414efc967b6d359da28cfa 7b5978ad97034e1b838e28751ffe509c - - default default] GET failed (client error): The resource could not be found.
2026-08-06 02:11:33.289 10 INFO neutron.wsgi [None req-fb3919f5-1516-4d68-9efb-9a5c8ad32525 70b75a6ed5414efc967b6d359da28cfa 7b5978ad97034e1b838e28751ffe509c - - default default] 10.0.0.120 "GET /v2.0/ports/01e73b7e-3665-4dc0-af55-6c59c5be4bec HTTP/1.1" status: 404 len: 333 time: 0.0200148
2026-08-06 02:11:33.330 9 INFO neutron.db.ovn_revision_numbers_db [None req-bf232fbe-8cc9-4ebf-b37a-f9f5db8975ad 2e4a36b2e7ce4b468af7faf9bfc3156a 0f7083d820204f31826693428e1aad01 - - default default] Successfully bumped revision number for resource 74778259-cc9a-459b-bb6e-dee1e1ad4f16 (type: security_groups) to 1
2026-08-06 02:11:33.345 9 INFO neutron.db.ovn_revision_numbers_db [None req-bf232fbe-8cc9-4ebf-b37a-f9f5db8975ad 2e4a36b2e7ce4b468af7faf9bfc3156a 0f7083d820204f31826693428e1aad01 - - default default] Successfully bumped revision number for resource 1d7de9d6-7287-4fa9-98f7-ad74fba47979 (type: security_group_rules) to 0
2026-08-06 02:11:33.357 9 INFO neutron.db.ovn_revision_numbers_db [None req-bf232fbe-8cc9-4ebf-b37a-f9f5db8975ad 2e4a36b2e7ce4b468af7faf9bfc3156a 0f7083d820204f31826693428e1aad01 - - default default] Successfully bumped revision number for resource 755be62d-8ff6-434a-9ee6-865cced0c57f (type: security_group_rules) to 0
2026-08-06 02:11:33.372 9 INFO neutron.db.ovn_revision_numbers_db [None req-bf232fbe-8cc9-4ebf-b37a-f9f5db8975ad 2e4a36b2e7ce4b468af7faf9bfc3156a 0f7083d820204f31826693428e1aad01 - - default default] Successfully bumped revision number for resource 75e97f6b-82dc-4ace-beac-5769e92d917b (type: security_group_rules) to 0
2026-08-06 02:11:33.390 9 INFO neutron.db.ovn_revision_numbers_db [None req-bf232fbe-8cc9-4ebf-b37a-f9f5db8975ad 2e4a36b2e7ce4b468af7faf9bfc3156a 0f7083d820204f31826693428e1aad01 - - default default] Successfully bumped revision number for resource 78be9b75-4234-4192-9a81-4218a9e30152 (type: security_group_rules) to 0
2026-08-06 02:11:33.452 9 INFO neutron.db.segments_db [None req-bf232fbe-8cc9-4ebf-b37a-f9f5db8975ad 2e4a36b2e7ce4b468af7faf9bfc3156a 0f7083d820204f31826693428e1aad01 - - default default] Added segment 436881cc-9221-4e01-8489-2cae4626568d of type geneve for network a1582f7b-2e3d-47e7-960b-b3e04aa86575
2026-08-06 02:11:33.493 10 INFO neutron.wsgi [None req-53d01caa-ff9e-425a-8279-5f1a6dee60f9 70b75a6ed5414efc967b6d359da28cfa 7b5978ad97034e1b838e28751ffe509c - - default default] 10.0.0.120 "DELETE /v2.0/subnets/c28238c9-eb07-45da-9451-c21468d91abf HTTP/1.1" status: 204 len: 168 time: 0.2003469
2026-08-06 02:11:33.602 9 INFO neutron.db.ovn_revision_numbers_db [None req-bf232fbe-8cc9-4ebf-b37a-f9f5db8975ad 2e4a36b2e7ce4b468af7faf9bfc3156a 0f7083d820204f31826693428e1aad01 - - default default] Successfully bumped revision number for resource a1582f7b-2e3d-47e7-960b-b3e04aa86575 (type: networks) to 1
2026-08-06 02:11:33.791 9 WARNING neutron.scheduler.dhcp_agent_scheduler [None req-bf232fbe-8cc9-4ebf-b37a-f9f5db8975ad 2e4a36b2e7ce4b468af7faf9bfc3156a 0f7083d820204f31826693428e1aad01 - - default default] No more DHCP agents
2026-08-06 02:11:33.794 9 WARNING neutron.api.rpc.agentnotifiers.dhcp_rpc_agent_api [None req-bf232fbe-8cc9-4ebf-b37a-f9f5db8975ad 2e4a36b2e7ce4b468af7faf9bfc3156a 0f7083d820204f31826693428e1aad01 - - default default] Unable to schedule network a1582f7b-2e3d-47e7-960b-b3e04aa86575: no agents available; will retry on subsequent port and subnet creation events.
2026-08-06 02:11:33.892 9 INFO neutron.db.ovn_revision_numbers_db [None req-bf232fbe-8cc9-4ebf-b37a-f9f5db8975ad 2e4a36b2e7ce4b468af7faf9bfc3156a 0f7083d820204f31826693428e1aad01 - - default default] Successfully bumped revision number for resource 11177d7f-ba48-4b3a-a601-d06b5b00c753 (type: ports) to 1
2026-08-06 02:11:33.911 10 INFO neutron.services.segments.plugin [-] Segment 34800d92-880c-4e86-a6a5-721d49872c07 resource provider aggregate not found
2026-08-06 02:11:33.917 9 INFO neutron.wsgi [None req-bf232fbe-8cc9-4ebf-b37a-f9f5db8975ad 2e4a36b2e7ce4b468af7faf9bfc3156a 0f7083d820204f31826693428e1aad01 - - default default] 10.0.0.120 "POST /v2.0/networks HTTP/1.1" status: 201 len: 940 time: 0.9247739
2026-08-06 02:11:33.926 10 INFO neutron.services.segments.plugin [-] Segment 34800d92-880c-4e86-a6a5-721d49872c07 resource provider aggregate not found
2026-08-06 02:11:33.932 10 INFO neutron.services.segments.plugin [-] Segment 34800d92-880c-4e86-a6a5-721d49872c07 resource provider not found; error: Placement Client Error (4xx): {"errors": [{"status": 404, "title": "Not Found", "detail": "The resource could not be found.\n\n No resource provider with uuid 34800d92-880c-4e86-a6a5-721d49872c07 found for delete ", "request_id": "req-a8d54545-94eb-4da9-b609-9322c64f6ebd"}]}
2026-08-06 02:11:33.951 10 INFO neutron.services.segments.plugin [-] Segment 34800d92-880c-4e86-a6a5-721d49872c07 resource provider not found; error: Placement Client Error (4xx): {"errors": [{"status": 404, "title": "Not Found", "detail": "The resource could not be found.\n\n No resource provider with uuid 34800d92-880c-4e86-a6a5-721d49872c07 found for delete ", "request_id": "req-7ff4b80e-b439-4590-9d53-86e28dc1183a"}]}
2026-08-06 02:11:33.978 10 INFO neutron.wsgi [None req-89d9d5fb-7d86-4da3-8b9f-a5c715172578 70b75a6ed5414efc967b6d359da28cfa 7b5978ad97034e1b838e28751ffe509c - - default default] 10.0.0.120 "DELETE /v2.0/networks/52c8b7bf-a5d7-47c2-aa22-4854696c25ab HTTP/1.1" status: 204 len: 168 time: 0.4794297
2026-08-06 02:11:34.003 9 INFO neutron.db.ovn_revision_numbers_db [None req-0d9ad564-c1cf-4d23-8ec2-52c99dafc76e 2e4a36b2e7ce4b468af7faf9bfc3156a 0f7083d820204f31826693428e1aad01 - - default default] Successfully bumped revision number for resource 5b2e2e73-1a83-449b-b5ea-1cd52a4553af (type: security_groups) to 1
2026-08-06 02:11:34.006 10 INFO neutron.db.ovn_revision_numbers_db [None req-23d24ad8-7b16-421a-ac86-0d438a45f75a 2e4a36b2e7ce4b468af7faf9bfc3156a 0f7083d820204f31826693428e1aad01 - - default default] Successfully bumped revision number for resource 0a547ec2-a146-42ce-9356-fd164268e868 (type: security_groups) to 1
2026-08-06 02:11:34.019 10 INFO neutron.db.ovn_revision_numbers_db [None req-23d24ad8-7b16-421a-ac86-0d438a45f75a 2e4a36b2e7ce4b468af7faf9bfc3156a 0f7083d820204f31826693428e1aad01 - - default default] Successfully bumped revision number for resource 1c8eabb6-eb44-4d18-b18c-1ea3beaf46ac (type: security_group_rules) to 0
2026-08-06 02:11:34.032 10 INFO neutron.db.ovn_revision_numbers_db [None req-23d24ad8-7b16-421a-ac86-0d438a45f75a 2e4a36b2e7ce4b468af7faf9bfc3156a 0f7083d820204f31826693428e1aad01 - - default default] Successfully bumped revision number for resource 5b99f9fe-acbb-4d03-a875-f98d344a7618 (type: security_group_rules) to 0
2026-08-06 02:11:34.044 10 INFO neutron.db.ovn_revision_numbers_db [None req-23d24ad8-7b16-421a-ac86-0d438a45f75a 2e4a36b2e7ce4b468af7faf9bfc3156a 0f7083d820204f31826693428e1aad01 - - default default] Successfully bumped revision number for resource bc2bbdcc-a82a-405a-b2ac-d29cf8268aad (type: security_group_rules) to 0
2026-08-06 02:11:34.053 9 INFO neutron.db.ovn_revision_numbers_db [None req-0d9ad564-c1cf-4d23-8ec2-52c99dafc76e 2e4a36b2e7ce4b468af7faf9bfc3156a 0f7083d820204f31826693428e1aad01 - - default default] Successfully bumped revision number for resource 81e8c83e-b9ca-4ae4-b67b-676daac0f9a2 (type: security_group_rules) to 0
2026-08-06 02:11:34.059 10 INFO neutron.db.ovn_revision_numbers_db [None req-23d24ad8-7b16-421a-ac86-0d438a45f75a 2e4a36b2e7ce4b468af7faf9bfc3156a 0f7083d820204f31826693428e1aad01 - - default default] Successfully bumped revision number for resource ebef2bf1-685b-41d4-8bd8-32a9b5cabc93 (type: security_group_rules) to 0
2026-08-06 02:11:34.076 9 INFO neutron.db.ovn_revision_numbers_db [None req-0d9ad564-c1cf-4d23-8ec2-52c99dafc76e 2e4a36b2e7ce4b468af7faf9bfc3156a 0f7083d820204f31826693428e1aad01 - - default default] Successfully bumped revision number for resource b020b070-06dd-42a1-baf3-2c0ab2be905f (type: security_group_rules) to 0
2026-08-06 02:11:34.094 10 INFO neutron.wsgi [None req-23d24ad8-7b16-421a-ac86-0d438a45f75a 2e4a36b2e7ce4b468af7faf9bfc3156a 0f7083d820204f31826693428e1aad01 - - default default] 10.0.0.120 "GET /v2.0/security-groups?tenant_id=d0b25b3714ea473a81446dab6196a408&name=default HTTP/1.1" status: 200 len: 2996 time: 0.4567254
2026-08-06 02:11:34.119 9 INFO neutron.db.ovn_revision_numbers_db [None req-0d9ad564-c1cf-4d23-8ec2-52c99dafc76e 2e4a36b2e7ce4b468af7faf9bfc3156a 0f7083d820204f31826693428e1aad01 - - default default] Successfully bumped revision number for resource be3db7ad-4a34-42d5-afe9-8135e5627c94 (type: security_group_rules) to 0
2026-08-06 02:11:34.169 9 INFO neutron.db.ovn_revision_numbers_db [None req-0d9ad564-c1cf-4d23-8ec2-52c99dafc76e 2e4a36b2e7ce4b468af7faf9bfc3156a 0f7083d820204f31826693428e1aad01 - - default default] Successfully bumped revision number for resource d7668a8c-c3c3-4d9e-a0b9-ba315914a6c9 (type: security_group_rules) to 0
2026-08-06 02:11:34.251 9 WARNING neutron.scheduler.dhcp_agent_scheduler [None req-63a6ba5d-5b5a-40f9-948a-25357e0fcdb1 2e4a36b2e7ce4b468af7faf9bfc3156a 0f7083d820204f31826693428e1aad01 - - default default] No more DHCP agents
2026-08-06 02:11:34.260 9 WARNING neutron.api.rpc.agentnotifiers.dhcp_rpc_agent_api [None req-63a6ba5d-5b5a-40f9-948a-25357e0fcdb1 2e4a36b2e7ce4b468af7faf9bfc3156a 0f7083d820204f31826693428e1aad01 - - default default] Unable to schedule network a1582f7b-2e3d-47e7-960b-b3e04aa86575: no agents available; will retry on subsequent port and subnet creation events.
2026-08-06 02:11:34.262 9 INFO neutron.db.segments_db [None req-0d9ad564-c1cf-4d23-8ec2-52c99dafc76e 2e4a36b2e7ce4b468af7faf9bfc3156a 0f7083d820204f31826693428e1aad01 - - default default] Added segment a8c449c8-695a-4656-acfa-28471aeb1439 of type geneve for network 4969d9ec-96f1-46fa-8100-01c466cc1320
2026-08-06 02:11:34.345 10 INFO neutron.wsgi [None req-1ed0cf00-599a-4bc0-9d24-a9711ffaeeb8 2e4a36b2e7ce4b468af7faf9bfc3156a 0f7083d820204f31826693428e1aad01 - - default default] 10.0.0.120 "DELETE /v2.0/security-groups/0a547ec2-a146-42ce-9356-fd164268e868 HTTP/1.1" status: 204 len: 168 time: 0.2436998
2026-08-06 02:11:34.503 9 WARNING neutron.scheduler.dhcp_agent_scheduler [None req-13613a22-2124-4936-8d1c-9002e17c90ac 70b75a6ed5414efc967b6d359da28cfa 7b5978ad97034e1b838e28751ffe509c - - default default] No more DHCP agents
2026-08-06 02:11:34.511 9 WARNING neutron.api.rpc.agentnotifiers.dhcp_rpc_agent_api [None req-13613a22-2124-4936-8d1c-9002e17c90ac 70b75a6ed5414efc967b6d359da28cfa 7b5978ad97034e1b838e28751ffe509c - - default default] Unable to schedule network 86fe7c7f-9549-45e2-b3ca-4afe490670de: no agents available; will retry on subsequent port and subnet creation events.
2026-08-06 02:11:34.541 10 INFO neutron.db.ovn_revision_numbers_db [None req-e6be26a4-7aa3-4c73-856f-b8d7ad91dc83 2e4a36b2e7ce4b468af7faf9bfc3156a 0f7083d820204f31826693428e1aad01 - - default default] Successfully bumped revision number for resource 88a96b85-6210-4419-9332-86a222cfbf81 (type: security_groups) to 1
2026-08-06 02:11:34.559 10 INFO neutron.db.ovn_revision_numbers_db [None req-e6be26a4-7aa3-4c73-856f-b8d7ad91dc83 2e4a36b2e7ce4b468af7faf9bfc3156a 0f7083d820204f31826693428e1aad01 - - default default] Successfully bumped revision number for resource 06c8d109-739e-45aa-946c-32f6770e3214 (type: security_group_rules) to 0
2026-08-06 02:11:34.576 10 INFO neutron.db.ovn_revision_numbers_db [None req-e6be26a4-7aa3-4c73-856f-b8d7ad91dc83 2e4a36b2e7ce4b468af7faf9bfc3156a 0f7083d820204f31826693428e1aad01 - - default default] Successfully bumped revision number for resource 339de7aa-a195-4b71-901a-eb9f060fa841 (type: security_group_rules) to 0
2026-08-06 02:11:34.593 10 INFO neutron.db.ovn_revision_numbers_db [None req-e6be26a4-7aa3-4c73-856f-b8d7ad91dc83 2e4a36b2e7ce4b468af7faf9bfc3156a 0f7083d820204f31826693428e1aad01 - - default default] Successfully bumped revision number for resource 7d9a3bb4-f624-4ac8-bd64-e02048067974 (type: security_group_rules) to 0
2026-08-06 02:11:34.607 10 INFO neutron.db.ovn_revision_numbers_db [None req-e6be26a4-7aa3-4c73-856f-b8d7ad91dc83 2e4a36b2e7ce4b468af7faf9bfc3156a 0f7083d820204f31826693428e1aad01 - - default default] Successfully bumped revision number for resource b66fbcf1-2394-4287-8b6f-cb8cdfc9141b (type: security_group_rules) to 0
2026-08-06 02:11:34.630 10 INFO neutron.wsgi [None req-e6be26a4-7aa3-4c73-856f-b8d7ad91dc83 2e4a36b2e7ce4b468af7faf9bfc3156a 0f7083d820204f31826693428e1aad01 - - default default] 10.0.0.120 "GET /v2.0/security-groups?tenant_id=1144d646ce004e7e93b668538f3b5fef&name=default HTTP/1.1" status: 200 len: 2996 time: 0.1878610
2026-08-06 02:11:34.854 9 INFO neutron.db.ovn_revision_numbers_db [None req-0d9ad564-c1cf-4d23-8ec2-52c99dafc76e 2e4a36b2e7ce4b468af7faf9bfc3156a 0f7083d820204f31826693428e1aad01 - - default default] Successfully bumped revision number for resource 4969d9ec-96f1-46fa-8100-01c466cc1320 (type: networks) to 1
2026-08-06 02:11:34.862 10 INFO neutron.wsgi [None req-0c439b4d-a6cb-4751-a917-fdbe9e80f60e 2e4a36b2e7ce4b468af7faf9bfc3156a 0f7083d820204f31826693428e1aad01 - - default default] 10.0.0.120 "DELETE /v2.0/security-groups/88a96b85-6210-4419-9332-86a222cfbf81 HTTP/1.1" status: 204 len: 168 time: 0.2249293
2026-08-06 02:11:34.940 9 INFO neutron.db.ovn_revision_numbers_db [None req-13613a22-2124-4936-8d1c-9002e17c90ac 70b75a6ed5414efc967b6d359da28cfa 7b5978ad97034e1b838e28751ffe509c - - default default] Successfully bumped revision number for resource 1698f0c9-b0d1-46fd-bd2d-822f19037163 (type: ports) to 1
2026-08-06 02:11:35.008 9 INFO neutron.wsgi [None req-13613a22-2124-4936-8d1c-9002e17c90ac 70b75a6ed5414efc967b6d359da28cfa 7b5978ad97034e1b838e28751ffe509c - - default default] 10.0.0.120 "POST /v2.0/ports HTTP/1.1" status: 201 len: 977 time: 1.0225258
2026-08-06 02:11:35.097 9 WARNING neutron.scheduler.dhcp_agent_scheduler [None req-0d9ad564-c1cf-4d23-8ec2-52c99dafc76e 2e4a36b2e7ce4b468af7faf9bfc3156a 0f7083d820204f31826693428e1aad01 - - default default] No more DHCP agents
2026-08-06 02:11:35.102 9 WARNING neutron.api.rpc.agentnotifiers.dhcp_rpc_agent_api [None req-0d9ad564-c1cf-4d23-8ec2-52c99dafc76e 2e4a36b2e7ce4b468af7faf9bfc3156a 0f7083d820204f31826693428e1aad01 - - default default] Unable to schedule network 4969d9ec-96f1-46fa-8100-01c466cc1320: no agents available; will retry on subsequent port and subnet creation events.
2026-08-06 02:11:35.242 9 INFO neutron.db.ovn_revision_numbers_db [None req-0d9ad564-c1cf-4d23-8ec2-52c99dafc76e 2e4a36b2e7ce4b468af7faf9bfc3156a 0f7083d820204f31826693428e1aad01 - - default default] Successfully bumped revision number for resource 0c5cf023-47ec-4b66-ba25-0e6f47712cd5 (type: ports) to 1
2026-08-06 02:11:35.271 9 INFO neutron.wsgi [None req-0d9ad564-c1cf-4d23-8ec2-52c99dafc76e 2e4a36b2e7ce4b468af7faf9bfc3156a 0f7083d820204f31826693428e1aad01 - - default default] 10.0.0.120 "POST /v2.0/networks HTTP/1.1" status: 201 len: 946 time: 1.6237016
2026-08-06 02:11:35.276 9 INFO neutron.plugins.ml2.drivers.ovn.mech_driver.mech_driver [None req-e803c85a-817a-496a-8cdb-88b25cf88c07 - - - - - -] OVN reports status down for port: 1698f0c9-b0d1-46fd-bd2d-822f19037163 /var/lib/openstack/lib/python3.10/site-packages/pycadf/identifier.py:71: UserWarning: Invalid uuid: neutron. To ensure interoperability, identifiers should be a valid uuid. warnings.warn(('Invalid uuid: %s. To ensure interoperability, '
2026-08-06 02:11:35.305 10 INFO neutron.db.ovn_revision_numbers_db [None req-f59db5ae-79b9-4a1d-8073-25b41658d59e 70b75a6ed5414efc967b6d359da28cfa 7b5978ad97034e1b838e28751ffe509c - - default default] Successfully bumped revision number for resource 1698f0c9-b0d1-46fd-bd2d-822f19037163 (type: ports) to 2
2026-08-06 02:11:35.316 10 INFO neutron.wsgi [None req-f59db5ae-79b9-4a1d-8073-25b41658d59e 70b75a6ed5414efc967b6d359da28cfa 7b5978ad97034e1b838e28751ffe509c - - default default] 10.0.0.120 "PUT /v2.0/ports/1698f0c9-b0d1-46fd-bd2d-822f19037163 HTTP/1.1" status: 200 len: 946 time: 0.3013549 /var/lib/openstack/lib/python3.10/site-packages/pycadf/identifier.py:71: UserWarning: Invalid uuid: neutron. To ensure interoperability, identifiers should be a valid uuid. warnings.warn(('Invalid uuid: %s. To ensure interoperability, '
2026-08-06 02:11:35.424 9 INFO neutron.db.ovn_revision_numbers_db [None req-63a6ba5d-5b5a-40f9-948a-25357e0fcdb1 2e4a36b2e7ce4b468af7faf9bfc3156a 0f7083d820204f31826693428e1aad01 - - default default] Successfully bumped revision number for resource 11177d7f-ba48-4b3a-a601-d06b5b00c753 (type: ports) to 2
2026-08-06 02:11:35.468 9 INFO neutron.db.ovn_revision_numbers_db [None req-63a6ba5d-5b5a-40f9-948a-25357e0fcdb1 2e4a36b2e7ce4b468af7faf9bfc3156a 0f7083d820204f31826693428e1aad01 - - default default] Successfully bumped revision number for resource 852045b6-9400-4efd-8ad1-9fe63abbc925 (type: subnets) to 0
2026-08-06 02:11:35.491 9 INFO neutron.wsgi [None req-63a6ba5d-5b5a-40f9-948a-25357e0fcdb1 2e4a36b2e7ce4b468af7faf9bfc3156a 0f7083d820204f31826693428e1aad01 - - default default] 10.0.0.120 "POST /v2.0/subnets HTTP/1.1" status: 201 len: 860 time: 1.5683708
2026-08-06 02:11:35.510 9 WARNING neutron.scheduler.dhcp_agent_scheduler [None req-3b1c1804-bf56-42bc-abfd-4b805044a641 2e4a36b2e7ce4b468af7faf9bfc3156a 0f7083d820204f31826693428e1aad01 - - default default] No more DHCP agents
2026-08-06 02:11:35.514 9 WARNING neutron.api.rpc.agentnotifiers.dhcp_rpc_agent_api [None req-3b1c1804-bf56-42bc-abfd-4b805044a641 2e4a36b2e7ce4b468af7faf9bfc3156a 0f7083d820204f31826693428e1aad01 - - default default] Unable to schedule network 4969d9ec-96f1-46fa-8100-01c466cc1320: no agents available; will retry on subsequent port and subnet creation events.
2026-08-06 02:11:35.549 10 INFO neutron.wsgi [None req-4775f56d-2a7f-40ff-acbc-9bb044630995 70b75a6ed5414efc967b6d359da28cfa 7b5978ad97034e1b838e28751ffe509c - - default default] 10.0.0.120 "DELETE /v2.0/ports/1698f0c9-b0d1-46fd-bd2d-822f19037163 HTTP/1.1" status: 204 len: 168 time: 0.2273467
2026-08-06 02:11:35.651 10 INFO neutron.wsgi [None req-019c2b47-f94f-40c6-9636-ef3cd24238f7 70b75a6ed5414efc967b6d359da28cfa 7b5978ad97034e1b838e28751ffe509c - - default default] 10.0.0.120 "GET /v2.0/ports HTTP/1.1" status: 200 len: 1733 time: 0.0958862
2026-08-06 02:11:35.685 10 INFO neutron.pecan_wsgi.hooks.translation [None req-82c0b7e0-45c9-46a2-9833-07c84de18218 70b75a6ed5414efc967b6d359da28cfa 7b5978ad97034e1b838e28751ffe509c - - default default] GET failed (client error): The resource could not be found.
2026-08-06 02:11:35.687 10 INFO neutron.wsgi [None req-82c0b7e0-45c9-46a2-9833-07c84de18218 70b75a6ed5414efc967b6d359da28cfa 7b5978ad97034e1b838e28751ffe509c - - default default] 10.0.0.120 "GET /v2.0/ports/1698f0c9-b0d1-46fd-bd2d-822f19037163 HTTP/1.1" status: 404 len: 333 time: 0.0251191
2026-08-06 02:11:35.733 10 INFO neutron.wsgi [None req-fd12547b-f50e-4dd9-8b52-1118d0644328 70b75a6ed5414efc967b6d359da28cfa 7b5978ad97034e1b838e28751ffe509c - - default default] 10.0.0.120 "GET /v2.0/ports HTTP/1.1" status: 200 len: 1733 time: 0.0408828
2026-08-06 02:11:35.782 10 INFO neutron.wsgi [None req-ac666931-2ce2-40e3-86a6-e3b74568ddbe 70b75a6ed5414efc967b6d359da28cfa 7b5978ad97034e1b838e28751ffe509c - - default default] 10.0.0.120 "GET /v2.0/ports/c8d63a13-0bda-4f85-bac0-7305a1ce0c3d HTTP/1.1" status: 200 len: 973 time: 0.0388947
2026-08-06 02:11:35.800 10 INFO neutron.pecan_wsgi.hooks.translation [None req-7ee43361-32ef-4436-ac25-6a2c00be6097 70b75a6ed5414efc967b6d359da28cfa 7b5978ad97034e1b838e28751ffe509c - - default default] DELETE failed (client error): The resource could not be found.
2026-08-06 02:11:35.802 10 INFO neutron.wsgi [None req-7ee43361-32ef-4436-ac25-6a2c00be6097 70b75a6ed5414efc967b6d359da28cfa 7b5978ad97034e1b838e28751ffe509c - - default default] 10.0.0.120 "DELETE /v2.0/ports/01e73b7e-3665-4dc0-af55-6c59c5be4bec HTTP/1.1" status: 404 len: 333 time: 0.0143485
2026-08-06 02:11:35.817 10 INFO neutron.pecan_wsgi.hooks.translation [None req-a3437a0f-f4b9-49c3-9591-4814948b8bc6 70b75a6ed5414efc967b6d359da28cfa 7b5978ad97034e1b838e28751ffe509c - - default default] DELETE failed (client error): The resource could not be found.
2026-08-06 02:11:35.818 10 INFO neutron.wsgi [None req-a3437a0f-f4b9-49c3-9591-4814948b8bc6 70b75a6ed5414efc967b6d359da28cfa 7b5978ad97034e1b838e28751ffe509c - - default default] 10.0.0.120 "DELETE /v2.0/subnets/c28238c9-eb07-45da-9451-c21468d91abf HTTP/1.1" status: 404 len: 337 time: 0.0134816
2026-08-06 02:11:35.834 10 INFO neutron.pecan_wsgi.hooks.translation [None req-ac1b4eae-7c5b-4080-a47c-b730970a7f2e 70b75a6ed5414efc967b6d359da28cfa 7b5978ad97034e1b838e28751ffe509c - - default default] DELETE failed (client error): The resource could not be found.
2026-08-06 02:11:35.835 10 INFO neutron.wsgi [None req-ac1b4eae-7c5b-4080-a47c-b730970a7f2e 70b75a6ed5414efc967b6d359da28cfa 7b5978ad97034e1b838e28751ffe509c - - default default] 10.0.0.120 "DELETE /v2.0/subnets/247aef30-323d-44a8-8855-89a017709bb2 HTTP/1.1" status: 404 len: 337 time: 0.0138164
2026-08-06 02:11:36.048 9 WARNING neutron.scheduler.dhcp_agent_scheduler [None req-906dad5c-40ce-40f1-8023-c7ef106959dd 2e4a36b2e7ce4b468af7faf9bfc3156a 0f7083d820204f31826693428e1aad01 - - default default] No more DHCP agents
2026-08-06 02:11:36.058 9 WARNING neutron.api.rpc.agentnotifiers.dhcp_rpc_agent_api [None req-906dad5c-40ce-40f1-8023-c7ef106959dd 2e4a36b2e7ce4b468af7faf9bfc3156a 0f7083d820204f31826693428e1aad01 - - default default] Unable to schedule network c1718552-acc5-4458-8d8d-985543294dc5: no agents available; will retry on subsequent port and subnet creation events.
2026-08-06 02:11:36.122 9 INFO neutron.db.ovn_revision_numbers_db [None req-3b1c1804-bf56-42bc-abfd-4b805044a641 2e4a36b2e7ce4b468af7faf9bfc3156a 0f7083d820204f31826693428e1aad01 - - default default] Successfully bumped revision number for resource 0c5cf023-47ec-4b66-ba25-0e6f47712cd5 (type: ports) to 2
2026-08-06 02:11:36.143 10 INFO neutron.wsgi [None req-7fe92468-2485-4937-9831-c8ffde864bc3 70b75a6ed5414efc967b6d359da28cfa 7b5978ad97034e1b838e28751ffe509c - - default default] 10.0.0.120 "DELETE /v2.0/ports/c8d63a13-0bda-4f85-bac0-7305a1ce0c3d HTTP/1.1" status: 204 len: 168 time: 0.3025343
2026-08-06 02:11:36.169 9 INFO neutron.db.ovn_revision_numbers_db [None req-3b1c1804-bf56-42bc-abfd-4b805044a641 2e4a36b2e7ce4b468af7faf9bfc3156a 0f7083d820204f31826693428e1aad01 - - default default] Successfully bumped revision number for resource 7b0dc8f1-4129-4c3d-9024-35e05d37aa9e (type: subnets) to 0
2026-08-06 02:11:36.190 9 INFO neutron.wsgi [None req-3b1c1804-bf56-42bc-abfd-4b805044a641 2e4a36b2e7ce4b468af7faf9bfc3156a 0f7083d820204f31826693428e1aad01 - - default default] 10.0.0.120 "POST /v2.0/subnets HTTP/1.1" status: 201 len: 866 time: 0.9084105
2026-08-06 02:11:36.245 9 INFO neutron.db.ovn_revision_numbers_db [None req-906dad5c-40ce-40f1-8023-c7ef106959dd 2e4a36b2e7ce4b468af7faf9bfc3156a 0f7083d820204f31826693428e1aad01 - - default default] Successfully bumped revision number for resource d36944d1-f44e-4761-8124-da2b73059126 (type: ports) to 1
2026-08-06 02:11:36.611 10 INFO neutron.services.segments.plugin [-] Segment 1bcabc43-6ae1-46bf-98cb-ba3adcd00959 resource provider aggregate not found
2026-08-06 02:11:36.617 10 INFO neutron.services.segments.plugin [-] Segment 1bcabc43-6ae1-46bf-98cb-ba3adcd00959 resource provider aggregate not found
2026-08-06 02:11:36.632 10 INFO neutron.services.segments.plugin [-] Segment 1bcabc43-6ae1-46bf-98cb-ba3adcd00959 resource provider not found; error: Placement Client Error (4xx): {"errors": [{"status": 404, "title": "Not Found", "detail": "The resource could not be found.\n\n No resource provider with uuid 1bcabc43-6ae1-46bf-98cb-ba3adcd00959 found for delete ", "request_id": "req-6face7e2-ad9d-4a29-9109-5a6bdae1a897"}]}
2026-08-06 02:11:36.644 10 INFO neutron.services.segments.plugin [-] Segment 1bcabc43-6ae1-46bf-98cb-ba3adcd00959 resource provider not found; error: Placement Client Error (4xx): {"errors": [{"status": 404, "title": "Not Found", "detail": "The resource could not be found.\n\n No resource provider with uuid 1bcabc43-6ae1-46bf-98cb-ba3adcd00959 found for delete ", "request_id": "req-8175c8cb-5a87-4dd4-aa6f-19be0401786a"}]}
2026-08-06 02:11:36.670 10 INFO neutron.wsgi [None req-3ef44960-941f-4291-b983-29c938084bfe 70b75a6ed5414efc967b6d359da28cfa 7b5978ad97034e1b838e28751ffe509c - - default default] 10.0.0.120 "DELETE /v2.0/networks/86fe7c7f-9549-45e2-b3ca-4afe490670de HTTP/1.1" status: 204 len: 168 time: 0.5204992
2026-08-06 02:11:36.725 10 WARNING neutron.scheduler.dhcp_agent_scheduler [None req-d42d9268-8f1c-4570-b97d-c326314e567b 2e4a36b2e7ce4b468af7faf9bfc3156a 0f7083d820204f31826693428e1aad01 - - default default] No more DHCP agents
2026-08-06 02:11:36.729 10 WARNING neutron.api.rpc.agentnotifiers.dhcp_rpc_agent_api [None req-d42d9268-8f1c-4570-b97d-c326314e567b 2e4a36b2e7ce4b468af7faf9bfc3156a 0f7083d820204f31826693428e1aad01 - - default default] Unable to schedule network c1718552-acc5-4458-8d8d-985543294dc5: no agents available; will retry on subsequent port and subnet creation events.
2026-08-06 02:11:36.760 10 INFO neutron.plugins.ml2.drivers.ovn.mech_driver.mech_driver [None req-91a3dc40-28aa-4ca6-ad5c-ecbb71fb7f26 - - - - - -] OVN reports status up for port: d36944d1-f44e-4761-8124-da2b73059126
2026-08-06 02:11:36.782 10 INFO neutron.plugins.ml2.drivers.ovn.mech_driver.ovsdb.ovsdb_monitor [None req-75dd1ac1-45e5-4cac-b4a9-534a7135d7d0 - - - - - -] Router 7cc5378a-75fd-4814-bc4a-ba8fef02ab6a is bound to host instance
2026-08-06 02:11:36.784 10 INFO neutron.plugins.ml2.plugin [None req-91a3dc40-28aa-4ca6-ad5c-ecbb71fb7f26 - - - - - -] Attempt 1 to provision port d36944d1-f44e-4761-8124-da2b73059126
2026-08-06 02:11:36.806 9 INFO neutron.db.ovn_revision_numbers_db [None req-906dad5c-40ce-40f1-8023-c7ef106959dd 2e4a36b2e7ce4b468af7faf9bfc3156a 0f7083d820204f31826693428e1aad01 - - default default] Successfully bumped revision number for resource d36944d1-f44e-4761-8124-da2b73059126 (type: router_ports) to 1
2026-08-06 02:11:36.880 9 INFO neutron.db.ovn_revision_numbers_db [None req-906dad5c-40ce-40f1-8023-c7ef106959dd 2e4a36b2e7ce4b468af7faf9bfc3156a 0f7083d820204f31826693428e1aad01 - - default default] Successfully bumped revision number for resource 7cc5378a-75fd-4814-bc4a-ba8fef02ab6a (type: routers) to 2
2026-08-06 02:11:36.897 9 INFO neutron.wsgi [None req-906dad5c-40ce-40f1-8023-c7ef106959dd 2e4a36b2e7ce4b468af7faf9bfc3156a 0f7083d820204f31826693428e1aad01 - - default default] 10.0.0.120 "POST /v2.0/routers HTTP/1.1" status: 201 len: 871 time: 1.4014425
2026-08-06 02:11:36.974 10 INFO neutron.db.ovn_revision_numbers_db [None req-d42d9268-8f1c-4570-b97d-c326314e567b 2e4a36b2e7ce4b468af7faf9bfc3156a 0f7083d820204f31826693428e1aad01 - - default default] Successfully bumped revision number for resource e332878c-5a63-4cba-9d87-e8afb2432cad (type: ports) to 1
