May 20 01:50:32.691697 np0000175166 nova-conductor[110310]: DEBUG cotyledon.oslo_config_glue [-] vnc.server_proxyclient_address = 127.0.0.1 {{(pid=110310) log_opt_values /opt/stack/data/venv/lib/python3.12/site-packages/oslo_config/cfg.py:3256}}
May 20 01:50:32.691697 np0000175166 nova-conductor[110310]: DEBUG cotyledon.oslo_config_glue [-] vnc.vencrypt_ca_certs = None {{(pid=110310) log_opt_values /opt/stack/data/venv/lib/python3.12/site-packages/oslo_config/cfg.py:3256}}
May 20 01:50:32.691697 np0000175166 nova-conductor[110310]: DEBUG cotyledon.oslo_config_glue [-] vnc.vencrypt_client_cert = None {{(pid=110310) log_opt_values /opt/stack/data/venv/lib/python3.12/site-packages/oslo_config/cfg.py:3256}}
May 20 01:50:32.691697 np0000175166 nova-conductor[110310]: DEBUG cotyledon.oslo_config_glue [-] vnc.vencrypt_client_key = None {{(pid=110310) log_opt_values /opt/stack/data/venv/lib/python3.12/site-packages/oslo_config/cfg.py:3256}}
May 20 01:50:32.691697 np0000175166 nova-conductor[110310]: DEBUG cotyledon.oslo_config_glue [-] workarounds.disable_compute_service_check_for_ffu = False {{(pid=110310) log_opt_values /opt/stack/data/venv/lib/python3.12/site-packages/oslo_config/cfg.py:3256}}
May 20 01:50:32.691898 np0000175166 nova-conductor[110310]: DEBUG cotyledon.oslo_config_glue [-] workarounds.disable_deep_image_inspection = False {{(pid=110310) log_opt_values /opt/stack/data/venv/lib/python3.12/site-packages/oslo_config/cfg.py:3256}}
May 20 01:50:32.691898 np0000175166 nova-conductor[110310]: DEBUG cotyledon.oslo_config_glue [-] workarounds.disable_fallback_pcpu_query = False {{(pid=110310) log_opt_values /opt/stack/data/venv/lib/python3.12/site-packages/oslo_config/cfg.py:3256}}
May 20 01:50:32.691898 np0000175166 nova-conductor[110310]: DEBUG cotyledon.oslo_config_glue [-] workarounds.disable_group_policy_check_upcall = False {{(pid=110310) log_opt_values /opt/stack/data/venv/lib/python3.12/site-packages/oslo_config/cfg.py:3256}}
May 20 01:50:32.691898 np0000175166 nova-conductor[110310]: DEBUG cotyledon.oslo_config_glue [-] workarounds.disable_libvirt_livesnapshot = False {{(pid=110310) log_opt_values /opt/stack/data/venv/lib/python3.12/site-packages/oslo_config/cfg.py:3256}}
May 20 01:50:32.691898 np0000175166 nova-conductor[110310]: DEBUG cotyledon.oslo_config_glue [-] workarounds.disable_rootwrap = False {{(pid=110310) log_opt_values /opt/stack/data/venv/lib/python3.12/site-packages/oslo_config/cfg.py:3256}}
May 20 01:50:32.691898 np0000175166 nova-conductor[110310]: DEBUG cotyledon.oslo_config_glue [-] workarounds.enable_numa_live_migration = False {{(pid=110310) log_opt_values /opt/stack/data/venv/lib/python3.12/site-packages/oslo_config/cfg.py:3256}}
May 20 01:50:32.691898 np0000175166 nova-conductor[110310]: DEBUG cotyledon.oslo_config_glue [-] workarounds.enable_qemu_monitor_announce_self = False {{(pid=110310) log_opt_values /opt/stack/data/venv/lib/python3.12/site-packages/oslo_config/cfg.py:3256}}
May 20 01:50:32.691898 np0000175166 nova-conductor[110310]: DEBUG cotyledon.oslo_config_glue [-] workarounds.ensure_libvirt_rbd_instance_dir_cleanup = False {{(pid=110310) log_opt_values /opt/stack/data/venv/lib/python3.12/site-packages/oslo_config/cfg.py:3256}}
May 20 01:50:32.691898 np0000175166 nova-conductor[110310]: DEBUG cotyledon.oslo_config_glue [-] workarounds.handle_virt_lifecycle_events = True {{(pid=110310) log_opt_values /opt/stack/data/venv/lib/python3.12/site-packages/oslo_config/cfg.py:3256}}
May 20 01:50:32.692096 np0000175166 nova-conductor[110310]: DEBUG cotyledon.oslo_config_glue [-] workarounds.libvirt_disable_apic = False {{(pid=110310) log_opt_values /opt/stack/data/venv/lib/python3.12/site-packages/oslo_config/cfg.py:3256}}
May 20 01:50:32.692096 np0000175166 nova-conductor[110310]: DEBUG cotyledon.oslo_config_glue [-] workarounds.never_download_image_if_on_rbd = False {{(pid=110310) log_opt_values /opt/stack/data/venv/lib/python3.12/site-packages/oslo_config/cfg.py:3256}}
May 20 01:50:32.692096 np0000175166 nova-conductor[110310]: DEBUG cotyledon.oslo_config_glue [-] workarounds.qemu_monitor_announce_self_count = 3 {{(pid=110310) log_opt_values /opt/stack/data/venv/lib/python3.12/site-packages/oslo_config/cfg.py:3256}}
May 20 01:50:32.692096 np0000175166 nova-conductor[110310]: DEBUG cotyledon.oslo_config_glue [-] workarounds.qemu_monitor_announce_self_interval = 1 {{(pid=110310) log_opt_values /opt/stack/data/venv/lib/python3.12/site-packages/oslo_config/cfg.py:3256}}
May 20 01:50:32.692096 np0000175166 nova-conductor[110310]: DEBUG cotyledon.oslo_config_glue [-] workarounds.reserve_disk_resource_for_image_cache = False {{(pid=110310) log_opt_values /opt/stack/data/venv/lib/python3.12/site-packages/oslo_config/cfg.py:3256}}
May 20 01:50:32.692096 np0000175166 nova-conductor[110310]: DEBUG cotyledon.oslo_config_glue [-] workarounds.skip_cpu_compare_at_startup = False {{(pid=110310) log_opt_values /opt/stack/data/venv/lib/python3.12/site-packages/oslo_config/cfg.py:3256}}
May 20 01:50:32.692096 np0000175166 nova-conductor[110310]: DEBUG cotyledon.oslo_config_glue [-] workarounds.skip_cpu_compare_on_dest = False {{(pid=110310) log_opt_values /opt/stack/data/venv/lib/python3.12/site-packages/oslo_config/cfg.py:3256}}
May 20 01:50:32.692096 np0000175166 nova-conductor[110310]: DEBUG cotyledon.oslo_config_glue [-] workarounds.skip_hypervisor_version_check_on_lm = False {{(pid=110310) log_opt_values /opt/stack/data/venv/lib/python3.12/site-packages/oslo_config/cfg.py:3256}}
May 20 01:50:32.692096 np0000175166 nova-conductor[110310]: DEBUG cotyledon.oslo_config_glue [-] workarounds.skip_reserve_in_use_ironic_nodes = False {{(pid=110310) log_opt_values /opt/stack/data/venv/lib/python3.12/site-packages/oslo_config/cfg.py:3256}}
May 20 01:50:32.692294 np0000175166 nova-conductor[110310]: DEBUG cotyledon.oslo_config_glue [-] workarounds.unified_limits_count_pcpu_as_vcpu = False {{(pid=110310) log_opt_values /opt/stack/data/venv/lib/python3.12/site-packages/oslo_config/cfg.py:3256}}
May 20 01:50:32.692294 np0000175166 nova-conductor[110310]: DEBUG cotyledon.oslo_config_glue [-] workarounds.wait_for_vif_plugged_event_during_hard_reboot = [] {{(pid=110310) log_opt_values /opt/stack/data/venv/lib/python3.12/site-packages/oslo_config/cfg.py:3256}}
May 20 01:50:32.692294 np0000175166 nova-conductor[110310]: DEBUG cotyledon.oslo_config_glue [-] wsgi.api_paste_config = /etc/nova/api-paste.ini {{(pid=110310) log_opt_values /opt/stack/data/venv/lib/python3.12/site-packages/oslo_config/cfg.py:3256}}
May 20 01:50:32.692294 np0000175166 nova-conductor[110310]: DEBUG cotyledon.oslo_config_glue [-] wsgi.secure_proxy_ssl_header = None {{(pid=110310) log_opt_values /opt/stack/data/venv/lib/python3.12/site-packages/oslo_config/cfg.py:3256}}
May 20 01:50:32.692294 np0000175166 nova-conductor[110310]: DEBUG cotyledon.oslo_config_glue [-] zvm.ca_file = None {{(pid=110310) log_opt_values /opt/stack/data/venv/lib/python3.12/site-packages/oslo_config/cfg.py:3256}}
May 20 01:50:32.692294 np0000175166 nova-conductor[110310]: DEBUG cotyledon.oslo_config_glue [-] zvm.cloud_connector_url = None {{(pid=110310) log_opt_values /opt/stack/data/venv/lib/python3.12/site-packages/oslo_config/cfg.py:3256}}
May 20 01:50:32.692294 np0000175166 nova-conductor[110310]: DEBUG cotyledon.oslo_config_glue [-] zvm.image_tmp_path = /opt/stack/data/nova/images {{(pid=110310) log_opt_values /opt/stack/data/venv/lib/python3.12/site-packages/oslo_config/cfg.py:3256}}
May 20 01:50:32.692294 np0000175166 nova-conductor[110310]: DEBUG cotyledon.oslo_config_glue [-] zvm.reachable_timeout = 300 {{(pid=110310) log_opt_values /opt/stack/data/venv/lib/python3.12/site-packages/oslo_config/cfg.py:3256}}
May 20 01:50:32.692294 np0000175166 nova-conductor[110310]: DEBUG cotyledon.oslo_config_glue [-] oslo_versionedobjects.fatal_exception_format_errors = False {{(pid=110310) log_opt_values /opt/stack/data/venv/lib/python3.12/site-packages/oslo_config/cfg.py:3256}}
May 20 01:50:32.692488 np0000175166 nova-conductor[110310]: DEBUG cotyledon.oslo_config_glue [-] oslo_middleware.http_basic_auth_user_file = /etc/htpasswd {{(pid=110310) log_opt_values /opt/stack/data/venv/lib/python3.12/site-packages/oslo_config/cfg.py:3256}}
May 20 01:50:32.692488 np0000175166 nova-conductor[110310]: DEBUG cotyledon.oslo_config_glue [-] profiler.connection_string = messaging:// {{(pid=110310) log_opt_values /opt/stack/data/venv/lib/python3.12/site-packages/oslo_config/cfg.py:3256}}
May 20 01:50:32.692488 np0000175166 nova-conductor[110310]: DEBUG cotyledon.oslo_config_glue [-] profiler.enabled = False {{(pid=110310) log_opt_values /opt/stack/data/venv/lib/python3.12/site-packages/oslo_config/cfg.py:3256}}
May 20 01:50:32.692488 np0000175166 nova-conductor[110310]: DEBUG cotyledon.oslo_config_glue [-] profiler.es_doc_type = notification {{(pid=110310) log_opt_values /opt/stack/data/venv/lib/python3.12/site-packages/oslo_config/cfg.py:3256}}
May 20 01:50:32.692488 np0000175166 nova-conductor[110310]: DEBUG cotyledon.oslo_config_glue [-] profiler.es_scroll_size = 10000 {{(pid=110310) log_opt_values /opt/stack/data/venv/lib/python3.12/site-packages/oslo_config/cfg.py:3256}}
May 20 01:50:32.692488 np0000175166 nova-conductor[110310]: DEBUG cotyledon.oslo_config_glue [-] profiler.es_scroll_time = 2m {{(pid=110310) log_opt_values /opt/stack/data/venv/lib/python3.12/site-packages/oslo_config/cfg.py:3256}}
May 20 01:50:32.692488 np0000175166 nova-conductor[110310]: DEBUG cotyledon.oslo_config_glue [-] profiler.filter_error_trace = False {{(pid=110310) log_opt_values /opt/stack/data/venv/lib/python3.12/site-packages/oslo_config/cfg.py:3256}}
May 20 01:50:32.692488 np0000175166 nova-conductor[110310]: DEBUG cotyledon.oslo_config_glue [-] profiler.hmac_keys = **** {{(pid=110310) log_opt_values /opt/stack/data/venv/lib/python3.12/site-packages/oslo_config/cfg.py:3256}}
May 20 01:50:32.692488 np0000175166 nova-conductor[110310]: DEBUG cotyledon.oslo_config_glue [-] profiler.sentinel_service_name = mymaster {{(pid=110310) log_opt_values /opt/stack/data/venv/lib/python3.12/site-packages/oslo_config/cfg.py:3256}}
May 20 01:50:32.692706 np0000175166 nova-conductor[110291]: DEBUG dbcounter [-] [110291] Writer thread running {{(pid=110291) stat_writer /opt/stack/data/venv/lib/python3.12/site-packages/dbcounter.py:102}}
May 20 01:50:32.692737 np0000175166 nova-conductor[110310]: DEBUG cotyledon.oslo_config_glue [-] profiler.socket_timeout = 0.1 {{(pid=110310) log_opt_values /opt/stack/data/venv/lib/python3.12/site-packages/oslo_config/cfg.py:3256}}
May 20 01:50:32.692737 np0000175166 nova-conductor[110310]: DEBUG cotyledon.oslo_config_glue [-] profiler.trace_requests = False {{(pid=110310) log_opt_values /opt/stack/data/venv/lib/python3.12/site-packages/oslo_config/cfg.py:3256}}
May 20 01:50:32.692737 np0000175166 nova-conductor[110310]: DEBUG cotyledon.oslo_config_glue [-] profiler.trace_sqlalchemy = False {{(pid=110310) log_opt_values /opt/stack/data/venv/lib/python3.12/site-packages/oslo_config/cfg.py:3256}}
May 20 01:50:32.692737 np0000175166 nova-conductor[110310]: DEBUG cotyledon.oslo_config_glue [-] profiler_jaeger.process_tags = {} {{(pid=110310) log_opt_values /opt/stack/data/venv/lib/python3.12/site-packages/oslo_config/cfg.py:3256}}
May 20 01:50:32.692737 np0000175166 nova-conductor[110310]: DEBUG cotyledon.oslo_config_glue [-] profiler_jaeger.service_name_prefix = None {{(pid=110310) log_opt_values /opt/stack/data/venv/lib/python3.12/site-packages/oslo_config/cfg.py:3256}}
May 20 01:50:32.692737 np0000175166 nova-conductor[110310]: DEBUG cotyledon.oslo_config_glue [-] profiler_otlp.service_name_prefix = None {{(pid=110310) log_opt_values /opt/stack/data/venv/lib/python3.12/site-packages/oslo_config/cfg.py:3256}}
May 20 01:50:32.692737 np0000175166 nova-conductor[110310]: DEBUG cotyledon.oslo_config_glue [-] oslo_messaging_rabbit.amqp_auto_delete = False {{(pid=110310) log_opt_values /opt/stack/data/venv/lib/python3.12/site-packages/oslo_config/cfg.py:3256}}
May 20 01:50:32.692891 np0000175166 nova-conductor[110303]: DEBUG oslo_db.sqlalchemy.engines [None req-a75b2532-137b-468b-b958-f2ec4a1325ed None None] MySQL server mode set to STRICT_TRANS_TABLES,STRICT_ALL_TABLES,NO_ZERO_IN_DATE,NO_ZERO_DATE,ERROR_FOR_DIVISION_BY_ZERO,TRADITIONAL,NO_ENGINE_SUBSTITUTION {{(pid=110303) _check_effective_sql_mode /opt/stack/data/venv/lib/python3.12/site-packages/oslo_db/sqlalchemy/engines.py:325}}
May 20 01:50:32.692964 np0000175166 nova-conductor[110310]: DEBUG cotyledon.oslo_config_glue [-] oslo_messaging_rabbit.amqp_durable_queues = False {{(pid=110310) log_opt_values /opt/stack/data/venv/lib/python3.12/site-packages/oslo_config/cfg.py:3256}}
May 20 01:50:32.692964 np0000175166 nova-conductor[110310]: DEBUG cotyledon.oslo_config_glue [-] oslo_messaging_rabbit.conn_pool_min_size = 2 {{(pid=110310) log_opt_values /opt/stack/data/venv/lib/python3.12/site-packages/oslo_config/cfg.py:3256}}
May 20 01:50:32.692964 np0000175166 nova-conductor[110310]: DEBUG cotyledon.oslo_config_glue [-] oslo_messaging_rabbit.conn_pool_ttl = 1200 {{(pid=110310) log_opt_values /opt/stack/data/venv/lib/python3.12/site-packages/oslo_config/cfg.py:3256}}
May 20 01:50:32.692964 np0000175166 nova-conductor[110310]: DEBUG cotyledon.oslo_config_glue [-] oslo_messaging_rabbit.direct_mandatory_flag = True {{(pid=110310) log_opt_values /opt/stack/data/venv/lib/python3.12/site-packages/oslo_config/cfg.py:3256}}
May 20 01:50:32.692964 np0000175166 nova-conductor[110310]: DEBUG cotyledon.oslo_config_glue [-] oslo_messaging_rabbit.enable_cancel_on_failover = False {{(pid=110310) log_opt_values /opt/stack/data/venv/lib/python3.12/site-packages/oslo_config/cfg.py:3256}}
May 20 01:50:32.692964 np0000175166 nova-conductor[110310]: DEBUG cotyledon.oslo_config_glue [-] oslo_messaging_rabbit.heartbeat_rate = 3 {{(pid=110310) log_opt_values /opt/stack/data/venv/lib/python3.12/site-packages/oslo_config/cfg.py:3256}}
May 20 01:50:32.692964 np0000175166 nova-conductor[110310]: DEBUG cotyledon.oslo_config_glue [-] oslo_messaging_rabbit.heartbeat_timeout_threshold = 60 {{(pid=110310) log_opt_values /opt/stack/data/venv/lib/python3.12/site-packages/oslo_config/cfg.py:3256}}
May 20 01:50:32.692964 np0000175166 nova-conductor[110310]: DEBUG cotyledon.oslo_config_glue [-] oslo_messaging_rabbit.hostname = np0000175166 {{(pid=110310) log_opt_values /opt/stack/data/venv/lib/python3.12/site-packages/oslo_config/cfg.py:3256}}
May 20 01:50:32.692964 np0000175166 nova-conductor[110310]: DEBUG cotyledon.oslo_config_glue [-] oslo_messaging_rabbit.kombu_compression = None {{(pid=110310) log_opt_values /opt/stack/data/venv/lib/python3.12/site-packages/oslo_config/cfg.py:3256}}
May 20 01:50:32.693167 np0000175166 nova-conductor[110310]: DEBUG cotyledon.oslo_config_glue [-] oslo_messaging_rabbit.kombu_failover_strategy = round-robin {{(pid=110310) log_opt_values /opt/stack/data/venv/lib/python3.12/site-packages/oslo_config/cfg.py:3256}}
May 20 01:50:32.693167 np0000175166 nova-conductor[110310]: DEBUG cotyledon.oslo_config_glue [-] oslo_messaging_rabbit.kombu_missing_consumer_retry_timeout = 60 {{(pid=110310) log_opt_values /opt/stack/data/venv/lib/python3.12/site-packages/oslo_config/cfg.py:3256}}
May 20 01:50:32.693167 np0000175166 nova-conductor[110310]: DEBUG cotyledon.oslo_config_glue [-] oslo_messaging_rabbit.kombu_reconnect_delay = 1.0 {{(pid=110310) log_opt_values /opt/stack/data/venv/lib/python3.12/site-packages/oslo_config/cfg.py:3256}}
May 20 01:50:32.693167 np0000175166 nova-conductor[110310]: DEBUG cotyledon.oslo_config_glue [-] oslo_messaging_rabbit.kombu_reconnect_splay = 0.0 {{(pid=110310) log_opt_values /opt/stack/data/venv/lib/python3.12/site-packages/oslo_config/cfg.py:3256}}
May 20 01:50:32.693167 np0000175166 nova-conductor[110310]: DEBUG cotyledon.oslo_config_glue [-] oslo_messaging_rabbit.processname = nova-conductor {{(pid=110310) log_opt_values /opt/stack/data/venv/lib/python3.12/site-packages/oslo_config/cfg.py:3256}}
May 20 01:50:32.693167 np0000175166 nova-conductor[110310]: DEBUG cotyledon.oslo_config_glue [-] oslo_messaging_rabbit.rabbit_ha_queues = False {{(pid=110310) log_opt_values /opt/stack/data/venv/lib/python3.12/site-packages/oslo_config/cfg.py:3256}}
May 20 01:50:32.693167 np0000175166 nova-conductor[110310]: DEBUG cotyledon.oslo_config_glue [-] oslo_messaging_rabbit.rabbit_interval_max = 30 {{(pid=110310) log_opt_values /opt/stack/data/venv/lib/python3.12/site-packages/oslo_config/cfg.py:3256}}
May 20 01:50:32.693167 np0000175166 nova-conductor[110310]: DEBUG cotyledon.oslo_config_glue [-] oslo_messaging_rabbit.rabbit_login_method = AMQPLAIN {{(pid=110310) log_opt_values /opt/stack/data/venv/lib/python3.12/site-packages/oslo_config/cfg.py:3256}}
May 20 01:50:32.693344 np0000175166 nova-conductor[110310]: DEBUG cotyledon.oslo_config_glue [-] oslo_messaging_rabbit.rabbit_qos_prefetch_count = 0 {{(pid=110310) log_opt_values /opt/stack/data/venv/lib/python3.12/site-packages/oslo_config/cfg.py:3256}}
May 20 01:50:32.693344 np0000175166 nova-conductor[110310]: DEBUG cotyledon.oslo_config_glue [-] oslo_messaging_rabbit.rabbit_quorum_delivery_limit = 0 {{(pid=110310) log_opt_values /opt/stack/data/venv/lib/python3.12/site-packages/oslo_config/cfg.py:3256}}
May 20 01:50:32.693344 np0000175166 nova-conductor[110310]: DEBUG cotyledon.oslo_config_glue [-] oslo_messaging_rabbit.rabbit_quorum_max_memory_bytes = 0 {{(pid=110310) log_opt_values /opt/stack/data/venv/lib/python3.12/site-packages/oslo_config/cfg.py:3256}}
May 20 01:50:32.693344 np0000175166 nova-conductor[110310]: DEBUG cotyledon.oslo_config_glue [-] oslo_messaging_rabbit.rabbit_quorum_max_memory_length = 0 {{(pid=110310) log_opt_values /opt/stack/data/venv/lib/python3.12/site-packages/oslo_config/cfg.py:3256}}
May 20 01:50:32.693344 np0000175166 nova-conductor[110310]: DEBUG cotyledon.oslo_config_glue [-] oslo_messaging_rabbit.rabbit_quorum_queue = False {{(pid=110310) log_opt_values /opt/stack/data/venv/lib/python3.12/site-packages/oslo_config/cfg.py:3256}}
May 20 01:50:32.693344 np0000175166 nova-conductor[110310]: DEBUG cotyledon.oslo_config_glue [-] oslo_messaging_rabbit.rabbit_retry_backoff = 2 {{(pid=110310) log_opt_values /opt/stack/data/venv/lib/python3.12/site-packages/oslo_config/cfg.py:3256}}
May 20 01:50:32.693344 np0000175166 nova-conductor[110310]: DEBUG cotyledon.oslo_config_glue [-] oslo_messaging_rabbit.rabbit_retry_interval = 1 {{(pid=110310) log_opt_values /opt/stack/data/venv/lib/python3.12/site-packages/oslo_config/cfg.py:3256}}
May 20 01:50:32.693344 np0000175166 nova-conductor[110310]: DEBUG cotyledon.oslo_config_glue [-] oslo_messaging_rabbit.rabbit_stream_fanout = False {{(pid=110310) log_opt_values /opt/stack/data/venv/lib/python3.12/site-packages/oslo_config/cfg.py:3256}}
May 20 01:50:32.693511 np0000175166 nova-conductor[110310]: DEBUG cotyledon.oslo_config_glue [-] oslo_messaging_rabbit.rabbit_transient_queues_ttl = 1800 {{(pid=110310) log_opt_values /opt/stack/data/venv/lib/python3.12/site-packages/oslo_config/cfg.py:3256}}
May 20 01:50:32.693511 np0000175166 nova-conductor[110310]: DEBUG cotyledon.oslo_config_glue [-] oslo_messaging_rabbit.rabbit_transient_quorum_queue = False {{(pid=110310) log_opt_values /opt/stack/data/venv/lib/python3.12/site-packages/oslo_config/cfg.py:3256}}
May 20 01:50:32.693511 np0000175166 nova-conductor[110310]: DEBUG cotyledon.oslo_config_glue [-] oslo_messaging_rabbit.rpc_conn_pool_size = 30 {{(pid=110310) log_opt_values /opt/stack/data/venv/lib/python3.12/site-packages/oslo_config/cfg.py:3256}}
May 20 01:50:32.693511 np0000175166 nova-conductor[110310]: DEBUG cotyledon.oslo_config_glue [-] oslo_messaging_rabbit.ssl = False {{(pid=110310) log_opt_values /opt/stack/data/venv/lib/python3.12/site-packages/oslo_config/cfg.py:3256}}
May 20 01:50:32.693511 np0000175166 nova-conductor[110310]: DEBUG cotyledon.oslo_config_glue [-] oslo_messaging_rabbit.ssl_ca_file = {{(pid=110310) log_opt_values /opt/stack/data/venv/lib/python3.12/site-packages/oslo_config/cfg.py:3256}}
May 20 01:50:32.693511 np0000175166 nova-conductor[110310]: DEBUG cotyledon.oslo_config_glue [-] oslo_messaging_rabbit.ssl_cert_file = {{(pid=110310) log_opt_values /opt/stack/data/venv/lib/python3.12/site-packages/oslo_config/cfg.py:3256}}
May 20 01:50:32.693511 np0000175166 nova-conductor[110310]: DEBUG cotyledon.oslo_config_glue [-] oslo_messaging_rabbit.ssl_enforce_fips_mode = False {{(pid=110310) log_opt_values /opt/stack/data/venv/lib/python3.12/site-packages/oslo_config/cfg.py:3256}}
May 20 01:50:32.693511 np0000175166 nova-conductor[110310]: DEBUG cotyledon.oslo_config_glue [-] oslo_messaging_rabbit.ssl_key_file = {{(pid=110310) log_opt_values /opt/stack/data/venv/lib/python3.12/site-packages/oslo_config/cfg.py:3256}}
May 20 01:50:32.693511 np0000175166 nova-conductor[110310]: DEBUG cotyledon.oslo_config_glue [-] oslo_messaging_rabbit.ssl_version = {{(pid=110310) log_opt_values /opt/stack/data/venv/lib/python3.12/site-packages/oslo_config/cfg.py:3256}}
May 20 01:50:32.693715 np0000175166 nova-conductor[110310]: DEBUG cotyledon.oslo_config_glue [-] oslo_messaging_rabbit.use_queue_manager = False {{(pid=110310) log_opt_values /opt/stack/data/venv/lib/python3.12/site-packages/oslo_config/cfg.py:3256}}
May 20 01:50:32.693715 np0000175166 nova-conductor[110310]: DEBUG cotyledon.oslo_config_glue [-] oslo_messaging_notifications.driver = ['messagingv2'] {{(pid=110310) log_opt_values /opt/stack/data/venv/lib/python3.12/site-packages/oslo_config/cfg.py:3256}}
May 20 01:50:32.693715 np0000175166 nova-conductor[110310]: DEBUG cotyledon.oslo_config_glue [-] oslo_messaging_notifications.retry = -1 {{(pid=110310) log_opt_values /opt/stack/data/venv/lib/python3.12/site-packages/oslo_config/cfg.py:3256}}
May 20 01:50:32.693715 np0000175166 nova-conductor[110310]: DEBUG cotyledon.oslo_config_glue [-] oslo_messaging_notifications.topics = ['notifications'] {{(pid=110310) log_opt_values /opt/stack/data/venv/lib/python3.12/site-packages/oslo_config/cfg.py:3256}}
May 20 01:50:32.693715 np0000175166 nova-conductor[110310]: DEBUG cotyledon.oslo_config_glue [-] oslo_messaging_notifications.transport_url = **** {{(pid=110310) log_opt_values /opt/stack/data/venv/lib/python3.12/site-packages/oslo_config/cfg.py:3256}}
May 20 01:50:32.693715 np0000175166 nova-conductor[110310]: DEBUG cotyledon.oslo_config_glue [-] oslo_limit.auth_section = None {{(pid=110310) log_opt_values /opt/stack/data/venv/lib/python3.12/site-packages/oslo_config/cfg.py:3256}}
May 20 01:50:32.693715 np0000175166 nova-conductor[110310]: DEBUG cotyledon.oslo_config_glue [-] oslo_limit.auth_type = None {{(pid=110310) log_opt_values /opt/stack/data/venv/lib/python3.12/site-packages/oslo_config/cfg.py:3256}}
May 20 01:50:32.693715 np0000175166 nova-conductor[110310]: DEBUG cotyledon.oslo_config_glue [-] oslo_limit.cafile = None {{(pid=110310) log_opt_values /opt/stack/data/venv/lib/python3.12/site-packages/oslo_config/cfg.py:3256}}
May 20 01:50:32.693715 np0000175166 nova-conductor[110310]: DEBUG cotyledon.oslo_config_glue [-] oslo_limit.certfile = None {{(pid=110310) log_opt_values /opt/stack/data/venv/lib/python3.12/site-packages/oslo_config/cfg.py:3256}}
May 20 01:50:32.693917 np0000175166 nova-conductor[110310]: DEBUG cotyledon.oslo_config_glue [-] oslo_limit.collect_timing = False {{(pid=110310) log_opt_values /opt/stack/data/venv/lib/python3.12/site-packages/oslo_config/cfg.py:3256}}
May 20 01:50:32.693917 np0000175166 nova-conductor[110310]: DEBUG cotyledon.oslo_config_glue [-] oslo_limit.connect_retries = None {{(pid=110310) log_opt_values /opt/stack/data/venv/lib/python3.12/site-packages/oslo_config/cfg.py:3256}}
May 20 01:50:32.693917 np0000175166 nova-conductor[110310]: DEBUG cotyledon.oslo_config_glue [-] oslo_limit.connect_retry_delay = None {{(pid=110310) log_opt_values /opt/stack/data/venv/lib/python3.12/site-packages/oslo_config/cfg.py:3256}}
May 20 01:50:32.693917 np0000175166 nova-conductor[110310]: DEBUG cotyledon.oslo_config_glue [-] oslo_limit.endpoint_id = None {{(pid=110310) log_opt_values /opt/stack/data/venv/lib/python3.12/site-packages/oslo_config/cfg.py:3256}}
May 20 01:50:32.693917 np0000175166 nova-conductor[110310]: DEBUG cotyledon.oslo_config_glue [-] oslo_limit.endpoint_interface = public {{(pid=110310) log_opt_values /opt/stack/data/venv/lib/python3.12/site-packages/oslo_config/cfg.py:3256}}
May 20 01:50:32.693917 np0000175166 nova-conductor[110310]: DEBUG cotyledon.oslo_config_glue [-] oslo_limit.endpoint_override = None {{(pid=110310) log_opt_values /opt/stack/data/venv/lib/python3.12/site-packages/oslo_config/cfg.py:3256}}
May 20 01:50:32.693917 np0000175166 nova-conductor[110310]: DEBUG cotyledon.oslo_config_glue [-] oslo_limit.endpoint_region_name = None {{(pid=110310) log_opt_values /opt/stack/data/venv/lib/python3.12/site-packages/oslo_config/cfg.py:3256}}
May 20 01:50:32.693917 np0000175166 nova-conductor[110310]: DEBUG cotyledon.oslo_config_glue [-] oslo_limit.endpoint_service_name = None {{(pid=110310) log_opt_values /opt/stack/data/venv/lib/python3.12/site-packages/oslo_config/cfg.py:3256}}
May 20 01:50:32.693917 np0000175166 nova-conductor[110310]: DEBUG cotyledon.oslo_config_glue [-] oslo_limit.endpoint_service_type = None {{(pid=110310) log_opt_values /opt/stack/data/venv/lib/python3.12/site-packages/oslo_config/cfg.py:3256}}
May 20 01:50:32.694109 np0000175166 nova-conductor[110310]: DEBUG cotyledon.oslo_config_glue [-] oslo_limit.insecure = False {{(pid=110310) log_opt_values /opt/stack/data/venv/lib/python3.12/site-packages/oslo_config/cfg.py:3256}}
May 20 01:50:32.694109 np0000175166 nova-conductor[110310]: DEBUG cotyledon.oslo_config_glue [-] oslo_limit.keyfile = None {{(pid=110310) log_opt_values /opt/stack/data/venv/lib/python3.12/site-packages/oslo_config/cfg.py:3256}}
May 20 01:50:32.694109 np0000175166 nova-conductor[110310]: DEBUG cotyledon.oslo_config_glue [-] oslo_limit.max_version = None {{(pid=110310) log_opt_values /opt/stack/data/venv/lib/python3.12/site-packages/oslo_config/cfg.py:3256}}
May 20 01:50:32.694109 np0000175166 nova-conductor[110310]: DEBUG cotyledon.oslo_config_glue [-] oslo_limit.min_version = None {{(pid=110310) log_opt_values /opt/stack/data/venv/lib/python3.12/site-packages/oslo_config/cfg.py:3256}}
May 20 01:50:32.694109 np0000175166 nova-conductor[110310]: DEBUG cotyledon.oslo_config_glue [-] oslo_limit.region_name = None {{(pid=110310) log_opt_values /opt/stack/data/venv/lib/python3.12/site-packages/oslo_config/cfg.py:3256}}
May 20 01:50:32.694109 np0000175166 nova-conductor[110310]: DEBUG cotyledon.oslo_config_glue [-] oslo_limit.retriable_status_codes = None {{(pid=110310) log_opt_values /opt/stack/data/venv/lib/python3.12/site-packages/oslo_config/cfg.py:3256}}
May 20 01:50:32.694109 np0000175166 nova-conductor[110310]: DEBUG cotyledon.oslo_config_glue [-] oslo_limit.service_name = None {{(pid=110310) log_opt_values /opt/stack/data/venv/lib/python3.12/site-packages/oslo_config/cfg.py:3256}}
May 20 01:50:32.694109 np0000175166 nova-conductor[110310]: DEBUG cotyledon.oslo_config_glue [-] oslo_limit.service_type = None {{(pid=110310) log_opt_values /opt/stack/data/venv/lib/python3.12/site-packages/oslo_config/cfg.py:3256}}
May 20 01:50:32.694109 np0000175166 nova-conductor[110310]: DEBUG cotyledon.oslo_config_glue [-] oslo_limit.split_loggers = False {{(pid=110310) log_opt_values /opt/stack/data/venv/lib/python3.12/site-packages/oslo_config/cfg.py:3256}}
May 20 01:50:32.694308 np0000175166 nova-conductor[110310]: DEBUG cotyledon.oslo_config_glue [-] oslo_limit.status_code_retries = None {{(pid=110310) log_opt_values /opt/stack/data/venv/lib/python3.12/site-packages/oslo_config/cfg.py:3256}}
May 20 01:50:32.694308 np0000175166 nova-conductor[110310]: DEBUG cotyledon.oslo_config_glue [-] oslo_limit.status_code_retry_delay = None {{(pid=110310) log_opt_values /opt/stack/data/venv/lib/python3.12/site-packages/oslo_config/cfg.py:3256}}
May 20 01:50:32.694308 np0000175166 nova-conductor[110310]: DEBUG cotyledon.oslo_config_glue [-] oslo_limit.timeout = None {{(pid=110310) log_opt_values /opt/stack/data/venv/lib/python3.12/site-packages/oslo_config/cfg.py:3256}}
May 20 01:50:32.694308 np0000175166 nova-conductor[110310]: DEBUG cotyledon.oslo_config_glue [-] oslo_limit.valid_interfaces = None {{(pid=110310) log_opt_values /opt/stack/data/venv/lib/python3.12/site-packages/oslo_config/cfg.py:3256}}
May 20 01:50:32.694308 np0000175166 nova-conductor[110310]: DEBUG cotyledon.oslo_config_glue [-] oslo_limit.version = None {{(pid=110310) log_opt_values /opt/stack/data/venv/lib/python3.12/site-packages/oslo_config/cfg.py:3256}}
May 20 01:50:32.694308 np0000175166 nova-conductor[110310]: DEBUG cotyledon.oslo_config_glue [-] oslo_reports.file_event_handler = None {{(pid=110310) log_opt_values /opt/stack/data/venv/lib/python3.12/site-packages/oslo_config/cfg.py:3256}}
May 20 01:50:32.694308 np0000175166 nova-conductor[110310]: DEBUG cotyledon.oslo_config_glue [-] oslo_reports.file_event_handler_interval = 1 {{(pid=110310) log_opt_values /opt/stack/data/venv/lib/python3.12/site-packages/oslo_config/cfg.py:3256}}
May 20 01:50:32.694308 np0000175166 nova-conductor[110310]: DEBUG cotyledon.oslo_config_glue [-] oslo_reports.log_dir = None {{(pid=110310) log_opt_values /opt/stack/data/venv/lib/python3.12/site-packages/oslo_config/cfg.py:3256}}
May 20 01:50:32.694308 np0000175166 nova-conductor[110310]: DEBUG cotyledon.oslo_config_glue [-] ******************************************************************************** {{(pid=110310) log_opt_values /opt/stack/data/venv/lib/python3.12/site-packages/oslo_config/cfg.py:3263}}
May 20 01:50:32.694500 np0000175166 nova-conductor[110310]: DEBUG cotyledon._service_worker [-] Run service ServiceWrapper(3) [110310] {{(pid=110310) wait_forever /opt/stack/data/venv/lib/python3.12/site-packages/cotyledon/_service_worker.py:218}}
May 20 01:50:32.694531 np0000175166 nova-conductor[110291]: DEBUG nova.service [None req-5e449ff6-8fff-4b05-b35b-dc23d4686f01 None None] Creating RPC server for service: nova-conductor on topic: conductor {{(pid=110291) start /opt/stack/nova/nova/service.py:195}}
May 20 01:50:32.694558 np0000175166 nova-conductor[110310]: INFO nova.service [-] Starting conductor node (version 33.1.0)
May 20 01:50:32.694583 np0000175166 nova-conductor[110303]: DEBUG dbcounter [-] [110303] Writer thread running {{(pid=110303) stat_writer /opt/stack/data/venv/lib/python3.12/site-packages/dbcounter.py:102}}
May 20 01:50:32.694608 np0000175166 nova-conductor[110310]: INFO dbcounter [None req-2536545e-cffa-449a-b946-6b5f71ef992c None None] Registered counter for database nova_cell0
May 20 01:50:32.694633 np0000175166 nova-conductor[110303]: DEBUG nova.service [None req-a75b2532-137b-468b-b958-f2ec4a1325ed None None] Creating RPC server for service: nova-conductor on topic: conductor {{(pid=110303) start /opt/stack/nova/nova/service.py:195}}
May 20 01:50:32.694673 np0000175166 nova-conductor[110283]: DEBUG nova.service [None req-e3b73435-8fd8-4202-85f3-97f89d0b2b5c None None] Join ServiceGroup membership for this service conductor {{(pid=110283) start /opt/stack/nova/nova/service.py:221}}
May 20 01:50:32.694706 np0000175166 nova-conductor[110291]: DEBUG nova.service [None req-5e449ff6-8fff-4b05-b35b-dc23d4686f01 None None] Join ServiceGroup membership for this service conductor {{(pid=110291) start /opt/stack/nova/nova/service.py:221}}
May 20 01:50:32.694732 np0000175166 nova-conductor[110283]: DEBUG nova.servicegroup.drivers.db [None req-e3b73435-8fd8-4202-85f3-97f89d0b2b5c None None] DB_Driver: join new ServiceGroup member np0000175166 to the conductor group, service = {{(pid=110283) join /opt/stack/nova/nova/servicegroup/drivers/db.py:44}}
May 20 01:50:32.694757 np0000175166 nova-conductor[110291]: DEBUG nova.servicegroup.drivers.db [None req-5e449ff6-8fff-4b05-b35b-dc23d4686f01 None None] DB_Driver: join new ServiceGroup member np0000175166 to the conductor group, service = {{(pid=110291) join /opt/stack/nova/nova/servicegroup/drivers/db.py:44}}
May 20 01:50:32.694792 np0000175166 nova-conductor[110310]: DEBUG oslo_db.sqlalchemy.engines [None req-2536545e-cffa-449a-b946-6b5f71ef992c None None] MySQL server mode set to STRICT_TRANS_TABLES,STRICT_ALL_TABLES,NO_ZERO_IN_DATE,NO_ZERO_DATE,ERROR_FOR_DIVISION_BY_ZERO,TRADITIONAL,NO_ENGINE_SUBSTITUTION {{(pid=110310) _check_effective_sql_mode /opt/stack/data/venv/lib/python3.12/site-packages/oslo_db/sqlalchemy/engines.py:325}}
May 20 01:50:32.694831 np0000175166 nova-conductor[110303]: DEBUG nova.service [None req-a75b2532-137b-468b-b958-f2ec4a1325ed None None] Join ServiceGroup membership for this service conductor {{(pid=110303) start /opt/stack/nova/nova/service.py:221}}
May 20 01:50:32.694831 np0000175166 nova-conductor[110303]: DEBUG nova.servicegroup.drivers.db [None req-a75b2532-137b-468b-b958-f2ec4a1325ed None None] DB_Driver: join new ServiceGroup member np0000175166 to the conductor group, service = {{(pid=110303) join /opt/stack/nova/nova/servicegroup/drivers/db.py:44}}
May 20 01:50:32.700604 np0000175166 nova-conductor[110310]: DEBUG dbcounter [-] [110310] Writer thread running {{(pid=110310) stat_writer /opt/stack/data/venv/lib/python3.12/site-packages/dbcounter.py:102}}
May 20 01:50:32.703825 np0000175166 nova-conductor[110310]: DEBUG nova.service [None req-2536545e-cffa-449a-b946-6b5f71ef992c None None] Creating RPC server for service: nova-conductor on topic: conductor {{(pid=110310) start /opt/stack/nova/nova/service.py:195}}
May 20 01:50:32.723513 np0000175166 nova-conductor[110310]: DEBUG nova.service [None req-2536545e-cffa-449a-b946-6b5f71ef992c None None] Join ServiceGroup membership for this service conductor {{(pid=110310) start /opt/stack/nova/nova/service.py:221}}
May 20 01:50:32.723897 np0000175166 nova-conductor[110310]: DEBUG nova.servicegroup.drivers.db [None req-2536545e-cffa-449a-b946-6b5f71ef992c None None] DB_Driver: join new ServiceGroup member np0000175166 to the conductor group, service = {{(pid=110310) join /opt/stack/nova/nova/servicegroup/drivers/db.py:44}}
May 20 01:50:37.699997 np0000175166 nova-conductor[110283]: DEBUG oslo.service.backend._threading.loopingcall [-] Fixed interval looping call 'nova.servicegroup.drivers.db.DbDriver._report_state' sleeping for 119.98 seconds {{(pid=110283) _run_loop /opt/stack/data/venv/lib/python3.12/site-packages/oslo_service/backend/_threading/loopingcall.py:125}}
May 20 01:50:37.701120 np0000175166 nova-conductor[110291]: DEBUG oslo.service.backend._threading.loopingcall [-] Fixed interval looping call 'nova.servicegroup.drivers.db.DbDriver._report_state' sleeping for 119.98 seconds {{(pid=110291) _run_loop /opt/stack/data/venv/lib/python3.12/site-packages/oslo_service/backend/_threading/loopingcall.py:125}}
May 20 01:50:37.712237 np0000175166 nova-conductor[110303]: DEBUG oslo.service.backend._threading.loopingcall [-] Fixed interval looping call 'nova.servicegroup.drivers.db.DbDriver._report_state' sleeping for 119.98 seconds {{(pid=110303) _run_loop /opt/stack/data/venv/lib/python3.12/site-packages/oslo_service/backend/_threading/loopingcall.py:125}}
May 20 01:50:37.739392 np0000175166 nova-conductor[110310]: DEBUG oslo.service.backend._threading.loopingcall [-] Fixed interval looping call 'nova.servicegroup.drivers.db.DbDriver._report_state' sleeping for 119.99 seconds {{(pid=110310) _run_loop /opt/stack/data/venv/lib/python3.12/site-packages/oslo_service/backend/_threading/loopingcall.py:125}}
May 20 01:50:41.292710 np0000175166 nova-conductor[109526]: DEBUG dbcounter [-] [109526] Writing DB stats nova_api:SELECT=1 {{(pid=109526) stat_writer /opt/stack/data/venv/lib/python3.12/site-packages/dbcounter.py:115}}
May 20 01:50:41.402253 np0000175166 nova-conductor[109526]: DEBUG dbcounter [-] [109526] Writing DB stats nova_cell0:SELECT=1 {{(pid=109526) stat_writer /opt/stack/data/venv/lib/python3.12/site-packages/dbcounter.py:115}}
May 20 01:50:41.403426 np0000175166 nova-conductor[109526]: DEBUG dbcounter [-] [109526] Writing DB stats nova_cell1:SELECT=1 {{(pid=109526) stat_writer /opt/stack/data/venv/lib/python3.12/site-packages/dbcounter.py:115}}
May 20 01:50:47.694457 np0000175166 nova-conductor[110291]: DEBUG dbcounter [-] [110291] Writing DB stats nova_cell0:SELECT=3,nova_cell0:UPDATE=1 {{(pid=110291) stat_writer /opt/stack/data/venv/lib/python3.12/site-packages/dbcounter.py:115}}
May 20 01:50:47.696289 np0000175166 nova-conductor[110283]: DEBUG dbcounter [-] [110283] Writing DB stats nova_cell0:SELECT=4,nova_cell0:INSERT=1,nova_cell0:UPDATE=1 {{(pid=110283) stat_writer /opt/stack/data/venv/lib/python3.12/site-packages/dbcounter.py:115}}
May 20 01:50:47.708449 np0000175166 nova-conductor[110303]: DEBUG dbcounter [-] [110303] Writing DB stats nova_cell0:SELECT=3 {{(pid=110303) stat_writer /opt/stack/data/venv/lib/python3.12/site-packages/dbcounter.py:115}}
May 20 01:50:47.736851 np0000175166 nova-conductor[110310]: DEBUG dbcounter [-] [110310] Writing DB stats nova_cell0:SELECT=3 {{(pid=110310) stat_writer /opt/stack/data/venv/lib/python3.12/site-packages/dbcounter.py:115}}
May 20 01:50:49.697105 np0000175166 nova-conductor[110303]: DEBUG oslo.service.backend._threading.loopingcall [None req-5132bea1-d098-4312-875d-38e227035971 None None] Dynamic interval looping call 'nova.service.Service.periodic_tasks' sleeping for 60.00 seconds {{(pid=110303) _run_loop /opt/stack/data/venv/lib/python3.12/site-packages/oslo_service/backend/_threading/loopingcall.py:125}}
May 20 01:50:49.727210 np0000175166 nova-conductor[110310]: DEBUG oslo.service.backend._threading.loopingcall [None req-67497b23-8a3e-49ea-9239-e9518bb84c63 None None] Dynamic interval looping call 'nova.service.Service.periodic_tasks' sleeping for 60.00 seconds {{(pid=110310) _run_loop /opt/stack/data/venv/lib/python3.12/site-packages/oslo_service/backend/_threading/loopingcall.py:125}}
May 20 01:50:52.681993 np0000175166 nova-conductor[110291]: DEBUG oslo.service.backend._threading.loopingcall [None req-26c9d848-9d32-44fd-b834-97fe6077dc55 None None] Dynamic interval looping call 'nova.service.Service.periodic_tasks' sleeping for 60.00 seconds {{(pid=110291) _run_loop /opt/stack/data/venv/lib/python3.12/site-packages/oslo_service/backend/_threading/loopingcall.py:125}}
May 20 01:50:53.682418 np0000175166 nova-conductor[110283]: DEBUG oslo.service.backend._threading.loopingcall [None req-157749ba-6bf6-4b8b-bad5-889850f2538c None None] Dynamic interval looping call 'nova.service.Service.periodic_tasks' sleeping for 60.00 seconds {{(pid=110283) _run_loop /opt/stack/data/venv/lib/python3.12/site-packages/oslo_service/backend/_threading/loopingcall.py:125}}
May 20 01:51:49.697669 np0000175166 nova-conductor[110303]: DEBUG oslo.service.backend._threading.loopingcall [None req-5132bea1-d098-4312-875d-38e227035971 None None] Dynamic interval looping call 'nova.service.Service.periodic_tasks' sleeping for 60.00 seconds {{(pid=110303) _run_loop /opt/stack/data/venv/lib/python3.12/site-packages/oslo_service/backend/_threading/loopingcall.py:125}}
May 20 01:51:49.728503 np0000175166 nova-conductor[110310]: DEBUG oslo.service.backend._threading.loopingcall [None req-67497b23-8a3e-49ea-9239-e9518bb84c63 None None] Dynamic interval looping call 'nova.service.Service.periodic_tasks' sleeping for 60.00 seconds {{(pid=110310) _run_loop /opt/stack/data/venv/lib/python3.12/site-packages/oslo_service/backend/_threading/loopingcall.py:125}}
May 20 01:51:52.682558 np0000175166 nova-conductor[110291]: DEBUG oslo.service.backend._threading.loopingcall [None req-26c9d848-9d32-44fd-b834-97fe6077dc55 None None] Dynamic interval looping call 'nova.service.Service.periodic_tasks' sleeping for 60.00 seconds {{(pid=110291) _run_loop /opt/stack/data/venv/lib/python3.12/site-packages/oslo_service/backend/_threading/loopingcall.py:125}}
May 20 01:51:53.683263 np0000175166 nova-conductor[110283]: DEBUG oslo.service.backend._threading.loopingcall [None req-157749ba-6bf6-4b8b-bad5-889850f2538c None None] Dynamic interval looping call 'nova.service.Service.periodic_tasks' sleeping for 60.00 seconds {{(pid=110283) _run_loop /opt/stack/data/venv/lib/python3.12/site-packages/oslo_service/backend/_threading/loopingcall.py:125}}
May 20 01:52:37.690710 np0000175166 nova-conductor[110291]: DEBUG oslo.service.backend._threading.loopingcall [-] Fixed interval looping call 'nova.servicegroup.drivers.db.DbDriver._report_state' sleeping for 119.99 seconds {{(pid=110291) _run_loop /opt/stack/data/venv/lib/python3.12/site-packages/oslo_service/backend/_threading/loopingcall.py:125}}
May 20 01:52:37.692130 np0000175166 nova-conductor[110283]: DEBUG oslo.service.backend._threading.loopingcall [-] Fixed interval looping call 'nova.servicegroup.drivers.db.DbDriver._report_state' sleeping for 119.99 seconds {{(pid=110283) _run_loop /opt/stack/data/venv/lib/python3.12/site-packages/oslo_service/backend/_threading/loopingcall.py:125}}
May 20 01:52:37.698183 np0000175166 nova-conductor[110303]: DEBUG oslo.service.backend._threading.loopingcall [-] Fixed interval looping call 'nova.servicegroup.drivers.db.DbDriver._report_state' sleeping for 119.99 seconds {{(pid=110303) _run_loop /opt/stack/data/venv/lib/python3.12/site-packages/oslo_service/backend/_threading/loopingcall.py:125}}
May 20 01:52:37.734451 np0000175166 nova-conductor[110310]: DEBUG oslo.service.backend._threading.loopingcall [-] Fixed interval looping call 'nova.servicegroup.drivers.db.DbDriver._report_state' sleeping for 120.00 seconds {{(pid=110310) _run_loop /opt/stack/data/venv/lib/python3.12/site-packages/oslo_service/backend/_threading/loopingcall.py:125}}
May 20 01:52:47.685755 np0000175166 nova-conductor[110283]: DEBUG dbcounter [-] [110283] Writing DB stats nova_cell0:SELECT=1,nova_cell0:UPDATE=1 {{(pid=110283) stat_writer /opt/stack/data/venv/lib/python3.12/site-packages/dbcounter.py:115}}
May 20 01:52:47.686578 np0000175166 nova-conductor[110291]: DEBUG dbcounter [-] [110291] Writing DB stats nova_cell0:SELECT=1,nova_cell0:UPDATE=1 {{(pid=110291) stat_writer /opt/stack/data/venv/lib/python3.12/site-packages/dbcounter.py:115}}
May 20 01:52:47.695447 np0000175166 nova-conductor[110303]: DEBUG dbcounter [-] [110303] Writing DB stats nova_cell0:SELECT=1 {{(pid=110303) stat_writer /opt/stack/data/venv/lib/python3.12/site-packages/dbcounter.py:115}}
May 20 01:52:47.732289 np0000175166 nova-conductor[110310]: DEBUG dbcounter [-] [110310] Writing DB stats nova_cell0:SELECT=1 {{(pid=110310) stat_writer /opt/stack/data/venv/lib/python3.12/site-packages/dbcounter.py:115}}
May 20 01:52:49.698428 np0000175166 nova-conductor[110303]: DEBUG oslo.service.backend._threading.loopingcall [None req-5132bea1-d098-4312-875d-38e227035971 None None] Dynamic interval looping call 'nova.service.Service.periodic_tasks' sleeping for 60.00 seconds {{(pid=110303) _run_loop /opt/stack/data/venv/lib/python3.12/site-packages/oslo_service/backend/_threading/loopingcall.py:125}}
May 20 01:52:49.729468 np0000175166 nova-conductor[110310]: DEBUG oslo.service.backend._threading.loopingcall [None req-67497b23-8a3e-49ea-9239-e9518bb84c63 None None] Dynamic interval looping call 'nova.service.Service.periodic_tasks' sleeping for 60.00 seconds {{(pid=110310) _run_loop /opt/stack/data/venv/lib/python3.12/site-packages/oslo_service/backend/_threading/loopingcall.py:125}}
May 20 01:52:52.683548 np0000175166 nova-conductor[110291]: DEBUG oslo.service.backend._threading.loopingcall [None req-26c9d848-9d32-44fd-b834-97fe6077dc55 None None] Dynamic interval looping call 'nova.service.Service.periodic_tasks' sleeping for 60.00 seconds {{(pid=110291) _run_loop /opt/stack/data/venv/lib/python3.12/site-packages/oslo_service/backend/_threading/loopingcall.py:125}}
May 20 01:52:53.684123 np0000175166 nova-conductor[110283]: DEBUG oslo.service.backend._threading.loopingcall [None req-157749ba-6bf6-4b8b-bad5-889850f2538c None None] Dynamic interval looping call 'nova.service.Service.periodic_tasks' sleeping for 60.00 seconds {{(pid=110283) _run_loop /opt/stack/data/venv/lib/python3.12/site-packages/oslo_service/backend/_threading/loopingcall.py:125}}
May 20 01:53:49.699246 np0000175166 nova-conductor[110303]: DEBUG oslo.service.backend._threading.loopingcall [None req-5132bea1-d098-4312-875d-38e227035971 None None] Dynamic interval looping call 'nova.service.Service.periodic_tasks' sleeping for 60.00 seconds {{(pid=110303) _run_loop /opt/stack/data/venv/lib/python3.12/site-packages/oslo_service/backend/_threading/loopingcall.py:125}}
May 20 01:53:49.730306 np0000175166 nova-conductor[110310]: DEBUG oslo.service.backend._threading.loopingcall [None req-67497b23-8a3e-49ea-9239-e9518bb84c63 None None] Dynamic interval looping call 'nova.service.Service.periodic_tasks' sleeping for 60.00 seconds {{(pid=110310) _run_loop /opt/stack/data/venv/lib/python3.12/site-packages/oslo_service/backend/_threading/loopingcall.py:125}}
May 20 01:53:52.684424 np0000175166 nova-conductor[110291]: DEBUG oslo.service.backend._threading.loopingcall [None req-26c9d848-9d32-44fd-b834-97fe6077dc55 None None] Dynamic interval looping call 'nova.service.Service.periodic_tasks' sleeping for 60.00 seconds {{(pid=110291) _run_loop /opt/stack/data/venv/lib/python3.12/site-packages/oslo_service/backend/_threading/loopingcall.py:125}}
May 20 01:53:53.684970 np0000175166 nova-conductor[110283]: DEBUG oslo.service.backend._threading.loopingcall [None req-157749ba-6bf6-4b8b-bad5-889850f2538c None None] Dynamic interval looping call 'nova.service.Service.periodic_tasks' sleeping for 60.00 seconds {{(pid=110283) _run_loop /opt/stack/data/venv/lib/python3.12/site-packages/oslo_service/backend/_threading/loopingcall.py:125}}
May 20 01:54:37.695486 np0000175166 nova-conductor[110291]: DEBUG oslo.service.backend._threading.loopingcall [-] Fixed interval looping call 'nova.servicegroup.drivers.db.DbDriver._report_state' sleeping for 119.99 seconds {{(pid=110291) _run_loop /opt/stack/data/venv/lib/python3.12/site-packages/oslo_service/backend/_threading/loopingcall.py:125}}
May 20 01:54:37.696001 np0000175166 nova-conductor[110283]: DEBUG oslo.service.backend._threading.loopingcall [-] Fixed interval looping call 'nova.servicegroup.drivers.db.DbDriver._report_state' sleeping for 119.99 seconds {{(pid=110283) _run_loop /opt/stack/data/venv/lib/python3.12/site-packages/oslo_service/backend/_threading/loopingcall.py:125}}
May 20 01:54:37.697800 np0000175166 nova-conductor[110303]: DEBUG oslo.service.backend._threading.loopingcall [-] Fixed interval looping call 'nova.servicegroup.drivers.db.DbDriver._report_state' sleeping for 119.99 seconds {{(pid=110303) _run_loop /opt/stack/data/venv/lib/python3.12/site-packages/oslo_service/backend/_threading/loopingcall.py:125}}
May 20 01:54:37.740241 np0000175166 nova-conductor[110310]: DEBUG oslo.service.backend._threading.loopingcall [-] Fixed interval looping call 'nova.servicegroup.drivers.db.DbDriver._report_state' sleeping for 119.99 seconds {{(pid=110310) _run_loop /opt/stack/data/venv/lib/python3.12/site-packages/oslo_service/backend/_threading/loopingcall.py:125}}
May 20 01:54:47.688866 np0000175166 nova-conductor[110291]: DEBUG dbcounter [-] [110291] Writing DB stats nova_cell0:SELECT=1,nova_cell0:UPDATE=1 {{(pid=110291) stat_writer /opt/stack/data/venv/lib/python3.12/site-packages/dbcounter.py:115}}
May 20 01:54:47.689648 np0000175166 nova-conductor[110283]: DEBUG dbcounter [-] [110283] Writing DB stats nova_cell0:SELECT=1,nova_cell0:UPDATE=1 {{(pid=110283) stat_writer /opt/stack/data/venv/lib/python3.12/site-packages/dbcounter.py:115}}
May 20 01:54:47.697139 np0000175166 nova-conductor[110303]: DEBUG dbcounter [-] [110303] Writing DB stats nova_cell0:SELECT=1,nova_cell0:UPDATE=1 {{(pid=110303) stat_writer /opt/stack/data/venv/lib/python3.12/site-packages/dbcounter.py:115}}
May 20 01:54:47.737978 np0000175166 nova-conductor[110310]: DEBUG dbcounter [-] [110310] Writing DB stats nova_cell0:SELECT=1 {{(pid=110310) stat_writer /opt/stack/data/venv/lib/python3.12/site-packages/dbcounter.py:115}}
May 20 01:54:49.700003 np0000175166 nova-conductor[110303]: DEBUG oslo.service.backend._threading.loopingcall [None req-5132bea1-d098-4312-875d-38e227035971 None None] Dynamic interval looping call 'nova.service.Service.periodic_tasks' sleeping for 60.00 seconds {{(pid=110303) _run_loop /opt/stack/data/venv/lib/python3.12/site-packages/oslo_service/backend/_threading/loopingcall.py:125}}
May 20 01:54:49.733080 np0000175166 nova-conductor[110310]: DEBUG oslo.service.backend._threading.loopingcall [None req-67497b23-8a3e-49ea-9239-e9518bb84c63 None None] Dynamic interval looping call 'nova.service.Service.periodic_tasks' sleeping for 60.00 seconds {{(pid=110310) _run_loop /opt/stack/data/venv/lib/python3.12/site-packages/oslo_service/backend/_threading/loopingcall.py:125}}
May 20 01:54:52.685223 np0000175166 nova-conductor[110291]: DEBUG oslo.service.backend._threading.loopingcall [None req-26c9d848-9d32-44fd-b834-97fe6077dc55 None None] Dynamic interval looping call 'nova.service.Service.periodic_tasks' sleeping for 60.00 seconds {{(pid=110291) _run_loop /opt/stack/data/venv/lib/python3.12/site-packages/oslo_service/backend/_threading/loopingcall.py:125}}
May 20 01:54:53.686448 np0000175166 nova-conductor[110283]: DEBUG oslo.service.backend._threading.loopingcall [None req-157749ba-6bf6-4b8b-bad5-889850f2538c None None] Dynamic interval looping call 'nova.service.Service.periodic_tasks' sleeping for 60.00 seconds {{(pid=110283) _run_loop /opt/stack/data/venv/lib/python3.12/site-packages/oslo_service/backend/_threading/loopingcall.py:125}}
