May 11 05:46:08.122706 np0000173413 nova-scheduler[108746]: DEBUG cotyledon.oslo_config_glue [-] vnc.server_proxyclient_address = 127.0.0.1 {{(pid=108746) log_opt_values /opt/stack/data/venv/lib/python3.12/site-packages/oslo_config/cfg.py:3006}}
May 11 05:46:08.122706 np0000173413 nova-scheduler[108746]: DEBUG cotyledon.oslo_config_glue [-] vnc.vencrypt_ca_certs = None {{(pid=108746) log_opt_values /opt/stack/data/venv/lib/python3.12/site-packages/oslo_config/cfg.py:3006}}
May 11 05:46:08.122706 np0000173413 nova-scheduler[108746]: DEBUG cotyledon.oslo_config_glue [-] vnc.vencrypt_client_cert = None {{(pid=108746) log_opt_values /opt/stack/data/venv/lib/python3.12/site-packages/oslo_config/cfg.py:3006}}
May 11 05:46:08.122706 np0000173413 nova-scheduler[108746]: DEBUG cotyledon.oslo_config_glue [-] vnc.vencrypt_client_key = None {{(pid=108746) log_opt_values /opt/stack/data/venv/lib/python3.12/site-packages/oslo_config/cfg.py:3006}}
May 11 05:46:08.122706 np0000173413 nova-scheduler[108746]: DEBUG cotyledon.oslo_config_glue [-] workarounds.disable_compute_service_check_for_ffu = False {{(pid=108746) log_opt_values /opt/stack/data/venv/lib/python3.12/site-packages/oslo_config/cfg.py:3006}}
May 11 05:46:08.122706 np0000173413 nova-scheduler[108746]: DEBUG cotyledon.oslo_config_glue [-] workarounds.disable_deep_image_inspection = False {{(pid=108746) log_opt_values /opt/stack/data/venv/lib/python3.12/site-packages/oslo_config/cfg.py:3006}}
May 11 05:46:08.122706 np0000173413 nova-scheduler[108746]: DEBUG cotyledon.oslo_config_glue [-] workarounds.disable_fallback_pcpu_query = False {{(pid=108746) log_opt_values /opt/stack/data/venv/lib/python3.12/site-packages/oslo_config/cfg.py:3006}}
May 11 05:46:08.122894 np0000173413 nova-scheduler[108746]: DEBUG cotyledon.oslo_config_glue [-] workarounds.disable_group_policy_check_upcall = False {{(pid=108746) log_opt_values /opt/stack/data/venv/lib/python3.12/site-packages/oslo_config/cfg.py:3006}}
May 11 05:46:08.122894 np0000173413 nova-scheduler[108746]: DEBUG cotyledon.oslo_config_glue [-] workarounds.disable_libvirt_livesnapshot = False {{(pid=108746) log_opt_values /opt/stack/data/venv/lib/python3.12/site-packages/oslo_config/cfg.py:3006}}
May 11 05:46:08.122894 np0000173413 nova-scheduler[108746]: DEBUG cotyledon.oslo_config_glue [-] workarounds.disable_rootwrap = False {{(pid=108746) log_opt_values /opt/stack/data/venv/lib/python3.12/site-packages/oslo_config/cfg.py:3006}}
May 11 05:46:08.122894 np0000173413 nova-scheduler[108746]: DEBUG cotyledon.oslo_config_glue [-] workarounds.enable_numa_live_migration = False {{(pid=108746) log_opt_values /opt/stack/data/venv/lib/python3.12/site-packages/oslo_config/cfg.py:3006}}
May 11 05:46:08.122894 np0000173413 nova-scheduler[108746]: DEBUG cotyledon.oslo_config_glue [-] workarounds.enable_qemu_monitor_announce_self = False {{(pid=108746) log_opt_values /opt/stack/data/venv/lib/python3.12/site-packages/oslo_config/cfg.py:3006}}
May 11 05:46:08.122894 np0000173413 nova-scheduler[108746]: DEBUG cotyledon.oslo_config_glue [-] workarounds.ensure_libvirt_rbd_instance_dir_cleanup = False {{(pid=108746) log_opt_values /opt/stack/data/venv/lib/python3.12/site-packages/oslo_config/cfg.py:3006}}
May 11 05:46:08.122894 np0000173413 nova-scheduler[108746]: DEBUG cotyledon.oslo_config_glue [-] workarounds.handle_virt_lifecycle_events = True {{(pid=108746) log_opt_values /opt/stack/data/venv/lib/python3.12/site-packages/oslo_config/cfg.py:3006}}
May 11 05:46:08.122894 np0000173413 nova-scheduler[108746]: DEBUG cotyledon.oslo_config_glue [-] workarounds.libvirt_disable_apic = False {{(pid=108746) log_opt_values /opt/stack/data/venv/lib/python3.12/site-packages/oslo_config/cfg.py:3006}}
May 11 05:46:08.122894 np0000173413 nova-scheduler[108746]: DEBUG cotyledon.oslo_config_glue [-] workarounds.never_download_image_if_on_rbd = False {{(pid=108746) log_opt_values /opt/stack/data/venv/lib/python3.12/site-packages/oslo_config/cfg.py:3006}}
May 11 05:46:08.123073 np0000173413 nova-scheduler[108746]: DEBUG cotyledon.oslo_config_glue [-] workarounds.qemu_monitor_announce_self_count = 3 {{(pid=108746) log_opt_values /opt/stack/data/venv/lib/python3.12/site-packages/oslo_config/cfg.py:3006}}
May 11 05:46:08.123073 np0000173413 nova-scheduler[108746]: DEBUG cotyledon.oslo_config_glue [-] workarounds.qemu_monitor_announce_self_interval = 1 {{(pid=108746) log_opt_values /opt/stack/data/venv/lib/python3.12/site-packages/oslo_config/cfg.py:3006}}
May 11 05:46:08.123073 np0000173413 nova-scheduler[108746]: DEBUG cotyledon.oslo_config_glue [-] workarounds.reserve_disk_resource_for_image_cache = False {{(pid=108746) log_opt_values /opt/stack/data/venv/lib/python3.12/site-packages/oslo_config/cfg.py:3006}}
May 11 05:46:08.123073 np0000173413 nova-scheduler[108746]: DEBUG cotyledon.oslo_config_glue [-] workarounds.skip_cpu_compare_at_startup = False {{(pid=108746) log_opt_values /opt/stack/data/venv/lib/python3.12/site-packages/oslo_config/cfg.py:3006}}
May 11 05:46:08.123073 np0000173413 nova-scheduler[108746]: DEBUG cotyledon.oslo_config_glue [-] workarounds.skip_cpu_compare_on_dest = False {{(pid=108746) log_opt_values /opt/stack/data/venv/lib/python3.12/site-packages/oslo_config/cfg.py:3006}}
May 11 05:46:08.123073 np0000173413 nova-scheduler[108746]: DEBUG cotyledon.oslo_config_glue [-] workarounds.skip_hypervisor_version_check_on_lm = False {{(pid=108746) log_opt_values /opt/stack/data/venv/lib/python3.12/site-packages/oslo_config/cfg.py:3006}}
May 11 05:46:08.123073 np0000173413 nova-scheduler[108746]: DEBUG cotyledon.oslo_config_glue [-] workarounds.skip_reserve_in_use_ironic_nodes = False {{(pid=108746) log_opt_values /opt/stack/data/venv/lib/python3.12/site-packages/oslo_config/cfg.py:3006}}
May 11 05:46:08.123073 np0000173413 nova-scheduler[108746]: DEBUG cotyledon.oslo_config_glue [-] workarounds.unified_limits_count_pcpu_as_vcpu = False {{(pid=108746) log_opt_values /opt/stack/data/venv/lib/python3.12/site-packages/oslo_config/cfg.py:3006}}
May 11 05:46:08.123258 np0000173413 nova-scheduler[108746]: DEBUG cotyledon.oslo_config_glue [-] workarounds.wait_for_vif_plugged_event_during_hard_reboot = [] {{(pid=108746) log_opt_values /opt/stack/data/venv/lib/python3.12/site-packages/oslo_config/cfg.py:3006}}
May 11 05:46:08.123258 np0000173413 nova-scheduler[108746]: DEBUG cotyledon.oslo_config_glue [-] wsgi.api_paste_config = /etc/nova/api-paste.ini {{(pid=108746) log_opt_values /opt/stack/data/venv/lib/python3.12/site-packages/oslo_config/cfg.py:3006}}
May 11 05:46:08.123258 np0000173413 nova-scheduler[108746]: DEBUG cotyledon.oslo_config_glue [-] wsgi.secure_proxy_ssl_header = None {{(pid=108746) log_opt_values /opt/stack/data/venv/lib/python3.12/site-packages/oslo_config/cfg.py:3006}}
May 11 05:46:08.123258 np0000173413 nova-scheduler[108746]: DEBUG cotyledon.oslo_config_glue [-] zvm.ca_file = None {{(pid=108746) log_opt_values /opt/stack/data/venv/lib/python3.12/site-packages/oslo_config/cfg.py:3006}}
May 11 05:46:08.123258 np0000173413 nova-scheduler[108746]: DEBUG cotyledon.oslo_config_glue [-] zvm.cloud_connector_url = None {{(pid=108746) log_opt_values /opt/stack/data/venv/lib/python3.12/site-packages/oslo_config/cfg.py:3006}}
May 11 05:46:08.123258 np0000173413 nova-scheduler[108746]: DEBUG cotyledon.oslo_config_glue [-] zvm.image_tmp_path = /opt/stack/data/nova/images {{(pid=108746) log_opt_values /opt/stack/data/venv/lib/python3.12/site-packages/oslo_config/cfg.py:3006}}
May 11 05:46:08.123258 np0000173413 nova-scheduler[108746]: DEBUG cotyledon.oslo_config_glue [-] zvm.reachable_timeout = 300 {{(pid=108746) log_opt_values /opt/stack/data/venv/lib/python3.12/site-packages/oslo_config/cfg.py:3006}}
May 11 05:46:08.123258 np0000173413 nova-scheduler[108746]: DEBUG cotyledon.oslo_config_glue [-] oslo_versionedobjects.fatal_exception_format_errors = False {{(pid=108746) log_opt_values /opt/stack/data/venv/lib/python3.12/site-packages/oslo_config/cfg.py:3006}}
May 11 05:46:08.123258 np0000173413 nova-scheduler[108746]: DEBUG cotyledon.oslo_config_glue [-] oslo_middleware.http_basic_auth_user_file = /etc/htpasswd {{(pid=108746) log_opt_values /opt/stack/data/venv/lib/python3.12/site-packages/oslo_config/cfg.py:3006}}
May 11 05:46:08.123441 np0000173413 nova-scheduler[108746]: DEBUG cotyledon.oslo_config_glue [-] oslo_messaging_metrics.metrics_buffer_size = 1000 {{(pid=108746) log_opt_values /opt/stack/data/venv/lib/python3.12/site-packages/oslo_config/cfg.py:3006}}
May 11 05:46:08.123441 np0000173413 nova-scheduler[108746]: DEBUG cotyledon.oslo_config_glue [-] oslo_messaging_metrics.metrics_enabled = False {{(pid=108746) log_opt_values /opt/stack/data/venv/lib/python3.12/site-packages/oslo_config/cfg.py:3006}}
May 11 05:46:08.123441 np0000173413 nova-scheduler[108746]: DEBUG cotyledon.oslo_config_glue [-] oslo_messaging_metrics.metrics_process_name = {{(pid=108746) log_opt_values /opt/stack/data/venv/lib/python3.12/site-packages/oslo_config/cfg.py:3006}}
May 11 05:46:08.123441 np0000173413 nova-scheduler[108746]: DEBUG cotyledon.oslo_config_glue [-] oslo_messaging_metrics.metrics_socket_file = /var/tmp/metrics_collector.sock {{(pid=108746) log_opt_values /opt/stack/data/venv/lib/python3.12/site-packages/oslo_config/cfg.py:3006}}
May 11 05:46:08.123441 np0000173413 nova-scheduler[108746]: DEBUG cotyledon.oslo_config_glue [-] oslo_messaging_metrics.metrics_thread_stop_timeout = 10 {{(pid=108746) log_opt_values /opt/stack/data/venv/lib/python3.12/site-packages/oslo_config/cfg.py:3006}}
May 11 05:46:08.123441 np0000173413 nova-scheduler[108746]: DEBUG cotyledon.oslo_config_glue [-] profiler.connection_string = messaging:// {{(pid=108746) log_opt_values /opt/stack/data/venv/lib/python3.12/site-packages/oslo_config/cfg.py:3006}}
May 11 05:46:08.123441 np0000173413 nova-scheduler[108746]: DEBUG cotyledon.oslo_config_glue [-] profiler.enabled = False {{(pid=108746) log_opt_values /opt/stack/data/venv/lib/python3.12/site-packages/oslo_config/cfg.py:3006}}
May 11 05:46:08.123441 np0000173413 nova-scheduler[108746]: DEBUG cotyledon.oslo_config_glue [-] profiler.es_doc_type = notification {{(pid=108746) log_opt_values /opt/stack/data/venv/lib/python3.12/site-packages/oslo_config/cfg.py:3006}}
May 11 05:46:08.123441 np0000173413 nova-scheduler[108746]: DEBUG cotyledon.oslo_config_glue [-] profiler.es_scroll_size = 10000 {{(pid=108746) log_opt_values /opt/stack/data/venv/lib/python3.12/site-packages/oslo_config/cfg.py:3006}}
May 11 05:46:08.123623 np0000173413 nova-scheduler[108746]: DEBUG cotyledon.oslo_config_glue [-] profiler.es_scroll_time = 2m {{(pid=108746) log_opt_values /opt/stack/data/venv/lib/python3.12/site-packages/oslo_config/cfg.py:3006}}
May 11 05:46:08.123623 np0000173413 nova-scheduler[108746]: DEBUG cotyledon.oslo_config_glue [-] profiler.filter_error_trace = False {{(pid=108746) log_opt_values /opt/stack/data/venv/lib/python3.12/site-packages/oslo_config/cfg.py:3006}}
May 11 05:46:08.123623 np0000173413 nova-scheduler[108746]: DEBUG cotyledon.oslo_config_glue [-] profiler.hmac_keys = **** {{(pid=108746) log_opt_values /opt/stack/data/venv/lib/python3.12/site-packages/oslo_config/cfg.py:3006}}
May 11 05:46:08.123623 np0000173413 nova-scheduler[108746]: DEBUG cotyledon.oslo_config_glue [-] profiler.sentinel_service_name = mymaster {{(pid=108746) log_opt_values /opt/stack/data/venv/lib/python3.12/site-packages/oslo_config/cfg.py:3006}}
May 11 05:46:08.123623 np0000173413 nova-scheduler[108746]: DEBUG cotyledon.oslo_config_glue [-] profiler.socket_timeout = 0.1 {{(pid=108746) log_opt_values /opt/stack/data/venv/lib/python3.12/site-packages/oslo_config/cfg.py:3006}}
May 11 05:46:08.123623 np0000173413 nova-scheduler[108746]: DEBUG cotyledon.oslo_config_glue [-] profiler.trace_requests = False {{(pid=108746) log_opt_values /opt/stack/data/venv/lib/python3.12/site-packages/oslo_config/cfg.py:3006}}
May 11 05:46:08.123623 np0000173413 nova-scheduler[108746]: DEBUG cotyledon.oslo_config_glue [-] profiler.trace_sqlalchemy = False {{(pid=108746) log_opt_values /opt/stack/data/venv/lib/python3.12/site-packages/oslo_config/cfg.py:3006}}
May 11 05:46:08.123623 np0000173413 nova-scheduler[108746]: DEBUG cotyledon.oslo_config_glue [-] profiler_jaeger.process_tags = {} {{(pid=108746) log_opt_values /opt/stack/data/venv/lib/python3.12/site-packages/oslo_config/cfg.py:3006}}
May 11 05:46:08.123623 np0000173413 nova-scheduler[108746]: DEBUG cotyledon.oslo_config_glue [-] profiler_jaeger.service_name_prefix = None {{(pid=108746) log_opt_values /opt/stack/data/venv/lib/python3.12/site-packages/oslo_config/cfg.py:3006}}
May 11 05:46:08.123808 np0000173413 nova-scheduler[108746]: DEBUG cotyledon.oslo_config_glue [-] profiler_otlp.service_name_prefix = None {{(pid=108746) log_opt_values /opt/stack/data/venv/lib/python3.12/site-packages/oslo_config/cfg.py:3006}}
May 11 05:46:08.123808 np0000173413 nova-scheduler[108746]: DEBUG cotyledon.oslo_config_glue [-] oslo_messaging_rabbit.amqp_auto_delete = False {{(pid=108746) log_opt_values /opt/stack/data/venv/lib/python3.12/site-packages/oslo_config/cfg.py:3006}}
May 11 05:46:08.123808 np0000173413 nova-scheduler[108746]: DEBUG cotyledon.oslo_config_glue [-] oslo_messaging_rabbit.amqp_durable_queues = False {{(pid=108746) log_opt_values /opt/stack/data/venv/lib/python3.12/site-packages/oslo_config/cfg.py:3006}}
May 11 05:46:08.123808 np0000173413 nova-scheduler[108746]: DEBUG cotyledon.oslo_config_glue [-] oslo_messaging_rabbit.conn_pool_min_size = 2 {{(pid=108746) log_opt_values /opt/stack/data/venv/lib/python3.12/site-packages/oslo_config/cfg.py:3006}}
May 11 05:46:08.123808 np0000173413 nova-scheduler[108746]: DEBUG cotyledon.oslo_config_glue [-] oslo_messaging_rabbit.conn_pool_ttl = 1200 {{(pid=108746) log_opt_values /opt/stack/data/venv/lib/python3.12/site-packages/oslo_config/cfg.py:3006}}
May 11 05:46:08.123808 np0000173413 nova-scheduler[108746]: DEBUG cotyledon.oslo_config_glue [-] oslo_messaging_rabbit.direct_mandatory_flag = True {{(pid=108746) log_opt_values /opt/stack/data/venv/lib/python3.12/site-packages/oslo_config/cfg.py:3006}}
May 11 05:46:08.123808 np0000173413 nova-scheduler[108746]: DEBUG cotyledon.oslo_config_glue [-] oslo_messaging_rabbit.enable_cancel_on_failover = False {{(pid=108746) log_opt_values /opt/stack/data/venv/lib/python3.12/site-packages/oslo_config/cfg.py:3006}}
May 11 05:46:08.123808 np0000173413 nova-scheduler[108746]: DEBUG cotyledon.oslo_config_glue [-] oslo_messaging_rabbit.heartbeat_in_pthread = False {{(pid=108746) log_opt_values /opt/stack/data/venv/lib/python3.12/site-packages/oslo_config/cfg.py:3006}}
May 11 05:46:08.123808 np0000173413 nova-scheduler[108746]: DEBUG cotyledon.oslo_config_glue [-] oslo_messaging_rabbit.heartbeat_rate = 3 {{(pid=108746) log_opt_values /opt/stack/data/venv/lib/python3.12/site-packages/oslo_config/cfg.py:3006}}
May 11 05:46:08.123990 np0000173413 nova-scheduler[108746]: DEBUG cotyledon.oslo_config_glue [-] oslo_messaging_rabbit.heartbeat_timeout_threshold = 60 {{(pid=108746) log_opt_values /opt/stack/data/venv/lib/python3.12/site-packages/oslo_config/cfg.py:3006}}
May 11 05:46:08.123990 np0000173413 nova-scheduler[108746]: DEBUG cotyledon.oslo_config_glue [-] oslo_messaging_rabbit.hostname = np0000173413 {{(pid=108746) log_opt_values /opt/stack/data/venv/lib/python3.12/site-packages/oslo_config/cfg.py:3006}}
May 11 05:46:08.123990 np0000173413 nova-scheduler[108746]: DEBUG cotyledon.oslo_config_glue [-] oslo_messaging_rabbit.kombu_compression = None {{(pid=108746) log_opt_values /opt/stack/data/venv/lib/python3.12/site-packages/oslo_config/cfg.py:3006}}
May 11 05:46:08.123990 np0000173413 nova-scheduler[108746]: DEBUG cotyledon.oslo_config_glue [-] oslo_messaging_rabbit.kombu_failover_strategy = round-robin {{(pid=108746) log_opt_values /opt/stack/data/venv/lib/python3.12/site-packages/oslo_config/cfg.py:3006}}
May 11 05:46:08.123990 np0000173413 nova-scheduler[108746]: DEBUG cotyledon.oslo_config_glue [-] oslo_messaging_rabbit.kombu_missing_consumer_retry_timeout = 60 {{(pid=108746) log_opt_values /opt/stack/data/venv/lib/python3.12/site-packages/oslo_config/cfg.py:3006}}
May 11 05:46:08.123990 np0000173413 nova-scheduler[108746]: DEBUG cotyledon.oslo_config_glue [-] oslo_messaging_rabbit.kombu_reconnect_delay = 1.0 {{(pid=108746) log_opt_values /opt/stack/data/venv/lib/python3.12/site-packages/oslo_config/cfg.py:3006}}
May 11 05:46:08.123990 np0000173413 nova-scheduler[108746]: DEBUG cotyledon.oslo_config_glue [-] oslo_messaging_rabbit.kombu_reconnect_splay = 0.0 {{(pid=108746) log_opt_values /opt/stack/data/venv/lib/python3.12/site-packages/oslo_config/cfg.py:3006}}
May 11 05:46:08.123990 np0000173413 nova-scheduler[108746]: DEBUG cotyledon.oslo_config_glue [-] oslo_messaging_rabbit.processname = nova-scheduler {{(pid=108746) log_opt_values /opt/stack/data/venv/lib/python3.12/site-packages/oslo_config/cfg.py:3006}}
May 11 05:46:08.124164 np0000173413 nova-scheduler[108746]: DEBUG cotyledon.oslo_config_glue [-] oslo_messaging_rabbit.rabbit_ha_queues = False {{(pid=108746) log_opt_values /opt/stack/data/venv/lib/python3.12/site-packages/oslo_config/cfg.py:3006}}
May 11 05:46:08.124194 np0000173413 nova-scheduler[108721]: DEBUG dbcounter [-] [108721] Writer thread running {{(pid=108721) stat_writer /opt/stack/data/venv/lib/python3.12/site-packages/dbcounter.py:102}}
May 11 05:46:08.124222 np0000173413 nova-scheduler[108746]: DEBUG cotyledon.oslo_config_glue [-] oslo_messaging_rabbit.rabbit_interval_max = 30 {{(pid=108746) log_opt_values /opt/stack/data/venv/lib/python3.12/site-packages/oslo_config/cfg.py:3006}}
May 11 05:46:08.124222 np0000173413 nova-scheduler[108746]: DEBUG cotyledon.oslo_config_glue [-] oslo_messaging_rabbit.rabbit_login_method = AMQPLAIN {{(pid=108746) log_opt_values /opt/stack/data/venv/lib/python3.12/site-packages/oslo_config/cfg.py:3006}}
May 11 05:46:08.124222 np0000173413 nova-scheduler[108746]: DEBUG cotyledon.oslo_config_glue [-] oslo_messaging_rabbit.rabbit_qos_prefetch_count = 0 {{(pid=108746) log_opt_values /opt/stack/data/venv/lib/python3.12/site-packages/oslo_config/cfg.py:3006}}
May 11 05:46:08.124222 np0000173413 nova-scheduler[108746]: DEBUG cotyledon.oslo_config_glue [-] oslo_messaging_rabbit.rabbit_quorum_delivery_limit = 0 {{(pid=108746) log_opt_values /opt/stack/data/venv/lib/python3.12/site-packages/oslo_config/cfg.py:3006}}
May 11 05:46:08.124222 np0000173413 nova-scheduler[108746]: DEBUG cotyledon.oslo_config_glue [-] oslo_messaging_rabbit.rabbit_quorum_max_memory_bytes = 0 {{(pid=108746) log_opt_values /opt/stack/data/venv/lib/python3.12/site-packages/oslo_config/cfg.py:3006}}
May 11 05:46:08.124222 np0000173413 nova-scheduler[108746]: DEBUG cotyledon.oslo_config_glue [-] oslo_messaging_rabbit.rabbit_quorum_max_memory_length = 0 {{(pid=108746) log_opt_values /opt/stack/data/venv/lib/python3.12/site-packages/oslo_config/cfg.py:3006}}
May 11 05:46:08.124222 np0000173413 nova-scheduler[108746]: DEBUG cotyledon.oslo_config_glue [-] oslo_messaging_rabbit.rabbit_quorum_queue = False {{(pid=108746) log_opt_values /opt/stack/data/venv/lib/python3.12/site-packages/oslo_config/cfg.py:3006}}
May 11 05:46:08.124222 np0000173413 nova-scheduler[108746]: DEBUG cotyledon.oslo_config_glue [-] oslo_messaging_rabbit.rabbit_retry_backoff = 2 {{(pid=108746) log_opt_values /opt/stack/data/venv/lib/python3.12/site-packages/oslo_config/cfg.py:3006}}
May 11 05:46:08.124405 np0000173413 nova-scheduler[108746]: DEBUG cotyledon.oslo_config_glue [-] oslo_messaging_rabbit.rabbit_retry_interval = 1 {{(pid=108746) log_opt_values /opt/stack/data/venv/lib/python3.12/site-packages/oslo_config/cfg.py:3006}}
May 11 05:46:08.124405 np0000173413 nova-scheduler[108746]: DEBUG cotyledon.oslo_config_glue [-] oslo_messaging_rabbit.rabbit_stream_fanout = False {{(pid=108746) log_opt_values /opt/stack/data/venv/lib/python3.12/site-packages/oslo_config/cfg.py:3006}}
May 11 05:46:08.124405 np0000173413 nova-scheduler[108746]: DEBUG cotyledon.oslo_config_glue [-] oslo_messaging_rabbit.rabbit_transient_queues_ttl = 1800 {{(pid=108746) log_opt_values /opt/stack/data/venv/lib/python3.12/site-packages/oslo_config/cfg.py:3006}}
May 11 05:46:08.124405 np0000173413 nova-scheduler[108746]: DEBUG cotyledon.oslo_config_glue [-] oslo_messaging_rabbit.rabbit_transient_quorum_queue = False {{(pid=108746) log_opt_values /opt/stack/data/venv/lib/python3.12/site-packages/oslo_config/cfg.py:3006}}
May 11 05:46:08.124405 np0000173413 nova-scheduler[108746]: DEBUG cotyledon.oslo_config_glue [-] oslo_messaging_rabbit.rpc_conn_pool_size = 30 {{(pid=108746) log_opt_values /opt/stack/data/venv/lib/python3.12/site-packages/oslo_config/cfg.py:3006}}
May 11 05:46:08.124405 np0000173413 nova-scheduler[108746]: DEBUG cotyledon.oslo_config_glue [-] oslo_messaging_rabbit.ssl = False {{(pid=108746) log_opt_values /opt/stack/data/venv/lib/python3.12/site-packages/oslo_config/cfg.py:3006}}
May 11 05:46:08.124405 np0000173413 nova-scheduler[108746]: DEBUG cotyledon.oslo_config_glue [-] oslo_messaging_rabbit.ssl_ca_file = {{(pid=108746) log_opt_values /opt/stack/data/venv/lib/python3.12/site-packages/oslo_config/cfg.py:3006}}
May 11 05:46:08.124405 np0000173413 nova-scheduler[108746]: DEBUG cotyledon.oslo_config_glue [-] oslo_messaging_rabbit.ssl_cert_file = {{(pid=108746) log_opt_values /opt/stack/data/venv/lib/python3.12/site-packages/oslo_config/cfg.py:3006}}
May 11 05:46:08.124405 np0000173413 nova-scheduler[108746]: DEBUG cotyledon.oslo_config_glue [-] oslo_messaging_rabbit.ssl_enforce_fips_mode = False {{(pid=108746) log_opt_values /opt/stack/data/venv/lib/python3.12/site-packages/oslo_config/cfg.py:3006}}
May 11 05:46:08.124610 np0000173413 nova-scheduler[108746]: DEBUG cotyledon.oslo_config_glue [-] oslo_messaging_rabbit.ssl_key_file = {{(pid=108746) log_opt_values /opt/stack/data/venv/lib/python3.12/site-packages/oslo_config/cfg.py:3006}}
May 11 05:46:08.124610 np0000173413 nova-scheduler[108746]: DEBUG cotyledon.oslo_config_glue [-] oslo_messaging_rabbit.ssl_version = {{(pid=108746) log_opt_values /opt/stack/data/venv/lib/python3.12/site-packages/oslo_config/cfg.py:3006}}
May 11 05:46:08.124610 np0000173413 nova-scheduler[108746]: DEBUG cotyledon.oslo_config_glue [-] oslo_messaging_rabbit.use_queue_manager = False {{(pid=108746) log_opt_values /opt/stack/data/venv/lib/python3.12/site-packages/oslo_config/cfg.py:3006}}
May 11 05:46:08.124610 np0000173413 nova-scheduler[108746]: DEBUG cotyledon.oslo_config_glue [-] oslo_messaging_notifications.driver = ['messagingv2'] {{(pid=108746) log_opt_values /opt/stack/data/venv/lib/python3.12/site-packages/oslo_config/cfg.py:3006}}
May 11 05:46:08.124610 np0000173413 nova-scheduler[108746]: DEBUG cotyledon.oslo_config_glue [-] oslo_messaging_notifications.retry = -1 {{(pid=108746) log_opt_values /opt/stack/data/venv/lib/python3.12/site-packages/oslo_config/cfg.py:3006}}
May 11 05:46:08.124610 np0000173413 nova-scheduler[108746]: DEBUG cotyledon.oslo_config_glue [-] oslo_messaging_notifications.topics = ['notifications'] {{(pid=108746) log_opt_values /opt/stack/data/venv/lib/python3.12/site-packages/oslo_config/cfg.py:3006}}
May 11 05:46:08.124610 np0000173413 nova-scheduler[108746]: DEBUG cotyledon.oslo_config_glue [-] oslo_messaging_notifications.transport_url = **** {{(pid=108746) log_opt_values /opt/stack/data/venv/lib/python3.12/site-packages/oslo_config/cfg.py:3006}}
May 11 05:46:08.124610 np0000173413 nova-scheduler[108746]: DEBUG cotyledon.oslo_config_glue [-] oslo_limit.auth_section = None {{(pid=108746) log_opt_values /opt/stack/data/venv/lib/python3.12/site-packages/oslo_config/cfg.py:3006}}
May 11 05:46:08.124610 np0000173413 nova-scheduler[108746]: DEBUG cotyledon.oslo_config_glue [-] oslo_limit.auth_type = None {{(pid=108746) log_opt_values /opt/stack/data/venv/lib/python3.12/site-packages/oslo_config/cfg.py:3006}}
May 11 05:46:08.124852 np0000173413 nova-scheduler[108746]: DEBUG cotyledon.oslo_config_glue [-] oslo_limit.cafile = None {{(pid=108746) log_opt_values /opt/stack/data/venv/lib/python3.12/site-packages/oslo_config/cfg.py:3006}}
May 11 05:46:08.124852 np0000173413 nova-scheduler[108746]: DEBUG cotyledon.oslo_config_glue [-] oslo_limit.certfile = None {{(pid=108746) log_opt_values /opt/stack/data/venv/lib/python3.12/site-packages/oslo_config/cfg.py:3006}}
May 11 05:46:08.124852 np0000173413 nova-scheduler[108746]: DEBUG cotyledon.oslo_config_glue [-] oslo_limit.collect_timing = False {{(pid=108746) log_opt_values /opt/stack/data/venv/lib/python3.12/site-packages/oslo_config/cfg.py:3006}}
May 11 05:46:08.124852 np0000173413 nova-scheduler[108746]: DEBUG cotyledon.oslo_config_glue [-] oslo_limit.connect_retries = None {{(pid=108746) log_opt_values /opt/stack/data/venv/lib/python3.12/site-packages/oslo_config/cfg.py:3006}}
May 11 05:46:08.124852 np0000173413 nova-scheduler[108746]: DEBUG cotyledon.oslo_config_glue [-] oslo_limit.connect_retry_delay = None {{(pid=108746) log_opt_values /opt/stack/data/venv/lib/python3.12/site-packages/oslo_config/cfg.py:3006}}
May 11 05:46:08.124852 np0000173413 nova-scheduler[108746]: DEBUG cotyledon.oslo_config_glue [-] oslo_limit.endpoint_id = None {{(pid=108746) log_opt_values /opt/stack/data/venv/lib/python3.12/site-packages/oslo_config/cfg.py:3006}}
May 11 05:46:08.124852 np0000173413 nova-scheduler[108746]: DEBUG cotyledon.oslo_config_glue [-] oslo_limit.endpoint_interface = public {{(pid=108746) log_opt_values /opt/stack/data/venv/lib/python3.12/site-packages/oslo_config/cfg.py:3006}}
May 11 05:46:08.124852 np0000173413 nova-scheduler[108746]: DEBUG cotyledon.oslo_config_glue [-] oslo_limit.endpoint_override = None {{(pid=108746) log_opt_values /opt/stack/data/venv/lib/python3.12/site-packages/oslo_config/cfg.py:3006}}
May 11 05:46:08.124852 np0000173413 nova-scheduler[108746]: DEBUG cotyledon.oslo_config_glue [-] oslo_limit.endpoint_region_name = None {{(pid=108746) log_opt_values /opt/stack/data/venv/lib/python3.12/site-packages/oslo_config/cfg.py:3006}}
May 11 05:46:08.125046 np0000173413 nova-scheduler[108746]: DEBUG cotyledon.oslo_config_glue [-] oslo_limit.endpoint_service_name = None {{(pid=108746) log_opt_values /opt/stack/data/venv/lib/python3.12/site-packages/oslo_config/cfg.py:3006}}
May 11 05:46:08.125046 np0000173413 nova-scheduler[108746]: DEBUG cotyledon.oslo_config_glue [-] oslo_limit.endpoint_service_type = None {{(pid=108746) log_opt_values /opt/stack/data/venv/lib/python3.12/site-packages/oslo_config/cfg.py:3006}}
May 11 05:46:08.125046 np0000173413 nova-scheduler[108746]: DEBUG cotyledon.oslo_config_glue [-] oslo_limit.insecure = False {{(pid=108746) log_opt_values /opt/stack/data/venv/lib/python3.12/site-packages/oslo_config/cfg.py:3006}}
May 11 05:46:08.125046 np0000173413 nova-scheduler[108746]: DEBUG cotyledon.oslo_config_glue [-] oslo_limit.keyfile = None {{(pid=108746) log_opt_values /opt/stack/data/venv/lib/python3.12/site-packages/oslo_config/cfg.py:3006}}
May 11 05:46:08.125046 np0000173413 nova-scheduler[108746]: DEBUG cotyledon.oslo_config_glue [-] oslo_limit.max_version = None {{(pid=108746) log_opt_values /opt/stack/data/venv/lib/python3.12/site-packages/oslo_config/cfg.py:3006}}
May 11 05:46:08.125046 np0000173413 nova-scheduler[108746]: DEBUG cotyledon.oslo_config_glue [-] oslo_limit.min_version = None {{(pid=108746) log_opt_values /opt/stack/data/venv/lib/python3.12/site-packages/oslo_config/cfg.py:3006}}
May 11 05:46:08.125046 np0000173413 nova-scheduler[108746]: DEBUG cotyledon.oslo_config_glue [-] oslo_limit.region_name = None {{(pid=108746) log_opt_values /opt/stack/data/venv/lib/python3.12/site-packages/oslo_config/cfg.py:3006}}
May 11 05:46:08.125046 np0000173413 nova-scheduler[108746]: DEBUG cotyledon.oslo_config_glue [-] oslo_limit.retriable_status_codes = None {{(pid=108746) log_opt_values /opt/stack/data/venv/lib/python3.12/site-packages/oslo_config/cfg.py:3006}}
May 11 05:46:08.125046 np0000173413 nova-scheduler[108746]: DEBUG cotyledon.oslo_config_glue [-] oslo_limit.service_name = None {{(pid=108746) log_opt_values /opt/stack/data/venv/lib/python3.12/site-packages/oslo_config/cfg.py:3006}}
May 11 05:46:08.125249 np0000173413 nova-scheduler[108746]: DEBUG cotyledon.oslo_config_glue [-] oslo_limit.service_type = None {{(pid=108746) log_opt_values /opt/stack/data/venv/lib/python3.12/site-packages/oslo_config/cfg.py:3006}}
May 11 05:46:08.125249 np0000173413 nova-scheduler[108746]: DEBUG cotyledon.oslo_config_glue [-] oslo_limit.split_loggers = False {{(pid=108746) log_opt_values /opt/stack/data/venv/lib/python3.12/site-packages/oslo_config/cfg.py:3006}}
May 11 05:46:08.125249 np0000173413 nova-scheduler[108746]: DEBUG cotyledon.oslo_config_glue [-] oslo_limit.status_code_retries = None {{(pid=108746) log_opt_values /opt/stack/data/venv/lib/python3.12/site-packages/oslo_config/cfg.py:3006}}
May 11 05:46:08.125249 np0000173413 nova-scheduler[108746]: DEBUG cotyledon.oslo_config_glue [-] oslo_limit.status_code_retry_delay = None {{(pid=108746) log_opt_values /opt/stack/data/venv/lib/python3.12/site-packages/oslo_config/cfg.py:3006}}
May 11 05:46:08.125249 np0000173413 nova-scheduler[108746]: DEBUG cotyledon.oslo_config_glue [-] oslo_limit.timeout = None {{(pid=108746) log_opt_values /opt/stack/data/venv/lib/python3.12/site-packages/oslo_config/cfg.py:3006}}
May 11 05:46:08.125249 np0000173413 nova-scheduler[108746]: DEBUG cotyledon.oslo_config_glue [-] oslo_limit.valid_interfaces = None {{(pid=108746) log_opt_values /opt/stack/data/venv/lib/python3.12/site-packages/oslo_config/cfg.py:3006}}
May 11 05:46:08.125249 np0000173413 nova-scheduler[108746]: DEBUG cotyledon.oslo_config_glue [-] oslo_limit.version = None {{(pid=108746) log_opt_values /opt/stack/data/venv/lib/python3.12/site-packages/oslo_config/cfg.py:3006}}
May 11 05:46:08.125249 np0000173413 nova-scheduler[108746]: DEBUG cotyledon.oslo_config_glue [-] oslo_reports.file_event_handler = None {{(pid=108746) log_opt_values /opt/stack/data/venv/lib/python3.12/site-packages/oslo_config/cfg.py:3006}}
May 11 05:46:08.125249 np0000173413 nova-scheduler[108746]: DEBUG cotyledon.oslo_config_glue [-] oslo_reports.file_event_handler_interval = 1 {{(pid=108746) log_opt_values /opt/stack/data/venv/lib/python3.12/site-packages/oslo_config/cfg.py:3006}}
May 11 05:46:08.125446 np0000173413 nova-scheduler[108746]: DEBUG cotyledon.oslo_config_glue [-] oslo_reports.log_dir = None {{(pid=108746) log_opt_values /opt/stack/data/venv/lib/python3.12/site-packages/oslo_config/cfg.py:3006}}
May 11 05:46:08.125446 np0000173413 nova-scheduler[108746]: DEBUG cotyledon.oslo_config_glue [-] ******************************************************************************** {{(pid=108746) log_opt_values /opt/stack/data/venv/lib/python3.12/site-packages/oslo_config/cfg.py:3013}}
May 11 05:46:08.125446 np0000173413 nova-scheduler[108746]: DEBUG cotyledon._service_worker [-] Run service ServiceWrapper(3) [108746] {{(pid=108746) wait_forever /opt/stack/data/venv/lib/python3.12/site-packages/cotyledon/_service_worker.py:218}}
May 11 05:46:08.125518 np0000173413 nova-scheduler[108738]: DEBUG oslo_db.sqlalchemy.engines [None req-8e9ca633-3611-48a9-9000-12dd05aec6dc None None] MySQL server mode set to STRICT_TRANS_TABLES,STRICT_ALL_TABLES,NO_ZERO_IN_DATE,NO_ZERO_DATE,ERROR_FOR_DIVISION_BY_ZERO,TRADITIONAL,NO_ENGINE_SUBSTITUTION {{(pid=108738) _check_effective_sql_mode /opt/stack/data/venv/lib/python3.12/site-packages/oslo_db/sqlalchemy/engines.py:325}}
May 11 05:46:08.125551 np0000173413 nova-scheduler[108746]: INFO nova.service [-] Starting scheduler node (version 33.1.0)
May 11 05:46:08.125576 np0000173413 nova-scheduler[108729]: DEBUG dbcounter [-] [108729] Writer thread running {{(pid=108729) stat_writer /opt/stack/data/venv/lib/python3.12/site-packages/dbcounter.py:102}}
May 11 05:46:08.125601 np0000173413 nova-scheduler[108746]: INFO dbcounter [None req-9ac61d96-c88d-49cf-9e48-3e3341b65dab None None] Registered counter for database nova_cell0
May 11 05:46:08.125625 np0000173413 nova-scheduler[108738]: DEBUG dbcounter [-] [108738] Writer thread running {{(pid=108738) stat_writer /opt/stack/data/venv/lib/python3.12/site-packages/dbcounter.py:102}}
May 11 05:46:08.125649 np0000173413 nova-scheduler[108746]: DEBUG oslo_db.sqlalchemy.engines [None req-9ac61d96-c88d-49cf-9e48-3e3341b65dab None None] MySQL server mode set to STRICT_TRANS_TABLES,STRICT_ALL_TABLES,NO_ZERO_IN_DATE,NO_ZERO_DATE,ERROR_FOR_DIVISION_BY_ZERO,TRADITIONAL,NO_ENGINE_SUBSTITUTION {{(pid=108746) _check_effective_sql_mode /opt/stack/data/venv/lib/python3.12/site-packages/oslo_db/sqlalchemy/engines.py:325}}
May 11 05:46:08.125679 np0000173413 nova-scheduler[108721]: DEBUG nova.service [None req-26d50367-6441-417a-91fd-9d48166128a7 None None] Creating RPC server for service: nova-scheduler on topic: scheduler {{(pid=108721) start /opt/stack/nova/nova/service.py:195}}
May 11 05:46:08.125705 np0000173413 nova-scheduler[108729]: DEBUG nova.service [None req-6df38b20-4411-4c33-8ac4-658048729c2d None None] Creating RPC server for service: nova-scheduler on topic: scheduler {{(pid=108729) start /opt/stack/nova/nova/service.py:195}}
May 11 05:46:08.125730 np0000173413 nova-scheduler[108746]: DEBUG dbcounter [-] [108746] Writer thread running {{(pid=108746) stat_writer /opt/stack/data/venv/lib/python3.12/site-packages/dbcounter.py:102}}
May 11 05:46:08.125730 np0000173413 nova-scheduler[108746]: DEBUG nova.service [None req-9ac61d96-c88d-49cf-9e48-3e3341b65dab None None] Creating RPC server for service: nova-scheduler on topic: scheduler {{(pid=108746) start /opt/stack/nova/nova/service.py:195}}
May 11 05:46:08.125781 np0000173413 nova-scheduler[108738]: DEBUG nova.service [None req-8e9ca633-3611-48a9-9000-12dd05aec6dc None None] Creating RPC server for service: nova-scheduler on topic: scheduler {{(pid=108738) start /opt/stack/nova/nova/service.py:195}}
May 11 05:46:08.136345 np0000173413 nova-scheduler[108746]: DEBUG nova.service [None req-9ac61d96-c88d-49cf-9e48-3e3341b65dab None None] Join ServiceGroup membership for this service scheduler {{(pid=108746) start /opt/stack/nova/nova/service.py:221}}
May 11 05:46:08.136434 np0000173413 nova-scheduler[108721]: DEBUG nova.service [None req-26d50367-6441-417a-91fd-9d48166128a7 None None] Join ServiceGroup membership for this service scheduler {{(pid=108721) start /opt/stack/nova/nova/service.py:221}}
May 11 05:46:08.136535 np0000173413 nova-scheduler[108721]: DEBUG nova.servicegroup.drivers.db [None req-26d50367-6441-417a-91fd-9d48166128a7 None None] DB_Driver: join new ServiceGroup member np0000173413 to the scheduler group, service = {{(pid=108721) join /opt/stack/nova/nova/servicegroup/drivers/db.py:44}}
May 11 05:46:08.136567 np0000173413 nova-scheduler[108746]: DEBUG nova.servicegroup.drivers.db [None req-9ac61d96-c88d-49cf-9e48-3e3341b65dab None None] DB_Driver: join new ServiceGroup member np0000173413 to the scheduler group, service = {{(pid=108746) join /opt/stack/nova/nova/servicegroup/drivers/db.py:44}}
May 11 05:46:08.140994 np0000173413 nova-scheduler[108729]: DEBUG nova.service [None req-6df38b20-4411-4c33-8ac4-658048729c2d None None] Join ServiceGroup membership for this service scheduler {{(pid=108729) start /opt/stack/nova/nova/service.py:221}}
May 11 05:46:08.141398 np0000173413 nova-scheduler[108729]: DEBUG nova.servicegroup.drivers.db [None req-6df38b20-4411-4c33-8ac4-658048729c2d None None] DB_Driver: join new ServiceGroup member np0000173413 to the scheduler group, service = {{(pid=108729) join /opt/stack/nova/nova/servicegroup/drivers/db.py:44}}
May 11 05:46:08.144667 np0000173413 nova-scheduler[108738]: DEBUG nova.service [None req-8e9ca633-3611-48a9-9000-12dd05aec6dc None None] Join ServiceGroup membership for this service scheduler {{(pid=108738) start /opt/stack/nova/nova/service.py:221}}
May 11 05:46:08.144901 np0000173413 nova-scheduler[108738]: DEBUG nova.servicegroup.drivers.db [None req-8e9ca633-3611-48a9-9000-12dd05aec6dc None None] DB_Driver: join new ServiceGroup member np0000173413 to the scheduler group, service = {{(pid=108738) join /opt/stack/nova/nova/servicegroup/drivers/db.py:44}}
May 11 05:46:13.157394 np0000173413 nova-scheduler[108721]: DEBUG oslo.service.backend._threading.loopingcall [-] Fixed interval looping call 'nova.servicegroup.drivers.db.DbDriver._report_state' sleeping for 119.98 seconds {{(pid=108721) _run_loop /opt/stack/data/venv/lib/python3.12/site-packages/oslo_service/backend/_threading/loopingcall.py:125}}
May 11 05:46:13.158945 np0000173413 nova-scheduler[108746]: DEBUG oslo.service.backend._threading.loopingcall [-] Fixed interval looping call 'nova.servicegroup.drivers.db.DbDriver._report_state' sleeping for 119.98 seconds {{(pid=108746) _run_loop /opt/stack/data/venv/lib/python3.12/site-packages/oslo_service/backend/_threading/loopingcall.py:125}}
May 11 05:46:13.160970 np0000173413 nova-scheduler[108729]: DEBUG oslo.service.backend._threading.loopingcall [-] Fixed interval looping call 'nova.servicegroup.drivers.db.DbDriver._report_state' sleeping for 119.98 seconds {{(pid=108729) _run_loop /opt/stack/data/venv/lib/python3.12/site-packages/oslo_service/backend/_threading/loopingcall.py:125}}
May 11 05:46:13.161673 np0000173413 nova-scheduler[108738]: DEBUG oslo.service.backend._threading.loopingcall [-] Fixed interval looping call 'nova.servicegroup.drivers.db.DbDriver._report_state' sleeping for 119.99 seconds {{(pid=108738) _run_loop /opt/stack/data/venv/lib/python3.12/site-packages/oslo_service/backend/_threading/loopingcall.py:125}}
May 11 05:46:16.689434 np0000173413 nova-scheduler[107899]: DEBUG dbcounter [-] [107899] Writing DB stats nova_api:SELECT=3 {{(pid=107899) stat_writer /opt/stack/data/venv/lib/python3.12/site-packages/dbcounter.py:115}}
May 11 05:46:16.793285 np0000173413 nova-scheduler[107899]: DEBUG dbcounter [-] [107899] Writing DB stats nova_cell0:SELECT=1 {{(pid=107899) stat_writer /opt/stack/data/venv/lib/python3.12/site-packages/dbcounter.py:115}}
May 11 05:46:16.800435 np0000173413 nova-scheduler[107899]: DEBUG dbcounter [-] [107899] Writing DB stats nova_cell1:SELECT=1 {{(pid=107899) stat_writer /opt/stack/data/venv/lib/python3.12/site-packages/dbcounter.py:115}}
May 11 05:46:20.139104 np0000173413 nova-scheduler[108746]: DEBUG oslo.service.backend._threading.loopingcall [None req-e99c5d08-4526-41ba-b5fa-bc0eebb829e5 None None] Dynamic interval looping call 'nova.service.Service.periodic_tasks' sleeping for 60.00 seconds {{(pid=108746) _run_loop /opt/stack/data/venv/lib/python3.12/site-packages/oslo_service/backend/_threading/loopingcall.py:125}}
May 11 05:46:23.151423 np0000173413 nova-scheduler[108721]: DEBUG dbcounter [-] [108721] Writing DB stats nova_cell0:SELECT=4,nova_cell0:INSERT=1,nova_cell0:UPDATE=1 {{(pid=108721) stat_writer /opt/stack/data/venv/lib/python3.12/site-packages/dbcounter.py:115}}
May 11 05:46:23.153017 np0000173413 nova-scheduler[108746]: DEBUG dbcounter [-] [108746] Writing DB stats nova_cell0:SELECT=3,nova_cell0:UPDATE=1 {{(pid=108746) stat_writer /opt/stack/data/venv/lib/python3.12/site-packages/dbcounter.py:115}}
May 11 05:46:23.153371 np0000173413 nova-scheduler[108729]: DEBUG dbcounter [-] [108729] Writing DB stats nova_cell0:SELECT=5,nova_cell0:INSERT=1,nova_cell0:UPDATE=1 {{(pid=108729) stat_writer /opt/stack/data/venv/lib/python3.12/site-packages/dbcounter.py:115}}
May 11 05:46:23.156382 np0000173413 nova-scheduler[108738]: DEBUG dbcounter [-] [108738] Writing DB stats nova_cell0:SELECT=4,nova_cell0:INSERT=1,nova_cell0:UPDATE=1 {{(pid=108738) stat_writer /opt/stack/data/venv/lib/python3.12/site-packages/dbcounter.py:115}}
May 11 05:46:50.145477 np0000173413 nova-scheduler[108729]: DEBUG oslo.service.backend._threading.loopingcall [None req-04f074ed-0dff-4c5e-8aa7-0c97bf941122 None None] Dynamic interval looping call 'nova.service.Service.periodic_tasks' sleeping for 60.00 seconds {{(pid=108729) _run_loop /opt/stack/data/venv/lib/python3.12/site-packages/oslo_service/backend/_threading/loopingcall.py:125}}
May 11 05:46:53.140052 np0000173413 nova-scheduler[108721]: DEBUG oslo.service.backend._threading.loopingcall [None req-29855f00-7c05-4faf-b06f-3a4482a20129 None None] Dynamic interval looping call 'nova.service.Service.periodic_tasks' sleeping for 60.00 seconds {{(pid=108721) _run_loop /opt/stack/data/venv/lib/python3.12/site-packages/oslo_service/backend/_threading/loopingcall.py:125}}
May 11 05:47:08.147095 np0000173413 nova-scheduler[108738]: DEBUG oslo.service.backend._threading.loopingcall [None req-d7b5c135-e184-41b7-b7fb-2c9c947281ed None None] Dynamic interval looping call 'nova.service.Service.periodic_tasks' sleeping for 60.00 seconds {{(pid=108738) _run_loop /opt/stack/data/venv/lib/python3.12/site-packages/oslo_service/backend/_threading/loopingcall.py:125}}
May 11 05:47:20.139847 np0000173413 nova-scheduler[108746]: DEBUG oslo.service.backend._threading.loopingcall [None req-e99c5d08-4526-41ba-b5fa-bc0eebb829e5 None None] Dynamic interval looping call 'nova.service.Service.periodic_tasks' sleeping for 60.00 seconds {{(pid=108746) _run_loop /opt/stack/data/venv/lib/python3.12/site-packages/oslo_service/backend/_threading/loopingcall.py:125}}
May 11 05:47:50.145411 np0000173413 nova-scheduler[108729]: DEBUG oslo.service.backend._threading.loopingcall [None req-04f074ed-0dff-4c5e-8aa7-0c97bf941122 None None] Dynamic interval looping call 'nova.service.Service.periodic_tasks' sleeping for 60.00 seconds {{(pid=108729) _run_loop /opt/stack/data/venv/lib/python3.12/site-packages/oslo_service/backend/_threading/loopingcall.py:125}}
May 11 05:47:53.140960 np0000173413 nova-scheduler[108721]: DEBUG oslo.service.backend._threading.loopingcall [None req-29855f00-7c05-4faf-b06f-3a4482a20129 None None] Dynamic interval looping call 'nova.service.Service.periodic_tasks' sleeping for 60.00 seconds {{(pid=108721) _run_loop /opt/stack/data/venv/lib/python3.12/site-packages/oslo_service/backend/_threading/loopingcall.py:125}}
May 11 05:48:08.147932 np0000173413 nova-scheduler[108738]: DEBUG oslo.service.backend._threading.loopingcall [None req-d7b5c135-e184-41b7-b7fb-2c9c947281ed None None] Dynamic interval looping call 'nova.service.Service.periodic_tasks' sleeping for 60.00 seconds {{(pid=108738) _run_loop /opt/stack/data/venv/lib/python3.12/site-packages/oslo_service/backend/_threading/loopingcall.py:125}}
May 11 05:48:13.155621 np0000173413 nova-scheduler[108721]: DEBUG oslo.service.backend._threading.loopingcall [-] Fixed interval looping call 'nova.servicegroup.drivers.db.DbDriver._report_state' sleeping for 119.98 seconds {{(pid=108721) _run_loop /opt/stack/data/venv/lib/python3.12/site-packages/oslo_service/backend/_threading/loopingcall.py:125}}
May 11 05:48:13.156701 np0000173413 nova-scheduler[108729]: DEBUG oslo.service.backend._threading.loopingcall [-] Fixed interval looping call 'nova.servicegroup.drivers.db.DbDriver._report_state' sleeping for 119.98 seconds {{(pid=108729) _run_loop /opt/stack/data/venv/lib/python3.12/site-packages/oslo_service/backend/_threading/loopingcall.py:125}}
May 11 05:48:13.156970 np0000173413 nova-scheduler[108746]: DEBUG oslo.service.backend._threading.loopingcall [-] Fixed interval looping call 'nova.servicegroup.drivers.db.DbDriver._report_state' sleeping for 119.98 seconds {{(pid=108746) _run_loop /opt/stack/data/venv/lib/python3.12/site-packages/oslo_service/backend/_threading/loopingcall.py:125}}
May 11 05:48:13.157915 np0000173413 nova-scheduler[108738]: DEBUG oslo.service.backend._threading.loopingcall [-] Fixed interval looping call 'nova.servicegroup.drivers.db.DbDriver._report_state' sleeping for 119.99 seconds {{(pid=108738) _run_loop /opt/stack/data/venv/lib/python3.12/site-packages/oslo_service/backend/_threading/loopingcall.py:125}}
May 11 05:48:20.141660 np0000173413 nova-scheduler[108746]: DEBUG oslo.service.backend._threading.loopingcall [None req-e99c5d08-4526-41ba-b5fa-bc0eebb829e5 None None] Dynamic interval looping call 'nova.service.Service.periodic_tasks' sleeping for 60.00 seconds {{(pid=108746) _run_loop /opt/stack/data/venv/lib/python3.12/site-packages/oslo_service/backend/_threading/loopingcall.py:125}}
May 11 05:48:23.148710 np0000173413 nova-scheduler[108721]: DEBUG dbcounter [-] [108721] Writing DB stats nova_cell0:SELECT=1,nova_cell0:UPDATE=1 {{(pid=108721) stat_writer /opt/stack/data/venv/lib/python3.12/site-packages/dbcounter.py:115}}
May 11 05:48:23.150190 np0000173413 nova-scheduler[108746]: DEBUG dbcounter [-] [108746] Writing DB stats nova_cell0:SELECT=1,nova_cell0:UPDATE=1 {{(pid=108746) stat_writer /opt/stack/data/venv/lib/python3.12/site-packages/dbcounter.py:115}}
May 11 05:48:23.150831 np0000173413 nova-scheduler[108729]: DEBUG dbcounter [-] [108729] Writing DB stats nova_cell0:SELECT=1,nova_cell0:UPDATE=1 {{(pid=108729) stat_writer /opt/stack/data/venv/lib/python3.12/site-packages/dbcounter.py:115}}
May 11 05:48:23.155572 np0000173413 nova-scheduler[108738]: DEBUG dbcounter [-] [108738] Writing DB stats nova_cell0:SELECT=1,nova_cell0:UPDATE=1 {{(pid=108738) stat_writer /opt/stack/data/venv/lib/python3.12/site-packages/dbcounter.py:115}}
May 11 05:48:50.146015 np0000173413 nova-scheduler[108729]: DEBUG oslo.service.backend._threading.loopingcall [None req-04f074ed-0dff-4c5e-8aa7-0c97bf941122 None None] Dynamic interval looping call 'nova.service.Service.periodic_tasks' sleeping for 60.00 seconds {{(pid=108729) _run_loop /opt/stack/data/venv/lib/python3.12/site-packages/oslo_service/backend/_threading/loopingcall.py:125}}
May 11 05:48:53.141776 np0000173413 nova-scheduler[108721]: DEBUG oslo.service.backend._threading.loopingcall [None req-29855f00-7c05-4faf-b06f-3a4482a20129 None None] Dynamic interval looping call 'nova.service.Service.periodic_tasks' sleeping for 60.00 seconds {{(pid=108721) _run_loop /opt/stack/data/venv/lib/python3.12/site-packages/oslo_service/backend/_threading/loopingcall.py:125}}
May 11 05:49:08.148908 np0000173413 nova-scheduler[108738]: DEBUG oslo.service.backend._threading.loopingcall [None req-d7b5c135-e184-41b7-b7fb-2c9c947281ed None None] Dynamic interval looping call 'nova.service.Service.periodic_tasks' sleeping for 60.00 seconds {{(pid=108738) _run_loop /opt/stack/data/venv/lib/python3.12/site-packages/oslo_service/backend/_threading/loopingcall.py:125}}
May 11 05:49:20.142589 np0000173413 nova-scheduler[108746]: DEBUG oslo.service.backend._threading.loopingcall [None req-e99c5d08-4526-41ba-b5fa-bc0eebb829e5 None None] Dynamic interval looping call 'nova.service.Service.periodic_tasks' sleeping for 60.00 seconds {{(pid=108746) _run_loop /opt/stack/data/venv/lib/python3.12/site-packages/oslo_service/backend/_threading/loopingcall.py:125}}
May 11 05:49:50.146909 np0000173413 nova-scheduler[108729]: DEBUG oslo.service.backend._threading.loopingcall [None req-04f074ed-0dff-4c5e-8aa7-0c97bf941122 None None] Dynamic interval looping call 'nova.service.Service.periodic_tasks' sleeping for 60.00 seconds {{(pid=108729) _run_loop /opt/stack/data/venv/lib/python3.12/site-packages/oslo_service/backend/_threading/loopingcall.py:125}}
May 11 05:49:53.142634 np0000173413 nova-scheduler[108721]: DEBUG oslo.service.backend._threading.loopingcall [None req-29855f00-7c05-4faf-b06f-3a4482a20129 None None] Dynamic interval looping call 'nova.service.Service.periodic_tasks' sleeping for 60.00 seconds {{(pid=108721) _run_loop /opt/stack/data/venv/lib/python3.12/site-packages/oslo_service/backend/_threading/loopingcall.py:125}}
May 11 05:50:08.149614 np0000173413 nova-scheduler[108738]: DEBUG oslo.service.backend._threading.loopingcall [None req-d7b5c135-e184-41b7-b7fb-2c9c947281ed None None] Dynamic interval looping call 'nova.service.Service.periodic_tasks' sleeping for 60.00 seconds {{(pid=108738) _run_loop /opt/stack/data/venv/lib/python3.12/site-packages/oslo_service/backend/_threading/loopingcall.py:125}}
May 11 05:50:13.198860 np0000173413 nova-scheduler[108721]: DEBUG oslo.service.backend._threading.loopingcall [-] Fixed interval looping call 'nova.servicegroup.drivers.db.DbDriver._report_state' sleeping for 119.94 seconds {{(pid=108721) _run_loop /opt/stack/data/venv/lib/python3.12/site-packages/oslo_service/backend/_threading/loopingcall.py:125}}
May 11 05:50:13.206605 np0000173413 nova-scheduler[108746]: DEBUG oslo.service.backend._threading.loopingcall [-] Fixed interval looping call 'nova.servicegroup.drivers.db.DbDriver._report_state' sleeping for 119.94 seconds {{(pid=108746) _run_loop /opt/stack/data/venv/lib/python3.12/site-packages/oslo_service/backend/_threading/loopingcall.py:125}}
May 11 05:50:13.206980 np0000173413 nova-scheduler[108729]: DEBUG oslo.service.backend._threading.loopingcall [-] Fixed interval looping call 'nova.servicegroup.drivers.db.DbDriver._report_state' sleeping for 119.94 seconds {{(pid=108729) _run_loop /opt/stack/data/venv/lib/python3.12/site-packages/oslo_service/backend/_threading/loopingcall.py:125}}
May 11 05:50:13.207232 np0000173413 nova-scheduler[108738]: DEBUG oslo.service.backend._threading.loopingcall [-] Fixed interval looping call 'nova.servicegroup.drivers.db.DbDriver._report_state' sleeping for 119.95 seconds {{(pid=108738) _run_loop /opt/stack/data/venv/lib/python3.12/site-packages/oslo_service/backend/_threading/loopingcall.py:125}}
May 11 05:50:20.143535 np0000173413 nova-scheduler[108746]: DEBUG oslo.service.backend._threading.loopingcall [None req-e99c5d08-4526-41ba-b5fa-bc0eebb829e5 None None] Dynamic interval looping call 'nova.service.Service.periodic_tasks' sleeping for 60.00 seconds {{(pid=108746) _run_loop /opt/stack/data/venv/lib/python3.12/site-packages/oslo_service/backend/_threading/loopingcall.py:125}}
May 11 05:50:23.140789 np0000173413 nova-scheduler[108721]: DEBUG dbcounter [-] [108721] Writing DB stats nova_cell0:SELECT=1,nova_cell0:UPDATE=1 {{(pid=108721) stat_writer /opt/stack/data/venv/lib/python3.12/site-packages/dbcounter.py:115}}
