May 11 05:45:36.179010 np0000173413 devstack@neutron-api.service[103385]: DEBUG ovsdbapp.backend.ovs_idl [None req-8648e16b-58a0-46e6-8d9d-7eb5adbe4f3f None None] Created schema index Logical_Router_Port.name {{(pid=103385) autocreate_indices /opt/stack/data/venv/lib/python3.12/site-packages/ovsdbapp/backend/ovs_idl/__init__.py:106}}
May 11 05:45:36.179085 np0000173413 devstack@neutron-api.service[103385]: DEBUG ovsdbapp.backend.ovs_idl [None req-8648e16b-58a0-46e6-8d9d-7eb5adbe4f3f None None] Created schema index Port_Group.name {{(pid=103385) autocreate_indices /opt/stack/data/venv/lib/python3.12/site-packages/ovsdbapp/backend/ovs_idl/__init__.py:106}}
May 11 05:45:36.179202 np0000173413 devstack@neutron-api.service[103385]: DEBUG ovsdbapp.backend.ovs_idl [None req-8648e16b-58a0-46e6-8d9d-7eb5adbe4f3f None None] Created schema index Logical_Switch_Port.name {{(pid=103385) autocreate_indices /opt/stack/data/venv/lib/python3.12/site-packages/ovsdbapp/backend/ovs_idl/__init__.py:106}}
May 11 05:45:36.179452 np0000173413 devstack@neutron-api.service[103386]: INFO ovsdbapp.backend.ovs_idl.vlog [None req-bded580e-ff9a-4eea-9f83-9f3e8d6f0190 None None] ssl:199.204.45.35:6642: connecting...
May 11 05:45:36.182406 np0000173413 devstack@neutron-api.service[103385]: INFO ovsdbapp.backend.ovs_idl.vlog [None req-8648e16b-58a0-46e6-8d9d-7eb5adbe4f3f None None] ssl:199.204.45.35:6641: connecting...
May 11 05:45:36.184830 np0000173413 devstack@neutron-api.service[103386]: INFO ovsdbapp.backend.ovs_idl.vlog [None req-bded580e-ff9a-4eea-9f83-9f3e8d6f0190 None None] ssl:199.204.45.35:6642: connected
May 11 05:45:36.186373 np0000173413 devstack@neutron-api.service[103387]: DEBUG neutron.common.ovn.hash_ring_manager [None req-57b5a9f4-777b-4534-9062-3a5d03c3006f None None] Allow caching, nodes 4>=4 {{(pid=103387) _wait_startup_before_caching /opt/stack/neutron/neutron/common/ovn/hash_ring_manager.py:65}}
May 11 05:45:36.188858 np0000173413 devstack@neutron-api.service[103385]: INFO ovsdbapp.backend.ovs_idl.vlog [None req-8648e16b-58a0-46e6-8d9d-7eb5adbe4f3f None None] ssl:199.204.45.35:6641: connected
May 11 05:45:36.191513 np0000173413 devstack@neutron-api.service[103387]: DEBUG neutron.common.ovn.hash_ring_manager [None req-57b5a9f4-777b-4534-9062-3a5d03c3006f None None] Hash Ring loaded. 4 active nodes. 0 offline nodes {{(pid=103387) _load_hash_ring /opt/stack/neutron/neutron/common/ovn/hash_ring_manager.py:102}}
May 11 05:45:36.191777 np0000173413 devstack@neutron-api.service[103387]: DEBUG neutron.plugins.ml2.drivers.ovn.mech_driver.ovsdb.ovsdb_monitor [None req-57b5a9f4-777b-4534-9062-3a5d03c3006f None None] Hash Ring: Node af66e2c85dc656f0a57c8faafd49da5b (host: np0000173413) handling event "create" for row 9c0ebce2-57ce-4179-815f-df57988a1b5f (table: NB_Global) {{(pid=103387) notify /opt/stack/neutron/neutron/plugins/ml2/drivers/ovn/mech_driver/ovsdb/ovsdb_monitor.py:942}}
May 11 05:45:36.192715 np0000173413 devstack@neutron-api.service[103387]: INFO neutron.plugins.ml2.drivers.ovn.mech_driver.ovsdb.impl_idl_ovn [None req-57b5a9f4-777b-4534-9062-3a5d03c3006f None None] Getting OvsdbSbOvnIdl for WorkerService with retry
May 11 05:45:36.219441 np0000173413 devstack@neutron-api.service[103386]: DEBUG neutron.common.ovn.hash_ring_manager [None req-bded580e-ff9a-4eea-9f83-9f3e8d6f0190 None None] Allow caching, nodes 4>=4 {{(pid=103386) _wait_startup_before_caching /opt/stack/neutron/neutron/common/ovn/hash_ring_manager.py:65}}
May 11 05:45:36.223817 np0000173413 devstack@neutron-api.service[103387]: DEBUG ovsdbapp.backend.ovs_idl [None req-57b5a9f4-777b-4534-9062-3a5d03c3006f None None] Created lookup_table index Chassis.name {{(pid=103387) autocreate_indices /opt/stack/data/venv/lib/python3.12/site-packages/ovsdbapp/backend/ovs_idl/__init__.py:87}}
May 11 05:45:36.223904 np0000173413 devstack@neutron-api.service[103386]: DEBUG neutron.common.ovn.hash_ring_manager [None req-bded580e-ff9a-4eea-9f83-9f3e8d6f0190 None None] Hash Ring loaded. 4 active nodes. 0 offline nodes {{(pid=103386) _load_hash_ring /opt/stack/neutron/neutron/common/ovn/hash_ring_manager.py:102}}
May 11 05:45:36.223980 np0000173413 devstack@neutron-api.service[103387]: DEBUG ovsdbapp.backend.ovs_idl [None req-57b5a9f4-777b-4534-9062-3a5d03c3006f None None] Created lookup_table index Port_Binding.logical_port {{(pid=103387) autocreate_indices /opt/stack/data/venv/lib/python3.12/site-packages/ovsdbapp/backend/ovs_idl/__init__.py:87}}
May 11 05:45:36.224053 np0000173413 devstack@neutron-api.service[103386]: DEBUG neutron.plugins.ml2.drivers.ovn.mech_driver.ovsdb.ovsdb_monitor [None req-bded580e-ff9a-4eea-9f83-9f3e8d6f0190 None None] ChassisAgentWriteEvent : Matched Chassis_Private, create, None None {{(pid=103386) matches /opt/stack/neutron/neutron/plugins/ml2/drivers/ovn/mech_driver/ovsdb/ovsdb_monitor.py:64}}
May 11 05:45:36.224163 np0000173413 devstack@neutron-api.service[103387]: DEBUG ovsdbapp.backend.ovs_idl [None req-57b5a9f4-777b-4534-9062-3a5d03c3006f None None] Created schema index Chassis_Private.name {{(pid=103387) autocreate_indices /opt/stack/data/venv/lib/python3.12/site-packages/ovsdbapp/backend/ovs_idl/__init__.py:106}}
May 11 05:45:36.224163 np0000173413 devstack@neutron-api.service[103387]: DEBUG ovsdbapp.backend.ovs_idl [None req-57b5a9f4-777b-4534-9062-3a5d03c3006f None None] Created schema index Datapath_Binding.tunnel_key {{(pid=103387) autocreate_indices /opt/stack/data/venv/lib/python3.12/site-packages/ovsdbapp/backend/ovs_idl/__init__.py:106}}
May 11 05:45:36.224344 np0000173413 devstack@neutron-api.service[103386]: DEBUG neutron.plugins.ml2.drivers.ovn.mech_driver.ovsdb.ovsdb_monitor [None req-bded580e-ff9a-4eea-9f83-9f3e8d6f0190 None None] ChassisOVNAgentWriteEvent : Matched Chassis_Private, create, None None {{(pid=103386) matches /opt/stack/neutron/neutron/plugins/ml2/drivers/ovn/mech_driver/ovsdb/ovsdb_monitor.py:64}}
May 11 05:45:36.224924 np0000173413 devstack@neutron-api.service[103385]: DEBUG neutron.common.ovn.hash_ring_manager [None req-8648e16b-58a0-46e6-8d9d-7eb5adbe4f3f None None] Allow caching, nodes 4>=4 {{(pid=103385) _wait_startup_before_caching /opt/stack/neutron/neutron/common/ovn/hash_ring_manager.py:65}}
May 11 05:45:36.225313 np0000173413 devstack@neutron-api.service[103386]: INFO neutron.plugins.ml2.drivers.ovn.mech_driver.mech_driver [None req-bded580e-ff9a-4eea-9f83-9f3e8d6f0190 None None] WorkerService process has finished the post initialization
May 11 05:45:36.226156 np0000173413 devstack@neutron-api.service[103387]: INFO ovsdbapp.backend.ovs_idl.vlog [None req-57b5a9f4-777b-4534-9062-3a5d03c3006f None None] ssl:199.204.45.35:6642: connecting...
May 11 05:45:36.227515 np0000173413 devstack@neutron-api.service[103386]: WSGI app 0 (mountpoint='') ready in 7 seconds on interpreter 0x7c5ebb8a3668 pid: 103386 (default app)
May 11 05:45:36.230359 np0000173413 devstack@neutron-api.service[103387]: INFO ovsdbapp.backend.ovs_idl.vlog [None req-57b5a9f4-777b-4534-9062-3a5d03c3006f None None] ssl:199.204.45.35:6642: connected
May 11 05:45:36.231043 np0000173413 devstack@neutron-api.service[103385]: DEBUG neutron.common.ovn.hash_ring_manager [None req-8648e16b-58a0-46e6-8d9d-7eb5adbe4f3f None None] Hash Ring loaded. 4 active nodes. 0 offline nodes {{(pid=103385) _load_hash_ring /opt/stack/neutron/neutron/common/ovn/hash_ring_manager.py:102}}
May 11 05:45:36.231296 np0000173413 devstack@neutron-api.service[103385]: DEBUG neutron.plugins.ml2.drivers.ovn.mech_driver.ovsdb.ovsdb_monitor [None req-8648e16b-58a0-46e6-8d9d-7eb5adbe4f3f None None] Hash Ring: Node a4e1da2e9ca2505da4d49b0fa0e75b16 (host: np0000173413) handling event "create" for row 7bf9e862-9fbf-45ce-bd43-f90e3bb1d0b1 (table: ACL) {{(pid=103385) notify /opt/stack/neutron/neutron/plugins/ml2/drivers/ovn/mech_driver/ovsdb/ovsdb_monitor.py:942}}
May 11 05:45:36.232637 np0000173413 devstack@neutron-api.service[103385]: INFO neutron.plugins.ml2.drivers.ovn.mech_driver.ovsdb.impl_idl_ovn [None req-8648e16b-58a0-46e6-8d9d-7eb5adbe4f3f None None] Getting OvsdbSbOvnIdl for WorkerService with retry
May 11 05:45:36.263448 np0000173413 devstack@neutron-api.service[103387]: DEBUG neutron.common.ovn.hash_ring_manager [None req-57b5a9f4-777b-4534-9062-3a5d03c3006f None None] Allow caching, nodes 4>=4 {{(pid=103387) _wait_startup_before_caching /opt/stack/neutron/neutron/common/ovn/hash_ring_manager.py:65}}
May 11 05:45:36.267232 np0000173413 devstack@neutron-api.service[103385]: DEBUG ovsdbapp.backend.ovs_idl [None req-8648e16b-58a0-46e6-8d9d-7eb5adbe4f3f None None] Created lookup_table index Chassis.name {{(pid=103385) autocreate_indices /opt/stack/data/venv/lib/python3.12/site-packages/ovsdbapp/backend/ovs_idl/__init__.py:87}}
May 11 05:45:36.267289 np0000173413 devstack@neutron-api.service[103385]: DEBUG ovsdbapp.backend.ovs_idl [None req-8648e16b-58a0-46e6-8d9d-7eb5adbe4f3f None None] Created lookup_table index Port_Binding.logical_port {{(pid=103385) autocreate_indices /opt/stack/data/venv/lib/python3.12/site-packages/ovsdbapp/backend/ovs_idl/__init__.py:87}}
May 11 05:45:36.267403 np0000173413 devstack@neutron-api.service[103385]: DEBUG ovsdbapp.backend.ovs_idl [None req-8648e16b-58a0-46e6-8d9d-7eb5adbe4f3f None None] Created schema index Chassis_Private.name {{(pid=103385) autocreate_indices /opt/stack/data/venv/lib/python3.12/site-packages/ovsdbapp/backend/ovs_idl/__init__.py:106}}
May 11 05:45:36.267504 np0000173413 devstack@neutron-api.service[103387]: DEBUG neutron.common.ovn.hash_ring_manager [None req-57b5a9f4-777b-4534-9062-3a5d03c3006f None None] Hash Ring loaded. 4 active nodes. 0 offline nodes {{(pid=103387) _load_hash_ring /opt/stack/neutron/neutron/common/ovn/hash_ring_manager.py:102}}
May 11 05:45:36.267551 np0000173413 devstack@neutron-api.service[103385]: DEBUG ovsdbapp.backend.ovs_idl [None req-8648e16b-58a0-46e6-8d9d-7eb5adbe4f3f None None] Created schema index Datapath_Binding.tunnel_key {{(pid=103385) autocreate_indices /opt/stack/data/venv/lib/python3.12/site-packages/ovsdbapp/backend/ovs_idl/__init__.py:106}}
May 11 05:45:36.267678 np0000173413 devstack@neutron-api.service[103387]: DEBUG neutron.plugins.ml2.drivers.ovn.mech_driver.ovsdb.ovsdb_monitor [None req-57b5a9f4-777b-4534-9062-3a5d03c3006f None None] Hash Ring: Node af66e2c85dc656f0a57c8faafd49da5b (host: np0000173413) handling event "create" for row 05a0e1a2-2584-4e64-acef-aa8bc949bfec (table: Chassis) {{(pid=103387) notify /opt/stack/neutron/neutron/plugins/ml2/drivers/ovn/mech_driver/ovsdb/ovsdb_monitor.py:942}}
May 11 05:45:36.268524 np0000173413 devstack@neutron-api.service[103387]: DEBUG ovsdbapp.backend.ovs_idl.event [None req-57b5a9f4-777b-4534-9062-3a5d03c3006f None None] Matched CREATE: ChassisBandwidthConfigEvent(events=('create', 'update'), table='Chassis', conditions=None, old_conditions=None), priority=20 to row=Chassis(uuid=05a0e1a2-2584-4e64-acef-aa8bc949bfec, encaps=[de10fabd-000b-4733-8f33-d140c397faa8], external_ids={}, hostname='np0000173413', name='e774a19b-d7b4-4afb-8c74-1fcb3bf06514', nb_cfg=0, other_config={'ct-commit-nat-v2': 'true', 'ct-commit-to-zone': 'true', 'ct-next-zone': 'true', 'ct-no-masked-label': 'true', 'ct-state-save': 'true', 'datapath-type': 'system', 'fdb-timestamp': 'true', 'iface-types': 'afxdp,afxdp-nonpmd,bareudp,erspan,geneve,gre,gtpu,internal,ip6erspan,ip6gre,lisp,patch,srv6,stt,system,tap,vxlan', 'is-interconn': 'false', 'ls-dpg-column': 'true', 'mac-binding-timestamp': 'true', 'ovn-bridge-mappings': 'public:br-ex', 'ovn-chassis-mac-mappings': '', 'ovn-cms-options': 'enable-chassis-as-gw', 'ovn-ct-lb-related': 'true', 'ovn-enable-lflow-cache': 'true', 'ovn-limit-lflow-cache': '', 'ovn-memlimit-lflow-cache-kb': '', 'ovn-monitor-all': 'false', 'ovn-trim-limit-lflow-cache': '', 'ovn-trim-timeout-ms': '', 'ovn-trim-wmark-perc-lflow-cache': '', 'port-up-notif': 'true'}, transport_zones=[], vtep_logical_switches=[]) old= {{(pid=103387) matches /opt/stack/data/venv/lib/python3.12/site-packages/ovsdbapp/backend/ovs_idl/event.py:55}}
May 11 05:45:36.269097 np0000173413 devstack@neutron-api.service[103387]: DEBUG neutron.plugins.ml2.drivers.ovn.mech_driver.ovsdb.ovsdb_monitor [None req-57b5a9f4-777b-4534-9062-3a5d03c3006f None None] ChassisOVNAgentWriteEvent : Matched Chassis_Private, create, None None {{(pid=103387) matches /opt/stack/neutron/neutron/plugins/ml2/drivers/ovn/mech_driver/ovsdb/ovsdb_monitor.py:64}}
May 11 05:45:36.269267 np0000173413 devstack@neutron-api.service[103387]: DEBUG neutron.plugins.ml2.drivers.ovn.mech_driver.ovsdb.ovsdb_monitor [None req-57b5a9f4-777b-4534-9062-3a5d03c3006f None None] ChassisAgentWriteEvent : Matched Chassis_Private, create, None None {{(pid=103387) matches /opt/stack/neutron/neutron/plugins/ml2/drivers/ovn/mech_driver/ovsdb/ovsdb_monitor.py:64}}
May 11 05:45:36.269533 np0000173413 devstack@neutron-api.service[103385]: INFO ovsdbapp.backend.ovs_idl.vlog [None req-8648e16b-58a0-46e6-8d9d-7eb5adbe4f3f None None] ssl:199.204.45.35:6642: connecting...
May 11 05:45:36.270922 np0000173413 devstack@neutron-api.service[103387]: INFO neutron.plugins.ml2.drivers.ovn.mech_driver.mech_driver [None req-57b5a9f4-777b-4534-9062-3a5d03c3006f None None] WorkerService process has finished the post initialization
May 11 05:45:36.271667 np0000173413 devstack@neutron-api.service[103387]: INFO neutron.plugins.ml2.drivers.ovn.mech_driver.ovsdb.extensions.qos [-] Starting OVNClientQosExtension
May 11 05:45:36.271961 np0000173413 devstack@neutron-api.service[103387]: INFO neutron.plugins.ml2.drivers.ovn.mech_driver.ovsdb.extensions.placement [-] Starting OVNClientPlacementExtension
May 11 05:45:36.274350 np0000173413 devstack@neutron-api.service[103387]: WSGI app 0 (mountpoint='') ready in 7 seconds on interpreter 0x7c5ebb8a3668 pid: 103387 (default app)
May 11 05:45:36.274714 np0000173413 devstack@neutron-api.service[103385]: INFO ovsdbapp.backend.ovs_idl.vlog [None req-8648e16b-58a0-46e6-8d9d-7eb5adbe4f3f None None] ssl:199.204.45.35:6642: connected
May 11 05:45:36.305215 np0000173413 devstack@neutron-api.service[103385]: DEBUG neutron.common.ovn.hash_ring_manager [None req-8648e16b-58a0-46e6-8d9d-7eb5adbe4f3f None None] Allow caching, nodes 4>=4 {{(pid=103385) _wait_startup_before_caching /opt/stack/neutron/neutron/common/ovn/hash_ring_manager.py:65}}
May 11 05:45:36.309634 np0000173413 devstack@neutron-api.service[103385]: DEBUG neutron.common.ovn.hash_ring_manager [None req-8648e16b-58a0-46e6-8d9d-7eb5adbe4f3f None None] Hash Ring loaded. 4 active nodes. 0 offline nodes {{(pid=103385) _load_hash_ring /opt/stack/neutron/neutron/common/ovn/hash_ring_manager.py:102}}
May 11 05:45:36.309849 np0000173413 devstack@neutron-api.service[103385]: DEBUG neutron.plugins.ml2.drivers.ovn.mech_driver.ovsdb.ovsdb_monitor [None req-8648e16b-58a0-46e6-8d9d-7eb5adbe4f3f None None] ChassisAgentWriteEvent : Matched Chassis_Private, create, None None {{(pid=103385) matches /opt/stack/neutron/neutron/plugins/ml2/drivers/ovn/mech_driver/ovsdb/ovsdb_monitor.py:64}}
May 11 05:45:36.310046 np0000173413 devstack@neutron-api.service[103385]: DEBUG neutron.plugins.ml2.drivers.ovn.mech_driver.ovsdb.ovsdb_monitor [None req-8648e16b-58a0-46e6-8d9d-7eb5adbe4f3f None None] ChassisOVNAgentWriteEvent : Matched Chassis_Private, create, None None {{(pid=103385) matches /opt/stack/neutron/neutron/plugins/ml2/drivers/ovn/mech_driver/ovsdb/ovsdb_monitor.py:64}}
May 11 05:45:36.310565 np0000173413 devstack@neutron-api.service[103385]: DEBUG neutron.plugins.ml2.drivers.ovn.mech_driver.ovsdb.ovsdb_monitor [None req-8648e16b-58a0-46e6-8d9d-7eb5adbe4f3f None None] Hash Ring: Node a4e1da2e9ca2505da4d49b0fa0e75b16 (host: np0000173413) handling event "create" for row a7bcf58e-2540-4ebc-8542-87648e03d6ee (table: Chassis_Private) {{(pid=103385) notify /opt/stack/neutron/neutron/plugins/ml2/drivers/ovn/mech_driver/ovsdb/ovsdb_monitor.py:942}}
May 11 05:45:36.310791 np0000173413 devstack@neutron-api.service[103385]: DEBUG neutron.plugins.ml2.drivers.ovn.mech_driver.ovsdb.ovsdb_monitor [None req-8648e16b-58a0-46e6-8d9d-7eb5adbe4f3f None None] Hash Ring: Node a4e1da2e9ca2505da4d49b0fa0e75b16 (host: np0000173413) handling event "create" for row de10fabd-000b-4733-8f33-d140c397faa8 (table: Encap) {{(pid=103385) notify /opt/stack/neutron/neutron/plugins/ml2/drivers/ovn/mech_driver/ovsdb/ovsdb_monitor.py:942}}
May 11 05:45:36.313292 np0000173413 devstack@neutron-api.service[103385]: INFO neutron.plugins.ml2.drivers.ovn.mech_driver.mech_driver [None req-8648e16b-58a0-46e6-8d9d-7eb5adbe4f3f None None] WorkerService process has finished the post initialization
May 11 05:45:36.314943 np0000173413 devstack@neutron-api.service[103385]: WSGI app 0 (mountpoint='') ready in 7 seconds on interpreter 0x7c5ebb8a3668 pid: 103385 (default app)
May 11 05:45:38.125889 np0000173413 devstack@neutron-api.service[103388]: DEBUG neutron.common.ovn.hash_ring_manager [-] Allow caching, nodes 4>=4 {{(pid=103388) _wait_startup_before_caching /opt/stack/neutron/neutron/common/ovn/hash_ring_manager.py:65}}
May 11 05:45:38.125889 np0000173413 devstack@neutron-api.service[103388]: DEBUG neutron.plugins.ml2.drivers.ovn.mech_driver.ovsdb.ovsdb_monitor [-] Hash Ring: Node e70554e7d1465b59aa708f8ce839ca67 (host: np0000173413) handling event "update" for row eba17da3-1ac4-4b45-9f00-1d706e45c852 (table: Connection) {{(pid=103388) notify /opt/stack/neutron/neutron/plugins/ml2/drivers/ovn/mech_driver/ovsdb/ovsdb_monitor.py:942}}
May 11 05:45:40.622474 np0000173413 devstack@neutron-api.service[103388]: DEBUG neutron.plugins.ml2.drivers.ovn.mech_driver.ovsdb.ovsdb_monitor [-] Hash Ring: Node e70554e7d1465b59aa708f8ce839ca67 (host: np0000173413) handling event "update" for row eba17da3-1ac4-4b45-9f00-1d706e45c852 (table: Connection) {{(pid=103388) notify /opt/stack/neutron/neutron/plugins/ml2/drivers/ovn/mech_driver/ovsdb/ovsdb_monitor.py:942}}
May 11 05:45:42.340587 np0000173413 devstack@neutron-api.service[103388]: DEBUG neutron.api.wsgi [None req-a731aae6-7b35-426a-8af0-ff068c237223 admin admin] Missing Content-Type {{(pid=103388) get_content_type /opt/stack/neutron/neutron/api/wsgi.py:80}}
May 11 05:45:42.341504 np0000173413 devstack@neutron-api.service[103388]: DEBUG neutron.api.wsgi [None req-a731aae6-7b35-426a-8af0-ff068c237223 admin admin] https://199.204.45.35/networking/v2.0/extensions returned with HTTP 200 {{(pid=103388) __call__ /opt/stack/neutron/neutron/api/wsgi.py:540}}
May 11 05:45:42.341504 np0000173413 devstack@neutron-api.service[103388]: [pid: 103388|app: 0|req: 2/2] 199.204.45.35 () {64 vars in 1316 bytes} [Mon May 11 05:45:42 2026] GET /networking/v2.0/extensions => generated 15209 bytes in 260 msecs (HTTP/1.1 200) 4 headers in 159 bytes (1 switches on core 0)
May 11 05:45:42.749080 np0000173413 devstack@neutron-api.service[103386]: DEBUG neutron.api.v2.base [None req-89d2b693-2f0d-4e12-86e3-e55d15aec4c1 admin admin] Request body: {'subnetpool': {'is_default': True, 'shared': True, 'name': 'shared-default-subnetpool-v4', 'default_prefixlen': 26, 'prefixes': ['10.1.0.0/20']}} {{(pid=103386) prepare_request_body /opt/stack/neutron/neutron/api/v2/base.py:727}}
May 11 05:45:42.951197 np0000173413 devstack@neutron-api.service[103386]: DEBUG neutron.policy [None req-89d2b693-2f0d-4e12-86e3-e55d15aec4c1 admin admin] Loaded default policies from ['neutron'] under neutron.policies entry points {{(pid=103386) register_rules /opt/stack/neutron/neutron/policy.py:65}}
May 11 05:45:43.104331 np0000173413 devstack@neutron-api.service[103386]: DEBUG neutron_lib.callbacks.manager [None req-89d2b693-2f0d-4e12-86e3-e55d15aec4c1 admin admin] Publish callbacks ['neutron.objects.securitygroup.RbacNeutronDbObjectMixin.validate_rbac_policy_change-1715399098682', 'neutron.objects.address_group.RbacNeutronDbObjectMixin.validate_rbac_policy_change-1715399204101', 'neutron.objects.network.RbacNeutronDbObjectMixin.validate_rbac_policy_change-1715399205980', 'neutron.objects.qos.policy.RbacNeutronDbObjectMixin.validate_rbac_policy_change-1715399219011', 'neutron.objects.subnetpool.RbacNeutronDbObjectMixin.validate_rbac_policy_change-1715399224415', 'neutron.objects.address_scope.RbacNeutronDbObjectMixin.validate_rbac_policy_change-1715399224080', 'neutron.plugins.ml2.plugin.External_net_db_mixin._process_ext_policy_create-21960', 'neutron.plugins.ml2.plugin.NeutronDbPluginV2.validate_network_rbac_policy_change-79248'] for rbac-policy (None), before_create {{(pid=103386) _notify_loop /opt/stack/data/venv/lib/python3.12/site-packages/neutron_lib/callbacks/manager.py:184}}
May 11 05:45:43.158586 np0000173413 devstack@neutron-api.service[103386]: DEBUG neutron_lib.callbacks.manager [None req-89d2b693-2f0d-4e12-86e3-e55d15aec4c1 admin admin] Publish callbacks [] for subnetpool (None), before_response {{(pid=103386) _notify_loop /opt/stack/data/venv/lib/python3.12/site-packages/neutron_lib/callbacks/manager.py:184}}
May 11 05:45:43.159151 np0000173413 devstack@neutron-api.service[103386]: [pid: 103386|app: 0|req: 1/3] 199.204.45.35 () {68 vars in 1360 bytes} [Mon May 11 05:45:42 2026] POST /networking/v2.0/subnetpools => generated 533 bytes in 518 msecs (HTTP/1.1 201) 4 headers in 162 bytes (1 switches on core 0)
May 11 05:45:43.483100 np0000173413 devstack@neutron-api.service[103387]: DEBUG neutron.api.v2.base [None req-a5875c5e-c488-463d-baaf-ec5f4af7a243 admin admin] Request body: {'subnetpool': {'is_default': True, 'shared': True, 'name': 'shared-default-subnetpool-v6', 'default_prefixlen': 64, 'prefixes': ['fd1e:1a21:3c81::/56']}} {{(pid=103387) prepare_request_body /opt/stack/neutron/neutron/api/v2/base.py:727}}
May 11 05:45:43.665304 np0000173413 devstack@neutron-api.service[103387]: DEBUG neutron.policy [None req-a5875c5e-c488-463d-baaf-ec5f4af7a243 admin admin] Loaded default policies from ['neutron'] under neutron.policies entry points {{(pid=103387) register_rules /opt/stack/neutron/neutron/policy.py:65}}
May 11 05:45:43.837288 np0000173413 devstack@neutron-api.service[103387]: DEBUG neutron_lib.callbacks.manager [None req-a5875c5e-c488-463d-baaf-ec5f4af7a243 admin admin] Publish callbacks ['neutron.objects.securitygroup.RbacNeutronDbObjectMixin.validate_rbac_policy_change-1715399518635', 'neutron.objects.address_group.RbacNeutronDbObjectMixin.validate_rbac_policy_change-1715399462322', 'neutron.objects.network.RbacNeutronDbObjectMixin.validate_rbac_policy_change-1715399418518', 'neutron.objects.qos.policy.RbacNeutronDbObjectMixin.validate_rbac_policy_change-1715399369453', 'neutron.objects.subnetpool.RbacNeutronDbObjectMixin.validate_rbac_policy_change-1715399415210', 'neutron.objects.address_scope.RbacNeutronDbObjectMixin.validate_rbac_policy_change-1715399414900', 'neutron.plugins.ml2.plugin.External_net_db_mixin._process_ext_policy_create-456674', 'neutron.plugins.ml2.plugin.NeutronDbPluginV2.validate_network_rbac_policy_change-284226'] for rbac-policy (None), before_create {{(pid=103387) _notify_loop /opt/stack/data/venv/lib/python3.12/site-packages/neutron_lib/callbacks/manager.py:184}}
May 11 05:45:43.886631 np0000173413 devstack@neutron-api.service[103387]: DEBUG neutron_lib.callbacks.manager [None req-a5875c5e-c488-463d-baaf-ec5f4af7a243 admin admin] Publish callbacks [] for subnetpool (None), before_response {{(pid=103387) _notify_loop /opt/stack/data/venv/lib/python3.12/site-packages/neutron_lib/callbacks/manager.py:184}}
May 11 05:45:43.887497 np0000173413 devstack@neutron-api.service[103387]: [pid: 103387|app: 0|req: 1/4] 199.204.45.35 () {68 vars in 1360 bytes} [Mon May 11 05:45:43 2026] POST /networking/v2.0/subnetpools => generated 543 bytes in 513 msecs (HTTP/1.1 201) 4 headers in 162 bytes (1 switches on core 0)
May 11 05:45:44.334511 np0000173413 devstack@neutron-api.service[103385]: DEBUG neutron.api.v2.base [None req-13500513-07f5-4a4c-b293-f6b99d61a637 admin admin] Request body: {'network': {'name': 'private', 'admin_state_up': True}} {{(pid=103385) prepare_request_body /opt/stack/neutron/neutron/api/v2/base.py:727}}
May 11 05:45:44.357774 np0000173413 devstack@neutron-api.service[103385]: DEBUG neutron.pecan_wsgi.hooks.quota_enforcement [None req-13500513-07f5-4a4c-b293-f6b99d61a637 admin admin] Made reservation on behalf of 57b407b6f563413b8e022b4659f774c3 for: {'network': 1} {{(pid=103385) before /opt/stack/neutron/neutron/pecan_wsgi/hooks/quota_enforcement.py:66}}
May 11 05:45:44.552462 np0000173413 devstack@neutron-api.service[103385]: DEBUG neutron.policy [None req-13500513-07f5-4a4c-b293-f6b99d61a637 admin admin] Loaded default policies from ['neutron'] under neutron.policies entry points {{(pid=103385) register_rules /opt/stack/neutron/neutron/policy.py:65}}
May 11 05:45:44.656399 np0000173413 devstack@neutron-api.service[103385]: DEBUG neutron_lib.callbacks.manager [None req-13500513-07f5-4a4c-b293-f6b99d61a637 admin admin] Publish callbacks ['neutron.plugins.ml2.plugin.SecurityGroupDbMixin._ensure_default_security_group_handler-221236'] for network (None), before_create {{(pid=103385) _notify_loop /opt/stack/data/venv/lib/python3.12/site-packages/neutron_lib/callbacks/manager.py:184}}
May 11 05:45:44.677722 np0000173413 devstack@neutron-api.service[103385]: DEBUG neutron_lib.callbacks.manager [None req-13500513-07f5-4a4c-b293-f6b99d61a637 admin admin] Publish callbacks [] for security_group (None), before_create {{(pid=103385) _notify_loop /opt/stack/data/venv/lib/python3.12/site-packages/neutron_lib/callbacks/manager.py:184}}
May 11 05:45:44.780957 np0000173413 devstack@neutron-api.service[103385]: DEBUG neutron_lib.callbacks.manager [None req-13500513-07f5-4a4c-b293-f6b99d61a637 admin admin] Publish callbacks ['neutron.plugins.ml2.drivers.ovn.mech_driver.mech_driver.OVNMechanismDriver._create_security_group_precommit-959422'] for security_group (256bc9c1-e87a-41e2-8852-9537f092babb), precommit_create {{(pid=103385) _notify_loop /opt/stack/data/venv/lib/python3.12/site-packages/neutron_lib/callbacks/manager.py:184}}
May 11 05:45:44.781229 np0000173413 devstack@neutron-api.service[103385]: DEBUG neutron.db.ovn_revision_numbers_db [None req-13500513-07f5-4a4c-b293-f6b99d61a637 admin admin] create_initial_revision uuid=256bc9c1-e87a-41e2-8852-9537f092babb, type=security_groups, rev=-1 {{(pid=103385) create_initial_revision /opt/stack/neutron/neutron/db/ovn_revision_numbers_db.py:98}}
May 11 05:45:44.783455 np0000173413 devstack@neutron-api.service[103385]: DEBUG neutron.db.ovn_revision_numbers_db [None req-13500513-07f5-4a4c-b293-f6b99d61a637 admin admin] create_initial_revision uuid=60c65bec-01ae-4190-895a-8d15af0a0ac0, type=security_group_rules, rev=-1 {{(pid=103385) create_initial_revision /opt/stack/neutron/neutron/db/ovn_revision_numbers_db.py:98}}
May 11 05:45:44.784485 np0000173413 devstack@neutron-api.service[103385]: DEBUG neutron.db.ovn_revision_numbers_db [None req-13500513-07f5-4a4c-b293-f6b99d61a637 admin admin] create_initial_revision uuid=651fceed-7618-44c2-bea1-5bd6e96dbdc3, type=security_group_rules, rev=-1 {{(pid=103385) create_initial_revision /opt/stack/neutron/neutron/db/ovn_revision_numbers_db.py:98}}
May 11 05:45:44.785545 np0000173413 devstack@neutron-api.service[103385]: DEBUG neutron.db.ovn_revision_numbers_db [None req-13500513-07f5-4a4c-b293-f6b99d61a637 admin admin] create_initial_revision uuid=6f975717-a563-4706-9012-66ee64e9c7d3, type=security_group_rules, rev=-1 {{(pid=103385) create_initial_revision /opt/stack/neutron/neutron/db/ovn_revision_numbers_db.py:98}}
May 11 05:45:44.786616 np0000173413 devstack@neutron-api.service[103385]: DEBUG neutron.db.ovn_revision_numbers_db [None req-13500513-07f5-4a4c-b293-f6b99d61a637 admin admin] create_initial_revision uuid=a23c8ea0-9583-4ba3-9ab9-5f3554a3114e, type=security_group_rules, rev=-1 {{(pid=103385) create_initial_revision /opt/stack/neutron/neutron/db/ovn_revision_numbers_db.py:98}}
May 11 05:45:44.795275 np0000173413 devstack@neutron-api.service[103385]: DEBUG neutron_lib.callbacks.manager [None req-13500513-07f5-4a4c-b293-f6b99d61a637 admin admin] Publish callbacks ['neutron.plugins.ml2.drivers.ovn.mech_driver.mech_driver.OVNMechanismDriver._create_security_group-959296', 'neutron.plugins.ml2.ovo_rpc._ObjectChangeHandler.handle_event-6532322'] for security_group (256bc9c1-e87a-41e2-8852-9537f092babb), after_create {{(pid=103385) _notify_loop /opt/stack/data/venv/lib/python3.12/site-packages/neutron_lib/callbacks/manager.py:184}}
May 11 05:45:44.795522 np0000173413 devstack@neutron-api.service[103385]: INFO neutron.plugins.ml2.drivers.ovn.mech_driver.ovsdb.extensions.qos [None req-13500513-07f5-4a4c-b293-f6b99d61a637 admin admin] Starting OVNClientQosExtension
May 11 05:45:44.795612 np0000173413 devstack@neutron-api.service[103385]: INFO neutron.plugins.ml2.drivers.ovn.mech_driver.ovsdb.extensions.placement [None req-13500513-07f5-4a4c-b293-f6b99d61a637 admin admin] Starting OVNClientPlacementExtension
May 11 05:45:44.797637 np0000173413 devstack@neutron-api.service[103385]: DEBUG ovsdbapp.backend.ovs_idl.transaction [-] Running txn n=1 command(idx=0): PgAddCommand(_result=None, name=pg_256bc9c1_e87a_41e2_8852_9537f092babb, may_exist=False, columns={'acls': [], 'external_ids': {'neutron:security_group_id': '256bc9c1-e87a-41e2-8852-9537f092babb'}}) {{(pid=103385) do_commit /opt/stack/data/venv/lib/python3.12/site-packages/ovsdbapp/backend/ovs_idl/transaction.py:89}}
May 11 05:45:44.799994 np0000173413 devstack@neutron-api.service[103385]: DEBUG ovsdbapp.backend.ovs_idl.transaction [-] Running txn n=1 command(idx=1): PgAclAddCommand(_result=None, entity=pg_256bc9c1_e87a_41e2_8852_9537f092babb, direction=from-lport, priority=1002, match=inport == @pg_256bc9c1_e87a_41e2_8852_9537f092babb && ip4, action=allow-related, log=False, may_exist=True, severity=[], name=[], meter=[], external_ids={'neutron:security_group_rule_id': '60c65bec-01ae-4190-895a-8d15af0a0ac0'}) {{(pid=103385) do_commit /opt/stack/data/venv/lib/python3.12/site-packages/ovsdbapp/backend/ovs_idl/transaction.py:89}}
May 11 05:45:44.800448 np0000173413 devstack@neutron-api.service[103385]: DEBUG ovsdbapp.backend.ovs_idl.transaction [-] Running txn n=1 command(idx=2): PgAclAddCommand(_result=None, entity=pg_256bc9c1_e87a_41e2_8852_9537f092babb, direction=from-lport, priority=1002, match=inport == @pg_256bc9c1_e87a_41e2_8852_9537f092babb && ip6, action=allow-related, log=False, may_exist=True, severity=[], name=[], meter=[], external_ids={'neutron:security_group_rule_id': '651fceed-7618-44c2-bea1-5bd6e96dbdc3'}) {{(pid=103385) do_commit /opt/stack/data/venv/lib/python3.12/site-packages/ovsdbapp/backend/ovs_idl/transaction.py:89}}
May 11 05:45:44.800771 np0000173413 devstack@neutron-api.service[103385]: DEBUG ovsdbapp.backend.ovs_idl.transaction [-] Running txn n=1 command(idx=3): PgAclAddCommand(_result=None, entity=pg_256bc9c1_e87a_41e2_8852_9537f092babb, direction=to-lport, priority=1002, match=outport == @pg_256bc9c1_e87a_41e2_8852_9537f092babb && ip6 && ip6.src == $pg_256bc9c1_e87a_41e2_8852_9537f092babb_ip6, action=allow-related, log=False, may_exist=True, severity=[], name=[], meter=[], external_ids={'neutron:security_group_rule_id': '6f975717-a563-4706-9012-66ee64e9c7d3'}) {{(pid=103385) do_commit /opt/stack/data/venv/lib/python3.12/site-packages/ovsdbapp/backend/ovs_idl/transaction.py:89}}
May 11 05:45:44.801050 np0000173413 devstack@neutron-api.service[103385]: DEBUG ovsdbapp.backend.ovs_idl.transaction [-] Running txn n=1 command(idx=4): PgAclAddCommand(_result=None, entity=pg_256bc9c1_e87a_41e2_8852_9537f092babb, direction=to-lport, priority=1002, match=outport == @pg_256bc9c1_e87a_41e2_8852_9537f092babb && ip4 && ip4.src == $pg_256bc9c1_e87a_41e2_8852_9537f092babb_ip4, action=allow-related, log=False, may_exist=True, severity=[], name=[], meter=[], external_ids={'neutron:security_group_rule_id': 'a23c8ea0-9583-4ba3-9ab9-5f3554a3114e'}) {{(pid=103385) do_commit /opt/stack/data/venv/lib/python3.12/site-packages/ovsdbapp/backend/ovs_idl/transaction.py:89}}
May 11 05:45:44.810456 np0000173413 devstack@neutron-api.service[103385]: DEBUG neutron.plugins.ml2.drivers.ovn.mech_driver.ovsdb.ovsdb_monitor [-] Hash Ring: Node a4e1da2e9ca2505da4d49b0fa0e75b16 (host: np0000173413) handling event "create" for row 63770092-d23f-4fb1-a567-35d6fe8cbf1d (table: ACL) {{(pid=103385) notify /opt/stack/neutron/neutron/plugins/ml2/drivers/ovn/mech_driver/ovsdb/ovsdb_monitor.py:942}}
May 11 05:45:44.810456 np0000173413 devstack@neutron-api.service[103385]: DEBUG neutron.plugins.ml2.drivers.ovn.mech_driver.ovsdb.ovsdb_monitor [-] Hash Ring: Node a4e1da2e9ca2505da4d49b0fa0e75b16 (host: np0000173413) handling event "create" for row 81435615-7734-4404-858c-823a0ee6b23c (table: ACL) {{(pid=103385) notify /opt/stack/neutron/neutron/plugins/ml2/drivers/ovn/mech_driver/ovsdb/ovsdb_monitor.py:942}}
May 11 05:45:44.813048 np0000173413 devstack@neutron-api.service[103388]: DEBUG neutron.plugins.ml2.drivers.ovn.mech_driver.ovsdb.ovsdb_monitor [-] Hash Ring: Node e70554e7d1465b59aa708f8ce839ca67 (host: np0000173413) handling event "create" for row 5cb980d6-a608-402d-8503-18e42a167a40 (table: ACL) {{(pid=103388) notify /opt/stack/neutron/neutron/plugins/ml2/drivers/ovn/mech_driver/ovsdb/ovsdb_monitor.py:942}}
May 11 05:45:44.813693 np0000173413 devstack@neutron-api.service[103387]: DEBUG neutron.plugins.ml2.drivers.ovn.mech_driver.ovsdb.ovsdb_monitor [-] Hash Ring: Node af66e2c85dc656f0a57c8faafd49da5b (host: np0000173413) handling event "create" for row 5cb980d6-a608-402d-8503-18e42a167a40 (table: ACL) {{(pid=103387) notify /opt/stack/neutron/neutron/plugins/ml2/drivers/ovn/mech_driver/ovsdb/ovsdb_monitor.py:942}}
May 11 05:45:44.814277 np0000173413 devstack@neutron-api.service[103387]: DEBUG neutron.plugins.ml2.drivers.ovn.mech_driver.ovsdb.ovsdb_monitor [-] Hash Ring: Node af66e2c85dc656f0a57c8faafd49da5b (host: np0000173413) handling event "create" for row d74a2636-7dca-4590-80c6-168b44165569 (table: ACL) {{(pid=103387) notify /opt/stack/neutron/neutron/plugins/ml2/drivers/ovn/mech_driver/ovsdb/ovsdb_monitor.py:942}}
May 11 05:45:44.814420 np0000173413 devstack@neutron-api.service[103387]: DEBUG neutron.plugins.ml2.drivers.ovn.mech_driver.ovsdb.ovsdb_monitor [-] Hash Ring: Node af66e2c85dc656f0a57c8faafd49da5b (host: np0000173413) handling event "create" for row 4e8c1428-6ca6-41e9-98cf-2e6480dd5fa9 (table: Port_Group) {{(pid=103387) notify /opt/stack/neutron/neutron/plugins/ml2/drivers/ovn/mech_driver/ovsdb/ovsdb_monitor.py:942}}
May 11 05:45:44.815178 np0000173413 devstack@neutron-api.service[103388]: DEBUG neutron.plugins.ml2.drivers.ovn.mech_driver.ovsdb.ovsdb_monitor [-] Hash Ring: Node e70554e7d1465b59aa708f8ce839ca67 (host: np0000173413) handling event "create" for row 63770092-d23f-4fb1-a567-35d6fe8cbf1d (table: ACL) {{(pid=103388) notify /opt/stack/neutron/neutron/plugins/ml2/drivers/ovn/mech_driver/ovsdb/ovsdb_monitor.py:942}}
May 11 05:45:44.815178 np0000173413 devstack@neutron-api.service[103388]: DEBUG neutron.plugins.ml2.drivers.ovn.mech_driver.ovsdb.ovsdb_monitor [-] Hash Ring: Node e70554e7d1465b59aa708f8ce839ca67 (host: np0000173413) handling event "create" for row 81435615-7734-4404-858c-823a0ee6b23c (table: ACL) {{(pid=103388) notify /opt/stack/neutron/neutron/plugins/ml2/drivers/ovn/mech_driver/ovsdb/ovsdb_monitor.py:942}}
May 11 05:45:44.815178 np0000173413 devstack@neutron-api.service[103388]: DEBUG neutron.plugins.ml2.drivers.ovn.mech_driver.ovsdb.ovsdb_monitor [-] Hash Ring: Node e70554e7d1465b59aa708f8ce839ca67 (host: np0000173413) handling event "create" for row d74a2636-7dca-4590-80c6-168b44165569 (table: ACL) {{(pid=103388) notify /opt/stack/neutron/neutron/plugins/ml2/drivers/ovn/mech_driver/ovsdb/ovsdb_monitor.py:942}}
May 11 05:45:44.815178 np0000173413 devstack@neutron-api.service[103388]: DEBUG neutron.plugins.ml2.drivers.ovn.mech_driver.ovsdb.ovsdb_monitor [-] Hash Ring: Node e70554e7d1465b59aa708f8ce839ca67 (host: np0000173413) handling event "create" for row 4e8c1428-6ca6-41e9-98cf-2e6480dd5fa9 (table: Port_Group) {{(pid=103388) notify /opt/stack/neutron/neutron/plugins/ml2/drivers/ovn/mech_driver/ovsdb/ovsdb_monitor.py:942}}
May 11 05:45:44.843649 np0000173413 devstack@neutron-api.service[103385]: INFO neutron.db.ovn_revision_numbers_db [None req-13500513-07f5-4a4c-b293-f6b99d61a637 admin admin] Successfully bumped revision number for resource 256bc9c1-e87a-41e2-8852-9537f092babb (type: security_groups) to 1
May 11 05:45:44.861323 np0000173413 devstack@neutron-api.service[103385]: INFO neutron.db.ovn_revision_numbers_db [None req-13500513-07f5-4a4c-b293-f6b99d61a637 admin admin] Successfully bumped revision number for resource 60c65bec-01ae-4190-895a-8d15af0a0ac0 (type: security_group_rules) to 0
May 11 05:45:44.875821 np0000173413 devstack@neutron-api.service[103385]: INFO neutron.db.ovn_revision_numbers_db [None req-13500513-07f5-4a4c-b293-f6b99d61a637 admin admin] Successfully bumped revision number for resource 651fceed-7618-44c2-bea1-5bd6e96dbdc3 (type: security_group_rules) to 0
May 11 05:45:44.891684 np0000173413 devstack@neutron-api.service[103385]: INFO neutron.db.ovn_revision_numbers_db [None req-13500513-07f5-4a4c-b293-f6b99d61a637 admin admin] Successfully bumped revision number for resource 6f975717-a563-4706-9012-66ee64e9c7d3 (type: security_group_rules) to 0
May 11 05:45:44.909698 np0000173413 devstack@neutron-api.service[103385]: INFO neutron.db.ovn_revision_numbers_db [None req-13500513-07f5-4a4c-b293-f6b99d61a637 admin admin] Successfully bumped revision number for resource a23c8ea0-9583-4ba3-9ab9-5f3554a3114e (type: security_group_rules) to 0
May 11 05:45:44.936928 np0000173413 devstack@neutron-api.service[103385]: DEBUG neutron.api.rpc.handlers.resources_rpc [None req-13500513-07f5-4a4c-b293-f6b99d61a637 admin admin] Pushing event updated for resources: {'SecurityGroup': ['ID=256bc9c1-e87a-41e2-8852-9537f092babb,revision_number=1']} {{(pid=103385) push /opt/stack/neutron/neutron/api/rpc/handlers/resources_rpc.py:237}}
May 11 05:45:44.945955 np0000173413 devstack@neutron-api.service[103385]: DEBUG ovsdbapp.backend.ovs_idl.transaction [-] Running txn n=1 command(idx=0): CheckLivenessCommand(_result=None) {{(pid=103385) do_commit /opt/stack/data/venv/lib/python3.12/site-packages/ovsdbapp/backend/ovs_idl/transaction.py:89}}
May 11 05:45:44.951865 np0000173413 devstack@neutron-api.service[103388]: DEBUG neutron.plugins.ml2.drivers.ovn.mech_driver.ovsdb.ovsdb_monitor [-] Hash Ring: Node e70554e7d1465b59aa708f8ce839ca67 (host: np0000173413) handling event "update" for row 9c0ebce2-57ce-4179-815f-df57988a1b5f (table: NB_Global) {{(pid=103388) notify /opt/stack/neutron/neutron/plugins/ml2/drivers/ovn/mech_driver/ovsdb/ovsdb_monitor.py:942}}
May 11 05:45:44.952542 np0000173413 devstack@neutron-api.service[103387]: DEBUG neutron.plugins.ml2.drivers.ovn.mech_driver.ovsdb.ovsdb_monitor [-] Hash Ring: Node af66e2c85dc656f0a57c8faafd49da5b (host: np0000173413) handling event "update" for row 9c0ebce2-57ce-4179-815f-df57988a1b5f (table: NB_Global) {{(pid=103387) notify /opt/stack/neutron/neutron/plugins/ml2/drivers/ovn/mech_driver/ovsdb/ovsdb_monitor.py:942}}
May 11 05:45:44.954462 np0000173413 devstack@neutron-api.service[103387]: DEBUG neutron.plugins.ml2.drivers.ovn.mech_driver.ovsdb.ovsdb_monitor [-] ChassisAgentWriteEvent : Matched Chassis_Private, update, None None {{(pid=103387) matches /opt/stack/neutron/neutron/plugins/ml2/drivers/ovn/mech_driver/ovsdb/ovsdb_monitor.py:64}}
May 11 05:45:44.954985 np0000173413 devstack@neutron-api.service[103388]: DEBUG neutron.plugins.ml2.drivers.ovn.mech_driver.ovsdb.ovsdb_monitor [-] ChassisAgentWriteEvent : Matched Chassis_Private, update, None None {{(pid=103388) matches /opt/stack/neutron/neutron/plugins/ml2/drivers/ovn/mech_driver/ovsdb/ovsdb_monitor.py:64}}
May 11 05:45:44.955506 np0000173413 devstack@neutron-api.service[103385]: DEBUG neutron.api.rpc.callbacks.version_manager [None req-13500513-07f5-4a4c-b293-f6b99d61a637 admin admin] Tracked resource versions report:
May 11 05:45:44.955506 np0000173413 devstack@neutron-api.service[103385]: pushed versions:
May 11 05:45:44.955506 np0000173413 devstack@neutron-api.service[103385]: { 'AddressGroup': {'1.2'},
May 11 05:45:44.955506 np0000173413 devstack@neutron-api.service[103385]: 'Agent': {'1.1'},
May 11 05:45:44.955506 np0000173413 devstack@neutron-api.service[103385]: 'ConntrackHelper': {'1.0'},
May 11 05:45:44.955506 np0000173413 devstack@neutron-api.service[103385]: 'LocalIPAssociation': {'1.0'},
May 11 05:45:44.955506 np0000173413 devstack@neutron-api.service[103385]: 'Log': {'1.0'},
May 11 05:45:44.955506 np0000173413 devstack@neutron-api.service[103385]: 'NDPProxy': {'1.0'},
May 11 05:45:44.955506 np0000173413 devstack@neutron-api.service[103385]: 'Network': {'1.2'},
May 11 05:45:44.955506 np0000173413 devstack@neutron-api.service[103385]: 'Port': {'1.10'},
May 11 05:45:44.955506 np0000173413 devstack@neutron-api.service[103385]: 'PortForwarding': {'1.3'},
May 11 05:45:44.955506 np0000173413 devstack@neutron-api.service[103385]: 'QosPolicy': {'1.10'},
May 11 05:45:44.955506 np0000173413 devstack@neutron-api.service[103385]: 'SecurityGroup': {'1.6'},
May 11 05:45:44.955506 np0000173413 devstack@neutron-api.service[103385]: 'SecurityGroupRule': {'1.3'},
May 11 05:45:44.955506 np0000173413 devstack@neutron-api.service[103385]: 'SubPort': {'1.0'},
May 11 05:45:44.955506 np0000173413 devstack@neutron-api.service[103385]: 'Subnet': {'1.2'},
May 11 05:45:44.955506 np0000173413 devstack@neutron-api.service[103385]: 'Trunk': {'1.1'}}
May 11 05:45:44.955506 np0000173413 devstack@neutron-api.service[103385]: consumer versions:
May 11 05:45:44.955506 np0000173413 devstack@neutron-api.service[103385]: {}
May 11 05:45:44.955506 np0000173413 devstack@neutron-api.service[103385]: {{(pid=103385) report /opt/stack/neutron/neutron/api/rpc/callbacks/version_manager.py:183}}
May 11 05:45:44.956789 np0000173413 devstack@neutron-api.service[103388]: DEBUG neutron.plugins.ml2.drivers.ovn.mech_driver.ovsdb.ovsdb_monitor [-] Hash Ring: Node e70554e7d1465b59aa708f8ce839ca67 (host: np0000173413) handling event "update" for row 9c0ebce2-57ce-4179-815f-df57988a1b5f (table: NB_Global) {{(pid=103388) notify /opt/stack/neutron/neutron/plugins/ml2/drivers/ovn/mech_driver/ovsdb/ovsdb_monitor.py:942}}
May 11 05:45:44.957197 np0000173413 devstack@neutron-api.service[103386]: DEBUG neutron.plugins.ml2.drivers.ovn.mech_driver.ovsdb.ovsdb_monitor [-] ChassisAgentWriteEvent : Matched Chassis_Private, update, None None {{(pid=103386) matches /opt/stack/neutron/neutron/plugins/ml2/drivers/ovn/mech_driver/ovsdb/ovsdb_monitor.py:64}}
May 11 05:45:44.957534 np0000173413 devstack@neutron-api.service[103387]: DEBUG neutron.plugins.ml2.drivers.ovn.mech_driver.ovsdb.ovsdb_monitor [-] Hash Ring: Node af66e2c85dc656f0a57c8faafd49da5b (host: np0000173413) handling event "update" for row 9c0ebce2-57ce-4179-815f-df57988a1b5f (table: NB_Global) {{(pid=103387) notify /opt/stack/neutron/neutron/plugins/ml2/drivers/ovn/mech_driver/ovsdb/ovsdb_monitor.py:942}}
May 11 05:45:44.959037 np0000173413 devstack@neutron-api.service[103387]: DEBUG neutron.plugins.ml2.drivers.ovn.mech_driver.ovsdb.ovsdb_monitor [-] Hash Ring: Node af66e2c85dc656f0a57c8faafd49da5b (host: np0000173413) handling event "update" for row 9c0ebce2-57ce-4179-815f-df57988a1b5f (table: NB_Global) {{(pid=103387) notify /opt/stack/neutron/neutron/plugins/ml2/drivers/ovn/mech_driver/ovsdb/ovsdb_monitor.py:942}}
May 11 05:45:44.959909 np0000173413 devstack@neutron-api.service[103387]: DEBUG neutron.plugins.ml2.drivers.ovn.mech_driver.ovsdb.ovsdb_monitor [-] Hash Ring: Node af66e2c85dc656f0a57c8faafd49da5b (host: np0000173413) handling event "update" for row 9c0ebce2-57ce-4179-815f-df57988a1b5f (table: NB_Global) {{(pid=103387) notify /opt/stack/neutron/neutron/plugins/ml2/drivers/ovn/mech_driver/ovsdb/ovsdb_monitor.py:942}}
May 11 05:45:44.961995 np0000173413 devstack@neutron-api.service[103386]: DEBUG neutron.plugins.ml2.drivers.ovn.mech_driver.ovsdb.ovsdb_monitor [-] ChassisOVNAgentWriteEvent : Matched Chassis_Private, update, None None {{(pid=103386) matches /opt/stack/neutron/neutron/plugins/ml2/drivers/ovn/mech_driver/ovsdb/ovsdb_monitor.py:64}}
May 11 05:45:44.962995 np0000173413 devstack@neutron-api.service[103387]: DEBUG neutron.plugins.ml2.drivers.ovn.mech_driver.ovsdb.ovsdb_monitor [-] ChassisOVNAgentWriteEvent : Matched Chassis_Private, update, None None {{(pid=103387) matches /opt/stack/neutron/neutron/plugins/ml2/drivers/ovn/mech_driver/ovsdb/ovsdb_monitor.py:64}}
May 11 05:45:44.963080 np0000173413 devstack@neutron-api.service[103388]: DEBUG neutron.plugins.ml2.drivers.ovn.mech_driver.ovsdb.ovsdb_monitor [-] Hash Ring: Node e70554e7d1465b59aa708f8ce839ca67 (host: np0000173413) handling event "update" for row 9c0ebce2-57ce-4179-815f-df57988a1b5f (table: NB_Global) {{(pid=103388) notify /opt/stack/neutron/neutron/plugins/ml2/drivers/ovn/mech_driver/ovsdb/ovsdb_monitor.py:942}}
May 11 05:45:44.963412 np0000173413 devstack@neutron-api.service[103388]: DEBUG neutron.common.ovn.hash_ring_manager [-] Allow caching, nodes 4>=4 {{(pid=103388) _wait_startup_before_caching /opt/stack/neutron/neutron/common/ovn/hash_ring_manager.py:65}}
May 11 05:45:44.963538 np0000173413 devstack@neutron-api.service[103388]: DEBUG neutron.plugins.ml2.drivers.ovn.mech_driver.ovsdb.ovsdb_monitor [-] Hash Ring: Node e70554e7d1465b59aa708f8ce839ca67 (host: np0000173413) handling event "update" for row a7bcf58e-2540-4ebc-8542-87648e03d6ee (table: Chassis_Private) {{(pid=103388) notify /opt/stack/neutron/neutron/plugins/ml2/drivers/ovn/mech_driver/ovsdb/ovsdb_monitor.py:942}}
May 11 05:45:44.963607 np0000173413 devstack@neutron-api.service[103385]: DEBUG neutron.plugins.ml2.drivers.ovn.mech_driver.ovsdb.ovsdb_monitor [-] ChassisAgentWriteEvent : Matched Chassis_Private, update, None None {{(pid=103385) matches /opt/stack/neutron/neutron/plugins/ml2/drivers/ovn/mech_driver/ovsdb/ovsdb_monitor.py:64}}
May 11 05:45:44.964492 np0000173413 devstack@neutron-api.service[103388]: DEBUG neutron.plugins.ml2.drivers.ovn.mech_driver.ovsdb.ovsdb_monitor [-] ChassisOVNAgentWriteEvent : Matched Chassis_Private, update, None None {{(pid=103388) matches /opt/stack/neutron/neutron/plugins/ml2/drivers/ovn/mech_driver/ovsdb/ovsdb_monitor.py:64}}
May 11 05:45:44.964741 np0000173413 devstack@neutron-api.service[103388]: DEBUG neutron.plugins.ml2.drivers.ovn.mech_driver.ovsdb.ovsdb_monitor [-] Hash Ring: Node e70554e7d1465b59aa708f8ce839ca67 (host: np0000173413) handling event "update" for row a7bcf58e-2540-4ebc-8542-87648e03d6ee (table: Chassis_Private) {{(pid=103388) notify /opt/stack/neutron/neutron/plugins/ml2/drivers/ovn/mech_driver/ovsdb/ovsdb_monitor.py:942}}
May 11 05:45:44.965313 np0000173413 devstack@neutron-api.service[103388]: DEBUG neutron.plugins.ml2.drivers.ovn.mech_driver.ovsdb.ovsdb_monitor [-] Hash Ring: Node e70554e7d1465b59aa708f8ce839ca67 (host: np0000173413) handling event "update" for row 9c0ebce2-57ce-4179-815f-df57988a1b5f (table: NB_Global) {{(pid=103388) notify /opt/stack/neutron/neutron/plugins/ml2/drivers/ovn/mech_driver/ovsdb/ovsdb_monitor.py:942}}
May 11 05:45:44.965412 np0000173413 devstack@neutron-api.service[103385]: DEBUG neutron.plugins.ml2.drivers.ovn.mech_driver.ovsdb.ovsdb_monitor [-] Hash Ring: Node a4e1da2e9ca2505da4d49b0fa0e75b16 (host: np0000173413) handling event "update" for row a7bcf58e-2540-4ebc-8542-87648e03d6ee (table: Chassis_Private) {{(pid=103385) notify /opt/stack/neutron/neutron/plugins/ml2/drivers/ovn/mech_driver/ovsdb/ovsdb_monitor.py:942}}
May 11 05:45:44.971899 np0000173413 devstack@neutron-api.service[103385]: DEBUG neutron.plugins.ml2.drivers.ovn.mech_driver.ovsdb.ovsdb_monitor [-] ChassisOVNAgentWriteEvent : Matched Chassis_Private, update, None None {{(pid=103385) matches /opt/stack/neutron/neutron/plugins/ml2/drivers/ovn/mech_driver/ovsdb/ovsdb_monitor.py:64}}
May 11 05:45:44.976199 np0000173413 devstack@neutron-api.service[103385]: DEBUG neutron.plugins.ml2.drivers.ovn.mech_driver.ovsdb.ovsdb_monitor [-] Hash Ring: Node a4e1da2e9ca2505da4d49b0fa0e75b16 (host: np0000173413) handling event "update" for row a7bcf58e-2540-4ebc-8542-87648e03d6ee (table: Chassis_Private) {{(pid=103385) notify /opt/stack/neutron/neutron/plugins/ml2/drivers/ovn/mech_driver/ovsdb/ovsdb_monitor.py:942}}
May 11 05:45:45.033655 np0000173413 devstack@neutron-api.service[103385]: DEBUG neutron.plugins.ml2.drivers.helpers [None req-13500513-07f5-4a4c-b293-f6b99d61a637 admin admin] geneve segment allocate from pool success with {'geneve_vni': 24343} {{(pid=103385) allocate_partially_specified_segment /opt/stack/neutron/neutron/plugins/ml2/drivers/helpers.py:142}}
May 11 05:45:45.047435 np0000173413 devstack@neutron-api.service[103385]: DEBUG neutron_lib.callbacks.manager [None req-13500513-07f5-4a4c-b293-f6b99d61a637 admin admin] Publish callbacks ['neutron.services.segments.db._add_segment_host_mapping_for_segment-8546637620858', 'neutron.plugins.ml2.plugin.Ml2Plugin._handle_segment_change-511490'] for segment (261955c3-d685-4749-8ff9-3c134413c6c2), precommit_create {{(pid=103385) _notify_loop /opt/stack/data/venv/lib/python3.12/site-packages/neutron_lib/callbacks/manager.py:184}}
May 11 05:45:45.047612 np0000173413 devstack@neutron-api.service[103385]: INFO neutron.db.segments_db [None req-13500513-07f5-4a4c-b293-f6b99d61a637 admin admin] Added segment 261955c3-d685-4749-8ff9-3c134413c6c2 of type geneve for network 564c2c6d-1847-4ce2-b6da-f05560b661d6
May 11 05:45:45.095156 np0000173413 devstack@neutron-api.service[103385]: DEBUG neutron_lib.callbacks.manager [None req-13500513-07f5-4a4c-b293-f6b99d61a637 admin admin] Publish callbacks ['neutron.services.auto_allocate.db._ensure_external_network_default_value_callback-8546635695788'] for network (564c2c6d-1847-4ce2-b6da-f05560b661d6), precommit_create {{(pid=103385) _notify_loop /opt/stack/data/venv/lib/python3.12/site-packages/neutron_lib/callbacks/manager.py:184}}
