2026-09-01 19:49:37.509 7 INFO neutron.db.ovn_revision_numbers_db [None req-a4f861cd-303d-450f-ac5b-16f554f8c481 331ef6915d1c47f48eb19a176564ad23 ca4f66caaf7d4451bc8cd4c437dfa4cf - - default default] Successfully bumped revision number for resource d2b868ed-ca3f-4651-836f-784f7318f218 (type: security_group_rules) to 0 /var/lib/openstack/lib/python3.12/site-packages/pycadf/identifier.py:70: UserWarning: Invalid uuid: neutron. To ensure interoperability, identifiers should be a valid uuid. warnings.warn(('Invalid uuid: %s. To ensure interoperability, ' [pid: 7|app: 0|req: 526/1014] 10.0.0.4 () {32 vars in 772 bytes} [Tue Sep 1 19:49:37 2026] GET /v2.0/security-groups?tenant_id=4d352752721644d3ae71c04ca80d9a05&name=default => generated 2925 bytes in 552 msecs (HTTP/1.1 200) 4 headers in 158 bytes (1 switches on core 0) [pid: 7|app: 0|req: 527/1015] 10.0.0.147 () {34 vars in 990 bytes} [Tue Sep 1 19:49:37 2026] GET /v2.0/ports?device_id=abd1fd0f-f45c-4c7b-8a5d-41b31f80345c => generated 12 bytes in 29 msecs (HTTP/1.1 200) 4 headers in 156 bytes (1 switches on core 0)
2026-09-01 19:49:37.705 8 INFO neutron.db.ovn_revision_numbers_db [None req-012df654-3627-433b-bbda-5fa2ca3542e4 729ea26f66c3492ba41185902c98b7ed 015d9523691e478c84530e464812e005 - - default default] Successfully bumped revision number for resource 6112b990-92be-42ad-8c39-29fa2346be33 (type: security_groups) to 1
2026-09-01 19:49:37.723 8 INFO neutron.db.ovn_revision_numbers_db [None req-012df654-3627-433b-bbda-5fa2ca3542e4 729ea26f66c3492ba41185902c98b7ed 015d9523691e478c84530e464812e005 - - default default] Successfully bumped revision number for resource 1dd754e0-b798-4318-bf0d-785b690c087c (type: security_group_rules) to 0
2026-09-01 19:49:37.740 8 INFO neutron.db.ovn_revision_numbers_db [None req-012df654-3627-433b-bbda-5fa2ca3542e4 729ea26f66c3492ba41185902c98b7ed 015d9523691e478c84530e464812e005 - - default default] Successfully bumped revision number for resource 2e554430-00e8-4b79-b47f-22f5c0732612 (type: security_group_rules) to 0
2026-09-01 19:49:37.758 8 INFO neutron.db.ovn_revision_numbers_db [None req-012df654-3627-433b-bbda-5fa2ca3542e4 729ea26f66c3492ba41185902c98b7ed 015d9523691e478c84530e464812e005 - - default default] Successfully bumped revision number for resource 54554c5a-5026-4374-af90-1b3a6314020f (type: security_group_rules) to 0
2026-09-01 19:49:37.778 8 INFO neutron.db.ovn_revision_numbers_db [None req-012df654-3627-433b-bbda-5fa2ca3542e4 729ea26f66c3492ba41185902c98b7ed 015d9523691e478c84530e464812e005 - - default default] Successfully bumped revision number for resource 985b6f66-649f-4a29-a8f6-6deaa8e26b9e (type: security_group_rules) to 0
2026-09-01 19:49:37.907 8 INFO neutron.db.segments_db [None req-012df654-3627-433b-bbda-5fa2ca3542e4 729ea26f66c3492ba41185902c98b7ed 015d9523691e478c84530e464812e005 - - default default] Added segment 4a13a937-f874-4fe2-9565-ff795b1abb48 of type geneve for network 705ffe01-9434-4a37-aa7c-8f83348835db [pid: 7|app: 0|req: 528/1016] 10.0.0.4 () {32 vars in 738 bytes} [Tue Sep 1 19:49:37 2026] DELETE /v2.0/security-groups/068efe91-e6bd-4ace-81a7-64b142410df0 => generated 0 bytes in 325 msecs (HTTP/1.1 204) 2 headers in 112 bytes (1 switches on core 0)
2026-09-01 19:49:37.942 8 INFO neutron.notifiers.nova [-] Nova event matching ['req-665832df-f8cf-4021-b7a3-a4276d215f52'] response: {'server_uuid': 'abd1fd0f-f45c-4c7b-8a5d-41b31f80345c', 'name': 'network-vif-deleted', 'tag': '87dd9b47-7ee5-4f9f-aacf-ac1bda28395a', 'status': 'completed', 'code': 200}
2026-09-01 19:49:37.943 8 INFO neutron.notifiers.nova [-] Nova event matching ['req-665832df-f8cf-4021-b7a3-a4276d215f52'] response: {'server_uuid': 'dc423611-7cf1-4788-837d-a97e2a1bdd54', 'name': 'network-vif-unplugged', 'status': 'completed', 'tag': '8adbe3d5-b108-4f70-b0f1-ce217a2c8afe', 'code': 200}
2026-09-01 19:49:37.943 8 INFO neutron.notifiers.nova [-] Nova event matching ['req-665832df-f8cf-4021-b7a3-a4276d215f52'] response: {'server_uuid': 'dc423611-7cf1-4788-837d-a97e2a1bdd54', 'name': 'network-vif-unplugged', 'status': 'completed', 'tag': '8adbe3d5-b108-4f70-b0f1-ce217a2c8afe', 'code': 200} [pid: 7|app: 0|req: 529/1017] 162.253.55.86 () {34 vars in 993 bytes} [Tue Sep 1 19:49:37 2026] GET /v2.0/ports?device_id=dc423611-7cf1-4788-837d-a97e2a1bdd54 => generated 969 bytes in 71 msecs (HTTP/1.1 200) 4 headers in 157 bytes (1 switches on core 0) [pid: 7|app: 0|req: 530/1018] 10.0.0.147 () {34 vars in 990 bytes} [Tue Sep 1 19:49:37 2026] GET /v2.0/ports?device_id=dc423611-7cf1-4788-837d-a97e2a1bdd54 => generated 969 bytes in 68 msecs (HTTP/1.1 200) 4 headers in 157 bytes (1 switches on core 0)
2026-09-01 19:49:38.079 8 INFO neutron.db.ovn_revision_numbers_db [None req-012df654-3627-433b-bbda-5fa2ca3542e4 729ea26f66c3492ba41185902c98b7ed 015d9523691e478c84530e464812e005 - - default default] Successfully bumped revision number for resource 705ffe01-9434-4a37-aa7c-8f83348835db (type: networks) to 1
2026-09-01 19:49:38.209 7 INFO neutron_taas.services.taas.taas_plugin [req-b539293e-2e4a-46d8-b48c-eea46518754f req-f50dcc92-5eee-4e0d-962f-f8ecc6d2dafe 318a9e25f153418abf05378d73263779 4d2df147b1a34ecdbbd4e828aa6d2ba9 - - default default] TaaS: Handle Delete Port: 8adbe3d5-b108-4f70-b0f1-ce217a2c8afe
2026-09-01 19:49:38.212 7 INFO neutron_taas.services.taas.tap_mirror_plugin [req-b539293e-2e4a-46d8-b48c-eea46518754f req-f50dcc92-5eee-4e0d-962f-f8ecc6d2dafe 318a9e25f153418abf05378d73263779 4d2df147b1a34ecdbbd4e828aa6d2ba9 - - default default] Tap Mirror: Handle Delete Port: 8adbe3d5-b108-4f70-b0f1-ce217a2c8afe
2026-09-01 19:49:38.301 8 WARNING neutron.scheduler.dhcp_agent_scheduler [None req-012df654-3627-433b-bbda-5fa2ca3542e4 729ea26f66c3492ba41185902c98b7ed 015d9523691e478c84530e464812e005 - - default default] No more DHCP agents
2026-09-01 19:49:38.303 8 WARNING neutron.api.rpc.agentnotifiers.dhcp_rpc_agent_api [None req-012df654-3627-433b-bbda-5fa2ca3542e4 729ea26f66c3492ba41185902c98b7ed 015d9523691e478c84530e464812e005 - - default default] Unable to schedule network 705ffe01-9434-4a37-aa7c-8f83348835db: no agents available; will retry on subsequent port and subnet creation events.
2026-09-01 19:49:38.388 7 INFO neutron.plugins.ml2.drivers.ovn.mech_driver.mech_driver [None req-a1969a49-c845-467e-a566-b7719084fdc0 - - - - - -] OVN reports status down for port: d940945c-39b1-43e8-8b70-d36a0c321b50
2026-09-01 19:49:38.410 8 INFO neutron.db.ovn_revision_numbers_db [None req-012df654-3627-433b-bbda-5fa2ca3542e4 729ea26f66c3492ba41185902c98b7ed 015d9523691e478c84530e464812e005 - - default default] Successfully bumped revision number for resource d940945c-39b1-43e8-8b70-d36a0c321b50 (type: ports) to 1 [pid: 8|app: 0|req: 489/1019] 10.0.0.4 () {34 vars in 668 bytes} [Tue Sep 1 19:49:37 2026] POST /v2.0/networks => generated 686 bytes in 1058 msecs (HTTP/1.1 201) 4 headers in 162 bytes (1 switches on core 0)
2026-09-01 19:49:38.572 8 INFO neutron.db.ovn_revision_numbers_db [None req-3e15a121-cac5-468a-85bb-7b5c2097ccae 331ef6915d1c47f48eb19a176564ad23 ca4f66caaf7d4451bc8cd4c437dfa4cf - - default default] Successfully bumped revision number for resource b6a17b6a-e911-49fd-ba17-00471113e1af (type: security_groups) to 1
2026-09-01 19:49:38.584 7 INFO neutron.db.l3_db [req-b539293e-2e4a-46d8-b48c-eea46518754f req-f50dcc92-5eee-4e0d-962f-f8ecc6d2dafe 318a9e25f153418abf05378d73263779 4d2df147b1a34ecdbbd4e828aa6d2ba9 - - default default] Floating IP de493220-5cd7-490f-8f14-03af34db80a0 disassociated. External IP: 10.96.250.217, port: 8adbe3d5-b108-4f70-b0f1-ce217a2c8afe.
2026-09-01 19:49:38.588 8 INFO neutron.db.ovn_revision_numbers_db [None req-3e15a121-cac5-468a-85bb-7b5c2097ccae 331ef6915d1c47f48eb19a176564ad23 ca4f66caaf7d4451bc8cd4c437dfa4cf - - default default] Successfully bumped revision number for resource 17ae67f7-6888-4933-ac1e-103ffa7cba75 (type: security_group_rules) to 0
2026-09-01 19:49:38.606 8 INFO neutron.db.ovn_revision_numbers_db [None req-3e15a121-cac5-468a-85bb-7b5c2097ccae 331ef6915d1c47f48eb19a176564ad23 ca4f66caaf7d4451bc8cd4c437dfa4cf - - default default] Successfully bumped revision number for resource 44acb49c-de90-43f8-a735-172c7f2534ab (type: security_group_rules) to 0
2026-09-01 19:49:38.622 8 INFO neutron.db.ovn_revision_numbers_db [None req-3e15a121-cac5-468a-85bb-7b5c2097ccae 331ef6915d1c47f48eb19a176564ad23 ca4f66caaf7d4451bc8cd4c437dfa4cf - - default default] Successfully bumped revision number for resource ab4c1a98-80b6-4f0c-85e1-49471b7ec76c (type: security_group_rules) to 0
2026-09-01 19:49:38.641 8 INFO neutron.db.ovn_revision_numbers_db [None req-3e15a121-cac5-468a-85bb-7b5c2097ccae 331ef6915d1c47f48eb19a176564ad23 ca4f66caaf7d4451bc8cd4c437dfa4cf - - default default] Successfully bumped revision number for resource bc17a15c-63c1-4bbf-a327-d3ab042b5314 (type: security_group_rules) to 0 [pid: 8|app: 0|req: 490/1020] 10.0.0.4 () {32 vars in 772 bytes} [Tue Sep 1 19:49:38 2026] GET /v2.0/security-groups?tenant_id=4a128d6831c2409eb6ed69ed6ff04d69&name=default => generated 2925 bytes in 243 msecs (HTTP/1.1 200) 4 headers in 158 bytes (1 switches on core 0) [pid: 8|app: 0|req: 491/1021] 10.0.0.147 () {34 vars in 1040 bytes} [Tue Sep 1 19:49:38 2026] GET /v2.0/security-groups?id=1527cb29-a067-4e91-ac1e-cccf316ed5b5&fields=id&fields=name => generated 114 bytes in 31 msecs (HTTP/1.1 200) 4 headers in 157 bytes (1 switches on core 0) [pid: 7|app: 0|req: 531/1022] 162.253.55.86 () {36 vars in 996 bytes} [Tue Sep 1 19:49:38 2026] DELETE /v2.0/ports/8adbe3d5-b108-4f70-b0f1-ce217a2c8afe => generated 0 bytes in 693 msecs (HTTP/1.1 204) 3 headers in 131 bytes (1 switches on core 0) /var/lib/openstack/lib/python3.12/site-packages/pycadf/identifier.py:70: UserWarning: Invalid uuid: neutron. To ensure interoperability, identifiers should be a valid uuid. warnings.warn(('Invalid uuid: %s. To ensure interoperability, ' [pid: 7|app: 0|req: 532/1023] 10.0.0.147 () {34 vars in 990 bytes} [Tue Sep 1 19:49:38 2026] GET /v2.0/ports?device_id=abd1fd0f-f45c-4c7b-8a5d-41b31f80345c => generated 12 bytes in 39 msecs (HTTP/1.1 200) 4 headers in 156 bytes (1 switches on core 0)
2026-09-01 19:49:38.808 7 INFO neutron.notifiers.nova [-] Nova event matching ['req-b8c4f701-2fa5-4ec5-89a4-51c6a2d025d5'] response: {'server_uuid': 'dc423611-7cf1-4788-837d-a97e2a1bdd54', 'name': 'network-vif-deleted', 'tag': '8adbe3d5-b108-4f70-b0f1-ce217a2c8afe', 'status': 'completed', 'code': 200} [pid: 8|app: 0|req: 492/1024] 10.0.0.4 () {32 vars in 738 bytes} [Tue Sep 1 19:49:38 2026] DELETE /v2.0/security-groups/b6a17b6a-e911-49fd-ba17-00471113e1af => generated 0 bytes in 271 msecs (HTTP/1.1 204) 2 headers in 112 bytes (1 switches on core 0)
2026-09-01 19:49:39.124 7 WARNING neutron.scheduler.dhcp_agent_scheduler [None req-6a2755a2-0458-4c1d-a9cc-59baf986a523 729ea26f66c3492ba41185902c98b7ed 015d9523691e478c84530e464812e005 - - default default] No more DHCP agents
2026-09-01 19:49:39.125 7 WARNING neutron.api.rpc.agentnotifiers.dhcp_rpc_agent_api [None req-6a2755a2-0458-4c1d-a9cc-59baf986a523 729ea26f66c3492ba41185902c98b7ed 015d9523691e478c84530e464812e005 - - default default] Unable to schedule network 705ffe01-9434-4a37-aa7c-8f83348835db: no agents available; will retry on subsequent port and subnet creation events.
2026-09-01 19:49:39.147 7 INFO neutron.db.ovn_revision_numbers_db [None req-6a2755a2-0458-4c1d-a9cc-59baf986a523 729ea26f66c3492ba41185902c98b7ed 015d9523691e478c84530e464812e005 - - default default] Successfully bumped revision number for resource ee77d9a8-0388-40f4-b518-d5f685b6c7e3 (type: subnets) to 0 [pid: 7|app: 0|req: 533/1025] 10.0.0.4 () {34 vars in 667 bytes} [Tue Sep 1 19:49:38 2026] POST /v2.0/subnets => generated 673 bytes in 252 msecs (HTTP/1.1 201) 4 headers in 162 bytes (1 switches on core 0)
2026-09-01 19:49:39.284 8 INFO neutron.db.segments_db [None req-07e7ebb4-267b-48c1-9b52-b5e6373473a7 729ea26f66c3492ba41185902c98b7ed 015d9523691e478c84530e464812e005 - - default default] Added segment f6e4dc49-409f-45f3-8793-3210b80516fe of type geneve for network e1f03e7f-04ed-4dd8-998a-516c539314c6
2026-09-01 19:49:39.426 8 INFO neutron.db.ovn_revision_numbers_db [None req-07e7ebb4-267b-48c1-9b52-b5e6373473a7 729ea26f66c3492ba41185902c98b7ed 015d9523691e478c84530e464812e005 - - default default] Successfully bumped revision number for resource e1f03e7f-04ed-4dd8-998a-516c539314c6 (type: networks) to 1
2026-09-01 19:49:39.568 8 WARNING neutron.scheduler.dhcp_agent_scheduler [None req-07e7ebb4-267b-48c1-9b52-b5e6373473a7 729ea26f66c3492ba41185902c98b7ed 015d9523691e478c84530e464812e005 - - default default] No more DHCP agents
2026-09-01 19:49:39.569 8 WARNING neutron.api.rpc.agentnotifiers.dhcp_rpc_agent_api [None req-07e7ebb4-267b-48c1-9b52-b5e6373473a7 729ea26f66c3492ba41185902c98b7ed 015d9523691e478c84530e464812e005 - - default default] Unable to schedule network e1f03e7f-04ed-4dd8-998a-516c539314c6: no agents available; will retry on subsequent port and subnet creation events.
2026-09-01 19:49:39.643 7 INFO neutron.plugins.ml2.drivers.ovn.mech_driver.mech_driver [None req-a1969a49-c845-467e-a566-b7719084fdc0 - - - - - -] OVN reports status down for port: b9b569d6-0d8e-4661-be45-08245f97c348
2026-09-01 19:49:39.652 8 INFO neutron.db.ovn_revision_numbers_db [None req-07e7ebb4-267b-48c1-9b52-b5e6373473a7 729ea26f66c3492ba41185902c98b7ed 015d9523691e478c84530e464812e005 - - default default] Successfully bumped revision number for resource b9b569d6-0d8e-4661-be45-08245f97c348 (type: ports) to 1 [pid: 8|app: 0|req: 493/1026] 10.0.0.4 () {34 vars in 668 bytes} [Tue Sep 1 19:49:39 2026] POST /v2.0/networks => generated 686 bytes in 512 msecs (HTTP/1.1 201) 4 headers in 162 bytes (1 switches on core 0) [pid: 8|app: 0|req: 494/1027] 10.0.0.147 () {34 vars in 990 bytes} [Tue Sep 1 19:49:39 2026] GET /v2.0/ports?device_id=dc423611-7cf1-4788-837d-a97e2a1bdd54 => generated 12 bytes in 24 msecs (HTTP/1.1 200) 4 headers in 156 bytes (1 switches on core 0)
2026-09-01 19:49:39.906 7 INFO neutron.db.ovn_revision_numbers_db [None req-5f81a669-9e86-4b68-b6ed-723f324cbd7c 729ea26f66c3492ba41185902c98b7ed 015d9523691e478c84530e464812e005 - - default default] Successfully bumped revision number for resource e1f03e7f-04ed-4dd8-998a-516c539314c6 (type: networks) to 2 [pid: 7|app: 0|req: 534/1028] 10.0.0.4 () {34 vars in 741 bytes} [Tue Sep 1 19:49:39 2026] PUT /v2.0/networks/e1f03e7f-04ed-4dd8-998a-516c539314c6 => generated 636 bytes in 234 msecs (HTTP/1.1 200) 4 headers in 157 bytes (1 switches on core 0) [pid: 8|app: 0|req: 495/1029] 10.0.0.4 () {32 vars in 738 bytes} [Tue Sep 1 19:49:39 2026] DELETE /v2.0/security-groups/f0b5b8dc-9c08-428f-b92f-970b0f8da314 => generated 0 bytes in 167 msecs (HTTP/1.1 204) 2 headers in 112 bytes (1 switches on core 0)
2026-09-01 19:49:40.085 8 INFO neutron.api.v2.resource [None req-5fa77a63-2d31-4e4d-8eb5-c0068d4642a7 38c0844c8e55474cb6f584b0ecb82521 b8e1634ee22446eba90569a609b8788e - - default default] show failed (client error): The resource could not be found. [pid: 8|app: 0|req: 496/1030] 10.0.0.4 () {32 vars in 735 bytes} [Tue Sep 1 19:49:40 2026] GET /v2.0/security-groups/f0b5b8dc-9c08-428f-b92f-970b0f8da314 => generated 146 bytes in 14 msecs (HTTP/1.1 404) 4 headers in 164 bytes (1 switches on core 0)
2026-09-01 19:49:40.160 7 WARNING neutron.scheduler.dhcp_agent_scheduler [None req-6729e9c7-261c-44b3-a82d-cf86d877d9f3 729ea26f66c3492ba41185902c98b7ed 015d9523691e478c84530e464812e005 - - default default] No more DHCP agents
2026-09-01 19:49:40.161 7 WARNING neutron.api.rpc.agentnotifiers.dhcp_rpc_agent_api [None req-6729e9c7-261c-44b3-a82d-cf86d877d9f3 729ea26f66c3492ba41185902c98b7ed 015d9523691e478c84530e464812e005 - - default default] Unable to schedule network e1f03e7f-04ed-4dd8-998a-516c539314c6: no agents available; will retry on subsequent port and subnet creation events.
2026-09-01 19:49:40.189 7 INFO neutron.db.ovn_revision_numbers_db [None req-6729e9c7-261c-44b3-a82d-cf86d877d9f3 729ea26f66c3492ba41185902c98b7ed 015d9523691e478c84530e464812e005 - - default default] Successfully bumped revision number for resource 436aa1da-67b6-4ef6-a232-fef637a44394 (type: subnets) to 0 [pid: 7|app: 0|req: 535/1031] 10.0.0.4 () {34 vars in 667 bytes} [Tue Sep 1 19:49:39 2026] POST /v2.0/subnets => generated 646 bytes in 278 msecs (HTTP/1.1 201) 4 headers in 162 bytes (1 switches on core 0)
2026-09-01 19:49:40.225 8 INFO neutron_taas.services.taas.taas_plugin [None req-3c28955c-206a-4e14-ad30-13684031caf6 38c0844c8e55474cb6f584b0ecb82521 b8e1634ee22446eba90569a609b8788e - - default default] TaaS: Handle Delete Port: 7592decd-bb40-4c90-b3f8-58e0bb1a078b
2026-09-01 19:49:40.228 8 INFO neutron_taas.services.taas.tap_mirror_plugin [None req-3c28955c-206a-4e14-ad30-13684031caf6 38c0844c8e55474cb6f584b0ecb82521 b8e1634ee22446eba90569a609b8788e - - default default] Tap Mirror: Handle Delete Port: 7592decd-bb40-4c90-b3f8-58e0bb1a078b [pid: 8|app: 0|req: 497/1032] 10.0.0.4 () {32 vars in 730 bytes} [Tue Sep 1 19:49:40 2026] DELETE /v2.0/floatingips/d605f8b3-550f-4bc4-83ce-545d68ca6035 => generated 0 bytes in 283 msecs (HTTP/1.1 204) 2 headers in 112 bytes (1 switches on core 0)
2026-09-01 19:49:40.681 8 INFO neutron_taas.services.taas.taas_plugin [None req-dc428d63-d74a-4f78-aac3-92d75db95c50 331ef6915d1c47f48eb19a176564ad23 ca4f66caaf7d4451bc8cd4c437dfa4cf - - default default] TaaS: Handle Delete Port: 163ea7b0-d48e-49bf-b56c-b0f3b304cbac
2026-09-01 19:49:40.684 8 INFO neutron_taas.services.taas.tap_mirror_plugin [None req-dc428d63-d74a-4f78-aac3-92d75db95c50 331ef6915d1c47f48eb19a176564ad23 ca4f66caaf7d4451bc8cd4c437dfa4cf - - default default] Tap Mirror: Handle Delete Port: 163ea7b0-d48e-49bf-b56c-b0f3b304cbac
2026-09-01 19:49:40.817 7 INFO neutron.db.ovn_revision_numbers_db [None req-74a68e03-b1c4-452c-914f-a7787571333b - - - - - -] Successfully bumped revision number for resource b9b569d6-0d8e-4661-be45-08245f97c348 (type: ports) to 2
2026-09-01 19:49:40.870 7 INFO neutron.db.ovn_revision_numbers_db [None req-74a68e03-b1c4-452c-914f-a7787571333b - - - - - -] Successfully bumped revision number for resource 436aa1da-67b6-4ef6-a232-fef637a44394 (type: subnets) to 1 [pid: 7|app: 0|req: 536/1033] 10.0.0.4 () {34 vars in 739 bytes} [Tue Sep 1 19:49:40 2026] PUT /v2.0/subnets/436aa1da-67b6-4ef6-a232-fef637a44394 => generated 656 bytes in 666 msecs (HTTP/1.1 200) 4 headers in 157 bytes (1 switches on core 0)
2026-09-01 19:49:41.054 7 INFO neutron_taas.services.taas.taas_plugin [None req-9c9c3c28-4282-4862-b146-6797604643d1 729ea26f66c3492ba41185902c98b7ed 015d9523691e478c84530e464812e005 - - default default] TaaS: Handle Delete Port: b9b569d6-0d8e-4661-be45-08245f97c348
2026-09-01 19:49:41.057 7 INFO neutron_taas.services.taas.tap_mirror_plugin [None req-9c9c3c28-4282-4862-b146-6797604643d1 729ea26f66c3492ba41185902c98b7ed 015d9523691e478c84530e464812e005 - - default default] Tap Mirror: Handle Delete Port: b9b569d6-0d8e-4661-be45-08245f97c348
2026-09-01 19:49:41.320 7 INFO neutron.services.segments.plugin [-] Segment f6e4dc49-409f-45f3-8793-3210b80516fe resource provider aggregate not found
2026-09-01 19:49:41.325 7 INFO neutron.services.segments.plugin [-] Segment f6e4dc49-409f-45f3-8793-3210b80516fe resource provider aggregate not found
2026-09-01 19:49:41.344 7 INFO neutron.services.segments.plugin [-] Client error retrieving segment f6e4dc49-409f-45f3-8793-3210b80516fe resource provider; error: Placement Client Error (4xx): {"errors": [{"status": 404, "title": "Not Found", "detail": "The resource could not be found.\n\n No resource provider with uuid f6e4dc49-409f-45f3-8793-3210b80516fe found for delete ", "request_id": "req-a55ee30c-242f-461b-9dfd-dec92682f619"}]}
2026-09-01 19:49:41.348 7 INFO neutron.services.segments.plugin [-] Client error retrieving segment f6e4dc49-409f-45f3-8793-3210b80516fe resource provider; error: Placement Client Error (4xx): {"errors": [{"status": 404, "title": "Not Found", "detail": "The resource could not be found.\n\n No resource provider with uuid f6e4dc49-409f-45f3-8793-3210b80516fe found for delete ", "request_id": "req-160d0397-f2b4-4904-a32e-92c809fb7d5e"}]} [pid: 8|app: 0|req: 498/1034] 10.0.0.4 () {34 vars in 787 bytes} [Tue Sep 1 19:49:40 2026] PUT /v2.0/routers/8654085c-9ebc-4b45-bcb6-49cf3d6c18af/remove_router_interface => generated 309 bytes in 942 msecs (HTTP/1.1 200) 4 headers in 157 bytes (1 switches on core 0) [pid: 7|app: 0|req: 537/1035] 10.0.0.4 () {32 vars in 724 bytes} [Tue Sep 1 19:49:40 2026] DELETE /v2.0/networks/e1f03e7f-04ed-4dd8-998a-516c539314c6 => generated 0 bytes in 509 msecs (HTTP/1.1 204) 3 headers in 131 bytes (1 switches on core 0) /var/lib/openstack/lib/python3.12/site-packages/pycadf/identifier.py:70: UserWarning: Invalid uuid: neutron. To ensure interoperability, identifiers should be a valid uuid. warnings.warn(('Invalid uuid: %s. To ensure interoperability, ' [pid: 8|app: 0|req: 499/1036] 10.0.0.147 () {34 vars in 990 bytes} [Tue Sep 1 19:49:41 2026] GET /v2.0/ports?device_id=dc423611-7cf1-4788-837d-a97e2a1bdd54 => generated 12 bytes in 21 msecs (HTTP/1.1 200) 4 headers in 156 bytes (1 switches on core 0)
2026-09-01 19:49:41.422 8 INFO neutron.pecan_wsgi.hooks.translation [None req-455509b7-7bdf-415c-8c96-1972d65f416f 729ea26f66c3492ba41185902c98b7ed 015d9523691e478c84530e464812e005 - - default default] DELETE failed (client error): The resource could not be found. [pid: 8|app: 0|req: 500/1037] 10.0.0.4 () {32 vars in 724 bytes} [Tue Sep 1 19:49:41 2026] DELETE /v2.0/networks/e1f03e7f-04ed-4dd8-998a-516c539314c6 => generated 138 bytes in 16 msecs (HTTP/1.1 404) 4 headers in 164 bytes (1 switches on core 0) [pid: 8|app: 0|req: 501/1038] 10.0.0.4 () {32 vars in 692 bytes} [Tue Sep 1 19:49:41 2026] GET /v2.0/networks?router%3Aexternal=True => generated 689 bytes in 47 msecs (HTTP/1.1 200) 4 headers in 157 bytes (1 switches on core 0)
2026-09-01 19:49:41.726 7 INFO neutron_taas.services.taas.taas_plugin [None req-300e12cd-6975-4a3b-ba3f-12cbe0c7d82f 331ef6915d1c47f48eb19a176564ad23 ca4f66caaf7d4451bc8cd4c437dfa4cf - - default default] TaaS: Handle Delete Port: 0abfa6f3-1e52-4639-8dd0-8b72b962efab
2026-09-01 19:49:41.729 7 INFO neutron_taas.services.taas.tap_mirror_plugin [None req-300e12cd-6975-4a3b-ba3f-12cbe0c7d82f 331ef6915d1c47f48eb19a176564ad23 ca4f66caaf7d4451bc8cd4c437dfa4cf - - default default] Tap Mirror: Handle Delete Port: 0abfa6f3-1e52-4639-8dd0-8b72b962efab
2026-09-01 19:49:41.847 8 INFO neutron.db.ovn_revision_numbers_db [None req-7731c1ed-fb7f-48d0-b036-d252d2dd5abe 331ef6915d1c47f48eb19a176564ad23 ca4f66caaf7d4451bc8cd4c437dfa4cf - - default default] Successfully bumped revision number for resource 53a3a0ae-287c-4397-9dd1-28143d2c8b7a (type: security_groups) to 1
2026-09-01 19:49:41.866 8 INFO neutron.db.ovn_revision_numbers_db [None req-7731c1ed-fb7f-48d0-b036-d252d2dd5abe 331ef6915d1c47f48eb19a176564ad23 ca4f66caaf7d4451bc8cd4c437dfa4cf - - default default] Successfully bumped revision number for resource 326b561e-d483-48e8-93e9-fa94890c37f9 (type: security_group_rules) to 0
2026-09-01 19:49:41.882 8 INFO neutron.db.ovn_revision_numbers_db [None req-7731c1ed-fb7f-48d0-b036-d252d2dd5abe 331ef6915d1c47f48eb19a176564ad23 ca4f66caaf7d4451bc8cd4c437dfa4cf - - default default] Successfully bumped revision number for resource 49234278-17f7-4552-8e05-c783381d98fa (type: security_group_rules) to 0
2026-09-01 19:49:41.898 8 INFO neutron.db.ovn_revision_numbers_db [None req-7731c1ed-fb7f-48d0-b036-d252d2dd5abe 331ef6915d1c47f48eb19a176564ad23 ca4f66caaf7d4451bc8cd4c437dfa4cf - - default default] Successfully bumped revision number for resource 4cc336d7-1327-43d6-ada4-da001ca465aa (type: security_group_rules) to 0
2026-09-01 19:49:41.935 8 INFO neutron.db.ovn_revision_numbers_db [None req-7731c1ed-fb7f-48d0-b036-d252d2dd5abe 331ef6915d1c47f48eb19a176564ad23 ca4f66caaf7d4451bc8cd4c437dfa4cf - - default default] Successfully bumped revision number for resource 97d845ce-945b-466b-b799-79480f55c4ec (type: security_group_rules) to 0 [pid: 8|app: 0|req: 502/1039] 10.0.0.4 () {32 vars in 772 bytes} [Tue Sep 1 19:49:41 2026] GET /v2.0/security-groups?tenant_id=058878eb1e474654bf524425e83970f4&name=default => generated 2925 bytes in 521 msecs (HTTP/1.1 200) 4 headers in 158 bytes (1 switches on core 0) [pid: 8|app: 0|req: 505/1042] 10.0.0.4 () {32 vars in 740 bytes} [Tue Sep 1 19:49:42 2026] GET /v2.0/subnets?network_id=ef59a445-5760-4c1b-9616-3cf3b867f0d6 => generated 649 bytes in 42 msecs (HTTP/1.1 200) 4 headers in 157 bytes (1 switches on core 0) [pid: 8|app: 0|req: 506/1043] 10.0.0.4 () {32 vars in 738 bytes} [Tue Sep 1 19:49:42 2026] DELETE /v2.0/security-groups/53a3a0ae-287c-4397-9dd1-28143d2c8b7a => generated 0 bytes in 286 msecs (HTTP/1.1 204) 2 headers in 112 bytes (1 switches on core 0) [pid: 8|app: 0|req: 507/1044] 10.0.0.4 () {32 vars in 651 bytes} [Tue Sep 1 19:49:42 2026] GET /v2.0/extensions => generated 20541 bytes in 6 msecs (HTTP/1.1 200) 4 headers in 159 bytes (1 switches on core 0) [pid: 8|app: 0|req: 508/1045] 10.0.0.4 () {32 vars in 647 bytes} [Tue Sep 1 19:49:42 2026] GET /v2.0/networks => generated 1389 bytes in 61 msecs (HTTP/1.1 200) 4 headers in 158 bytes (1 switches on core 0) [pid: 8|app: 0|req: 509/1046] 10.0.0.4 () {32 vars in 645 bytes} [Tue Sep 1 19:49:42 2026] GET /v2.0/subnets => generated 1312 bytes in 46 msecs (HTTP/1.1 200) 4 headers in 158 bytes (1 switches on core 0) [pid: 8|app: 0|req: 510/1047] 10.0.0.4 () {32 vars in 721 bytes} [Tue Sep 1 19:49:42 2026] GET /v2.0/networks/705ffe01-9434-4a37-aa7c-8f83348835db => generated 711 bytes in 47 msecs (HTTP/1.1 200) 4 headers in 157 bytes (1 switches on core 0) [pid: 8|app: 0|req: 511/1048] 10.0.0.147 () {34 vars in 990 bytes} [Tue Sep 1 19:49:42 2026] GET /v2.0/ports?device_id=dc423611-7cf1-4788-837d-a97e2a1bdd54 => generated 12 bytes in 29 msecs (HTTP/1.1 200) 4 headers in 156 bytes (1 switches on core 0) [pid: 8|app: 0|req: 512/1049] 10.0.0.4 () {32 vars in 719 bytes} [Tue Sep 1 19:49:42 2026] GET /v2.0/subnets/ee77d9a8-0388-40f4-b518-d5f685b6c7e3 => generated 673 bytes in 33 msecs (HTTP/1.1 200) 4 headers in 157 bytes (1 switches on core 0)
2026-09-01 19:49:42.607 8 INFO neutron.pecan_wsgi.hooks.translation [None req-598aeec2-b0e6-4c04-9a52-7e8346e5130d 729ea26f66c3492ba41185902c98b7ed 015d9523691e478c84530e464812e005 - - default default] DELETE failed (client error): The resource could not be found. [pid: 8|app: 0|req: 513/1050] 10.0.0.4 () {32 vars in 722 bytes} [Tue Sep 1 19:49:42 2026] DELETE /v2.0/subnets/436aa1da-67b6-4ef6-a232-fef637a44394 => generated 136 bytes in 15 msecs (HTTP/1.1 404) 4 headers in 164 bytes (1 switches on core 0)
2026-09-01 19:49:42.629 8 INFO neutron.pecan_wsgi.hooks.translation [None req-512eae7b-576c-4591-a18e-e3af4632d5f4 729ea26f66c3492ba41185902c98b7ed 015d9523691e478c84530e464812e005 - - default default] DELETE failed (client error): The resource could not be found. [pid: 8|app: 0|req: 514/1051] 10.0.0.4 () {32 vars in 724 bytes} [Tue Sep 1 19:49:42 2026] DELETE /v2.0/networks/e1f03e7f-04ed-4dd8-998a-516c539314c6 => generated 138 bytes in 15 msecs (HTTP/1.1 404) 4 headers in 164 bytes (1 switches on core 0) [pid: 7|app: 0|req: 538/1052] 10.0.0.4 () {32 vars in 722 bytes} [Tue Sep 1 19:49:41 2026] DELETE /v2.0/routers/8654085c-9ebc-4b45-bcb6-49cf3d6c18af => generated 0 bytes in 1374 msecs (HTTP/1.1 204) 2 headers in 112 bytes (1 switches on core 0) [pid: 8|app: 0|req: 515/1053] 10.0.0.4 () {32 vars in 722 bytes} [Tue Sep 1 19:49:42 2026] DELETE /v2.0/subnets/ee77d9a8-0388-40f4-b518-d5f685b6c7e3 => generated 0 bytes in 150 msecs (HTTP/1.1 204) 3 headers in 131 bytes (1 switches on core 0)
2026-09-01 19:49:42.916 8 INFO neutron_taas.services.taas.taas_plugin [None req-606c6e38-69f3-46f1-9966-13ca6496ae22 729ea26f66c3492ba41185902c98b7ed 015d9523691e478c84530e464812e005 - - default default] TaaS: Handle Delete Port: d940945c-39b1-43e8-8b70-d36a0c321b50
2026-09-01 19:49:42.920 8 INFO neutron_taas.services.taas.tap_mirror_plugin [None req-606c6e38-69f3-46f1-9966-13ca6496ae22 729ea26f66c3492ba41185902c98b7ed 015d9523691e478c84530e464812e005 - - default default] Tap Mirror: Handle Delete Port: d940945c-39b1-43e8-8b70-d36a0c321b50 [pid: 7|app: 0|req: 539/1054] 10.0.0.4 () {32 vars in 722 bytes} [Tue Sep 1 19:49:42 2026] DELETE /v2.0/subnets/e3776a7e-cc27-4ce5-be3a-2b9bb44d6551 => generated 0 bytes in 214 msecs (HTTP/1.1 204) 3 headers in 131 bytes (1 switches on core 0)
2026-09-01 19:49:43.107 8 INFO neutron.services.segments.plugin [-] Segment 4a13a937-f874-4fe2-9565-ff795b1abb48 resource provider aggregate not found
2026-09-01 19:49:43.113 8 INFO neutron.services.segments.plugin [-] Segment 4a13a937-f874-4fe2-9565-ff795b1abb48 resource provider aggregate not found
2026-09-01 19:49:43.114 7 INFO neutron_taas.services.taas.taas_plugin [None req-49d6c461-05d6-4990-8592-400e6ac33753 331ef6915d1c47f48eb19a176564ad23 ca4f66caaf7d4451bc8cd4c437dfa4cf - - default default] TaaS: Handle Delete Port: 3a9c3611-8640-47a8-b4c8-3ac442c11e13
2026-09-01 19:49:43.118 7 INFO neutron_taas.services.taas.tap_mirror_plugin [None req-49d6c461-05d6-4990-8592-400e6ac33753 331ef6915d1c47f48eb19a176564ad23 ca4f66caaf7d4451bc8cd4c437dfa4cf - - default default] Tap Mirror: Handle Delete Port: 3a9c3611-8640-47a8-b4c8-3ac442c11e13
2026-09-01 19:49:43.132 8 INFO neutron.services.segments.plugin [-] Client error retrieving segment 4a13a937-f874-4fe2-9565-ff795b1abb48 resource provider; error: Placement Client Error (4xx): {"errors": [{"status": 404, "title": "Not Found", "detail": "The resource could not be found.\n\n No resource provider with uuid 4a13a937-f874-4fe2-9565-ff795b1abb48 found for delete ", "request_id": "req-755043c0-92c7-4c84-9b97-b038fe487cc1"}]}
2026-09-01 19:49:43.135 8 INFO neutron.services.segments.plugin [-] Client error retrieving segment 4a13a937-f874-4fe2-9565-ff795b1abb48 resource provider; error: Placement Client Error (4xx): {"errors": [{"status": 404, "title": "Not Found", "detail": "The resource could not be found.\n\n No resource provider with uuid 4a13a937-f874-4fe2-9565-ff795b1abb48 found for delete ", "request_id": "req-f1d857b6-88e3-4cee-8ee3-994c1625bec2"}]} [pid: 8|app: 0|req: 516/1055] 10.0.0.4 () {32 vars in 724 bytes} [Tue Sep 1 19:49:42 2026] DELETE /v2.0/networks/705ffe01-9434-4a37-aa7c-8f83348835db => generated 0 bytes in 365 msecs (HTTP/1.1 204) 3 headers in 131 bytes (1 switches on core 0) [pid: 7|app: 0|req: 540/1056] 10.0.0.4 () {32 vars in 724 bytes} [Tue Sep 1 19:49:42 2026] DELETE /v2.0/networks/ad456198-386b-4573-bedf-cdd9e6386f62 => generated 0 bytes in 375 msecs (HTTP/1.1 204) 3 headers in 131 bytes (1 switches on core 0)
2026-09-01 19:49:43.369 7 INFO neutron.services.segments.plugin [-] Segment 73e0f999-da98-4d70-a7b9-1cb760d05b58 resource provider aggregate not found
2026-09-01 19:49:43.374 7 INFO neutron.services.segments.plugin [-] Segment 73e0f999-da98-4d70-a7b9-1cb760d05b58 resource provider aggregate not found
2026-09-01 19:49:43.386 7 INFO neutron.services.segments.plugin [-] Client error retrieving segment 73e0f999-da98-4d70-a7b9-1cb760d05b58 resource provider; error: Placement Client Error (4xx): {"errors": [{"status": 404, "title": "Not Found", "detail": "The resource could not be found.\n\n No resource provider with uuid 73e0f999-da98-4d70-a7b9-1cb760d05b58 found for delete ", "request_id": "req-d5e43b3f-a5a0-459b-88a1-6aba5007bcfd"}]}
2026-09-01 19:49:43.394 7 INFO neutron.services.segments.plugin [-] Client error retrieving segment 73e0f999-da98-4d70-a7b9-1cb760d05b58 resource provider; error: Placement Client Error (4xx): {"errors": [{"status": 404, "title": "Not Found", "detail": "The resource could not be found.\n\n No resource provider with uuid 73e0f999-da98-4d70-a7b9-1cb760d05b58 found for delete ", "request_id": "req-2708793b-d244-4506-9631-768fb9160452"}]} [pid: 8|app: 0|req: 517/1057] 10.0.0.4 () {32 vars in 772 bytes} [Tue Sep 1 19:49:43 2026] GET /v2.0/security-groups?tenant_id=b8e1634ee22446eba90569a609b8788e&name=default => generated 2921 bytes in 28 msecs (HTTP/1.1 200) 4 headers in 158 bytes (1 switches on core 0) [pid: 7|app: 0|req: 541/1058] 10.0.0.4 () {32 vars in 738 bytes} [Tue Sep 1 19:49:43 2026] DELETE /v2.0/security-groups/72f78bb0-f42c-4c10-a35b-63bf7c3df7a2 => generated 0 bytes in 267 msecs (HTTP/1.1 204) 2 headers in 112 bytes (1 switches on core 0) [pid: 8|app: 0|req: 518/1059] 10.0.0.4 () {32 vars in 738 bytes} [Tue Sep 1 19:49:43 2026] DELETE /v2.0/security-groups/1527cb29-a067-4e91-ac1e-cccf316ed5b5 => generated 0 bytes in 213 msecs (HTTP/1.1 204) 2 headers in 112 bytes (1 switches on core 0)
2026-09-01 19:49:43.863 8 INFO neutron.api.v2.resource [None req-72902182-6c05-401b-b12b-b9cf81051a74 318a9e25f153418abf05378d73263779 4d2df147b1a34ecdbbd4e828aa6d2ba9 - - default default] show failed (client error): The resource could not be found. [pid: 8|app: 0|req: 519/1060] 10.0.0.4 () {32 vars in 735 bytes} [Tue Sep 1 19:49:43 2026] GET /v2.0/security-groups/1527cb29-a067-4e91-ac1e-cccf316ed5b5 => generated 146 bytes in 11 msecs (HTTP/1.1 404) 4 headers in 164 bytes (1 switches on core 0)
2026-09-01 19:49:43.985 8 INFO neutron_taas.services.taas.taas_plugin [None req-b779616a-82cc-41c5-b5cb-2d6c310e42cf 318a9e25f153418abf05378d73263779 4d2df147b1a34ecdbbd4e828aa6d2ba9 - - default default] TaaS: Handle Delete Port: a5f557b0-63db-42f8-b08d-bf548c1147cb
2026-09-01 19:49:43.987 8 INFO neutron_taas.services.taas.tap_mirror_plugin [None req-b779616a-82cc-41c5-b5cb-2d6c310e42cf 318a9e25f153418abf05378d73263779 4d2df147b1a34ecdbbd4e828aa6d2ba9 - - default default] Tap Mirror: Handle Delete Port: a5f557b0-63db-42f8-b08d-bf548c1147cb [pid: 7|app: 0|req: 542/1061] 10.0.0.4 () {32 vars in 772 bytes} [Tue Sep 1 19:49:43 2026] GET /v2.0/security-groups?tenant_id=015d9523691e478c84530e464812e005&name=default => generated 2925 bytes in 211 msecs (HTTP/1.1 200) 4 headers in 158 bytes (1 switches on core 0) [pid: 8|app: 0|req: 520/1062] 10.0.0.4 () {32 vars in 730 bytes} [Tue Sep 1 19:49:43 2026] DELETE /v2.0/floatingips/de493220-5cd7-490f-8f14-03af34db80a0 => generated 0 bytes in 232 msecs (HTTP/1.1 204) 2 headers in 112 bytes (1 switches on core 0) [pid: 7|app: 0|req: 543/1063] 10.0.0.4 () {32 vars in 738 bytes} [Tue Sep 1 19:49:44 2026] DELETE /v2.0/security-groups/6112b990-92be-42ad-8c39-29fa2346be33 => generated 0 bytes in 187 msecs (HTTP/1.1 204) 2 headers in 112 bytes (1 switches on core 0)
2026-09-01 19:49:44.356 8 INFO neutron_taas.services.taas.taas_plugin [None req-65129fbd-0e12-49e1-ae23-d862111c689c 331ef6915d1c47f48eb19a176564ad23 ca4f66caaf7d4451bc8cd4c437dfa4cf - - default default] TaaS: Handle Delete Port: ce382f95-bae1-47f7-9431-14fa34740e40
2026-09-01 19:49:44.358 8 INFO neutron_taas.services.taas.tap_mirror_plugin [None req-65129fbd-0e12-49e1-ae23-d862111c689c 331ef6915d1c47f48eb19a176564ad23 ca4f66caaf7d4451bc8cd4c437dfa4cf - - default default] Tap Mirror: Handle Delete Port: ce382f95-bae1-47f7-9431-14fa34740e40
2026-09-01 19:49:44.450 7 INFO neutron.db.ovn_revision_numbers_db [None req-66b4ece4-d7bc-4f33-84d2-c5869a1fc915 9e976d5edb5244bdacc6729e2ba0c2cc f2a54a360b244457a9a179485f0a3dc6 - - default default] Successfully bumped revision number for resource 506f4522-c36a-4b77-9b89-7f8512c9b364 (type: security_groups) to 1
2026-09-01 19:49:44.461 7 INFO neutron.db.ovn_revision_numbers_db [None req-66b4ece4-d7bc-4f33-84d2-c5869a1fc915 9e976d5edb5244bdacc6729e2ba0c2cc f2a54a360b244457a9a179485f0a3dc6 - - default default] Successfully bumped revision number for resource 30dbad56-cbca-4467-be00-4cdf3742ab8c (type: security_group_rules) to 0
2026-09-01 19:49:44.473 7 INFO neutron.db.ovn_revision_numbers_db [None req-66b4ece4-d7bc-4f33-84d2-c5869a1fc915 9e976d5edb5244bdacc6729e2ba0c2cc f2a54a360b244457a9a179485f0a3dc6 - - default default] Successfully bumped revision number for resource 72b91741-0414-4f0b-a476-de7844eeb86e (type: security_group_rules) to 0
2026-09-01 19:49:44.484 7 INFO neutron.db.ovn_revision_numbers_db [None req-66b4ece4-d7bc-4f33-84d2-c5869a1fc915 9e976d5edb5244bdacc6729e2ba0c2cc f2a54a360b244457a9a179485f0a3dc6 - - default default] Successfully bumped revision number for resource c11629bc-386d-4ea1-9758-4ced9fbd314c (type: security_group_rules) to 0
2026-09-01 19:49:44.503 7 INFO neutron.db.ovn_revision_numbers_db [None req-66b4ece4-d7bc-4f33-84d2-c5869a1fc915 9e976d5edb5244bdacc6729e2ba0c2cc f2a54a360b244457a9a179485f0a3dc6 - - default default] Successfully bumped revision number for resource dfc912de-8027-4d64-baff-f5f6a7d8ec1c (type: security_group_rules) to 0
2026-09-01 19:49:44.640 7 INFO neutron.db.segments_db [None req-66b4ece4-d7bc-4f33-84d2-c5869a1fc915 9e976d5edb5244bdacc6729e2ba0c2cc f2a54a360b244457a9a179485f0a3dc6 - - default default] Added segment c0660d60-7fc1-4109-b587-b388da145adc of type geneve for network 3af08a54-8eb1-4076-a924-b0c7353054ab
2026-09-01 19:49:44.742 7 INFO neutron.db.segments_db [None req-66b4ece4-d7bc-4f33-84d2-c5869a1fc915 9e976d5edb5244bdacc6729e2ba0c2cc f2a54a360b244457a9a179485f0a3dc6 - - default default] Added segment a6826387-628b-45c1-acfc-389363b06c82 of type geneve for network f1ddae71-a237-4a19-ab39-ac93788d527f
2026-09-01 19:49:44.867 7 INFO neutron.db.ovn_revision_numbers_db [None req-66b4ece4-d7bc-4f33-84d2-c5869a1fc915 9e976d5edb5244bdacc6729e2ba0c2cc f2a54a360b244457a9a179485f0a3dc6 - - default default] Successfully bumped revision number for resource 3af08a54-8eb1-4076-a924-b0c7353054ab (type: networks) to 1 [pid: 8|app: 0|req: 521/1064] 10.0.0.4 () {34 vars in 787 bytes} [Tue Sep 1 19:49:44 2026] PUT /v2.0/routers/c5e2c1f0-ffb1-491c-ac97-3df4fba4ff06/remove_router_interface => generated 309 bytes in 871 msecs (HTTP/1.1 200) 4 headers in 157 bytes (1 switches on core 0) /var/lib/openstack/lib/python3.12/site-packages/pycadf/identifier.py:70: UserWarning: Invalid uuid: neutron. To ensure interoperability, identifiers should be a valid uuid. warnings.warn(('Invalid uuid: %s. To ensure interoperability, '
2026-09-01 19:49:45.052 7 WARNING neutron.scheduler.dhcp_agent_scheduler [None req-66b4ece4-d7bc-4f33-84d2-c5869a1fc915 9e976d5edb5244bdacc6729e2ba0c2cc f2a54a360b244457a9a179485f0a3dc6 - - default default] No more DHCP agents
2026-09-01 19:49:45.053 7 WARNING neutron.api.rpc.agentnotifiers.dhcp_rpc_agent_api [None req-66b4ece4-d7bc-4f33-84d2-c5869a1fc915 9e976d5edb5244bdacc6729e2ba0c2cc f2a54a360b244457a9a179485f0a3dc6 - - default default] Unable to schedule network 3af08a54-8eb1-4076-a924-b0c7353054ab: no agents available; will retry on subsequent port and subnet creation events.
2026-09-01 19:49:45.104 7 INFO neutron.plugins.ml2.drivers.ovn.mech_driver.mech_driver [None req-a1969a49-c845-467e-a566-b7719084fdc0 - - - - - -] OVN reports status down for port: bab39b60-da51-40e0-ae8f-f89f186e8963
2026-09-01 19:49:45.150 7 INFO neutron.db.ovn_revision_numbers_db [None req-66b4ece4-d7bc-4f33-84d2-c5869a1fc915 9e976d5edb5244bdacc6729e2ba0c2cc f2a54a360b244457a9a179485f0a3dc6 - - default default] Successfully bumped revision number for resource bab39b60-da51-40e0-ae8f-f89f186e8963 (type: ports) to 1
2026-09-01 19:49:45.258 7 INFO neutron.db.ovn_revision_numbers_db [None req-66b4ece4-d7bc-4f33-84d2-c5869a1fc915 9e976d5edb5244bdacc6729e2ba0c2cc f2a54a360b244457a9a179485f0a3dc6 - - default default] Successfully bumped revision number for resource f1ddae71-a237-4a19-ab39-ac93788d527f (type: networks) to 1
2026-09-01 19:49:45.324 8 INFO neutron_taas.services.taas.taas_plugin [None req-34b07353-3686-497d-8d06-2861d2027127 331ef6915d1c47f48eb19a176564ad23 ca4f66caaf7d4451bc8cd4c437dfa4cf - - default default] TaaS: Handle Delete Port: 301befaf-d3c2-4e1f-b849-fe75706cb79c
2026-09-01 19:49:45.326 8 INFO neutron_taas.services.taas.tap_mirror_plugin [None req-34b07353-3686-497d-8d06-2861d2027127 331ef6915d1c47f48eb19a176564ad23 ca4f66caaf7d4451bc8cd4c437dfa4cf - - default default] Tap Mirror: Handle Delete Port: 301befaf-d3c2-4e1f-b849-fe75706cb79c
2026-09-01 19:49:45.417 7 WARNING neutron.scheduler.dhcp_agent_scheduler [None req-66b4ece4-d7bc-4f33-84d2-c5869a1fc915 9e976d5edb5244bdacc6729e2ba0c2cc f2a54a360b244457a9a179485f0a3dc6 - - default default] No more DHCP agents
2026-09-01 19:49:45.418 7 WARNING neutron.api.rpc.agentnotifiers.dhcp_rpc_agent_api [None req-66b4ece4-d7bc-4f33-84d2-c5869a1fc915 9e976d5edb5244bdacc6729e2ba0c2cc f2a54a360b244457a9a179485f0a3dc6 - - default default] Unable to schedule network f1ddae71-a237-4a19-ab39-ac93788d527f: no agents available; will retry on subsequent port and subnet creation events.
2026-09-01 19:49:45.480 7 INFO neutron.plugins.ml2.drivers.ovn.mech_driver.mech_driver [None req-a1969a49-c845-467e-a566-b7719084fdc0 - - - - - -] OVN reports status down for port: edfbe8a0-657a-49be-844a-481784edfbd3
2026-09-01 19:49:45.539 7 INFO neutron.db.ovn_revision_numbers_db [None req-66b4ece4-d7bc-4f33-84d2-c5869a1fc915 9e976d5edb5244bdacc6729e2ba0c2cc f2a54a360b244457a9a179485f0a3dc6 - - default default] Successfully bumped revision number for resource edfbe8a0-657a-49be-844a-481784edfbd3 (type: ports) to 1 [pid: 7|app: 0|req: 544/1065] 10.0.0.4 () {34 vars in 668 bytes} [Tue Sep 1 19:49:44 2026] POST /v2.0/networks => generated 1321 bytes in 1360 msecs (HTTP/1.1 201) 4 headers in 163 bytes (1 switches on core 0) [pid: 7|app: 0|req: 545/1066] 10.0.0.4 () {32 vars in 647 bytes} [Tue Sep 1 19:49:45 2026] GET /v2.0/networks => generated 1970 bytes in 74 msecs (HTTP/1.1 200) 4 headers in 158 bytes (1 switches on core 0)
2026-09-01 19:49:46.049 7 INFO neutron.db.ovn_revision_numbers_db [None req-f6cb326e-408c-4b3f-a59b-0d800104c3ce 331ef6915d1c47f48eb19a176564ad23 ca4f66caaf7d4451bc8cd4c437dfa4cf - - default default] Successfully bumped revision number for resource c3172bae-c7a4-4b63-967d-4a79681f5022 (type: security_groups) to 1
2026-09-01 19:49:46.061 7 INFO neutron.db.ovn_revision_numbers_db [None req-f6cb326e-408c-4b3f-a59b-0d800104c3ce 331ef6915d1c47f48eb19a176564ad23 ca4f66caaf7d4451bc8cd4c437dfa4cf - - default default] Successfully bumped revision number for resource 10bcf4bd-7582-4ac4-bae1-c0c985d6e1b5 (type: security_group_rules) to 0
2026-09-01 19:49:46.080 7 INFO neutron.db.ovn_revision_numbers_db [None req-f6cb326e-408c-4b3f-a59b-0d800104c3ce 331ef6915d1c47f48eb19a176564ad23 ca4f66caaf7d4451bc8cd4c437dfa4cf - - default default] Successfully bumped revision number for resource 63e55554-d0d1-4d3b-a9b0-0b01e4599c66 (type: security_group_rules) to 0
2026-09-01 19:49:46.096 7 INFO neutron.db.ovn_revision_numbers_db [None req-f6cb326e-408c-4b3f-a59b-0d800104c3ce 331ef6915d1c47f48eb19a176564ad23 ca4f66caaf7d4451bc8cd4c437dfa4cf - - default default] Successfully bumped revision number for resource a8be97b1-5ee6-42fd-8adc-48a3d97d90fc (type: security_group_rules) to 0
2026-09-01 19:49:46.116 7 INFO neutron.db.ovn_revision_numbers_db [None req-f6cb326e-408c-4b3f-a59b-0d800104c3ce 331ef6915d1c47f48eb19a176564ad23 ca4f66caaf7d4451bc8cd4c437dfa4cf - - default default] Successfully bumped revision number for resource caf53562-e6de-4f95-84c5-d895a01b6ee9 (type: security_group_rules) to 0
2026-09-01 19:49:46.253 7 INFO neutron.db.segments_db [None req-f6cb326e-408c-4b3f-a59b-0d800104c3ce 331ef6915d1c47f48eb19a176564ad23 ca4f66caaf7d4451bc8cd4c437dfa4cf - - default default] Added segment 822c0e84-c3aa-4abc-b3ce-3ea3a15f420f of type geneve for network 706eac78-4b56-485c-bc33-6cbe66837309 [pid: 8|app: 0|req: 522/1067] 10.0.0.4 () {32 vars in 722 bytes} [Tue Sep 1 19:49:44 2026] DELETE /v2.0/routers/c5e2c1f0-ffb1-491c-ac97-3df4fba4ff06 => generated 0 bytes in 1274 msecs (HTTP/1.1 204) 2 headers in 112 bytes (1 switches on core 0)
2026-09-01 19:49:46.369 7 INFO neutron.db.ovn_revision_numbers_db [None req-f6cb326e-408c-4b3f-a59b-0d800104c3ce 331ef6915d1c47f48eb19a176564ad23 ca4f66caaf7d4451bc8cd4c437dfa4cf - - default default] Successfully bumped revision number for resource 706eac78-4b56-485c-bc33-6cbe66837309 (type: networks) to 1
2026-09-01 19:49:46.408 8 INFO neutron_taas.services.taas.taas_plugin [None req-196033da-d1fc-4a70-bf29-392dd603d201 9e976d5edb5244bdacc6729e2ba0c2cc f2a54a360b244457a9a179485f0a3dc6 - - default default] TaaS: Handle Delete Port: bab39b60-da51-40e0-ae8f-f89f186e8963
2026-09-01 19:49:46.412 8 INFO neutron_taas.services.taas.tap_mirror_plugin [None req-196033da-d1fc-4a70-bf29-392dd603d201 9e976d5edb5244bdacc6729e2ba0c2cc f2a54a360b244457a9a179485f0a3dc6 - - default default] Tap Mirror: Handle Delete Port: bab39b60-da51-40e0-ae8f-f89f186e8963
2026-09-01 19:49:46.544 7 WARNING neutron.scheduler.dhcp_agent_scheduler [None req-f6cb326e-408c-4b3f-a59b-0d800104c3ce 331ef6915d1c47f48eb19a176564ad23 ca4f66caaf7d4451bc8cd4c437dfa4cf - - default default] No more DHCP agents
2026-09-01 19:49:46.545 7 WARNING neutron.api.rpc.agentnotifiers.dhcp_rpc_agent_api [None req-f6cb326e-408c-4b3f-a59b-0d800104c3ce 331ef6915d1c47f48eb19a176564ad23 ca4f66caaf7d4451bc8cd4c437dfa4cf - - default default] Unable to schedule network 706eac78-4b56-485c-bc33-6cbe66837309: no agents available; will retry on subsequent port and subnet creation events.
2026-09-01 19:49:46.620 7 INFO neutron.db.ovn_revision_numbers_db [None req-f6cb326e-408c-4b3f-a59b-0d800104c3ce 331ef6915d1c47f48eb19a176564ad23 ca4f66caaf7d4451bc8cd4c437dfa4cf - - default default] Successfully bumped revision number for resource 2178bdea-2b51-4394-ad4b-536093ea133f (type: ports) to 1
2026-09-01 19:49:46.630 8 INFO neutron.plugins.ml2.drivers.ovn.mech_driver.mech_driver [None req-a4acbe95-a0a0-455c-9dda-d746baef55aa - - - - - -] OVN reports status down for port: 2178bdea-2b51-4394-ad4b-536093ea133f [pid: 7|app: 0|req: 546/1068] 10.0.0.4 () {34 vars in 669 bytes} [Tue Sep 1 19:49:45 2026] POST /v2.0/networks => generated 782 bytes in 993 msecs (HTTP/1.1 201) 4 headers in 162 bytes (1 switches on core 0)
2026-09-01 19:49:46.679 8 INFO neutron.services.segments.plugin [-] Segment c0660d60-7fc1-4109-b587-b388da145adc resource provider aggregate not found
2026-09-01 19:49:46.686 8 INFO neutron.services.segments.plugin [-] Segment c0660d60-7fc1-4109-b587-b388da145adc resource provider aggregate not found
2026-09-01 19:49:46.707 8 INFO neutron.services.segments.plugin [-] Client error retrieving segment c0660d60-7fc1-4109-b587-b388da145adc resource provider; error: Placement Client Error (4xx): {"errors": [{"status": 404, "title": "Not Found", "detail": "The resource could not be found.\n\n No resource provider with uuid c0660d60-7fc1-4109-b587-b388da145adc found for delete ", "request_id": "req-96de216d-64d0-41d4-9595-a3092a711a97"}]}
2026-09-01 19:49:46.715 8 INFO neutron.services.segments.plugin [-] Client error retrieving segment c0660d60-7fc1-4109-b587-b388da145adc resource provider; error: Placement Client Error (4xx): {"errors": [{"status": 404, "title": "Not Found", "detail": "The resource could not be found.\n\n No resource provider with uuid c0660d60-7fc1-4109-b587-b388da145adc found for delete ", "request_id": "req-f7edb80e-1749-493c-8a31-43d74c226506"}]} [pid: 8|app: 0|req: 523/1069] 10.0.0.4 () {32 vars in 724 bytes} [Tue Sep 1 19:49:46 2026] DELETE /v2.0/networks/3af08a54-8eb1-4076-a924-b0c7353054ab => generated 0 bytes in 530 msecs (HTTP/1.1 204) 3 headers in 131 bytes (1 switches on core 0)
2026-09-01 19:49:46.962 7 INFO neutron.db.ovn_revision_numbers_db [None req-20b4afcb-e190-4365-b418-0545822eda8e 0e9002f4fe244b5c99c149b2812e58f2 e5437d0fc50d4e50b83af2473f69d4f6 - - default default] Successfully bumped revision number for resource e3a2e8bf-06c9-4036-bedf-e1529beec090 (type: security_groups) to 1
2026-09-01 19:49:47.007 7 INFO neutron.db.ovn_revision_numbers_db [None req-20b4afcb-e190-4365-b418-0545822eda8e 0e9002f4fe244b5c99c149b2812e58f2 e5437d0fc50d4e50b83af2473f69d4f6 - - default default] Successfully bumped revision number for resource 200e7756-86bc-4678-82dc-4fcc68882022 (type: security_group_rules) to 0
2026-09-01 19:49:47.028 7 INFO neutron.db.ovn_revision_numbers_db [None req-20b4afcb-e190-4365-b418-0545822eda8e 0e9002f4fe244b5c99c149b2812e58f2 e5437d0fc50d4e50b83af2473f69d4f6 - - default default] Successfully bumped revision number for resource 351ea6eb-42e0-4f4c-ba6e-f7a818b11f02 (type: security_group_rules) to 0
2026-09-01 19:49:47.065 7 INFO neutron.db.ovn_revision_numbers_db [None req-20b4afcb-e190-4365-b418-0545822eda8e 0e9002f4fe244b5c99c149b2812e58f2 e5437d0fc50d4e50b83af2473f69d4f6 - - default default] Successfully bumped revision number for resource d20c1b3c-6e8a-4577-a7bc-7f9cd5cecfa7 (type: security_group_rules) to 0 [pid: 8|app: 0|req: 524/1070] 10.0.0.4 () {32 vars in 722 bytes} [Tue Sep 1 19:49:46 2026] DELETE /v2.0/subnets/f5bd959a-7947-4de7-905b-dc3f517e18cd => generated 0 bytes in 290 msecs (HTTP/1.1 204) 3 headers in 131 bytes (1 switches on core 0)
2026-09-01 19:49:47.083 7 INFO neutron.db.ovn_revision_numbers_db [None req-20b4afcb-e190-4365-b418-0545822eda8e 0e9002f4fe244b5c99c149b2812e58f2 e5437d0fc50d4e50b83af2473f69d4f6 - - default default] Successfully bumped revision number for resource ddc50037-efc5-437c-94db-faa8ff6c4064 (type: security_group_rules) to 0
2026-09-01 19:49:47.162 7 INFO neutron.db.segments_db [None req-20b4afcb-e190-4365-b418-0545822eda8e 0e9002f4fe244b5c99c149b2812e58f2 e5437d0fc50d4e50b83af2473f69d4f6 - - default default] Added segment a9ddb1ba-3aac-41da-aaf4-842e1db4bed6 of type geneve for network da68681c-be80-47c6-84fa-19cee9d9c142
2026-09-01 19:49:47.257 8 WARNING neutron.scheduler.dhcp_agent_scheduler [None req-eca0bf28-506c-48ff-aa02-eecb7e743891 331ef6915d1c47f48eb19a176564ad23 ca4f66caaf7d4451bc8cd4c437dfa4cf - - default default] No more DHCP agents
2026-09-01 19:49:47.259 8 WARNING neutron.api.rpc.agentnotifiers.dhcp_rpc_agent_api [None req-eca0bf28-506c-48ff-aa02-eecb7e743891 331ef6915d1c47f48eb19a176564ad23 ca4f66caaf7d4451bc8cd4c437dfa4cf - - default default] Unable to schedule network 706eac78-4b56-485c-bc33-6cbe66837309: no agents available; will retry on subsequent port and subnet creation events.
