2026-09-01 19:51:49.391 8 INFO neutron.db.ovn_revision_numbers_db [None req-38bbeeff-20a7-4a55-a403-6b944c82df8d 331ef6915d1c47f48eb19a176564ad23 ca4f66caaf7d4451bc8cd4c437dfa4cf - - default default] Successfully bumped revision number for resource 64bdabdb-8538-4303-aac6-8fe67fc8c413 (type: security_group_rules) to 0
2026-09-01 19:51:49.410 8 INFO neutron.db.ovn_revision_numbers_db [None req-38bbeeff-20a7-4a55-a403-6b944c82df8d 331ef6915d1c47f48eb19a176564ad23 ca4f66caaf7d4451bc8cd4c437dfa4cf - - default default] Successfully bumped revision number for resource 9a33c14d-e739-47a3-9466-70bf439c7f01 (type: security_group_rules) to 0
2026-09-01 19:51:49.427 8 INFO neutron.db.ovn_revision_numbers_db [None req-38bbeeff-20a7-4a55-a403-6b944c82df8d 331ef6915d1c47f48eb19a176564ad23 ca4f66caaf7d4451bc8cd4c437dfa4cf - - default default] Successfully bumped revision number for resource c598b9fe-2567-45f2-b5ea-a78c434c68b3 (type: security_group_rules) to 0
2026-09-01 19:51:49.445 8 INFO neutron.db.ovn_revision_numbers_db [None req-38bbeeff-20a7-4a55-a403-6b944c82df8d 331ef6915d1c47f48eb19a176564ad23 ca4f66caaf7d4451bc8cd4c437dfa4cf - - default default] Successfully bumped revision number for resource d5d064dc-cc67-499c-99a3-abef110d9b10 (type: security_group_rules) to 0 [pid: 8|app: 0|req: 912/1915] 10.0.0.4 () {32 vars in 772 bytes} [Tue Sep 1 19:51:49 2026] GET /v2.0/security-groups?tenant_id=a30863ee9ecd460c9c9f2b217d843f31&name=default => generated 2925 bytes in 310 msecs (HTTP/1.1 200) 4 headers in 158 bytes (1 switches on core 0)
2026-09-01 19:51:49.649 7 INFO neutron.db.ovn_revision_numbers_db [None req-5f9b8ffd-cf29-46f9-8e03-d29d220dbdad 258e1b241f2f455cb4bc1892ef57a38c 5e5aa96948cd4bdf977e156a2ff74139 - - default default] Successfully bumped revision number for resource 855351c0-a983-4464-86e2-7a29b6e529f1 (type: security_groups) to 1
2026-09-01 19:51:49.661 7 INFO neutron.db.ovn_revision_numbers_db [None req-5f9b8ffd-cf29-46f9-8e03-d29d220dbdad 258e1b241f2f455cb4bc1892ef57a38c 5e5aa96948cd4bdf977e156a2ff74139 - - default default] Successfully bumped revision number for resource 2ba62862-fb0f-47de-a867-87997985f5fa (type: security_group_rules) to 0
2026-09-01 19:51:49.682 7 INFO neutron.db.ovn_revision_numbers_db [None req-5f9b8ffd-cf29-46f9-8e03-d29d220dbdad 258e1b241f2f455cb4bc1892ef57a38c 5e5aa96948cd4bdf977e156a2ff74139 - - default default] Successfully bumped revision number for resource 86e045f2-2127-4234-b920-885517ee85d4 (type: security_group_rules) to 0
2026-09-01 19:51:49.699 7 INFO neutron.db.ovn_revision_numbers_db [None req-5f9b8ffd-cf29-46f9-8e03-d29d220dbdad 258e1b241f2f455cb4bc1892ef57a38c 5e5aa96948cd4bdf977e156a2ff74139 - - default default] Successfully bumped revision number for resource 8ddfd9c2-662b-4161-bfdd-95e67de572b2 (type: security_group_rules) to 0
2026-09-01 19:51:49.735 7 INFO neutron.db.ovn_revision_numbers_db [None req-5f9b8ffd-cf29-46f9-8e03-d29d220dbdad 258e1b241f2f455cb4bc1892ef57a38c 5e5aa96948cd4bdf977e156a2ff74139 - - default default] Successfully bumped revision number for resource c82f1d1b-753f-4e41-a48a-5f84a709d2e1 (type: security_group_rules) to 0 [pid: 8|app: 0|req: 913/1916] 10.0.0.4 () {32 vars in 738 bytes} [Tue Sep 1 19:51:49 2026] DELETE /v2.0/security-groups/ecabe048-70aa-45ff-afc1-c0d4c474f888 => generated 0 bytes in 347 msecs (HTTP/1.1 204) 2 headers in 112 bytes (1 switches on core 0)
2026-09-01 19:51:49.858 7 INFO neutron.db.segments_db [None req-5f9b8ffd-cf29-46f9-8e03-d29d220dbdad 258e1b241f2f455cb4bc1892ef57a38c 5e5aa96948cd4bdf977e156a2ff74139 - - default default] Added segment a1cd970e-ac51-47ac-8097-f3fd0d4fdba3 of type geneve for network e1f916d4-29d9-4dd7-9b68-af2c370d745d
2026-09-01 19:51:50.027 7 INFO neutron.db.ovn_revision_numbers_db [None req-5f9b8ffd-cf29-46f9-8e03-d29d220dbdad 258e1b241f2f455cb4bc1892ef57a38c 5e5aa96948cd4bdf977e156a2ff74139 - - default default] Successfully bumped revision number for resource e1f916d4-29d9-4dd7-9b68-af2c370d745d (type: networks) to 1 [pid: 8|app: 0|req: 914/1917] 10.0.0.4 () {32 vars in 738 bytes} [Tue Sep 1 19:51:49 2026] DELETE /v2.0/security-groups/6daa0267-00b9-4f09-913e-496f4d4eac6a => generated 0 bytes in 294 msecs (HTTP/1.1 204) 2 headers in 112 bytes (1 switches on core 0)
2026-09-01 19:51:50.256 7 WARNING neutron.scheduler.dhcp_agent_scheduler [None req-5f9b8ffd-cf29-46f9-8e03-d29d220dbdad 258e1b241f2f455cb4bc1892ef57a38c 5e5aa96948cd4bdf977e156a2ff74139 - - default default] No more DHCP agents
2026-09-01 19:51:50.257 7 WARNING neutron.api.rpc.agentnotifiers.dhcp_rpc_agent_api [None req-5f9b8ffd-cf29-46f9-8e03-d29d220dbdad 258e1b241f2f455cb4bc1892ef57a38c 5e5aa96948cd4bdf977e156a2ff74139 - - default default] Unable to schedule network e1f916d4-29d9-4dd7-9b68-af2c370d745d: no agents available; will retry on subsequent port and subnet creation events.
2026-09-01 19:51:50.272 8 INFO neutron.db.ovn_revision_numbers_db [None req-88f27d6e-6bbc-4683-8641-9ea9c7062f5c 331ef6915d1c47f48eb19a176564ad23 ca4f66caaf7d4451bc8cd4c437dfa4cf - - default default] Successfully bumped revision number for resource 84376a8a-2d8f-47ac-87af-05d9e9d46415 (type: security_groups) to 1
2026-09-01 19:51:50.303 8 INFO neutron.db.ovn_revision_numbers_db [None req-88f27d6e-6bbc-4683-8641-9ea9c7062f5c 331ef6915d1c47f48eb19a176564ad23 ca4f66caaf7d4451bc8cd4c437dfa4cf - - default default] Successfully bumped revision number for resource 38a4200f-0cf5-45d7-8a05-44b94747cfe5 (type: security_group_rules) to 0
2026-09-01 19:51:50.312 7 INFO neutron.plugins.ml2.drivers.ovn.mech_driver.mech_driver [None req-b5a84b22-e31f-4993-9dba-302b59099fa5 - - - - - -] OVN reports status down for port: 60329f54-29ab-4fd8-8920-e95c8bfd9daf
2026-09-01 19:51:50.348 8 INFO neutron.db.ovn_revision_numbers_db [None req-88f27d6e-6bbc-4683-8641-9ea9c7062f5c 331ef6915d1c47f48eb19a176564ad23 ca4f66caaf7d4451bc8cd4c437dfa4cf - - default default] Successfully bumped revision number for resource a134edda-7a29-4898-867e-1bc210a40691 (type: security_group_rules) to 0
2026-09-01 19:51:50.375 8 INFO neutron.db.ovn_revision_numbers_db [None req-88f27d6e-6bbc-4683-8641-9ea9c7062f5c 331ef6915d1c47f48eb19a176564ad23 ca4f66caaf7d4451bc8cd4c437dfa4cf - - default default] Successfully bumped revision number for resource ba9850bf-080f-473f-b4fd-c3db74183dff (type: security_group_rules) to 0
2026-09-01 19:51:50.393 7 INFO neutron.db.ovn_revision_numbers_db [None req-5f9b8ffd-cf29-46f9-8e03-d29d220dbdad 258e1b241f2f455cb4bc1892ef57a38c 5e5aa96948cd4bdf977e156a2ff74139 - - default default] Successfully bumped revision number for resource 60329f54-29ab-4fd8-8920-e95c8bfd9daf (type: ports) to 1
2026-09-01 19:51:50.399 8 INFO neutron.db.ovn_revision_numbers_db [None req-88f27d6e-6bbc-4683-8641-9ea9c7062f5c 331ef6915d1c47f48eb19a176564ad23 ca4f66caaf7d4451bc8cd4c437dfa4cf - - default default] Successfully bumped revision number for resource f7fe4a19-0c75-4d03-8c04-b9308e3d4500 (type: security_group_rules) to 0 [pid: 7|app: 0|req: 1004/1918] 10.0.0.4 () {34 vars in 669 bytes} [Tue Sep 1 19:51:49 2026] POST /v2.0/networks => generated 671 bytes in 1154 msecs (HTTP/1.1 201) 4 headers in 162 bytes (1 switches on core 0) [pid: 8|app: 0|req: 915/1919] 10.0.0.4 () {32 vars in 772 bytes} [Tue Sep 1 19:51:50 2026] GET /v2.0/security-groups?tenant_id=a657d580ca5a4c7082eb22c1ccaf3380&name=default => generated 2925 bytes in 312 msecs (HTTP/1.1 200) 4 headers in 158 bytes (1 switches on core 0) [pid: 8|app: 0|req: 916/1920] 10.0.0.4 () {32 vars in 738 bytes} [Tue Sep 1 19:51:50 2026] DELETE /v2.0/security-groups/84376a8a-2d8f-47ac-87af-05d9e9d46415 => generated 0 bytes in 260 msecs (HTTP/1.1 204) 2 headers in 112 bytes (1 switches on core 0)
2026-09-01 19:51:50.957 7 WARNING neutron.scheduler.dhcp_agent_scheduler [None req-1528a181-0ab6-40d2-8f8e-e350c006bbdd 258e1b241f2f455cb4bc1892ef57a38c 5e5aa96948cd4bdf977e156a2ff74139 - - default default] No more DHCP agents
2026-09-01 19:51:50.959 7 WARNING neutron.api.rpc.agentnotifiers.dhcp_rpc_agent_api [None req-1528a181-0ab6-40d2-8f8e-e350c006bbdd 258e1b241f2f455cb4bc1892ef57a38c 5e5aa96948cd4bdf977e156a2ff74139 - - default default] Unable to schedule network ef59a445-5760-4c1b-9616-3cf3b867f0d6: no agents available; will retry on subsequent port and subnet creation events.
2026-09-01 19:51:51.074 8 INFO neutron.plugins.ml2.drivers.ovn.mech_driver.mech_driver [None req-11c1180a-fd82-4eb0-8046-786919bb052b - - - - - -] OVN reports status down for port: 42aa0d8d-5a3a-4d52-a3e1-7915738a9f7c
2026-09-01 19:51:51.107 7 INFO neutron.db.ovn_revision_numbers_db [None req-1528a181-0ab6-40d2-8f8e-e350c006bbdd 258e1b241f2f455cb4bc1892ef57a38c 5e5aa96948cd4bdf977e156a2ff74139 - - default default] Successfully bumped revision number for resource 42aa0d8d-5a3a-4d52-a3e1-7915738a9f7c (type: ports) to 1
2026-09-01 19:51:51.112 8 INFO neutron.db.ovn_revision_numbers_db [None req-e6984657-6900-4172-bfba-a8adb3f68c56 0e35f835022b49849ebf90ece77f407a 4f76324a04c74c569b5afe81eec294c2 - - default default] Successfully bumped revision number for resource 2587e18b-1c4a-4faa-9519-f553b8a4e37e (type: security_groups) to 1
2026-09-01 19:51:51.144 8 INFO neutron.db.ovn_revision_numbers_db [None req-e6984657-6900-4172-bfba-a8adb3f68c56 0e35f835022b49849ebf90ece77f407a 4f76324a04c74c569b5afe81eec294c2 - - default default] Successfully bumped revision number for resource 6fa91a74-8010-4705-8722-fee4205e0173 (type: security_group_rules) to 0
2026-09-01 19:51:51.168 8 INFO neutron.db.ovn_revision_numbers_db [None req-e6984657-6900-4172-bfba-a8adb3f68c56 0e35f835022b49849ebf90ece77f407a 4f76324a04c74c569b5afe81eec294c2 - - default default] Successfully bumped revision number for resource 88b5f34c-f547-458c-9487-ad6eec8795de (type: security_group_rules) to 0
2026-09-01 19:51:51.211 8 INFO neutron.db.ovn_revision_numbers_db [None req-e6984657-6900-4172-bfba-a8adb3f68c56 0e35f835022b49849ebf90ece77f407a 4f76324a04c74c569b5afe81eec294c2 - - default default] Successfully bumped revision number for resource 8ba1f34f-c96f-41d6-8be5-e7e649feedf7 (type: security_group_rules) to 0
2026-09-01 19:51:51.239 8 INFO neutron.db.ovn_revision_numbers_db [None req-e6984657-6900-4172-bfba-a8adb3f68c56 0e35f835022b49849ebf90ece77f407a 4f76324a04c74c569b5afe81eec294c2 - - default default] Successfully bumped revision number for resource 94194027-2c5f-4705-96a6-95b2e03148e8 (type: security_group_rules) to 0
2026-09-01 19:51:51.375 8 INFO neutron.db.segments_db [None req-e6984657-6900-4172-bfba-a8adb3f68c56 0e35f835022b49849ebf90ece77f407a 4f76324a04c74c569b5afe81eec294c2 - - default default] Added segment 0708001c-7cc4-4c5b-80fa-f2407a401ef4 of type geneve for network 01e6d762-477e-43fe-9936-1a61070dfd9d
2026-09-01 19:51:51.513 8 INFO neutron.db.ovn_revision_numbers_db [None req-e6984657-6900-4172-bfba-a8adb3f68c56 0e35f835022b49849ebf90ece77f407a 4f76324a04c74c569b5afe81eec294c2 - - default default] Successfully bumped revision number for resource 01e6d762-477e-43fe-9936-1a61070dfd9d (type: networks) to 1
2026-09-01 19:51:51.664 8 WARNING neutron.scheduler.dhcp_agent_scheduler [None req-e6984657-6900-4172-bfba-a8adb3f68c56 0e35f835022b49849ebf90ece77f407a 4f76324a04c74c569b5afe81eec294c2 - - default default] No more DHCP agents
2026-09-01 19:51:51.665 8 WARNING neutron.api.rpc.agentnotifiers.dhcp_rpc_agent_api [None req-e6984657-6900-4172-bfba-a8adb3f68c56 0e35f835022b49849ebf90ece77f407a 4f76324a04c74c569b5afe81eec294c2 - - default default] Unable to schedule network 01e6d762-477e-43fe-9936-1a61070dfd9d: no agents available; will retry on subsequent port and subnet creation events.
2026-09-01 19:51:51.689 7 INFO neutron.plugins.ml2.drivers.ovn.mech_driver.ovsdb.commands [None req-9cc88352-8aab-4dda-808d-e74948856e0d - - - - - -] Schedule LRP lrp-42aa0d8d-5a3a-4d52-a3e1-7915738a9f7c on gateway 981b1d13-d3f6-4b65-a230-c40efece3bd4 with priority 1
2026-09-01 19:51:51.726 8 INFO neutron.plugins.ml2.drivers.ovn.mech_driver.mech_driver [None req-11c1180a-fd82-4eb0-8046-786919bb052b - - - - - -] OVN reports status down for port: 3e871703-61e8-49df-940d-1aaf0d95d0d7
2026-09-01 19:51:51.757 7 INFO neutron.db.ovn_revision_numbers_db [None req-1528a181-0ab6-40d2-8f8e-e350c006bbdd 258e1b241f2f455cb4bc1892ef57a38c 5e5aa96948cd4bdf977e156a2ff74139 - - default default] Successfully bumped revision number for resource 42aa0d8d-5a3a-4d52-a3e1-7915738a9f7c (type: router_ports) to 1
2026-09-01 19:51:51.773 8 INFO neutron.plugins.ml2.drivers.ovn.mech_driver.ovsdb.ovsdb_monitor [None req-d38cbea8-1d0c-4852-8cac-357ce3689429 - - - - - -] Router 7c759213-fe9a-4c28-bacd-f0506b57831f is bound to host instance
2026-09-01 19:51:51.837 7 INFO neutron.db.ovn_revision_numbers_db [None req-1528a181-0ab6-40d2-8f8e-e350c006bbdd 258e1b241f2f455cb4bc1892ef57a38c 5e5aa96948cd4bdf977e156a2ff74139 - - default default] Successfully bumped revision number for resource 7c759213-fe9a-4c28-bacd-f0506b57831f (type: routers) to 2 [pid: 7|app: 0|req: 1005/1921] 10.0.0.4 () {34 vars in 667 bytes} [Tue Sep 1 19:51:50 2026] POST /v2.0/routers => generated 955 bytes in 1417 msecs (HTTP/1.1 201) 4 headers in 162 bytes (1 switches on core 0)
2026-09-01 19:51:51.886 8 INFO neutron.db.ovn_revision_numbers_db [None req-e6984657-6900-4172-bfba-a8adb3f68c56 0e35f835022b49849ebf90ece77f407a 4f76324a04c74c569b5afe81eec294c2 - - default default] Successfully bumped revision number for resource 3e871703-61e8-49df-940d-1aaf0d95d0d7 (type: ports) to 1 [pid: 7|app: 0|req: 1006/1922] 10.0.0.4 () {32 vars in 772 bytes} [Tue Sep 1 19:51:51 2026] GET /v2.0/security-groups?tenant_id=2bc9fcda40374bdbaa3ba0505a59d27b&name=default => generated 2925 bytes in 39 msecs (HTTP/1.1 200) 4 headers in 158 bytes (1 switches on core 0) [pid: 8|app: 0|req: 917/1923] 10.0.0.4 () {34 vars in 668 bytes} [Tue Sep 1 19:51:50 2026] POST /v2.0/networks => generated 688 bytes in 1278 msecs (HTTP/1.1 201) 4 headers in 162 bytes (1 switches on core 0)
2026-09-01 19:51:52.020 8 INFO neutron.plugins.ml2.drivers.ovn.mech_driver.mech_driver [None req-11c1180a-fd82-4eb0-8046-786919bb052b - - - - - -] OVN reports status up for port: 42aa0d8d-5a3a-4d52-a3e1-7915738a9f7c
2026-09-01 19:51:52.062 8 INFO neutron.plugins.ml2.plugin [None req-11c1180a-fd82-4eb0-8046-786919bb052b - - - - - -] Attempt 1 to provision port 42aa0d8d-5a3a-4d52-a3e1-7915738a9f7c [pid: 7|app: 0|req: 1007/1924] 10.0.0.4 () {32 vars in 774 bytes} [Tue Sep 1 19:51:51 2026] GET /v2.0/subnets?project_id=5e5aa96948cd4bdf977e156a2ff74139&cidr=10.100.0.0%2F28 => generated 14 bytes in 334 msecs (HTTP/1.1 200) 4 headers in 156 bytes (1 switches on core 0)
2026-09-01 19:51:52.496 7 WARNING neutron.scheduler.dhcp_agent_scheduler [None req-ed5a59d9-5498-499e-b6c5-bbdd035cfd5a 0e35f835022b49849ebf90ece77f407a 4f76324a04c74c569b5afe81eec294c2 - - default default] No more DHCP agents
2026-09-01 19:51:52.497 7 WARNING neutron.api.rpc.agentnotifiers.dhcp_rpc_agent_api [None req-ed5a59d9-5498-499e-b6c5-bbdd035cfd5a 0e35f835022b49849ebf90ece77f407a 4f76324a04c74c569b5afe81eec294c2 - - default default] Unable to schedule network 01e6d762-477e-43fe-9936-1a61070dfd9d: no agents available; will retry on subsequent port and subnet creation events.
2026-09-01 19:51:52.519 7 INFO neutron.db.ovn_revision_numbers_db [None req-ed5a59d9-5498-499e-b6c5-bbdd035cfd5a 0e35f835022b49849ebf90ece77f407a 4f76324a04c74c569b5afe81eec294c2 - - default default] Successfully bumped revision number for resource f3855e8b-531b-4799-9bdc-e70f4a523b3b (type: subnets) to 0 [pid: 7|app: 0|req: 1008/1925] 10.0.0.4 () {34 vars in 667 bytes} [Tue Sep 1 19:51:52 2026] POST /v2.0/subnets => generated 627 bytes in 302 msecs (HTTP/1.1 201) 4 headers in 162 bytes (1 switches on core 0) [pid: 7|app: 0|req: 1009/1926] 10.0.0.4 () {32 vars in 692 bytes} [Tue Sep 1 19:51:52 2026] GET /v2.0/networks?router%3Aexternal=True => generated 791 bytes in 57 msecs (HTTP/1.1 200) 4 headers in 157 bytes (1 switches on core 0)
2026-09-01 19:51:53.040 7 WARNING neutron.scheduler.dhcp_agent_scheduler [None req-26e82b78-fd8a-4623-a5db-78743f3f081b 0e35f835022b49849ebf90ece77f407a 4f76324a04c74c569b5afe81eec294c2 - - default default] No more DHCP agents
2026-09-01 19:51:53.041 7 WARNING neutron.api.rpc.agentnotifiers.dhcp_rpc_agent_api [None req-26e82b78-fd8a-4623-a5db-78743f3f081b 0e35f835022b49849ebf90ece77f407a 4f76324a04c74c569b5afe81eec294c2 - - default default] Unable to schedule network ef59a445-5760-4c1b-9616-3cf3b867f0d6: no agents available; will retry on subsequent port and subnet creation events.
2026-09-01 19:51:53.143 7 INFO neutron.plugins.ml2.drivers.ovn.mech_driver.mech_driver [None req-b5a84b22-e31f-4993-9dba-302b59099fa5 - - - - - -] OVN reports status down for port: 7c843ac8-f1cb-449a-8a96-144b01aa5b82
2026-09-01 19:51:53.218 7 INFO neutron.db.ovn_revision_numbers_db [None req-26e82b78-fd8a-4623-a5db-78743f3f081b 0e35f835022b49849ebf90ece77f407a 4f76324a04c74c569b5afe81eec294c2 - - default default] Successfully bumped revision number for resource 7c843ac8-f1cb-449a-8a96-144b01aa5b82 (type: ports) to 1 [pid: 8|app: 0|req: 918/1927] 10.0.0.4 () {32 vars in 738 bytes} [Tue Sep 1 19:51:52 2026] DELETE /v2.0/security-groups/ad46726e-e1e3-40c1-99e4-0de2d5d0d7af => generated 0 bytes in 1390 msecs (HTTP/1.1 204) 2 headers in 112 bytes (1 switches on core 0) [pid: 8|app: 0|req: 919/1928] 10.0.0.4 () {32 vars in 782 bytes} [Tue Sep 1 19:51:53 2026] GET /v2.0/subnets?network_id=ef59a445-5760-4c1b-9616-3cf3b867f0d6&cidr=10.100.0.0%2F28 => generated 14 bytes in 67 msecs (HTTP/1.1 200) 4 headers in 156 bytes (1 switches on core 0)
2026-09-01 19:51:53.830 8 WARNING neutron.scheduler.dhcp_agent_scheduler [None req-092089b3-1df7-400a-9d89-0a432086851b 258e1b241f2f455cb4bc1892ef57a38c 5e5aa96948cd4bdf977e156a2ff74139 - - default default] No more DHCP agents
2026-09-01 19:51:53.831 8 WARNING neutron.api.rpc.agentnotifiers.dhcp_rpc_agent_api [None req-092089b3-1df7-400a-9d89-0a432086851b 258e1b241f2f455cb4bc1892ef57a38c 5e5aa96948cd4bdf977e156a2ff74139 - - default default] Unable to schedule network e1f916d4-29d9-4dd7-9b68-af2c370d745d: no agents available; will retry on subsequent port and subnet creation events.
2026-09-01 19:51:54.377 8 INFO neutron.db.ovn_revision_numbers_db [None req-91bb6a30-0e00-4dfa-9f92-f6d538c74f22 - - - - - -] Successfully bumped revision number for resource 42aa0d8d-5a3a-4d52-a3e1-7915738a9f7c (type: ports) to 4
2026-09-01 19:51:54.506 7 INFO neutron.plugins.ml2.drivers.ovn.mech_driver.ovsdb.commands [None req-9cc88352-8aab-4dda-808d-e74948856e0d - - - - - -] Schedule LRP lrp-7c843ac8-f1cb-449a-8a96-144b01aa5b82 on gateway 981b1d13-d3f6-4b65-a230-c40efece3bd4 with priority 1
2026-09-01 19:51:54.563 7 INFO neutron.plugins.ml2.drivers.ovn.mech_driver.mech_driver [None req-b5a84b22-e31f-4993-9dba-302b59099fa5 - - - - - -] OVN reports status up for port: 7c843ac8-f1cb-449a-8a96-144b01aa5b82
2026-09-01 19:51:54.596 7 INFO neutron.plugins.ml2.plugin [None req-b5a84b22-e31f-4993-9dba-302b59099fa5 - - - - - -] Attempt 1 to provision port 7c843ac8-f1cb-449a-8a96-144b01aa5b82
2026-09-01 19:51:54.647 7 INFO neutron.db.ovn_revision_numbers_db [None req-26e82b78-fd8a-4623-a5db-78743f3f081b 0e35f835022b49849ebf90ece77f407a 4f76324a04c74c569b5afe81eec294c2 - - default default] Successfully bumped revision number for resource 7c843ac8-f1cb-449a-8a96-144b01aa5b82 (type: router_ports) to 1
2026-09-01 19:51:54.755 8 INFO neutron.db.ovn_revision_numbers_db [None req-6c7838d2-b6df-4c55-8832-286ab2696ec8 - - - - - -] Successfully bumped revision number for resource 60329f54-29ab-4fd8-8920-e95c8bfd9daf (type: ports) to 2
2026-09-01 19:51:54.782 7 INFO neutron.db.ovn_revision_numbers_db [None req-26e82b78-fd8a-4623-a5db-78743f3f081b 0e35f835022b49849ebf90ece77f407a 4f76324a04c74c569b5afe81eec294c2 - - default default] Successfully bumped revision number for resource b716fdfe-d24e-45ae-8db7-923354aac4fe (type: routers) to 2 [pid: 7|app: 0|req: 1010/1929] 10.0.0.4 () {34 vars in 667 bytes} [Tue Sep 1 19:51:52 2026] POST /v2.0/routers => generated 954 bytes in 2205 msecs (HTTP/1.1 201) 4 headers in 162 bytes (1 switches on core 0)
2026-09-01 19:51:54.808 8 INFO neutron.db.ovn_revision_numbers_db [None req-6c7838d2-b6df-4c55-8832-286ab2696ec8 - - - - - -] Successfully bumped revision number for resource b13b06f6-0364-4570-99bd-1ea690bb3cdc (type: subnets) to 0 [pid: 8|app: 0|req: 920/1930] 10.0.0.4 () {34 vars in 667 bytes} [Tue Sep 1 19:51:53 2026] POST /v2.0/subnets => generated 657 bytes in 1372 msecs (HTTP/1.1 201) 4 headers in 162 bytes (1 switches on core 0)
2026-09-01 19:51:55.007 8 INFO neutron.db.ovn_revision_numbers_db [None req-91bb6a30-0e00-4dfa-9f92-f6d538c74f22 - - - - - -] Successfully bumped revision number for resource 42aa0d8d-5a3a-4d52-a3e1-7915738a9f7c (type: ports) to 5
2026-09-01 19:51:55.161 7 INFO neutron.db.ovn_revision_numbers_db [None req-aea82731-c2a6-470c-a91e-6001b956905e b5d3614cda0e474a91b2a2cb34eb348c c98b82a4cf7a452c8a818073f05b592b - - default default] Successfully bumped revision number for resource b0bf48dd-34ef-42f1-88d1-0531812d69e3 (type: routers) to 1 [pid: 7|app: 0|req: 1011/1931] 10.0.0.4 () {34 vars in 666 bytes} [Tue Sep 1 19:51:54 2026] POST /v2.0/routers => generated 570 bytes in 378 msecs (HTTP/1.1 201) 4 headers in 162 bytes (1 switches on core 0)
2026-09-01 19:51:55.443 8 WARNING neutron.scheduler.dhcp_agent_scheduler [None req-dd57819a-03c1-416f-a463-b3847ec92869 0e35f835022b49849ebf90ece77f407a 4f76324a04c74c569b5afe81eec294c2 - - default default] No more DHCP agents
2026-09-01 19:51:55.444 8 WARNING neutron.api.rpc.agentnotifiers.dhcp_rpc_agent_api [None req-dd57819a-03c1-416f-a463-b3847ec92869 0e35f835022b49849ebf90ece77f407a 4f76324a04c74c569b5afe81eec294c2 - - default default] Unable to schedule network 01e6d762-477e-43fe-9936-1a61070dfd9d: no agents available; will retry on subsequent port and subnet creation events.
2026-09-01 19:51:55.571 8 INFO neutron.db.ovn_revision_numbers_db [None req-dd57819a-03c1-416f-a463-b3847ec92869 0e35f835022b49849ebf90ece77f407a 4f76324a04c74c569b5afe81eec294c2 - - default default] Successfully bumped revision number for resource fa8b59bf-c455-4ce5-8ed5-75070b189fbc (type: ports) to 1
2026-09-01 19:51:55.752 7 WARNING neutron.scheduler.dhcp_agent_scheduler [None req-34a945ad-5687-427e-a829-b36f9a754450 258e1b241f2f455cb4bc1892ef57a38c 5e5aa96948cd4bdf977e156a2ff74139 - - default default] No more DHCP agents
2026-09-01 19:51:55.753 7 WARNING neutron.api.rpc.agentnotifiers.dhcp_rpc_agent_api [None req-34a945ad-5687-427e-a829-b36f9a754450 258e1b241f2f455cb4bc1892ef57a38c 5e5aa96948cd4bdf977e156a2ff74139 - - default default] Unable to schedule network e1f916d4-29d9-4dd7-9b68-af2c370d745d: no agents available; will retry on subsequent port and subnet creation events.
2026-09-01 19:51:55.946 7 INFO neutron.db.ovn_revision_numbers_db [None req-34a945ad-5687-427e-a829-b36f9a754450 258e1b241f2f455cb4bc1892ef57a38c 5e5aa96948cd4bdf977e156a2ff74139 - - default default] Successfully bumped revision number for resource 2bf873ad-e875-409b-9ae7-46aea62a6d0c (type: ports) to 1
2026-09-01 19:51:56.333 8 WARNING neutron.scheduler.dhcp_agent_scheduler [None req-dd57819a-03c1-416f-a463-b3847ec92869 0e35f835022b49849ebf90ece77f407a 4f76324a04c74c569b5afe81eec294c2 - - default default] No more DHCP agents
2026-09-01 19:51:56.335 8 WARNING neutron.api.rpc.agentnotifiers.dhcp_rpc_agent_api [None req-dd57819a-03c1-416f-a463-b3847ec92869 0e35f835022b49849ebf90ece77f407a 4f76324a04c74c569b5afe81eec294c2 - - default default] Unable to schedule network 01e6d762-477e-43fe-9936-1a61070dfd9d: no agents available; will retry on subsequent port and subnet creation events.
2026-09-01 19:51:56.686 8 INFO neutron.db.ovn_revision_numbers_db [None req-dd57819a-03c1-416f-a463-b3847ec92869 0e35f835022b49849ebf90ece77f407a 4f76324a04c74c569b5afe81eec294c2 - - default default] Successfully bumped revision number for resource fa8b59bf-c455-4ce5-8ed5-75070b189fbc (type: router_ports) to 1 [pid: 8|app: 0|req: 921/1932] 10.0.0.4 () {34 vars in 781 bytes} [Tue Sep 1 19:51:54 2026] PUT /v2.0/routers/b716fdfe-d24e-45ae-8db7-923354aac4fe/add_router_interface => generated 309 bytes in 1856 msecs (HTTP/1.1 200) 4 headers in 157 bytes (1 switches on core 0)
2026-09-01 19:51:56.746 7 WARNING neutron.scheduler.dhcp_agent_scheduler [None req-34a945ad-5687-427e-a829-b36f9a754450 258e1b241f2f455cb4bc1892ef57a38c 5e5aa96948cd4bdf977e156a2ff74139 - - default default] No more DHCP agents
2026-09-01 19:51:56.747 7 WARNING neutron.api.rpc.agentnotifiers.dhcp_rpc_agent_api [None req-34a945ad-5687-427e-a829-b36f9a754450 258e1b241f2f455cb4bc1892ef57a38c 5e5aa96948cd4bdf977e156a2ff74139 - - default default] Unable to schedule network e1f916d4-29d9-4dd7-9b68-af2c370d745d: no agents available; will retry on subsequent port and subnet creation events.
2026-09-01 19:51:56.850 8 INFO neutron.db.ovn_revision_numbers_db [None req-919b3ca2-9870-4a67-b456-2a4fda9409d0 b5d3614cda0e474a91b2a2cb34eb348c c98b82a4cf7a452c8a818073f05b592b - - default default] Successfully bumped revision number for resource 12fd43e9-5c66-4644-a721-20156d9ef60a (type: routers) to 1 [pid: 8|app: 0|req: 922/1933] 10.0.0.4 () {34 vars in 666 bytes} [Tue Sep 1 19:51:56 2026] POST /v2.0/routers => generated 570 bytes in 175 msecs (HTTP/1.1 201) 4 headers in 162 bytes (1 switches on core 0)
2026-09-01 19:51:57.241 8 WARNING neutron.scheduler.dhcp_agent_scheduler [None req-ee6d3543-e0ff-4599-b0c2-54eb18f18fdf 0e35f835022b49849ebf90ece77f407a 4f76324a04c74c569b5afe81eec294c2 - - default default] No more DHCP agents
2026-09-01 19:51:57.243 8 WARNING neutron.api.rpc.agentnotifiers.dhcp_rpc_agent_api [None req-ee6d3543-e0ff-4599-b0c2-54eb18f18fdf 0e35f835022b49849ebf90ece77f407a 4f76324a04c74c569b5afe81eec294c2 - - default default] Unable to schedule network 01e6d762-477e-43fe-9936-1a61070dfd9d: no agents available; will retry on subsequent port and subnet creation events.
2026-09-01 19:51:57.312 7 INFO neutron.db.ovn_revision_numbers_db [None req-34a945ad-5687-427e-a829-b36f9a754450 258e1b241f2f455cb4bc1892ef57a38c 5e5aa96948cd4bdf977e156a2ff74139 - - default default] Successfully bumped revision number for resource 2bf873ad-e875-409b-9ae7-46aea62a6d0c (type: router_ports) to 1 [pid: 7|app: 0|req: 1012/1936] 10.0.0.4 () {34 vars in 781 bytes} [Tue Sep 1 19:51:55 2026] PUT /v2.0/routers/7c759213-fe9a-4c28-bacd-f0506b57831f/add_router_interface => generated 309 bytes in 2139 msecs (HTTP/1.1 200) 4 headers in 157 bytes (1 switches on core 0)
2026-09-01 19:51:57.362 8 INFO neutron.plugins.ml2.drivers.ovn.mech_driver.mech_driver [None req-11c1180a-fd82-4eb0-8046-786919bb052b - - - - - -] OVN reports status down for port: 515bbc8d-bb76-4362-a3d5-aa4f3ac5d54f
2026-09-01 19:51:57.451 8 INFO neutron.db.ovn_revision_numbers_db [None req-ee6d3543-e0ff-4599-b0c2-54eb18f18fdf 0e35f835022b49849ebf90ece77f407a 4f76324a04c74c569b5afe81eec294c2 - - default default] Successfully bumped revision number for resource 515bbc8d-bb76-4362-a3d5-aa4f3ac5d54f (type: ports) to 1
2026-09-01 19:51:57.466 7 INFO neutron.db.ovn_revision_numbers_db [None req-c29e7bb9-c9da-44e1-b01e-1bda58cf9faa b5d3614cda0e474a91b2a2cb34eb348c c98b82a4cf7a452c8a818073f05b592b - - default default] Successfully bumped revision number for resource 7b11308a-774a-4787-b76a-e907751c9593 (type: routers) to 1 [pid: 7|app: 0|req: 1013/1937] 10.0.0.4 () {34 vars in 666 bytes} [Tue Sep 1 19:51:57 2026] POST /v2.0/routers => generated 570 bytes in 164 msecs (HTTP/1.1 201) 4 headers in 162 bytes (1 switches on core 0) [pid: 7|app: 0|req: 1014/1938] 10.0.0.4 () {32 vars in 647 bytes} [Tue Sep 1 19:51:57 2026] GET /v2.0/networks => generated 3872 bytes in 51 msecs (HTTP/1.1 200) 4 headers in 158 bytes (1 switches on core 0) [pid: 8|app: 0|req: 925/1939] 10.0.0.4 () {34 vars in 663 bytes} [Tue Sep 1 19:51:56 2026] POST /v2.0/ports => generated 958 bytes in 696 msecs (HTTP/1.1 201) 4 headers in 162 bytes (1 switches on core 0) /var/lib/openstack/lib/python3.12/site-packages/pycadf/identifier.py:70: UserWarning: Invalid uuid: neutron. To ensure interoperability, identifiers should be a valid uuid. warnings.warn(('Invalid uuid: %s. To ensure interoperability, ' [pid: 8|app: 0|req: 926/1940] 10.0.0.4 () {32 vars in 645 bytes} [Tue Sep 1 19:51:57 2026] GET /v2.0/subnets => generated 2608 bytes in 44 msecs (HTTP/1.1 200) 4 headers in 158 bytes (1 switches on core 0)
2026-09-01 19:51:57.633 7 INFO neutron.db.ovn_revision_numbers_db [None req-d5057741-281e-422c-8246-1dc557d88c98 b5d3614cda0e474a91b2a2cb34eb348c c98b82a4cf7a452c8a818073f05b592b - - default default] Successfully bumped revision number for resource 6eb6e37b-d692-4e40-9e9f-d2efd7403589 (type: routers) to 1 [pid: 7|app: 0|req: 1015/1941] 10.0.0.4 () {34 vars in 666 bytes} [Tue Sep 1 19:51:57 2026] POST /v2.0/routers => generated 570 bytes in 112 msecs (HTTP/1.1 201) 4 headers in 162 bytes (1 switches on core 0) [pid: 8|app: 0|req: 927/1942] 10.0.0.4 () {34 vars in 676 bytes} [Tue Sep 1 19:51:57 2026] POST /v2.0/qos/policies => generated 359 bytes in 210 msecs (HTTP/1.1 201) 4 headers in 162 bytes (1 switches on core 0)
2026-09-01 19:51:57.921 7 WARNING neutron.scheduler.dhcp_agent_scheduler [None req-7a1fce0e-b680-4908-abb6-a55501583145 0e35f835022b49849ebf90ece77f407a 4f76324a04c74c569b5afe81eec294c2 - - default default] No more DHCP agents
2026-09-01 19:51:57.922 7 WARNING neutron.api.rpc.agentnotifiers.dhcp_rpc_agent_api [None req-7a1fce0e-b680-4908-abb6-a55501583145 0e35f835022b49849ebf90ece77f407a 4f76324a04c74c569b5afe81eec294c2 - - default default] Unable to schedule network 01e6d762-477e-43fe-9936-1a61070dfd9d: no agents available; will retry on subsequent port and subnet creation events. [pid: 8|app: 0|req: 928/1943] 10.0.0.4 () {32 vars in 645 bytes} [Tue Sep 1 19:51:57 2026] GET /v2.0/routers => generated 4250 bytes in 93 msecs (HTTP/1.1 200) 4 headers in 158 bytes (1 switches on core 0)
2026-09-01 19:51:58.109 8 INFO neutron.db.ovn_revision_numbers_db [None req-d992243f-523c-4f78-9eb1-18963fd830a5 b5d3614cda0e474a91b2a2cb34eb348c c98b82a4cf7a452c8a818073f05b592b - - default default] Successfully bumped revision number for resource c6f50a4f-dcf7-4bb7-8672-533f3669e4fe (type: routers) to 1 [pid: 8|app: 0|req: 929/1944] 10.0.0.4 () {34 vars in 666 bytes} [Tue Sep 1 19:51:57 2026] POST /v2.0/routers => generated 570 bytes in 205 msecs (HTTP/1.1 201) 4 headers in 162 bytes (1 switches on core 0)
2026-09-01 19:51:58.140 7 INFO neutron.db.ovn_revision_numbers_db [None req-7a1fce0e-b680-4908-abb6-a55501583145 0e35f835022b49849ebf90ece77f407a 4f76324a04c74c569b5afe81eec294c2 - - default default] Successfully bumped revision number for resource b7774ecd-6fa5-4734-bd2d-a574f600555b (type: ports) to 1 [pid: 8|app: 0|req: 930/1945] 10.0.0.4 () {34 vars in 676 bytes} [Tue Sep 1 19:51:58 2026] POST /v2.0/qos/policies => generated 359 bytes in 42 msecs (HTTP/1.1 201) 4 headers in 162 bytes (1 switches on core 0) [pid: 7|app: 0|req: 1016/1946] 10.0.0.4 () {34 vars in 663 bytes} [Tue Sep 1 19:51:57 2026] POST /v2.0/ports => generated 957 bytes in 560 msecs (HTTP/1.1 201) 4 headers in 162 bytes (1 switches on core 0) /var/lib/openstack/lib/python3.12/site-packages/pycadf/identifier.py:70: UserWarning: Invalid uuid: neutron. To ensure interoperability, identifiers should be a valid uuid. warnings.warn(('Invalid uuid: %s. To ensure interoperability, '
2026-09-01 19:51:58.299 8 INFO neutron.db.ovn_revision_numbers_db [None req-e719cc27-ec71-4f79-a899-fb0d3e543adf 258e1b241f2f455cb4bc1892ef57a38c 5e5aa96948cd4bdf977e156a2ff74139 - - default default] Successfully bumped revision number for resource b438f1ba-07ab-400d-ab49-e9ed9e0cef7a (type: security_groups) to 1
2026-09-01 19:51:58.309 8 INFO neutron.db.ovn_revision_numbers_db [None req-e719cc27-ec71-4f79-a899-fb0d3e543adf 258e1b241f2f455cb4bc1892ef57a38c 5e5aa96948cd4bdf977e156a2ff74139 - - default default] Successfully bumped revision number for resource 492ab2b9-f6dd-46ec-8358-ca9b9b84873f (type: security_group_rules) to 0 [pid: 7|app: 0|req: 1017/1947] 10.0.0.4 () {34 vars in 749 bytes} [Tue Sep 1 19:51:58 2026] PUT /v2.0/routers/b0bf48dd-34ef-42f1-88d1-0531812d69e3/tags => generated 17 bytes in 111 msecs (HTTP/1.1 200) 4 headers in 156 bytes (1 switches on core 0)
2026-09-01 19:51:58.321 8 INFO neutron.db.ovn_revision_numbers_db [None req-e719cc27-ec71-4f79-a899-fb0d3e543adf 258e1b241f2f455cb4bc1892ef57a38c 5e5aa96948cd4bdf977e156a2ff74139 - - default default] Successfully bumped revision number for resource b1d9bafb-0c8e-4a4a-b356-71978d24dbb8 (type: security_group_rules) to 0 [pid: 8|app: 0|req: 931/1948] 10.0.0.4 () {34 vars in 683 bytes} [Tue Sep 1 19:51:58 2026] POST /v2.0/security-groups => generated 1675 bytes in 186 msecs (HTTP/1.1 201) 4 headers in 163 bytes (1 switches on core 0) [pid: 7|app: 0|req: 1018/1949] 10.0.0.4 () {34 vars in 676 bytes} [Tue Sep 1 19:51:58 2026] POST /v2.0/qos/policies => generated 359 bytes in 63 msecs (HTTP/1.1 201) 4 headers in 162 bytes (1 switches on core 0) [pid: 7|app: 0|req: 1019/1950] 10.0.0.4 () {34 vars in 749 bytes} [Tue Sep 1 19:51:58 2026] PUT /v2.0/routers/12fd43e9-5c66-4644-a721-20156d9ef60a/tags => generated 25 bytes in 115 msecs (HTTP/1.1 200) 4 headers in 156 bytes (1 switches on core 0)
2026-09-01 19:51:58.576 8 WARNING neutron.scheduler.dhcp_agent_scheduler [None req-2793f520-2ed8-4824-9df8-b1d04286d5da 0e35f835022b49849ebf90ece77f407a 4f76324a04c74c569b5afe81eec294c2 - - default default] No more DHCP agents
2026-09-01 19:51:58.578 8 WARNING neutron.api.rpc.agentnotifiers.dhcp_rpc_agent_api [None req-2793f520-2ed8-4824-9df8-b1d04286d5da 0e35f835022b49849ebf90ece77f407a 4f76324a04c74c569b5afe81eec294c2 - - default default] Unable to schedule network ef59a445-5760-4c1b-9616-3cf3b867f0d6: no agents available; will retry on subsequent port and subnet creation events.
2026-09-01 19:51:58.636 7 INFO neutron.db.ovn_revision_numbers_db [None req-f9f340d7-aa05-43ca-abd8-61c9a98bb358 258e1b241f2f455cb4bc1892ef57a38c 5e5aa96948cd4bdf977e156a2ff74139 - - default default] Successfully bumped revision number for resource c242d715-9b29-43eb-ab1a-6c6f1e741b6b (type: security_group_rules) to 0 [pid: 7|app: 0|req: 1020/1951] 10.0.0.4 () {34 vars in 693 bytes} [Tue Sep 1 19:51:58 2026] POST /v2.0/security-group-rules => generated 597 bytes in 165 msecs (HTTP/1.1 201) 4 headers in 162 bytes (1 switches on core 0) [pid: 7|app: 0|req: 1021/1952] 10.0.0.4 () {34 vars in 676 bytes} [Tue Sep 1 19:51:58 2026] POST /v2.0/qos/policies => generated 359 bytes in 28 msecs (HTTP/1.1 201) 4 headers in 162 bytes (1 switches on core 0) [pid: 7|app: 0|req: 1022/1953] 10.0.0.4 () {34 vars in 749 bytes} [Tue Sep 1 19:51:58 2026] PUT /v2.0/routers/7b11308a-774a-4787-b76a-e907751c9593/tags => generated 34 bytes in 56 msecs (HTTP/1.1 200) 4 headers in 156 bytes (1 switches on core 0)
2026-09-01 19:51:58.870 7 INFO neutron.db.ovn_revision_numbers_db [None req-ea5151bf-4edc-479b-917c-4a90a5e71a6f 258e1b241f2f455cb4bc1892ef57a38c 5e5aa96948cd4bdf977e156a2ff74139 - - default default] Successfully bumped revision number for resource 4b667f8c-64db-4d5c-9f70-4e443ce899fb (type: security_group_rules) to 0 [pid: 7|app: 0|req: 1023/1954] 10.0.0.4 () {34 vars in 693 bytes} [Tue Sep 1 19:51:58 2026] POST /v2.0/security-group-rules => generated 596 bytes in 159 msecs (HTTP/1.1 201) 4 headers in 162 bytes (1 switches on core 0) [pid: 7|app: 0|req: 1024/1955] 10.0.0.4 () {34 vars in 676 bytes} [Tue Sep 1 19:51:58 2026] POST /v2.0/qos/policies => generated 359 bytes in 62 msecs (HTTP/1.1 201) 4 headers in 162 bytes (1 switches on core 0) [pid: 7|app: 0|req: 1025/1956] 10.0.0.4 () {34 vars in 749 bytes} [Tue Sep 1 19:51:58 2026] PUT /v2.0/routers/6eb6e37b-d692-4e40-9e9f-d2efd7403589/tags => generated 19 bytes in 84 msecs (HTTP/1.1 200) 4 headers in 156 bytes (1 switches on core 0)
2026-09-01 19:51:59.247 7 INFO neutron.db.ovn_revision_numbers_db [None req-187b544a-cfa9-41bf-965c-3d3c3cdddd26 258e1b241f2f455cb4bc1892ef57a38c 5e5aa96948cd4bdf977e156a2ff74139 - - default default] Successfully bumped revision number for resource 1286da54-d918-4cf5-8e2b-a5a837fa7ecf (type: security_group_rules) to 0 [pid: 7|app: 0|req: 1026/1957] 10.0.0.4 () {34 vars in 693 bytes} [Tue Sep 1 19:51:59 2026] POST /v2.0/security-group-rules => generated 602 bytes in 240 msecs (HTTP/1.1 201) 4 headers in 162 bytes (1 switches on core 0)
2026-09-01 19:51:59.323 8 INFO neutron.db.ovn_revision_numbers_db [None req-2793f520-2ed8-4824-9df8-b1d04286d5da 0e35f835022b49849ebf90ece77f407a 4f76324a04c74c569b5afe81eec294c2 - - default default] Successfully bumped revision number for resource 88fc73c7-a5fb-48ff-bec5-89a6fbc4c68b (type: floatingips) to 1
2026-09-01 19:51:59.324 8 INFO neutron.db.l3_db [None req-2793f520-2ed8-4824-9df8-b1d04286d5da 0e35f835022b49849ebf90ece77f407a 4f76324a04c74c569b5afe81eec294c2 - - default default] Floating IP 88fc73c7-a5fb-48ff-bec5-89a6fbc4c68b associated. External IP: 10.96.250.212, port: b7774ecd-6fa5-4734-bd2d-a574f600555b. [pid: 7|app: 0|req: 1027/1958] 10.0.0.4 () {34 vars in 751 bytes} [Tue Sep 1 19:51:59 2026] PUT /v2.0/policies/94a355b0-9a70-4179-87d2-8a76558bbd86/tags => generated 17 bytes in 58 msecs (HTTP/1.1 200) 4 headers in 156 bytes (1 switches on core 0) [pid: 8|app: 0|req: 932/1959] 10.0.0.4 () {34 vars in 675 bytes} [Tue Sep 1 19:51:58 2026] POST /v2.0/floatingips => generated 841 bytes in 1011 msecs (HTTP/1.1 201) 4 headers in 162 bytes (1 switches on core 0) [pid: 7|app: 0|req: 1028/1960] 10.0.0.4 () {32 vars in 662 bytes} [Tue Sep 1 19:51:59 2026] GET /v2.0/routers?tags=red => generated 1751 bytes in 75 msecs (HTTP/1.1 200) 4 headers in 158 bytes (1 switches on core 0) [pid: 7|app: 0|req: 1029/1961] 10.0.0.4 () {34 vars in 751 bytes} [Tue Sep 1 19:51:59 2026] PUT /v2.0/policies/807e1a0c-6fd8-407c-ae4a-133d9ec0cbbd/tags => generated 25 bytes in 46 msecs (HTTP/1.1 200) 4 headers in 156 bytes (1 switches on core 0)
2026-09-01 19:51:59.488 8 INFO neutron.db.ovn_revision_numbers_db [None req-1469d42a-7551-4767-9cdf-62d40693c004 258e1b241f2f455cb4bc1892ef57a38c 5e5aa96948cd4bdf977e156a2ff74139 - - default default] Successfully bumped revision number for resource 376967d5-8c5a-4d7b-ac71-11e19d7e7bfe (type: security_group_rules) to 0 [pid: 8|app: 0|req: 933/1962] 10.0.0.4 () {34 vars in 693 bytes} [Tue Sep 1 19:51:59 2026] POST /v2.0/security-group-rules => generated 601 bytes in 179 msecs (HTTP/1.1 201) 4 headers in 162 bytes (1 switches on core 0) [pid: 8|app: 0|req: 934/1963] 10.0.0.4 () {32 vars in 676 bytes} [Tue Sep 1 19:51:59 2026] GET /v2.0/routers?tags=red%2Cblue => generated 1180 bytes in 70 msecs (HTTP/1.1 200) 4 headers in 158 bytes (1 switches on core 0) [pid: 8|app: 0|req: 935/1964] 10.0.0.4 () {34 vars in 751 bytes} [Tue Sep 1 19:51:59 2026] PUT /v2.0/policies/0972cf5b-a725-444a-bff6-cd54d3472a54/tags => generated 34 bytes in 58 msecs (HTTP/1.1 200) 4 headers in 156 bytes (1 switches on core 0)
2026-09-01 19:51:59.699 7 INFO neutron.db.ovn_revision_numbers_db [None req-29557c05-ff69-4b75-a57f-684a11714537 0e35f835022b49849ebf90ece77f407a 4f76324a04c74c569b5afe81eec294c2 - - default default] Successfully bumped revision number for resource 88fc73c7-a5fb-48ff-bec5-89a6fbc4c68b (type: floatingips) to 2
2026-09-01 19:51:59.709 7 WARNING neutron.plugins.ml2.drivers.ovn.mech_driver.ovsdb.ovn_client [None req-b5a84b22-e31f-4993-9dba-302b59099fa5 - - - - - -] No hosting information found for port 7c843ac8-f1cb-449a-8a96-144b01aa5b82: RuntimeError: No hosting information found for port 7c843ac8-f1cb-449a-8a96-144b01aa5b82
2026-09-01 19:51:59.710 7 INFO neutron.plugins.ml2.drivers.ovn.mech_driver.mech_driver [None req-b5a84b22-e31f-4993-9dba-302b59099fa5 - - - - - -] OVN reports status down for port: fa8b59bf-c455-4ce5-8ed5-75070b189fbc
2026-09-01 19:51:59.715 8 INFO neutron.db.securitygroups_db [None req-cd6a8b29-d07c-4ba8-8571-b8f5a98a4e5a 258e1b241f2f455cb4bc1892ef57a38c 5e5aa96948cd4bdf977e156a2ff74139 - - default default] Project 5e5aa96948cd4bdf977e156a2ff74139 added a security group rule with legacy IPv6 ICMP protocol name icmp, ipv6-icmp should be used instead. It was automatically converted.
2026-09-01 19:51:59.785 7 INFO neutron.db.l3_db [None req-29557c05-ff69-4b75-a57f-684a11714537 0e35f835022b49849ebf90ece77f407a 4f76324a04c74c569b5afe81eec294c2 - - default default] Floating IP 88fc73c7-a5fb-48ff-bec5-89a6fbc4c68b disassociated. External IP: 10.96.250.212, port: b7774ecd-6fa5-4734-bd2d-a574f600555b.
2026-09-01 19:51:59.806 8 INFO neutron.db.ovn_revision_numbers_db [None req-cd6a8b29-d07c-4ba8-8571-b8f5a98a4e5a 258e1b241f2f455cb4bc1892ef57a38c 5e5aa96948cd4bdf977e156a2ff74139 - - default default] Successfully bumped revision number for resource 4007677d-b0a6-4228-8d3e-8f68a1770d75 (type: security_group_rules) to 0 [pid: 8|app: 0|req: 936/1965] 10.0.0.4 () {34 vars in 693 bytes} [Tue Sep 1 19:51:59 2026] POST /v2.0/security-group-rules => generated 607 bytes in 152 msecs (HTTP/1.1 201) 4 headers in 162 bytes (1 switches on core 0) [pid: 7|app: 0|req: 1030/1966] 10.0.0.4 () {34 vars in 747 bytes} [Tue Sep 1 19:51:59 2026] PUT /v2.0/floatingips/88fc73c7-a5fb-48ff-bec5-89a6fbc4c68b => generated 554 bytes in 388 msecs (HTTP/1.1 200) 4 headers in 157 bytes (1 switches on core 0)
2026-09-01 19:51:59.883 7 INFO neutron.plugins.ml2.drivers.ovn.mech_driver.mech_driver [None req-b5a84b22-e31f-4993-9dba-302b59099fa5 - - - - - -] OVN reports status down for port: 2bf873ad-e875-409b-9ae7-46aea62a6d0c [pid: 8|app: 0|req: 937/1967] 10.0.0.4 () {32 vars in 672 bytes} [Tue Sep 1 19:51:59 2026] GET /v2.0/routers?tags-any=blue => generated 1180 bytes in 68 msecs (HTTP/1.1 200) 4 headers in 158 bytes (1 switches on core 0)
2026-09-01 19:51:59.935 8 INFO neutron.db.securitygroups_db [None req-56d098ee-f3aa-4ed8-9983-b42ffdad008b 258e1b241f2f455cb4bc1892ef57a38c 5e5aa96948cd4bdf977e156a2ff74139 - - default default] Project 5e5aa96948cd4bdf977e156a2ff74139 added a security group rule with legacy IPv6 ICMP protocol name icmp, ipv6-icmp should be used instead. It was automatically converted. [pid: 7|app: 0|req: 1031/1968] 10.0.0.4 () {34 vars in 751 bytes} [Tue Sep 1 19:51:59 2026] PUT /v2.0/policies/1ca6e627-2e42-4af7-8087-c2450663afb7/tags => generated 19 bytes in 92 msecs (HTTP/1.1 200) 4 headers in 156 bytes (1 switches on core 0)
2026-09-01 19:52:00.027 7 INFO neutron.plugins.ml2.drivers.ovn.mech_driver.mech_driver [None req-b5a84b22-e31f-4993-9dba-302b59099fa5 - - - - - -] OVN reports status up for port: fa8b59bf-c455-4ce5-8ed5-75070b189fbc
2026-09-01 19:52:00.048 8 INFO neutron.db.ovn_revision_numbers_db [None req-56d098ee-f3aa-4ed8-9983-b42ffdad008b 258e1b241f2f455cb4bc1892ef57a38c 5e5aa96948cd4bdf977e156a2ff74139 - - default default] Successfully bumped revision number for resource 50664a7b-f7ff-4de2-8355-69c3667402cf (type: security_group_rules) to 0
2026-09-01 19:52:00.067 7 INFO neutron.plugins.ml2.plugin [None req-b5a84b22-e31f-4993-9dba-302b59099fa5 - - - - - -] Attempt 1 to provision port fa8b59bf-c455-4ce5-8ed5-75070b189fbc [pid: 8|app: 0|req: 938/1969] 10.0.0.4 () {34 vars in 693 bytes} [Tue Sep 1 19:51:59 2026] POST /v2.0/security-group-rules => generated 606 bytes in 191 msecs (HTTP/1.1 201) 4 headers in 162 bytes (1 switches on core 0) [pid: 8|app: 0|req: 939/1970] 10.0.0.4 () {32 vars in 684 bytes} [Tue Sep 1 19:52:00 2026] GET /v2.0/routers?tags-any=red%2Cblue => generated 1751 bytes in 44 msecs (HTTP/1.1 200) 4 headers in 158 bytes (1 switches on core 0) [pid: 8|app: 0|req: 940/1971] 10.0.0.4 () {32 vars in 670 bytes} [Tue Sep 1 19:52:00 2026] GET /v2.0/routers?not-tags=red => generated 1152 bytes in 60 msecs (HTTP/1.1 200) 4 headers in 158 bytes (1 switches on core 0)
2026-09-01 19:52:00.215 7 INFO neutron_taas.services.taas.taas_plugin [None req-e905bd15-04c1-4723-aed3-18aa84251659 0e35f835022b49849ebf90ece77f407a 4f76324a04c74c569b5afe81eec294c2 - - default default] TaaS: Handle Delete Port: 9719514b-7338-4c05-9a7e-30f853ee751c
2026-09-01 19:52:00.233 7 INFO neutron_taas.services.taas.tap_mirror_plugin [None req-e905bd15-04c1-4723-aed3-18aa84251659 0e35f835022b49849ebf90ece77f407a 4f76324a04c74c569b5afe81eec294c2 - - default default] Tap Mirror: Handle Delete Port: 9719514b-7338-4c05-9a7e-30f853ee751c [pid: 8|app: 0|req: 941/1972] 10.0.0.4 () {32 vars in 684 bytes} [Tue Sep 1 19:52:00 2026] GET /v2.0/routers?not-tags=red%2Cblue => generated 1723 bytes in 58 msecs (HTTP/1.1 200) 4 headers in 158 bytes (1 switches on core 0) [pid: 8|app: 0|req: 942/1973] 10.0.0.4 () {32 vars in 680 bytes} [Tue Sep 1 19:52:00 2026] GET /v2.0/routers?not-tags-any=blue => generated 1723 bytes in 104 msecs (HTTP/1.1 200) 4 headers in 158 bytes (1 switches on core 0) [pid: 8|app: 0|req: 943/1974] 10.0.0.4 () {32 vars in 672 bytes} [Tue Sep 1 19:52:00 2026] GET /v2.0/qos/policies?tags=red => generated 1101 bytes in 144 msecs (HTTP/1.1 200) 4 headers in 158 bytes (1 switches on core 0) [pid: 7|app: 0|req: 1032/1975] 10.0.0.4 () {32 vars in 730 bytes} [Tue Sep 1 19:51:59 2026] DELETE /v2.0/floatingips/88fc73c7-a5fb-48ff-bec5-89a6fbc4c68b => generated 0 bytes in 590 msecs (HTTP/1.1 204) 2 headers in 112 bytes (1 switches on core 0) [pid: 8|app: 0|req: 944/1976] 10.0.0.4 () {32 vars in 692 bytes} [Tue Sep 1 19:52:00 2026] GET /v2.0/routers?not-tags-any=red%2Cblue => generated 1152 bytes in 58 msecs (HTTP/1.1 200) 4 headers in 158 bytes (1 switches on core 0) [pid: 8|app: 0|req: 945/1977] 10.0.0.4 () {32 vars in 686 bytes} [Tue Sep 1 19:52:00 2026] GET /v2.0/qos/policies?tags=red%2Cblue => generated 747 bytes in 72 msecs (HTTP/1.1 200) 4 headers in 157 bytes (1 switches on core 0) [pid: 7|app: 0|req: 1033/1978] 10.0.0.4 () {32 vars in 647 bytes} [Tue Sep 1 19:52:00 2026] GET /v2.0/networks => generated 1374 bytes in 241 msecs (HTTP/1.1 200) 4 headers in 158 bytes (1 switches on core 0)
2026-09-01 19:52:00.800 7 INFO neutron.db.ovn_revision_numbers_db [None req-b5a84b22-e31f-4993-9dba-302b59099fa5 - - - - - -] Successfully bumped revision number for resource fa8b59bf-c455-4ce5-8ed5-75070b189fbc (type: ports) to 2
2026-09-01 19:52:00.835 8 WARNING neutron.scheduler.dhcp_agent_scheduler [None req-9443bcd7-861a-4aed-bed3-8230d955bbce 0e35f835022b49849ebf90ece77f407a 4f76324a04c74c569b5afe81eec294c2 - - default default] No more DHCP agents
2026-09-01 19:52:00.837 8 WARNING neutron.api.rpc.agentnotifiers.dhcp_rpc_agent_api [None req-9443bcd7-861a-4aed-bed3-8230d955bbce 0e35f835022b49849ebf90ece77f407a 4f76324a04c74c569b5afe81eec294c2 - - default default] Unable to schedule network ef59a445-5760-4c1b-9616-3cf3b867f0d6: no agents available; will retry on subsequent port and subnet creation events. [pid: 7|app: 0|req: 1034/1979] 10.0.0.4 () {32 vars in 719 bytes} [Tue Sep 1 19:52:00 2026] GET /v2.0/routers/b0bf48dd-34ef-42f1-88d1-0531812d69e3 => generated 581 bytes in 113 msecs (HTTP/1.1 200) 4 headers in 157 bytes (1 switches on core 0)
2026-09-01 19:52:01.006 7 INFO neutron.plugins.ml2.drivers.ovn.mech_driver.mech_driver [None req-2a15b795-1cb8-44ce-b65c-6a49f26946d8 - - - - - -] OVN reports status up for port: 2bf873ad-e875-409b-9ae7-46aea62a6d0c
2026-09-01 19:52:01.026 7 INFO neutron.plugins.ml2.plugin [None req-2a15b795-1cb8-44ce-b65c-6a49f26946d8 - - - - - -] Attempt 1 to provision port 2bf873ad-e875-409b-9ae7-46aea62a6d0c [pid: 7|app: 0|req: 1035/1980] 10.0.0.4 () {32 vars in 682 bytes} [Tue Sep 1 19:52:00 2026] GET /v2.0/qos/policies?tags-any=blue => generated 747 bytes in 134 msecs (HTTP/1.1 200) 4 headers in 157 bytes (1 switches on core 0)
2026-09-01 19:52:01.583 7 INFO neutron.db.ovn_revision_numbers_db [None req-de0f7c3e-de18-435e-82f8-0b0fbfbcbe44 b5d3614cda0e474a91b2a2cb34eb348c c98b82a4cf7a452c8a818073f05b592b - - default default] Successfully bumped revision number for resource b0bf48dd-34ef-42f1-88d1-0531812d69e3 (type: routers) to 2 [pid: 7|app: 0|req: 1036/1981] 10.0.0.4 () {34 vars in 740 bytes} [Tue Sep 1 19:52:01 2026] PUT /v2.0/routers/b0bf48dd-34ef-42f1-88d1-0531812d69e3 => generated 581 bytes in 574 msecs (HTTP/1.1 200) 4 headers in 157 bytes (1 switches on core 0) [pid: 7|app: 0|req: 1037/1982] 10.0.0.147 () {34 vars in 1100 bytes} [Tue Sep 1 19:52:01 2026] GET /v2.0/security-groups?name=tempest-secgroup-smoke-2022062226&fields=id&tenant_id=5e5aa96948cd4bdf977e156a2ff74139 => generated 69 bytes in 57 msecs (HTTP/1.1 200) 4 headers in 156 bytes (1 switches on core 0)
2026-09-01 19:52:01.819 8 INFO neutron.db.ovn_revision_numbers_db [None req-9443bcd7-861a-4aed-bed3-8230d955bbce 0e35f835022b49849ebf90ece77f407a 4f76324a04c74c569b5afe81eec294c2 - - default default] Successfully bumped revision number for resource 065c4ed1-eecc-4b73-a84e-3164af1e3828 (type: floatingips) to 1
