2026-09-01 19:58:00.498 7 INFO neutron.db.ovn_revision_numbers_db [None req-d164e12b-3e16-46e5-8dd3-59e0fe1a12c4 - - - - - -] Successfully bumped revision number for resource 408f50b2-87cd-4469-921f-804d8f6b43de (type: ports) to 6
2026-09-01 19:58:00.834 7 INFO neutron.notifiers.nova [-] Nova event matching ['req-6229eb63-e4ab-487f-966c-86fd1bccbec9'] response: {'server_uuid': '94d76b71-2f45-4a22-b7c3-9230c65e6a89', 'name': 'network-vif-unplugged', 'status': 'completed', 'tag': '408f50b2-87cd-4469-921f-804d8f6b43de', 'code': 200}
2026-09-01 19:58:00.834 7 INFO neutron.notifiers.nova [-] Nova event matching ['req-6229eb63-e4ab-487f-966c-86fd1bccbec9'] response: {'server_uuid': '94d76b71-2f45-4a22-b7c3-9230c65e6a89', 'name': 'network-vif-unplugged', 'status': 'completed', 'tag': '408f50b2-87cd-4469-921f-804d8f6b43de', 'code': 200} /var/lib/openstack/lib/python3.12/site-packages/pycadf/identifier.py:70: UserWarning: Invalid uuid: neutron. To ensure interoperability, identifiers should be a valid uuid. warnings.warn(('Invalid uuid: %s. To ensure interoperability, ' [pid: 7|app: 0|req: 1797/3461] 162.253.55.86 () {34 vars in 993 bytes} [Tue Sep 1 19:58:01 2026] GET /v2.0/ports?device_id=94d76b71-2f45-4a22-b7c3-9230c65e6a89 => generated 1202 bytes in 129 msecs (HTTP/1.1 200) 4 headers in 158 bytes (1 switches on core 0)
2026-09-01 19:58:01.579 8 INFO neutron_taas.services.taas.taas_plugin [req-d257f962-4fac-406f-aa44-45297bcccae7 req-fdbe1bff-3e88-4614-a7f4-c8caade721c0 b127fac225854cd1bb4a0a7db28d0b62 519bbd7904474045a93d0e0b2f7d3ef1 - - default default] TaaS: Handle Delete Port: 408f50b2-87cd-4469-921f-804d8f6b43de
2026-09-01 19:58:01.582 8 INFO neutron_taas.services.taas.tap_mirror_plugin [req-d257f962-4fac-406f-aa44-45297bcccae7 req-fdbe1bff-3e88-4614-a7f4-c8caade721c0 b127fac225854cd1bb4a0a7db28d0b62 519bbd7904474045a93d0e0b2f7d3ef1 - - default default] Tap Mirror: Handle Delete Port: 408f50b2-87cd-4469-921f-804d8f6b43de [pid: 8|app: 0|req: 1665/3462] 162.253.55.86 () {36 vars in 996 bytes} [Tue Sep 1 19:58:01 2026] DELETE /v2.0/ports/408f50b2-87cd-4469-921f-804d8f6b43de => generated 0 bytes in 345 msecs (HTTP/1.1 204) 3 headers in 131 bytes (1 switches on core 0)
2026-09-01 19:58:01.787 8 INFO neutron.notifiers.nova [-] Nova event matching ['req-1a6dce38-b989-4b55-98c6-b7a490ad4aad'] response: {'server_uuid': '94d76b71-2f45-4a22-b7c3-9230c65e6a89', 'name': 'network-vif-deleted', 'tag': '408f50b2-87cd-4469-921f-804d8f6b43de', 'status': 'completed', 'code': 200} [pid: 7|app: 0|req: 1798/3463] 10.0.0.147 () {34 vars in 990 bytes} [Tue Sep 1 19:58:04 2026] GET /v2.0/ports?device_id=94d76b71-2f45-4a22-b7c3-9230c65e6a89 => generated 12 bytes in 29 msecs (HTTP/1.1 200) 4 headers in 156 bytes (1 switches on core 0)
2026-09-01 19:58:09.584 8 INFO neutron_taas.services.taas.taas_plugin [None req-25fcc668-35c3-49c5-9e56-399979918211 b127fac225854cd1bb4a0a7db28d0b62 519bbd7904474045a93d0e0b2f7d3ef1 - - default default] TaaS: Handle Delete Port: 6b6e9e15-b345-456e-88c4-126492a5a128
2026-09-01 19:58:09.589 8 INFO neutron_taas.services.taas.tap_mirror_plugin [None req-25fcc668-35c3-49c5-9e56-399979918211 b127fac225854cd1bb4a0a7db28d0b62 519bbd7904474045a93d0e0b2f7d3ef1 - - default default] Tap Mirror: Handle Delete Port: 6b6e9e15-b345-456e-88c4-126492a5a128
2026-09-01 19:58:09.789 8 INFO neutron.db.l3_db [None req-25fcc668-35c3-49c5-9e56-399979918211 b127fac225854cd1bb4a0a7db28d0b62 519bbd7904474045a93d0e0b2f7d3ef1 - - default default] Floating IP 6f12d8fd-26e0-4f8c-8a7d-2896eadb1a44 disassociated (deleted). External IP: 10.96.250.205, port: c7630db9-143c-4288-a37e-776939efa9cc. [pid: 8|app: 0|req: 1666/3464] 10.0.0.4 () {32 vars in 730 bytes} [Tue Sep 1 19:58:09 2026] DELETE /v2.0/floatingips/6f12d8fd-26e0-4f8c-8a7d-2896eadb1a44 => generated 0 bytes in 450 msecs (HTTP/1.1 204) 2 headers in 112 bytes (1 switches on core 0)
2026-09-01 19:58:09.874 7 INFO neutron.api.v2.resource [None req-e7aa20bf-6937-458b-92dd-f4cd122d23bd b127fac225854cd1bb4a0a7db28d0b62 519bbd7904474045a93d0e0b2f7d3ef1 - - default default] show failed (client error): The resource could not be found. [pid: 7|app: 0|req: 1799/3465] 10.0.0.4 () {32 vars in 727 bytes} [Tue Sep 1 19:58:09 2026] GET /v2.0/floatingips/6f12d8fd-26e0-4f8c-8a7d-2896eadb1a44 => generated 144 bytes in 32 msecs (HTTP/1.1 404) 4 headers in 164 bytes (1 switches on core 0)
2026-09-01 19:58:09.907 8 INFO neutron.notifiers.nova [-] Nova event matching ['req-05c85bc1-ae7e-429d-bf2a-d31291f12f3b'] response: {'name': 'network-changed', 'server_uuid': 'da5ce22e-1391-4558-9961-72594ac1e20d', 'tag': 'c7630db9-143c-4288-a37e-776939efa9cc', 'status': 'completed', 'code': 200} /var/lib/openstack/lib/python3.12/site-packages/pycadf/identifier.py:70: UserWarning: Invalid uuid: neutron. To ensure interoperability, identifiers should be a valid uuid. warnings.warn(('Invalid uuid: %s. To ensure interoperability, ' [pid: 8|app: 0|req: 1667/3466] 10.0.0.147 () {34 vars in 990 bytes} [Tue Sep 1 19:58:10 2026] GET /v2.0/ports?device_id=da5ce22e-1391-4558-9961-72594ac1e20d => generated 1196 bytes in 99 msecs (HTTP/1.1 200) 4 headers in 158 bytes (1 switches on core 0) [pid: 7|app: 0|req: 1800/3467] 10.0.0.147 () {34 vars in 1040 bytes} [Tue Sep 1 19:58:10 2026] GET /v2.0/security-groups?id=e631fb7d-87fd-435f-bfb9-a8a027e1884c&fields=id&fields=name => generated 112 bytes in 47 msecs (HTTP/1.1 200) 4 headers in 157 bytes (1 switches on core 0) [pid: 8|app: 0|req: 1668/3468] 162.253.55.86 () {34 vars in 1079 bytes} [Tue Sep 1 19:58:10 2026] GET /v2.0/ports?tenant_id=519bbd7904474045a93d0e0b2f7d3ef1&device_id=da5ce22e-1391-4558-9961-72594ac1e20d => generated 1434 bytes in 60 msecs (HTTP/1.1 200) 4 headers in 158 bytes (1 switches on core 0) [pid: 7|app: 0|req: 1801/3469] 162.253.55.86 () {34 vars in 985 bytes} [Tue Sep 1 19:58:10 2026] GET /v2.0/networks?id=8b27b849-d5cd-41c6-b4f3-687700042e5d => generated 842 bytes in 64 msecs (HTTP/1.1 200) 4 headers in 157 bytes (1 switches on core 0) [pid: 8|app: 0|req: 1669/3470] 162.253.55.86 () {34 vars in 1055 bytes} [Tue Sep 1 19:58:10 2026] GET /v2.0/floatingips?fixed_ip_address=10.2.1.56&port_id=c7630db9-143c-4288-a37e-776939efa9cc => generated 19 bytes in 33 msecs (HTTP/1.1 200) 4 headers in 156 bytes (1 switches on core 0) [pid: 7|app: 0|req: 1802/3471] 162.253.55.86 () {34 vars in 1103 bytes} [Tue Sep 1 19:58:10 2026] GET /v2.0/floatingips?fixed_ip_address=fd7b%3Af9f7%3Afff%3A4eca%3A%3A173&port_id=c7630db9-143c-4288-a37e-776939efa9cc => generated 19 bytes in 35 msecs (HTTP/1.1 200) 4 headers in 156 bytes (1 switches on core 0) [pid: 8|app: 0|req: 1670/3472] 162.253.55.86 () {34 vars in 1063 bytes} [Tue Sep 1 19:58:10 2026] GET /v2.0/subnets?id=40d1d0d8-97b9-41bd-811a-cba92298a5dd&id=7c772f41-eb20-4d33-a689-e332bf4d0e09 => generated 1411 bytes in 50 msecs (HTTP/1.1 200) 4 headers in 158 bytes (1 switches on core 0) [pid: 7|app: 0|req: 1803/3473] 162.253.55.86 () {34 vars in 1051 bytes} [Tue Sep 1 19:58:10 2026] GET /v2.0/ports?network_id=8b27b849-d5cd-41c6-b4f3-687700042e5d&device_owner=network%3Adhcp => generated 12 bytes in 21 msecs (HTTP/1.1 200) 4 headers in 156 bytes (1 switches on core 0) [pid: 8|app: 0|req: 1671/3474] 162.253.55.86 () {34 vars in 1051 bytes} [Tue Sep 1 19:58:10 2026] GET /v2.0/ports?network_id=8b27b849-d5cd-41c6-b4f3-687700042e5d&device_owner=network%3Adhcp => generated 12 bytes in 28 msecs (HTTP/1.1 200) 4 headers in 156 bytes (1 switches on core 0) [pid: 7|app: 0|req: 1804/3475] 162.253.55.86 () {34 vars in 1011 bytes} [Tue Sep 1 19:58:10 2026] GET /v2.0/networks/8b27b849-d5cd-41c6-b4f3-687700042e5d?fields=segments => generated 14 bytes in 57 msecs (HTTP/1.1 200) 4 headers in 156 bytes (1 switches on core 0) [pid: 8|app: 0|req: 1672/3476] 162.253.55.86 () {34 vars in 1111 bytes} [Tue Sep 1 19:58:10 2026] GET /v2.0/networks/8b27b849-d5cd-41c6-b4f3-687700042e5d?fields=provider%3Aphysical_network&fields=provider%3Anetwork_type => generated 79 bytes in 82 msecs (HTTP/1.1 200) 4 headers in 156 bytes (1 switches on core 0)
2026-09-01 19:58:11.099 8 INFO neutron.plugins.ml2.drivers.ovn.mech_driver.mech_driver [None req-e77fcccb-6172-47fd-b1a5-8d3050062125 - - - - - -] OVN reports status down for port: c7630db9-143c-4288-a37e-776939efa9cc
2026-09-01 19:58:11.340 8 INFO neutron.db.ovn_revision_numbers_db [None req-e77fcccb-6172-47fd-b1a5-8d3050062125 - - - - - -] Successfully bumped revision number for resource c7630db9-143c-4288-a37e-776939efa9cc (type: ports) to 6
2026-09-01 19:58:11.960 8 INFO neutron.notifiers.nova [-] Nova event matching ['req-393bf546-fccc-48bf-bd2a-697b192ad618'] response: {'server_uuid': 'da5ce22e-1391-4558-9961-72594ac1e20d', 'name': 'network-vif-unplugged', 'status': 'completed', 'tag': 'c7630db9-143c-4288-a37e-776939efa9cc', 'code': 200}
2026-09-01 19:58:11.961 8 INFO neutron.notifiers.nova [-] Nova event matching ['req-393bf546-fccc-48bf-bd2a-697b192ad618'] response: {'server_uuid': 'da5ce22e-1391-4558-9961-72594ac1e20d', 'name': 'network-vif-unplugged', 'status': 'completed', 'tag': 'c7630db9-143c-4288-a37e-776939efa9cc', 'code': 200} [pid: 7|app: 0|req: 1806/3479] 162.253.55.86 () {34 vars in 993 bytes} [Tue Sep 1 19:58:12 2026] GET /v2.0/ports?device_id=da5ce22e-1391-4558-9961-72594ac1e20d => generated 1194 bytes in 75 msecs (HTTP/1.1 200) 4 headers in 158 bytes (1 switches on core 0) /var/lib/openstack/lib/python3.12/site-packages/pycadf/identifier.py:70: UserWarning: Invalid uuid: neutron. To ensure interoperability, identifiers should be a valid uuid. warnings.warn(('Invalid uuid: %s. To ensure interoperability, '
2026-09-01 19:58:12.514 8 INFO neutron_taas.services.taas.taas_plugin [req-baf3f168-0dbf-4345-bcb5-8afb0c2b62e7 req-dd71e168-7148-4663-adf8-91593f79309c b127fac225854cd1bb4a0a7db28d0b62 519bbd7904474045a93d0e0b2f7d3ef1 - - default default] TaaS: Handle Delete Port: c7630db9-143c-4288-a37e-776939efa9cc
2026-09-01 19:58:12.517 8 INFO neutron_taas.services.taas.tap_mirror_plugin [req-baf3f168-0dbf-4345-bcb5-8afb0c2b62e7 req-dd71e168-7148-4663-adf8-91593f79309c b127fac225854cd1bb4a0a7db28d0b62 519bbd7904474045a93d0e0b2f7d3ef1 - - default default] Tap Mirror: Handle Delete Port: c7630db9-143c-4288-a37e-776939efa9cc [pid: 8|app: 0|req: 1674/3480] 162.253.55.86 () {36 vars in 996 bytes} [Tue Sep 1 19:58:12 2026] DELETE /v2.0/ports/c7630db9-143c-4288-a37e-776939efa9cc => generated 0 bytes in 259 msecs (HTTP/1.1 204) 3 headers in 131 bytes (1 switches on core 0)
2026-09-01 19:58:14.021 8 INFO neutron.notifiers.nova [-] Nova event matching ['req-02aa8f4b-0e21-480d-b778-d3d6289fb2e7'] response: {'server_uuid': 'da5ce22e-1391-4558-9961-72594ac1e20d', 'name': 'network-vif-deleted', 'tag': 'c7630db9-143c-4288-a37e-776939efa9cc', 'status': 'completed', 'code': 200} [pid: 7|app: 0|req: 1807/3481] 10.0.0.147 () {34 vars in 990 bytes} [Tue Sep 1 19:58:15 2026] GET /v2.0/ports?device_id=da5ce22e-1391-4558-9961-72594ac1e20d => generated 12 bytes in 28 msecs (HTTP/1.1 200) 4 headers in 156 bytes (1 switches on core 0) [pid: 8|app: 0|req: 1675/3482] 10.0.0.4 () {32 vars in 748 bytes} [Tue Sep 1 19:58:20 2026] DELETE /v2.0/security-group-rules/9007a02f-d950-4b21-aa83-eb5e4302499f => generated 0 bytes in 249 msecs (HTTP/1.1 204) 2 headers in 112 bytes (1 switches on core 0)
2026-09-01 19:58:20.694 8 INFO neutron.api.v2.resource [None req-c811ec57-a508-40d4-b480-dceaac867047 b127fac225854cd1bb4a0a7db28d0b62 519bbd7904474045a93d0e0b2f7d3ef1 - - default default] show failed (client error): The resource could not be found. [pid: 8|app: 0|req: 1676/3483] 10.0.0.4 () {32 vars in 745 bytes} [Tue Sep 1 19:58:20 2026] GET /v2.0/security-group-rules/9007a02f-d950-4b21-aa83-eb5e4302499f => generated 155 bytes in 13 msecs (HTTP/1.1 404) 4 headers in 164 bytes (1 switches on core 0) [pid: 7|app: 0|req: 1808/3484] 10.0.0.78 () {28 vars in 578 bytes} [Tue Sep 1 19:58:20 2026] GET /v2.0/ports => generated 12560 bytes in 148 msecs (HTTP/1.1 200) 4 headers in 159 bytes (1 switches on core 0) [pid: 7|app: 0|req: 1809/3485] 10.0.0.78 () {28 vars in 582 bytes} [Tue Sep 1 19:58:20 2026] GET /v2.0/subnets => generated 5513 bytes in 65 msecs (HTTP/1.1 200) 4 headers in 158 bytes (1 switches on core 0) [pid: 8|app: 0|req: 1677/3486] 10.0.0.4 () {32 vars in 748 bytes} [Tue Sep 1 19:58:20 2026] DELETE /v2.0/security-group-rules/44843cc9-2737-4bc8-a707-013745d82adb => generated 0 bytes in 187 msecs (HTTP/1.1 204) 2 headers in 112 bytes (1 switches on core 0)
2026-09-01 19:58:20.905 8 INFO neutron.api.v2.resource [None req-ae4fd13b-9144-4034-b6da-3790e17e9935 b127fac225854cd1bb4a0a7db28d0b62 519bbd7904474045a93d0e0b2f7d3ef1 - - default default] show failed (client error): The resource could not be found. [pid: 8|app: 0|req: 1678/3487] 10.0.0.4 () {32 vars in 745 bytes} [Tue Sep 1 19:58:20 2026] GET /v2.0/security-group-rules/44843cc9-2737-4bc8-a707-013745d82adb => generated 155 bytes in 14 msecs (HTTP/1.1 404) 4 headers in 164 bytes (1 switches on core 0) [pid: 7|app: 0|req: 1810/3488] 10.0.0.78 () {28 vars in 582 bytes} [Tue Sep 1 19:58:20 2026] GET /v2.0/subnets => generated 5513 bytes in 70 msecs (HTTP/1.1 200) 4 headers in 158 bytes (1 switches on core 0) [pid: 7|app: 0|req: 1811/3489] 10.0.0.78 () {28 vars in 590 bytes} [Tue Sep 1 19:58:20 2026] GET /v2.0/subnetpools => generated 19 bytes in 14 msecs (HTTP/1.1 200) 4 headers in 156 bytes (1 switches on core 0) [pid: 7|app: 0|req: 1812/3490] 10.0.0.78 () {28 vars in 598 bytes} [Tue Sep 1 19:58:20 2026] GET /v2.0/security-groups => generated 27423 bytes in 46 msecs (HTTP/1.1 200) 4 headers in 159 bytes (1 switches on core 0) [pid: 7|app: 0|req: 1813/3491] 10.0.0.78 () {28 vars in 590 bytes} [Tue Sep 1 19:58:21 2026] GET /v2.0/floatingips => generated 19 bytes in 14 msecs (HTTP/1.1 200) 4 headers in 156 bytes (1 switches on core 0) [pid: 7|app: 0|req: 1814/3492] 10.0.0.78 () {28 vars in 618 bytes} [Tue Sep 1 19:58:21 2026] GET /v2.0/network-ip-availabilities => generated 3189 bytes in 13 msecs (HTTP/1.1 200) 4 headers in 158 bytes (1 switches on core 0) [pid: 8|app: 0|req: 1679/3493] 10.0.0.4 () {32 vars in 748 bytes} [Tue Sep 1 19:58:20 2026] DELETE /v2.0/security-group-rules/65d1de6e-968c-4300-be08-a14167bf4bd7 => generated 0 bytes in 157 msecs (HTTP/1.1 204) 2 headers in 112 bytes (1 switches on core 0)
2026-09-01 19:58:21.084 8 INFO neutron.api.v2.resource [None req-125a1480-f8e2-4caf-9c81-d2540fa02f16 b127fac225854cd1bb4a0a7db28d0b62 519bbd7904474045a93d0e0b2f7d3ef1 - - default default] show failed (client error): The resource could not be found. [pid: 8|app: 0|req: 1680/3494] 10.0.0.4 () {32 vars in 745 bytes} [Tue Sep 1 19:58:21 2026] GET /v2.0/security-group-rules/65d1de6e-968c-4300-be08-a14167bf4bd7 => generated 155 bytes in 9 msecs (HTTP/1.1 404) 4 headers in 164 bytes (1 switches on core 0) [pid: 7|app: 0|req: 1815/3495] 10.0.0.78 () {28 vars in 582 bytes} [Tue Sep 1 19:58:21 2026] GET /v2.0/routers => generated 965 bytes in 53 msecs (HTTP/1.1 200) 4 headers in 157 bytes (1 switches on core 0) [pid: 7|app: 0|req: 1816/3496] 10.0.0.78 () {28 vars in 623 bytes} [Tue Sep 1 19:58:21 2026] GET /v2.0/agents?binary=ovn-controller => generated 416 bytes in 21 msecs (HTTP/1.1 200) 4 headers in 157 bytes (1 switches on core 0) [pid: 7|app: 0|req: 1817/3497] 10.0.0.78 () {28 vars in 580 bytes} [Tue Sep 1 19:58:21 2026] GET /v2.0/agents => generated 1214 bytes in 9 msecs (HTTP/1.1 200) 4 headers in 158 bytes (1 switches on core 0) [pid: 7|app: 0|req: 1818/3498] 10.0.0.78 () {28 vars in 584 bytes} [Tue Sep 1 19:58:21 2026] GET /v2.0/networks => generated 4773 bytes in 52 msecs (HTTP/1.1 200) 4 headers in 158 bytes (1 switches on core 0) [pid: 8|app: 0|req: 1681/3499] 10.0.0.4 () {32 vars in 748 bytes} [Tue Sep 1 19:58:21 2026] DELETE /v2.0/security-group-rules/8fbfb16b-1442-4934-83ad-09e904749835 => generated 0 bytes in 210 msecs (HTTP/1.1 204) 2 headers in 112 bytes (1 switches on core 0)
2026-09-01 19:58:21.316 7 INFO neutron.api.v2.resource [None req-1514d339-5e20-49be-a7d3-d56cb67ef79e b127fac225854cd1bb4a0a7db28d0b62 519bbd7904474045a93d0e0b2f7d3ef1 - - default default] show failed (client error): The resource could not be found. [pid: 7|app: 0|req: 1819/3500] 10.0.0.4 () {32 vars in 745 bytes} [Tue Sep 1 19:58:21 2026] GET /v2.0/security-group-rules/8fbfb16b-1442-4934-83ad-09e904749835 => generated 155 bytes in 14 msecs (HTTP/1.1 404) 4 headers in 164 bytes (1 switches on core 0) [pid: 8|app: 0|req: 1682/3501] 10.0.0.4 () {32 vars in 748 bytes} [Tue Sep 1 19:58:21 2026] DELETE /v2.0/security-group-rules/00105998-4230-45c4-8b09-e29e2e100925 => generated 0 bytes in 155 msecs (HTTP/1.1 204) 2 headers in 112 bytes (1 switches on core 0)
2026-09-01 19:58:21.500 7 INFO neutron.api.v2.resource [None req-8b07a258-175e-42d7-becb-b5c45f59a3ca b127fac225854cd1bb4a0a7db28d0b62 519bbd7904474045a93d0e0b2f7d3ef1 - - default default] show failed (client error): The resource could not be found. [pid: 7|app: 0|req: 1820/3502] 10.0.0.4 () {32 vars in 745 bytes} [Tue Sep 1 19:58:21 2026] GET /v2.0/security-group-rules/00105998-4230-45c4-8b09-e29e2e100925 => generated 155 bytes in 17 msecs (HTTP/1.1 404) 4 headers in 164 bytes (1 switches on core 0) [pid: 8|app: 0|req: 1683/3503] 10.0.0.4 () {32 vars in 748 bytes} [Tue Sep 1 19:58:21 2026] DELETE /v2.0/security-group-rules/c49677ec-fce9-407b-ab98-ddb9874d9255 => generated 0 bytes in 162 msecs (HTTP/1.1 204) 2 headers in 112 bytes (1 switches on core 0)
2026-09-01 19:58:21.687 7 INFO neutron.api.v2.resource [None req-ba8226a9-fb71-485c-9cf9-fb80cbf2d6be b127fac225854cd1bb4a0a7db28d0b62 519bbd7904474045a93d0e0b2f7d3ef1 - - default default] show failed (client error): The resource could not be found. [pid: 7|app: 0|req: 1821/3504] 10.0.0.4 () {32 vars in 745 bytes} [Tue Sep 1 19:58:21 2026] GET /v2.0/security-group-rules/c49677ec-fce9-407b-ab98-ddb9874d9255 => generated 155 bytes in 15 msecs (HTTP/1.1 404) 4 headers in 164 bytes (1 switches on core 0) [pid: 8|app: 0|req: 1684/3505] 10.0.0.4 () {32 vars in 748 bytes} [Tue Sep 1 19:58:21 2026] DELETE /v2.0/security-group-rules/a1763e1d-94de-4847-95ac-eb1c68a7bb6b => generated 0 bytes in 185 msecs (HTTP/1.1 204) 2 headers in 112 bytes (1 switches on core 0)
2026-09-01 19:58:21.891 7 INFO neutron.api.v2.resource [None req-3fb03254-c8e5-487b-92f3-bb3dbce4fb83 b127fac225854cd1bb4a0a7db28d0b62 519bbd7904474045a93d0e0b2f7d3ef1 - - default default] show failed (client error): The resource could not be found. [pid: 7|app: 0|req: 1822/3506] 10.0.0.4 () {32 vars in 745 bytes} [Tue Sep 1 19:58:21 2026] GET /v2.0/security-group-rules/a1763e1d-94de-4847-95ac-eb1c68a7bb6b => generated 155 bytes in 10 msecs (HTTP/1.1 404) 4 headers in 164 bytes (1 switches on core 0) [pid: 8|app: 0|req: 1685/3507] 10.0.0.4 () {32 vars in 748 bytes} [Tue Sep 1 19:58:21 2026] DELETE /v2.0/security-group-rules/b22b8571-431f-4634-8881-bdb79956f73b => generated 0 bytes in 189 msecs (HTTP/1.1 204) 2 headers in 112 bytes (1 switches on core 0)
2026-09-01 19:58:22.104 7 INFO neutron.api.v2.resource [None req-86aede38-a657-4e92-b02d-0a18a02d3dde b127fac225854cd1bb4a0a7db28d0b62 519bbd7904474045a93d0e0b2f7d3ef1 - - default default] show failed (client error): The resource could not be found. [pid: 7|app: 0|req: 1823/3508] 10.0.0.4 () {32 vars in 745 bytes} [Tue Sep 1 19:58:22 2026] GET /v2.0/security-group-rules/b22b8571-431f-4634-8881-bdb79956f73b => generated 155 bytes in 13 msecs (HTTP/1.1 404) 4 headers in 164 bytes (1 switches on core 0) [pid: 8|app: 0|req: 1686/3509] 10.0.0.4 () {32 vars in 748 bytes} [Tue Sep 1 19:58:22 2026] DELETE /v2.0/security-group-rules/07dc15cb-ed4a-467c-81c9-7ebb81ca24c0 => generated 0 bytes in 139 msecs (HTTP/1.1 204) 2 headers in 112 bytes (1 switches on core 0)
2026-09-01 19:58:22.269 7 INFO neutron.api.v2.resource [None req-0b229bf7-5254-455e-a373-ff3f9dc14cb3 b127fac225854cd1bb4a0a7db28d0b62 519bbd7904474045a93d0e0b2f7d3ef1 - - default default] show failed (client error): The resource could not be found. [pid: 7|app: 0|req: 1824/3510] 10.0.0.4 () {32 vars in 745 bytes} [Tue Sep 1 19:58:22 2026] GET /v2.0/security-group-rules/07dc15cb-ed4a-467c-81c9-7ebb81ca24c0 => generated 155 bytes in 17 msecs (HTTP/1.1 404) 4 headers in 164 bytes (1 switches on core 0) [pid: 8|app: 0|req: 1687/3511] 10.0.0.4 () {32 vars in 748 bytes} [Tue Sep 1 19:58:22 2026] DELETE /v2.0/security-group-rules/fb2835cf-a686-4329-b068-7f91763662e6 => generated 0 bytes in 186 msecs (HTTP/1.1 204) 2 headers in 112 bytes (1 switches on core 0)
2026-09-01 19:58:22.479 7 INFO neutron.api.v2.resource [None req-51a8a727-7575-41a7-bb36-160b86f50ad5 b127fac225854cd1bb4a0a7db28d0b62 519bbd7904474045a93d0e0b2f7d3ef1 - - default default] show failed (client error): The resource could not be found. [pid: 7|app: 0|req: 1825/3512] 10.0.0.4 () {32 vars in 745 bytes} [Tue Sep 1 19:58:22 2026] GET /v2.0/security-group-rules/fb2835cf-a686-4329-b068-7f91763662e6 => generated 155 bytes in 15 msecs (HTTP/1.1 404) 4 headers in 164 bytes (1 switches on core 0) [pid: 8|app: 0|req: 1688/3513] 10.0.0.4 () {32 vars in 748 bytes} [Tue Sep 1 19:58:22 2026] DELETE /v2.0/security-group-rules/da76a07b-6870-499c-a706-3cee5d8da1d3 => generated 0 bytes in 155 msecs (HTTP/1.1 204) 2 headers in 112 bytes (1 switches on core 0)
2026-09-01 19:58:22.658 7 INFO neutron.api.v2.resource [None req-b9c88d84-6a83-460f-97c4-e46f802a5113 b127fac225854cd1bb4a0a7db28d0b62 519bbd7904474045a93d0e0b2f7d3ef1 - - default default] show failed (client error): The resource could not be found. [pid: 7|app: 0|req: 1826/3514] 10.0.0.4 () {32 vars in 745 bytes} [Tue Sep 1 19:58:22 2026] GET /v2.0/security-group-rules/da76a07b-6870-499c-a706-3cee5d8da1d3 => generated 155 bytes in 15 msecs (HTTP/1.1 404) 4 headers in 164 bytes (1 switches on core 0) [pid: 8|app: 0|req: 1689/3515] 10.0.0.4 () {32 vars in 738 bytes} [Tue Sep 1 19:58:22 2026] DELETE /v2.0/security-groups/e631fb7d-87fd-435f-bfb9-a8a027e1884c => generated 0 bytes in 162 msecs (HTTP/1.1 204) 2 headers in 112 bytes (1 switches on core 0)
2026-09-01 19:58:22.855 7 INFO neutron.api.v2.resource [None req-047bf3b3-1a74-4b94-890b-b0fd0e4d677c b127fac225854cd1bb4a0a7db28d0b62 519bbd7904474045a93d0e0b2f7d3ef1 - - default default] show failed (client error): The resource could not be found. [pid: 7|app: 0|req: 1827/3516] 10.0.0.4 () {32 vars in 735 bytes} [Tue Sep 1 19:58:22 2026] GET /v2.0/security-groups/e631fb7d-87fd-435f-bfb9-a8a027e1884c => generated 146 bytes in 25 msecs (HTTP/1.1 404) 4 headers in 164 bytes (1 switches on core 0)
2026-09-01 19:58:23.210 8 INFO neutron_taas.services.taas.taas_plugin [None req-60ce431c-8fae-4de8-bd5a-067560e98b84 b127fac225854cd1bb4a0a7db28d0b62 519bbd7904474045a93d0e0b2f7d3ef1 - - default default] TaaS: Handle Delete Port: d1d615b0-2bb1-4f54-954a-ef8579265a0a
2026-09-01 19:58:23.213 8 INFO neutron_taas.services.taas.tap_mirror_plugin [None req-60ce431c-8fae-4de8-bd5a-067560e98b84 b127fac225854cd1bb4a0a7db28d0b62 519bbd7904474045a93d0e0b2f7d3ef1 - - default default] Tap Mirror: Handle Delete Port: d1d615b0-2bb1-4f54-954a-ef8579265a0a [pid: 8|app: 0|req: 1690/3517] 10.0.0.4 () {34 vars in 787 bytes} [Tue Sep 1 19:58:22 2026] PUT /v2.0/routers/51c5e6e4-f52e-401b-b5c2-bf1ebacedc11/remove_router_interface => generated 309 bytes in 846 msecs (HTTP/1.1 200) 4 headers in 157 bytes (1 switches on core 0)
2026-09-01 19:58:23.920 7 INFO neutron.api.v2.resource [None req-55f67042-2fa2-4bb6-800d-6ab3e6af875d b127fac225854cd1bb4a0a7db28d0b62 519bbd7904474045a93d0e0b2f7d3ef1 - - default default] remove_router_interface failed (client error): The resource could not be found. [pid: 7|app: 0|req: 1828/3518] 10.0.0.4 () {34 vars in 787 bytes} [Tue Sep 1 19:58:23 2026] PUT /v2.0/routers/51c5e6e4-f52e-401b-b5c2-bf1ebacedc11/remove_router_interface => generated 198 bytes in 141 msecs (HTTP/1.1 404) 4 headers in 164 bytes (1 switches on core 0) /var/lib/openstack/lib/python3.12/site-packages/pycadf/identifier.py:70: UserWarning: Invalid uuid: neutron. To ensure interoperability, identifiers should be a valid uuid. warnings.warn(('Invalid uuid: %s. To ensure interoperability, '
2026-09-01 19:58:24.196 8 INFO neutron_taas.services.taas.taas_plugin [None req-4ebeb405-0e54-43e8-a1b5-1100a437eddc b127fac225854cd1bb4a0a7db28d0b62 519bbd7904474045a93d0e0b2f7d3ef1 - - default default] TaaS: Handle Delete Port: 42236f9d-c09f-4011-902c-562bb57c31dd
2026-09-01 19:58:24.199 8 INFO neutron_taas.services.taas.tap_mirror_plugin [None req-4ebeb405-0e54-43e8-a1b5-1100a437eddc b127fac225854cd1bb4a0a7db28d0b62 519bbd7904474045a93d0e0b2f7d3ef1 - - default default] Tap Mirror: Handle Delete Port: 42236f9d-c09f-4011-902c-562bb57c31dd [pid: 8|app: 0|req: 1691/3519] 10.0.0.4 () {34 vars in 787 bytes} [Tue Sep 1 19:58:23 2026] PUT /v2.0/routers/51c5e6e4-f52e-401b-b5c2-bf1ebacedc11/remove_router_interface => generated 309 bytes in 832 msecs (HTTP/1.1 200) 4 headers in 157 bytes (1 switches on core 0)
2026-09-01 19:58:24.922 7 INFO neutron.api.v2.resource [None req-d78b469f-374c-45b8-96d8-01b3374283cb b127fac225854cd1bb4a0a7db28d0b62 519bbd7904474045a93d0e0b2f7d3ef1 - - default default] remove_router_interface failed (client error): The resource could not be found. [pid: 7|app: 0|req: 1829/3520] 10.0.0.4 () {34 vars in 787 bytes} [Tue Sep 1 19:58:24 2026] PUT /v2.0/routers/51c5e6e4-f52e-401b-b5c2-bf1ebacedc11/remove_router_interface => generated 198 bytes in 159 msecs (HTTP/1.1 404) 4 headers in 164 bytes (1 switches on core 0) /var/lib/openstack/lib/python3.12/site-packages/pycadf/identifier.py:70: UserWarning: Invalid uuid: neutron. To ensure interoperability, identifiers should be a valid uuid. warnings.warn(('Invalid uuid: %s. To ensure interoperability, '
2026-09-01 19:58:25.270 8 INFO neutron_taas.services.taas.taas_plugin [None req-3244c84a-a061-495a-a319-38e7d5744076 b127fac225854cd1bb4a0a7db28d0b62 519bbd7904474045a93d0e0b2f7d3ef1 - - default default] TaaS: Handle Delete Port: c27d0637-d0e6-408a-802e-ac08f566a52d
2026-09-01 19:58:25.273 8 INFO neutron_taas.services.taas.tap_mirror_plugin [None req-3244c84a-a061-495a-a319-38e7d5744076 b127fac225854cd1bb4a0a7db28d0b62 519bbd7904474045a93d0e0b2f7d3ef1 - - default default] Tap Mirror: Handle Delete Port: c27d0637-d0e6-408a-802e-ac08f566a52d [pid: 8|app: 0|req: 1692/3521] 10.0.0.4 () {34 vars in 787 bytes} [Tue Sep 1 19:58:24 2026] PUT /v2.0/routers/51c5e6e4-f52e-401b-b5c2-bf1ebacedc11/remove_router_interface => generated 309 bytes in 879 msecs (HTTP/1.1 200) 4 headers in 157 bytes (1 switches on core 0)
2026-09-01 19:58:25.997 7 INFO neutron.api.v2.resource [None req-0b2e2276-06b4-43aa-9ff9-14df2d35d194 b127fac225854cd1bb4a0a7db28d0b62 519bbd7904474045a93d0e0b2f7d3ef1 - - default default] remove_router_interface failed (client error): The resource could not be found. [pid: 7|app: 0|req: 1830/3522] 10.0.0.4 () {34 vars in 787 bytes} [Tue Sep 1 19:58:25 2026] PUT /v2.0/routers/51c5e6e4-f52e-401b-b5c2-bf1ebacedc11/remove_router_interface => generated 198 bytes in 183 msecs (HTTP/1.1 404) 4 headers in 164 bytes (1 switches on core 0) /var/lib/openstack/lib/python3.12/site-packages/pycadf/identifier.py:70: UserWarning: Invalid uuid: neutron. To ensure interoperability, identifiers should be a valid uuid. warnings.warn(('Invalid uuid: %s. To ensure interoperability, '
2026-09-01 19:58:26.382 8 INFO neutron_taas.services.taas.taas_plugin [None req-80db6e4c-c511-41cb-a8f3-7f3d9d9f740e b127fac225854cd1bb4a0a7db28d0b62 519bbd7904474045a93d0e0b2f7d3ef1 - - default default] TaaS: Handle Delete Port: eadb92a3-2f9b-4310-bf6b-18181697966c
2026-09-01 19:58:26.384 8 INFO neutron_taas.services.taas.tap_mirror_plugin [None req-80db6e4c-c511-41cb-a8f3-7f3d9d9f740e b127fac225854cd1bb4a0a7db28d0b62 519bbd7904474045a93d0e0b2f7d3ef1 - - default default] Tap Mirror: Handle Delete Port: eadb92a3-2f9b-4310-bf6b-18181697966c [pid: 8|app: 0|req: 1693/3525] 10.0.0.4 () {32 vars in 722 bytes} [Tue Sep 1 19:58:26 2026] DELETE /v2.0/routers/51c5e6e4-f52e-401b-b5c2-bf1ebacedc11 => generated 0 bytes in 1354 msecs (HTTP/1.1 204) 2 headers in 112 bytes (1 switches on core 0)
2026-09-01 19:58:27.392 7 INFO neutron.api.v2.resource [None req-29ca5909-7b55-41b1-a734-9c610bef04a2 b127fac225854cd1bb4a0a7db28d0b62 519bbd7904474045a93d0e0b2f7d3ef1 - - default default] show failed (client error): The resource could not be found. [pid: 7|app: 0|req: 1833/3526] 10.0.0.4 () {32 vars in 719 bytes} [Tue Sep 1 19:58:27 2026] GET /v2.0/routers/51c5e6e4-f52e-401b-b5c2-bf1ebacedc11 => generated 135 bytes in 31 msecs (HTTP/1.1 404) 4 headers in 164 bytes (1 switches on core 0) [pid: 8|app: 0|req: 1694/3527] 10.0.0.4 () {32 vars in 722 bytes} [Tue Sep 1 19:58:27 2026] DELETE /v2.0/subnets/d9d1061c-8458-47b0-999f-1496c8151fff => generated 0 bytes in 134 msecs (HTTP/1.1 204) 3 headers in 131 bytes (1 switches on core 0)
2026-09-01 19:58:27.560 7 INFO neutron.pecan_wsgi.hooks.translation [None req-b88eba3e-15f5-4234-bcc5-7ffdb0ff1e3f b127fac225854cd1bb4a0a7db28d0b62 519bbd7904474045a93d0e0b2f7d3ef1 - - default default] GET failed (client error): The resource could not be found. [pid: 7|app: 0|req: 1834/3528] 10.0.0.4 () {32 vars in 719 bytes} [Tue Sep 1 19:58:27 2026] GET /v2.0/subnets/d9d1061c-8458-47b0-999f-1496c8151fff => generated 136 bytes in 22 msecs (HTTP/1.1 404) 4 headers in 164 bytes (1 switches on core 0) [pid: 8|app: 0|req: 1695/3529] 10.0.0.4 () {32 vars in 722 bytes} [Tue Sep 1 19:58:27 2026] DELETE /v2.0/subnets/ea2e2879-70ed-44ce-b53c-ed25df39b41c => generated 0 bytes in 194 msecs (HTTP/1.1 204) 3 headers in 131 bytes (1 switches on core 0)
2026-09-01 19:58:27.787 7 INFO neutron.pecan_wsgi.hooks.translation [None req-93127fb7-18d8-41b5-acce-2cee4e436664 b127fac225854cd1bb4a0a7db28d0b62 519bbd7904474045a93d0e0b2f7d3ef1 - - default default] GET failed (client error): The resource could not be found. [pid: 7|app: 0|req: 1835/3530] 10.0.0.4 () {32 vars in 719 bytes} [Tue Sep 1 19:58:27 2026] GET /v2.0/subnets/ea2e2879-70ed-44ce-b53c-ed25df39b41c => generated 136 bytes in 22 msecs (HTTP/1.1 404) 4 headers in 164 bytes (1 switches on core 0)
2026-09-01 19:58:27.972 8 INFO neutron_taas.services.taas.taas_plugin [None req-decd90ee-85a1-4a09-b18a-8d7fd3afcea9 b127fac225854cd1bb4a0a7db28d0b62 519bbd7904474045a93d0e0b2f7d3ef1 - - default default] TaaS: Handle Delete Port: 9ac41e89-6169-4a00-9b60-59ed1154b1f3
2026-09-01 19:58:27.977 8 INFO neutron_taas.services.taas.tap_mirror_plugin [None req-decd90ee-85a1-4a09-b18a-8d7fd3afcea9 b127fac225854cd1bb4a0a7db28d0b62 519bbd7904474045a93d0e0b2f7d3ef1 - - default default] Tap Mirror: Handle Delete Port: 9ac41e89-6169-4a00-9b60-59ed1154b1f3
2026-09-01 19:58:28.190 8 INFO neutron.services.segments.plugin [-] Segment 21abf3a4-b39f-4d89-b765-8bf3bb941e0c resource provider aggregate not found
2026-09-01 19:58:28.197 8 INFO neutron.services.segments.plugin [-] Segment 21abf3a4-b39f-4d89-b765-8bf3bb941e0c resource provider aggregate not found
2026-09-01 19:58:28.216 8 INFO neutron.services.segments.plugin [-] Client error retrieving segment 21abf3a4-b39f-4d89-b765-8bf3bb941e0c resource provider; error: Placement Client Error (4xx): {"errors": [{"status": 404, "title": "Not Found", "detail": "The resource could not be found.\n\n No resource provider with uuid 21abf3a4-b39f-4d89-b765-8bf3bb941e0c found for delete ", "request_id": "req-5c25a3ba-3a3c-4ca2-a0c7-834596022760"}]}
2026-09-01 19:58:28.218 8 INFO neutron.services.segments.plugin [-] Client error retrieving segment 21abf3a4-b39f-4d89-b765-8bf3bb941e0c resource provider; error: Placement Client Error (4xx): {"errors": [{"status": 404, "title": "Not Found", "detail": "The resource could not be found.\n\n No resource provider with uuid 21abf3a4-b39f-4d89-b765-8bf3bb941e0c found for delete ", "request_id": "req-f2c57146-837d-4304-aa9c-17ca1e1a005f"}]} [pid: 8|app: 0|req: 1696/3531] 10.0.0.4 () {32 vars in 724 bytes} [Tue Sep 1 19:58:27 2026] DELETE /v2.0/networks/7f9fba54-4d25-45fd-be25-f855ade60263 => generated 0 bytes in 459 msecs (HTTP/1.1 204) 3 headers in 131 bytes (1 switches on core 0)
2026-09-01 19:58:28.275 7 INFO neutron.pecan_wsgi.hooks.translation [None req-81ee7d94-3e50-493c-b6ca-1662c03e5826 b127fac225854cd1bb4a0a7db28d0b62 519bbd7904474045a93d0e0b2f7d3ef1 - - default default] GET failed (client error): The resource could not be found. [pid: 7|app: 0|req: 1836/3532] 10.0.0.4 () {32 vars in 721 bytes} [Tue Sep 1 19:58:28 2026] GET /v2.0/networks/7f9fba54-4d25-45fd-be25-f855ade60263 => generated 138 bytes in 19 msecs (HTTP/1.1 404) 4 headers in 164 bytes (1 switches on core 0) [pid: 8|app: 0|req: 1697/3533] 10.0.0.4 () {32 vars in 722 bytes} [Tue Sep 1 19:58:28 2026] DELETE /v2.0/subnets/40d1d0d8-97b9-41bd-811a-cba92298a5dd => generated 0 bytes in 132 msecs (HTTP/1.1 204) 3 headers in 131 bytes (1 switches on core 0)
2026-09-01 19:58:28.437 7 INFO neutron.pecan_wsgi.hooks.translation [None req-e8c3c43f-4a10-4420-9f1f-dd24aeae508b b127fac225854cd1bb4a0a7db28d0b62 519bbd7904474045a93d0e0b2f7d3ef1 - - default default] GET failed (client error): The resource could not be found. [pid: 7|app: 0|req: 1837/3534] 10.0.0.4 () {32 vars in 719 bytes} [Tue Sep 1 19:58:28 2026] GET /v2.0/subnets/40d1d0d8-97b9-41bd-811a-cba92298a5dd => generated 136 bytes in 20 msecs (HTTP/1.1 404) 4 headers in 164 bytes (1 switches on core 0) [pid: 8|app: 0|req: 1698/3535] 10.0.0.4 () {32 vars in 722 bytes} [Tue Sep 1 19:58:28 2026] DELETE /v2.0/subnets/7c772f41-eb20-4d33-a689-e332bf4d0e09 => generated 0 bytes in 138 msecs (HTTP/1.1 204) 3 headers in 131 bytes (1 switches on core 0)
2026-09-01 19:58:28.607 7 INFO neutron.pecan_wsgi.hooks.translation [None req-7ed265a9-4d19-40d0-be7b-acf46c8a6b86 b127fac225854cd1bb4a0a7db28d0b62 519bbd7904474045a93d0e0b2f7d3ef1 - - default default] GET failed (client error): The resource could not be found. [pid: 7|app: 0|req: 1838/3536] 10.0.0.4 () {32 vars in 719 bytes} [Tue Sep 1 19:58:28 2026] GET /v2.0/subnets/7c772f41-eb20-4d33-a689-e332bf4d0e09 => generated 136 bytes in 22 msecs (HTTP/1.1 404) 4 headers in 164 bytes (1 switches on core 0)
2026-09-01 19:58:28.740 8 INFO neutron_taas.services.taas.taas_plugin [None req-b66f16ab-551c-4675-8a9a-2465b864f45d b127fac225854cd1bb4a0a7db28d0b62 519bbd7904474045a93d0e0b2f7d3ef1 - - default default] TaaS: Handle Delete Port: f3545fff-fb38-476f-be25-c1fe13eb0c5e
2026-09-01 19:58:28.743 8 INFO neutron_taas.services.taas.tap_mirror_plugin [None req-b66f16ab-551c-4675-8a9a-2465b864f45d b127fac225854cd1bb4a0a7db28d0b62 519bbd7904474045a93d0e0b2f7d3ef1 - - default default] Tap Mirror: Handle Delete Port: f3545fff-fb38-476f-be25-c1fe13eb0c5e [pid: 8|app: 0|req: 1699/3537] 10.0.0.4 () {32 vars in 724 bytes} [Tue Sep 1 19:58:28 2026] DELETE /v2.0/networks/8b27b849-d5cd-41c6-b4f3-687700042e5d => generated 0 bytes in 415 msecs (HTTP/1.1 204) 3 headers in 131 bytes (1 switches on core 0)
2026-09-01 19:58:29.051 7 INFO neutron.pecan_wsgi.hooks.translation [None req-d25d3155-2aa3-4270-a7a2-0b9cdabdbdbb b127fac225854cd1bb4a0a7db28d0b62 519bbd7904474045a93d0e0b2f7d3ef1 - - default default] GET failed (client error): The resource could not be found. [pid: 7|app: 0|req: 1839/3538] 10.0.0.4 () {32 vars in 721 bytes} [Tue Sep 1 19:58:29 2026] GET /v2.0/networks/8b27b849-d5cd-41c6-b4f3-687700042e5d => generated 138 bytes in 18 msecs (HTTP/1.1 404) 4 headers in 164 bytes (1 switches on core 0) [pid: 8|app: 0|req: 1700/3539] 10.0.0.4 () {32 vars in 722 bytes} [Tue Sep 1 19:58:29 2026] DELETE /v2.0/subnets/a1057948-416b-41b2-a4b5-400e7a810e97 => generated 0 bytes in 145 msecs (HTTP/1.1 204) 3 headers in 131 bytes (1 switches on core 0)
2026-09-01 19:58:29.224 7 INFO neutron.pecan_wsgi.hooks.translation [None req-4c4fd53b-b76e-44c9-a97d-f7fb32010cda b127fac225854cd1bb4a0a7db28d0b62 519bbd7904474045a93d0e0b2f7d3ef1 - - default default] GET failed (client error): The resource could not be found. [pid: 7|app: 0|req: 1840/3540] 10.0.0.4 () {32 vars in 719 bytes} [Tue Sep 1 19:58:29 2026] GET /v2.0/subnets/a1057948-416b-41b2-a4b5-400e7a810e97 => generated 136 bytes in 18 msecs (HTTP/1.1 404) 4 headers in 164 bytes (1 switches on core 0) [pid: 8|app: 0|req: 1701/3541] 10.0.0.4 () {32 vars in 722 bytes} [Tue Sep 1 19:58:29 2026] DELETE /v2.0/subnets/419a6ae9-a8d9-49e1-97d7-1b8371857539 => generated 0 bytes in 144 msecs (HTTP/1.1 204) 3 headers in 131 bytes (1 switches on core 0)
2026-09-01 19:58:29.395 7 INFO neutron.pecan_wsgi.hooks.translation [None req-081b693c-6538-4bcf-834c-24068ff5aa03 b127fac225854cd1bb4a0a7db28d0b62 519bbd7904474045a93d0e0b2f7d3ef1 - - default default] GET failed (client error): The resource could not be found. [pid: 7|app: 0|req: 1841/3542] 10.0.0.4 () {32 vars in 719 bytes} [Tue Sep 1 19:58:29 2026] GET /v2.0/subnets/419a6ae9-a8d9-49e1-97d7-1b8371857539 => generated 136 bytes in 18 msecs (HTTP/1.1 404) 4 headers in 164 bytes (1 switches on core 0)
2026-09-01 19:58:29.517 8 INFO neutron_taas.services.taas.taas_plugin [None req-e86fd7fa-59ec-4af1-b5c4-6bec7dcef5f4 b127fac225854cd1bb4a0a7db28d0b62 519bbd7904474045a93d0e0b2f7d3ef1 - - default default] TaaS: Handle Delete Port: 8d4e41ce-b65e-4aa4-8b1f-aa6e1ea05b7a
2026-09-01 19:58:29.520 8 INFO neutron_taas.services.taas.tap_mirror_plugin [None req-e86fd7fa-59ec-4af1-b5c4-6bec7dcef5f4 b127fac225854cd1bb4a0a7db28d0b62 519bbd7904474045a93d0e0b2f7d3ef1 - - default default] Tap Mirror: Handle Delete Port: 8d4e41ce-b65e-4aa4-8b1f-aa6e1ea05b7a [pid: 8|app: 0|req: 1702/3543] 10.0.0.4 () {32 vars in 724 bytes} [Tue Sep 1 19:58:29 2026] DELETE /v2.0/networks/40a87bfe-7501-48b9-87cf-b61970841d45 => generated 0 bytes in 382 msecs (HTTP/1.1 204) 3 headers in 131 bytes (1 switches on core 0)
2026-09-01 19:58:29.807 7 INFO neutron.pecan_wsgi.hooks.translation [None req-90053d3e-87e1-40eb-86cd-f97dc8c0ad65 b127fac225854cd1bb4a0a7db28d0b62 519bbd7904474045a93d0e0b2f7d3ef1 - - default default] GET failed (client error): The resource could not be found. [pid: 7|app: 0|req: 1842/3544] 10.0.0.4 () {32 vars in 721 bytes} [Tue Sep 1 19:58:29 2026] GET /v2.0/networks/40a87bfe-7501-48b9-87cf-b61970841d45 => generated 138 bytes in 20 msecs (HTTP/1.1 404) 4 headers in 164 bytes (1 switches on core 0)
2026-09-01 19:58:30.239 8 INFO neutron.services.segments.plugin [-] Segment a251d5b6-879d-40ee-8594-57207d8476a1 resource provider aggregate not found
2026-09-01 19:58:30.245 8 INFO neutron.services.segments.plugin [-] Segment a251d5b6-879d-40ee-8594-57207d8476a1 resource provider aggregate not found
2026-09-01 19:58:30.260 8 INFO neutron.services.segments.plugin [-] Client error retrieving segment a251d5b6-879d-40ee-8594-57207d8476a1 resource provider; error: Placement Client Error (4xx): {"errors": [{"status": 404, "title": "Not Found", "detail": "The resource could not be found.\n\n No resource provider with uuid a251d5b6-879d-40ee-8594-57207d8476a1 found for delete ", "request_id": "req-46f67f8a-9d70-420b-bcdd-326ecb45c031"}]}
2026-09-01 19:58:30.264 8 INFO neutron.services.segments.plugin [-] Client error retrieving segment a251d5b6-879d-40ee-8594-57207d8476a1 resource provider; error: Placement Client Error (4xx): {"errors": [{"status": 404, "title": "Not Found", "detail": "The resource could not be found.\n\n No resource provider with uuid a251d5b6-879d-40ee-8594-57207d8476a1 found for delete ", "request_id": "req-6b3b2572-3bd9-4cdc-a153-57e998863453"}]}
2026-09-01 19:58:30.280 8 INFO neutron.services.segments.plugin [-] Segment b9f68ff6-af45-440b-8637-0873b151932f resource provider aggregate not found
2026-09-01 19:58:30.287 8 INFO neutron.services.segments.plugin [-] Segment b9f68ff6-af45-440b-8637-0873b151932f resource provider aggregate not found
2026-09-01 19:58:30.302 8 INFO neutron.services.segments.plugin [-] Client error retrieving segment b9f68ff6-af45-440b-8637-0873b151932f resource provider; error: Placement Client Error (4xx): {"errors": [{"status": 404, "title": "Not Found", "detail": "The resource could not be found.\n\n No resource provider with uuid b9f68ff6-af45-440b-8637-0873b151932f found for delete ", "request_id": "req-f8558c09-4375-4a8b-913d-3e4ade4a8404"}]}
2026-09-01 19:58:30.303 8 INFO neutron.services.segments.plugin [-] Client error retrieving segment b9f68ff6-af45-440b-8637-0873b151932f resource provider; error: Placement Client Error (4xx): {"errors": [{"status": 404, "title": "Not Found", "detail": "The resource could not be found.\n\n No resource provider with uuid b9f68ff6-af45-440b-8637-0873b151932f found for delete ", "request_id": "req-771ad96c-b7e0-46f8-bbc3-64bedf396dbe"}]}
2026-09-01 19:58:32.436 8 INFO neutron.db.ovn_revision_numbers_db [None req-0ae8f458-e55c-4e0a-99d0-515c66f68234 331ef6915d1c47f48eb19a176564ad23 ca4f66caaf7d4451bc8cd4c437dfa4cf - - default default] Successfully bumped revision number for resource a38be364-399b-4f1e-8a4a-afd599e6bebd (type: security_groups) to 1
2026-09-01 19:58:32.450 8 INFO neutron.db.ovn_revision_numbers_db [None req-0ae8f458-e55c-4e0a-99d0-515c66f68234 331ef6915d1c47f48eb19a176564ad23 ca4f66caaf7d4451bc8cd4c437dfa4cf - - default default] Successfully bumped revision number for resource 58264bcf-e5c7-4d29-8f12-ed0ba948746c (type: security_group_rules) to 0
2026-09-01 19:58:32.465 8 INFO neutron.db.ovn_revision_numbers_db [None req-0ae8f458-e55c-4e0a-99d0-515c66f68234 331ef6915d1c47f48eb19a176564ad23 ca4f66caaf7d4451bc8cd4c437dfa4cf - - default default] Successfully bumped revision number for resource 5ac255ef-99c1-4f1d-b941-5cfd447f8ebb (type: security_group_rules) to 0
2026-09-01 19:58:32.480 8 INFO neutron.db.ovn_revision_numbers_db [None req-0ae8f458-e55c-4e0a-99d0-515c66f68234 331ef6915d1c47f48eb19a176564ad23 ca4f66caaf7d4451bc8cd4c437dfa4cf - - default default] Successfully bumped revision number for resource e30754e1-333c-47c9-816b-a037f5ff117a (type: security_group_rules) to 0
2026-09-01 19:58:32.494 8 INFO neutron.db.ovn_revision_numbers_db [None req-0ae8f458-e55c-4e0a-99d0-515c66f68234 331ef6915d1c47f48eb19a176564ad23 ca4f66caaf7d4451bc8cd4c437dfa4cf - - default default] Successfully bumped revision number for resource f9e935db-46a0-4a79-89a0-83c54959ed1e (type: security_group_rules) to 0 [pid: 8|app: 0|req: 1703/3545] 10.0.0.4 () {32 vars in 772 bytes} [Tue Sep 1 19:58:32 2026] GET /v2.0/security-groups?tenant_id=62aa9b2a1a7d4289be74ace3f14ea481&name=default => generated 2929 bytes in 460 msecs (HTTP/1.1 200) 4 headers in 158 bytes (1 switches on core 0) [pid: 7|app: 0|req: 1843/3546] 10.0.0.4 () {32 vars in 738 bytes} [Tue Sep 1 19:58:32 2026] DELETE /v2.0/security-groups/a38be364-399b-4f1e-8a4a-afd599e6bebd => generated 0 bytes in 422 msecs (HTTP/1.1 204) 2 headers in 112 bytes (1 switches on core 0) [pid: 8|app: 0|req: 1704/3547] 10.0.0.4 () {32 vars in 772 bytes} [Tue Sep 1 19:58:33 2026] GET /v2.0/security-groups?tenant_id=519bbd7904474045a93d0e0b2f7d3ef1&name=default => generated 2925 bytes in 30 msecs (HTTP/1.1 200) 4 headers in 158 bytes (1 switches on core 0) [pid: 7|app: 0|req: 1844/3548] 10.0.0.4 () {32 vars in 738 bytes} [Tue Sep 1 19:58:33 2026] DELETE /v2.0/security-groups/27c85412-af9b-4778-8a65-bd7f6925fed5 => generated 0 bytes in 293 msecs (HTTP/1.1 204) 2 headers in 112 bytes (1 switches on core 0)
2026-09-01 19:58:33.702 8 INFO neutron.db.ovn_revision_numbers_db [None req-f8a8931f-9420-4b33-a2aa-9c3219c7ec65 331ef6915d1c47f48eb19a176564ad23 ca4f66caaf7d4451bc8cd4c437dfa4cf - - default default] Successfully bumped revision number for resource 278d7040-7ebf-4b86-8c1c-7a1abb248001 (type: security_groups) to 1
2026-09-01 19:58:33.717 8 INFO neutron.db.ovn_revision_numbers_db [None req-f8a8931f-9420-4b33-a2aa-9c3219c7ec65 331ef6915d1c47f48eb19a176564ad23 ca4f66caaf7d4451bc8cd4c437dfa4cf - - default default] Successfully bumped revision number for resource 6534792a-3914-4073-8bf1-ab80bb8345c2 (type: security_group_rules) to 0
2026-09-01 19:58:33.732 8 INFO neutron.db.ovn_revision_numbers_db [None req-f8a8931f-9420-4b33-a2aa-9c3219c7ec65 331ef6915d1c47f48eb19a176564ad23 ca4f66caaf7d4451bc8cd4c437dfa4cf - - default default] Successfully bumped revision number for resource 76db9cf1-06f7-40db-84a1-fde744dacd4c (type: security_group_rules) to 0
2026-09-01 19:58:33.747 8 INFO neutron.db.ovn_revision_numbers_db [None req-f8a8931f-9420-4b33-a2aa-9c3219c7ec65 331ef6915d1c47f48eb19a176564ad23 ca4f66caaf7d4451bc8cd4c437dfa4cf - - default default] Successfully bumped revision number for resource 9d23e9c7-9caf-46f4-8986-648769ab599d (type: security_group_rules) to 0
2026-09-01 19:58:33.763 8 INFO neutron.db.ovn_revision_numbers_db [None req-f8a8931f-9420-4b33-a2aa-9c3219c7ec65 331ef6915d1c47f48eb19a176564ad23 ca4f66caaf7d4451bc8cd4c437dfa4cf - - default default] Successfully bumped revision number for resource e09b48ab-3f0c-4637-86aa-3b6d481aaa8d (type: security_group_rules) to 0 [pid: 8|app: 0|req: 1705/3549] 10.0.0.4 () {32 vars in 772 bytes} [Tue Sep 1 19:58:33 2026] GET /v2.0/security-groups?tenant_id=8fedb371001f41c99fe45bbcf6a2a612&name=default => generated 2929 bytes in 263 msecs (HTTP/1.1 200) 4 headers in 158 bytes (1 switches on core 0) [pid: 7|app: 0|req: 1845/3550] 10.0.0.4 () {32 vars in 738 bytes} [Tue Sep 1 19:58:33 2026] DELETE /v2.0/security-groups/278d7040-7ebf-4b86-8c1c-7a1abb248001 => generated 0 bytes in 199 msecs (HTTP/1.1 204) 2 headers in 112 bytes (1 switches on core 0)
2026-09-01 19:58:34.380 8 INFO neutron.db.ovn_revision_numbers_db [None req-01afd3a0-fa7a-4fc8-8e42-772c0d67fb91 331ef6915d1c47f48eb19a176564ad23 ca4f66caaf7d4451bc8cd4c437dfa4cf - - default default] Successfully bumped revision number for resource b9f8bc03-d37b-4dde-adad-c56ff2379704 (type: security_groups) to 1
2026-09-01 19:58:34.396 8 INFO neutron.db.ovn_revision_numbers_db [None req-01afd3a0-fa7a-4fc8-8e42-772c0d67fb91 331ef6915d1c47f48eb19a176564ad23 ca4f66caaf7d4451bc8cd4c437dfa4cf - - default default] Successfully bumped revision number for resource 78a85a6c-f00f-40e2-be8b-6afa1677cfcc (type: security_group_rules) to 0
2026-09-01 19:58:34.410 8 INFO neutron.db.ovn_revision_numbers_db [None req-01afd3a0-fa7a-4fc8-8e42-772c0d67fb91 331ef6915d1c47f48eb19a176564ad23 ca4f66caaf7d4451bc8cd4c437dfa4cf - - default default] Successfully bumped revision number for resource 811498d0-3595-4648-a854-e12f04d76a1b (type: security_group_rules) to 0
2026-09-01 19:58:34.424 8 INFO neutron.db.ovn_revision_numbers_db [None req-01afd3a0-fa7a-4fc8-8e42-772c0d67fb91 331ef6915d1c47f48eb19a176564ad23 ca4f66caaf7d4451bc8cd4c437dfa4cf - - default default] Successfully bumped revision number for resource cf527583-be99-4fdb-8237-5c7d026ea118 (type: security_group_rules) to 0
2026-09-01 19:58:34.439 8 INFO neutron.db.ovn_revision_numbers_db [None req-01afd3a0-fa7a-4fc8-8e42-772c0d67fb91 331ef6915d1c47f48eb19a176564ad23 ca4f66caaf7d4451bc8cd4c437dfa4cf - - default default] Successfully bumped revision number for resource debdde92-026d-4ea9-b4ec-412c61f0df2a (type: security_group_rules) to 0 [pid: 8|app: 0|req: 1706/3551] 10.0.0.4 () {32 vars in 772 bytes} [Tue Sep 1 19:58:34 2026] GET /v2.0/security-groups?tenant_id=34d57f88a9fa48259d16a8a129e297a1&name=default => generated 2929 bytes in 271 msecs (HTTP/1.1 200) 4 headers in 158 bytes (1 switches on core 0) [pid: 7|app: 0|req: 1846/3552] 10.0.0.4 () {32 vars in 738 bytes} [Tue Sep 1 19:58:34 2026] DELETE /v2.0/security-groups/b9f8bc03-d37b-4dde-adad-c56ff2379704 => generated 0 bytes in 240 msecs (HTTP/1.1 204) 2 headers in 112 bytes (1 switches on core 0)
2026-09-01 19:58:34.996 8 INFO neutron.db.ovn_revision_numbers_db [None req-eb3cee18-29fc-4785-b2f9-14d154f61f74 331ef6915d1c47f48eb19a176564ad23 ca4f66caaf7d4451bc8cd4c437dfa4cf - - default default] Successfully bumped revision number for resource ea571485-ddae-43b6-b64a-2821e109a441 (type: security_groups) to 1
2026-09-01 19:58:35.007 8 INFO neutron.db.ovn_revision_numbers_db [None req-eb3cee18-29fc-4785-b2f9-14d154f61f74 331ef6915d1c47f48eb19a176564ad23 ca4f66caaf7d4451bc8cd4c437dfa4cf - - default default] Successfully bumped revision number for resource 23df404c-2fbb-4c5a-8a05-e35b024980d6 (type: security_group_rules) to 0
2026-09-01 19:58:35.019 8 INFO neutron.db.ovn_revision_numbers_db [None req-eb3cee18-29fc-4785-b2f9-14d154f61f74 331ef6915d1c47f48eb19a176564ad23 ca4f66caaf7d4451bc8cd4c437dfa4cf - - default default] Successfully bumped revision number for resource 3155571b-4c0a-403e-ad30-1d20e1b62e59 (type: security_group_rules) to 0
2026-09-01 19:58:35.033 8 INFO neutron.db.ovn_revision_numbers_db [None req-eb3cee18-29fc-4785-b2f9-14d154f61f74 331ef6915d1c47f48eb19a176564ad23 ca4f66caaf7d4451bc8cd4c437dfa4cf - - default default] Successfully bumped revision number for resource 31bf880e-8876-446f-b734-41a31b4e3831 (type: security_group_rules) to 0
2026-09-01 19:58:35.048 8 INFO neutron.db.ovn_revision_numbers_db [None req-eb3cee18-29fc-4785-b2f9-14d154f61f74 331ef6915d1c47f48eb19a176564ad23 ca4f66caaf7d4451bc8cd4c437dfa4cf - - default default] Successfully bumped revision number for resource 9486fbff-0f3a-49da-b5ca-5711ef790216 (type: security_group_rules) to 0 [pid: 8|app: 0|req: 1707/3553] 10.0.0.4 () {32 vars in 772 bytes} [Tue Sep 1 19:58:34 2026] GET /v2.0/security-groups?tenant_id=d9151ee2193549b69dbd291011c4465f&name=default => generated 2929 bytes in 255 msecs (HTTP/1.1 200) 4 headers in 158 bytes (1 switches on core 0) [pid: 7|app: 0|req: 1847/3554] 10.0.0.4 () {32 vars in 738 bytes} [Tue Sep 1 19:58:35 2026] DELETE /v2.0/security-groups/ea571485-ddae-43b6-b64a-2821e109a441 => generated 0 bytes in 250 msecs (HTTP/1.1 204) 2 headers in 112 bytes (1 switches on core 0)
2026-09-01 19:58:35.740 8 INFO neutron.db.ovn_revision_numbers_db [None req-9a0a9d59-f0b3-4ccd-990c-5aabf5570f6c 331ef6915d1c47f48eb19a176564ad23 ca4f66caaf7d4451bc8cd4c437dfa4cf - - default default] Successfully bumped revision number for resource 8fd6173d-1de5-4daf-9638-dff8427676fc (type: security_groups) to 1
