2026-05-01 03:47:00.060 8 INFO placement.requestlog [req-a9b97ef4-ecf5-4b9e-86f6-ed7cf239781d req-9875c56b-2cff-4cab-9f04-6e784a233a6f c3c3ecf0d0484f02957bb227f52c48a5 1ec913743a3f4283b06997c199f7d4b0 - - 15b54d0cd6e54a01a3edc4ca48559ff6 15b54d0cd6e54a01a3edc4ca48559ff6] 199.19.213.44 "GET /allocations/bd6ef48c-d69f-49ee-a00d-189c746bfebb" status: 200 len: 257 microversion: 1.28 [pid: 8|app: 0|req: 381/766] 199.19.213.44 () {34 vars in 861 bytes} [Fri May 1 03:47:00 2026] GET /allocations/bd6ef48c-d69f-49ee-a00d-189c746bfebb => generated 257 bytes in 11 msecs (HTTP/1.1 200) 8 headers in 296 bytes (1 switches on core 0)
2026-05-01 03:47:01.110 7 INFO placement.requestlog [req-a9b97ef4-ecf5-4b9e-86f6-ed7cf239781d req-ff6baa87-94fe-43c8-bfaa-eaf859e55a88 c3c3ecf0d0484f02957bb227f52c48a5 1ec913743a3f4283b06997c199f7d4b0 - - 15b54d0cd6e54a01a3edc4ca48559ff6 15b54d0cd6e54a01a3edc4ca48559ff6] 199.19.213.44 "DELETE /allocations/282a8ea7-a2df-45bf-9fc5-4056e10eed8c" status: 204 len: 0 microversion: 1.0 [pid: 7|app: 0|req: 386/767] 199.19.213.44 () {34 vars in 839 bytes} [Fri May 1 03:47:01 2026] DELETE /allocations/282a8ea7-a2df-45bf-9fc5-4056e10eed8c => generated 0 bytes in 26 msecs (HTTP/1.1 204) 5 headers in 198 bytes (1 switches on core 0)
2026-05-01 03:47:04.460 8 INFO placement.requestlog [None req-a45eab39-efbc-4467-90d8-abea6733a82a f9c91a569a1d4a4db44c96c3d64638fa 1ec913743a3f4283b06997c199f7d4b0 - - 15b54d0cd6e54a01a3edc4ca48559ff6 15b54d0cd6e54a01a3edc4ca48559ff6] 10.0.0.249 "GET /resource_providers/42ecb0cd-c44e-4846-a9ef-fa094efb670b/aggregates" status: 404 len: 235 microversion: 1.1 [pid: 8|app: 0|req: 382/768] 10.0.0.249 () {32 vars in 815 bytes} [Fri May 1 03:47:04 2026] GET /resource_providers/42ecb0cd-c44e-4846-a9ef-fa094efb670b/aggregates => generated 235 bytes in 8 msecs (HTTP/1.1 404) 5 headers in 202 bytes (1 switches on core 0)
2026-05-01 03:47:04.468 7 INFO placement.requestlog [None req-f751dfb1-fc19-4559-ba13-36cdee1311ab f9c91a569a1d4a4db44c96c3d64638fa 1ec913743a3f4283b06997c199f7d4b0 - - 15b54d0cd6e54a01a3edc4ca48559ff6 15b54d0cd6e54a01a3edc4ca48559ff6] 10.0.0.249 "GET /resource_providers/42ecb0cd-c44e-4846-a9ef-fa094efb670b/aggregates" status: 404 len: 235 microversion: 1.1 [pid: 7|app: 0|req: 387/769] 10.0.0.249 () {32 vars in 815 bytes} [Fri May 1 03:47:04 2026] GET /resource_providers/42ecb0cd-c44e-4846-a9ef-fa094efb670b/aggregates => generated 235 bytes in 12 msecs (HTTP/1.1 404) 5 headers in 202 bytes (1 switches on core 0)
2026-05-01 03:47:04.477 8 INFO placement.requestlog [None req-fb4b0ab5-6880-4e7d-922b-8cda740467ea f9c91a569a1d4a4db44c96c3d64638fa 1ec913743a3f4283b06997c199f7d4b0 - - 15b54d0cd6e54a01a3edc4ca48559ff6 15b54d0cd6e54a01a3edc4ca48559ff6] 10.0.0.249 "DELETE /resource_providers/42ecb0cd-c44e-4846-a9ef-fa094efb670b" status: 404 len: 246 microversion: 1.1 [pid: 8|app: 0|req: 383/770] 10.0.0.249 () {34 vars in 815 bytes} [Fri May 1 03:47:04 2026] DELETE /resource_providers/42ecb0cd-c44e-4846-a9ef-fa094efb670b => generated 246 bytes in 9 msecs (HTTP/1.1 404) 6 headers in 231 bytes (1 switches on core 0)
2026-05-01 03:47:04.490 7 INFO placement.requestlog [None req-34a93543-5a62-48de-8edc-745e41079803 f9c91a569a1d4a4db44c96c3d64638fa 1ec913743a3f4283b06997c199f7d4b0 - - 15b54d0cd6e54a01a3edc4ca48559ff6 15b54d0cd6e54a01a3edc4ca48559ff6] 10.0.0.249 "DELETE /resource_providers/42ecb0cd-c44e-4846-a9ef-fa094efb670b" status: 404 len: 246 microversion: 1.1 [pid: 7|app: 0|req: 388/771] 10.0.0.249 () {34 vars in 815 bytes} [Fri May 1 03:47:04 2026] DELETE /resource_providers/42ecb0cd-c44e-4846-a9ef-fa094efb670b => generated 246 bytes in 11 msecs (HTTP/1.1 404) 6 headers in 231 bytes (1 switches on core 0)
2026-05-01 03:47:06.157 8 INFO placement.requestlog [None req-6c97f938-d2da-4e7e-888e-df751195ec4e - - - - - -] 10.0.0.171 "GET /" status: 200 len: 136 microversion: 1.0
2026-05-01 03:47:06.157 7 INFO placement.requestlog [None req-cb4553ad-086c-4d4b-9522-07ea175c292e - - - - - -] 10.0.0.171 "GET /" status: 200 len: 136 microversion: 1.0
2026-05-01 03:47:06.495 8 INFO placement.requestlog [None req-e0fba1f1-72c2-4d9b-89ed-b9c049f185ca f9c91a569a1d4a4db44c96c3d64638fa 1ec913743a3f4283b06997c199f7d4b0 - - 15b54d0cd6e54a01a3edc4ca48559ff6 15b54d0cd6e54a01a3edc4ca48559ff6] 10.0.0.249 "GET /resource_providers/bbb12e5a-9e27-4fad-966e-7a9ed0ec43c1/aggregates" status: 404 len: 235 microversion: 1.1 [pid: 8|app: 0|req: 385/774] 10.0.0.249 () {32 vars in 815 bytes} [Fri May 1 03:47:06 2026] GET /resource_providers/bbb12e5a-9e27-4fad-966e-7a9ed0ec43c1/aggregates => generated 235 bytes in 9 msecs (HTTP/1.1 404) 5 headers in 202 bytes (1 switches on core 0)
2026-05-01 03:47:06.498 7 INFO placement.requestlog [req-331121ff-47da-4885-b8ca-be4fc4283bc7 req-e1b2e2da-dfd9-4363-8946-213395647191 c3c3ecf0d0484f02957bb227f52c48a5 1ec913743a3f4283b06997c199f7d4b0 - - 15b54d0cd6e54a01a3edc4ca48559ff6 15b54d0cd6e54a01a3edc4ca48559ff6] 10.0.0.169 "GET /allocation_candidates?limit=1000&resources=MEMORY_MB%3A512%2CVCPU%3A1&root_required=%21COMPUTE_STATUS_DISABLED" status: 200 len: 2769 microversion: 1.36 [pid: 7|app: 0|req: 390/775] 10.0.0.169 () {34 vars in 983 bytes} [Fri May 1 03:47:06 2026] GET /allocation_candidates?limit=1000&resources=MEMORY_MB%3A512%2CVCPU%3A1&root_required=%21COMPUTE_STATUS_DISABLED => generated 2769 bytes in 48 msecs (HTTP/1.1 200) 8 headers in 297 bytes (1 switches on core 0)
2026-05-01 03:47:06.510 8 INFO placement.requestlog [None req-4a7a6646-46da-4590-bbc5-90532434db2d f9c91a569a1d4a4db44c96c3d64638fa 1ec913743a3f4283b06997c199f7d4b0 - - 15b54d0cd6e54a01a3edc4ca48559ff6 15b54d0cd6e54a01a3edc4ca48559ff6] 10.0.0.249 "DELETE /resource_providers/bbb12e5a-9e27-4fad-966e-7a9ed0ec43c1" status: 404 len: 246 microversion: 1.1 [pid: 8|app: 0|req: 386/776] 10.0.0.249 () {34 vars in 815 bytes} [Fri May 1 03:47:06 2026] DELETE /resource_providers/bbb12e5a-9e27-4fad-966e-7a9ed0ec43c1 => generated 246 bytes in 8 msecs (HTTP/1.1 404) 6 headers in 231 bytes (1 switches on core 0)
2026-05-01 03:47:06.521 7 INFO placement.requestlog [None req-2109d86e-0ee0-4c84-a793-5975887d9988 f9c91a569a1d4a4db44c96c3d64638fa 1ec913743a3f4283b06997c199f7d4b0 - - 15b54d0cd6e54a01a3edc4ca48559ff6 15b54d0cd6e54a01a3edc4ca48559ff6] 10.0.0.249 "GET /resource_providers/bbb12e5a-9e27-4fad-966e-7a9ed0ec43c1/aggregates" status: 404 len: 235 microversion: 1.1 [pid: 7|app: 0|req: 391/777] 10.0.0.249 () {32 vars in 815 bytes} [Fri May 1 03:47:06 2026] GET /resource_providers/bbb12e5a-9e27-4fad-966e-7a9ed0ec43c1/aggregates => generated 235 bytes in 10 msecs (HTTP/1.1 404) 5 headers in 202 bytes (1 switches on core 0)
2026-05-01 03:47:06.524 8 INFO placement.requestlog [req-331121ff-47da-4885-b8ca-be4fc4283bc7 req-868de15a-9504-4192-9342-53d44bbaf260 c3c3ecf0d0484f02957bb227f52c48a5 1ec913743a3f4283b06997c199f7d4b0 - - 15b54d0cd6e54a01a3edc4ca48559ff6 15b54d0cd6e54a01a3edc4ca48559ff6] 10.0.0.169 "GET /allocations/b26f4a01-ff02-4b0f-aa4e-69459878d00a" status: 200 len: 19 microversion: 1.28 [pid: 8|app: 0|req: 387/778] 10.0.0.169 () {34 vars in 860 bytes} [Fri May 1 03:47:06 2026] GET /allocations/b26f4a01-ff02-4b0f-aa4e-69459878d00a => generated 19 bytes in 6 msecs (HTTP/1.1 200) 8 headers in 295 bytes (1 switches on core 0)
2026-05-01 03:47:06.532 7 INFO placement.requestlog [None req-04b6dddf-4773-4b1a-94d8-254c09af2816 f9c91a569a1d4a4db44c96c3d64638fa 1ec913743a3f4283b06997c199f7d4b0 - - 15b54d0cd6e54a01a3edc4ca48559ff6 15b54d0cd6e54a01a3edc4ca48559ff6] 10.0.0.249 "DELETE /resource_providers/bbb12e5a-9e27-4fad-966e-7a9ed0ec43c1" status: 404 len: 246 microversion: 1.1 [pid: 7|app: 0|req: 392/779] 10.0.0.249 () {34 vars in 815 bytes} [Fri May 1 03:47:06 2026] DELETE /resource_providers/bbb12e5a-9e27-4fad-966e-7a9ed0ec43c1 => generated 246 bytes in 7 msecs (HTTP/1.1 404) 6 headers in 231 bytes (1 switches on core 0)
2026-05-01 03:47:06.582 8 INFO placement.requestlog [req-331121ff-47da-4885-b8ca-be4fc4283bc7 req-b419d08d-f494-41dc-9a5a-06bd9089a547 c3c3ecf0d0484f02957bb227f52c48a5 1ec913743a3f4283b06997c199f7d4b0 - - 15b54d0cd6e54a01a3edc4ca48559ff6 15b54d0cd6e54a01a3edc4ca48559ff6] 10.0.0.169 "PUT /allocations/b26f4a01-ff02-4b0f-aa4e-69459878d00a" status: 204 len: 0 microversion: 1.36 [pid: 8|app: 0|req: 388/780] 10.0.0.169 () {38 vars in 913 bytes} [Fri May 1 03:47:06 2026] PUT /allocations/b26f4a01-ff02-4b0f-aa4e-69459878d00a => generated 0 bytes in 55 msecs (HTTP/1.1 204) 5 headers in 199 bytes (1 switches on core 0)
2026-05-01 03:47:08.116 7 INFO placement.requestlog [req-331121ff-47da-4885-b8ca-be4fc4283bc7 req-f7324b55-e6ea-42e8-9802-d088d8299bc3 c3c3ecf0d0484f02957bb227f52c48a5 1ec913743a3f4283b06997c199f7d4b0 - - 15b54d0cd6e54a01a3edc4ca48559ff6 15b54d0cd6e54a01a3edc4ca48559ff6] 199.19.213.44 "GET /allocations/b26f4a01-ff02-4b0f-aa4e-69459878d00a" status: 200 len: 243 microversion: 1.28 [pid: 7|app: 0|req: 393/781] 199.19.213.44 () {34 vars in 861 bytes} [Fri May 1 03:47:08 2026] GET /allocations/b26f4a01-ff02-4b0f-aa4e-69459878d00a => generated 243 bytes in 13 msecs (HTTP/1.1 200) 8 headers in 296 bytes (1 switches on core 0)
2026-05-01 03:47:09.161 8 INFO placement.requestlog [req-331121ff-47da-4885-b8ca-be4fc4283bc7 req-d77b822d-bbd8-421e-ac7b-94bd61d47c30 c3c3ecf0d0484f02957bb227f52c48a5 1ec913743a3f4283b06997c199f7d4b0 - - 15b54d0cd6e54a01a3edc4ca48559ff6 15b54d0cd6e54a01a3edc4ca48559ff6] 199.19.213.44 "GET /resource_providers/519fad3b-16cb-4b76-b7ef-76325a17e635/allocations" status: 200 len: 238 microversion: 1.0 [pid: 8|app: 0|req: 389/782] 199.19.213.44 () {32 vars in 855 bytes} [Fri May 1 03:47:09 2026] GET /resource_providers/519fad3b-16cb-4b76-b7ef-76325a17e635/allocations => generated 238 bytes in 20 msecs (HTTP/1.1 200) 6 headers in 224 bytes (1 switches on core 0)
2026-05-01 03:47:09.177 7 INFO placement.requestlog [req-331121ff-47da-4885-b8ca-be4fc4283bc7 req-8e0d7195-16ed-454a-bbc7-f900313069c4 c3c3ecf0d0484f02957bb227f52c48a5 1ec913743a3f4283b06997c199f7d4b0 - - 15b54d0cd6e54a01a3edc4ca48559ff6 15b54d0cd6e54a01a3edc4ca48559ff6] 199.19.213.44 "GET /allocations/b26f4a01-ff02-4b0f-aa4e-69459878d00a" status: 200 len: 243 microversion: 1.28 [pid: 7|app: 0|req: 394/783] 199.19.213.44 () {34 vars in 861 bytes} [Fri May 1 03:47:09 2026] GET /allocations/b26f4a01-ff02-4b0f-aa4e-69459878d00a => generated 243 bytes in 11 msecs (HTTP/1.1 200) 8 headers in 296 bytes (1 switches on core 0)
2026-05-01 03:47:09.207 8 INFO placement.requestlog [req-331121ff-47da-4885-b8ca-be4fc4283bc7 req-bfd7d6a8-08ca-4137-b978-59ef3bfe2d9f c3c3ecf0d0484f02957bb227f52c48a5 1ec913743a3f4283b06997c199f7d4b0 - - 15b54d0cd6e54a01a3edc4ca48559ff6 15b54d0cd6e54a01a3edc4ca48559ff6] 199.19.213.44 "GET /allocations/bd6ef48c-d69f-49ee-a00d-189c746bfebb" status: 200 len: 257 microversion: 1.28 [pid: 8|app: 0|req: 390/784] 199.19.213.44 () {34 vars in 861 bytes} [Fri May 1 03:47:09 2026] GET /allocations/bd6ef48c-d69f-49ee-a00d-189c746bfebb => generated 257 bytes in 26 msecs (HTTP/1.1 200) 8 headers in 296 bytes (1 switches on core 0)
2026-05-01 03:47:13.167 7 INFO placement.requestlog [req-d3ec5753-12e0-4829-883f-7ce205da998c req-ab3adaeb-444d-4bfe-a9a2-43b7e48b8458 c3c3ecf0d0484f02957bb227f52c48a5 1ec913743a3f4283b06997c199f7d4b0 - - 15b54d0cd6e54a01a3edc4ca48559ff6 15b54d0cd6e54a01a3edc4ca48559ff6] 199.19.213.44 "GET /resource_providers/519fad3b-16cb-4b76-b7ef-76325a17e635/allocations" status: 200 len: 238 microversion: 1.0 [pid: 7|app: 0|req: 395/785] 199.19.213.44 () {32 vars in 855 bytes} [Fri May 1 03:47:13 2026] GET /resource_providers/519fad3b-16cb-4b76-b7ef-76325a17e635/allocations => generated 238 bytes in 25 msecs (HTTP/1.1 200) 6 headers in 224 bytes (1 switches on core 0)
2026-05-01 03:47:13.194 8 INFO placement.requestlog [req-d3ec5753-12e0-4829-883f-7ce205da998c req-1f7d01c5-6c34-491d-bd60-7ad0477d82af c3c3ecf0d0484f02957bb227f52c48a5 1ec913743a3f4283b06997c199f7d4b0 - - 15b54d0cd6e54a01a3edc4ca48559ff6 15b54d0cd6e54a01a3edc4ca48559ff6] 199.19.213.44 "GET /resource_providers/519fad3b-16cb-4b76-b7ef-76325a17e635/allocations" status: 200 len: 238 microversion: 1.0 [pid: 8|app: 0|req: 391/786] 199.19.213.44 () {32 vars in 855 bytes} [Fri May 1 03:47:13 2026] GET /resource_providers/519fad3b-16cb-4b76-b7ef-76325a17e635/allocations => generated 238 bytes in 20 msecs (HTTP/1.1 200) 6 headers in 224 bytes (1 switches on core 0)
2026-05-01 03:47:13.214 7 INFO placement.requestlog [req-d3ec5753-12e0-4829-883f-7ce205da998c req-b6cc3bcb-8266-4d97-be3d-06eeed6aa40c c3c3ecf0d0484f02957bb227f52c48a5 1ec913743a3f4283b06997c199f7d4b0 - - 15b54d0cd6e54a01a3edc4ca48559ff6 15b54d0cd6e54a01a3edc4ca48559ff6] 199.19.213.44 "GET /allocations/b26f4a01-ff02-4b0f-aa4e-69459878d00a" status: 200 len: 243 microversion: 1.28 [pid: 7|app: 0|req: 396/787] 199.19.213.44 () {34 vars in 861 bytes} [Fri May 1 03:47:13 2026] GET /allocations/b26f4a01-ff02-4b0f-aa4e-69459878d00a => generated 243 bytes in 14 msecs (HTTP/1.1 200) 8 headers in 296 bytes (1 switches on core 0)
2026-05-01 03:47:13.230 8 INFO placement.requestlog [req-d3ec5753-12e0-4829-883f-7ce205da998c req-0411c4d6-c8ed-4ccd-9316-a7827af639ec c3c3ecf0d0484f02957bb227f52c48a5 1ec913743a3f4283b06997c199f7d4b0 - - 15b54d0cd6e54a01a3edc4ca48559ff6 15b54d0cd6e54a01a3edc4ca48559ff6] 199.19.213.44 "GET /allocations/bd6ef48c-d69f-49ee-a00d-189c746bfebb" status: 200 len: 257 microversion: 1.28 [pid: 8|app: 0|req: 392/788] 199.19.213.44 () {34 vars in 861 bytes} [Fri May 1 03:47:13 2026] GET /allocations/bd6ef48c-d69f-49ee-a00d-189c746bfebb => generated 257 bytes in 12 msecs (HTTP/1.1 200) 8 headers in 296 bytes (1 switches on core 0)
2026-05-01 03:47:14.275 7 INFO placement.requestlog [req-ce05edb5-2168-4927-acce-0099e1046557 req-980a8a9b-d132-4b3d-8957-1162dec0f365 c3c3ecf0d0484f02957bb227f52c48a5 1ec913743a3f4283b06997c199f7d4b0 - - 15b54d0cd6e54a01a3edc4ca48559ff6 15b54d0cd6e54a01a3edc4ca48559ff6] 199.19.213.44 "GET /resource_providers/519fad3b-16cb-4b76-b7ef-76325a17e635/allocations" status: 200 len: 238 microversion: 1.0 [pid: 7|app: 0|req: 397/789] 199.19.213.44 () {32 vars in 855 bytes} [Fri May 1 03:47:14 2026] GET /resource_providers/519fad3b-16cb-4b76-b7ef-76325a17e635/allocations => generated 238 bytes in 14 msecs (HTTP/1.1 200) 6 headers in 224 bytes (1 switches on core 0)
2026-05-01 03:47:14.308 8 INFO placement.requestlog [req-ce05edb5-2168-4927-acce-0099e1046557 req-c73d6ad0-3b84-4f6c-9d45-4890a9932efd c3c3ecf0d0484f02957bb227f52c48a5 1ec913743a3f4283b06997c199f7d4b0 - - 15b54d0cd6e54a01a3edc4ca48559ff6 15b54d0cd6e54a01a3edc4ca48559ff6] 199.19.213.44 "GET /allocations/b26f4a01-ff02-4b0f-aa4e-69459878d00a" status: 200 len: 243 microversion: 1.28 [pid: 8|app: 0|req: 393/790] 199.19.213.44 () {34 vars in 861 bytes} [Fri May 1 03:47:14 2026] GET /allocations/b26f4a01-ff02-4b0f-aa4e-69459878d00a => generated 243 bytes in 18 msecs (HTTP/1.1 200) 8 headers in 296 bytes (1 switches on core 0)
2026-05-01 03:47:14.324 7 INFO placement.requestlog [req-ce05edb5-2168-4927-acce-0099e1046557 req-44ba151f-fceb-4c1c-97dc-fa06c953b6c0 c3c3ecf0d0484f02957bb227f52c48a5 1ec913743a3f4283b06997c199f7d4b0 - - 15b54d0cd6e54a01a3edc4ca48559ff6 15b54d0cd6e54a01a3edc4ca48559ff6] 199.19.213.44 "GET /allocations/bd6ef48c-d69f-49ee-a00d-189c746bfebb" status: 200 len: 257 microversion: 1.28 [pid: 7|app: 0|req: 398/791] 199.19.213.44 () {34 vars in 861 bytes} [Fri May 1 03:47:14 2026] GET /allocations/bd6ef48c-d69f-49ee-a00d-189c746bfebb => generated 257 bytes in 12 msecs (HTTP/1.1 200) 8 headers in 296 bytes (1 switches on core 0)
2026-05-01 03:47:15.376 8 INFO placement.requestlog [req-ce05edb5-2168-4927-acce-0099e1046557 req-fff30f7d-5a39-4a70-b8f7-4dda3259e57c c3c3ecf0d0484f02957bb227f52c48a5 1ec913743a3f4283b06997c199f7d4b0 - - 15b54d0cd6e54a01a3edc4ca48559ff6 15b54d0cd6e54a01a3edc4ca48559ff6] 199.19.213.44 "DELETE /allocations/bd6ef48c-d69f-49ee-a00d-189c746bfebb" status: 204 len: 0 microversion: 1.0 [pid: 8|app: 0|req: 394/792] 199.19.213.44 () {34 vars in 839 bytes} [Fri May 1 03:47:15 2026] DELETE /allocations/bd6ef48c-d69f-49ee-a00d-189c746bfebb => generated 0 bytes in 26 msecs (HTTP/1.1 204) 5 headers in 198 bytes (1 switches on core 0)
2026-05-01 03:47:16.159 7 INFO placement.requestlog [None req-79554e52-ba6d-41bf-8a34-6cc985476668 - - - - - -] 10.0.0.171 "GET /" status: 200 len: 136 microversion: 1.0
2026-05-01 03:47:16.159 8 INFO placement.requestlog [None req-22f38a84-6735-4bf7-8f2e-54dccb22d900 - - - - - -] 10.0.0.171 "GET /" status: 200 len: 136 microversion: 1.0
2026-05-01 03:47:19.159 7 INFO placement.requestlog [None req-a8b24ae9-5390-48ba-9a74-e49954b02bc9 f9c91a569a1d4a4db44c96c3d64638fa 1ec913743a3f4283b06997c199f7d4b0 - - 15b54d0cd6e54a01a3edc4ca48559ff6 15b54d0cd6e54a01a3edc4ca48559ff6] 10.0.0.249 "GET /resource_providers/0cfe5686-e6fe-4361-bbbc-8abc25c4dbde/aggregates" status: 404 len: 235 microversion: 1.1 [pid: 7|app: 0|req: 400/795] 10.0.0.249 () {32 vars in 815 bytes} [Fri May 1 03:47:19 2026] GET /resource_providers/0cfe5686-e6fe-4361-bbbc-8abc25c4dbde/aggregates => generated 235 bytes in 11 msecs (HTTP/1.1 404) 5 headers in 202 bytes (1 switches on core 0)
2026-05-01 03:47:19.160 8 INFO placement.requestlog [None req-7292ec2a-77c5-444e-a6e2-ceaba71c42f7 f9c91a569a1d4a4db44c96c3d64638fa 1ec913743a3f4283b06997c199f7d4b0 - - 15b54d0cd6e54a01a3edc4ca48559ff6 15b54d0cd6e54a01a3edc4ca48559ff6] 10.0.0.249 "GET /resource_providers/0cfe5686-e6fe-4361-bbbc-8abc25c4dbde/aggregates" status: 404 len: 235 microversion: 1.1 [pid: 8|app: 0|req: 396/796] 10.0.0.249 () {32 vars in 815 bytes} [Fri May 1 03:47:19 2026] GET /resource_providers/0cfe5686-e6fe-4361-bbbc-8abc25c4dbde/aggregates => generated 235 bytes in 11 msecs (HTTP/1.1 404) 5 headers in 202 bytes (1 switches on core 0)
2026-05-01 03:47:19.183 7 INFO placement.requestlog [None req-a7e04509-f4be-4d75-8615-7280220bda59 f9c91a569a1d4a4db44c96c3d64638fa 1ec913743a3f4283b06997c199f7d4b0 - - 15b54d0cd6e54a01a3edc4ca48559ff6 15b54d0cd6e54a01a3edc4ca48559ff6] 10.0.0.249 "DELETE /resource_providers/0cfe5686-e6fe-4361-bbbc-8abc25c4dbde" status: 404 len: 246 microversion: 1.1 [pid: 7|app: 0|req: 401/797] 10.0.0.249 () {34 vars in 815 bytes} [Fri May 1 03:47:19 2026] DELETE /resource_providers/0cfe5686-e6fe-4361-bbbc-8abc25c4dbde => generated 246 bytes in 10 msecs (HTTP/1.1 404) 6 headers in 231 bytes (1 switches on core 0)
2026-05-01 03:47:19.196 8 INFO placement.requestlog [None req-dd984858-7a06-4003-9187-629c383c12db f9c91a569a1d4a4db44c96c3d64638fa 1ec913743a3f4283b06997c199f7d4b0 - - 15b54d0cd6e54a01a3edc4ca48559ff6 15b54d0cd6e54a01a3edc4ca48559ff6] 10.0.0.249 "DELETE /resource_providers/0cfe5686-e6fe-4361-bbbc-8abc25c4dbde" status: 404 len: 246 microversion: 1.1 [pid: 8|app: 0|req: 397/798] 10.0.0.249 () {34 vars in 815 bytes} [Fri May 1 03:47:19 2026] DELETE /resource_providers/0cfe5686-e6fe-4361-bbbc-8abc25c4dbde => generated 246 bytes in 16 msecs (HTTP/1.1 404) 6 headers in 231 bytes (1 switches on core 0)
2026-05-01 03:47:21.215 8 INFO placement.requestlog [None req-a4a3534f-53a4-408c-9b4c-34ea1b5db2d1 f9c91a569a1d4a4db44c96c3d64638fa 1ec913743a3f4283b06997c199f7d4b0 - - 15b54d0cd6e54a01a3edc4ca48559ff6 15b54d0cd6e54a01a3edc4ca48559ff6] 10.0.0.249 "GET /resource_providers/f098e07c-bfc8-4742-a7ea-3e4561db534d/aggregates" status: 404 len: 235 microversion: 1.1
2026-05-01 03:47:21.215 7 INFO placement.requestlog [None req-22b92a9f-e032-47c6-9523-5460aedb9e02 f9c91a569a1d4a4db44c96c3d64638fa 1ec913743a3f4283b06997c199f7d4b0 - - 15b54d0cd6e54a01a3edc4ca48559ff6 15b54d0cd6e54a01a3edc4ca48559ff6] 10.0.0.249 "GET /resource_providers/f098e07c-bfc8-4742-a7ea-3e4561db534d/aggregates" status: 404 len: 235 microversion: 1.1 [pid: 8|app: 0|req: 398/799] 10.0.0.249 () {32 vars in 815 bytes} [Fri May 1 03:47:21 2026] GET /resource_providers/f098e07c-bfc8-4742-a7ea-3e4561db534d/aggregates => generated 235 bytes in 6 msecs (HTTP/1.1 404) 5 headers in 202 bytes (1 switches on core 0) [pid: 7|app: 0|req: 402/800] 10.0.0.249 () {32 vars in 815 bytes} [Fri May 1 03:47:21 2026] GET /resource_providers/f098e07c-bfc8-4742-a7ea-3e4561db534d/aggregates => generated 235 bytes in 12 msecs (HTTP/1.1 404) 5 headers in 202 bytes (1 switches on core 0)
2026-05-01 03:47:21.233 8 INFO placement.requestlog [None req-0c10ee5c-a818-4c9c-adee-48f1ad401f7f f9c91a569a1d4a4db44c96c3d64638fa 1ec913743a3f4283b06997c199f7d4b0 - - 15b54d0cd6e54a01a3edc4ca48559ff6 15b54d0cd6e54a01a3edc4ca48559ff6] 10.0.0.249 "DELETE /resource_providers/f098e07c-bfc8-4742-a7ea-3e4561db534d" status: 404 len: 246 microversion: 1.1 [pid: 8|app: 0|req: 399/801] 10.0.0.249 () {34 vars in 815 bytes} [Fri May 1 03:47:21 2026] DELETE /resource_providers/f098e07c-bfc8-4742-a7ea-3e4561db534d => generated 246 bytes in 6 msecs (HTTP/1.1 404) 6 headers in 231 bytes (1 switches on core 0)
2026-05-01 03:47:21.238 7 INFO placement.requestlog [None req-06785a92-e196-434c-96c7-789cf5fd27a6 f9c91a569a1d4a4db44c96c3d64638fa 1ec913743a3f4283b06997c199f7d4b0 - - 15b54d0cd6e54a01a3edc4ca48559ff6 15b54d0cd6e54a01a3edc4ca48559ff6] 10.0.0.249 "DELETE /resource_providers/f098e07c-bfc8-4742-a7ea-3e4561db534d" status: 404 len: 246 microversion: 1.1 [pid: 7|app: 0|req: 403/802] 10.0.0.249 () {34 vars in 815 bytes} [Fri May 1 03:47:21 2026] DELETE /resource_providers/f098e07c-bfc8-4742-a7ea-3e4561db534d => generated 246 bytes in 11 msecs (HTTP/1.1 404) 6 headers in 231 bytes (1 switches on core 0)
2026-05-01 03:47:24.029 8 INFO placement.requestlog [req-9bba966c-1fda-4a68-b415-280d27006d9f req-89acda50-4b8d-485b-8f97-fadf788a089a c3c3ecf0d0484f02957bb227f52c48a5 1ec913743a3f4283b06997c199f7d4b0 - - 15b54d0cd6e54a01a3edc4ca48559ff6 15b54d0cd6e54a01a3edc4ca48559ff6] 10.0.0.169 "GET /allocation_candidates?limit=1000&resources=DISK_GB%3A1%2CMEMORY_MB%3A512%2CVCPU%3A1&root_required=%21COMPUTE_STATUS_DISABLED" status: 200 len: 2783 microversion: 1.36 [pid: 8|app: 0|req: 400/803] 10.0.0.169 () {34 vars in 1011 bytes} [Fri May 1 03:47:23 2026] GET /allocation_candidates?limit=1000&resources=DISK_GB%3A1%2CMEMORY_MB%3A512%2CVCPU%3A1&root_required=%21COMPUTE_STATUS_DISABLED => generated 2783 bytes in 40 msecs (HTTP/1.1 200) 8 headers in 297 bytes (1 switches on core 0)
2026-05-01 03:47:24.057 7 INFO placement.requestlog [req-9bba966c-1fda-4a68-b415-280d27006d9f req-9ac1d8cc-d4d6-4998-8dcc-b81e105fcb26 c3c3ecf0d0484f02957bb227f52c48a5 1ec913743a3f4283b06997c199f7d4b0 - - 15b54d0cd6e54a01a3edc4ca48559ff6 15b54d0cd6e54a01a3edc4ca48559ff6] 10.0.0.169 "GET /allocations/fa774584-d4ce-403d-9ed7-278aa78f82ce" status: 200 len: 19 microversion: 1.28 [pid: 7|app: 0|req: 404/804] 10.0.0.169 () {34 vars in 860 bytes} [Fri May 1 03:47:24 2026] GET /allocations/fa774584-d4ce-403d-9ed7-278aa78f82ce => generated 19 bytes in 7 msecs (HTTP/1.1 200) 8 headers in 295 bytes (1 switches on core 0)
2026-05-01 03:47:24.132 8 INFO placement.requestlog [req-9bba966c-1fda-4a68-b415-280d27006d9f req-54fc241a-33bd-4793-9574-bfc5fd2ca27e c3c3ecf0d0484f02957bb227f52c48a5 1ec913743a3f4283b06997c199f7d4b0 - - 15b54d0cd6e54a01a3edc4ca48559ff6 15b54d0cd6e54a01a3edc4ca48559ff6] 10.0.0.169 "PUT /allocations/fa774584-d4ce-403d-9ed7-278aa78f82ce" status: 204 len: 0 microversion: 1.36 [pid: 8|app: 0|req: 401/805] 10.0.0.169 () {38 vars in 913 bytes} [Fri May 1 03:47:24 2026] PUT /allocations/fa774584-d4ce-403d-9ed7-278aa78f82ce => generated 0 bytes in 66 msecs (HTTP/1.1 204) 5 headers in 199 bytes (1 switches on core 0)
2026-05-01 03:47:24.421 7 INFO placement.requestlog [None req-24657b2a-08e3-4d1d-bfba-ffb667ddc938 f9c91a569a1d4a4db44c96c3d64638fa 1ec913743a3f4283b06997c199f7d4b0 - - 15b54d0cd6e54a01a3edc4ca48559ff6 15b54d0cd6e54a01a3edc4ca48559ff6] 10.0.0.249 "GET /resource_providers/a26e6f27-2be3-4d42-b1b8-4c289145daf8/aggregates" status: 404 len: 235 microversion: 1.1 [pid: 7|app: 0|req: 405/806] 10.0.0.249 () {32 vars in 815 bytes} [Fri May 1 03:47:24 2026] GET /resource_providers/a26e6f27-2be3-4d42-b1b8-4c289145daf8/aggregates => generated 235 bytes in 12 msecs (HTTP/1.1 404) 5 headers in 202 bytes (1 switches on core 0)
2026-05-01 03:47:24.424 8 INFO placement.requestlog [None req-eec74f03-fa26-45f5-832a-49a2b1bd17de f9c91a569a1d4a4db44c96c3d64638fa 1ec913743a3f4283b06997c199f7d4b0 - - 15b54d0cd6e54a01a3edc4ca48559ff6 15b54d0cd6e54a01a3edc4ca48559ff6] 10.0.0.249 "GET /resource_providers/a26e6f27-2be3-4d42-b1b8-4c289145daf8/aggregates" status: 404 len: 235 microversion: 1.1 [pid: 8|app: 0|req: 402/807] 10.0.0.249 () {32 vars in 815 bytes} [Fri May 1 03:47:24 2026] GET /resource_providers/a26e6f27-2be3-4d42-b1b8-4c289145daf8/aggregates => generated 235 bytes in 15 msecs (HTTP/1.1 404) 5 headers in 202 bytes (1 switches on core 0)
2026-05-01 03:47:24.448 7 INFO placement.requestlog [None req-d738e979-b182-48ea-93d2-e506ae18ad98 f9c91a569a1d4a4db44c96c3d64638fa 1ec913743a3f4283b06997c199f7d4b0 - - 15b54d0cd6e54a01a3edc4ca48559ff6 15b54d0cd6e54a01a3edc4ca48559ff6] 10.0.0.249 "DELETE /resource_providers/a26e6f27-2be3-4d42-b1b8-4c289145daf8" status: 404 len: 246 microversion: 1.1 [pid: 7|app: 0|req: 406/808] 10.0.0.249 () {34 vars in 815 bytes} [Fri May 1 03:47:24 2026] DELETE /resource_providers/a26e6f27-2be3-4d42-b1b8-4c289145daf8 => generated 246 bytes in 15 msecs (HTTP/1.1 404) 6 headers in 231 bytes (1 switches on core 0)
2026-05-01 03:47:24.451 8 INFO placement.requestlog [None req-d2f2f312-8f4b-4875-86d9-8ee6591281c5 f9c91a569a1d4a4db44c96c3d64638fa 1ec913743a3f4283b06997c199f7d4b0 - - 15b54d0cd6e54a01a3edc4ca48559ff6 15b54d0cd6e54a01a3edc4ca48559ff6] 10.0.0.249 "DELETE /resource_providers/a26e6f27-2be3-4d42-b1b8-4c289145daf8" status: 404 len: 246 microversion: 1.1 [pid: 8|app: 0|req: 403/809] 10.0.0.249 () {34 vars in 815 bytes} [Fri May 1 03:47:24 2026] DELETE /resource_providers/a26e6f27-2be3-4d42-b1b8-4c289145daf8 => generated 246 bytes in 14 msecs (HTTP/1.1 404) 6 headers in 231 bytes (1 switches on core 0)
2026-05-01 03:47:25.702 7 INFO placement.requestlog [req-9bba966c-1fda-4a68-b415-280d27006d9f req-ce494cdd-c9ff-490f-b6e7-48a95a86fded c3c3ecf0d0484f02957bb227f52c48a5 1ec913743a3f4283b06997c199f7d4b0 - - 15b54d0cd6e54a01a3edc4ca48559ff6 15b54d0cd6e54a01a3edc4ca48559ff6] 199.19.213.44 "GET /allocations/fa774584-d4ce-403d-9ed7-278aa78f82ce" status: 200 len: 257 microversion: 1.28 [pid: 7|app: 0|req: 407/810] 199.19.213.44 () {34 vars in 861 bytes} [Fri May 1 03:47:25 2026] GET /allocations/fa774584-d4ce-403d-9ed7-278aa78f82ce => generated 257 bytes in 31 msecs (HTTP/1.1 200) 8 headers in 296 bytes (1 switches on core 0)
2026-05-01 03:47:26.157 8 INFO placement.requestlog [None req-952524f0-bc76-4a30-8dd0-9d08f0a690be - - - - - -] 10.0.0.171 "GET /" status: 200 len: 136 microversion: 1.0
2026-05-01 03:47:26.158 7 INFO placement.requestlog [None req-44fbe395-0bc0-4c6c-a69b-dd54ab06a025 - - - - - -] 10.0.0.171 "GET /" status: 200 len: 136 microversion: 1.0
2026-05-01 03:47:26.471 8 INFO placement.requestlog [None req-cf26e7e6-12d0-4ea2-a801-a30a1efc09d7 f9c91a569a1d4a4db44c96c3d64638fa 1ec913743a3f4283b06997c199f7d4b0 - - 15b54d0cd6e54a01a3edc4ca48559ff6 15b54d0cd6e54a01a3edc4ca48559ff6] 10.0.0.249 "GET /resource_providers/17654058-a789-4e08-b70f-93fb770b0161/aggregates" status: 404 len: 235 microversion: 1.1 [pid: 8|app: 0|req: 405/813] 10.0.0.249 () {32 vars in 815 bytes} [Fri May 1 03:47:26 2026] GET /resource_providers/17654058-a789-4e08-b70f-93fb770b0161/aggregates => generated 235 bytes in 12 msecs (HTTP/1.1 404) 5 headers in 202 bytes (1 switches on core 0)
2026-05-01 03:47:26.488 7 INFO placement.requestlog [None req-c707dd01-e66f-43ba-9ec4-d36c13731739 f9c91a569a1d4a4db44c96c3d64638fa 1ec913743a3f4283b06997c199f7d4b0 - - 15b54d0cd6e54a01a3edc4ca48559ff6 15b54d0cd6e54a01a3edc4ca48559ff6] 10.0.0.249 "GET /resource_providers/17654058-a789-4e08-b70f-93fb770b0161/aggregates" status: 404 len: 235 microversion: 1.1 [pid: 7|app: 0|req: 409/814] 10.0.0.249 () {32 vars in 815 bytes} [Fri May 1 03:47:26 2026] GET /resource_providers/17654058-a789-4e08-b70f-93fb770b0161/aggregates => generated 235 bytes in 23 msecs (HTTP/1.1 404) 5 headers in 202 bytes (1 switches on core 0)
2026-05-01 03:47:26.492 8 INFO placement.requestlog [None req-a93a7017-763f-49d6-b38e-f4076d4fbcec f9c91a569a1d4a4db44c96c3d64638fa 1ec913743a3f4283b06997c199f7d4b0 - - 15b54d0cd6e54a01a3edc4ca48559ff6 15b54d0cd6e54a01a3edc4ca48559ff6] 10.0.0.249 "DELETE /resource_providers/17654058-a789-4e08-b70f-93fb770b0161" status: 404 len: 246 microversion: 1.1 [pid: 8|app: 0|req: 406/815] 10.0.0.249 () {34 vars in 815 bytes} [Fri May 1 03:47:26 2026] DELETE /resource_providers/17654058-a789-4e08-b70f-93fb770b0161 => generated 246 bytes in 5 msecs (HTTP/1.1 404) 6 headers in 231 bytes (1 switches on core 0)
2026-05-01 03:47:26.524 7 INFO placement.requestlog [None req-f15a052f-3829-4a43-b784-3651d25393e1 f9c91a569a1d4a4db44c96c3d64638fa 1ec913743a3f4283b06997c199f7d4b0 - - 15b54d0cd6e54a01a3edc4ca48559ff6 15b54d0cd6e54a01a3edc4ca48559ff6] 10.0.0.249 "DELETE /resource_providers/17654058-a789-4e08-b70f-93fb770b0161" status: 404 len: 246 microversion: 1.1 [pid: 7|app: 0|req: 410/816] 10.0.0.249 () {34 vars in 815 bytes} [Fri May 1 03:47:26 2026] DELETE /resource_providers/17654058-a789-4e08-b70f-93fb770b0161 => generated 246 bytes in 11 msecs (HTTP/1.1 404) 6 headers in 231 bytes (1 switches on core 0)
2026-05-01 03:47:26.741 8 INFO placement.requestlog [req-9bba966c-1fda-4a68-b415-280d27006d9f req-94c187c3-3f29-4490-bf29-52ac2fd4c388 c3c3ecf0d0484f02957bb227f52c48a5 1ec913743a3f4283b06997c199f7d4b0 - - 15b54d0cd6e54a01a3edc4ca48559ff6 15b54d0cd6e54a01a3edc4ca48559ff6] 199.19.213.44 "GET /resource_providers/519fad3b-16cb-4b76-b7ef-76325a17e635/allocations" status: 200 len: 238 microversion: 1.0 [pid: 8|app: 0|req: 407/817] 199.19.213.44 () {32 vars in 855 bytes} [Fri May 1 03:47:26 2026] GET /resource_providers/519fad3b-16cb-4b76-b7ef-76325a17e635/allocations => generated 238 bytes in 17 msecs (HTTP/1.1 200) 6 headers in 224 bytes (1 switches on core 0)
2026-05-01 03:47:26.768 7 INFO placement.requestlog [req-9bba966c-1fda-4a68-b415-280d27006d9f req-93d7106c-2240-4f1a-ad2a-65f5cf0ad287 c3c3ecf0d0484f02957bb227f52c48a5 1ec913743a3f4283b06997c199f7d4b0 - - 15b54d0cd6e54a01a3edc4ca48559ff6 15b54d0cd6e54a01a3edc4ca48559ff6] 199.19.213.44 "GET /allocations/b26f4a01-ff02-4b0f-aa4e-69459878d00a" status: 200 len: 243 microversion: 1.28 [pid: 7|app: 0|req: 411/818] 199.19.213.44 () {34 vars in 861 bytes} [Fri May 1 03:47:26 2026] GET /allocations/b26f4a01-ff02-4b0f-aa4e-69459878d00a => generated 243 bytes in 18 msecs (HTTP/1.1 200) 8 headers in 296 bytes (1 switches on core 0)
2026-05-01 03:47:26.785 8 INFO placement.requestlog [req-9bba966c-1fda-4a68-b415-280d27006d9f req-d2b4dd00-ba47-42ba-85ee-ab4afce9c105 c3c3ecf0d0484f02957bb227f52c48a5 1ec913743a3f4283b06997c199f7d4b0 - - 15b54d0cd6e54a01a3edc4ca48559ff6 15b54d0cd6e54a01a3edc4ca48559ff6] 199.19.213.44 "GET /allocations/fa774584-d4ce-403d-9ed7-278aa78f82ce" status: 200 len: 257 microversion: 1.28 [pid: 8|app: 0|req: 408/819] 199.19.213.44 () {34 vars in 861 bytes} [Fri May 1 03:47:26 2026] GET /allocations/fa774584-d4ce-403d-9ed7-278aa78f82ce => generated 257 bytes in 10 msecs (HTTP/1.1 200) 8 headers in 296 bytes (1 switches on core 0)
2026-05-01 03:47:28.042 7 INFO placement.requestlog [None req-2141ba3f-f764-4af0-9000-b96a842212aa f9c91a569a1d4a4db44c96c3d64638fa 1ec913743a3f4283b06997c199f7d4b0 - - 15b54d0cd6e54a01a3edc4ca48559ff6 15b54d0cd6e54a01a3edc4ca48559ff6] 10.0.0.249 "GET /resource_providers/0f4d3e79-41d9-4085-b046-c78683ba6769/aggregates" status: 404 len: 235 microversion: 1.1 [pid: 7|app: 0|req: 412/820] 10.0.0.249 () {32 vars in 815 bytes} [Fri May 1 03:47:28 2026] GET /resource_providers/0f4d3e79-41d9-4085-b046-c78683ba6769/aggregates => generated 235 bytes in 11 msecs (HTTP/1.1 404) 5 headers in 202 bytes (1 switches on core 0)
2026-05-01 03:47:28.044 8 INFO placement.requestlog [None req-a4a7e9d2-bfb0-4369-8a1f-d22595d67655 f9c91a569a1d4a4db44c96c3d64638fa 1ec913743a3f4283b06997c199f7d4b0 - - 15b54d0cd6e54a01a3edc4ca48559ff6 15b54d0cd6e54a01a3edc4ca48559ff6] 10.0.0.249 "GET /resource_providers/0f4d3e79-41d9-4085-b046-c78683ba6769/aggregates" status: 404 len: 235 microversion: 1.1 [pid: 8|app: 0|req: 409/821] 10.0.0.249 () {32 vars in 815 bytes} [Fri May 1 03:47:28 2026] GET /resource_providers/0f4d3e79-41d9-4085-b046-c78683ba6769/aggregates => generated 235 bytes in 13 msecs (HTTP/1.1 404) 5 headers in 202 bytes (1 switches on core 0)
2026-05-01 03:47:28.059 7 INFO placement.requestlog [None req-067a2f39-03c6-485d-a8d3-5279c2d3f060 f9c91a569a1d4a4db44c96c3d64638fa 1ec913743a3f4283b06997c199f7d4b0 - - 15b54d0cd6e54a01a3edc4ca48559ff6 15b54d0cd6e54a01a3edc4ca48559ff6] 10.0.0.249 "DELETE /resource_providers/0f4d3e79-41d9-4085-b046-c78683ba6769" status: 404 len: 246 microversion: 1.1
2026-05-01 03:47:28.059 8 INFO placement.requestlog [None req-0bc538f2-ba53-4905-9dce-a6d448d7fd9e f9c91a569a1d4a4db44c96c3d64638fa 1ec913743a3f4283b06997c199f7d4b0 - - 15b54d0cd6e54a01a3edc4ca48559ff6 15b54d0cd6e54a01a3edc4ca48559ff6] 10.0.0.249 "DELETE /resource_providers/0f4d3e79-41d9-4085-b046-c78683ba6769" status: 404 len: 246 microversion: 1.1 [pid: 7|app: 0|req: 413/822] 10.0.0.249 () {34 vars in 815 bytes} [Fri May 1 03:47:28 2026] DELETE /resource_providers/0f4d3e79-41d9-4085-b046-c78683ba6769 => generated 246 bytes in 8 msecs (HTTP/1.1 404) 6 headers in 231 bytes (1 switches on core 0) [pid: 8|app: 0|req: 410/823] 10.0.0.249 () {34 vars in 815 bytes} [Fri May 1 03:47:28 2026] DELETE /resource_providers/0f4d3e79-41d9-4085-b046-c78683ba6769 => generated 246 bytes in 7 msecs (HTTP/1.1 404) 6 headers in 231 bytes (1 switches on core 0)
2026-05-01 03:47:28.517 7 INFO placement.requestlog [None req-66b53597-956d-45c4-95c6-01ce2427d145 f9c91a569a1d4a4db44c96c3d64638fa 1ec913743a3f4283b06997c199f7d4b0 - - 15b54d0cd6e54a01a3edc4ca48559ff6 15b54d0cd6e54a01a3edc4ca48559ff6] 10.0.0.249 "GET /resource_providers/ef37a227-df3f-4c16-9096-769f6440044c/aggregates" status: 404 len: 235 microversion: 1.1 [pid: 7|app: 0|req: 414/824] 10.0.0.249 () {32 vars in 815 bytes} [Fri May 1 03:47:28 2026] GET /resource_providers/ef37a227-df3f-4c16-9096-769f6440044c/aggregates => generated 235 bytes in 8 msecs (HTTP/1.1 404) 5 headers in 202 bytes (1 switches on core 0)
2026-05-01 03:47:28.541 8 INFO placement.requestlog [None req-4956e987-6acb-4dde-b9f4-ed17f49a67b2 f9c91a569a1d4a4db44c96c3d64638fa 1ec913743a3f4283b06997c199f7d4b0 - - 15b54d0cd6e54a01a3edc4ca48559ff6 15b54d0cd6e54a01a3edc4ca48559ff6] 10.0.0.249 "DELETE /resource_providers/ef37a227-df3f-4c16-9096-769f6440044c" status: 404 len: 246 microversion: 1.1 [pid: 8|app: 0|req: 411/825] 10.0.0.249 () {34 vars in 815 bytes} [Fri May 1 03:47:28 2026] DELETE /resource_providers/ef37a227-df3f-4c16-9096-769f6440044c => generated 246 bytes in 10 msecs (HTTP/1.1 404) 6 headers in 231 bytes (1 switches on core 0)
2026-05-01 03:47:28.554 7 INFO placement.requestlog [None req-54e3bc34-a730-4fc6-aea5-92f9861653b8 f9c91a569a1d4a4db44c96c3d64638fa 1ec913743a3f4283b06997c199f7d4b0 - - 15b54d0cd6e54a01a3edc4ca48559ff6 15b54d0cd6e54a01a3edc4ca48559ff6] 10.0.0.249 "GET /resource_providers/ef37a227-df3f-4c16-9096-769f6440044c/aggregates" status: 404 len: 235 microversion: 1.1 [pid: 7|app: 0|req: 415/826] 10.0.0.249 () {32 vars in 815 bytes} [Fri May 1 03:47:28 2026] GET /resource_providers/ef37a227-df3f-4c16-9096-769f6440044c/aggregates => generated 235 bytes in 8 msecs (HTTP/1.1 404) 5 headers in 202 bytes (1 switches on core 0)
2026-05-01 03:47:28.577 8 INFO placement.requestlog [None req-b8f5540f-6a4f-497b-a0c1-c527033513c3 f9c91a569a1d4a4db44c96c3d64638fa 1ec913743a3f4283b06997c199f7d4b0 - - 15b54d0cd6e54a01a3edc4ca48559ff6 15b54d0cd6e54a01a3edc4ca48559ff6] 10.0.0.249 "DELETE /resource_providers/ef37a227-df3f-4c16-9096-769f6440044c" status: 404 len: 246 microversion: 1.1 [pid: 8|app: 0|req: 412/827] 10.0.0.249 () {34 vars in 815 bytes} [Fri May 1 03:47:28 2026] DELETE /resource_providers/ef37a227-df3f-4c16-9096-769f6440044c => generated 246 bytes in 10 msecs (HTTP/1.1 404) 6 headers in 231 bytes (1 switches on core 0)
2026-05-01 03:47:29.690 7 INFO placement.requestlog [req-9724ec09-acf9-4cdb-b8ab-85fde6202d89 req-643d38e8-063e-4c6a-ad8d-313f16328d0a c3c3ecf0d0484f02957bb227f52c48a5 1ec913743a3f4283b06997c199f7d4b0 - - 15b54d0cd6e54a01a3edc4ca48559ff6 15b54d0cd6e54a01a3edc4ca48559ff6] 199.19.213.44 "GET /resource_providers/519fad3b-16cb-4b76-b7ef-76325a17e635/allocations" status: 200 len: 238 microversion: 1.0 [pid: 7|app: 0|req: 416/828] 199.19.213.44 () {32 vars in 855 bytes} [Fri May 1 03:47:29 2026] GET /resource_providers/519fad3b-16cb-4b76-b7ef-76325a17e635/allocations => generated 238 bytes in 15 msecs (HTTP/1.1 200) 6 headers in 224 bytes (1 switches on core 0)
2026-05-01 03:47:29.712 8 INFO placement.requestlog [req-9724ec09-acf9-4cdb-b8ab-85fde6202d89 req-45fae7b0-9135-4e95-9e40-271817c2dea3 c3c3ecf0d0484f02957bb227f52c48a5 1ec913743a3f4283b06997c199f7d4b0 - - 15b54d0cd6e54a01a3edc4ca48559ff6 15b54d0cd6e54a01a3edc4ca48559ff6] 199.19.213.44 "GET /allocations/b26f4a01-ff02-4b0f-aa4e-69459878d00a" status: 200 len: 243 microversion: 1.28 [pid: 8|app: 0|req: 413/829] 199.19.213.44 () {34 vars in 861 bytes} [Fri May 1 03:47:29 2026] GET /allocations/b26f4a01-ff02-4b0f-aa4e-69459878d00a => generated 243 bytes in 13 msecs (HTTP/1.1 200) 8 headers in 296 bytes (1 switches on core 0)
2026-05-01 03:47:29.730 7 INFO placement.requestlog [req-9724ec09-acf9-4cdb-b8ab-85fde6202d89 req-baa8557d-7ec5-4475-a34c-33b4f8e7bced c3c3ecf0d0484f02957bb227f52c48a5 1ec913743a3f4283b06997c199f7d4b0 - - 15b54d0cd6e54a01a3edc4ca48559ff6 15b54d0cd6e54a01a3edc4ca48559ff6] 199.19.213.44 "GET /allocations/fa774584-d4ce-403d-9ed7-278aa78f82ce" status: 200 len: 257 microversion: 1.28 [pid: 7|app: 0|req: 417/830] 199.19.213.44 () {34 vars in 861 bytes} [Fri May 1 03:47:29 2026] GET /allocations/fa774584-d4ce-403d-9ed7-278aa78f82ce => generated 257 bytes in 11 msecs (HTTP/1.1 200) 8 headers in 296 bytes (1 switches on core 0)
2026-05-01 03:47:30.084 8 INFO placement.requestlog [None req-a06fb63f-fbc0-4919-a771-1f2dc39c7caf f9c91a569a1d4a4db44c96c3d64638fa 1ec913743a3f4283b06997c199f7d4b0 - - 15b54d0cd6e54a01a3edc4ca48559ff6 15b54d0cd6e54a01a3edc4ca48559ff6] 10.0.0.249 "GET /resource_providers/da3dbf15-6245-437d-a044-c2c05ae029af/aggregates" status: 404 len: 235 microversion: 1.1 [pid: 8|app: 0|req: 414/831] 10.0.0.249 () {32 vars in 815 bytes} [Fri May 1 03:47:30 2026] GET /resource_providers/da3dbf15-6245-437d-a044-c2c05ae029af/aggregates => generated 235 bytes in 10 msecs (HTTP/1.1 404) 5 headers in 202 bytes (1 switches on core 0)
2026-05-01 03:47:30.086 7 INFO placement.requestlog [None req-74cc4372-ccda-47e0-9663-c767ac198647 f9c91a569a1d4a4db44c96c3d64638fa 1ec913743a3f4283b06997c199f7d4b0 - - 15b54d0cd6e54a01a3edc4ca48559ff6 15b54d0cd6e54a01a3edc4ca48559ff6] 10.0.0.249 "GET /resource_providers/da3dbf15-6245-437d-a044-c2c05ae029af/aggregates" status: 404 len: 235 microversion: 1.1 [pid: 7|app: 0|req: 418/832] 10.0.0.249 () {32 vars in 815 bytes} [Fri May 1 03:47:30 2026] GET /resource_providers/da3dbf15-6245-437d-a044-c2c05ae029af/aggregates => generated 235 bytes in 11 msecs (HTTP/1.1 404) 5 headers in 202 bytes (1 switches on core 0)
2026-05-01 03:47:30.109 8 INFO placement.requestlog [None req-5e30d1dc-82b7-479b-abca-ffd444f84e14 f9c91a569a1d4a4db44c96c3d64638fa 1ec913743a3f4283b06997c199f7d4b0 - - 15b54d0cd6e54a01a3edc4ca48559ff6 15b54d0cd6e54a01a3edc4ca48559ff6] 10.0.0.249 "DELETE /resource_providers/da3dbf15-6245-437d-a044-c2c05ae029af" status: 404 len: 246 microversion: 1.1 [pid: 8|app: 0|req: 415/833] 10.0.0.249 () {34 vars in 815 bytes} [Fri May 1 03:47:30 2026] DELETE /resource_providers/da3dbf15-6245-437d-a044-c2c05ae029af => generated 246 bytes in 9 msecs (HTTP/1.1 404) 6 headers in 231 bytes (1 switches on core 0)
2026-05-01 03:47:30.110 7 INFO placement.requestlog [None req-515314d0-ef7f-4b24-9e9a-70a7f17d1727 f9c91a569a1d4a4db44c96c3d64638fa 1ec913743a3f4283b06997c199f7d4b0 - - 15b54d0cd6e54a01a3edc4ca48559ff6 15b54d0cd6e54a01a3edc4ca48559ff6] 10.0.0.249 "DELETE /resource_providers/da3dbf15-6245-437d-a044-c2c05ae029af" status: 404 len: 246 microversion: 1.1 [pid: 7|app: 0|req: 419/834] 10.0.0.249 () {34 vars in 815 bytes} [Fri May 1 03:47:30 2026] DELETE /resource_providers/da3dbf15-6245-437d-a044-c2c05ae029af => generated 246 bytes in 9 msecs (HTTP/1.1 404) 6 headers in 231 bytes (1 switches on core 0)
2026-05-01 03:47:30.133 8 INFO placement.requestlog [None req-e6a51821-1523-476f-93e4-91b4d8586d3c f9c91a569a1d4a4db44c96c3d64638fa 1ec913743a3f4283b06997c199f7d4b0 - - 15b54d0cd6e54a01a3edc4ca48559ff6 15b54d0cd6e54a01a3edc4ca48559ff6] 10.0.0.249 "GET /resource_providers/b5ae0d55-94d4-4a5e-95b1-911e9f1c9366/aggregates" status: 404 len: 235 microversion: 1.1 [pid: 8|app: 0|req: 416/835] 10.0.0.249 () {32 vars in 815 bytes} [Fri May 1 03:47:30 2026] GET /resource_providers/b5ae0d55-94d4-4a5e-95b1-911e9f1c9366/aggregates => generated 235 bytes in 8 msecs (HTTP/1.1 404) 5 headers in 202 bytes (1 switches on core 0)
2026-05-01 03:47:30.150 8 INFO placement.requestlog [None req-18da3950-3bfb-40cd-9f7c-d93e645ee474 f9c91a569a1d4a4db44c96c3d64638fa 1ec913743a3f4283b06997c199f7d4b0 - - 15b54d0cd6e54a01a3edc4ca48559ff6 15b54d0cd6e54a01a3edc4ca48559ff6] 10.0.0.249 "DELETE /resource_providers/b5ae0d55-94d4-4a5e-95b1-911e9f1c9366" status: 404 len: 246 microversion: 1.1 [pid: 8|app: 0|req: 417/836] 10.0.0.249 () {34 vars in 815 bytes} [Fri May 1 03:47:30 2026] DELETE /resource_providers/b5ae0d55-94d4-4a5e-95b1-911e9f1c9366 => generated 246 bytes in 8 msecs (HTTP/1.1 404) 6 headers in 231 bytes (1 switches on core 0)
2026-05-01 03:47:30.151 7 INFO placement.requestlog [None req-4dc9a229-15c8-4930-87f6-18ab98ace5b8 f9c91a569a1d4a4db44c96c3d64638fa 1ec913743a3f4283b06997c199f7d4b0 - - 15b54d0cd6e54a01a3edc4ca48559ff6 15b54d0cd6e54a01a3edc4ca48559ff6] 10.0.0.249 "GET /resource_providers/b5ae0d55-94d4-4a5e-95b1-911e9f1c9366/aggregates" status: 404 len: 235 microversion: 1.1 [pid: 7|app: 0|req: 420/837] 10.0.0.249 () {32 vars in 815 bytes} [Fri May 1 03:47:30 2026] GET /resource_providers/b5ae0d55-94d4-4a5e-95b1-911e9f1c9366/aggregates => generated 235 bytes in 13 msecs (HTTP/1.1 404) 5 headers in 202 bytes (1 switches on core 0)
2026-05-01 03:47:30.183 8 INFO placement.requestlog [None req-b323629b-27ad-4246-bb14-38f400108a71 f9c91a569a1d4a4db44c96c3d64638fa 1ec913743a3f4283b06997c199f7d4b0 - - 15b54d0cd6e54a01a3edc4ca48559ff6 15b54d0cd6e54a01a3edc4ca48559ff6] 10.0.0.249 "DELETE /resource_providers/b5ae0d55-94d4-4a5e-95b1-911e9f1c9366" status: 404 len: 246 microversion: 1.1 [pid: 8|app: 0|req: 418/838] 10.0.0.249 () {34 vars in 815 bytes} [Fri May 1 03:47:30 2026] DELETE /resource_providers/b5ae0d55-94d4-4a5e-95b1-911e9f1c9366 => generated 246 bytes in 19 msecs (HTTP/1.1 404) 6 headers in 231 bytes (1 switches on core 0)
2026-05-01 03:47:30.781 7 INFO placement.requestlog [req-9724ec09-acf9-4cdb-b8ab-85fde6202d89 req-4ba20ddd-b2a9-4fd7-bdc7-fda76e099712 c3c3ecf0d0484f02957bb227f52c48a5 1ec913743a3f4283b06997c199f7d4b0 - - 15b54d0cd6e54a01a3edc4ca48559ff6 15b54d0cd6e54a01a3edc4ca48559ff6] 199.19.213.44 "DELETE /allocations/b26f4a01-ff02-4b0f-aa4e-69459878d00a" status: 204 len: 0 microversion: 1.0 [pid: 7|app: 0|req: 421/839] 199.19.213.44 () {34 vars in 839 bytes} [Fri May 1 03:47:30 2026] DELETE /allocations/b26f4a01-ff02-4b0f-aa4e-69459878d00a => generated 0 bytes in 17 msecs (HTTP/1.1 204) 5 headers in 198 bytes (1 switches on core 0)
2026-05-01 03:47:33.413 8 INFO placement.requestlog [None req-93a7c503-cb1d-46b9-b454-bba56932d564 f9c91a569a1d4a4db44c96c3d64638fa 1ec913743a3f4283b06997c199f7d4b0 - - 15b54d0cd6e54a01a3edc4ca48559ff6 15b54d0cd6e54a01a3edc4ca48559ff6] 10.0.0.249 "GET /resource_providers/306af0be-06f1-4e14-9f85-0d2a7fc1796b/aggregates" status: 404 len: 235 microversion: 1.1 [pid: 8|app: 0|req: 419/840] 10.0.0.249 () {32 vars in 815 bytes} [Fri May 1 03:47:33 2026] GET /resource_providers/306af0be-06f1-4e14-9f85-0d2a7fc1796b/aggregates => generated 235 bytes in 10 msecs (HTTP/1.1 404) 5 headers in 202 bytes (1 switches on core 0)
2026-05-01 03:47:33.419 7 INFO placement.requestlog [None req-84acbc90-04c4-4cf2-a0f6-2cc32149c79b f9c91a569a1d4a4db44c96c3d64638fa 1ec913743a3f4283b06997c199f7d4b0 - - 15b54d0cd6e54a01a3edc4ca48559ff6 15b54d0cd6e54a01a3edc4ca48559ff6] 10.0.0.249 "GET /resource_providers/306af0be-06f1-4e14-9f85-0d2a7fc1796b/aggregates" status: 404 len: 235 microversion: 1.1 [pid: 7|app: 0|req: 422/841] 10.0.0.249 () {32 vars in 815 bytes} [Fri May 1 03:47:33 2026] GET /resource_providers/306af0be-06f1-4e14-9f85-0d2a7fc1796b/aggregates => generated 235 bytes in 12 msecs (HTTP/1.1 404) 5 headers in 202 bytes (1 switches on core 0)
2026-05-01 03:47:33.434 8 INFO placement.requestlog [None req-d04b6d04-0c9a-4bf2-88dc-081d6ea1ecd0 f9c91a569a1d4a4db44c96c3d64638fa 1ec913743a3f4283b06997c199f7d4b0 - - 15b54d0cd6e54a01a3edc4ca48559ff6 15b54d0cd6e54a01a3edc4ca48559ff6] 10.0.0.249 "DELETE /resource_providers/306af0be-06f1-4e14-9f85-0d2a7fc1796b" status: 404 len: 246 microversion: 1.1 [pid: 8|app: 0|req: 420/842] 10.0.0.249 () {34 vars in 815 bytes} [Fri May 1 03:47:33 2026] DELETE /resource_providers/306af0be-06f1-4e14-9f85-0d2a7fc1796b => generated 246 bytes in 10 msecs (HTTP/1.1 404) 6 headers in 231 bytes (1 switches on core 0)
2026-05-01 03:47:33.438 7 INFO placement.requestlog [None req-119df178-73c0-4d62-9373-521fbd7553e2 f9c91a569a1d4a4db44c96c3d64638fa 1ec913743a3f4283b06997c199f7d4b0 - - 15b54d0cd6e54a01a3edc4ca48559ff6 15b54d0cd6e54a01a3edc4ca48559ff6] 10.0.0.249 "DELETE /resource_providers/306af0be-06f1-4e14-9f85-0d2a7fc1796b" status: 404 len: 246 microversion: 1.1 [pid: 7|app: 0|req: 423/843] 10.0.0.249 () {34 vars in 815 bytes} [Fri May 1 03:47:33 2026] DELETE /resource_providers/306af0be-06f1-4e14-9f85-0d2a7fc1796b => generated 246 bytes in 9 msecs (HTTP/1.1 404) 6 headers in 231 bytes (1 switches on core 0)
2026-05-01 03:47:35.473 8 INFO placement.requestlog [None req-7402cc7b-cfd6-450b-b2c8-a130e4261000 f9c91a569a1d4a4db44c96c3d64638fa 1ec913743a3f4283b06997c199f7d4b0 - - 15b54d0cd6e54a01a3edc4ca48559ff6 15b54d0cd6e54a01a3edc4ca48559ff6] 10.0.0.249 "GET /resource_providers/30e0b6ce-6459-4b31-bc4c-dbbe8e5f9ea4/aggregates" status: 404 len: 235 microversion: 1.1 [pid: 8|app: 0|req: 421/844] 10.0.0.249 () {32 vars in 815 bytes} [Fri May 1 03:47:35 2026] GET /resource_providers/30e0b6ce-6459-4b31-bc4c-dbbe8e5f9ea4/aggregates => generated 235 bytes in 23 msecs (HTTP/1.1 404) 5 headers in 202 bytes (1 switches on core 0)
2026-05-01 03:47:35.474 7 INFO placement.requestlog [None req-93560fd4-e3c2-42ae-b873-8f80ee7e7d2d f9c91a569a1d4a4db44c96c3d64638fa 1ec913743a3f4283b06997c199f7d4b0 - - 15b54d0cd6e54a01a3edc4ca48559ff6 15b54d0cd6e54a01a3edc4ca48559ff6] 10.0.0.249 "GET /resource_providers/30e0b6ce-6459-4b31-bc4c-dbbe8e5f9ea4/aggregates" status: 404 len: 235 microversion: 1.1 [pid: 7|app: 0|req: 424/845] 10.0.0.249 () {32 vars in 815 bytes} [Fri May 1 03:47:35 2026] GET /resource_providers/30e0b6ce-6459-4b31-bc4c-dbbe8e5f9ea4/aggregates => generated 235 bytes in 16 msecs (HTTP/1.1 404) 5 headers in 202 bytes (1 switches on core 0)
2026-05-01 03:47:35.495 8 INFO placement.requestlog [None req-39bb712e-7543-4700-8d42-f7b13ef90d1c f9c91a569a1d4a4db44c96c3d64638fa 1ec913743a3f4283b06997c199f7d4b0 - - 15b54d0cd6e54a01a3edc4ca48559ff6 15b54d0cd6e54a01a3edc4ca48559ff6] 10.0.0.249 "DELETE /resource_providers/30e0b6ce-6459-4b31-bc4c-dbbe8e5f9ea4" status: 404 len: 246 microversion: 1.1 [pid: 8|app: 0|req: 422/846] 10.0.0.249 () {34 vars in 815 bytes} [Fri May 1 03:47:35 2026] DELETE /resource_providers/30e0b6ce-6459-4b31-bc4c-dbbe8e5f9ea4 => generated 246 bytes in 10 msecs (HTTP/1.1 404) 6 headers in 231 bytes (1 switches on core 0)
2026-05-01 03:47:35.499 7 INFO placement.requestlog [None req-8e278709-3f13-4b08-8715-f28dbfa040c6 f9c91a569a1d4a4db44c96c3d64638fa 1ec913743a3f4283b06997c199f7d4b0 - - 15b54d0cd6e54a01a3edc4ca48559ff6 15b54d0cd6e54a01a3edc4ca48559ff6] 10.0.0.249 "DELETE /resource_providers/30e0b6ce-6459-4b31-bc4c-dbbe8e5f9ea4" status: 404 len: 246 microversion: 1.1 [pid: 7|app: 0|req: 425/847] 10.0.0.249 () {34 vars in 815 bytes} [Fri May 1 03:47:35 2026] DELETE /resource_providers/30e0b6ce-6459-4b31-bc4c-dbbe8e5f9ea4 => generated 246 bytes in 14 msecs (HTTP/1.1 404) 6 headers in 231 bytes (1 switches on core 0)
2026-05-01 03:47:35.519 7 INFO placement.requestlog [None req-cb490b9a-0061-444e-91e7-c034b6a27661 f9c91a569a1d4a4db44c96c3d64638fa 1ec913743a3f4283b06997c199f7d4b0 - - 15b54d0cd6e54a01a3edc4ca48559ff6 15b54d0cd6e54a01a3edc4ca48559ff6] 10.0.0.249 "GET /resource_providers/ee34804a-e599-459b-8d0d-a19022f48519/aggregates" status: 404 len: 235 microversion: 1.1 [pid: 7|app: 0|req: 426/848] 10.0.0.249 () {32 vars in 815 bytes} [Fri May 1 03:47:35 2026] GET /resource_providers/ee34804a-e599-459b-8d0d-a19022f48519/aggregates => generated 235 bytes in 9 msecs (HTTP/1.1 404) 5 headers in 202 bytes (1 switches on core 0)
2026-05-01 03:47:35.524 8 INFO placement.requestlog [None req-47b53666-482c-46cb-b7df-14cc7cba216a f9c91a569a1d4a4db44c96c3d64638fa 1ec913743a3f4283b06997c199f7d4b0 - - 15b54d0cd6e54a01a3edc4ca48559ff6 15b54d0cd6e54a01a3edc4ca48559ff6] 10.0.0.249 "GET /resource_providers/ee34804a-e599-459b-8d0d-a19022f48519/aggregates" status: 404 len: 235 microversion: 1.1 [pid: 8|app: 0|req: 423/849] 10.0.0.249 () {32 vars in 815 bytes} [Fri May 1 03:47:35 2026] GET /resource_providers/ee34804a-e599-459b-8d0d-a19022f48519/aggregates => generated 235 bytes in 16 msecs (HTTP/1.1 404) 5 headers in 202 bytes (1 switches on core 0)
