2026-05-01 03:49:14.530 8 INFO placement.requestlog [None req-de10134b-906e-4cb7-936f-5af2eb879117 f9c91a569a1d4a4db44c96c3d64638fa 1ec913743a3f4283b06997c199f7d4b0 - - 15b54d0cd6e54a01a3edc4ca48559ff6 15b54d0cd6e54a01a3edc4ca48559ff6] 10.0.0.249 "DELETE /resource_providers/80b808c9-7866-4783-b78b-503da51746cb" status: 404 len: 246 microversion: 1.1 [pid: 8|app: 0|req: 509/1023] 10.0.0.249 () {34 vars in 815 bytes} [Fri May 1 03:49:14 2026] DELETE /resource_providers/80b808c9-7866-4783-b78b-503da51746cb => generated 246 bytes in 10 msecs (HTTP/1.1 404) 6 headers in 231 bytes (1 switches on core 0)
2026-05-01 03:49:15.788 7 INFO placement.requestlog [req-febee4e7-5a76-48a9-adb9-7915abba3fac req-27f19549-8f32-49ea-a861-890e2b615a5a c3c3ecf0d0484f02957bb227f52c48a5 1ec913743a3f4283b06997c199f7d4b0 - - 15b54d0cd6e54a01a3edc4ca48559ff6 15b54d0cd6e54a01a3edc4ca48559ff6] 199.19.213.44 "GET /resource_providers/519fad3b-16cb-4b76-b7ef-76325a17e635/allocations" status: 200 len: 540 microversion: 1.0 [pid: 7|app: 0|req: 515/1024] 199.19.213.44 () {32 vars in 855 bytes} [Fri May 1 03:49:15 2026] GET /resource_providers/519fad3b-16cb-4b76-b7ef-76325a17e635/allocations => generated 540 bytes in 14 msecs (HTTP/1.1 200) 6 headers in 224 bytes (1 switches on core 0)
2026-05-01 03:49:15.812 8 INFO placement.requestlog [req-febee4e7-5a76-48a9-adb9-7915abba3fac req-29d1960f-fb23-4dee-9738-78cbfab4b0b2 c3c3ecf0d0484f02957bb227f52c48a5 1ec913743a3f4283b06997c199f7d4b0 - - 15b54d0cd6e54a01a3edc4ca48559ff6 15b54d0cd6e54a01a3edc4ca48559ff6] 199.19.213.44 "GET /resource_providers/519fad3b-16cb-4b76-b7ef-76325a17e635/allocations" status: 200 len: 540 microversion: 1.0 [pid: 8|app: 0|req: 510/1025] 199.19.213.44 () {32 vars in 855 bytes} [Fri May 1 03:49:15 2026] GET /resource_providers/519fad3b-16cb-4b76-b7ef-76325a17e635/allocations => generated 540 bytes in 19 msecs (HTTP/1.1 200) 6 headers in 224 bytes (1 switches on core 0)
2026-05-01 03:49:15.836 7 INFO placement.requestlog [req-febee4e7-5a76-48a9-adb9-7915abba3fac req-a5a6396f-eaca-422b-a32c-3ed3892bc265 c3c3ecf0d0484f02957bb227f52c48a5 1ec913743a3f4283b06997c199f7d4b0 - - 15b54d0cd6e54a01a3edc4ca48559ff6 15b54d0cd6e54a01a3edc4ca48559ff6] 199.19.213.44 "GET /allocations/332574ef-de4f-4213-959d-aac3ed2f2a74" status: 200 len: 258 microversion: 1.28 [pid: 7|app: 0|req: 516/1026] 199.19.213.44 () {34 vars in 861 bytes} [Fri May 1 03:49:15 2026] GET /allocations/332574ef-de4f-4213-959d-aac3ed2f2a74 => generated 258 bytes in 17 msecs (HTTP/1.1 200) 8 headers in 296 bytes (1 switches on core 0)
2026-05-01 03:49:15.857 8 INFO placement.requestlog [req-febee4e7-5a76-48a9-adb9-7915abba3fac req-abba0367-f393-4ab0-a61c-1468d7b1dc16 c3c3ecf0d0484f02957bb227f52c48a5 1ec913743a3f4283b06997c199f7d4b0 - - 15b54d0cd6e54a01a3edc4ca48559ff6 15b54d0cd6e54a01a3edc4ca48559ff6] 199.19.213.44 "GET /allocations/fa774584-d4ce-403d-9ed7-278aa78f82ce" status: 200 len: 258 microversion: 1.28 [pid: 8|app: 0|req: 511/1027] 199.19.213.44 () {34 vars in 861 bytes} [Fri May 1 03:49:15 2026] GET /allocations/fa774584-d4ce-403d-9ed7-278aa78f82ce => generated 258 bytes in 13 msecs (HTTP/1.1 200) 8 headers in 296 bytes (1 switches on core 0)
2026-05-01 03:49:15.877 7 INFO placement.requestlog [req-febee4e7-5a76-48a9-adb9-7915abba3fac req-b615e6ae-422f-454d-87b7-f3c08f915131 c3c3ecf0d0484f02957bb227f52c48a5 1ec913743a3f4283b06997c199f7d4b0 - - 15b54d0cd6e54a01a3edc4ca48559ff6 15b54d0cd6e54a01a3edc4ca48559ff6] 199.19.213.44 "GET /allocations/c0cf568a-7bff-4550-b961-37a9b7f3ad7c" status: 200 len: 245 microversion: 1.28 [pid: 7|app: 0|req: 517/1028] 199.19.213.44 () {34 vars in 861 bytes} [Fri May 1 03:49:15 2026] GET /allocations/c0cf568a-7bff-4550-b961-37a9b7f3ad7c => generated 245 bytes in 12 msecs (HTTP/1.1 200) 8 headers in 296 bytes (1 switches on core 0)
2026-05-01 03:49:15.896 8 INFO placement.requestlog [req-febee4e7-5a76-48a9-adb9-7915abba3fac req-3d404bae-9661-40c8-9446-3a8c50b57032 c3c3ecf0d0484f02957bb227f52c48a5 1ec913743a3f4283b06997c199f7d4b0 - - 15b54d0cd6e54a01a3edc4ca48559ff6 15b54d0cd6e54a01a3edc4ca48559ff6] 199.19.213.44 "GET /allocations/dfe8fc30-5d1e-4123-8817-d9f3e5e0a8cc" status: 200 len: 258 microversion: 1.28 [pid: 8|app: 0|req: 512/1029] 199.19.213.44 () {34 vars in 861 bytes} [Fri May 1 03:49:15 2026] GET /allocations/dfe8fc30-5d1e-4123-8817-d9f3e5e0a8cc => generated 258 bytes in 15 msecs (HTTP/1.1 200) 8 headers in 296 bytes (1 switches on core 0)
2026-05-01 03:49:15.914 7 INFO placement.requestlog [req-febee4e7-5a76-48a9-adb9-7915abba3fac req-99f26ba0-72d8-478e-a28e-0f30044e0c6f c3c3ecf0d0484f02957bb227f52c48a5 1ec913743a3f4283b06997c199f7d4b0 - - 15b54d0cd6e54a01a3edc4ca48559ff6 15b54d0cd6e54a01a3edc4ca48559ff6] 199.19.213.44 "GET /allocations/84d7d24d-66a5-4657-b182-9fb20f022487" status: 200 len: 258 microversion: 1.28 [pid: 7|app: 0|req: 518/1030] 199.19.213.44 () {34 vars in 861 bytes} [Fri May 1 03:49:15 2026] GET /allocations/84d7d24d-66a5-4657-b182-9fb20f022487 => generated 258 bytes in 10 msecs (HTTP/1.1 200) 8 headers in 296 bytes (1 switches on core 0)
2026-05-01 03:49:16.156 8 INFO placement.requestlog [None req-0704ff26-3ecb-4305-9aa0-4c44badbbc97 - - - - - -] 10.0.0.171 "GET /" status: 200 len: 136 microversion: 1.0
2026-05-01 03:49:16.159 7 INFO placement.requestlog [None req-78c7afc5-a918-496c-801f-b99679b1ff76 - - - - - -] 10.0.0.171 "GET /" status: 200 len: 136 microversion: 1.0
2026-05-01 03:49:16.545 8 INFO placement.requestlog [None req-c076857b-32ca-4f37-824b-b52b753a8e82 f9c91a569a1d4a4db44c96c3d64638fa 1ec913743a3f4283b06997c199f7d4b0 - - 15b54d0cd6e54a01a3edc4ca48559ff6 15b54d0cd6e54a01a3edc4ca48559ff6] 10.0.0.249 "GET /resource_providers/fd3b97a1-bb96-4bc4-b7f3-d1def5e174d1/aggregates" status: 404 len: 235 microversion: 1.1 [pid: 8|app: 0|req: 514/1033] 10.0.0.249 () {32 vars in 815 bytes} [Fri May 1 03:49:16 2026] GET /resource_providers/fd3b97a1-bb96-4bc4-b7f3-d1def5e174d1/aggregates => generated 235 bytes in 13 msecs (HTTP/1.1 404) 5 headers in 202 bytes (1 switches on core 0)
2026-05-01 03:49:16.560 8 INFO placement.requestlog [None req-2f4c747a-e6dc-4d8d-a9f1-d2a263c84ae7 f9c91a569a1d4a4db44c96c3d64638fa 1ec913743a3f4283b06997c199f7d4b0 - - 15b54d0cd6e54a01a3edc4ca48559ff6 15b54d0cd6e54a01a3edc4ca48559ff6] 10.0.0.249 "DELETE /resource_providers/fd3b97a1-bb96-4bc4-b7f3-d1def5e174d1" status: 404 len: 246 microversion: 1.1 [pid: 8|app: 0|req: 515/1034] 10.0.0.249 () {34 vars in 815 bytes} [Fri May 1 03:49:16 2026] DELETE /resource_providers/fd3b97a1-bb96-4bc4-b7f3-d1def5e174d1 => generated 246 bytes in 8 msecs (HTTP/1.1 404) 6 headers in 231 bytes (1 switches on core 0)
2026-05-01 03:49:16.567 7 INFO placement.requestlog [None req-f3889617-807d-48f4-b39e-f5d093dd6d7b f9c91a569a1d4a4db44c96c3d64638fa 1ec913743a3f4283b06997c199f7d4b0 - - 15b54d0cd6e54a01a3edc4ca48559ff6 15b54d0cd6e54a01a3edc4ca48559ff6] 10.0.0.249 "GET /resource_providers/fd3b97a1-bb96-4bc4-b7f3-d1def5e174d1/aggregates" status: 404 len: 235 microversion: 1.1 [pid: 7|app: 0|req: 520/1035] 10.0.0.249 () {32 vars in 815 bytes} [Fri May 1 03:49:16 2026] GET /resource_providers/fd3b97a1-bb96-4bc4-b7f3-d1def5e174d1/aggregates => generated 235 bytes in 21 msecs (HTTP/1.1 404) 5 headers in 202 bytes (1 switches on core 0)
2026-05-01 03:49:16.572 8 INFO placement.requestlog [None req-0f1d94aa-a14e-43df-bb15-963cde567b45 f9c91a569a1d4a4db44c96c3d64638fa 1ec913743a3f4283b06997c199f7d4b0 - - 15b54d0cd6e54a01a3edc4ca48559ff6 15b54d0cd6e54a01a3edc4ca48559ff6] 10.0.0.249 "GET /resource_providers/74b2d08b-454d-4b17-9353-fefb7431cdec/aggregates" status: 404 len: 235 microversion: 1.1 [pid: 8|app: 0|req: 516/1036] 10.0.0.249 () {32 vars in 815 bytes} [Fri May 1 03:49:16 2026] GET /resource_providers/74b2d08b-454d-4b17-9353-fefb7431cdec/aggregates => generated 235 bytes in 7 msecs (HTTP/1.1 404) 5 headers in 202 bytes (1 switches on core 0)
2026-05-01 03:49:16.587 7 INFO placement.requestlog [None req-9b5c53c0-81f9-4ed5-8b2e-869681fbe1b3 f9c91a569a1d4a4db44c96c3d64638fa 1ec913743a3f4283b06997c199f7d4b0 - - 15b54d0cd6e54a01a3edc4ca48559ff6 15b54d0cd6e54a01a3edc4ca48559ff6] 10.0.0.249 "DELETE /resource_providers/fd3b97a1-bb96-4bc4-b7f3-d1def5e174d1" status: 404 len: 246 microversion: 1.1 [pid: 7|app: 0|req: 521/1037] 10.0.0.249 () {34 vars in 815 bytes} [Fri May 1 03:49:16 2026] DELETE /resource_providers/fd3b97a1-bb96-4bc4-b7f3-d1def5e174d1 => generated 246 bytes in 11 msecs (HTTP/1.1 404) 6 headers in 231 bytes (1 switches on core 0)
2026-05-01 03:49:16.588 8 INFO placement.requestlog [None req-5aee6ddf-8f9e-48d3-90d0-4dfbeb65abd3 f9c91a569a1d4a4db44c96c3d64638fa 1ec913743a3f4283b06997c199f7d4b0 - - 15b54d0cd6e54a01a3edc4ca48559ff6 15b54d0cd6e54a01a3edc4ca48559ff6] 10.0.0.249 "DELETE /resource_providers/74b2d08b-454d-4b17-9353-fefb7431cdec" status: 404 len: 246 microversion: 1.1 [pid: 8|app: 0|req: 517/1038] 10.0.0.249 () {34 vars in 815 bytes} [Fri May 1 03:49:16 2026] DELETE /resource_providers/74b2d08b-454d-4b17-9353-fefb7431cdec => generated 246 bytes in 11 msecs (HTTP/1.1 404) 6 headers in 231 bytes (1 switches on core 0)
2026-05-01 03:49:16.607 7 INFO placement.requestlog [None req-e6ce5109-a549-4144-818e-32d952b7b07d f9c91a569a1d4a4db44c96c3d64638fa 1ec913743a3f4283b06997c199f7d4b0 - - 15b54d0cd6e54a01a3edc4ca48559ff6 15b54d0cd6e54a01a3edc4ca48559ff6] 10.0.0.249 "GET /resource_providers/74b2d08b-454d-4b17-9353-fefb7431cdec/aggregates" status: 404 len: 235 microversion: 1.1 [pid: 7|app: 0|req: 522/1039] 10.0.0.249 () {32 vars in 815 bytes} [Fri May 1 03:49:16 2026] GET /resource_providers/74b2d08b-454d-4b17-9353-fefb7431cdec/aggregates => generated 235 bytes in 10 msecs (HTTP/1.1 404) 5 headers in 202 bytes (1 switches on core 0)
2026-05-01 03:49:16.630 8 INFO placement.requestlog [None req-40130423-a275-4d76-a7e1-a1c623498f6b f9c91a569a1d4a4db44c96c3d64638fa 1ec913743a3f4283b06997c199f7d4b0 - - 15b54d0cd6e54a01a3edc4ca48559ff6 15b54d0cd6e54a01a3edc4ca48559ff6] 10.0.0.249 "DELETE /resource_providers/74b2d08b-454d-4b17-9353-fefb7431cdec" status: 404 len: 246 microversion: 1.1 [pid: 8|app: 0|req: 518/1040] 10.0.0.249 () {34 vars in 815 bytes} [Fri May 1 03:49:16 2026] DELETE /resource_providers/74b2d08b-454d-4b17-9353-fefb7431cdec => generated 246 bytes in 13 msecs (HTTP/1.1 404) 6 headers in 231 bytes (1 switches on core 0)
2026-05-01 03:49:17.639 7 INFO placement.requestlog [req-b1a3abc0-9e89-416f-9a1f-5257e2f6fb6c req-f39b1274-200c-4af6-a540-7e26f9ecf011 c3c3ecf0d0484f02957bb227f52c48a5 1ec913743a3f4283b06997c199f7d4b0 - - 15b54d0cd6e54a01a3edc4ca48559ff6 15b54d0cd6e54a01a3edc4ca48559ff6] 199.19.213.44 "GET /resource_providers/519fad3b-16cb-4b76-b7ef-76325a17e635/allocations" status: 200 len: 540 microversion: 1.0 [pid: 7|app: 0|req: 523/1041] 199.19.213.44 () {32 vars in 855 bytes} [Fri May 1 03:49:17 2026] GET /resource_providers/519fad3b-16cb-4b76-b7ef-76325a17e635/allocations => generated 540 bytes in 20 msecs (HTTP/1.1 200) 6 headers in 224 bytes (1 switches on core 0)
2026-05-01 03:49:17.662 8 INFO placement.requestlog [req-b1a3abc0-9e89-416f-9a1f-5257e2f6fb6c req-f1bab6d3-60fe-4a0e-9aa8-1be0c1522c1e c3c3ecf0d0484f02957bb227f52c48a5 1ec913743a3f4283b06997c199f7d4b0 - - 15b54d0cd6e54a01a3edc4ca48559ff6 15b54d0cd6e54a01a3edc4ca48559ff6] 199.19.213.44 "GET /allocations/332574ef-de4f-4213-959d-aac3ed2f2a74" status: 200 len: 258 microversion: 1.28 [pid: 8|app: 0|req: 519/1042] 199.19.213.44 () {34 vars in 861 bytes} [Fri May 1 03:49:17 2026] GET /allocations/332574ef-de4f-4213-959d-aac3ed2f2a74 => generated 258 bytes in 18 msecs (HTTP/1.1 200) 8 headers in 296 bytes (1 switches on core 0)
2026-05-01 03:49:17.683 7 INFO placement.requestlog [req-b1a3abc0-9e89-416f-9a1f-5257e2f6fb6c req-2ab52fe0-5c20-45c1-8f3a-95802b7381b0 c3c3ecf0d0484f02957bb227f52c48a5 1ec913743a3f4283b06997c199f7d4b0 - - 15b54d0cd6e54a01a3edc4ca48559ff6 15b54d0cd6e54a01a3edc4ca48559ff6] 199.19.213.44 "GET /allocations/fa774584-d4ce-403d-9ed7-278aa78f82ce" status: 200 len: 258 microversion: 1.28 [pid: 7|app: 0|req: 524/1043] 199.19.213.44 () {34 vars in 861 bytes} [Fri May 1 03:49:17 2026] GET /allocations/fa774584-d4ce-403d-9ed7-278aa78f82ce => generated 258 bytes in 12 msecs (HTTP/1.1 200) 8 headers in 296 bytes (1 switches on core 0)
2026-05-01 03:49:17.710 8 INFO placement.requestlog [req-b1a3abc0-9e89-416f-9a1f-5257e2f6fb6c req-1fc2785f-8373-4a5c-9240-de9b5ebebc0b c3c3ecf0d0484f02957bb227f52c48a5 1ec913743a3f4283b06997c199f7d4b0 - - 15b54d0cd6e54a01a3edc4ca48559ff6 15b54d0cd6e54a01a3edc4ca48559ff6] 199.19.213.44 "GET /allocations/c0cf568a-7bff-4550-b961-37a9b7f3ad7c" status: 200 len: 245 microversion: 1.28 [pid: 8|app: 0|req: 520/1044] 199.19.213.44 () {34 vars in 861 bytes} [Fri May 1 03:49:17 2026] GET /allocations/c0cf568a-7bff-4550-b961-37a9b7f3ad7c => generated 245 bytes in 22 msecs (HTTP/1.1 200) 8 headers in 296 bytes (1 switches on core 0)
2026-05-01 03:49:17.735 7 INFO placement.requestlog [req-b1a3abc0-9e89-416f-9a1f-5257e2f6fb6c req-53bcadc6-93c2-42a7-8847-205e1ad4a6b4 c3c3ecf0d0484f02957bb227f52c48a5 1ec913743a3f4283b06997c199f7d4b0 - - 15b54d0cd6e54a01a3edc4ca48559ff6 15b54d0cd6e54a01a3edc4ca48559ff6] 199.19.213.44 "GET /allocations/dfe8fc30-5d1e-4123-8817-d9f3e5e0a8cc" status: 200 len: 258 microversion: 1.28 [pid: 7|app: 0|req: 525/1045] 199.19.213.44 () {34 vars in 861 bytes} [Fri May 1 03:49:17 2026] GET /allocations/dfe8fc30-5d1e-4123-8817-d9f3e5e0a8cc => generated 258 bytes in 17 msecs (HTTP/1.1 200) 8 headers in 296 bytes (1 switches on core 0)
2026-05-01 03:49:17.773 8 INFO placement.requestlog [req-b1a3abc0-9e89-416f-9a1f-5257e2f6fb6c req-7018e23b-e0ff-43dc-9ffe-0adbcd320b04 c3c3ecf0d0484f02957bb227f52c48a5 1ec913743a3f4283b06997c199f7d4b0 - - 15b54d0cd6e54a01a3edc4ca48559ff6 15b54d0cd6e54a01a3edc4ca48559ff6] 199.19.213.44 "GET /allocations/84d7d24d-66a5-4657-b182-9fb20f022487" status: 200 len: 258 microversion: 1.28 [pid: 8|app: 0|req: 521/1046] 199.19.213.44 () {34 vars in 861 bytes} [Fri May 1 03:49:17 2026] GET /allocations/84d7d24d-66a5-4657-b182-9fb20f022487 => generated 258 bytes in 31 msecs (HTTP/1.1 200) 8 headers in 296 bytes (1 switches on core 0)
2026-05-01 03:49:18.832 7 INFO placement.requestlog [req-b1a3abc0-9e89-416f-9a1f-5257e2f6fb6c req-c35b20cf-f5cc-4e69-b5d2-1f3a14a051cb c3c3ecf0d0484f02957bb227f52c48a5 1ec913743a3f4283b06997c199f7d4b0 - - 15b54d0cd6e54a01a3edc4ca48559ff6 15b54d0cd6e54a01a3edc4ca48559ff6] 199.19.213.44 "DELETE /allocations/84d7d24d-66a5-4657-b182-9fb20f022487" status: 204 len: 0 microversion: 1.0 [pid: 7|app: 0|req: 526/1047] 199.19.213.44 () {34 vars in 839 bytes} [Fri May 1 03:49:18 2026] DELETE /allocations/84d7d24d-66a5-4657-b182-9fb20f022487 => generated 0 bytes in 22 msecs (HTTP/1.1 204) 5 headers in 198 bytes (1 switches on core 0)
2026-05-01 03:49:23.198 7 INFO placement.requestlog [None req-6bfd909a-67b2-4e64-b806-caa793d2be2b f9c91a569a1d4a4db44c96c3d64638fa 1ec913743a3f4283b06997c199f7d4b0 - - 15b54d0cd6e54a01a3edc4ca48559ff6 15b54d0cd6e54a01a3edc4ca48559ff6] 10.0.0.249 "GET /resource_providers/9171fa1d-6974-450b-97d8-a9b3a8807bc6/aggregates" status: 404 len: 235 microversion: 1.1 [pid: 7|app: 0|req: 527/1048] 10.0.0.249 () {32 vars in 815 bytes} [Fri May 1 03:49:23 2026] GET /resource_providers/9171fa1d-6974-450b-97d8-a9b3a8807bc6/aggregates => generated 235 bytes in 11 msecs (HTTP/1.1 404) 5 headers in 202 bytes (1 switches on core 0)
2026-05-01 03:49:23.200 8 INFO placement.requestlog [None req-800abef6-d95c-4a93-87c2-a09e0daef696 f9c91a569a1d4a4db44c96c3d64638fa 1ec913743a3f4283b06997c199f7d4b0 - - 15b54d0cd6e54a01a3edc4ca48559ff6 15b54d0cd6e54a01a3edc4ca48559ff6] 10.0.0.249 "GET /resource_providers/9171fa1d-6974-450b-97d8-a9b3a8807bc6/aggregates" status: 404 len: 235 microversion: 1.1 [pid: 8|app: 0|req: 522/1049] 10.0.0.249 () {32 vars in 815 bytes} [Fri May 1 03:49:23 2026] GET /resource_providers/9171fa1d-6974-450b-97d8-a9b3a8807bc6/aggregates => generated 235 bytes in 14 msecs (HTTP/1.1 404) 5 headers in 202 bytes (1 switches on core 0)
2026-05-01 03:49:23.221 7 INFO placement.requestlog [None req-f3635e3f-a6eb-4f4d-b93e-71cb00ef3d49 f9c91a569a1d4a4db44c96c3d64638fa 1ec913743a3f4283b06997c199f7d4b0 - - 15b54d0cd6e54a01a3edc4ca48559ff6 15b54d0cd6e54a01a3edc4ca48559ff6] 10.0.0.249 "DELETE /resource_providers/9171fa1d-6974-450b-97d8-a9b3a8807bc6" status: 404 len: 246 microversion: 1.1 [pid: 7|app: 0|req: 528/1050] 10.0.0.249 () {34 vars in 815 bytes} [Fri May 1 03:49:23 2026] DELETE /resource_providers/9171fa1d-6974-450b-97d8-a9b3a8807bc6 => generated 246 bytes in 10 msecs (HTTP/1.1 404) 6 headers in 231 bytes (1 switches on core 0)
2026-05-01 03:49:23.284 8 INFO placement.requestlog [None req-56125846-e6c4-4375-b7ac-4f68410ca117 f9c91a569a1d4a4db44c96c3d64638fa 1ec913743a3f4283b06997c199f7d4b0 - - 15b54d0cd6e54a01a3edc4ca48559ff6 15b54d0cd6e54a01a3edc4ca48559ff6] 10.0.0.249 "DELETE /resource_providers/9171fa1d-6974-450b-97d8-a9b3a8807bc6" status: 404 len: 246 microversion: 1.1 [pid: 8|app: 0|req: 523/1051] 10.0.0.249 () {34 vars in 815 bytes} [Fri May 1 03:49:23 2026] DELETE /resource_providers/9171fa1d-6974-450b-97d8-a9b3a8807bc6 => generated 246 bytes in 9 msecs (HTTP/1.1 404) 6 headers in 231 bytes (1 switches on core 0)
2026-05-01 03:49:23.689 7 INFO placement.requestlog [None req-6500f284-d7b0-459a-892c-ce2bffab5c44 f9c91a569a1d4a4db44c96c3d64638fa 1ec913743a3f4283b06997c199f7d4b0 - - 15b54d0cd6e54a01a3edc4ca48559ff6 15b54d0cd6e54a01a3edc4ca48559ff6] 10.0.0.249 "GET /resource_providers/088d3d1d-0956-4231-adad-12ce8ae2b35b/aggregates" status: 404 len: 235 microversion: 1.1 [pid: 7|app: 0|req: 529/1052] 10.0.0.249 () {32 vars in 815 bytes} [Fri May 1 03:49:23 2026] GET /resource_providers/088d3d1d-0956-4231-adad-12ce8ae2b35b/aggregates => generated 235 bytes in 12 msecs (HTTP/1.1 404) 5 headers in 202 bytes (1 switches on core 0)
2026-05-01 03:49:23.691 8 INFO placement.requestlog [None req-76400e22-a54d-41da-8ba2-1a688976cdab f9c91a569a1d4a4db44c96c3d64638fa 1ec913743a3f4283b06997c199f7d4b0 - - 15b54d0cd6e54a01a3edc4ca48559ff6 15b54d0cd6e54a01a3edc4ca48559ff6] 10.0.0.249 "GET /resource_providers/088d3d1d-0956-4231-adad-12ce8ae2b35b/aggregates" status: 404 len: 235 microversion: 1.1 [pid: 8|app: 0|req: 524/1053] 10.0.0.249 () {32 vars in 815 bytes} [Fri May 1 03:49:23 2026] GET /resource_providers/088d3d1d-0956-4231-adad-12ce8ae2b35b/aggregates => generated 235 bytes in 12 msecs (HTTP/1.1 404) 5 headers in 202 bytes (1 switches on core 0)
2026-05-01 03:49:23.715 7 INFO placement.requestlog [None req-b02a9106-3b75-4012-8d4a-427166ca29f1 f9c91a569a1d4a4db44c96c3d64638fa 1ec913743a3f4283b06997c199f7d4b0 - - 15b54d0cd6e54a01a3edc4ca48559ff6 15b54d0cd6e54a01a3edc4ca48559ff6] 10.0.0.249 "DELETE /resource_providers/088d3d1d-0956-4231-adad-12ce8ae2b35b" status: 404 len: 246 microversion: 1.1 [pid: 7|app: 0|req: 530/1054] 10.0.0.249 () {34 vars in 815 bytes} [Fri May 1 03:49:23 2026] DELETE /resource_providers/088d3d1d-0956-4231-adad-12ce8ae2b35b => generated 246 bytes in 10 msecs (HTTP/1.1 404) 6 headers in 231 bytes (1 switches on core 0)
2026-05-01 03:49:23.716 8 INFO placement.requestlog [None req-4f29701d-9771-4147-ae04-ac65eb7f4da3 f9c91a569a1d4a4db44c96c3d64638fa 1ec913743a3f4283b06997c199f7d4b0 - - 15b54d0cd6e54a01a3edc4ca48559ff6 15b54d0cd6e54a01a3edc4ca48559ff6] 10.0.0.249 "DELETE /resource_providers/088d3d1d-0956-4231-adad-12ce8ae2b35b" status: 404 len: 246 microversion: 1.1 [pid: 8|app: 0|req: 525/1055] 10.0.0.249 () {34 vars in 815 bytes} [Fri May 1 03:49:23 2026] DELETE /resource_providers/088d3d1d-0956-4231-adad-12ce8ae2b35b => generated 246 bytes in 11 msecs (HTTP/1.1 404) 6 headers in 231 bytes (1 switches on core 0)
2026-05-01 03:49:26.156 7 INFO placement.requestlog [None req-8ac3523d-e6c4-4d2e-aec8-937b8e558224 - - - - - -] 10.0.0.171 "GET /" status: 200 len: 136 microversion: 1.0
2026-05-01 03:49:26.157 8 INFO placement.requestlog [None req-0e144182-618b-47e1-8b69-c53c2d02752a - - - - - -] 10.0.0.171 "GET /" status: 200 len: 136 microversion: 1.0
2026-05-01 03:49:33.518 7 INFO placement.requestlog [None req-d1cdb5da-f3d5-4f4d-b5f7-5eddb1e76a85 f9c91a569a1d4a4db44c96c3d64638fa 1ec913743a3f4283b06997c199f7d4b0 - - 15b54d0cd6e54a01a3edc4ca48559ff6 15b54d0cd6e54a01a3edc4ca48559ff6] 10.0.0.249 "GET /resource_providers/463dc18b-0484-467f-81cc-e8714c250052/aggregates" status: 404 len: 235 microversion: 1.1
2026-05-01 03:49:33.518 8 INFO placement.requestlog [None req-b078c58b-236c-46a7-8518-d36319a7d4f8 f9c91a569a1d4a4db44c96c3d64638fa 1ec913743a3f4283b06997c199f7d4b0 - - 15b54d0cd6e54a01a3edc4ca48559ff6 15b54d0cd6e54a01a3edc4ca48559ff6] 10.0.0.249 "GET /resource_providers/463dc18b-0484-467f-81cc-e8714c250052/aggregates" status: 404 len: 235 microversion: 1.1 [pid: 7|app: 0|req: 532/1058] 10.0.0.249 () {32 vars in 815 bytes} [Fri May 1 03:49:33 2026] GET /resource_providers/463dc18b-0484-467f-81cc-e8714c250052/aggregates => generated 235 bytes in 8 msecs (HTTP/1.1 404) 5 headers in 202 bytes (1 switches on core 0) [pid: 8|app: 0|req: 527/1059] 10.0.0.249 () {32 vars in 815 bytes} [Fri May 1 03:49:33 2026] GET /resource_providers/463dc18b-0484-467f-81cc-e8714c250052/aggregates => generated 235 bytes in 9 msecs (HTTP/1.1 404) 5 headers in 202 bytes (1 switches on core 0)
2026-05-01 03:49:33.534 7 INFO placement.requestlog [None req-7eb00f43-6db5-4718-9de0-2c2a7bf82db1 f9c91a569a1d4a4db44c96c3d64638fa 1ec913743a3f4283b06997c199f7d4b0 - - 15b54d0cd6e54a01a3edc4ca48559ff6 15b54d0cd6e54a01a3edc4ca48559ff6] 10.0.0.249 "DELETE /resource_providers/463dc18b-0484-467f-81cc-e8714c250052" status: 404 len: 246 microversion: 1.1 [pid: 7|app: 0|req: 533/1060] 10.0.0.249 () {34 vars in 815 bytes} [Fri May 1 03:49:33 2026] DELETE /resource_providers/463dc18b-0484-467f-81cc-e8714c250052 => generated 246 bytes in 7 msecs (HTTP/1.1 404) 6 headers in 231 bytes (1 switches on core 0)
2026-05-01 03:49:33.543 8 INFO placement.requestlog [None req-2e720d63-f506-40e7-8d79-19ff9b2cb6b1 f9c91a569a1d4a4db44c96c3d64638fa 1ec913743a3f4283b06997c199f7d4b0 - - 15b54d0cd6e54a01a3edc4ca48559ff6 15b54d0cd6e54a01a3edc4ca48559ff6] 10.0.0.249 "DELETE /resource_providers/463dc18b-0484-467f-81cc-e8714c250052" status: 404 len: 246 microversion: 1.1 [pid: 8|app: 0|req: 528/1061] 10.0.0.249 () {34 vars in 815 bytes} [Fri May 1 03:49:33 2026] DELETE /resource_providers/463dc18b-0484-467f-81cc-e8714c250052 => generated 246 bytes in 7 msecs (HTTP/1.1 404) 6 headers in 231 bytes (1 switches on core 0)
2026-05-01 03:49:33.675 8 INFO placement.requestlog [None req-1b3666fc-1006-4fdb-8311-ae21ea28ad8b f9c91a569a1d4a4db44c96c3d64638fa 1ec913743a3f4283b06997c199f7d4b0 - - 15b54d0cd6e54a01a3edc4ca48559ff6 15b54d0cd6e54a01a3edc4ca48559ff6] 10.0.0.249 "GET /resource_providers/f27850dc-c172-401d-9965-c7c245e9eb62/aggregates" status: 404 len: 235 microversion: 1.1 [pid: 8|app: 0|req: 529/1062] 10.0.0.249 () {32 vars in 815 bytes} [Fri May 1 03:49:33 2026] GET /resource_providers/f27850dc-c172-401d-9965-c7c245e9eb62/aggregates => generated 235 bytes in 7 msecs (HTTP/1.1 404) 5 headers in 202 bytes (1 switches on core 0)
2026-05-01 03:49:33.681 7 INFO placement.requestlog [None req-f2d00c0a-74c6-44f4-9050-d939767c68d5 f9c91a569a1d4a4db44c96c3d64638fa 1ec913743a3f4283b06997c199f7d4b0 - - 15b54d0cd6e54a01a3edc4ca48559ff6 15b54d0cd6e54a01a3edc4ca48559ff6] 10.0.0.249 "GET /resource_providers/f27850dc-c172-401d-9965-c7c245e9eb62/aggregates" status: 404 len: 235 microversion: 1.1 [pid: 7|app: 0|req: 534/1063] 10.0.0.249 () {32 vars in 815 bytes} [Fri May 1 03:49:33 2026] GET /resource_providers/f27850dc-c172-401d-9965-c7c245e9eb62/aggregates => generated 235 bytes in 14 msecs (HTTP/1.1 404) 5 headers in 202 bytes (1 switches on core 0)
2026-05-01 03:49:33.691 8 INFO placement.requestlog [None req-f49f61b5-d075-4c4b-80d5-a041473cf727 f9c91a569a1d4a4db44c96c3d64638fa 1ec913743a3f4283b06997c199f7d4b0 - - 15b54d0cd6e54a01a3edc4ca48559ff6 15b54d0cd6e54a01a3edc4ca48559ff6] 10.0.0.249 "DELETE /resource_providers/f27850dc-c172-401d-9965-c7c245e9eb62" status: 404 len: 246 microversion: 1.1 [pid: 8|app: 0|req: 530/1064] 10.0.0.249 () {34 vars in 815 bytes} [Fri May 1 03:49:33 2026] DELETE /resource_providers/f27850dc-c172-401d-9965-c7c245e9eb62 => generated 246 bytes in 9 msecs (HTTP/1.1 404) 6 headers in 231 bytes (1 switches on core 0)
2026-05-01 03:49:33.700 7 INFO placement.requestlog [None req-af99502f-aed3-4262-8b48-86f817b27a74 f9c91a569a1d4a4db44c96c3d64638fa 1ec913743a3f4283b06997c199f7d4b0 - - 15b54d0cd6e54a01a3edc4ca48559ff6 15b54d0cd6e54a01a3edc4ca48559ff6] 10.0.0.249 "DELETE /resource_providers/f27850dc-c172-401d-9965-c7c245e9eb62" status: 404 len: 246 microversion: 1.1 [pid: 7|app: 0|req: 535/1065] 10.0.0.249 () {34 vars in 815 bytes} [Fri May 1 03:49:33 2026] DELETE /resource_providers/f27850dc-c172-401d-9965-c7c245e9eb62 => generated 246 bytes in 8 msecs (HTTP/1.1 404) 6 headers in 231 bytes (1 switches on core 0)
2026-05-01 03:49:35.557 8 INFO placement.requestlog [None req-98cbf2d6-f797-4f42-a0b5-d88fb86e1be6 f9c91a569a1d4a4db44c96c3d64638fa 1ec913743a3f4283b06997c199f7d4b0 - - 15b54d0cd6e54a01a3edc4ca48559ff6 15b54d0cd6e54a01a3edc4ca48559ff6] 10.0.0.249 "GET /resource_providers/6722666b-642f-40a1-a7cd-c5242d133d5c/aggregates" status: 404 len: 235 microversion: 1.1 [pid: 8|app: 0|req: 531/1066] 10.0.0.249 () {32 vars in 815 bytes} [Fri May 1 03:49:35 2026] GET /resource_providers/6722666b-642f-40a1-a7cd-c5242d133d5c/aggregates => generated 235 bytes in 8 msecs (HTTP/1.1 404) 5 headers in 202 bytes (1 switches on core 0)
2026-05-01 03:49:35.563 7 INFO placement.requestlog [None req-fbc20a23-9a3c-499b-b35f-bd579d1e654f f9c91a569a1d4a4db44c96c3d64638fa 1ec913743a3f4283b06997c199f7d4b0 - - 15b54d0cd6e54a01a3edc4ca48559ff6 15b54d0cd6e54a01a3edc4ca48559ff6] 10.0.0.249 "GET /resource_providers/6722666b-642f-40a1-a7cd-c5242d133d5c/aggregates" status: 404 len: 235 microversion: 1.1 [pid: 7|app: 0|req: 536/1067] 10.0.0.249 () {32 vars in 815 bytes} [Fri May 1 03:49:35 2026] GET /resource_providers/6722666b-642f-40a1-a7cd-c5242d133d5c/aggregates => generated 235 bytes in 12 msecs (HTTP/1.1 404) 5 headers in 202 bytes (1 switches on core 0)
2026-05-01 03:49:35.571 8 INFO placement.requestlog [None req-729333a5-b71f-4dbf-8ff9-3c9e5bc65918 f9c91a569a1d4a4db44c96c3d64638fa 1ec913743a3f4283b06997c199f7d4b0 - - 15b54d0cd6e54a01a3edc4ca48559ff6 15b54d0cd6e54a01a3edc4ca48559ff6] 10.0.0.249 "DELETE /resource_providers/6722666b-642f-40a1-a7cd-c5242d133d5c" status: 404 len: 246 microversion: 1.1 [pid: 8|app: 0|req: 532/1068] 10.0.0.249 () {34 vars in 815 bytes} [Fri May 1 03:49:35 2026] DELETE /resource_providers/6722666b-642f-40a1-a7cd-c5242d133d5c => generated 246 bytes in 7 msecs (HTTP/1.1 404) 6 headers in 231 bytes (1 switches on core 0)
2026-05-01 03:49:35.577 7 INFO placement.requestlog [None req-e85e4125-1258-4ffd-89db-a97dcbe63ae0 f9c91a569a1d4a4db44c96c3d64638fa 1ec913743a3f4283b06997c199f7d4b0 - - 15b54d0cd6e54a01a3edc4ca48559ff6 15b54d0cd6e54a01a3edc4ca48559ff6] 10.0.0.249 "DELETE /resource_providers/6722666b-642f-40a1-a7cd-c5242d133d5c" status: 404 len: 246 microversion: 1.1 [pid: 7|app: 0|req: 537/1069] 10.0.0.249 () {34 vars in 815 bytes} [Fri May 1 03:49:35 2026] DELETE /resource_providers/6722666b-642f-40a1-a7cd-c5242d133d5c => generated 246 bytes in 7 msecs (HTTP/1.1 404) 6 headers in 231 bytes (1 switches on core 0)
2026-05-01 03:49:35.585 8 INFO placement.requestlog [None req-fc28ef81-d90b-4b5e-a367-da957aa96138 f9c91a569a1d4a4db44c96c3d64638fa 1ec913743a3f4283b06997c199f7d4b0 - - 15b54d0cd6e54a01a3edc4ca48559ff6 15b54d0cd6e54a01a3edc4ca48559ff6] 10.0.0.249 "GET /resource_providers/89b58ad7-1357-4545-8dcc-0aeada198496/aggregates" status: 404 len: 235 microversion: 1.1 [pid: 8|app: 0|req: 533/1070] 10.0.0.249 () {32 vars in 815 bytes} [Fri May 1 03:49:35 2026] GET /resource_providers/89b58ad7-1357-4545-8dcc-0aeada198496/aggregates => generated 235 bytes in 8 msecs (HTTP/1.1 404) 5 headers in 202 bytes (1 switches on core 0)
2026-05-01 03:49:35.595 7 INFO placement.requestlog [None req-b05a9c74-8816-47ee-9bc2-6bf825cec6cf f9c91a569a1d4a4db44c96c3d64638fa 1ec913743a3f4283b06997c199f7d4b0 - - 15b54d0cd6e54a01a3edc4ca48559ff6 15b54d0cd6e54a01a3edc4ca48559ff6] 10.0.0.249 "GET /resource_providers/89b58ad7-1357-4545-8dcc-0aeada198496/aggregates" status: 404 len: 235 microversion: 1.1 [pid: 7|app: 0|req: 538/1071] 10.0.0.249 () {32 vars in 815 bytes} [Fri May 1 03:49:35 2026] GET /resource_providers/89b58ad7-1357-4545-8dcc-0aeada198496/aggregates => generated 235 bytes in 13 msecs (HTTP/1.1 404) 5 headers in 202 bytes (1 switches on core 0)
2026-05-01 03:49:35.600 8 INFO placement.requestlog [None req-80ae3c3d-c19f-4848-b60a-f6411b61e3a4 f9c91a569a1d4a4db44c96c3d64638fa 1ec913743a3f4283b06997c199f7d4b0 - - 15b54d0cd6e54a01a3edc4ca48559ff6 15b54d0cd6e54a01a3edc4ca48559ff6] 10.0.0.249 "DELETE /resource_providers/89b58ad7-1357-4545-8dcc-0aeada198496" status: 404 len: 246 microversion: 1.1 [pid: 8|app: 0|req: 534/1072] 10.0.0.249 () {34 vars in 815 bytes} [Fri May 1 03:49:35 2026] DELETE /resource_providers/89b58ad7-1357-4545-8dcc-0aeada198496 => generated 246 bytes in 10 msecs (HTTP/1.1 404) 6 headers in 231 bytes (1 switches on core 0)
2026-05-01 03:49:35.609 7 INFO placement.requestlog [None req-7bc7dd9e-843c-45cb-a510-b5943dad6f5b f9c91a569a1d4a4db44c96c3d64638fa 1ec913743a3f4283b06997c199f7d4b0 - - 15b54d0cd6e54a01a3edc4ca48559ff6 15b54d0cd6e54a01a3edc4ca48559ff6] 10.0.0.249 "DELETE /resource_providers/89b58ad7-1357-4545-8dcc-0aeada198496" status: 404 len: 246 microversion: 1.1 [pid: 7|app: 0|req: 539/1073] 10.0.0.249 () {34 vars in 815 bytes} [Fri May 1 03:49:35 2026] DELETE /resource_providers/89b58ad7-1357-4545-8dcc-0aeada198496 => generated 246 bytes in 7 msecs (HTTP/1.1 404) 6 headers in 231 bytes (1 switches on core 0)
2026-05-01 03:49:35.719 8 INFO placement.requestlog [None req-61d5f94c-c4d7-4065-baeb-263bb636dd5c f9c91a569a1d4a4db44c96c3d64638fa 1ec913743a3f4283b06997c199f7d4b0 - - 15b54d0cd6e54a01a3edc4ca48559ff6 15b54d0cd6e54a01a3edc4ca48559ff6] 10.0.0.249 "GET /resource_providers/77d0fcf0-ce29-48b3-b0c1-f1f864c335f8/aggregates" status: 404 len: 235 microversion: 1.1 [pid: 8|app: 0|req: 535/1074] 10.0.0.249 () {32 vars in 815 bytes} [Fri May 1 03:49:35 2026] GET /resource_providers/77d0fcf0-ce29-48b3-b0c1-f1f864c335f8/aggregates => generated 235 bytes in 13 msecs (HTTP/1.1 404) 5 headers in 202 bytes (1 switches on core 0)
2026-05-01 03:49:35.722 7 INFO placement.requestlog [None req-20b367f4-d335-4292-b958-ca4d79ce6f47 f9c91a569a1d4a4db44c96c3d64638fa 1ec913743a3f4283b06997c199f7d4b0 - - 15b54d0cd6e54a01a3edc4ca48559ff6 15b54d0cd6e54a01a3edc4ca48559ff6] 10.0.0.249 "GET /resource_providers/77d0fcf0-ce29-48b3-b0c1-f1f864c335f8/aggregates" status: 404 len: 235 microversion: 1.1 [pid: 7|app: 0|req: 540/1075] 10.0.0.249 () {32 vars in 815 bytes} [Fri May 1 03:49:35 2026] GET /resource_providers/77d0fcf0-ce29-48b3-b0c1-f1f864c335f8/aggregates => generated 235 bytes in 8 msecs (HTTP/1.1 404) 5 headers in 202 bytes (1 switches on core 0)
2026-05-01 03:49:35.742 8 INFO placement.requestlog [None req-ad52a690-6439-4d11-839a-84c30c8216e2 f9c91a569a1d4a4db44c96c3d64638fa 1ec913743a3f4283b06997c199f7d4b0 - - 15b54d0cd6e54a01a3edc4ca48559ff6 15b54d0cd6e54a01a3edc4ca48559ff6] 10.0.0.249 "DELETE /resource_providers/77d0fcf0-ce29-48b3-b0c1-f1f864c335f8" status: 404 len: 246 microversion: 1.1 [pid: 8|app: 0|req: 536/1076] 10.0.0.249 () {34 vars in 815 bytes} [Fri May 1 03:49:35 2026] DELETE /resource_providers/77d0fcf0-ce29-48b3-b0c1-f1f864c335f8 => generated 246 bytes in 14 msecs (HTTP/1.1 404) 6 headers in 231 bytes (1 switches on core 0)
2026-05-01 03:49:35.743 7 INFO placement.requestlog [None req-ddaa7368-dd5f-4791-abdc-8830bebaee8e f9c91a569a1d4a4db44c96c3d64638fa 1ec913743a3f4283b06997c199f7d4b0 - - 15b54d0cd6e54a01a3edc4ca48559ff6 15b54d0cd6e54a01a3edc4ca48559ff6] 10.0.0.249 "DELETE /resource_providers/77d0fcf0-ce29-48b3-b0c1-f1f864c335f8" status: 404 len: 246 microversion: 1.1 [pid: 7|app: 0|req: 541/1077] 10.0.0.249 () {34 vars in 815 bytes} [Fri May 1 03:49:35 2026] DELETE /resource_providers/77d0fcf0-ce29-48b3-b0c1-f1f864c335f8 => generated 246 bytes in 10 msecs (HTTP/1.1 404) 6 headers in 231 bytes (1 switches on core 0)
2026-05-01 03:49:36.157 8 INFO placement.requestlog [None req-e77e9bb5-a4e2-42cf-b819-aca8c055d0ef - - - - - -] 10.0.0.171 "GET /" status: 200 len: 136 microversion: 1.0
2026-05-01 03:49:36.159 7 INFO placement.requestlog [None req-a794b8f2-3929-44fb-b449-1ecb442fa3ac - - - - - -] 10.0.0.171 "GET /" status: 200 len: 136 microversion: 1.0
2026-05-01 03:49:36.310 8 INFO placement.requestlog [req-cc307f08-fd52-4562-a9a1-68ef24c4e227 req-79e253bc-6b5a-495f-ab7c-ad41731583ed c3c3ecf0d0484f02957bb227f52c48a5 1ec913743a3f4283b06997c199f7d4b0 - - 15b54d0cd6e54a01a3edc4ca48559ff6 15b54d0cd6e54a01a3edc4ca48559ff6] 10.0.0.169 "GET /allocation_candidates?limit=1000&resources=DISK_GB%3A1%2CMEMORY_MB%3A512%2CVCPU%3A1&root_required=%21COMPUTE_STATUS_DISABLED" status: 200 len: 2784 microversion: 1.36 [pid: 8|app: 0|req: 538/1080] 10.0.0.169 () {34 vars in 1011 bytes} [Fri May 1 03:49:36 2026] GET /allocation_candidates?limit=1000&resources=DISK_GB%3A1%2CMEMORY_MB%3A512%2CVCPU%3A1&root_required=%21COMPUTE_STATUS_DISABLED => generated 2784 bytes in 52 msecs (HTTP/1.1 200) 8 headers in 297 bytes (1 switches on core 0)
2026-05-01 03:49:36.343 7 INFO placement.requestlog [req-cc307f08-fd52-4562-a9a1-68ef24c4e227 req-5b8b351f-0f44-4269-bb3d-4e0dbfe83db2 c3c3ecf0d0484f02957bb227f52c48a5 1ec913743a3f4283b06997c199f7d4b0 - - 15b54d0cd6e54a01a3edc4ca48559ff6 15b54d0cd6e54a01a3edc4ca48559ff6] 10.0.0.169 "GET /allocations/622a8ef5-0250-4b42-adaf-babb689c0d32" status: 200 len: 19 microversion: 1.28 [pid: 7|app: 0|req: 543/1081] 10.0.0.169 () {34 vars in 860 bytes} [Fri May 1 03:49:36 2026] GET /allocations/622a8ef5-0250-4b42-adaf-babb689c0d32 => generated 19 bytes in 13 msecs (HTTP/1.1 200) 8 headers in 295 bytes (1 switches on core 0)
2026-05-01 03:49:36.396 8 INFO placement.requestlog [req-cc307f08-fd52-4562-a9a1-68ef24c4e227 req-6ebb8b59-c62b-4a4e-9e66-98c377e7858e c3c3ecf0d0484f02957bb227f52c48a5 1ec913743a3f4283b06997c199f7d4b0 - - 15b54d0cd6e54a01a3edc4ca48559ff6 15b54d0cd6e54a01a3edc4ca48559ff6] 10.0.0.169 "PUT /allocations/622a8ef5-0250-4b42-adaf-babb689c0d32" status: 204 len: 0 microversion: 1.36 [pid: 8|app: 0|req: 539/1082] 10.0.0.169 () {38 vars in 913 bytes} [Fri May 1 03:49:36 2026] PUT /allocations/622a8ef5-0250-4b42-adaf-babb689c0d32 => generated 0 bytes in 45 msecs (HTTP/1.1 204) 5 headers in 199 bytes (1 switches on core 0)
2026-05-01 03:49:37.929 7 INFO placement.requestlog [req-cc307f08-fd52-4562-a9a1-68ef24c4e227 req-fe9f2749-61d2-4c39-befe-77ba56afa730 c3c3ecf0d0484f02957bb227f52c48a5 1ec913743a3f4283b06997c199f7d4b0 - - 15b54d0cd6e54a01a3edc4ca48559ff6 15b54d0cd6e54a01a3edc4ca48559ff6] 199.19.213.44 "GET /allocations/622a8ef5-0250-4b42-adaf-babb689c0d32" status: 200 len: 258 microversion: 1.28 [pid: 7|app: 0|req: 544/1083] 199.19.213.44 () {34 vars in 861 bytes} [Fri May 1 03:49:37 2026] GET /allocations/622a8ef5-0250-4b42-adaf-babb689c0d32 => generated 258 bytes in 13 msecs (HTTP/1.1 200) 8 headers in 296 bytes (1 switches on core 0)
2026-05-01 03:49:38.985 8 INFO placement.requestlog [req-cc307f08-fd52-4562-a9a1-68ef24c4e227 req-5f612a27-9e96-447f-b714-e2d4821a3afc c3c3ecf0d0484f02957bb227f52c48a5 1ec913743a3f4283b06997c199f7d4b0 - - 15b54d0cd6e54a01a3edc4ca48559ff6 15b54d0cd6e54a01a3edc4ca48559ff6] 199.19.213.44 "GET /resource_providers/519fad3b-16cb-4b76-b7ef-76325a17e635/allocations" status: 200 len: 540 microversion: 1.0 [pid: 8|app: 0|req: 540/1084] 199.19.213.44 () {32 vars in 855 bytes} [Fri May 1 03:49:38 2026] GET /resource_providers/519fad3b-16cb-4b76-b7ef-76325a17e635/allocations => generated 540 bytes in 26 msecs (HTTP/1.1 200) 6 headers in 224 bytes (1 switches on core 0)
2026-05-01 03:49:39.017 7 INFO placement.requestlog [req-cc307f08-fd52-4562-a9a1-68ef24c4e227 req-b4cd1c4e-555d-416e-a39e-8cdd7abb249d c3c3ecf0d0484f02957bb227f52c48a5 1ec913743a3f4283b06997c199f7d4b0 - - 15b54d0cd6e54a01a3edc4ca48559ff6 15b54d0cd6e54a01a3edc4ca48559ff6] 199.19.213.44 "GET /allocations/622a8ef5-0250-4b42-adaf-babb689c0d32" status: 200 len: 258 microversion: 1.28 [pid: 7|app: 0|req: 545/1085] 199.19.213.44 () {34 vars in 861 bytes} [Fri May 1 03:49:38 2026] GET /allocations/622a8ef5-0250-4b42-adaf-babb689c0d32 => generated 258 bytes in 26 msecs (HTTP/1.1 200) 8 headers in 296 bytes (1 switches on core 0)
2026-05-01 03:49:39.038 8 INFO placement.requestlog [req-cc307f08-fd52-4562-a9a1-68ef24c4e227 req-e8bab8ee-aafc-4e0c-b888-d29f9cd8ed71 c3c3ecf0d0484f02957bb227f52c48a5 1ec913743a3f4283b06997c199f7d4b0 - - 15b54d0cd6e54a01a3edc4ca48559ff6 15b54d0cd6e54a01a3edc4ca48559ff6] 199.19.213.44 "GET /allocations/332574ef-de4f-4213-959d-aac3ed2f2a74" status: 200 len: 258 microversion: 1.28 [pid: 8|app: 0|req: 541/1086] 199.19.213.44 () {34 vars in 861 bytes} [Fri May 1 03:49:39 2026] GET /allocations/332574ef-de4f-4213-959d-aac3ed2f2a74 => generated 258 bytes in 16 msecs (HTTP/1.1 200) 8 headers in 296 bytes (1 switches on core 0)
2026-05-01 03:49:39.058 7 INFO placement.requestlog [req-cc307f08-fd52-4562-a9a1-68ef24c4e227 req-1f796a48-8eec-4772-af9e-767c9ca8c085 c3c3ecf0d0484f02957bb227f52c48a5 1ec913743a3f4283b06997c199f7d4b0 - - 15b54d0cd6e54a01a3edc4ca48559ff6 15b54d0cd6e54a01a3edc4ca48559ff6] 199.19.213.44 "GET /allocations/fa774584-d4ce-403d-9ed7-278aa78f82ce" status: 200 len: 258 microversion: 1.28 [pid: 7|app: 0|req: 546/1087] 199.19.213.44 () {34 vars in 861 bytes} [Fri May 1 03:49:39 2026] GET /allocations/fa774584-d4ce-403d-9ed7-278aa78f82ce => generated 258 bytes in 14 msecs (HTTP/1.1 200) 8 headers in 296 bytes (1 switches on core 0)
2026-05-01 03:49:39.077 8 INFO placement.requestlog [req-cc307f08-fd52-4562-a9a1-68ef24c4e227 req-427e4b5d-9906-467e-aaa7-0ca495ef9e9b c3c3ecf0d0484f02957bb227f52c48a5 1ec913743a3f4283b06997c199f7d4b0 - - 15b54d0cd6e54a01a3edc4ca48559ff6 15b54d0cd6e54a01a3edc4ca48559ff6] 199.19.213.44 "GET /allocations/c0cf568a-7bff-4550-b961-37a9b7f3ad7c" status: 200 len: 245 microversion: 1.28 [pid: 8|app: 0|req: 542/1088] 199.19.213.44 () {34 vars in 861 bytes} [Fri May 1 03:49:39 2026] GET /allocations/c0cf568a-7bff-4550-b961-37a9b7f3ad7c => generated 245 bytes in 14 msecs (HTTP/1.1 200) 8 headers in 296 bytes (1 switches on core 0)
2026-05-01 03:49:39.103 7 INFO placement.requestlog [req-cc307f08-fd52-4562-a9a1-68ef24c4e227 req-4ccddb2d-6c54-4f72-8378-b3649b3725b9 c3c3ecf0d0484f02957bb227f52c48a5 1ec913743a3f4283b06997c199f7d4b0 - - 15b54d0cd6e54a01a3edc4ca48559ff6 15b54d0cd6e54a01a3edc4ca48559ff6] 199.19.213.44 "GET /allocations/dfe8fc30-5d1e-4123-8817-d9f3e5e0a8cc" status: 200 len: 258 microversion: 1.28 [pid: 7|app: 0|req: 547/1089] 199.19.213.44 () {34 vars in 861 bytes} [Fri May 1 03:49:39 2026] GET /allocations/dfe8fc30-5d1e-4123-8817-d9f3e5e0a8cc => generated 258 bytes in 14 msecs (HTTP/1.1 200) 8 headers in 296 bytes (1 switches on core 0)
2026-05-01 03:49:42.084 8 INFO placement.requestlog [None req-914fe3fd-4104-471b-9864-c8884935c7c6 f9c91a569a1d4a4db44c96c3d64638fa 1ec913743a3f4283b06997c199f7d4b0 - - 15b54d0cd6e54a01a3edc4ca48559ff6 15b54d0cd6e54a01a3edc4ca48559ff6] 10.0.0.249 "GET /resource_providers/0c7df992-265f-4ef4-8a7e-43c6e4bfa353/aggregates" status: 404 len: 235 microversion: 1.1 [pid: 8|app: 0|req: 543/1090] 10.0.0.249 () {32 vars in 815 bytes} [Fri May 1 03:49:42 2026] GET /resource_providers/0c7df992-265f-4ef4-8a7e-43c6e4bfa353/aggregates => generated 235 bytes in 7 msecs (HTTP/1.1 404) 5 headers in 202 bytes (1 switches on core 0)
2026-05-01 03:49:42.094 7 INFO placement.requestlog [None req-442969c4-684c-4106-9da8-330ceb52ec8d f9c91a569a1d4a4db44c96c3d64638fa 1ec913743a3f4283b06997c199f7d4b0 - - 15b54d0cd6e54a01a3edc4ca48559ff6 15b54d0cd6e54a01a3edc4ca48559ff6] 10.0.0.249 "GET /resource_providers/0c7df992-265f-4ef4-8a7e-43c6e4bfa353/aggregates" status: 404 len: 235 microversion: 1.1 [pid: 7|app: 0|req: 548/1091] 10.0.0.249 () {32 vars in 815 bytes} [Fri May 1 03:49:42 2026] GET /resource_providers/0c7df992-265f-4ef4-8a7e-43c6e4bfa353/aggregates => generated 235 bytes in 13 msecs (HTTP/1.1 404) 5 headers in 202 bytes (1 switches on core 0)
2026-05-01 03:49:42.108 8 INFO placement.requestlog [None req-749ac8d3-d940-452a-9461-77c417072742 f9c91a569a1d4a4db44c96c3d64638fa 1ec913743a3f4283b06997c199f7d4b0 - - 15b54d0cd6e54a01a3edc4ca48559ff6 15b54d0cd6e54a01a3edc4ca48559ff6] 10.0.0.249 "DELETE /resource_providers/0c7df992-265f-4ef4-8a7e-43c6e4bfa353" status: 404 len: 246 microversion: 1.1 [pid: 8|app: 0|req: 544/1092] 10.0.0.249 () {34 vars in 815 bytes} [Fri May 1 03:49:42 2026] DELETE /resource_providers/0c7df992-265f-4ef4-8a7e-43c6e4bfa353 => generated 246 bytes in 9 msecs (HTTP/1.1 404) 6 headers in 231 bytes (1 switches on core 0)
2026-05-01 03:49:42.110 7 INFO placement.requestlog [None req-78c50690-805e-4a9e-819e-1a1b8e135f6d f9c91a569a1d4a4db44c96c3d64638fa 1ec913743a3f4283b06997c199f7d4b0 - - 15b54d0cd6e54a01a3edc4ca48559ff6 15b54d0cd6e54a01a3edc4ca48559ff6] 10.0.0.249 "DELETE /resource_providers/0c7df992-265f-4ef4-8a7e-43c6e4bfa353" status: 404 len: 246 microversion: 1.1 [pid: 7|app: 0|req: 549/1093] 10.0.0.249 () {34 vars in 815 bytes} [Fri May 1 03:49:42 2026] DELETE /resource_providers/0c7df992-265f-4ef4-8a7e-43c6e4bfa353 => generated 246 bytes in 8 msecs (HTTP/1.1 404) 6 headers in 231 bytes (1 switches on core 0)
2026-05-01 03:49:44.130 8 INFO placement.requestlog [None req-00b8d140-2310-4c9f-94cb-6e00d14c5bcf f9c91a569a1d4a4db44c96c3d64638fa 1ec913743a3f4283b06997c199f7d4b0 - - 15b54d0cd6e54a01a3edc4ca48559ff6 15b54d0cd6e54a01a3edc4ca48559ff6] 10.0.0.249 "GET /resource_providers/5e9eb049-66d1-4716-b0ab-dc70c6ef16b0/aggregates" status: 404 len: 235 microversion: 1.1 [pid: 8|app: 0|req: 545/1094] 10.0.0.249 () {32 vars in 815 bytes} [Fri May 1 03:49:44 2026] GET /resource_providers/5e9eb049-66d1-4716-b0ab-dc70c6ef16b0/aggregates => generated 235 bytes in 8 msecs (HTTP/1.1 404) 5 headers in 202 bytes (1 switches on core 0)
2026-05-01 03:49:44.135 7 INFO placement.requestlog [None req-b46436e7-a9ad-4d77-aef5-ca6cd755ed30 f9c91a569a1d4a4db44c96c3d64638fa 1ec913743a3f4283b06997c199f7d4b0 - - 15b54d0cd6e54a01a3edc4ca48559ff6 15b54d0cd6e54a01a3edc4ca48559ff6] 10.0.0.249 "GET /resource_providers/5e9eb049-66d1-4716-b0ab-dc70c6ef16b0/aggregates" status: 404 len: 235 microversion: 1.1 [pid: 7|app: 0|req: 550/1095] 10.0.0.249 () {32 vars in 815 bytes} [Fri May 1 03:49:44 2026] GET /resource_providers/5e9eb049-66d1-4716-b0ab-dc70c6ef16b0/aggregates => generated 235 bytes in 8 msecs (HTTP/1.1 404) 5 headers in 202 bytes (1 switches on core 0)
2026-05-01 03:49:44.155 8 INFO placement.requestlog [None req-c5c35d0b-a960-4735-badb-012aedc51b5a f9c91a569a1d4a4db44c96c3d64638fa 1ec913743a3f4283b06997c199f7d4b0 - - 15b54d0cd6e54a01a3edc4ca48559ff6 15b54d0cd6e54a01a3edc4ca48559ff6] 10.0.0.249 "DELETE /resource_providers/5e9eb049-66d1-4716-b0ab-dc70c6ef16b0" status: 404 len: 246 microversion: 1.1 [pid: 8|app: 0|req: 546/1096] 10.0.0.249 () {34 vars in 815 bytes} [Fri May 1 03:49:44 2026] DELETE /resource_providers/5e9eb049-66d1-4716-b0ab-dc70c6ef16b0 => generated 246 bytes in 7 msecs (HTTP/1.1 404) 6 headers in 231 bytes (1 switches on core 0)
2026-05-01 03:49:44.158 7 INFO placement.requestlog [None req-ffc6c384-1508-49cb-8347-4a499ed0e6ca f9c91a569a1d4a4db44c96c3d64638fa 1ec913743a3f4283b06997c199f7d4b0 - - 15b54d0cd6e54a01a3edc4ca48559ff6 15b54d0cd6e54a01a3edc4ca48559ff6] 10.0.0.249 "DELETE /resource_providers/5e9eb049-66d1-4716-b0ab-dc70c6ef16b0" status: 404 len: 246 microversion: 1.1 [pid: 7|app: 0|req: 551/1097] 10.0.0.249 () {34 vars in 815 bytes} [Fri May 1 03:49:44 2026] DELETE /resource_providers/5e9eb049-66d1-4716-b0ab-dc70c6ef16b0 => generated 246 bytes in 9 msecs (HTTP/1.1 404) 6 headers in 231 bytes (1 switches on core 0)
2026-05-01 03:49:44.172 8 INFO placement.requestlog [None req-9a64fb22-bfdb-47f7-b5c1-c935b8fab654 f9c91a569a1d4a4db44c96c3d64638fa 1ec913743a3f4283b06997c199f7d4b0 - - 15b54d0cd6e54a01a3edc4ca48559ff6 15b54d0cd6e54a01a3edc4ca48559ff6] 10.0.0.249 "GET /resource_providers/fe064063-0cc0-43c8-9970-0e928d90aad3/aggregates" status: 404 len: 235 microversion: 1.1 [pid: 8|app: 0|req: 547/1098] 10.0.0.249 () {32 vars in 815 bytes} [Fri May 1 03:49:44 2026] GET /resource_providers/fe064063-0cc0-43c8-9970-0e928d90aad3/aggregates => generated 235 bytes in 7 msecs (HTTP/1.1 404) 5 headers in 202 bytes (1 switches on core 0)
2026-05-01 03:49:44.181 7 INFO placement.requestlog [None req-e66dc1b2-0353-4f2c-b30f-f31bc988e0ae f9c91a569a1d4a4db44c96c3d64638fa 1ec913743a3f4283b06997c199f7d4b0 - - 15b54d0cd6e54a01a3edc4ca48559ff6 15b54d0cd6e54a01a3edc4ca48559ff6] 10.0.0.249 "GET /resource_providers/fe064063-0cc0-43c8-9970-0e928d90aad3/aggregates" status: 404 len: 235 microversion: 1.1 [pid: 7|app: 0|req: 552/1099] 10.0.0.249 () {32 vars in 815 bytes} [Fri May 1 03:49:44 2026] GET /resource_providers/fe064063-0cc0-43c8-9970-0e928d90aad3/aggregates => generated 235 bytes in 9 msecs (HTTP/1.1 404) 5 headers in 202 bytes (1 switches on core 0)
2026-05-01 03:49:44.182 8 INFO placement.requestlog [None req-3a5d5ff4-46f1-4f14-b3bf-106a0c1fc9cf f9c91a569a1d4a4db44c96c3d64638fa 1ec913743a3f4283b06997c199f7d4b0 - - 15b54d0cd6e54a01a3edc4ca48559ff6 15b54d0cd6e54a01a3edc4ca48559ff6] 10.0.0.249 "DELETE /resource_providers/fe064063-0cc0-43c8-9970-0e928d90aad3" status: 404 len: 246 microversion: 1.1 [pid: 8|app: 0|req: 548/1100] 10.0.0.249 () {34 vars in 815 bytes} [Fri May 1 03:49:44 2026] DELETE /resource_providers/fe064063-0cc0-43c8-9970-0e928d90aad3 => generated 246 bytes in 5 msecs (HTTP/1.1 404) 6 headers in 231 bytes (1 switches on core 0)
2026-05-01 03:49:44.199 7 INFO placement.requestlog [None req-03cf894a-e94e-43c3-94ef-2a18c9dc8006 f9c91a569a1d4a4db44c96c3d64638fa 1ec913743a3f4283b06997c199f7d4b0 - - 15b54d0cd6e54a01a3edc4ca48559ff6 15b54d0cd6e54a01a3edc4ca48559ff6] 10.0.0.249 "DELETE /resource_providers/fe064063-0cc0-43c8-9970-0e928d90aad3" status: 404 len: 246 microversion: 1.1 [pid: 7|app: 0|req: 553/1101] 10.0.0.249 () {34 vars in 815 bytes} [Fri May 1 03:49:44 2026] DELETE /resource_providers/fe064063-0cc0-43c8-9970-0e928d90aad3 => generated 246 bytes in 9 msecs (HTTP/1.1 404) 6 headers in 231 bytes (1 switches on core 0)
2026-05-01 03:49:44.204 8 INFO placement.requestlog [None req-01d94243-4fa3-4f55-b130-a3aac4be12ba f9c91a569a1d4a4db44c96c3d64638fa 1ec913743a3f4283b06997c199f7d4b0 - - 15b54d0cd6e54a01a3edc4ca48559ff6 15b54d0cd6e54a01a3edc4ca48559ff6] 10.0.0.249 "GET /resource_providers/2d7c1df8-a0f7-4c0c-bd40-a392968d3ae6/aggregates" status: 404 len: 235 microversion: 1.1 [pid: 8|app: 0|req: 549/1102] 10.0.0.249 () {32 vars in 815 bytes} [Fri May 1 03:49:44 2026] GET /resource_providers/2d7c1df8-a0f7-4c0c-bd40-a392968d3ae6/aggregates => generated 235 bytes in 12 msecs (HTTP/1.1 404) 5 headers in 202 bytes (1 switches on core 0)
2026-05-01 03:49:44.225 7 INFO placement.requestlog [None req-039dda37-c5d8-492a-ad3a-b05d60be640d f9c91a569a1d4a4db44c96c3d64638fa 1ec913743a3f4283b06997c199f7d4b0 - - 15b54d0cd6e54a01a3edc4ca48559ff6 15b54d0cd6e54a01a3edc4ca48559ff6] 10.0.0.249 "GET /resource_providers/2d7c1df8-a0f7-4c0c-bd40-a392968d3ae6/aggregates" status: 404 len: 235 microversion: 1.1 [pid: 7|app: 0|req: 554/1103] 10.0.0.249 () {32 vars in 815 bytes} [Fri May 1 03:49:44 2026] GET /resource_providers/2d7c1df8-a0f7-4c0c-bd40-a392968d3ae6/aggregates => generated 235 bytes in 10 msecs (HTTP/1.1 404) 5 headers in 202 bytes (1 switches on core 0)
2026-05-01 03:49:44.231 8 INFO placement.requestlog [None req-867f97eb-8bde-40d7-a509-248fab19bfa1 f9c91a569a1d4a4db44c96c3d64638fa 1ec913743a3f4283b06997c199f7d4b0 - - 15b54d0cd6e54a01a3edc4ca48559ff6 15b54d0cd6e54a01a3edc4ca48559ff6] 10.0.0.249 "DELETE /resource_providers/2d7c1df8-a0f7-4c0c-bd40-a392968d3ae6" status: 404 len: 246 microversion: 1.1 [pid: 8|app: 0|req: 550/1104] 10.0.0.249 () {34 vars in 815 bytes} [Fri May 1 03:49:44 2026] DELETE /resource_providers/2d7c1df8-a0f7-4c0c-bd40-a392968d3ae6 => generated 246 bytes in 13 msecs (HTTP/1.1 404) 6 headers in 231 bytes (1 switches on core 0)
2026-05-01 03:49:44.239 7 INFO placement.requestlog [None req-269b607a-3cbf-4c50-b01a-25b2a60fd2e4 f9c91a569a1d4a4db44c96c3d64638fa 1ec913743a3f4283b06997c199f7d4b0 - - 15b54d0cd6e54a01a3edc4ca48559ff6 15b54d0cd6e54a01a3edc4ca48559ff6] 10.0.0.249 "DELETE /resource_providers/2d7c1df8-a0f7-4c0c-bd40-a392968d3ae6" status: 404 len: 246 microversion: 1.1 [pid: 7|app: 0|req: 555/1105] 10.0.0.249 () {34 vars in 815 bytes} [Fri May 1 03:49:44 2026] DELETE /resource_providers/2d7c1df8-a0f7-4c0c-bd40-a392968d3ae6 => generated 246 bytes in 7 msecs (HTTP/1.1 404) 6 headers in 231 bytes (1 switches on core 0)
2026-05-01 03:49:44.251 8 INFO placement.requestlog [None req-cde34cb9-fb44-4a89-b7b6-9e052e3410f8 f9c91a569a1d4a4db44c96c3d64638fa 1ec913743a3f4283b06997c199f7d4b0 - - 15b54d0cd6e54a01a3edc4ca48559ff6 15b54d0cd6e54a01a3edc4ca48559ff6] 10.0.0.249 "GET /resource_providers/b503b96c-17ab-4c9b-b144-cc04f71f042b/aggregates" status: 404 len: 235 microversion: 1.1 [pid: 8|app: 0|req: 551/1106] 10.0.0.249 () {32 vars in 815 bytes} [Fri May 1 03:49:44 2026] GET /resource_providers/b503b96c-17ab-4c9b-b144-cc04f71f042b/aggregates => generated 235 bytes in 8 msecs (HTTP/1.1 404) 5 headers in 202 bytes (1 switches on core 0)
