May 14 10:18:44.403984 np0000174119 systemd[1]: Starting devstack@n-api-meta.service - Devstack devstack@n-api-meta.service...
May 14 10:18:44.414985 np0000174119 devstack@n-api-meta.service[108293]: [uWSGI] getting INI configuration from /etc/nova/nova-metadata-uwsgi.ini
May 14 10:18:44.417444 np0000174119 devstack@n-api-meta.service[108293]: *** Starting uWSGI 2.0.24-debian (64bit) on [Thu May 14 10:18:44 2026] ***
May 14 10:18:44.417444 np0000174119 devstack@n-api-meta.service[108293]: compiled with version: 13.2.0 on 17 April 2024 16:23:48
May 14 10:18:44.417444 np0000174119 devstack@n-api-meta.service[108293]: os: Linux-6.8.0-111-generic #111-Ubuntu SMP PREEMPT_DYNAMIC Sat Apr 11 23:16:02 UTC 2026
May 14 10:18:44.417444 np0000174119 devstack@n-api-meta.service[108293]: nodename: np0000174119
May 14 10:18:44.417444 np0000174119 devstack@n-api-meta.service[108293]: machine: x86_64
May 14 10:18:44.417444 np0000174119 devstack@n-api-meta.service[108293]: clock source: unix
May 14 10:18:44.417444 np0000174119 devstack@n-api-meta.service[108293]: pcre jit disabled
May 14 10:18:44.417444 np0000174119 devstack@n-api-meta.service[108293]: detected number of CPU cores: 16
May 14 10:18:44.417444 np0000174119 devstack@n-api-meta.service[108293]: current working directory: /
May 14 10:18:44.417444 np0000174119 devstack@n-api-meta.service[108293]: detected binary path: /usr/bin/uwsgi-core
May 14 10:18:44.417444 np0000174119 devstack@n-api-meta.service[108293]: your processes number limit is 256917
May 14 10:18:44.417444 np0000174119 devstack@n-api-meta.service[108293]: your memory page size is 4096 bytes
May 14 10:18:44.417444 np0000174119 devstack@n-api-meta.service[108293]: detected max file descriptor number: 2048
May 14 10:18:44.417444 np0000174119 devstack@n-api-meta.service[108293]: lock engine: pthread robust mutexes
May 14 10:18:44.418300 np0000174119 devstack@n-api-meta.service[108293]: thunder lock: enabled
May 14 10:18:44.418300 np0000174119 devstack@n-api-meta.service[108293]: uWSGI http bound on 0.0.0.0:8775 fd 5
May 14 10:18:44.418300 np0000174119 devstack@n-api-meta.service[108293]: uwsgi socket 0 bound to TCP address 127.0.0.1:35121 (port auto-assigned) fd 4
May 14 10:18:44.418300 np0000174119 devstack@n-api-meta.service[108293]: Python version: 3.12.3 (main, Mar 23 2026, 19:04:32) [GCC 13.3.0]
May 14 10:18:44.418300 np0000174119 devstack@n-api-meta.service[108293]: PEP 405 virtualenv detected: /opt/stack/data/venv
May 14 10:18:44.418300 np0000174119 devstack@n-api-meta.service[108293]: Set PythonHome to /opt/stack/data/venv
May 14 10:18:44.454667 np0000174119 devstack@n-api-meta.service[108293]: Python main interpreter initialized at 0x781efb0a3668
May 14 10:18:44.454667 np0000174119 devstack@n-api-meta.service[108293]: python threads support enabled
May 14 10:18:44.454667 np0000174119 devstack@n-api-meta.service[108293]: your server socket listen backlog is limited to 100 connections
May 14 10:18:44.454667 np0000174119 devstack@n-api-meta.service[108293]: your mercy for graceful operations on workers is 80 seconds
May 14 10:18:44.454667 np0000174119 devstack@n-api-meta.service[108293]: mapped 671795 bytes (656 KB) for 4 cores
May 14 10:18:44.454873 np0000174119 devstack@n-api-meta.service[108293]: *** Operational MODE: preforking ***
May 14 10:18:44.454929 np0000174119 devstack@n-api-meta.service[108293]: *** uWSGI is running in multiple interpreter mode ***
May 14 10:18:44.454929 np0000174119 devstack@n-api-meta.service[108293]: spawned uWSGI master process (pid: 108293)
May 14 10:18:44.455116 np0000174119 systemd[1]: Started devstack@n-api-meta.service - Devstack devstack@n-api-meta.service.
May 14 10:18:44.455593 np0000174119 devstack@n-api-meta.service[108293]: spawned uWSGI worker 1 (pid: 108294, cores: 1)
May 14 10:18:44.456190 np0000174119 devstack@n-api-meta.service[108293]: spawned uWSGI worker 2 (pid: 108295, cores: 1)
May 14 10:18:44.456748 np0000174119 devstack@n-api-meta.service[108293]: spawned uWSGI worker 3 (pid: 108296, cores: 1)
May 14 10:18:44.457211 np0000174119 devstack@n-api-meta.service[108293]: spawned uWSGI worker 4 (pid: 108297, cores: 1)
May 14 10:18:44.457847 np0000174119 devstack@n-api-meta.service[108293]: spawned uWSGI http 1 (pid: 108298)
May 14 10:18:44.457847 np0000174119 devstack@n-api-meta.service[108293]: running "unix_signal:15 gracefully_kill_them_all" (master-start)...
May 14 10:18:44.787802 np0000174119 devstack@n-api-meta.service[108297]: /opt/stack/data/venv/lib/python3.12/site-packages/oslo_concurrency/lockutils.py:41: EventletDeprecationWarning:
May 14 10:18:44.787802 np0000174119 devstack@n-api-meta.service[108297]: Eventlet is deprecated. It is currently being maintained in bugfix mode, and
May 14 10:18:44.787802 np0000174119 devstack@n-api-meta.service[108297]: we strongly recommend against using it for new projects.
May 14 10:18:44.787802 np0000174119 devstack@n-api-meta.service[108297]: If you are already using Eventlet, we recommend migrating to a different
May 14 10:18:44.787802 np0000174119 devstack@n-api-meta.service[108297]: framework. For more detail see
May 14 10:18:44.787802 np0000174119 devstack@n-api-meta.service[108297]: https://eventlet.readthedocs.io/en/latest/asyncio/migration.html
May 14 10:18:44.787802 np0000174119 devstack@n-api-meta.service[108297]: import eventlet
May 14 10:18:44.793453 np0000174119 devstack@n-api-meta.service[108294]: /opt/stack/data/venv/lib/python3.12/site-packages/oslo_concurrency/lockutils.py:41: EventletDeprecationWarning:
May 14 10:18:44.793453 np0000174119 devstack@n-api-meta.service[108294]: Eventlet is deprecated. It is currently being maintained in bugfix mode, and
May 14 10:18:44.793453 np0000174119 devstack@n-api-meta.service[108294]: we strongly recommend against using it for new projects.
May 14 10:18:44.793453 np0000174119 devstack@n-api-meta.service[108294]: If you are already using Eventlet, we recommend migrating to a different
May 14 10:18:44.793453 np0000174119 devstack@n-api-meta.service[108294]: framework. For more detail see
May 14 10:18:44.793453 np0000174119 devstack@n-api-meta.service[108294]: https://eventlet.readthedocs.io/en/latest/asyncio/migration.html
May 14 10:18:44.793453 np0000174119 devstack@n-api-meta.service[108294]: import eventlet
May 14 10:18:44.800944 np0000174119 devstack@n-api-meta.service[108296]: /opt/stack/data/venv/lib/python3.12/site-packages/oslo_concurrency/lockutils.py:41: EventletDeprecationWarning:
May 14 10:18:44.800944 np0000174119 devstack@n-api-meta.service[108296]: Eventlet is deprecated. It is currently being maintained in bugfix mode, and
May 14 10:18:44.800944 np0000174119 devstack@n-api-meta.service[108296]: we strongly recommend against using it for new projects.
May 14 10:18:44.800944 np0000174119 devstack@n-api-meta.service[108296]: If you are already using Eventlet, we recommend migrating to a different
May 14 10:18:44.800944 np0000174119 devstack@n-api-meta.service[108296]: framework. For more detail see
May 14 10:18:44.800944 np0000174119 devstack@n-api-meta.service[108296]: https://eventlet.readthedocs.io/en/latest/asyncio/migration.html
May 14 10:18:44.800944 np0000174119 devstack@n-api-meta.service[108296]: import eventlet
May 14 10:18:44.802502 np0000174119 devstack@n-api-meta.service[108295]: /opt/stack/data/venv/lib/python3.12/site-packages/oslo_concurrency/lockutils.py:41: EventletDeprecationWarning:
May 14 10:18:44.802502 np0000174119 devstack@n-api-meta.service[108295]: Eventlet is deprecated. It is currently being maintained in bugfix mode, and
May 14 10:18:44.802502 np0000174119 devstack@n-api-meta.service[108295]: we strongly recommend against using it for new projects.
May 14 10:18:44.802502 np0000174119 devstack@n-api-meta.service[108295]: If you are already using Eventlet, we recommend migrating to a different
May 14 10:18:44.802502 np0000174119 devstack@n-api-meta.service[108295]: framework. For more detail see
May 14 10:18:44.802502 np0000174119 devstack@n-api-meta.service[108295]: https://eventlet.readthedocs.io/en/latest/asyncio/migration.html
May 14 10:18:44.802502 np0000174119 devstack@n-api-meta.service[108295]: import eventlet
May 14 10:18:46.282638 np0000174119 devstack@n-api-meta.service[108294]: INFO dbcounter [None req-2bb1d6a5-2d4d-4c4c-ae9d-eb41702a9564 None None] Registered counter for database nova_api
May 14 10:18:46.299295 np0000174119 devstack@n-api-meta.service[108294]: DEBUG oslo_db.sqlalchemy.engines [None req-2bb1d6a5-2d4d-4c4c-ae9d-eb41702a9564 None None] MySQL server mode set to STRICT_TRANS_TABLES,STRICT_ALL_TABLES,NO_ZERO_IN_DATE,NO_ZERO_DATE,ERROR_FOR_DIVISION_BY_ZERO,TRADITIONAL,NO_ENGINE_SUBSTITUTION {{(pid=108294) _check_effective_sql_mode /opt/stack/data/venv/lib/python3.12/site-packages/oslo_db/sqlalchemy/engines.py:325}}
May 14 10:18:46.331865 np0000174119 devstack@n-api-meta.service[108294]: DEBUG dbcounter [-] [108294] Writer thread running {{(pid=108294) stat_writer /opt/stack/data/venv/lib/python3.12/site-packages/dbcounter.py:102}}
May 14 10:18:46.334371 np0000174119 devstack@n-api-meta.service[108294]: DEBUG nova.context [None req-2bb1d6a5-2d4d-4c4c-ae9d-eb41702a9564 None None] Found 2 cells: 00000000-0000-0000-0000-000000000000(cell0),b665e9a4-6d53-4337-aece-704d51e41cda(cell1) {{(pid=108294) load_cells /opt/stack/nova/nova/context.py:509}}
May 14 10:18:46.334580 np0000174119 devstack@n-api-meta.service[108294]: INFO nova.utils [None req-2bb1d6a5-2d4d-4c4c-ae9d-eb41702a9564 None None] The cell worker thread pool MainProcess.cell_worker is initialized
May 14 10:18:46.336629 np0000174119 devstack@n-api-meta.service[108294]: DEBUG oslo_concurrency.lockutils [None req-2bb1d6a5-2d4d-4c4c-ae9d-eb41702a9564 None None] Acquiring lock "00000000-0000-0000-0000-000000000000" by "nova.context.set_target_cell..get_or_set_cached_cell_and_set_connections" {{(pid=108294) inner /opt/stack/data/venv/lib/python3.12/site-packages/oslo_concurrency/lockutils.py:506}}
May 14 10:18:46.336787 np0000174119 devstack@n-api-meta.service[108294]: DEBUG oslo_concurrency.lockutils [None req-2bb1d6a5-2d4d-4c4c-ae9d-eb41702a9564 None None] Lock "00000000-0000-0000-0000-000000000000" acquired by "nova.context.set_target_cell..get_or_set_cached_cell_and_set_connections" :: waited 0.000s {{(pid=108294) inner /opt/stack/data/venv/lib/python3.12/site-packages/oslo_concurrency/lockutils.py:519}}
May 14 10:18:46.337120 np0000174119 devstack@n-api-meta.service[108294]: DEBUG oslo_concurrency.lockutils [None req-2bb1d6a5-2d4d-4c4c-ae9d-eb41702a9564 None None] Lock "00000000-0000-0000-0000-000000000000" "released" by "nova.context.set_target_cell..get_or_set_cached_cell_and_set_connections" :: held 0.000s {{(pid=108294) inner /opt/stack/data/venv/lib/python3.12/site-packages/oslo_concurrency/lockutils.py:538}}
May 14 10:18:46.337205 np0000174119 devstack@n-api-meta.service[108296]: INFO dbcounter [None req-8c7c63f4-87af-47c7-8b03-659ef111c412 None None] Registered counter for database nova_api
May 14 10:18:46.337834 np0000174119 devstack@n-api-meta.service[108294]: DEBUG oslo_concurrency.lockutils [None req-2bb1d6a5-2d4d-4c4c-ae9d-eb41702a9564 None None] Acquiring lock "b665e9a4-6d53-4337-aece-704d51e41cda" by "nova.context.set_target_cell..get_or_set_cached_cell_and_set_connections" {{(pid=108294) inner /opt/stack/data/venv/lib/python3.12/site-packages/oslo_concurrency/lockutils.py:506}}
May 14 10:18:46.337974 np0000174119 devstack@n-api-meta.service[108294]: DEBUG oslo_concurrency.lockutils [None req-2bb1d6a5-2d4d-4c4c-ae9d-eb41702a9564 None None] Lock "b665e9a4-6d53-4337-aece-704d51e41cda" acquired by "nova.context.set_target_cell..get_or_set_cached_cell_and_set_connections" :: waited 0.000s {{(pid=108294) inner /opt/stack/data/venv/lib/python3.12/site-packages/oslo_concurrency/lockutils.py:519}}
May 14 10:18:46.338847 np0000174119 devstack@n-api-meta.service[108294]: DEBUG oslo_concurrency.lockutils [None req-2bb1d6a5-2d4d-4c4c-ae9d-eb41702a9564 None None] Lock "b665e9a4-6d53-4337-aece-704d51e41cda" "released" by "nova.context.set_target_cell..get_or_set_cached_cell_and_set_connections" :: held 0.001s {{(pid=108294) inner /opt/stack/data/venv/lib/python3.12/site-packages/oslo_concurrency/lockutils.py:538}}
May 14 10:18:46.342084 np0000174119 devstack@n-api-meta.service[108294]: INFO dbcounter [None req-2bb1d6a5-2d4d-4c4c-ae9d-eb41702a9564 None None] Registered counter for database nova_cell0
May 14 10:18:46.347707 np0000174119 devstack@n-api-meta.service[108294]: INFO dbcounter [None req-2bb1d6a5-2d4d-4c4c-ae9d-eb41702a9564 None None] Registered counter for database nova_cell1
May 14 10:18:46.354790 np0000174119 devstack@n-api-meta.service[108296]: DEBUG oslo_db.sqlalchemy.engines [None req-8c7c63f4-87af-47c7-8b03-659ef111c412 None None] MySQL server mode set to STRICT_TRANS_TABLES,STRICT_ALL_TABLES,NO_ZERO_IN_DATE,NO_ZERO_DATE,ERROR_FOR_DIVISION_BY_ZERO,TRADITIONAL,NO_ENGINE_SUBSTITUTION {{(pid=108296) _check_effective_sql_mode /opt/stack/data/venv/lib/python3.12/site-packages/oslo_db/sqlalchemy/engines.py:325}}
May 14 10:18:46.362778 np0000174119 devstack@n-api-meta.service[108294]: DEBUG oslo_db.sqlalchemy.engines [None req-2bb1d6a5-2d4d-4c4c-ae9d-eb41702a9564 None None] MySQL server mode set to STRICT_TRANS_TABLES,STRICT_ALL_TABLES,NO_ZERO_IN_DATE,NO_ZERO_DATE,ERROR_FOR_DIVISION_BY_ZERO,TRADITIONAL,NO_ENGINE_SUBSTITUTION {{(pid=108294) _check_effective_sql_mode /opt/stack/data/venv/lib/python3.12/site-packages/oslo_db/sqlalchemy/engines.py:325}}
May 14 10:18:46.374585 np0000174119 devstack@n-api-meta.service[108294]: DEBUG oslo_db.sqlalchemy.engines [None req-2bb1d6a5-2d4d-4c4c-ae9d-eb41702a9564 None None] MySQL server mode set to STRICT_TRANS_TABLES,STRICT_ALL_TABLES,NO_ZERO_IN_DATE,NO_ZERO_DATE,ERROR_FOR_DIVISION_BY_ZERO,TRADITIONAL,NO_ENGINE_SUBSTITUTION {{(pid=108294) _check_effective_sql_mode /opt/stack/data/venv/lib/python3.12/site-packages/oslo_db/sqlalchemy/engines.py:325}}
May 14 10:18:46.389977 np0000174119 devstack@n-api-meta.service[108296]: DEBUG dbcounter [-] [108296] Writer thread running {{(pid=108296) stat_writer /opt/stack/data/venv/lib/python3.12/site-packages/dbcounter.py:102}}
May 14 10:18:46.426517 np0000174119 devstack@n-api-meta.service[108296]: DEBUG nova.context [None req-8c7c63f4-87af-47c7-8b03-659ef111c412 None None] Found 2 cells: 00000000-0000-0000-0000-000000000000(cell0),b665e9a4-6d53-4337-aece-704d51e41cda(cell1) {{(pid=108296) load_cells /opt/stack/nova/nova/context.py:509}}
May 14 10:18:46.426690 np0000174119 devstack@n-api-meta.service[108297]: INFO dbcounter [None req-7512cbf9-622a-40d9-92c4-2a6258994499 None None] Registered counter for database nova_api
May 14 10:18:46.427349 np0000174119 devstack@n-api-meta.service[108296]: INFO nova.utils [None req-8c7c63f4-87af-47c7-8b03-659ef111c412 None None] The cell worker thread pool MainProcess.cell_worker is initialized
May 14 10:18:46.428606 np0000174119 devstack@n-api-meta.service[108296]: DEBUG oslo_concurrency.lockutils [None req-8c7c63f4-87af-47c7-8b03-659ef111c412 None None] Acquiring lock "00000000-0000-0000-0000-000000000000" by "nova.context.set_target_cell..get_or_set_cached_cell_and_set_connections" {{(pid=108296) inner /opt/stack/data/venv/lib/python3.12/site-packages/oslo_concurrency/lockutils.py:506}}
May 14 10:18:46.428800 np0000174119 devstack@n-api-meta.service[108296]: DEBUG oslo_concurrency.lockutils [None req-8c7c63f4-87af-47c7-8b03-659ef111c412 None None] Lock "00000000-0000-0000-0000-000000000000" acquired by "nova.context.set_target_cell..get_or_set_cached_cell_and_set_connections" :: waited 0.000s {{(pid=108296) inner /opt/stack/data/venv/lib/python3.12/site-packages/oslo_concurrency/lockutils.py:519}}
May 14 10:18:46.429152 np0000174119 devstack@n-api-meta.service[108296]: DEBUG oslo_concurrency.lockutils [None req-8c7c63f4-87af-47c7-8b03-659ef111c412 None None] Lock "00000000-0000-0000-0000-000000000000" "released" by "nova.context.set_target_cell..get_or_set_cached_cell_and_set_connections" :: held 0.000s {{(pid=108296) inner /opt/stack/data/venv/lib/python3.12/site-packages/oslo_concurrency/lockutils.py:538}}
May 14 10:18:46.430006 np0000174119 devstack@n-api-meta.service[108296]: DEBUG oslo_concurrency.lockutils [None req-8c7c63f4-87af-47c7-8b03-659ef111c412 None None] Acquiring lock "b665e9a4-6d53-4337-aece-704d51e41cda" by "nova.context.set_target_cell..get_or_set_cached_cell_and_set_connections" {{(pid=108296) inner /opt/stack/data/venv/lib/python3.12/site-packages/oslo_concurrency/lockutils.py:506}}
May 14 10:18:46.430117 np0000174119 devstack@n-api-meta.service[108296]: DEBUG oslo_concurrency.lockutils [None req-8c7c63f4-87af-47c7-8b03-659ef111c412 None None] Lock "b665e9a4-6d53-4337-aece-704d51e41cda" acquired by "nova.context.set_target_cell..get_or_set_cached_cell_and_set_connections" :: waited 0.000s {{(pid=108296) inner /opt/stack/data/venv/lib/python3.12/site-packages/oslo_concurrency/lockutils.py:519}}
May 14 10:18:46.430985 np0000174119 devstack@n-api-meta.service[108296]: DEBUG oslo_concurrency.lockutils [None req-8c7c63f4-87af-47c7-8b03-659ef111c412 None None] Lock "b665e9a4-6d53-4337-aece-704d51e41cda" "released" by "nova.context.set_target_cell..get_or_set_cached_cell_and_set_connections" :: held 0.001s {{(pid=108296) inner /opt/stack/data/venv/lib/python3.12/site-packages/oslo_concurrency/lockutils.py:538}}
May 14 10:18:46.432297 np0000174119 devstack@n-api-meta.service[108295]: INFO dbcounter [None req-b149d051-a2ab-4bf1-b884-7b96f8fbefc4 None None] Registered counter for database nova_api
May 14 10:18:46.433796 np0000174119 devstack@n-api-meta.service[108296]: INFO dbcounter [None req-8c7c63f4-87af-47c7-8b03-659ef111c412 None None] Registered counter for database nova_cell0
May 14 10:18:46.439762 np0000174119 devstack@n-api-meta.service[108296]: INFO dbcounter [None req-8c7c63f4-87af-47c7-8b03-659ef111c412 None None] Registered counter for database nova_cell1
May 14 10:18:46.451133 np0000174119 devstack@n-api-meta.service[108297]: DEBUG oslo_db.sqlalchemy.engines [None req-7512cbf9-622a-40d9-92c4-2a6258994499 None None] MySQL server mode set to STRICT_TRANS_TABLES,STRICT_ALL_TABLES,NO_ZERO_IN_DATE,NO_ZERO_DATE,ERROR_FOR_DIVISION_BY_ZERO,TRADITIONAL,NO_ENGINE_SUBSTITUTION {{(pid=108297) _check_effective_sql_mode /opt/stack/data/venv/lib/python3.12/site-packages/oslo_db/sqlalchemy/engines.py:325}}
May 14 10:18:46.454458 np0000174119 devstack@n-api-meta.service[108294]: DEBUG dbcounter [-] [108294] Writer thread running {{(pid=108294) stat_writer /opt/stack/data/venv/lib/python3.12/site-packages/dbcounter.py:102}}
May 14 10:18:46.457437 np0000174119 devstack@n-api-meta.service[108294]: DEBUG dbcounter [-] [108294] Writer thread running {{(pid=108294) stat_writer /opt/stack/data/venv/lib/python3.12/site-packages/dbcounter.py:102}}
May 14 10:18:46.458950 np0000174119 devstack@n-api-meta.service[108295]: DEBUG oslo_db.sqlalchemy.engines [None req-b149d051-a2ab-4bf1-b884-7b96f8fbefc4 None None] MySQL server mode set to STRICT_TRANS_TABLES,STRICT_ALL_TABLES,NO_ZERO_IN_DATE,NO_ZERO_DATE,ERROR_FOR_DIVISION_BY_ZERO,TRADITIONAL,NO_ENGINE_SUBSTITUTION {{(pid=108295) _check_effective_sql_mode /opt/stack/data/venv/lib/python3.12/site-packages/oslo_db/sqlalchemy/engines.py:325}}
May 14 10:18:46.462125 np0000174119 devstack@n-api-meta.service[108294]: INFO dbcounter [None req-2bb1d6a5-2d4d-4c4c-ae9d-eb41702a9564 None None] Registered counter for database nova_cell0
May 14 10:18:46.463593 np0000174119 devstack@n-api-meta.service[108296]: DEBUG oslo_db.sqlalchemy.engines [None req-8c7c63f4-87af-47c7-8b03-659ef111c412 None None] MySQL server mode set to STRICT_TRANS_TABLES,STRICT_ALL_TABLES,NO_ZERO_IN_DATE,NO_ZERO_DATE,ERROR_FOR_DIVISION_BY_ZERO,TRADITIONAL,NO_ENGINE_SUBSTITUTION {{(pid=108296) _check_effective_sql_mode /opt/stack/data/venv/lib/python3.12/site-packages/oslo_db/sqlalchemy/engines.py:325}}
May 14 10:18:46.471590 np0000174119 devstack@n-api-meta.service[108296]: DEBUG oslo_db.sqlalchemy.engines [None req-8c7c63f4-87af-47c7-8b03-659ef111c412 None None] MySQL server mode set to STRICT_TRANS_TABLES,STRICT_ALL_TABLES,NO_ZERO_IN_DATE,NO_ZERO_DATE,ERROR_FOR_DIVISION_BY_ZERO,TRADITIONAL,NO_ENGINE_SUBSTITUTION {{(pid=108296) _check_effective_sql_mode /opt/stack/data/venv/lib/python3.12/site-packages/oslo_db/sqlalchemy/engines.py:325}}
May 14 10:18:46.475527 np0000174119 devstack@n-api-meta.service[108294]: DEBUG oslo_db.sqlalchemy.engines [None req-2bb1d6a5-2d4d-4c4c-ae9d-eb41702a9564 None None] MySQL server mode set to STRICT_TRANS_TABLES,STRICT_ALL_TABLES,NO_ZERO_IN_DATE,NO_ZERO_DATE,ERROR_FOR_DIVISION_BY_ZERO,TRADITIONAL,NO_ENGINE_SUBSTITUTION {{(pid=108294) _check_effective_sql_mode /opt/stack/data/venv/lib/python3.12/site-packages/oslo_db/sqlalchemy/engines.py:325}}
May 14 10:18:46.485215 np0000174119 devstack@n-api-meta.service[108297]: DEBUG dbcounter [-] [108297] Writer thread running {{(pid=108297) stat_writer /opt/stack/data/venv/lib/python3.12/site-packages/dbcounter.py:102}}
May 14 10:18:46.486345 np0000174119 devstack@n-api-meta.service[108294]: DEBUG dbcounter [-] [108294] Writer thread running {{(pid=108294) stat_writer /opt/stack/data/venv/lib/python3.12/site-packages/dbcounter.py:102}}
May 14 10:18:46.487858 np0000174119 devstack@n-api-meta.service[108297]: DEBUG nova.context [None req-7512cbf9-622a-40d9-92c4-2a6258994499 None None] Found 2 cells: 00000000-0000-0000-0000-000000000000(cell0),b665e9a4-6d53-4337-aece-704d51e41cda(cell1) {{(pid=108297) load_cells /opt/stack/nova/nova/context.py:509}}
May 14 10:18:46.488115 np0000174119 devstack@n-api-meta.service[108297]: INFO nova.utils [None req-7512cbf9-622a-40d9-92c4-2a6258994499 None None] The cell worker thread pool MainProcess.cell_worker is initialized
May 14 10:18:46.489887 np0000174119 devstack@n-api-meta.service[108297]: DEBUG oslo_concurrency.lockutils [None req-7512cbf9-622a-40d9-92c4-2a6258994499 None None] Acquiring lock "00000000-0000-0000-0000-000000000000" by "nova.context.set_target_cell..get_or_set_cached_cell_and_set_connections" {{(pid=108297) inner /opt/stack/data/venv/lib/python3.12/site-packages/oslo_concurrency/lockutils.py:506}}
May 14 10:18:46.490070 np0000174119 devstack@n-api-meta.service[108297]: DEBUG oslo_concurrency.lockutils [None req-7512cbf9-622a-40d9-92c4-2a6258994499 None None] Lock "00000000-0000-0000-0000-000000000000" acquired by "nova.context.set_target_cell..get_or_set_cached_cell_and_set_connections" :: waited 0.000s {{(pid=108297) inner /opt/stack/data/venv/lib/python3.12/site-packages/oslo_concurrency/lockutils.py:519}}
May 14 10:18:46.490493 np0000174119 devstack@n-api-meta.service[108297]: DEBUG oslo_concurrency.lockutils [None req-7512cbf9-622a-40d9-92c4-2a6258994499 None None] Lock "00000000-0000-0000-0000-000000000000" "released" by "nova.context.set_target_cell..get_or_set_cached_cell_and_set_connections" :: held 0.000s {{(pid=108297) inner /opt/stack/data/venv/lib/python3.12/site-packages/oslo_concurrency/lockutils.py:538}}
May 14 10:18:46.491341 np0000174119 devstack@n-api-meta.service[108297]: DEBUG oslo_concurrency.lockutils [None req-7512cbf9-622a-40d9-92c4-2a6258994499 None None] Acquiring lock "b665e9a4-6d53-4337-aece-704d51e41cda" by "nova.context.set_target_cell..get_or_set_cached_cell_and_set_connections" {{(pid=108297) inner /opt/stack/data/venv/lib/python3.12/site-packages/oslo_concurrency/lockutils.py:506}}
May 14 10:18:46.491515 np0000174119 devstack@n-api-meta.service[108297]: DEBUG oslo_concurrency.lockutils [None req-7512cbf9-622a-40d9-92c4-2a6258994499 None None] Lock "b665e9a4-6d53-4337-aece-704d51e41cda" acquired by "nova.context.set_target_cell..get_or_set_cached_cell_and_set_connections" :: waited 0.000s {{(pid=108297) inner /opt/stack/data/venv/lib/python3.12/site-packages/oslo_concurrency/lockutils.py:519}}
May 14 10:18:46.492387 np0000174119 devstack@n-api-meta.service[108297]: DEBUG oslo_concurrency.lockutils [None req-7512cbf9-622a-40d9-92c4-2a6258994499 None None] Lock "b665e9a4-6d53-4337-aece-704d51e41cda" "released" by "nova.context.set_target_cell..get_or_set_cached_cell_and_set_connections" :: held 0.001s {{(pid=108297) inner /opt/stack/data/venv/lib/python3.12/site-packages/oslo_concurrency/lockutils.py:538}}
May 14 10:18:46.495723 np0000174119 devstack@n-api-meta.service[108297]: INFO dbcounter [None req-7512cbf9-622a-40d9-92c4-2a6258994499 None None] Registered counter for database nova_cell0
May 14 10:18:46.496459 np0000174119 devstack@n-api-meta.service[108295]: DEBUG dbcounter [-] [108295] Writer thread running {{(pid=108295) stat_writer /opt/stack/data/venv/lib/python3.12/site-packages/dbcounter.py:102}}
May 14 10:18:46.499164 np0000174119 devstack@n-api-meta.service[108295]: DEBUG nova.context [None req-b149d051-a2ab-4bf1-b884-7b96f8fbefc4 None None] Found 2 cells: 00000000-0000-0000-0000-000000000000(cell0),b665e9a4-6d53-4337-aece-704d51e41cda(cell1) {{(pid=108295) load_cells /opt/stack/nova/nova/context.py:509}}
May 14 10:18:46.499441 np0000174119 devstack@n-api-meta.service[108295]: INFO nova.utils [None req-b149d051-a2ab-4bf1-b884-7b96f8fbefc4 None None] The cell worker thread pool MainProcess.cell_worker is initialized
May 14 10:18:46.501180 np0000174119 devstack@n-api-meta.service[108295]: DEBUG oslo_concurrency.lockutils [None req-b149d051-a2ab-4bf1-b884-7b96f8fbefc4 None None] Acquiring lock "00000000-0000-0000-0000-000000000000" by "nova.context.set_target_cell..get_or_set_cached_cell_and_set_connections" {{(pid=108295) inner /opt/stack/data/venv/lib/python3.12/site-packages/oslo_concurrency/lockutils.py:506}}
May 14 10:18:46.501344 np0000174119 devstack@n-api-meta.service[108295]: DEBUG oslo_concurrency.lockutils [None req-b149d051-a2ab-4bf1-b884-7b96f8fbefc4 None None] Lock "00000000-0000-0000-0000-000000000000" acquired by "nova.context.set_target_cell..get_or_set_cached_cell_and_set_connections" :: waited 0.000s {{(pid=108295) inner /opt/stack/data/venv/lib/python3.12/site-packages/oslo_concurrency/lockutils.py:519}}
May 14 10:18:46.501527 np0000174119 devstack@n-api-meta.service[108297]: INFO dbcounter [None req-7512cbf9-622a-40d9-92c4-2a6258994499 None None] Registered counter for database nova_cell1
May 14 10:18:46.501662 np0000174119 devstack@n-api-meta.service[108295]: DEBUG oslo_concurrency.lockutils [None req-b149d051-a2ab-4bf1-b884-7b96f8fbefc4 None None] Lock "00000000-0000-0000-0000-000000000000" "released" by "nova.context.set_target_cell..get_or_set_cached_cell_and_set_connections" :: held 0.000s {{(pid=108295) inner /opt/stack/data/venv/lib/python3.12/site-packages/oslo_concurrency/lockutils.py:538}}
May 14 10:18:46.502376 np0000174119 devstack@n-api-meta.service[108295]: DEBUG oslo_concurrency.lockutils [None req-b149d051-a2ab-4bf1-b884-7b96f8fbefc4 None None] Acquiring lock "b665e9a4-6d53-4337-aece-704d51e41cda" by "nova.context.set_target_cell..get_or_set_cached_cell_and_set_connections" {{(pid=108295) inner /opt/stack/data/venv/lib/python3.12/site-packages/oslo_concurrency/lockutils.py:506}}
May 14 10:18:46.502499 np0000174119 devstack@n-api-meta.service[108295]: DEBUG oslo_concurrency.lockutils [None req-b149d051-a2ab-4bf1-b884-7b96f8fbefc4 None None] Lock "b665e9a4-6d53-4337-aece-704d51e41cda" acquired by "nova.context.set_target_cell..get_or_set_cached_cell_and_set_connections" :: waited 0.000s {{(pid=108295) inner /opt/stack/data/venv/lib/python3.12/site-packages/oslo_concurrency/lockutils.py:519}}
May 14 10:18:46.503407 np0000174119 devstack@n-api-meta.service[108295]: DEBUG oslo_concurrency.lockutils [None req-b149d051-a2ab-4bf1-b884-7b96f8fbefc4 None None] Lock "b665e9a4-6d53-4337-aece-704d51e41cda" "released" by "nova.context.set_target_cell..get_or_set_cached_cell_and_set_connections" :: held 0.001s {{(pid=108295) inner /opt/stack/data/venv/lib/python3.12/site-packages/oslo_concurrency/lockutils.py:538}}
May 14 10:18:46.506859 np0000174119 devstack@n-api-meta.service[108295]: INFO dbcounter [None req-b149d051-a2ab-4bf1-b884-7b96f8fbefc4 None None] Registered counter for database nova_cell0
May 14 10:18:46.511052 np0000174119 devstack@n-api-meta.service[108297]: DEBUG oslo_db.sqlalchemy.engines [None req-7512cbf9-622a-40d9-92c4-2a6258994499 None None] MySQL server mode set to STRICT_TRANS_TABLES,STRICT_ALL_TABLES,NO_ZERO_IN_DATE,NO_ZERO_DATE,ERROR_FOR_DIVISION_BY_ZERO,TRADITIONAL,NO_ENGINE_SUBSTITUTION {{(pid=108297) _check_effective_sql_mode /opt/stack/data/venv/lib/python3.12/site-packages/oslo_db/sqlalchemy/engines.py:325}}
May 14 10:18:46.511147 np0000174119 devstack@n-api-meta.service[108295]: INFO dbcounter [None req-b149d051-a2ab-4bf1-b884-7b96f8fbefc4 None None] Registered counter for database nova_cell1
May 14 10:18:46.520787 np0000174119 devstack@n-api-meta.service[108295]: DEBUG oslo_db.sqlalchemy.engines [None req-b149d051-a2ab-4bf1-b884-7b96f8fbefc4 None None] MySQL server mode set to STRICT_TRANS_TABLES,STRICT_ALL_TABLES,NO_ZERO_IN_DATE,NO_ZERO_DATE,ERROR_FOR_DIVISION_BY_ZERO,TRADITIONAL,NO_ENGINE_SUBSTITUTION {{(pid=108295) _check_effective_sql_mode /opt/stack/data/venv/lib/python3.12/site-packages/oslo_db/sqlalchemy/engines.py:325}}
May 14 10:18:46.522025 np0000174119 devstack@n-api-meta.service[108297]: DEBUG oslo_db.sqlalchemy.engines [None req-7512cbf9-622a-40d9-92c4-2a6258994499 None None] MySQL server mode set to STRICT_TRANS_TABLES,STRICT_ALL_TABLES,NO_ZERO_IN_DATE,NO_ZERO_DATE,ERROR_FOR_DIVISION_BY_ZERO,TRADITIONAL,NO_ENGINE_SUBSTITUTION {{(pid=108297) _check_effective_sql_mode /opt/stack/data/venv/lib/python3.12/site-packages/oslo_db/sqlalchemy/engines.py:325}}
May 14 10:18:46.533251 np0000174119 devstack@n-api-meta.service[108295]: DEBUG oslo_db.sqlalchemy.engines [None req-b149d051-a2ab-4bf1-b884-7b96f8fbefc4 None None] MySQL server mode set to STRICT_TRANS_TABLES,STRICT_ALL_TABLES,NO_ZERO_IN_DATE,NO_ZERO_DATE,ERROR_FOR_DIVISION_BY_ZERO,TRADITIONAL,NO_ENGINE_SUBSTITUTION {{(pid=108295) _check_effective_sql_mode /opt/stack/data/venv/lib/python3.12/site-packages/oslo_db/sqlalchemy/engines.py:325}}
May 14 10:18:46.539363 np0000174119 devstack@n-api-meta.service[108294]: WARNING nova.api.metadata.handler [None req-2bb1d6a5-2d4d-4c4c-ae9d-eb41702a9564 None None] metadata_proxy_shared_secret is not configured, the metadata information returned by the proxy cannot be trusted
May 14 10:18:46.541591 np0000174119 devstack@n-api-meta.service[108294]: DEBUG nova.api.openstack.wsgi_app [None req-2bb1d6a5-2d4d-4c4c-ae9d-eb41702a9564 None None] ******************************************************************************** {{(pid=108294) log_opt_values /opt/stack/data/venv/lib/python3.12/site-packages/oslo_config/cfg.py:2979}}
May 14 10:18:46.541753 np0000174119 devstack@n-api-meta.service[108294]: DEBUG nova.api.openstack.wsgi_app [None req-2bb1d6a5-2d4d-4c4c-ae9d-eb41702a9564 None None] Configuration options gathered from: {{(pid=108294) log_opt_values /opt/stack/data/venv/lib/python3.12/site-packages/oslo_config/cfg.py:2980}}
May 14 10:18:46.541851 np0000174119 devstack@n-api-meta.service[108294]: DEBUG nova.api.openstack.wsgi_app [None req-2bb1d6a5-2d4d-4c4c-ae9d-eb41702a9564 None None] command line args: [] {{(pid=108294) log_opt_values /opt/stack/data/venv/lib/python3.12/site-packages/oslo_config/cfg.py:2981}}
May 14 10:18:46.541980 np0000174119 devstack@n-api-meta.service[108294]: DEBUG nova.api.openstack.wsgi_app [None req-2bb1d6a5-2d4d-4c4c-ae9d-eb41702a9564 None None] config files: ['/etc/nova/api-paste.ini', '/etc/nova/nova.conf'] {{(pid=108294) log_opt_values /opt/stack/data/venv/lib/python3.12/site-packages/oslo_config/cfg.py:2982}}
May 14 10:18:46.542070 np0000174119 devstack@n-api-meta.service[108294]: DEBUG nova.api.openstack.wsgi_app [None req-2bb1d6a5-2d4d-4c4c-ae9d-eb41702a9564 None None] ================================================================================ {{(pid=108294) log_opt_values /opt/stack/data/venv/lib/python3.12/site-packages/oslo_config/cfg.py:2987}}
May 14 10:18:46.542253 np0000174119 devstack@n-api-meta.service[108294]: DEBUG nova.api.openstack.wsgi_app [None req-2bb1d6a5-2d4d-4c4c-ae9d-eb41702a9564 None None] allow_resize_to_same_host = True {{(pid=108294) log_opt_values /opt/stack/data/venv/lib/python3.12/site-packages/oslo_config/cfg.py:2995}}
May 14 10:18:46.542416 np0000174119 devstack@n-api-meta.service[108294]: DEBUG nova.api.openstack.wsgi_app [None req-2bb1d6a5-2d4d-4c4c-ae9d-eb41702a9564 None None] arq_binding_timeout = 300 {{(pid=108294) log_opt_values /opt/stack/data/venv/lib/python3.12/site-packages/oslo_config/cfg.py:2995}}
May 14 10:18:46.542556 np0000174119 devstack@n-api-meta.service[108294]: DEBUG nova.api.openstack.wsgi_app [None req-2bb1d6a5-2d4d-4c4c-ae9d-eb41702a9564 None None] block_device_allocate_retries = 60 {{(pid=108294) log_opt_values /opt/stack/data/venv/lib/python3.12/site-packages/oslo_config/cfg.py:2995}}
May 14 10:18:46.542677 np0000174119 devstack@n-api-meta.service[108294]: DEBUG nova.api.openstack.wsgi_app [None req-2bb1d6a5-2d4d-4c4c-ae9d-eb41702a9564 None None] block_device_allocate_retries_interval = 3 {{(pid=108294) log_opt_values /opt/stack/data/venv/lib/python3.12/site-packages/oslo_config/cfg.py:2995}}
May 14 10:18:46.542823 np0000174119 devstack@n-api-meta.service[108294]: DEBUG nova.api.openstack.wsgi_app [None req-2bb1d6a5-2d4d-4c4c-ae9d-eb41702a9564 None None] cell_worker_thread_pool_size = 5 {{(pid=108294) log_opt_values /opt/stack/data/venv/lib/python3.12/site-packages/oslo_config/cfg.py:2995}}
May 14 10:18:46.542964 np0000174119 devstack@n-api-meta.service[108294]: DEBUG nova.api.openstack.wsgi_app [None req-2bb1d6a5-2d4d-4c4c-ae9d-eb41702a9564 None None] cert = self.pem {{(pid=108294) log_opt_values /opt/stack/data/venv/lib/python3.12/site-packages/oslo_config/cfg.py:2995}}
May 14 10:18:46.543102 np0000174119 devstack@n-api-meta.service[108294]: DEBUG nova.api.openstack.wsgi_app [None req-2bb1d6a5-2d4d-4c4c-ae9d-eb41702a9564 None None] compute_driver = libvirt.LibvirtDriver {{(pid=108294) log_opt_values /opt/stack/data/venv/lib/python3.12/site-packages/oslo_config/cfg.py:2995}}
May 14 10:18:46.543327 np0000174119 devstack@n-api-meta.service[108294]: DEBUG nova.api.openstack.wsgi_app [None req-2bb1d6a5-2d4d-4c4c-ae9d-eb41702a9564 None None] compute_monitors = [] {{(pid=108294) log_opt_values /opt/stack/data/venv/lib/python3.12/site-packages/oslo_config/cfg.py:2995}}
May 14 10:18:46.543435 np0000174119 devstack@n-api-meta.service[108294]: DEBUG nova.api.openstack.wsgi_app [None req-2bb1d6a5-2d4d-4c4c-ae9d-eb41702a9564 None None] config_dir = [] {{(pid=108294) log_opt_values /opt/stack/data/venv/lib/python3.12/site-packages/oslo_config/cfg.py:2995}}
May 14 10:18:46.543591 np0000174119 devstack@n-api-meta.service[108294]: DEBUG nova.api.openstack.wsgi_app [None req-2bb1d6a5-2d4d-4c4c-ae9d-eb41702a9564 None None] config_drive_format = iso9660 {{(pid=108294) log_opt_values /opt/stack/data/venv/lib/python3.12/site-packages/oslo_config/cfg.py:2995}}
May 14 10:18:46.543704 np0000174119 devstack@n-api-meta.service[108294]: DEBUG nova.api.openstack.wsgi_app [None req-2bb1d6a5-2d4d-4c4c-ae9d-eb41702a9564 None None] config_file = ['/etc/nova/api-paste.ini', '/etc/nova/nova.conf'] {{(pid=108294) log_opt_values /opt/stack/data/venv/lib/python3.12/site-packages/oslo_config/cfg.py:2995}}
May 14 10:18:46.543911 np0000174119 devstack@n-api-meta.service[108294]: DEBUG nova.api.openstack.wsgi_app [None req-2bb1d6a5-2d4d-4c4c-ae9d-eb41702a9564 None None] config_source = [] {{(pid=108294) log_opt_values /opt/stack/data/venv/lib/python3.12/site-packages/oslo_config/cfg.py:2995}}
May 14 10:18:46.543982 np0000174119 devstack@n-api-meta.service[108294]: DEBUG nova.api.openstack.wsgi_app [None req-2bb1d6a5-2d4d-4c4c-ae9d-eb41702a9564 None None] console_host = np0000174119 {{(pid=108294) log_opt_values /opt/stack/data/venv/lib/python3.12/site-packages/oslo_config/cfg.py:2995}}
May 14 10:18:46.544101 np0000174119 devstack@n-api-meta.service[108294]: DEBUG nova.api.openstack.wsgi_app [None req-2bb1d6a5-2d4d-4c4c-ae9d-eb41702a9564 None None] control_exchange = nova {{(pid=108294) log_opt_values /opt/stack/data/venv/lib/python3.12/site-packages/oslo_config/cfg.py:2995}}
May 14 10:18:46.544342 np0000174119 devstack@n-api-meta.service[108294]: DEBUG nova.api.openstack.wsgi_app [None req-2bb1d6a5-2d4d-4c4c-ae9d-eb41702a9564 None None] cpu_allocation_ratio = None {{(pid=108294) log_opt_values /opt/stack/data/venv/lib/python3.12/site-packages/oslo_config/cfg.py:2995}}
May 14 10:18:46.544462 np0000174119 devstack@n-api-meta.service[108294]: DEBUG nova.api.openstack.wsgi_app [None req-2bb1d6a5-2d4d-4c4c-ae9d-eb41702a9564 None None] daemon = False {{(pid=108294) log_opt_values /opt/stack/data/venv/lib/python3.12/site-packages/oslo_config/cfg.py:2995}}
May 14 10:18:46.544600 np0000174119 devstack@n-api-meta.service[108294]: DEBUG nova.api.openstack.wsgi_app [None req-2bb1d6a5-2d4d-4c4c-ae9d-eb41702a9564 None None] debug = True {{(pid=108294) log_opt_values /opt/stack/data/venv/lib/python3.12/site-packages/oslo_config/cfg.py:2995}}
May 14 10:18:46.544725 np0000174119 devstack@n-api-meta.service[108294]: DEBUG nova.api.openstack.wsgi_app [None req-2bb1d6a5-2d4d-4c4c-ae9d-eb41702a9564 None None] default_access_ip_network_name = None {{(pid=108294) log_opt_values /opt/stack/data/venv/lib/python3.12/site-packages/oslo_config/cfg.py:2995}}
May 14 10:18:46.544846 np0000174119 devstack@n-api-meta.service[108294]: DEBUG nova.api.openstack.wsgi_app [None req-2bb1d6a5-2d4d-4c4c-ae9d-eb41702a9564 None None] default_availability_zone = nova {{(pid=108294) log_opt_values /opt/stack/data/venv/lib/python3.12/site-packages/oslo_config/cfg.py:2995}}
May 14 10:18:46.544967 np0000174119 devstack@n-api-meta.service[108294]: DEBUG nova.api.openstack.wsgi_app [None req-2bb1d6a5-2d4d-4c4c-ae9d-eb41702a9564 None None] default_ephemeral_format = ext4 {{(pid=108294) log_opt_values /opt/stack/data/venv/lib/python3.12/site-packages/oslo_config/cfg.py:2995}}
May 14 10:18:46.545122 np0000174119 devstack@n-api-meta.service[108294]: DEBUG nova.api.openstack.wsgi_app [None req-2bb1d6a5-2d4d-4c4c-ae9d-eb41702a9564 None None] default_green_pool_size = 1000 {{(pid=108294) log_opt_values /opt/stack/data/venv/lib/python3.12/site-packages/oslo_config/cfg.py:2995}}
May 14 10:18:46.545346 np0000174119 devstack@n-api-meta.service[108294]: DEBUG nova.api.openstack.wsgi_app [None req-2bb1d6a5-2d4d-4c4c-ae9d-eb41702a9564 None None] default_log_levels = ['amqp=WARN', 'boto=WARN', 'sqlalchemy=WARN', 'suds=INFO', 'oslo.messaging=INFO', 'oslo_messaging=INFO', 'iso8601=WARN', 'requests.packages.urllib3.connectionpool=WARN', 'urllib3.connectionpool=WARN', 'websocket=WARN', 'requests.packages.urllib3.util.retry=WARN', 'urllib3.util.retry=WARN', 'keystonemiddleware=WARN', 'routes.middleware=WARN', 'stevedore=WARN', 'taskflow=WARN', 'keystoneauth=WARN', 'oslo.cache=INFO', 'oslo_policy=INFO', 'dogpile.core.dogpile=INFO', 'glanceclient=WARN', 'oslo.privsep.daemon=INFO'] {{(pid=108294) log_opt_values /opt/stack/data/venv/lib/python3.12/site-packages/oslo_config/cfg.py:2995}}
May 14 10:18:46.545544 np0000174119 devstack@n-api-meta.service[108294]: DEBUG nova.api.openstack.wsgi_app [None req-2bb1d6a5-2d4d-4c4c-ae9d-eb41702a9564 None None] default_schedule_zone = None {{(pid=108294) log_opt_values /opt/stack/data/venv/lib/python3.12/site-packages/oslo_config/cfg.py:2995}}
May 14 10:18:46.545629 np0000174119 devstack@n-api-meta.service[108294]: DEBUG nova.api.openstack.wsgi_app [None req-2bb1d6a5-2d4d-4c4c-ae9d-eb41702a9564 None None] default_thread_pool_size = 10 {{(pid=108294) log_opt_values /opt/stack/data/venv/lib/python3.12/site-packages/oslo_config/cfg.py:2995}}
May 14 10:18:46.545740 np0000174119 devstack@n-api-meta.service[108294]: DEBUG nova.api.openstack.wsgi_app [None req-2bb1d6a5-2d4d-4c4c-ae9d-eb41702a9564 None None] disk_allocation_ratio = None {{(pid=108294) log_opt_values /opt/stack/data/venv/lib/python3.12/site-packages/oslo_config/cfg.py:2995}}
May 14 10:18:46.545825 np0000174119 devstack@n-api-meta.service[108294]: DEBUG nova.api.openstack.wsgi_app [None req-2bb1d6a5-2d4d-4c4c-ae9d-eb41702a9564 None None] enable_new_services = True {{(pid=108294) log_opt_values /opt/stack/data/venv/lib/python3.12/site-packages/oslo_config/cfg.py:2995}}
May 14 10:18:46.545956 np0000174119 devstack@n-api-meta.service[108294]: DEBUG nova.api.openstack.wsgi_app [None req-2bb1d6a5-2d4d-4c4c-ae9d-eb41702a9564 None None] flat_injected = False {{(pid=108294) log_opt_values /opt/stack/data/venv/lib/python3.12/site-packages/oslo_config/cfg.py:2995}}
May 14 10:18:46.546081 np0000174119 devstack@n-api-meta.service[108294]: DEBUG nova.api.openstack.wsgi_app [None req-2bb1d6a5-2d4d-4c4c-ae9d-eb41702a9564 None None] force_config_drive = False {{(pid=108294) log_opt_values /opt/stack/data/venv/lib/python3.12/site-packages/oslo_config/cfg.py:2995}}
May 14 10:18:46.546204 np0000174119 devstack@n-api-meta.service[108294]: DEBUG nova.api.openstack.wsgi_app [None req-2bb1d6a5-2d4d-4c4c-ae9d-eb41702a9564 None None] force_raw_images = True {{(pid=108294) log_opt_values /opt/stack/data/venv/lib/python3.12/site-packages/oslo_config/cfg.py:2995}}
May 14 10:18:46.546365 np0000174119 devstack@n-api-meta.service[108294]: DEBUG nova.api.openstack.wsgi_app [None req-2bb1d6a5-2d4d-4c4c-ae9d-eb41702a9564 None None] graceful_shutdown_timeout = 5 {{(pid=108294) log_opt_values /opt/stack/data/venv/lib/python3.12/site-packages/oslo_config/cfg.py:2995}}
May 14 10:18:46.546494 np0000174119 devstack@n-api-meta.service[108294]: DEBUG nova.api.openstack.wsgi_app [None req-2bb1d6a5-2d4d-4c4c-ae9d-eb41702a9564 None None] heal_instance_info_cache_interval = -1 {{(pid=108294) log_opt_values /opt/stack/data/venv/lib/python3.12/site-packages/oslo_config/cfg.py:2995}}
May 14 10:18:46.546704 np0000174119 devstack@n-api-meta.service[108294]: DEBUG nova.api.openstack.wsgi_app [None req-2bb1d6a5-2d4d-4c4c-ae9d-eb41702a9564 None None] host = np0000174119 {{(pid=108294) log_opt_values /opt/stack/data/venv/lib/python3.12/site-packages/oslo_config/cfg.py:2995}}
May 14 10:18:46.546857 np0000174119 devstack@n-api-meta.service[108294]: DEBUG nova.api.openstack.wsgi_app [None req-2bb1d6a5-2d4d-4c4c-ae9d-eb41702a9564 None None] initial_cpu_allocation_ratio = 4.0 {{(pid=108294) log_opt_values /opt/stack/data/venv/lib/python3.12/site-packages/oslo_config/cfg.py:2995}}
May 14 10:18:46.546991 np0000174119 devstack@n-api-meta.service[108294]: DEBUG nova.api.openstack.wsgi_app [None req-2bb1d6a5-2d4d-4c4c-ae9d-eb41702a9564 None None] initial_disk_allocation_ratio = 1.0 {{(pid=108294) log_opt_values /opt/stack/data/venv/lib/python3.12/site-packages/oslo_config/cfg.py:2995}}
May 14 10:18:46.547120 np0000174119 devstack@n-api-meta.service[108294]: DEBUG nova.api.openstack.wsgi_app [None req-2bb1d6a5-2d4d-4c4c-ae9d-eb41702a9564 None None] initial_ram_allocation_ratio = 1.0 {{(pid=108294) log_opt_values /opt/stack/data/venv/lib/python3.12/site-packages/oslo_config/cfg.py:2995}}
May 14 10:18:46.547355 np0000174119 devstack@n-api-meta.service[108294]: DEBUG nova.api.openstack.wsgi_app [None req-2bb1d6a5-2d4d-4c4c-ae9d-eb41702a9564 None None] injected_network_template = /opt/stack/nova/nova/virt/interfaces.template {{(pid=108294) log_opt_values /opt/stack/data/venv/lib/python3.12/site-packages/oslo_config/cfg.py:2995}}
May 14 10:18:46.547490 np0000174119 devstack@n-api-meta.service[108294]: DEBUG nova.api.openstack.wsgi_app [None req-2bb1d6a5-2d4d-4c4c-ae9d-eb41702a9564 None None] instance_build_timeout = 0 {{(pid=108294) log_opt_values /opt/stack/data/venv/lib/python3.12/site-packages/oslo_config/cfg.py:2995}}
May 14 10:18:46.547628 np0000174119 devstack@n-api-meta.service[108294]: DEBUG nova.api.openstack.wsgi_app [None req-2bb1d6a5-2d4d-4c4c-ae9d-eb41702a9564 None None] instance_delete_interval = 300 {{(pid=108294) log_opt_values /opt/stack/data/venv/lib/python3.12/site-packages/oslo_config/cfg.py:2995}}
May 14 10:18:46.547759 np0000174119 devstack@n-api-meta.service[108294]: DEBUG nova.api.openstack.wsgi_app [None req-2bb1d6a5-2d4d-4c4c-ae9d-eb41702a9564 None None] instance_format = [instance: %(uuid)s] {{(pid=108294) log_opt_values /opt/stack/data/venv/lib/python3.12/site-packages/oslo_config/cfg.py:2995}}
May 14 10:18:46.547907 np0000174119 devstack@n-api-meta.service[108294]: DEBUG nova.api.openstack.wsgi_app [None req-2bb1d6a5-2d4d-4c4c-ae9d-eb41702a9564 None None] instance_name_template = instance-%08x {{(pid=108294) log_opt_values /opt/stack/data/venv/lib/python3.12/site-packages/oslo_config/cfg.py:2995}}
May 14 10:18:46.548048 np0000174119 devstack@n-api-meta.service[108294]: DEBUG nova.api.openstack.wsgi_app [None req-2bb1d6a5-2d4d-4c4c-ae9d-eb41702a9564 None None] instance_usage_audit = False {{(pid=108294) log_opt_values /opt/stack/data/venv/lib/python3.12/site-packages/oslo_config/cfg.py:2995}}
May 14 10:18:46.548193 np0000174119 devstack@n-api-meta.service[108294]: DEBUG nova.api.openstack.wsgi_app [None req-2bb1d6a5-2d4d-4c4c-ae9d-eb41702a9564 None None] instance_usage_audit_period = month {{(pid=108294) log_opt_values /opt/stack/data/venv/lib/python3.12/site-packages/oslo_config/cfg.py:2995}}
May 14 10:18:46.548338 np0000174119 devstack@n-api-meta.service[108294]: DEBUG nova.api.openstack.wsgi_app [None req-2bb1d6a5-2d4d-4c4c-ae9d-eb41702a9564 None None] instance_uuid_format = [instance: %(uuid)s] {{(pid=108294) log_opt_values /opt/stack/data/venv/lib/python3.12/site-packages/oslo_config/cfg.py:2995}}
May 14 10:18:46.548498 np0000174119 devstack@n-api-meta.service[108294]: DEBUG nova.api.openstack.wsgi_app [None req-2bb1d6a5-2d4d-4c4c-ae9d-eb41702a9564 None None] instances_path = /opt/stack/data/nova/instances {{(pid=108294) log_opt_values /opt/stack/data/venv/lib/python3.12/site-packages/oslo_config/cfg.py:2995}}
May 14 10:18:46.548682 np0000174119 devstack@n-api-meta.service[108294]: DEBUG nova.api.openstack.wsgi_app [None req-2bb1d6a5-2d4d-4c4c-ae9d-eb41702a9564 None None] internal_service_availability_zone = internal {{(pid=108294) log_opt_values /opt/stack/data/venv/lib/python3.12/site-packages/oslo_config/cfg.py:2995}}
May 14 10:18:46.548855 np0000174119 devstack@n-api-meta.service[108294]: DEBUG nova.api.openstack.wsgi_app [None req-2bb1d6a5-2d4d-4c4c-ae9d-eb41702a9564 None None] key = None {{(pid=108294) log_opt_values /opt/stack/data/venv/lib/python3.12/site-packages/oslo_config/cfg.py:2995}}
May 14 10:18:46.549030 np0000174119 devstack@n-api-meta.service[108294]: DEBUG nova.api.openstack.wsgi_app [None req-2bb1d6a5-2d4d-4c4c-ae9d-eb41702a9564 None None] live_migration_retry_count = 30 {{(pid=108294) log_opt_values /opt/stack/data/venv/lib/python3.12/site-packages/oslo_config/cfg.py:2995}}
May 14 10:18:46.549206 np0000174119 devstack@n-api-meta.service[108294]: DEBUG nova.api.openstack.wsgi_app [None req-2bb1d6a5-2d4d-4c4c-ae9d-eb41702a9564 None None] log_color = False {{(pid=108294) log_opt_values /opt/stack/data/venv/lib/python3.12/site-packages/oslo_config/cfg.py:2995}}
May 14 10:18:46.549381 np0000174119 devstack@n-api-meta.service[108294]: DEBUG nova.api.openstack.wsgi_app [None req-2bb1d6a5-2d4d-4c4c-ae9d-eb41702a9564 None None] log_config_append = None {{(pid=108294) log_opt_values /opt/stack/data/venv/lib/python3.12/site-packages/oslo_config/cfg.py:2995}}
May 14 10:18:46.549551 np0000174119 devstack@n-api-meta.service[108294]: DEBUG nova.api.openstack.wsgi_app [None req-2bb1d6a5-2d4d-4c4c-ae9d-eb41702a9564 None None] log_date_format = %Y-%m-%d %H:%M:%S {{(pid=108294) log_opt_values /opt/stack/data/venv/lib/python3.12/site-packages/oslo_config/cfg.py:2995}}
May 14 10:18:46.549748 np0000174119 devstack@n-api-meta.service[108294]: DEBUG nova.api.openstack.wsgi_app [None req-2bb1d6a5-2d4d-4c4c-ae9d-eb41702a9564 None None] log_dir = None {{(pid=108294) log_opt_values /opt/stack/data/venv/lib/python3.12/site-packages/oslo_config/cfg.py:2995}}
May 14 10:18:46.549808 np0000174119 devstack@n-api-meta.service[108294]: DEBUG nova.api.openstack.wsgi_app [None req-2bb1d6a5-2d4d-4c4c-ae9d-eb41702a9564 None None] log_file = None {{(pid=108294) log_opt_values /opt/stack/data/venv/lib/python3.12/site-packages/oslo_config/cfg.py:2995}}
May 14 10:18:46.550201 np0000174119 devstack@n-api-meta.service[108294]: DEBUG nova.api.openstack.wsgi_app [None req-2bb1d6a5-2d4d-4c4c-ae9d-eb41702a9564 None None] log_options = True {{(pid=108294) log_opt_values /opt/stack/data/venv/lib/python3.12/site-packages/oslo_config/cfg.py:2995}}
May 14 10:18:46.550201 np0000174119 devstack@n-api-meta.service[108294]: DEBUG nova.api.openstack.wsgi_app [None req-2bb1d6a5-2d4d-4c4c-ae9d-eb41702a9564 None None] log_rotate_interval = 1 {{(pid=108294) log_opt_values /opt/stack/data/venv/lib/python3.12/site-packages/oslo_config/cfg.py:2995}}
May 14 10:18:46.550201 np0000174119 devstack@n-api-meta.service[108294]: DEBUG nova.api.openstack.wsgi_app [None req-2bb1d6a5-2d4d-4c4c-ae9d-eb41702a9564 None None] log_rotate_interval_type = days {{(pid=108294) log_opt_values /opt/stack/data/venv/lib/python3.12/site-packages/oslo_config/cfg.py:2995}}
May 14 10:18:46.550390 np0000174119 devstack@n-api-meta.service[108294]: DEBUG nova.api.openstack.wsgi_app [None req-2bb1d6a5-2d4d-4c4c-ae9d-eb41702a9564 None None] log_rotation_type = none {{(pid=108294) log_opt_values /opt/stack/data/venv/lib/python3.12/site-packages/oslo_config/cfg.py:2995}}
May 14 10:18:46.550441 np0000174119 devstack@n-api-meta.service[108294]: DEBUG nova.api.openstack.wsgi_app [None req-2bb1d6a5-2d4d-4c4c-ae9d-eb41702a9564 None None] logging_context_format_string = %(color)s%(levelname)s %(name)s [%(global_request_id)s %(request_id)s %(project_name)s %(user_name)s%(color)s] %(instance)s%(color)s%(message)s {{(pid=108294) log_opt_values /opt/stack/data/venv/lib/python3.12/site-packages/oslo_config/cfg.py:2995}}
