Feb 16 18:11:32.002396 np0000155648 systemd[1]: Starting devstack@n-api-meta.service - Devstack devstack@n-api-meta.service...
Feb 16 18:11:32.009564 np0000155648 devstack@n-api-meta.service[108421]: [uWSGI] getting INI configuration from /etc/nova/nova-metadata-uwsgi.ini
Feb 16 18:11:32.009918 np0000155648 devstack@n-api-meta.service[108421]: open("./http_plugin.so"): No such file or directory [core/utils.c line 3709]
Feb 16 18:11:32.009918 np0000155648 devstack@n-api-meta.service[108421]: !!! UNABLE to load uWSGI plugin: ./http_plugin.so: cannot open shared object file: No such file or directory !!!
Feb 16 18:11:32.009918 np0000155648 devstack@n-api-meta.service[108421]: open("./python3_plugin.so"): No such file or directory [core/utils.c line 3709]
Feb 16 18:11:32.009918 np0000155648 devstack@n-api-meta.service[108421]: !!! UNABLE to load uWSGI plugin: ./python3_plugin.so: cannot open shared object file: No such file or directory !!!
Feb 16 18:11:32.009918 np0000155648 devstack@n-api-meta.service[108421]: *** Starting uWSGI 2.0.31 (64bit) on [Mon Feb 16 18:11:32 2026] ***
Feb 16 18:11:32.009918 np0000155648 devstack@n-api-meta.service[108421]: compiled with version: 13.3.0 on 16 February 2026 18:01:39
Feb 16 18:11:32.009918 np0000155648 devstack@n-api-meta.service[108421]: os: Linux-6.8.0-100-generic #100-Ubuntu SMP PREEMPT_DYNAMIC Tue Jan 13 16:40:06 UTC 2026
Feb 16 18:11:32.009918 np0000155648 devstack@n-api-meta.service[108421]: nodename: np0000155648
Feb 16 18:11:32.009918 np0000155648 devstack@n-api-meta.service[108421]: machine: x86_64
Feb 16 18:11:32.009918 np0000155648 devstack@n-api-meta.service[108421]: clock source: unix
Feb 16 18:11:32.009918 np0000155648 devstack@n-api-meta.service[108421]: pcre jit disabled
Feb 16 18:11:32.009918 np0000155648 devstack@n-api-meta.service[108421]: detected number of CPU cores: 16
Feb 16 18:11:32.009918 np0000155648 devstack@n-api-meta.service[108421]: current working directory: /
Feb 16 18:11:32.009918 np0000155648 devstack@n-api-meta.service[108421]: detected binary path: /opt/stack/data/venv/bin/uwsgi
Feb 16 18:11:32.009918 np0000155648 devstack@n-api-meta.service[108421]: your processes number limit is 256923
Feb 16 18:11:32.009918 np0000155648 devstack@n-api-meta.service[108421]: your memory page size is 4096 bytes
Feb 16 18:11:32.009918 np0000155648 devstack@n-api-meta.service[108421]: detected max file descriptor number: 2048
Feb 16 18:11:32.009918 np0000155648 devstack@n-api-meta.service[108421]: lock engine: pthread robust mutexes
Feb 16 18:11:32.010505 np0000155648 devstack@n-api-meta.service[108421]: thunder lock: enabled
Feb 16 18:11:32.010505 np0000155648 devstack@n-api-meta.service[108421]: uWSGI http bound on 0.0.0.0:8775 fd 5
Feb 16 18:11:32.010505 np0000155648 devstack@n-api-meta.service[108421]: uwsgi socket 0 bound to TCP address 127.0.0.1:33461 (port auto-assigned) fd 4
Feb 16 18:11:32.010505 np0000155648 devstack@n-api-meta.service[108421]: Python version: 3.12.3 (main, Jan 22 2026, 20:57:42) [GCC 13.3.0]
Feb 16 18:11:32.010505 np0000155648 devstack@n-api-meta.service[108421]: PEP 405 virtualenv detected: /opt/stack/data/venv
Feb 16 18:11:32.010505 np0000155648 devstack@n-api-meta.service[108421]: Set PythonHome to /opt/stack/data/venv
Feb 16 18:11:32.044504 np0000155648 devstack@n-api-meta.service[108421]: Python main interpreter initialized at 0x76e7406a3668
Feb 16 18:11:32.044504 np0000155648 devstack@n-api-meta.service[108421]: python threads support enabled
Feb 16 18:11:32.044504 np0000155648 devstack@n-api-meta.service[108421]: your server socket listen backlog is limited to 100 connections
Feb 16 18:11:32.044504 np0000155648 devstack@n-api-meta.service[108421]: your mercy for graceful operations on workers is 80 seconds
Feb 16 18:11:32.045086 np0000155648 devstack@n-api-meta.service[108421]: mapped 671795 bytes (656 KB) for 4 cores
Feb 16 18:11:32.045224 np0000155648 devstack@n-api-meta.service[108421]: *** Operational MODE: preforking ***
Feb 16 18:11:32.045449 np0000155648 devstack@n-api-meta.service[108421]: *** uWSGI is running in multiple interpreter mode ***
Feb 16 18:11:32.045449 np0000155648 devstack@n-api-meta.service[108421]: spawned uWSGI master process (pid: 108421)
Feb 16 18:11:32.045605 np0000155648 systemd[1]: Started devstack@n-api-meta.service - Devstack devstack@n-api-meta.service.
Feb 16 18:11:32.046111 np0000155648 devstack@n-api-meta.service[108421]: spawned uWSGI worker 1 (pid: 108422, cores: 1)
Feb 16 18:11:32.046593 np0000155648 devstack@n-api-meta.service[108421]: spawned uWSGI worker 2 (pid: 108423, cores: 1)
Feb 16 18:11:32.047025 np0000155648 devstack@n-api-meta.service[108421]: spawned uWSGI worker 3 (pid: 108424, cores: 1)
Feb 16 18:11:32.047661 np0000155648 devstack@n-api-meta.service[108421]: spawned uWSGI worker 4 (pid: 108425, cores: 1)
Feb 16 18:11:32.048127 np0000155648 devstack@n-api-meta.service[108421]: spawned uWSGI http 1 (pid: 108426)
Feb 16 18:11:32.048127 np0000155648 devstack@n-api-meta.service[108421]: running "unix_signal:15 gracefully_kill_them_all" (master-start)...
Feb 16 18:11:32.378515 np0000155648 devstack@n-api-meta.service[108425]: Service is starting with native threading. This is currently experimental. Do not use it in production without first testing it in pre-production.
Feb 16 18:11:32.379240 np0000155648 devstack@n-api-meta.service[108422]: Service is starting with native threading. This is currently experimental. Do not use it in production without first testing it in pre-production.
Feb 16 18:11:32.398119 np0000155648 devstack@n-api-meta.service[108424]: Service is starting with native threading. This is currently experimental. Do not use it in production without first testing it in pre-production.
Feb 16 18:11:32.401022 np0000155648 devstack@n-api-meta.service[108423]: Service is starting with native threading. This is currently experimental. Do not use it in production without first testing it in pre-production.
Feb 16 18:11:33.735768 np0000155648 devstack@n-api-meta.service[108425]: INFO dbcounter [None req-074b121f-f143-40f3-bb68-4fea3bfa4701 None None] Registered counter for database nova_api
Feb 16 18:11:33.753375 np0000155648 devstack@n-api-meta.service[108425]: DEBUG oslo_db.sqlalchemy.engines [None req-074b121f-f143-40f3-bb68-4fea3bfa4701 None None] MySQL server mode set to STRICT_TRANS_TABLES,STRICT_ALL_TABLES,NO_ZERO_IN_DATE,NO_ZERO_DATE,ERROR_FOR_DIVISION_BY_ZERO,TRADITIONAL,NO_ENGINE_SUBSTITUTION {{(pid=108425) _check_effective_sql_mode /opt/stack/data/venv/lib/python3.12/site-packages/oslo_db/sqlalchemy/engines.py:325}}
Feb 16 18:11:33.786732 np0000155648 devstack@n-api-meta.service[108425]: DEBUG dbcounter [-] [108425] Writer thread running {{(pid=108425) stat_writer /opt/stack/data/venv/lib/python3.12/site-packages/dbcounter.py:102}}
Feb 16 18:11:33.789288 np0000155648 devstack@n-api-meta.service[108425]: DEBUG nova.context [None req-074b121f-f143-40f3-bb68-4fea3bfa4701 None None] Found 2 cells: 00000000-0000-0000-0000-000000000000(cell0),76fc7231-fd45-4b9b-9497-92d13de12c0f(cell1) {{(pid=108425) load_cells /opt/stack/nova/nova/context.py:509}}
Feb 16 18:11:33.789496 np0000155648 devstack@n-api-meta.service[108425]: INFO nova.utils [None req-074b121f-f143-40f3-bb68-4fea3bfa4701 None None] The cell worker thread pool MainProcess.cell_worker is initialized
Feb 16 18:11:33.791174 np0000155648 devstack@n-api-meta.service[108425]: DEBUG oslo_concurrency.lockutils [None req-074b121f-f143-40f3-bb68-4fea3bfa4701 None None] Acquiring lock "00000000-0000-0000-0000-000000000000" by "nova.context.set_target_cell..get_or_set_cached_cell_and_set_connections" {{(pid=108425) inner /opt/stack/data/venv/lib/python3.12/site-packages/oslo_concurrency/lockutils.py:506}}
Feb 16 18:11:33.791288 np0000155648 devstack@n-api-meta.service[108425]: DEBUG oslo_concurrency.lockutils [None req-074b121f-f143-40f3-bb68-4fea3bfa4701 None None] Lock "00000000-0000-0000-0000-000000000000" acquired by "nova.context.set_target_cell..get_or_set_cached_cell_and_set_connections" :: waited 0.000s {{(pid=108425) inner /opt/stack/data/venv/lib/python3.12/site-packages/oslo_concurrency/lockutils.py:519}}
Feb 16 18:11:33.791654 np0000155648 devstack@n-api-meta.service[108425]: DEBUG oslo_concurrency.lockutils [None req-074b121f-f143-40f3-bb68-4fea3bfa4701 None None] Lock "00000000-0000-0000-0000-000000000000" "released" by "nova.context.set_target_cell..get_or_set_cached_cell_and_set_connections" :: held 0.000s {{(pid=108425) inner /opt/stack/data/venv/lib/python3.12/site-packages/oslo_concurrency/lockutils.py:538}}
Feb 16 18:11:33.792302 np0000155648 devstack@n-api-meta.service[108425]: DEBUG oslo_concurrency.lockutils [None req-074b121f-f143-40f3-bb68-4fea3bfa4701 None None] Acquiring lock "76fc7231-fd45-4b9b-9497-92d13de12c0f" by "nova.context.set_target_cell..get_or_set_cached_cell_and_set_connections" {{(pid=108425) inner /opt/stack/data/venv/lib/python3.12/site-packages/oslo_concurrency/lockutils.py:506}}
Feb 16 18:11:33.792433 np0000155648 devstack@n-api-meta.service[108425]: DEBUG oslo_concurrency.lockutils [None req-074b121f-f143-40f3-bb68-4fea3bfa4701 None None] Lock "76fc7231-fd45-4b9b-9497-92d13de12c0f" acquired by "nova.context.set_target_cell..get_or_set_cached_cell_and_set_connections" :: waited 0.000s {{(pid=108425) inner /opt/stack/data/venv/lib/python3.12/site-packages/oslo_concurrency/lockutils.py:519}}
Feb 16 18:11:33.793188 np0000155648 devstack@n-api-meta.service[108425]: DEBUG oslo_concurrency.lockutils [None req-074b121f-f143-40f3-bb68-4fea3bfa4701 None None] Lock "76fc7231-fd45-4b9b-9497-92d13de12c0f" "released" by "nova.context.set_target_cell..get_or_set_cached_cell_and_set_connections" :: held 0.001s {{(pid=108425) inner /opt/stack/data/venv/lib/python3.12/site-packages/oslo_concurrency/lockutils.py:538}}
Feb 16 18:11:33.795814 np0000155648 devstack@n-api-meta.service[108422]: INFO dbcounter [None req-c3d9bdad-03ea-4d9e-95fb-f73a0b53109b None None] Registered counter for database nova_api
Feb 16 18:11:33.796895 np0000155648 devstack@n-api-meta.service[108425]: INFO dbcounter [None req-074b121f-f143-40f3-bb68-4fea3bfa4701 None None] Registered counter for database nova_cell0
Feb 16 18:11:33.801239 np0000155648 devstack@n-api-meta.service[108425]: INFO dbcounter [None req-074b121f-f143-40f3-bb68-4fea3bfa4701 None None] Registered counter for database nova_cell1
Feb 16 18:11:33.803187 np0000155648 devstack@n-api-meta.service[108423]: INFO dbcounter [None req-7a106de1-3279-43f6-90f2-2ed20a994808 None None] Registered counter for database nova_api
Feb 16 18:11:33.809718 np0000155648 devstack@n-api-meta.service[108425]: DEBUG oslo_db.sqlalchemy.engines [None req-074b121f-f143-40f3-bb68-4fea3bfa4701 None None] MySQL server mode set to STRICT_TRANS_TABLES,STRICT_ALL_TABLES,NO_ZERO_IN_DATE,NO_ZERO_DATE,ERROR_FOR_DIVISION_BY_ZERO,TRADITIONAL,NO_ENGINE_SUBSTITUTION {{(pid=108425) _check_effective_sql_mode /opt/stack/data/venv/lib/python3.12/site-packages/oslo_db/sqlalchemy/engines.py:325}}
Feb 16 18:11:33.816800 np0000155648 devstack@n-api-meta.service[108422]: DEBUG oslo_db.sqlalchemy.engines [None req-c3d9bdad-03ea-4d9e-95fb-f73a0b53109b None None] MySQL server mode set to STRICT_TRANS_TABLES,STRICT_ALL_TABLES,NO_ZERO_IN_DATE,NO_ZERO_DATE,ERROR_FOR_DIVISION_BY_ZERO,TRADITIONAL,NO_ENGINE_SUBSTITUTION {{(pid=108422) _check_effective_sql_mode /opt/stack/data/venv/lib/python3.12/site-packages/oslo_db/sqlalchemy/engines.py:325}}
Feb 16 18:11:33.819851 np0000155648 devstack@n-api-meta.service[108424]: INFO dbcounter [None req-4bde2b1d-ff8a-4324-82c5-b750fb8cd508 None None] Registered counter for database nova_api
Feb 16 18:11:33.836746 np0000155648 devstack@n-api-meta.service[108425]: DEBUG oslo_db.sqlalchemy.engines [None req-074b121f-f143-40f3-bb68-4fea3bfa4701 None None] MySQL server mode set to STRICT_TRANS_TABLES,STRICT_ALL_TABLES,NO_ZERO_IN_DATE,NO_ZERO_DATE,ERROR_FOR_DIVISION_BY_ZERO,TRADITIONAL,NO_ENGINE_SUBSTITUTION {{(pid=108425) _check_effective_sql_mode /opt/stack/data/venv/lib/python3.12/site-packages/oslo_db/sqlalchemy/engines.py:325}}
Feb 16 18:11:33.839171 np0000155648 devstack@n-api-meta.service[108423]: DEBUG oslo_db.sqlalchemy.engines [None req-7a106de1-3279-43f6-90f2-2ed20a994808 None None] MySQL server mode set to STRICT_TRANS_TABLES,STRICT_ALL_TABLES,NO_ZERO_IN_DATE,NO_ZERO_DATE,ERROR_FOR_DIVISION_BY_ZERO,TRADITIONAL,NO_ENGINE_SUBSTITUTION {{(pid=108423) _check_effective_sql_mode /opt/stack/data/venv/lib/python3.12/site-packages/oslo_db/sqlalchemy/engines.py:325}}
Feb 16 18:11:33.844116 np0000155648 devstack@n-api-meta.service[108424]: DEBUG oslo_db.sqlalchemy.engines [None req-4bde2b1d-ff8a-4324-82c5-b750fb8cd508 None None] MySQL server mode set to STRICT_TRANS_TABLES,STRICT_ALL_TABLES,NO_ZERO_IN_DATE,NO_ZERO_DATE,ERROR_FOR_DIVISION_BY_ZERO,TRADITIONAL,NO_ENGINE_SUBSTITUTION {{(pid=108424) _check_effective_sql_mode /opt/stack/data/venv/lib/python3.12/site-packages/oslo_db/sqlalchemy/engines.py:325}}
Feb 16 18:11:33.851494 np0000155648 devstack@n-api-meta.service[108422]: DEBUG dbcounter [-] [108422] Writer thread running {{(pid=108422) stat_writer /opt/stack/data/venv/lib/python3.12/site-packages/dbcounter.py:102}}
Feb 16 18:11:33.853769 np0000155648 devstack@n-api-meta.service[108422]: DEBUG nova.context [None req-c3d9bdad-03ea-4d9e-95fb-f73a0b53109b None None] Found 2 cells: 00000000-0000-0000-0000-000000000000(cell0),76fc7231-fd45-4b9b-9497-92d13de12c0f(cell1) {{(pid=108422) load_cells /opt/stack/nova/nova/context.py:509}}
Feb 16 18:11:33.854026 np0000155648 devstack@n-api-meta.service[108422]: INFO nova.utils [None req-c3d9bdad-03ea-4d9e-95fb-f73a0b53109b None None] The cell worker thread pool MainProcess.cell_worker is initialized
Feb 16 18:11:33.855779 np0000155648 devstack@n-api-meta.service[108422]: DEBUG oslo_concurrency.lockutils [None req-c3d9bdad-03ea-4d9e-95fb-f73a0b53109b None None] Acquiring lock "00000000-0000-0000-0000-000000000000" by "nova.context.set_target_cell..get_or_set_cached_cell_and_set_connections" {{(pid=108422) inner /opt/stack/data/venv/lib/python3.12/site-packages/oslo_concurrency/lockutils.py:506}}
Feb 16 18:11:33.855952 np0000155648 devstack@n-api-meta.service[108422]: DEBUG oslo_concurrency.lockutils [None req-c3d9bdad-03ea-4d9e-95fb-f73a0b53109b None None] Lock "00000000-0000-0000-0000-000000000000" acquired by "nova.context.set_target_cell..get_or_set_cached_cell_and_set_connections" :: waited 0.000s {{(pid=108422) inner /opt/stack/data/venv/lib/python3.12/site-packages/oslo_concurrency/lockutils.py:519}}
Feb 16 18:11:33.856318 np0000155648 devstack@n-api-meta.service[108422]: DEBUG oslo_concurrency.lockutils [None req-c3d9bdad-03ea-4d9e-95fb-f73a0b53109b None None] Lock "00000000-0000-0000-0000-000000000000" "released" by "nova.context.set_target_cell..get_or_set_cached_cell_and_set_connections" :: held 0.000s {{(pid=108422) inner /opt/stack/data/venv/lib/python3.12/site-packages/oslo_concurrency/lockutils.py:538}}
Feb 16 18:11:33.857141 np0000155648 devstack@n-api-meta.service[108422]: DEBUG oslo_concurrency.lockutils [None req-c3d9bdad-03ea-4d9e-95fb-f73a0b53109b None None] Acquiring lock "76fc7231-fd45-4b9b-9497-92d13de12c0f" by "nova.context.set_target_cell..get_or_set_cached_cell_and_set_connections" {{(pid=108422) inner /opt/stack/data/venv/lib/python3.12/site-packages/oslo_concurrency/lockutils.py:506}}
Feb 16 18:11:33.857276 np0000155648 devstack@n-api-meta.service[108422]: DEBUG oslo_concurrency.lockutils [None req-c3d9bdad-03ea-4d9e-95fb-f73a0b53109b None None] Lock "76fc7231-fd45-4b9b-9497-92d13de12c0f" acquired by "nova.context.set_target_cell..get_or_set_cached_cell_and_set_connections" :: waited 0.000s {{(pid=108422) inner /opt/stack/data/venv/lib/python3.12/site-packages/oslo_concurrency/lockutils.py:519}}
Feb 16 18:11:33.858114 np0000155648 devstack@n-api-meta.service[108422]: DEBUG oslo_concurrency.lockutils [None req-c3d9bdad-03ea-4d9e-95fb-f73a0b53109b None None] Lock "76fc7231-fd45-4b9b-9497-92d13de12c0f" "released" by "nova.context.set_target_cell..get_or_set_cached_cell_and_set_connections" :: held 0.001s {{(pid=108422) inner /opt/stack/data/venv/lib/python3.12/site-packages/oslo_concurrency/lockutils.py:538}}
Feb 16 18:11:33.861265 np0000155648 devstack@n-api-meta.service[108422]: INFO dbcounter [None req-c3d9bdad-03ea-4d9e-95fb-f73a0b53109b None None] Registered counter for database nova_cell0
Feb 16 18:11:33.865946 np0000155648 devstack@n-api-meta.service[108422]: INFO dbcounter [None req-c3d9bdad-03ea-4d9e-95fb-f73a0b53109b None None] Registered counter for database nova_cell1
Feb 16 18:11:33.871974 np0000155648 devstack@n-api-meta.service[108423]: DEBUG dbcounter [-] [108423] Writer thread running {{(pid=108423) stat_writer /opt/stack/data/venv/lib/python3.12/site-packages/dbcounter.py:102}}
Feb 16 18:11:33.874061 np0000155648 devstack@n-api-meta.service[108422]: DEBUG oslo_db.sqlalchemy.engines [None req-c3d9bdad-03ea-4d9e-95fb-f73a0b53109b None None] MySQL server mode set to STRICT_TRANS_TABLES,STRICT_ALL_TABLES,NO_ZERO_IN_DATE,NO_ZERO_DATE,ERROR_FOR_DIVISION_BY_ZERO,TRADITIONAL,NO_ENGINE_SUBSTITUTION {{(pid=108422) _check_effective_sql_mode /opt/stack/data/venv/lib/python3.12/site-packages/oslo_db/sqlalchemy/engines.py:325}}
Feb 16 18:11:33.874371 np0000155648 devstack@n-api-meta.service[108423]: DEBUG nova.context [None req-7a106de1-3279-43f6-90f2-2ed20a994808 None None] Found 2 cells: 00000000-0000-0000-0000-000000000000(cell0),76fc7231-fd45-4b9b-9497-92d13de12c0f(cell1) {{(pid=108423) load_cells /opt/stack/nova/nova/context.py:509}}
Feb 16 18:11:33.874591 np0000155648 devstack@n-api-meta.service[108423]: INFO nova.utils [None req-7a106de1-3279-43f6-90f2-2ed20a994808 None None] The cell worker thread pool MainProcess.cell_worker is initialized
Feb 16 18:11:33.876337 np0000155648 devstack@n-api-meta.service[108423]: DEBUG oslo_concurrency.lockutils [None req-7a106de1-3279-43f6-90f2-2ed20a994808 None None] Acquiring lock "00000000-0000-0000-0000-000000000000" by "nova.context.set_target_cell..get_or_set_cached_cell_and_set_connections" {{(pid=108423) inner /opt/stack/data/venv/lib/python3.12/site-packages/oslo_concurrency/lockutils.py:506}}
Feb 16 18:11:33.876494 np0000155648 devstack@n-api-meta.service[108423]: DEBUG oslo_concurrency.lockutils [None req-7a106de1-3279-43f6-90f2-2ed20a994808 None None] Lock "00000000-0000-0000-0000-000000000000" acquired by "nova.context.set_target_cell..get_or_set_cached_cell_and_set_connections" :: waited 0.000s {{(pid=108423) inner /opt/stack/data/venv/lib/python3.12/site-packages/oslo_concurrency/lockutils.py:519}}
Feb 16 18:11:33.876846 np0000155648 devstack@n-api-meta.service[108423]: DEBUG oslo_concurrency.lockutils [None req-7a106de1-3279-43f6-90f2-2ed20a994808 None None] Lock "00000000-0000-0000-0000-000000000000" "released" by "nova.context.set_target_cell..get_or_set_cached_cell_and_set_connections" :: held 0.000s {{(pid=108423) inner /opt/stack/data/venv/lib/python3.12/site-packages/oslo_concurrency/lockutils.py:538}}
Feb 16 18:11:33.877516 np0000155648 devstack@n-api-meta.service[108423]: DEBUG oslo_concurrency.lockutils [None req-7a106de1-3279-43f6-90f2-2ed20a994808 None None] Acquiring lock "76fc7231-fd45-4b9b-9497-92d13de12c0f" by "nova.context.set_target_cell..get_or_set_cached_cell_and_set_connections" {{(pid=108423) inner /opt/stack/data/venv/lib/python3.12/site-packages/oslo_concurrency/lockutils.py:506}}
Feb 16 18:11:33.877646 np0000155648 devstack@n-api-meta.service[108423]: DEBUG oslo_concurrency.lockutils [None req-7a106de1-3279-43f6-90f2-2ed20a994808 None None] Lock "76fc7231-fd45-4b9b-9497-92d13de12c0f" acquired by "nova.context.set_target_cell..get_or_set_cached_cell_and_set_connections" :: waited 0.000s {{(pid=108423) inner /opt/stack/data/venv/lib/python3.12/site-packages/oslo_concurrency/lockutils.py:519}}
Feb 16 18:11:33.877802 np0000155648 devstack@n-api-meta.service[108422]: DEBUG oslo_db.sqlalchemy.engines [None req-c3d9bdad-03ea-4d9e-95fb-f73a0b53109b None None] MySQL server mode set to STRICT_TRANS_TABLES,STRICT_ALL_TABLES,NO_ZERO_IN_DATE,NO_ZERO_DATE,ERROR_FOR_DIVISION_BY_ZERO,TRADITIONAL,NO_ENGINE_SUBSTITUTION {{(pid=108422) _check_effective_sql_mode /opt/stack/data/venv/lib/python3.12/site-packages/oslo_db/sqlalchemy/engines.py:325}}
Feb 16 18:11:33.878473 np0000155648 devstack@n-api-meta.service[108423]: DEBUG oslo_concurrency.lockutils [None req-7a106de1-3279-43f6-90f2-2ed20a994808 None None] Lock "76fc7231-fd45-4b9b-9497-92d13de12c0f" "released" by "nova.context.set_target_cell..get_or_set_cached_cell_and_set_connections" :: held 0.001s {{(pid=108423) inner /opt/stack/data/venv/lib/python3.12/site-packages/oslo_concurrency/lockutils.py:538}}
Feb 16 18:11:33.879523 np0000155648 devstack@n-api-meta.service[108424]: DEBUG dbcounter [-] [108424] Writer thread running {{(pid=108424) stat_writer /opt/stack/data/venv/lib/python3.12/site-packages/dbcounter.py:102}}
Feb 16 18:11:33.881256 np0000155648 devstack@n-api-meta.service[108423]: INFO dbcounter [None req-7a106de1-3279-43f6-90f2-2ed20a994808 None None] Registered counter for database nova_cell0
Feb 16 18:11:33.881313 np0000155648 devstack@n-api-meta.service[108424]: DEBUG nova.context [None req-4bde2b1d-ff8a-4324-82c5-b750fb8cd508 None None] Found 2 cells: 00000000-0000-0000-0000-000000000000(cell0),76fc7231-fd45-4b9b-9497-92d13de12c0f(cell1) {{(pid=108424) load_cells /opt/stack/nova/nova/context.py:509}}
Feb 16 18:11:33.881533 np0000155648 devstack@n-api-meta.service[108424]: INFO nova.utils [None req-4bde2b1d-ff8a-4324-82c5-b750fb8cd508 None None] The cell worker thread pool MainProcess.cell_worker is initialized
Feb 16 18:11:33.883212 np0000155648 devstack@n-api-meta.service[108424]: DEBUG oslo_concurrency.lockutils [None req-4bde2b1d-ff8a-4324-82c5-b750fb8cd508 None None] Acquiring lock "00000000-0000-0000-0000-000000000000" by "nova.context.set_target_cell..get_or_set_cached_cell_and_set_connections" {{(pid=108424) inner /opt/stack/data/venv/lib/python3.12/site-packages/oslo_concurrency/lockutils.py:506}}
Feb 16 18:11:33.883363 np0000155648 devstack@n-api-meta.service[108424]: DEBUG oslo_concurrency.lockutils [None req-4bde2b1d-ff8a-4324-82c5-b750fb8cd508 None None] Lock "00000000-0000-0000-0000-000000000000" acquired by "nova.context.set_target_cell..get_or_set_cached_cell_and_set_connections" :: waited 0.000s {{(pid=108424) inner /opt/stack/data/venv/lib/python3.12/site-packages/oslo_concurrency/lockutils.py:519}}
Feb 16 18:11:33.883699 np0000155648 devstack@n-api-meta.service[108424]: DEBUG oslo_concurrency.lockutils [None req-4bde2b1d-ff8a-4324-82c5-b750fb8cd508 None None] Lock "00000000-0000-0000-0000-000000000000" "released" by "nova.context.set_target_cell..get_or_set_cached_cell_and_set_connections" :: held 0.000s {{(pid=108424) inner /opt/stack/data/venv/lib/python3.12/site-packages/oslo_concurrency/lockutils.py:538}}
Feb 16 18:11:33.884385 np0000155648 devstack@n-api-meta.service[108424]: DEBUG oslo_concurrency.lockutils [None req-4bde2b1d-ff8a-4324-82c5-b750fb8cd508 None None] Acquiring lock "76fc7231-fd45-4b9b-9497-92d13de12c0f" by "nova.context.set_target_cell..get_or_set_cached_cell_and_set_connections" {{(pid=108424) inner /opt/stack/data/venv/lib/python3.12/site-packages/oslo_concurrency/lockutils.py:506}}
Feb 16 18:11:33.884524 np0000155648 devstack@n-api-meta.service[108424]: DEBUG oslo_concurrency.lockutils [None req-4bde2b1d-ff8a-4324-82c5-b750fb8cd508 None None] Lock "76fc7231-fd45-4b9b-9497-92d13de12c0f" acquired by "nova.context.set_target_cell..get_or_set_cached_cell_and_set_connections" :: waited 0.000s {{(pid=108424) inner /opt/stack/data/venv/lib/python3.12/site-packages/oslo_concurrency/lockutils.py:519}}
Feb 16 18:11:33.885292 np0000155648 devstack@n-api-meta.service[108424]: DEBUG oslo_concurrency.lockutils [None req-4bde2b1d-ff8a-4324-82c5-b750fb8cd508 None None] Lock "76fc7231-fd45-4b9b-9497-92d13de12c0f" "released" by "nova.context.set_target_cell..get_or_set_cached_cell_and_set_connections" :: held 0.001s {{(pid=108424) inner /opt/stack/data/venv/lib/python3.12/site-packages/oslo_concurrency/lockutils.py:538}}
Feb 16 18:11:33.886558 np0000155648 devstack@n-api-meta.service[108423]: INFO dbcounter [None req-7a106de1-3279-43f6-90f2-2ed20a994808 None None] Registered counter for database nova_cell1
Feb 16 18:11:33.887648 np0000155648 devstack@n-api-meta.service[108424]: INFO dbcounter [None req-4bde2b1d-ff8a-4324-82c5-b750fb8cd508 None None] Registered counter for database nova_cell0
Feb 16 18:11:33.890660 np0000155648 devstack@n-api-meta.service[108424]: INFO dbcounter [None req-4bde2b1d-ff8a-4324-82c5-b750fb8cd508 None None] Registered counter for database nova_cell1
Feb 16 18:11:33.897056 np0000155648 devstack@n-api-meta.service[108423]: DEBUG oslo_db.sqlalchemy.engines [None req-7a106de1-3279-43f6-90f2-2ed20a994808 None None] MySQL server mode set to STRICT_TRANS_TABLES,STRICT_ALL_TABLES,NO_ZERO_IN_DATE,NO_ZERO_DATE,ERROR_FOR_DIVISION_BY_ZERO,TRADITIONAL,NO_ENGINE_SUBSTITUTION {{(pid=108423) _check_effective_sql_mode /opt/stack/data/venv/lib/python3.12/site-packages/oslo_db/sqlalchemy/engines.py:325}}
Feb 16 18:11:33.900321 np0000155648 devstack@n-api-meta.service[108424]: DEBUG oslo_db.sqlalchemy.engines [None req-4bde2b1d-ff8a-4324-82c5-b750fb8cd508 None None] MySQL server mode set to STRICT_TRANS_TABLES,STRICT_ALL_TABLES,NO_ZERO_IN_DATE,NO_ZERO_DATE,ERROR_FOR_DIVISION_BY_ZERO,TRADITIONAL,NO_ENGINE_SUBSTITUTION {{(pid=108424) _check_effective_sql_mode /opt/stack/data/venv/lib/python3.12/site-packages/oslo_db/sqlalchemy/engines.py:325}}
Feb 16 18:11:33.908045 np0000155648 devstack@n-api-meta.service[108425]: DEBUG dbcounter [-] [108425] Writer thread running {{(pid=108425) stat_writer /opt/stack/data/venv/lib/python3.12/site-packages/dbcounter.py:102}}
Feb 16 18:11:33.911123 np0000155648 devstack@n-api-meta.service[108423]: DEBUG oslo_db.sqlalchemy.engines [None req-7a106de1-3279-43f6-90f2-2ed20a994808 None None] MySQL server mode set to STRICT_TRANS_TABLES,STRICT_ALL_TABLES,NO_ZERO_IN_DATE,NO_ZERO_DATE,ERROR_FOR_DIVISION_BY_ZERO,TRADITIONAL,NO_ENGINE_SUBSTITUTION {{(pid=108423) _check_effective_sql_mode /opt/stack/data/venv/lib/python3.12/site-packages/oslo_db/sqlalchemy/engines.py:325}}
Feb 16 18:11:33.913641 np0000155648 devstack@n-api-meta.service[108425]: DEBUG dbcounter [-] [108425] Writer thread running {{(pid=108425) stat_writer /opt/stack/data/venv/lib/python3.12/site-packages/dbcounter.py:102}}
Feb 16 18:11:33.917505 np0000155648 devstack@n-api-meta.service[108424]: DEBUG oslo_db.sqlalchemy.engines [None req-4bde2b1d-ff8a-4324-82c5-b750fb8cd508 None None] MySQL server mode set to STRICT_TRANS_TABLES,STRICT_ALL_TABLES,NO_ZERO_IN_DATE,NO_ZERO_DATE,ERROR_FOR_DIVISION_BY_ZERO,TRADITIONAL,NO_ENGINE_SUBSTITUTION {{(pid=108424) _check_effective_sql_mode /opt/stack/data/venv/lib/python3.12/site-packages/oslo_db/sqlalchemy/engines.py:325}}
Feb 16 18:11:33.917825 np0000155648 devstack@n-api-meta.service[108425]: INFO dbcounter [None req-074b121f-f143-40f3-bb68-4fea3bfa4701 None None] Registered counter for database nova_cell0
Feb 16 18:11:33.923702 np0000155648 devstack@n-api-meta.service[108425]: DEBUG oslo_db.sqlalchemy.engines [None req-074b121f-f143-40f3-bb68-4fea3bfa4701 None None] MySQL server mode set to STRICT_TRANS_TABLES,STRICT_ALL_TABLES,NO_ZERO_IN_DATE,NO_ZERO_DATE,ERROR_FOR_DIVISION_BY_ZERO,TRADITIONAL,NO_ENGINE_SUBSTITUTION {{(pid=108425) _check_effective_sql_mode /opt/stack/data/venv/lib/python3.12/site-packages/oslo_db/sqlalchemy/engines.py:325}}
Feb 16 18:11:33.929705 np0000155648 devstack@n-api-meta.service[108425]: DEBUG dbcounter [-] [108425] Writer thread running {{(pid=108425) stat_writer /opt/stack/data/venv/lib/python3.12/site-packages/dbcounter.py:102}}
Feb 16 18:11:33.992240 np0000155648 devstack@n-api-meta.service[108424]: DEBUG dbcounter [-] [108424] Writer thread running {{(pid=108424) stat_writer /opt/stack/data/venv/lib/python3.12/site-packages/dbcounter.py:102}}
Feb 16 18:11:33.996537 np0000155648 devstack@n-api-meta.service[108425]: WARNING nova.api.metadata.handler [None req-074b121f-f143-40f3-bb68-4fea3bfa4701 None None] metadata_proxy_shared_secret is not configured, the metadata information returned by the proxy cannot be trusted
Feb 16 18:11:33.997507 np0000155648 devstack@n-api-meta.service[108422]: DEBUG dbcounter [-] [108422] Writer thread running {{(pid=108422) stat_writer /opt/stack/data/venv/lib/python3.12/site-packages/dbcounter.py:102}}
Feb 16 18:11:33.998375 np0000155648 devstack@n-api-meta.service[108422]: DEBUG dbcounter [-] [108422] Writer thread running {{(pid=108422) stat_writer /opt/stack/data/venv/lib/python3.12/site-packages/dbcounter.py:102}}
Feb 16 18:11:33.998682 np0000155648 devstack@n-api-meta.service[108425]: DEBUG nova.api.openstack.wsgi_app [None req-074b121f-f143-40f3-bb68-4fea3bfa4701 None None] ******************************************************************************** {{(pid=108425) log_opt_values /opt/stack/data/venv/lib/python3.12/site-packages/oslo_config/cfg.py:2804}}
Feb 16 18:11:33.998827 np0000155648 devstack@n-api-meta.service[108425]: DEBUG nova.api.openstack.wsgi_app [None req-074b121f-f143-40f3-bb68-4fea3bfa4701 None None] Configuration options gathered from: {{(pid=108425) log_opt_values /opt/stack/data/venv/lib/python3.12/site-packages/oslo_config/cfg.py:2805}}
Feb 16 18:11:33.998937 np0000155648 devstack@n-api-meta.service[108425]: DEBUG nova.api.openstack.wsgi_app [None req-074b121f-f143-40f3-bb68-4fea3bfa4701 None None] command line args: [] {{(pid=108425) log_opt_values /opt/stack/data/venv/lib/python3.12/site-packages/oslo_config/cfg.py:2806}}
Feb 16 18:11:33.999048 np0000155648 devstack@n-api-meta.service[108425]: DEBUG nova.api.openstack.wsgi_app [None req-074b121f-f143-40f3-bb68-4fea3bfa4701 None None] config files: ['/etc/nova/api-paste.ini', '/etc/nova/nova.conf'] {{(pid=108425) log_opt_values /opt/stack/data/venv/lib/python3.12/site-packages/oslo_config/cfg.py:2807}}
Feb 16 18:11:33.999179 np0000155648 devstack@n-api-meta.service[108425]: DEBUG nova.api.openstack.wsgi_app [None req-074b121f-f143-40f3-bb68-4fea3bfa4701 None None] ================================================================================ {{(pid=108425) log_opt_values /opt/stack/data/venv/lib/python3.12/site-packages/oslo_config/cfg.py:2809}}
Feb 16 18:11:33.999439 np0000155648 devstack@n-api-meta.service[108424]: DEBUG dbcounter [-] [108424] Writer thread running {{(pid=108424) stat_writer /opt/stack/data/venv/lib/python3.12/site-packages/dbcounter.py:102}}
Feb 16 18:11:33.999560 np0000155648 devstack@n-api-meta.service[108425]: DEBUG nova.api.openstack.wsgi_app [None req-074b121f-f143-40f3-bb68-4fea3bfa4701 None None] allow_resize_to_same_host = True {{(pid=108425) log_opt_values /opt/stack/data/venv/lib/python3.12/site-packages/oslo_config/cfg.py:2817}}
Feb 16 18:11:33.999560 np0000155648 devstack@n-api-meta.service[108425]: DEBUG nova.api.openstack.wsgi_app [None req-074b121f-f143-40f3-bb68-4fea3bfa4701 None None] arq_binding_timeout = 300 {{(pid=108425) log_opt_values /opt/stack/data/venv/lib/python3.12/site-packages/oslo_config/cfg.py:2817}}
Feb 16 18:11:33.999560 np0000155648 devstack@n-api-meta.service[108425]: DEBUG nova.api.openstack.wsgi_app [None req-074b121f-f143-40f3-bb68-4fea3bfa4701 None None] block_device_allocate_retries = 60 {{(pid=108425) log_opt_values /opt/stack/data/venv/lib/python3.12/site-packages/oslo_config/cfg.py:2817}}
Feb 16 18:11:33.999714 np0000155648 devstack@n-api-meta.service[108425]: DEBUG nova.api.openstack.wsgi_app [None req-074b121f-f143-40f3-bb68-4fea3bfa4701 None None] block_device_allocate_retries_interval = 3 {{(pid=108425) log_opt_values /opt/stack/data/venv/lib/python3.12/site-packages/oslo_config/cfg.py:2817}}
Feb 16 18:11:33.999941 np0000155648 devstack@n-api-meta.service[108425]: DEBUG nova.api.openstack.wsgi_app [None req-074b121f-f143-40f3-bb68-4fea3bfa4701 None None] cell_worker_thread_pool_size = 5 {{(pid=108425) log_opt_values /opt/stack/data/venv/lib/python3.12/site-packages/oslo_config/cfg.py:2817}}
Feb 16 18:11:33.999941 np0000155648 devstack@n-api-meta.service[108425]: DEBUG nova.api.openstack.wsgi_app [None req-074b121f-f143-40f3-bb68-4fea3bfa4701 None None] cert = self.pem {{(pid=108425) log_opt_values /opt/stack/data/venv/lib/python3.12/site-packages/oslo_config/cfg.py:2817}}
Feb 16 18:11:34.000120 np0000155648 devstack@n-api-meta.service[108425]: DEBUG nova.api.openstack.wsgi_app [None req-074b121f-f143-40f3-bb68-4fea3bfa4701 None None] compute_driver = libvirt.LibvirtDriver {{(pid=108425) log_opt_values /opt/stack/data/venv/lib/python3.12/site-packages/oslo_config/cfg.py:2817}}
Feb 16 18:11:34.000225 np0000155648 devstack@n-api-meta.service[108425]: DEBUG nova.api.openstack.wsgi_app [None req-074b121f-f143-40f3-bb68-4fea3bfa4701 None None] compute_monitors = [] {{(pid=108425) log_opt_values /opt/stack/data/venv/lib/python3.12/site-packages/oslo_config/cfg.py:2817}}
Feb 16 18:11:34.000443 np0000155648 devstack@n-api-meta.service[108425]: DEBUG nova.api.openstack.wsgi_app [None req-074b121f-f143-40f3-bb68-4fea3bfa4701 None None] config_dir = [] {{(pid=108425) log_opt_values /opt/stack/data/venv/lib/python3.12/site-packages/oslo_config/cfg.py:2817}}
Feb 16 18:11:34.000525 np0000155648 devstack@n-api-meta.service[108425]: DEBUG nova.api.openstack.wsgi_app [None req-074b121f-f143-40f3-bb68-4fea3bfa4701 None None] config_drive_format = iso9660 {{(pid=108425) log_opt_values /opt/stack/data/venv/lib/python3.12/site-packages/oslo_config/cfg.py:2817}}
Feb 16 18:11:34.000599 np0000155648 devstack@n-api-meta.service[108425]: DEBUG nova.api.openstack.wsgi_app [None req-074b121f-f143-40f3-bb68-4fea3bfa4701 None None] config_file = ['/etc/nova/api-paste.ini', '/etc/nova/nova.conf'] {{(pid=108425) log_opt_values /opt/stack/data/venv/lib/python3.12/site-packages/oslo_config/cfg.py:2817}}
Feb 16 18:11:34.000710 np0000155648 devstack@n-api-meta.service[108425]: DEBUG nova.api.openstack.wsgi_app [None req-074b121f-f143-40f3-bb68-4fea3bfa4701 None None] config_source = [] {{(pid=108425) log_opt_values /opt/stack/data/venv/lib/python3.12/site-packages/oslo_config/cfg.py:2817}}
Feb 16 18:11:34.000820 np0000155648 devstack@n-api-meta.service[108425]: DEBUG nova.api.openstack.wsgi_app [None req-074b121f-f143-40f3-bb68-4fea3bfa4701 None None] console_host = np0000155648 {{(pid=108425) log_opt_values /opt/stack/data/venv/lib/python3.12/site-packages/oslo_config/cfg.py:2817}}
Feb 16 18:11:34.000933 np0000155648 devstack@n-api-meta.service[108425]: DEBUG nova.api.openstack.wsgi_app [None req-074b121f-f143-40f3-bb68-4fea3bfa4701 None None] control_exchange = nova {{(pid=108425) log_opt_values /opt/stack/data/venv/lib/python3.12/site-packages/oslo_config/cfg.py:2817}}
Feb 16 18:11:34.001147 np0000155648 devstack@n-api-meta.service[108425]: DEBUG nova.api.openstack.wsgi_app [None req-074b121f-f143-40f3-bb68-4fea3bfa4701 None None] cpu_allocation_ratio = None {{(pid=108425) log_opt_values /opt/stack/data/venv/lib/python3.12/site-packages/oslo_config/cfg.py:2817}}
Feb 16 18:11:34.001271 np0000155648 devstack@n-api-meta.service[108425]: DEBUG nova.api.openstack.wsgi_app [None req-074b121f-f143-40f3-bb68-4fea3bfa4701 None None] daemon = False {{(pid=108425) log_opt_values /opt/stack/data/venv/lib/python3.12/site-packages/oslo_config/cfg.py:2817}}
Feb 16 18:11:34.001375 np0000155648 devstack@n-api-meta.service[108425]: DEBUG nova.api.openstack.wsgi_app [None req-074b121f-f143-40f3-bb68-4fea3bfa4701 None None] debug = True {{(pid=108425) log_opt_values /opt/stack/data/venv/lib/python3.12/site-packages/oslo_config/cfg.py:2817}}
Feb 16 18:11:34.001520 np0000155648 devstack@n-api-meta.service[108425]: DEBUG nova.api.openstack.wsgi_app [None req-074b121f-f143-40f3-bb68-4fea3bfa4701 None None] default_access_ip_network_name = None {{(pid=108425) log_opt_values /opt/stack/data/venv/lib/python3.12/site-packages/oslo_config/cfg.py:2817}}
Feb 16 18:11:34.001637 np0000155648 devstack@n-api-meta.service[108425]: DEBUG nova.api.openstack.wsgi_app [None req-074b121f-f143-40f3-bb68-4fea3bfa4701 None None] default_availability_zone = nova {{(pid=108425) log_opt_values /opt/stack/data/venv/lib/python3.12/site-packages/oslo_config/cfg.py:2817}}
Feb 16 18:11:34.001773 np0000155648 devstack@n-api-meta.service[108425]: DEBUG nova.api.openstack.wsgi_app [None req-074b121f-f143-40f3-bb68-4fea3bfa4701 None None] default_ephemeral_format = ext4 {{(pid=108425) log_opt_values /opt/stack/data/venv/lib/python3.12/site-packages/oslo_config/cfg.py:2817}}
Feb 16 18:11:34.001894 np0000155648 devstack@n-api-meta.service[108425]: DEBUG nova.api.openstack.wsgi_app [None req-074b121f-f143-40f3-bb68-4fea3bfa4701 None None] default_green_pool_size = 1000 {{(pid=108425) log_opt_values /opt/stack/data/venv/lib/python3.12/site-packages/oslo_config/cfg.py:2817}}
Feb 16 18:11:34.002160 np0000155648 devstack@n-api-meta.service[108425]: DEBUG nova.api.openstack.wsgi_app [None req-074b121f-f143-40f3-bb68-4fea3bfa4701 None None] default_log_levels = ['amqp=WARN', 'boto=WARN', 'sqlalchemy=WARN', 'suds=INFO', 'oslo.messaging=INFO', 'oslo_messaging=INFO', 'iso8601=WARN', 'requests.packages.urllib3.connectionpool=WARN', 'urllib3.connectionpool=WARN', 'websocket=WARN', 'requests.packages.urllib3.util.retry=WARN', 'urllib3.util.retry=WARN', 'keystonemiddleware=WARN', 'routes.middleware=WARN', 'stevedore=WARN', 'taskflow=WARN', 'keystoneauth=WARN', 'oslo.cache=INFO', 'oslo_policy=INFO', 'dogpile.core.dogpile=INFO', 'glanceclient=WARN', 'oslo.privsep.daemon=INFO'] {{(pid=108425) log_opt_values /opt/stack/data/venv/lib/python3.12/site-packages/oslo_config/cfg.py:2817}}
Feb 16 18:11:34.002341 np0000155648 devstack@n-api-meta.service[108425]: DEBUG nova.api.openstack.wsgi_app [None req-074b121f-f143-40f3-bb68-4fea3bfa4701 None None] default_schedule_zone = None {{(pid=108425) log_opt_values /opt/stack/data/venv/lib/python3.12/site-packages/oslo_config/cfg.py:2817}}
Feb 16 18:11:34.002422 np0000155648 devstack@n-api-meta.service[108425]: DEBUG nova.api.openstack.wsgi_app [None req-074b121f-f143-40f3-bb68-4fea3bfa4701 None None] default_thread_pool_size = 10 {{(pid=108425) log_opt_values /opt/stack/data/venv/lib/python3.12/site-packages/oslo_config/cfg.py:2817}}
Feb 16 18:11:34.002485 np0000155648 devstack@n-api-meta.service[108425]: DEBUG nova.api.openstack.wsgi_app [None req-074b121f-f143-40f3-bb68-4fea3bfa4701 None None] disk_allocation_ratio = None {{(pid=108425) log_opt_values /opt/stack/data/venv/lib/python3.12/site-packages/oslo_config/cfg.py:2817}}
Feb 16 18:11:34.002631 np0000155648 devstack@n-api-meta.service[108425]: DEBUG nova.api.openstack.wsgi_app [None req-074b121f-f143-40f3-bb68-4fea3bfa4701 None None] enable_new_services = True {{(pid=108425) log_opt_values /opt/stack/data/venv/lib/python3.12/site-packages/oslo_config/cfg.py:2817}}
Feb 16 18:11:34.002736 np0000155648 devstack@n-api-meta.service[108425]: DEBUG nova.api.openstack.wsgi_app [None req-074b121f-f143-40f3-bb68-4fea3bfa4701 None None] flat_injected = False {{(pid=108425) log_opt_values /opt/stack/data/venv/lib/python3.12/site-packages/oslo_config/cfg.py:2817}}
Feb 16 18:11:34.002861 np0000155648 devstack@n-api-meta.service[108425]: DEBUG nova.api.openstack.wsgi_app [None req-074b121f-f143-40f3-bb68-4fea3bfa4701 None None] force_config_drive = False {{(pid=108425) log_opt_values /opt/stack/data/venv/lib/python3.12/site-packages/oslo_config/cfg.py:2817}}
Feb 16 18:11:34.002999 np0000155648 devstack@n-api-meta.service[108425]: DEBUG nova.api.openstack.wsgi_app [None req-074b121f-f143-40f3-bb68-4fea3bfa4701 None None] force_raw_images = True {{(pid=108425) log_opt_values /opt/stack/data/venv/lib/python3.12/site-packages/oslo_config/cfg.py:2817}}
Feb 16 18:11:34.003131 np0000155648 devstack@n-api-meta.service[108425]: DEBUG nova.api.openstack.wsgi_app [None req-074b121f-f143-40f3-bb68-4fea3bfa4701 None None] graceful_shutdown_timeout = 5 {{(pid=108425) log_opt_values /opt/stack/data/venv/lib/python3.12/site-packages/oslo_config/cfg.py:2817}}
Feb 16 18:11:34.003254 np0000155648 devstack@n-api-meta.service[108425]: DEBUG nova.api.openstack.wsgi_app [None req-074b121f-f143-40f3-bb68-4fea3bfa4701 None None] heal_instance_info_cache_interval = -1 {{(pid=108425) log_opt_values /opt/stack/data/venv/lib/python3.12/site-packages/oslo_config/cfg.py:2817}}
Feb 16 18:11:34.003427 np0000155648 devstack@n-api-meta.service[108425]: DEBUG nova.api.openstack.wsgi_app [None req-074b121f-f143-40f3-bb68-4fea3bfa4701 None None] host = np0000155648 {{(pid=108425) log_opt_values /opt/stack/data/venv/lib/python3.12/site-packages/oslo_config/cfg.py:2817}}
Feb 16 18:11:34.003553 np0000155648 devstack@n-api-meta.service[108425]: DEBUG nova.api.openstack.wsgi_app [None req-074b121f-f143-40f3-bb68-4fea3bfa4701 None None] initial_cpu_allocation_ratio = 4.0 {{(pid=108425) log_opt_values /opt/stack/data/venv/lib/python3.12/site-packages/oslo_config/cfg.py:2817}}
Feb 16 18:11:34.003680 np0000155648 devstack@n-api-meta.service[108425]: DEBUG nova.api.openstack.wsgi_app [None req-074b121f-f143-40f3-bb68-4fea3bfa4701 None None] initial_disk_allocation_ratio = 1.0 {{(pid=108425) log_opt_values /opt/stack/data/venv/lib/python3.12/site-packages/oslo_config/cfg.py:2817}}
Feb 16 18:11:34.003815 np0000155648 devstack@n-api-meta.service[108425]: DEBUG nova.api.openstack.wsgi_app [None req-074b121f-f143-40f3-bb68-4fea3bfa4701 None None] initial_ram_allocation_ratio = 1.0 {{(pid=108425) log_opt_values /opt/stack/data/venv/lib/python3.12/site-packages/oslo_config/cfg.py:2817}}
Feb 16 18:11:34.003854 np0000155648 devstack@n-api-meta.service[108422]: INFO dbcounter [None req-c3d9bdad-03ea-4d9e-95fb-f73a0b53109b None None] Registered counter for database nova_cell0
Feb 16 18:11:34.003981 np0000155648 devstack@n-api-meta.service[108425]: DEBUG nova.api.openstack.wsgi_app [None req-074b121f-f143-40f3-bb68-4fea3bfa4701 None None] injected_network_template = /opt/stack/nova/nova/virt/interfaces.template {{(pid=108425) log_opt_values /opt/stack/data/venv/lib/python3.12/site-packages/oslo_config/cfg.py:2817}}
Feb 16 18:11:34.004107 np0000155648 devstack@n-api-meta.service[108425]: DEBUG nova.api.openstack.wsgi_app [None req-074b121f-f143-40f3-bb68-4fea3bfa4701 None None] instance_build_timeout = 0 {{(pid=108425) log_opt_values /opt/stack/data/venv/lib/python3.12/site-packages/oslo_config/cfg.py:2817}}
Feb 16 18:11:34.004161 np0000155648 devstack@n-api-meta.service[108424]: INFO dbcounter [None req-4bde2b1d-ff8a-4324-82c5-b750fb8cd508 None None] Registered counter for database nova_cell0
Feb 16 18:11:34.004242 np0000155648 devstack@n-api-meta.service[108425]: DEBUG nova.api.openstack.wsgi_app [None req-074b121f-f143-40f3-bb68-4fea3bfa4701 None None] instance_delete_interval = 300 {{(pid=108425) log_opt_values /opt/stack/data/venv/lib/python3.12/site-packages/oslo_config/cfg.py:2817}}
Feb 16 18:11:34.004360 np0000155648 devstack@n-api-meta.service[108425]: DEBUG nova.api.openstack.wsgi_app [None req-074b121f-f143-40f3-bb68-4fea3bfa4701 None None] instance_format = [instance: %(uuid)s] {{(pid=108425) log_opt_values /opt/stack/data/venv/lib/python3.12/site-packages/oslo_config/cfg.py:2817}}
Feb 16 18:11:34.004488 np0000155648 devstack@n-api-meta.service[108425]: DEBUG nova.api.openstack.wsgi_app [None req-074b121f-f143-40f3-bb68-4fea3bfa4701 None None] instance_name_template = instance-%08x {{(pid=108425) log_opt_values /opt/stack/data/venv/lib/python3.12/site-packages/oslo_config/cfg.py:2817}}
Feb 16 18:11:34.004610 np0000155648 devstack@n-api-meta.service[108425]: DEBUG nova.api.openstack.wsgi_app [None req-074b121f-f143-40f3-bb68-4fea3bfa4701 None None] instance_usage_audit = False {{(pid=108425) log_opt_values /opt/stack/data/venv/lib/python3.12/site-packages/oslo_config/cfg.py:2817}}
Feb 16 18:11:34.004739 np0000155648 devstack@n-api-meta.service[108425]: DEBUG nova.api.openstack.wsgi_app [None req-074b121f-f143-40f3-bb68-4fea3bfa4701 None None] instance_usage_audit_period = month {{(pid=108425) log_opt_values /opt/stack/data/venv/lib/python3.12/site-packages/oslo_config/cfg.py:2817}}
Feb 16 18:11:34.004867 np0000155648 devstack@n-api-meta.service[108425]: DEBUG nova.api.openstack.wsgi_app [None req-074b121f-f143-40f3-bb68-4fea3bfa4701 None None] instance_uuid_format = [instance: %(uuid)s] {{(pid=108425) log_opt_values /opt/stack/data/venv/lib/python3.12/site-packages/oslo_config/cfg.py:2817}}
Feb 16 18:11:34.005017 np0000155648 devstack@n-api-meta.service[108425]: DEBUG nova.api.openstack.wsgi_app [None req-074b121f-f143-40f3-bb68-4fea3bfa4701 None None] instances_path = /opt/stack/data/nova/instances {{(pid=108425) log_opt_values /opt/stack/data/venv/lib/python3.12/site-packages/oslo_config/cfg.py:2817}}
Feb 16 18:11:34.005150 np0000155648 devstack@n-api-meta.service[108425]: DEBUG nova.api.openstack.wsgi_app [None req-074b121f-f143-40f3-bb68-4fea3bfa4701 None None] internal_service_availability_zone = internal {{(pid=108425) log_opt_values /opt/stack/data/venv/lib/python3.12/site-packages/oslo_config/cfg.py:2817}}
Feb 16 18:11:34.005270 np0000155648 devstack@n-api-meta.service[108425]: DEBUG nova.api.openstack.wsgi_app [None req-074b121f-f143-40f3-bb68-4fea3bfa4701 None None] key = None {{(pid=108425) log_opt_values /opt/stack/data/venv/lib/python3.12/site-packages/oslo_config/cfg.py:2817}}
Feb 16 18:11:34.005393 np0000155648 devstack@n-api-meta.service[108425]: DEBUG nova.api.openstack.wsgi_app [None req-074b121f-f143-40f3-bb68-4fea3bfa4701 None None] live_migration_retry_count = 30 {{(pid=108425) log_opt_values /opt/stack/data/venv/lib/python3.12/site-packages/oslo_config/cfg.py:2817}}
Feb 16 18:11:34.005521 np0000155648 devstack@n-api-meta.service[108425]: DEBUG nova.api.openstack.wsgi_app [None req-074b121f-f143-40f3-bb68-4fea3bfa4701 None None] log_color = False {{(pid=108425) log_opt_values /opt/stack/data/venv/lib/python3.12/site-packages/oslo_config/cfg.py:2817}}
Feb 16 18:11:34.005648 np0000155648 devstack@n-api-meta.service[108425]: DEBUG nova.api.openstack.wsgi_app [None req-074b121f-f143-40f3-bb68-4fea3bfa4701 None None] log_config_append = None {{(pid=108425) log_opt_values /opt/stack/data/venv/lib/python3.12/site-packages/oslo_config/cfg.py:2817}}
Feb 16 18:11:34.005777 np0000155648 devstack@n-api-meta.service[108425]: DEBUG nova.api.openstack.wsgi_app [None req-074b121f-f143-40f3-bb68-4fea3bfa4701 None None] log_date_format = %Y-%m-%d %H:%M:%S {{(pid=108425) log_opt_values /opt/stack/data/venv/lib/python3.12/site-packages/oslo_config/cfg.py:2817}}
Feb 16 18:11:34.005901 np0000155648 devstack@n-api-meta.service[108425]: DEBUG nova.api.openstack.wsgi_app [None req-074b121f-f143-40f3-bb68-4fea3bfa4701 None None] log_dir = None {{(pid=108425) log_opt_values /opt/stack/data/venv/lib/python3.12/site-packages/oslo_config/cfg.py:2817}}
Feb 16 18:11:34.006044 np0000155648 devstack@n-api-meta.service[108425]: DEBUG nova.api.openstack.wsgi_app [None req-074b121f-f143-40f3-bb68-4fea3bfa4701 None None] log_file = None {{(pid=108425) log_opt_values /opt/stack/data/venv/lib/python3.12/site-packages/oslo_config/cfg.py:2817}}
Feb 16 18:11:34.006162 np0000155648 devstack@n-api-meta.service[108425]: DEBUG nova.api.openstack.wsgi_app [None req-074b121f-f143-40f3-bb68-4fea3bfa4701 None None] log_options = True {{(pid=108425) log_opt_values /opt/stack/data/venv/lib/python3.12/site-packages/oslo_config/cfg.py:2817}}
Feb 16 18:11:34.006285 np0000155648 devstack@n-api-meta.service[108425]: DEBUG nova.api.openstack.wsgi_app [None req-074b121f-f143-40f3-bb68-4fea3bfa4701 None None] log_rotate_interval = 1 {{(pid=108425) log_opt_values /opt/stack/data/venv/lib/python3.12/site-packages/oslo_config/cfg.py:2817}}
Feb 16 18:11:34.006413 np0000155648 devstack@n-api-meta.service[108425]: DEBUG nova.api.openstack.wsgi_app [None req-074b121f-f143-40f3-bb68-4fea3bfa4701 None None] log_rotate_interval_type = days {{(pid=108425) log_opt_values /opt/stack/data/venv/lib/python3.12/site-packages/oslo_config/cfg.py:2817}}
Feb 16 18:11:34.006542 np0000155648 devstack@n-api-meta.service[108425]: DEBUG nova.api.openstack.wsgi_app [None req-074b121f-f143-40f3-bb68-4fea3bfa4701 None None] log_rotation_type = none {{(pid=108425) log_opt_values /opt/stack/data/venv/lib/python3.12/site-packages/oslo_config/cfg.py:2817}}
Feb 16 18:11:34.006654 np0000155648 devstack@n-api-meta.service[108425]: DEBUG nova.api.openstack.wsgi_app [None req-074b121f-f143-40f3-bb68-4fea3bfa4701 None None] logging_context_format_string = %(color)s%(levelname)s %(name)s [%(global_request_id)s %(request_id)s %(project_name)s %(user_name)s%(color)s] %(instance)s%(color)s%(message)s {{(pid=108425) log_opt_values /opt/stack/data/venv/lib/python3.12/site-packages/oslo_config/cfg.py:2817}}
Feb 16 18:11:34.006747 np0000155648 devstack@n-api-meta.service[108425]: DEBUG nova.api.openstack.wsgi_app [None req-074b121f-f143-40f3-bb68-4fea3bfa4701 None None] logging_debug_format_suffix = {{(pid=%(process)d) %(funcName)s %(pathname)s:%(lineno)d}} {{(pid=108425) log_opt_values /opt/stack/data/venv/lib/python3.12/site-packages/oslo_config/cfg.py:2817}}
Feb 16 18:11:34.006875 np0000155648 devstack@n-api-meta.service[108425]: DEBUG nova.api.openstack.wsgi_app [None req-074b121f-f143-40f3-bb68-4fea3bfa4701 None None] logging_default_format_string = %(color)s%(levelname)s %(name)s [-%(color)s] %(instance)s%(color)s%(message)s {{(pid=108425) log_opt_values /opt/stack/data/venv/lib/python3.12/site-packages/oslo_config/cfg.py:2817}}
Feb 16 18:11:34.007019 np0000155648 devstack@n-api-meta.service[108425]: DEBUG nova.api.openstack.wsgi_app [None req-074b121f-f143-40f3-bb68-4fea3bfa4701 None None] logging_exception_prefix = ERROR %(name)s %(instance)s {{(pid=108425) log_opt_values /opt/stack/data/venv/lib/python3.12/site-packages/oslo_config/cfg.py:2817}}
