2026-05-08 00:38:18.119 10 INFO neutron.db.ovn_revision_numbers_db [None req-0f6011c6-be6e-402b-a7c1-946f782af3c9 5ee73b62885f4f92b7a144dd253f3f3f bc1d25a66b004d8e9a1b77ecf1f45794 - - default default] Successfully bumped revision number for resource 52800331-8a9f-4d69-b11d-13172b640454 (type: security_groups) to 1
2026-05-08 00:38:18.135 10 INFO neutron.db.ovn_revision_numbers_db [None req-0f6011c6-be6e-402b-a7c1-946f782af3c9 5ee73b62885f4f92b7a144dd253f3f3f bc1d25a66b004d8e9a1b77ecf1f45794 - - default default] Successfully bumped revision number for resource 5d9c6a6f-9756-4678-9846-8b32a3da5f9e (type: security_group_rules) to 0
2026-05-08 00:38:18.155 10 INFO neutron.db.ovn_revision_numbers_db [None req-0f6011c6-be6e-402b-a7c1-946f782af3c9 5ee73b62885f4f92b7a144dd253f3f3f bc1d25a66b004d8e9a1b77ecf1f45794 - - default default] Successfully bumped revision number for resource eb09fa57-ec7b-4f47-bbe3-30092829424c (type: security_group_rules) to 0
2026-05-08 00:38:18.176 10 INFO neutron.wsgi [None req-0f6011c6-be6e-402b-a7c1-946f782af3c9 5ee73b62885f4f92b7a144dd253f3f3f bc1d25a66b004d8e9a1b77ecf1f45794 - - default default] 10.0.0.164 "POST /v2.0/security-groups HTTP/1.1" status: 201 len: 1875 time: 0.2188725
2026-05-08 00:38:18.189 9 WARNING neutron_lib.context [None req-8e506bda-0403-4a0a-8f03-2b192ee2dd4f 5ee73b62885f4f92b7a144dd253f3f3f bc1d25a66b004d8e9a1b77ecf1f45794 - - default default] Method 'is_advsvc' is deprecated since 2023.2 release (neutron-lib 3.8.0) and will be removed once support for the old RBAC API policies will be removed from Neutron. Please use method 'is_service_role' instead.
2026-05-08 00:38:18.311 9 INFO neutron.db.ovn_revision_numbers_db [None req-8e506bda-0403-4a0a-8f03-2b192ee2dd4f 5ee73b62885f4f92b7a144dd253f3f3f bc1d25a66b004d8e9a1b77ecf1f45794 - - default default] Successfully bumped revision number for resource ec1c839f-2401-4e95-8d87-7879317d59c4 (type: security_group_rules) to 0
2026-05-08 00:38:18.351 9 INFO neutron.wsgi [None req-8e506bda-0403-4a0a-8f03-2b192ee2dd4f 5ee73b62885f4f92b7a144dd253f3f3f bc1d25a66b004d8e9a1b77ecf1f45794 - - default default] 10.0.0.164 "POST /v2.0/security-group-rules HTTP/1.1" status: 201 len: 796 time: 0.1677644
2026-05-08 00:38:18.361 9 WARNING neutron_lib.context [None req-442c0efd-0e59-4d8e-b444-13fd5350fd5c 5ee73b62885f4f92b7a144dd253f3f3f bc1d25a66b004d8e9a1b77ecf1f45794 - - default default] Method 'is_advsvc' is deprecated since 2023.2 release (neutron-lib 3.8.0) and will be removed once support for the old RBAC API policies will be removed from Neutron. Please use method 'is_service_role' instead.
2026-05-08 00:38:18.528 10 INFO neutron.wsgi [None req-300d2fba-a41a-46f8-9954-58afa4322952 7db399d26825469fb748850c56353475 fc2256cce01f4420afc7fe981f0268fe - - default default] 10.0.0.110 "GET /v2.0/extensions HTTP/1.1" status: 200 len: 18683 time: 0.0083492
2026-05-08 00:38:18.572 9 INFO neutron.db.ovn_revision_numbers_db [None req-442c0efd-0e59-4d8e-b444-13fd5350fd5c 5ee73b62885f4f92b7a144dd253f3f3f bc1d25a66b004d8e9a1b77ecf1f45794 - - default default] Successfully bumped revision number for resource 3219ffd3-25e6-443a-b529-67b3cdd9c9ac (type: security_group_rules) to 0
2026-05-08 00:38:18.605 9 INFO neutron.wsgi [None req-442c0efd-0e59-4d8e-b444-13fd5350fd5c 5ee73b62885f4f92b7a144dd253f3f3f bc1d25a66b004d8e9a1b77ecf1f45794 - - default default] 10.0.0.164 "POST /v2.0/security-group-rules HTTP/1.1" status: 201 len: 795 time: 0.2489240
2026-05-08 00:38:18.620 9 WARNING neutron_lib.context [None req-4281e14a-0ea3-484c-b262-bc4cf40b0fab 5ee73b62885f4f92b7a144dd253f3f3f bc1d25a66b004d8e9a1b77ecf1f45794 - - default default] Method 'is_advsvc' is deprecated since 2023.2 release (neutron-lib 3.8.0) and will be removed once support for the old RBAC API policies will be removed from Neutron. Please use method 'is_service_role' instead.
2026-05-08 00:38:18.653 10 INFO neutron.wsgi [None req-9ad58093-372f-4156-ab54-5a75dee5433f 7db399d26825469fb748850c56353475 fc2256cce01f4420afc7fe981f0268fe - - default default] 10.0.0.110 "GET /v2.0/quotas/fc2256cce01f4420afc7fe981f0268fe/details HTTP/1.1" status: 200 len: 1046 time: 0.1106610
2026-05-08 00:38:18.758 9 INFO neutron.db.ovn_revision_numbers_db [None req-4281e14a-0ea3-484c-b262-bc4cf40b0fab 5ee73b62885f4f92b7a144dd253f3f3f bc1d25a66b004d8e9a1b77ecf1f45794 - - default default] Successfully bumped revision number for resource 1b8b1c42-92d5-436e-beb5-a1952f2f5096 (type: security_group_rules) to 0
2026-05-08 00:38:18.794 9 INFO neutron.wsgi [None req-4281e14a-0ea3-484c-b262-bc4cf40b0fab 5ee73b62885f4f92b7a144dd253f3f3f bc1d25a66b004d8e9a1b77ecf1f45794 - - default default] 10.0.0.164 "POST /v2.0/security-group-rules HTTP/1.1" status: 201 len: 801 time: 0.1797137
2026-05-08 00:38:18.810 9 WARNING neutron_lib.context [None req-a130ec8f-d2cb-426c-9004-7afb63c24a24 5ee73b62885f4f92b7a144dd253f3f3f bc1d25a66b004d8e9a1b77ecf1f45794 - - default default] Method 'is_advsvc' is deprecated since 2023.2 release (neutron-lib 3.8.0) and will be removed once support for the old RBAC API policies will be removed from Neutron. Please use method 'is_service_role' instead.
2026-05-08 00:38:18.982 9 INFO neutron.db.ovn_revision_numbers_db [None req-a130ec8f-d2cb-426c-9004-7afb63c24a24 5ee73b62885f4f92b7a144dd253f3f3f bc1d25a66b004d8e9a1b77ecf1f45794 - - default default] Successfully bumped revision number for resource dc1904ba-9b59-456a-b4fc-46cd8577058e (type: security_group_rules) to 0
2026-05-08 00:38:19.012 9 INFO neutron.wsgi [None req-a130ec8f-d2cb-426c-9004-7afb63c24a24 5ee73b62885f4f92b7a144dd253f3f3f bc1d25a66b004d8e9a1b77ecf1f45794 - - default default] 10.0.0.164 "POST /v2.0/security-group-rules HTTP/1.1" status: 201 len: 800 time: 0.2086685
2026-05-08 00:38:19.023 9 WARNING neutron_lib.context [None req-489a858f-648c-46cf-89b8-65063d08cdd4 5ee73b62885f4f92b7a144dd253f3f3f bc1d25a66b004d8e9a1b77ecf1f45794 - - default default] Method 'is_advsvc' is deprecated since 2023.2 release (neutron-lib 3.8.0) and will be removed once support for the old RBAC API policies will be removed from Neutron. Please use method 'is_service_role' instead.
2026-05-08 00:38:19.054 9 INFO neutron.db.securitygroups_db [None req-489a858f-648c-46cf-89b8-65063d08cdd4 5ee73b62885f4f92b7a144dd253f3f3f bc1d25a66b004d8e9a1b77ecf1f45794 - - default default] Project bc1d25a66b004d8e9a1b77ecf1f45794 added a security group rule with legacy IPv6 ICMP protocol name icmp, ipv6-icmp should be used instead. It was automatically converted.
2026-05-08 00:38:19.175 9 INFO neutron.db.ovn_revision_numbers_db [None req-489a858f-648c-46cf-89b8-65063d08cdd4 5ee73b62885f4f92b7a144dd253f3f3f bc1d25a66b004d8e9a1b77ecf1f45794 - - default default] Successfully bumped revision number for resource c8631b39-3863-4167-8522-b81b57c0f909 (type: security_group_rules) to 0
2026-05-08 00:38:19.206 9 INFO neutron.wsgi [None req-489a858f-648c-46cf-89b8-65063d08cdd4 5ee73b62885f4f92b7a144dd253f3f3f bc1d25a66b004d8e9a1b77ecf1f45794 - - default default] 10.0.0.164 "POST /v2.0/security-group-rules HTTP/1.1" status: 201 len: 806 time: 0.1887369
2026-05-08 00:38:19.220 10 WARNING neutron_lib.context [None req-b24c1390-3d7b-46e3-b59d-b4b69ef596c4 5ee73b62885f4f92b7a144dd253f3f3f bc1d25a66b004d8e9a1b77ecf1f45794 - - default default] Method 'is_advsvc' is deprecated since 2023.2 release (neutron-lib 3.8.0) and will be removed once support for the old RBAC API policies will be removed from Neutron. Please use method 'is_service_role' instead.
2026-05-08 00:38:19.271 10 INFO neutron.db.securitygroups_db [None req-b24c1390-3d7b-46e3-b59d-b4b69ef596c4 5ee73b62885f4f92b7a144dd253f3f3f bc1d25a66b004d8e9a1b77ecf1f45794 - - default default] Project bc1d25a66b004d8e9a1b77ecf1f45794 added a security group rule with legacy IPv6 ICMP protocol name icmp, ipv6-icmp should be used instead. It was automatically converted.
2026-05-08 00:38:19.277 9 INFO neutron.db.ovn_revision_numbers_db [None req-d9a09076-b5fe-4689-b4e8-77c086fa99d8 330903d50af449629d58dd3ba0324bec a4bbebf8352349baac56de0f77cc468d - - default default] Successfully bumped revision number for resource 7a612c11-176c-48f0-b77d-cb8db293b0fd (type: security_groups) to 1
2026-05-08 00:38:19.291 9 INFO neutron.db.ovn_revision_numbers_db [None req-d9a09076-b5fe-4689-b4e8-77c086fa99d8 330903d50af449629d58dd3ba0324bec a4bbebf8352349baac56de0f77cc468d - - default default] Successfully bumped revision number for resource 5923b820-5b9e-4fa5-8a5f-da7f404104ce (type: security_group_rules) to 0
2026-05-08 00:38:19.306 9 INFO neutron.db.ovn_revision_numbers_db [None req-d9a09076-b5fe-4689-b4e8-77c086fa99d8 330903d50af449629d58dd3ba0324bec a4bbebf8352349baac56de0f77cc468d - - default default] Successfully bumped revision number for resource 74c5d49b-ff2c-4c0c-8986-6267bbd62e1d (type: security_group_rules) to 0
2026-05-08 00:38:19.322 9 INFO neutron.db.ovn_revision_numbers_db [None req-d9a09076-b5fe-4689-b4e8-77c086fa99d8 330903d50af449629d58dd3ba0324bec a4bbebf8352349baac56de0f77cc468d - - default default] Successfully bumped revision number for resource cdb904fa-8aee-4b59-a2d7-cff6bbe98a21 (type: security_group_rules) to 0
2026-05-08 00:38:19.336 9 INFO neutron.db.ovn_revision_numbers_db [None req-d9a09076-b5fe-4689-b4e8-77c086fa99d8 330903d50af449629d58dd3ba0324bec a4bbebf8352349baac56de0f77cc468d - - default default] Successfully bumped revision number for resource ebad81e6-7ec6-4c84-90db-171e7fc1c87f (type: security_group_rules) to 0
2026-05-08 00:38:19.361 9 INFO neutron.wsgi [None req-d9a09076-b5fe-4689-b4e8-77c086fa99d8 330903d50af449629d58dd3ba0324bec a4bbebf8352349baac56de0f77cc468d - - default default] 10.0.0.164 "GET /v2.0/security-groups?tenant_id=42b8f53d025a443bb92d05cb8e50386d&name=default HTTP/1.1" status: 200 len: 3120 time: 0.3832970
2026-05-08 00:38:19.372 10 INFO neutron.db.ovn_revision_numbers_db [None req-b24c1390-3d7b-46e3-b59d-b4b69ef596c4 5ee73b62885f4f92b7a144dd253f3f3f bc1d25a66b004d8e9a1b77ecf1f45794 - - default default] Successfully bumped revision number for resource 73f03edd-6e79-49e7-9024-3dd34150a5fd (type: security_group_rules) to 0
2026-05-08 00:38:19.410 10 INFO neutron.wsgi [None req-b24c1390-3d7b-46e3-b59d-b4b69ef596c4 5ee73b62885f4f92b7a144dd253f3f3f bc1d25a66b004d8e9a1b77ecf1f45794 - - default default] 10.0.0.164 "POST /v2.0/security-group-rules HTTP/1.1" status: 201 len: 805 time: 0.1960833
2026-05-08 00:38:19.585 10 INFO neutron.wsgi [None req-e6c7306e-c6c6-4d89-8482-35c53155ff1d 330903d50af449629d58dd3ba0324bec a4bbebf8352349baac56de0f77cc468d - - default default] 10.0.0.164 "DELETE /v2.0/security-groups/7a612c11-176c-48f0-b77d-cb8db293b0fd HTTP/1.1" status: 204 len: 168 time: 0.2198100
2026-05-08 00:38:19.962 10 INFO neutron.db.ovn_revision_numbers_db [None req-cdf2e127-c9a9-4cd4-af23-daa5b8e6a3d7 330903d50af449629d58dd3ba0324bec a4bbebf8352349baac56de0f77cc468d - - default default] Successfully bumped revision number for resource 68fabcb9-0915-4e7b-a599-56bbb49c8c00 (type: security_groups) to 1
2026-05-08 00:38:19.984 10 INFO neutron.db.ovn_revision_numbers_db [None req-cdf2e127-c9a9-4cd4-af23-daa5b8e6a3d7 330903d50af449629d58dd3ba0324bec a4bbebf8352349baac56de0f77cc468d - - default default] Successfully bumped revision number for resource 2553429b-3733-4843-92c4-b8314745fad7 (type: security_group_rules) to 0
2026-05-08 00:38:20.000 10 INFO neutron.db.ovn_revision_numbers_db [None req-cdf2e127-c9a9-4cd4-af23-daa5b8e6a3d7 330903d50af449629d58dd3ba0324bec a4bbebf8352349baac56de0f77cc468d - - default default] Successfully bumped revision number for resource a5f6cad6-b94a-4db0-be9a-2a9592c1492a (type: security_group_rules) to 0
2026-05-08 00:38:20.039 10 INFO neutron.db.ovn_revision_numbers_db [None req-cdf2e127-c9a9-4cd4-af23-daa5b8e6a3d7 330903d50af449629d58dd3ba0324bec a4bbebf8352349baac56de0f77cc468d - - default default] Successfully bumped revision number for resource e61975e1-e767-4e3b-bea8-e85997f5cfe4 (type: security_group_rules) to 0
2026-05-08 00:38:20.058 10 INFO neutron.db.ovn_revision_numbers_db [None req-cdf2e127-c9a9-4cd4-af23-daa5b8e6a3d7 330903d50af449629d58dd3ba0324bec a4bbebf8352349baac56de0f77cc468d - - default default] Successfully bumped revision number for resource e8271e0e-d15b-44ec-b31c-3402a3f019d6 (type: security_group_rules) to 0
2026-05-08 00:38:20.122 10 INFO neutron.wsgi [None req-cdf2e127-c9a9-4cd4-af23-daa5b8e6a3d7 330903d50af449629d58dd3ba0324bec a4bbebf8352349baac56de0f77cc468d - - default default] 10.0.0.164 "GET /v2.0/security-groups?tenant_id=f9558a6696474800b600d7c3e9ba7c79&name=default HTTP/1.1" status: 200 len: 3120 time: 0.3107264
2026-05-08 00:38:20.183 10 INFO neutron.wsgi [None req-78dcbd00-c61e-4ef4-be77-b7d8e117d791 5ee73b62885f4f92b7a144dd253f3f3f bc1d25a66b004d8e9a1b77ecf1f45794 - - default default] 10.0.0.164 "GET /v2.0/networks HTTP/1.1" status: 200 len: 1493 time: 0.4207287
2026-05-08 00:38:20.306 9 INFO neutron.wsgi [req-84afd7d6-157b-45a8-b136-47b67b6ff109 req-fc34f814-f48d-40f8-8907-b1f1fd4a0c13 5ee73b62885f4f92b7a144dd253f3f3f bc1d25a66b004d8e9a1b77ecf1f45794 - - default default] 10.0.0.46 "GET /v2.0/security-groups?name=tempest-secgroup-smoke-1723981368&fields=id&tenant_id=bc1d25a66b004d8e9a1b77ecf1f45794 HTTP/1.1" status: 200 len: 267 time: 0.0581980
2026-05-08 00:38:20.404 9 INFO neutron.wsgi [req-84afd7d6-157b-45a8-b136-47b67b6ff109 req-3c003212-494f-431d-bb47-28a0b7374b8c 5ee73b62885f4f92b7a144dd253f3f3f bc1d25a66b004d8e9a1b77ecf1f45794 - - default default] 10.0.0.46 "GET /v2.0/networks?id=2a94eaeb-5dea-4ff1-a2ac-5a4ca0822157 HTTP/1.1" status: 200 len: 860 time: 0.0885384
2026-05-08 00:38:20.425 9 INFO neutron.wsgi [req-84afd7d6-157b-45a8-b136-47b67b6ff109 req-5aa79670-56e9-49d1-a600-8580081157c2 5ee73b62885f4f92b7a144dd253f3f3f bc1d25a66b004d8e9a1b77ecf1f45794 - - default default] 10.0.0.46 "GET /v2.0/quotas/bc1d25a66b004d8e9a1b77ecf1f45794 HTTP/1.1" status: 200 len: 491 time: 0.0156412
2026-05-08 00:38:20.449 9 INFO neutron.wsgi [None req-e6319029-e16e-46db-a8e5-c8d81e06a2b9 330903d50af449629d58dd3ba0324bec a4bbebf8352349baac56de0f77cc468d - - default default] 10.0.0.164 "DELETE /v2.0/security-groups/68fabcb9-0915-4e7b-a599-56bbb49c8c00 HTTP/1.1" status: 204 len: 168 time: 0.3177376
2026-05-08 00:38:20.541 9 INFO neutron.wsgi [req-84afd7d6-157b-45a8-b136-47b67b6ff109 req-e9a0b5ac-42bc-4268-82e8-9c0817c31584 5ee73b62885f4f92b7a144dd253f3f3f bc1d25a66b004d8e9a1b77ecf1f45794 - - default default] 10.0.0.46 "GET /v2.0/ports?tenant_id=bc1d25a66b004d8e9a1b77ecf1f45794&fields=id HTTP/1.1" status: 200 len: 348 time: 0.1054816
2026-05-08 00:38:20.650 9 INFO neutron.wsgi [req-84afd7d6-157b-45a8-b136-47b67b6ff109 req-3c7634be-0f97-459f-a883-d3911180d47d 24fc9146c4be42e786447ed7cdbba6a2 29a36c9e9869458dbac8486992dbf01c - - 19de777d5095443386939b2c1b13e77b 19de777d5095443386939b2c1b13e77b] 10.0.0.46 "GET /v2.0/networks/2a94eaeb-5dea-4ff1-a2ac-5a4ca0822157?fields=segments HTTP/1.1" status: 200 len: 212 time: 0.0893319
2026-05-08 00:38:20.714 9 INFO neutron.wsgi [req-84afd7d6-157b-45a8-b136-47b67b6ff109 req-0530ce8e-b365-46e5-8a01-c727fe18e0db 24fc9146c4be42e786447ed7cdbba6a2 29a36c9e9869458dbac8486992dbf01c - - 19de777d5095443386939b2c1b13e77b 19de777d5095443386939b2c1b13e77b] 10.0.0.46 "GET /v2.0/networks/2a94eaeb-5dea-4ff1-a2ac-5a4ca0822157?fields=provider%3Aphysical_network&fields=provider%3Anetwork_type HTTP/1.1" status: 200 len: 277 time: 0.0557692
2026-05-08 00:38:20.844 10 INFO neutron.wsgi [req-0f58da95-9894-48bb-a27b-8813d6f471e7 req-fc3565e6-617e-4faa-b034-553d96bf2891 5ee73b62885f4f92b7a144dd253f3f3f bc1d25a66b004d8e9a1b77ecf1f45794 - - default default] 10.0.0.46 "GET /v2.0/ports?device_id=95891afc-0151-478f-b26b-8692e1783090 HTTP/1.1" status: 200 len: 210 time: 0.0234649
2026-05-08 00:38:21.614 10 INFO neutron.wsgi [req-84afd7d6-157b-45a8-b136-47b67b6ff109 req-fcabfb3e-3fad-448b-a394-45951b24b7cd 5ee73b62885f4f92b7a144dd253f3f3f bc1d25a66b004d8e9a1b77ecf1f45794 - - default default] 199.19.213.220 "GET /v2.0/networks?id=2a94eaeb-5dea-4ff1-a2ac-5a4ca0822157 HTTP/1.1" status: 200 len: 860 time: 0.0681081
2026-05-08 00:38:21.648 9 WARNING neutron_lib.context [None req-052c76be-63ee-4654-a480-83cc39976cf3 6096e8e1d4314a4b9a25bfb0ab7dbd67 176c414f355f4ca2a276eed044284bee - - default default] Method 'is_advsvc' is deprecated since 2023.2 release (neutron-lib 3.8.0) and will be removed once support for the old RBAC API policies will be removed from Neutron. Please use method 'is_service_role' instead.
2026-05-08 00:38:21.675 10 INFO neutron.wsgi [req-84afd7d6-157b-45a8-b136-47b67b6ff109 req-f8d8207d-bcad-4e92-909e-37a4e49b754c 5ee73b62885f4f92b7a144dd253f3f3f bc1d25a66b004d8e9a1b77ecf1f45794 - - default default] 199.19.213.220 "GET /v2.0/security-groups?fields=id&fields=name&tenant_id=bc1d25a66b004d8e9a1b77ecf1f45794 HTTP/1.1" status: 200 len: 472 time: 0.0565379
2026-05-08 00:38:21.687 10 WARNING neutron_lib.context [req-84afd7d6-157b-45a8-b136-47b67b6ff109 req-21a2a73b-3d07-4693-afac-31c45c98009d 5ee73b62885f4f92b7a144dd253f3f3f bc1d25a66b004d8e9a1b77ecf1f45794 - - default default] Method 'is_advsvc' is deprecated since 2023.2 release (neutron-lib 3.8.0) and will be removed once support for the old RBAC API policies will be removed from Neutron. Please use method 'is_service_role' instead.
2026-05-08 00:38:21.758 9 INFO neutron.db.ovn_revision_numbers_db [None req-f2e2f4d9-bd56-4bb1-a768-aa55d02b8e20 330903d50af449629d58dd3ba0324bec a4bbebf8352349baac56de0f77cc468d - - default default] Successfully bumped revision number for resource dddf3625-5ede-497c-9a00-cea12a21eeac (type: security_groups) to 1
2026-05-08 00:38:21.825 9 INFO neutron.db.ovn_revision_numbers_db [None req-f2e2f4d9-bd56-4bb1-a768-aa55d02b8e20 330903d50af449629d58dd3ba0324bec a4bbebf8352349baac56de0f77cc468d - - default default] Successfully bumped revision number for resource 016e15dc-4472-490f-a8d7-33f03bf4e723 (type: security_group_rules) to 0
2026-05-08 00:38:21.857 9 INFO neutron.db.ovn_revision_numbers_db [None req-052c76be-63ee-4654-a480-83cc39976cf3 6096e8e1d4314a4b9a25bfb0ab7dbd67 176c414f355f4ca2a276eed044284bee - - default default] Successfully bumped revision number for resource ead834ca-45f8-4fb0-b1a0-6657fc75fca0 (type: routers) to 1
2026-05-08 00:38:21.865 9 INFO neutron.db.ovn_revision_numbers_db [None req-f2e2f4d9-bd56-4bb1-a768-aa55d02b8e20 330903d50af449629d58dd3ba0324bec a4bbebf8352349baac56de0f77cc468d - - default default] Successfully bumped revision number for resource 0d7e6c6c-ffe1-4472-aba1-ef8c49c9be03 (type: security_group_rules) to 0
2026-05-08 00:38:21.886 9 INFO neutron.wsgi [None req-052c76be-63ee-4654-a480-83cc39976cf3 6096e8e1d4314a4b9a25bfb0ab7dbd67 176c414f355f4ca2a276eed044284bee - - default default] 10.0.0.164 "POST /v2.0/routers HTTP/1.1" status: 201 len: 769 time: 0.5548060
2026-05-08 00:38:21.888 9 INFO neutron.db.ovn_revision_numbers_db [None req-f2e2f4d9-bd56-4bb1-a768-aa55d02b8e20 330903d50af449629d58dd3ba0324bec a4bbebf8352349baac56de0f77cc468d - - default default] Successfully bumped revision number for resource 236dd22e-9ded-4e63-9297-e2270a480b44 (type: security_group_rules) to 0
2026-05-08 00:38:21.902 9 INFO neutron.db.ovn_revision_numbers_db [None req-f2e2f4d9-bd56-4bb1-a768-aa55d02b8e20 330903d50af449629d58dd3ba0324bec a4bbebf8352349baac56de0f77cc468d - - default default] Successfully bumped revision number for resource 84a3b376-a8e3-4a81-8dc7-49246c0f5c69 (type: security_group_rules) to 0
2026-05-08 00:38:21.953 9 INFO neutron.wsgi [None req-f2e2f4d9-bd56-4bb1-a768-aa55d02b8e20 330903d50af449629d58dd3ba0324bec a4bbebf8352349baac56de0f77cc468d - - default default] 10.0.0.164 "GET /v2.0/security-groups?tenant_id=fc2256cce01f4420afc7fe981f0268fe&name=default HTTP/1.1" status: 200 len: 3120 time: 0.5500135
2026-05-08 00:38:21.956 9 INFO neutron.wsgi [req-89a353c2-a8c2-4dbd-ad3d-c0aa258b0f60 req-0ec57150-0b53-4849-8abb-9a5687d74b46 5ee73b62885f4f92b7a144dd253f3f3f bc1d25a66b004d8e9a1b77ecf1f45794 - - default default] 10.0.0.46 "GET /v2.0/ports?device_id=95891afc-0151-478f-b26b-8692e1783090 HTTP/1.1" status: 200 len: 210 time: 0.0371320
2026-05-08 00:38:22.004 10 INFO neutron.wsgi [None req-8a18cc8b-878d-4672-b0fe-0edc12227636 6096e8e1d4314a4b9a25bfb0ab7dbd67 176c414f355f4ca2a276eed044284bee - - default default] 10.0.0.164 "PUT /v2.0/routers/ead834ca-45f8-4fb0-b1a0-6657fc75fca0/tags HTTP/1.1" status: 200 len: 218 time: 0.1114304
2026-05-08 00:38:22.059 10 INFO neutron.wsgi [None req-4d6441dd-40eb-4afa-b3e3-ad9943cbe6d6 6096e8e1d4314a4b9a25bfb0ab7dbd67 176c414f355f4ca2a276eed044284bee - - default default] 10.0.0.164 "GET /v2.0/routers/ead834ca-45f8-4fb0-b1a0-6657fc75fca0/tags HTTP/1.1" status: 200 len: 218 time: 0.0502586
2026-05-08 00:38:22.124 10 WARNING neutron.scheduler.dhcp_agent_scheduler [req-84afd7d6-157b-45a8-b136-47b67b6ff109 req-21a2a73b-3d07-4693-afac-31c45c98009d 5ee73b62885f4f92b7a144dd253f3f3f bc1d25a66b004d8e9a1b77ecf1f45794 - - default default] No more DHCP agents
2026-05-08 00:38:22.125 10 WARNING neutron.api.rpc.agentnotifiers.dhcp_rpc_agent_api [req-84afd7d6-157b-45a8-b136-47b67b6ff109 req-21a2a73b-3d07-4693-afac-31c45c98009d 5ee73b62885f4f92b7a144dd253f3f3f bc1d25a66b004d8e9a1b77ecf1f45794 - - default default] Unable to schedule network 2a94eaeb-5dea-4ff1-a2ac-5a4ca0822157: no agents available; will retry on subsequent port and subnet creation events.
2026-05-08 00:38:22.164 9 INFO neutron.wsgi [None req-b44b5f9e-3b1c-4d66-8990-caa56b50bdf3 6096e8e1d4314a4b9a25bfb0ab7dbd67 176c414f355f4ca2a276eed044284bee - - default default] 10.0.0.164 "PUT /v2.0/routers/ead834ca-45f8-4fb0-b1a0-6657fc75fca0/tags/green HTTP/1.1" status: 201 len: 201 time: 0.0979593 /var/lib/openstack/lib/python3.10/site-packages/pycadf/identifier.py:71: UserWarning: Invalid uuid: neutron. To ensure interoperability, identifiers should be a valid uuid. warnings.warn(('Invalid uuid: %s. To ensure interoperability, '
2026-05-08 00:38:22.222 10 INFO neutron.wsgi [None req-5a9a8388-f89d-4c7f-9244-9e828b5dd3fe 6096e8e1d4314a4b9a25bfb0ab7dbd67 176c414f355f4ca2a276eed044284bee - - default default] 10.0.0.164 "GET /v2.0/routers/ead834ca-45f8-4fb0-b1a0-6657fc75fca0/tags HTTP/1.1" status: 200 len: 227 time: 0.0515378
2026-05-08 00:38:22.299 9 INFO neutron.wsgi [None req-876b4d6f-d770-4b33-84dd-0b4ee21f630d 6096e8e1d4314a4b9a25bfb0ab7dbd67 176c414f355f4ca2a276eed044284bee - - default default] 10.0.0.164 "PUT /v2.0/routers/ead834ca-45f8-4fb0-b1a0-6657fc75fca0/tags/red HTTP/1.1" status: 201 len: 201 time: 0.0715849
2026-05-08 00:38:22.307 9 INFO neutron.wsgi [None req-17321607-16ca-4e67-bbfe-b260e8990728 330903d50af449629d58dd3ba0324bec a4bbebf8352349baac56de0f77cc468d - - default default] 10.0.0.164 "DELETE /v2.0/security-groups/dddf3625-5ede-497c-9a00-cea12a21eeac HTTP/1.1" status: 204 len: 168 time: 0.3479223
2026-05-08 00:38:22.311 10 INFO neutron.db.ovn_revision_numbers_db [req-84afd7d6-157b-45a8-b136-47b67b6ff109 req-21a2a73b-3d07-4693-afac-31c45c98009d 5ee73b62885f4f92b7a144dd253f3f3f bc1d25a66b004d8e9a1b77ecf1f45794 - - default default] Successfully bumped revision number for resource ed2895a8-78f0-47e0-bbec-1bb2794a6666 (type: ports) to 1
2026-05-08 00:38:22.355 10 INFO neutron.wsgi [req-84afd7d6-157b-45a8-b136-47b67b6ff109 req-21a2a73b-3d07-4693-afac-31c45c98009d 5ee73b62885f4f92b7a144dd253f3f3f bc1d25a66b004d8e9a1b77ecf1f45794 - - default default] 199.19.213.220 "POST /v2.0/ports HTTP/1.1" status: 201 len: 1158 time: 0.6738365
2026-05-08 00:38:22.361 10 INFO neutron.wsgi [None req-2e4f0d23-b1e1-422a-b946-9e89a6e11c14 6096e8e1d4314a4b9a25bfb0ab7dbd67 176c414f355f4ca2a276eed044284bee - - default default] 10.0.0.164 "GET /v2.0/routers/ead834ca-45f8-4fb0-b1a0-6657fc75fca0/tags HTTP/1.1" status: 200 len: 227 time: 0.0557871
2026-05-08 00:38:22.461 10 INFO neutron.wsgi [None req-93abec1c-12d2-4940-9277-a5af4d3ca60d 6096e8e1d4314a4b9a25bfb0ab7dbd67 176c414f355f4ca2a276eed044284bee - - default default] 10.0.0.164 "PUT /v2.0/routers/ead834ca-45f8-4fb0-b1a0-6657fc75fca0/tags/black.or.white HTTP/1.1" status: 201 len: 201 time: 0.0950699
2026-05-08 00:38:22.519 10 INFO neutron.wsgi [None req-66861596-409e-4a27-a858-98f27f74b636 6096e8e1d4314a4b9a25bfb0ab7dbd67 176c414f355f4ca2a276eed044284bee - - default default] 10.0.0.164 "GET /v2.0/routers/ead834ca-45f8-4fb0-b1a0-6657fc75fca0/tags HTTP/1.1" status: 200 len: 245 time: 0.0526719
2026-05-08 00:38:22.615 9 INFO neutron.wsgi [None req-2bbd92d4-6e8d-485f-af9f-fb74fe660d25 6096e8e1d4314a4b9a25bfb0ab7dbd67 176c414f355f4ca2a276eed044284bee - - default default] 10.0.0.164 "PUT /v2.0/routers/ead834ca-45f8-4fb0-b1a0-6657fc75fca0/tags HTTP/1.1" status: 200 len: 230 time: 0.0902808
2026-05-08 00:38:22.664 9 INFO neutron.wsgi [None req-66b233a7-bfe6-4489-8e0a-e9bd7d139664 6096e8e1d4314a4b9a25bfb0ab7dbd67 176c414f355f4ca2a276eed044284bee - - default default] 10.0.0.164 "GET /v2.0/routers/ead834ca-45f8-4fb0-b1a0-6657fc75fca0/tags HTTP/1.1" status: 200 len: 230 time: 0.0439022
2026-05-08 00:38:22.712 9 INFO neutron.wsgi [None req-35d0f291-c2f3-4cb2-89c4-29ab626aecff 6096e8e1d4314a4b9a25bfb0ab7dbd67 176c414f355f4ca2a276eed044284bee - - default default] 10.0.0.164 "GET /v2.0/routers/ead834ca-45f8-4fb0-b1a0-6657fc75fca0/tags/red HTTP/1.1" status: 204 len: 168 time: 0.0436862
2026-05-08 00:38:22.764 9 INFO neutron.api.v2.resource [None req-d7742457-c56c-4823-9ce9-e12d91d06917 6096e8e1d4314a4b9a25bfb0ab7dbd67 176c414f355f4ca2a276eed044284bee - - default default] show failed (client error): The resource could not be found.
2026-05-08 00:38:22.765 9 INFO neutron.wsgi [None req-d7742457-c56c-4823-9ce9-e12d91d06917 6096e8e1d4314a4b9a25bfb0ab7dbd67 176c414f355f4ca2a276eed044284bee - - default default] 10.0.0.164 "GET /v2.0/routers/ead834ca-45f8-4fb0-b1a0-6657fc75fca0/tags/green HTTP/1.1" status: 404 len: 299 time: 0.0482523
2026-05-08 00:38:22.862 9 INFO neutron.wsgi [None req-4769d1ec-a291-4a70-8003-e343b63af6d8 6096e8e1d4314a4b9a25bfb0ab7dbd67 176c414f355f4ca2a276eed044284bee - - default default] 10.0.0.164 "DELETE /v2.0/routers/ead834ca-45f8-4fb0-b1a0-6657fc75fca0/tags/red HTTP/1.1" status: 204 len: 168 time: 0.0928884
2026-05-08 00:38:22.862 10 INFO neutron.db.ovn_revision_numbers_db [req-84afd7d6-157b-45a8-b136-47b67b6ff109 req-45d5f815-6671-4f4d-8f64-f7d4d258995b 24fc9146c4be42e786447ed7cdbba6a2 29a36c9e9869458dbac8486992dbf01c - - 19de777d5095443386939b2c1b13e77b 19de777d5095443386939b2c1b13e77b] Successfully bumped revision number for resource ed2895a8-78f0-47e0-bbec-1bb2794a6666 (type: ports) to 2
2026-05-08 00:38:22.924 9 INFO neutron.wsgi [None req-08f145a5-bbab-43e4-a5c1-e7341f02953c 6096e8e1d4314a4b9a25bfb0ab7dbd67 176c414f355f4ca2a276eed044284bee - - default default] 10.0.0.164 "GET /v2.0/routers/ead834ca-45f8-4fb0-b1a0-6657fc75fca0/tags HTTP/1.1" status: 200 len: 223 time: 0.0568070 /var/lib/openstack/lib/python3.10/site-packages/pycadf/identifier.py:71: UserWarning: Invalid uuid: neutron. To ensure interoperability, identifiers should be a valid uuid. warnings.warn(('Invalid uuid: %s. To ensure interoperability, '
2026-05-08 00:38:23.280 10 INFO neutron.api.v2.resource [None req-eaa45887-669b-4b78-8388-4e6380d86279 6096e8e1d4314a4b9a25bfb0ab7dbd67 176c414f355f4ca2a276eed044284bee - - default default] delete failed (client error): The resource could not be found.
2026-05-08 00:38:23.281 10 INFO neutron.wsgi [None req-eaa45887-669b-4b78-8388-4e6380d86279 6096e8e1d4314a4b9a25bfb0ab7dbd67 176c414f355f4ca2a276eed044284bee - - default default] 10.0.0.164 "DELETE /v2.0/routers/ead834ca-45f8-4fb0-b1a0-6657fc75fca0/tags/green HTTP/1.1" status: 404 len: 299 time: 0.3519826
2026-05-08 00:38:23.358 9 INFO neutron.wsgi [None req-f0fcde10-a4ca-4b5c-bff2-2e7fd8e9f42c 6096e8e1d4314a4b9a25bfb0ab7dbd67 176c414f355f4ca2a276eed044284bee - - default default] 10.0.0.164 "DELETE /v2.0/routers/ead834ca-45f8-4fb0-b1a0-6657fc75fca0/tags HTTP/1.1" status: 204 len: 168 time: 0.0719993
2026-05-08 00:38:23.406 10 INFO neutron.wsgi [req-c4ce2c2f-dc72-4bcb-8d00-9fe621f7e9b6 req-00f3187e-c0c3-432d-ace7-e63935fb63f8 5ee73b62885f4f92b7a144dd253f3f3f bc1d25a66b004d8e9a1b77ecf1f45794 - - default default] 10.0.0.46 "GET /v2.0/ports?device_id=95891afc-0151-478f-b26b-8692e1783090 HTTP/1.1" status: 200 len: 1168 time: 0.1577628
2026-05-08 00:38:23.417 9 INFO neutron.wsgi [None req-e75f155e-0144-4900-9cee-797768cbbcbe 6096e8e1d4314a4b9a25bfb0ab7dbd67 176c414f355f4ca2a276eed044284bee - - default default] 10.0.0.164 "GET /v2.0/routers/ead834ca-45f8-4fb0-b1a0-6657fc75fca0/tags HTTP/1.1" status: 200 len: 205 time: 0.0524774 /var/lib/openstack/lib/python3.10/site-packages/pycadf/identifier.py:71: UserWarning: Invalid uuid: neutron. To ensure interoperability, identifiers should be a valid uuid. warnings.warn(('Invalid uuid: %s. To ensure interoperability, '
2026-05-08 00:38:23.469 10 INFO neutron.db.ovn_revision_numbers_db [req-84afd7d6-157b-45a8-b136-47b67b6ff109 req-45d5f815-6671-4f4d-8f64-f7d4d258995b 24fc9146c4be42e786447ed7cdbba6a2 29a36c9e9869458dbac8486992dbf01c - - 19de777d5095443386939b2c1b13e77b 19de777d5095443386939b2c1b13e77b] Successfully bumped revision number for resource ed2895a8-78f0-47e0-bbec-1bb2794a6666 (type: ports) to 2
2026-05-08 00:38:23.474 10 INFO neutron.wsgi [req-c4ce2c2f-dc72-4bcb-8d00-9fe621f7e9b6 req-33e18d88-e587-4b65-9b54-b63429324f68 5ee73b62885f4f92b7a144dd253f3f3f bc1d25a66b004d8e9a1b77ecf1f45794 - - default default] 10.0.0.46 "GET /v2.0/security-groups?id=52800331-8a9f-4d69-b11d-13172b640454&fields=id&fields=name HTTP/1.1" status: 200 len: 313 time: 0.0624468
2026-05-08 00:38:23.481 9 INFO neutron.wsgi [None req-5ea4d380-d10f-4b61-8f29-2a36cc3a189a 6096e8e1d4314a4b9a25bfb0ab7dbd67 176c414f355f4ca2a276eed044284bee - - default default] 10.0.0.164 "GET /v2.0/routers/ead834ca-45f8-4fb0-b1a0-6657fc75fca0 HTTP/1.1" status: 200 len: 770 time: 0.0510218
2026-05-08 00:38:23.496 10 INFO neutron.wsgi [req-84afd7d6-157b-45a8-b136-47b67b6ff109 req-45d5f815-6671-4f4d-8f64-f7d4d258995b 24fc9146c4be42e786447ed7cdbba6a2 29a36c9e9869458dbac8486992dbf01c - - 19de777d5095443386939b2c1b13e77b 19de777d5095443386939b2c1b13e77b] 199.19.213.220 "PUT /v2.0/ports/ed2895a8-78f0-47e0-bbec-1bb2794a6666 HTTP/1.1" status: 200 len: 1376 time: 1.1320295
2026-05-08 00:38:23.546 10 INFO neutron.notifiers.nova [-] Nova event matching ['req-8c9dc11e-30a7-431e-9ab4-4f844f9b23e2'] response: {'name': 'network-changed', 'server_uuid': '95891afc-0151-478f-b26b-8692e1783090', 'tag': 'ed2895a8-78f0-47e0-bbec-1bb2794a6666', 'status': 'completed', 'code': 200}
2026-05-08 00:38:23.624 10 INFO neutron.wsgi [req-84afd7d6-157b-45a8-b136-47b67b6ff109 req-7ede8c88-a02f-485c-bf6f-517c67ce8326 24fc9146c4be42e786447ed7cdbba6a2 29a36c9e9869458dbac8486992dbf01c - - 19de777d5095443386939b2c1b13e77b 19de777d5095443386939b2c1b13e77b] 199.19.213.220 "GET /v2.0/ports?tenant_id=bc1d25a66b004d8e9a1b77ecf1f45794&device_id=95891afc-0151-478f-b26b-8692e1783090 HTTP/1.1" status: 200 len: 1407 time: 0.0789294
2026-05-08 00:38:23.653 10 INFO neutron.wsgi [req-84afd7d6-157b-45a8-b136-47b67b6ff109 req-dc2baeda-fdf2-493f-8559-7d871005ba3e 24fc9146c4be42e786447ed7cdbba6a2 29a36c9e9869458dbac8486992dbf01c - - 19de777d5095443386939b2c1b13e77b 19de777d5095443386939b2c1b13e77b] 199.19.213.220 "GET /v2.0/floatingips?fixed_ip_address=10.100.0.9&port_id=ed2895a8-78f0-47e0-bbec-1bb2794a6666 HTTP/1.1" status: 200 len: 217 time: 0.0216587
2026-05-08 00:38:23.722 10 INFO neutron.wsgi [req-84afd7d6-157b-45a8-b136-47b67b6ff109 req-0311da67-b57f-448f-b379-cf1d099bc712 24fc9146c4be42e786447ed7cdbba6a2 29a36c9e9869458dbac8486992dbf01c - - 19de777d5095443386939b2c1b13e77b 19de777d5095443386939b2c1b13e77b] 199.19.213.220 "GET /v2.0/subnets?id=d092eb8d-368e-4bd1-8e56-a89f37ba79ee HTTP/1.1" status: 200 len: 853 time: 0.0559728
2026-05-08 00:38:23.760 10 INFO neutron.wsgi [req-84afd7d6-157b-45a8-b136-47b67b6ff109 req-969a677b-63da-498a-9f97-6b9c1d2682ed 24fc9146c4be42e786447ed7cdbba6a2 29a36c9e9869458dbac8486992dbf01c - - 19de777d5095443386939b2c1b13e77b 19de777d5095443386939b2c1b13e77b] 199.19.213.220 "GET /v2.0/ports?network_id=2a94eaeb-5dea-4ff1-a2ac-5a4ca0822157&device_owner=network%3Adhcp HTTP/1.1" status: 200 len: 210 time: 0.0222433
2026-05-08 00:38:23.890 10 INFO neutron.wsgi [req-84afd7d6-157b-45a8-b136-47b67b6ff109 req-3ef18331-6101-4605-bcbc-c2c098f1823b 24fc9146c4be42e786447ed7cdbba6a2 29a36c9e9869458dbac8486992dbf01c - - 19de777d5095443386939b2c1b13e77b 19de777d5095443386939b2c1b13e77b] 199.19.213.220 "GET /v2.0/networks/2a94eaeb-5dea-4ff1-a2ac-5a4ca0822157?fields=segments HTTP/1.1" status: 200 len: 212 time: 0.1174550
2026-05-08 00:38:24.001 10 INFO neutron.db.ovn_revision_numbers_db [None req-25c7c215-2d64-421c-a37a-6f93f00b9419 6096e8e1d4314a4b9a25bfb0ab7dbd67 176c414f355f4ca2a276eed044284bee - - default default] Successfully bumped revision number for resource ead834ca-45f8-4fb0-b1a0-6657fc75fca0 (type: routers) to 7
2026-05-08 00:38:24.005 10 INFO neutron.wsgi [req-84afd7d6-157b-45a8-b136-47b67b6ff109 req-7f89d545-7d89-4f6c-9293-478841f73c49 24fc9146c4be42e786447ed7cdbba6a2 29a36c9e9869458dbac8486992dbf01c - - 19de777d5095443386939b2c1b13e77b 19de777d5095443386939b2c1b13e77b] 199.19.213.220 "GET /v2.0/networks/2a94eaeb-5dea-4ff1-a2ac-5a4ca0822157?fields=provider%3Aphysical_network&fields=provider%3Anetwork_type HTTP/1.1" status: 200 len: 277 time: 0.1018279
2026-05-08 00:38:24.009 10 INFO neutron.wsgi [None req-25c7c215-2d64-421c-a37a-6f93f00b9419 6096e8e1d4314a4b9a25bfb0ab7dbd67 176c414f355f4ca2a276eed044284bee - - default default] 10.0.0.164 "PUT /v2.0/routers/ead834ca-45f8-4fb0-b1a0-6657fc75fca0 HTTP/1.1" status: 200 len: 770 time: 0.5241077
2026-05-08 00:38:24.036 10 INFO neutron.wsgi [None req-88308de2-82a5-4706-858c-2989c4c1d5de 6096e8e1d4314a4b9a25bfb0ab7dbd67 176c414f355f4ca2a276eed044284bee - - default default] 10.0.0.164 "GET /v2.0/ports?device_id=ead834ca-45f8-4fb0-b1a0-6657fc75fca0 HTTP/1.1" status: 200 len: 205 time: 0.0215511
2026-05-08 00:38:24.145 10 INFO neutron.wsgi [req-2ffaa03d-4802-403c-967e-ed76f4632a32 req-2a1fb61a-7592-4ead-8dbc-851229df00fc 24fc9146c4be42e786447ed7cdbba6a2 29a36c9e9869458dbac8486992dbf01c - - 19de777d5095443386939b2c1b13e77b 19de777d5095443386939b2c1b13e77b] 199.19.213.220 "GET /v2.0/ports?tenant_id=bc1d25a66b004d8e9a1b77ecf1f45794&device_id=95891afc-0151-478f-b26b-8692e1783090 HTTP/1.1" status: 200 len: 1407 time: 0.0955913
2026-05-08 00:38:24.201 9 INFO neutron.plugins.ml2.drivers.ovn.mech_driver.mech_driver [None req-1ef43080-86ca-4492-8e98-319940fb2b84 - - - - - -] OVN reports status up for port: ed2895a8-78f0-47e0-bbec-1bb2794a6666
2026-05-08 00:38:24.217 9 INFO neutron.plugins.ml2.plugin [None req-1ef43080-86ca-4492-8e98-319940fb2b84 - - - - - -] Attempt 1 to provision port ed2895a8-78f0-47e0-bbec-1bb2794a6666
2026-05-08 00:38:24.295 10 INFO neutron.wsgi [req-2ffaa03d-4802-403c-967e-ed76f4632a32 req-0f22b2af-42ac-4116-8475-2bcaf9e7a283 24fc9146c4be42e786447ed7cdbba6a2 29a36c9e9869458dbac8486992dbf01c - - 19de777d5095443386939b2c1b13e77b 19de777d5095443386939b2c1b13e77b] 199.19.213.220 "GET /v2.0/networks?id=2a94eaeb-5dea-4ff1-a2ac-5a4ca0822157 HTTP/1.1" status: 200 len: 959 time: 0.1282537
2026-05-08 00:38:24.347 10 INFO neutron.wsgi [req-2ffaa03d-4802-403c-967e-ed76f4632a32 req-779a0ea0-4716-4c10-ba51-5f0ae1d57bf0 24fc9146c4be42e786447ed7cdbba6a2 29a36c9e9869458dbac8486992dbf01c - - 19de777d5095443386939b2c1b13e77b 19de777d5095443386939b2c1b13e77b] 199.19.213.220 "GET /v2.0/floatingips?fixed_ip_address=10.100.0.9&port_id=ed2895a8-78f0-47e0-bbec-1bb2794a6666 HTTP/1.1" status: 200 len: 217 time: 0.0443439
2026-05-08 00:38:24.382 9 INFO neutron.notifiers.nova [-] Nova event matching ['req-77274c02-c78b-4b0d-95b3-56cc08e8675b'] response: {'server_uuid': '95891afc-0151-478f-b26b-8692e1783090', 'name': 'network-vif-plugged', 'status': 'completed', 'tag': 'ed2895a8-78f0-47e0-bbec-1bb2794a6666', 'code': 200}
2026-05-08 00:38:24.400 10 INFO neutron.wsgi [req-2ffaa03d-4802-403c-967e-ed76f4632a32 req-be87de4c-ad71-4b0d-a13c-61460841e450 24fc9146c4be42e786447ed7cdbba6a2 29a36c9e9869458dbac8486992dbf01c - - 19de777d5095443386939b2c1b13e77b 19de777d5095443386939b2c1b13e77b] 199.19.213.220 "GET /v2.0/subnets?id=d092eb8d-368e-4bd1-8e56-a89f37ba79ee HTTP/1.1" status: 200 len: 853 time: 0.0459080
2026-05-08 00:38:24.405 10 INFO neutron.wsgi [None req-854db96a-3692-4a7d-a86b-19e31cc39f30 6096e8e1d4314a4b9a25bfb0ab7dbd67 176c414f355f4ca2a276eed044284bee - - default default] 10.0.0.164 "DELETE /v2.0/routers/ead834ca-45f8-4fb0-b1a0-6657fc75fca0 HTTP/1.1" status: 204 len: 168 time: 0.3613429
2026-05-08 00:38:24.423 10 INFO neutron.wsgi [req-2ffaa03d-4802-403c-967e-ed76f4632a32 req-43f56bf3-2ac4-410d-83cf-555693cbde6f 24fc9146c4be42e786447ed7cdbba6a2 29a36c9e9869458dbac8486992dbf01c - - 19de777d5095443386939b2c1b13e77b 19de777d5095443386939b2c1b13e77b] 199.19.213.220 "GET /v2.0/ports?network_id=2a94eaeb-5dea-4ff1-a2ac-5a4ca0822157&device_owner=network%3Adhcp HTTP/1.1" status: 200 len: 210 time: 0.0173137
2026-05-08 00:38:24.494 10 INFO neutron.wsgi [req-2ffaa03d-4802-403c-967e-ed76f4632a32 req-10c4a141-b7eb-4b44-aade-493fb4bc765e 24fc9146c4be42e786447ed7cdbba6a2 29a36c9e9869458dbac8486992dbf01c - - 19de777d5095443386939b2c1b13e77b 19de777d5095443386939b2c1b13e77b] 199.19.213.220 "GET /v2.0/networks/2a94eaeb-5dea-4ff1-a2ac-5a4ca0822157?fields=segments HTTP/1.1" status: 200 len: 212 time: 0.0637333
2026-05-08 00:38:24.575 10 INFO neutron.wsgi [req-2ffaa03d-4802-403c-967e-ed76f4632a32 req-0e3b431c-3a6c-4c1e-af2f-65d0fdff4c28 24fc9146c4be42e786447ed7cdbba6a2 29a36c9e9869458dbac8486992dbf01c - - 19de777d5095443386939b2c1b13e77b 19de777d5095443386939b2c1b13e77b] 199.19.213.220 "GET /v2.0/networks/2a94eaeb-5dea-4ff1-a2ac-5a4ca0822157?fields=provider%3Aphysical_network&fields=provider%3Anetwork_type HTTP/1.1" status: 200 len: 277 time: 0.0754809
2026-05-08 00:38:24.594 10 INFO neutron.wsgi [req-c9a2df8e-cbb4-426b-9a86-5eda26725e32 req-a4757070-3513-466d-b52c-2c2befe2f016 5ee73b62885f4f92b7a144dd253f3f3f bc1d25a66b004d8e9a1b77ecf1f45794 - - default default] 10.0.0.46 "GET /v2.0/ports?device_id=95891afc-0151-478f-b26b-8692e1783090 HTTP/1.1" status: 200 len: 1170 time: 0.0418177
2026-05-08 00:38:24.652 10 INFO neutron.wsgi [req-c9a2df8e-cbb4-426b-9a86-5eda26725e32 req-b9670689-cf27-4fee-b152-c9febefb48f7 5ee73b62885f4f92b7a144dd253f3f3f bc1d25a66b004d8e9a1b77ecf1f45794 - - default default] 10.0.0.46 "GET /v2.0/security-groups?id=52800331-8a9f-4d69-b11d-13172b640454&fields=id&fields=name HTTP/1.1" status: 200 len: 313 time: 0.0471599
2026-05-08 00:38:24.774 10 INFO neutron.db.ovn_revision_numbers_db [None req-3e026f8b-1c42-448e-ba05-d3a69b5081d6 330903d50af449629d58dd3ba0324bec a4bbebf8352349baac56de0f77cc468d - - default default] Successfully bumped revision number for resource e8b81ba4-7721-4e9e-ad3c-eae6f801a896 (type: security_groups) to 1
2026-05-08 00:38:24.789 10 INFO neutron.db.ovn_revision_numbers_db [None req-3e026f8b-1c42-448e-ba05-d3a69b5081d6 330903d50af449629d58dd3ba0324bec a4bbebf8352349baac56de0f77cc468d - - default default] Successfully bumped revision number for resource 0a8b4b07-5e81-480b-8b67-9c23df12e3f1 (type: security_group_rules) to 0
2026-05-08 00:38:24.813 10 INFO neutron.db.ovn_revision_numbers_db [None req-3e026f8b-1c42-448e-ba05-d3a69b5081d6 330903d50af449629d58dd3ba0324bec a4bbebf8352349baac56de0f77cc468d - - default default] Successfully bumped revision number for resource 1cd0ac36-292d-4ec5-83a0-2eb65d24170d (type: security_group_rules) to 0
2026-05-08 00:38:24.815 9 INFO neutron.db.ovn_revision_numbers_db [None req-1ef43080-86ca-4492-8e98-319940fb2b84 - - - - - -] Successfully bumped revision number for resource ed2895a8-78f0-47e0-bbec-1bb2794a6666 (type: ports) to 4
2026-05-08 00:38:24.851 10 INFO neutron.db.ovn_revision_numbers_db [None req-3e026f8b-1c42-448e-ba05-d3a69b5081d6 330903d50af449629d58dd3ba0324bec a4bbebf8352349baac56de0f77cc468d - - default default] Successfully bumped revision number for resource c6540dc1-c25f-48f6-b786-a9570f47ef69 (type: security_group_rules) to 0
2026-05-08 00:38:24.868 10 INFO neutron.db.ovn_revision_numbers_db [None req-3e026f8b-1c42-448e-ba05-d3a69b5081d6 330903d50af449629d58dd3ba0324bec a4bbebf8352349baac56de0f77cc468d - - default default] Successfully bumped revision number for resource d117a4de-70a5-499e-9834-6121dad2f929 (type: security_group_rules) to 0
2026-05-08 00:38:24.901 10 INFO neutron.wsgi [None req-3e026f8b-1c42-448e-ba05-d3a69b5081d6 330903d50af449629d58dd3ba0324bec a4bbebf8352349baac56de0f77cc468d - - default default] 10.0.0.164 "GET /v2.0/security-groups?tenant_id=f4ccb6b22bc14d629c6e09d5b338f4ce&name=default HTTP/1.1" status: 200 len: 3120 time: 0.4344881
2026-05-08 00:38:25.144 10 INFO neutron.wsgi [None req-b88500c6-b64c-4beb-a115-2759647ed5e2 330903d50af449629d58dd3ba0324bec a4bbebf8352349baac56de0f77cc468d - - default default] 10.0.0.164 "DELETE /v2.0/security-groups/e8b81ba4-7721-4e9e-ad3c-eae6f801a896 HTTP/1.1" status: 204 len: 168 time: 0.2362039
2026-05-08 00:38:25.400 10 INFO neutron.db.ovn_revision_numbers_db [None req-f1906fce-5933-4b74-a610-f4b1f41a482e 330903d50af449629d58dd3ba0324bec a4bbebf8352349baac56de0f77cc468d - - default default] Successfully bumped revision number for resource 6606311a-78c2-4433-969c-5c2f4f399d89 (type: security_groups) to 1
2026-05-08 00:38:25.406 10 INFO neutron.db.ovn_revision_numbers_db [None req-07238ca7-4cc9-4c00-8a4b-0da65bd677f7 330903d50af449629d58dd3ba0324bec a4bbebf8352349baac56de0f77cc468d - - default default] Successfully bumped revision number for resource 86a9e519-e83d-4bce-a278-8d2388feeb35 (type: security_groups) to 1
2026-05-08 00:38:25.418 10 INFO neutron.db.ovn_revision_numbers_db [None req-f1906fce-5933-4b74-a610-f4b1f41a482e 330903d50af449629d58dd3ba0324bec a4bbebf8352349baac56de0f77cc468d - - default default] Successfully bumped revision number for resource 091c0d0d-6953-4c5a-b9cc-a2ab6a19f93b (type: security_group_rules) to 0
2026-05-08 00:38:25.424 10 INFO neutron.db.ovn_revision_numbers_db [None req-07238ca7-4cc9-4c00-8a4b-0da65bd677f7 330903d50af449629d58dd3ba0324bec a4bbebf8352349baac56de0f77cc468d - - default default] Successfully bumped revision number for resource 45f07b16-1f46-4fd4-8761-9441d2b3711e (type: security_group_rules) to 0
2026-05-08 00:38:25.432 10 INFO neutron.db.ovn_revision_numbers_db [None req-f1906fce-5933-4b74-a610-f4b1f41a482e 330903d50af449629d58dd3ba0324bec a4bbebf8352349baac56de0f77cc468d - - default default] Successfully bumped revision number for resource 0d4e1702-69f7-410b-9125-a0fbb92318f7 (type: security_group_rules) to 0
2026-05-08 00:38:25.441 10 INFO neutron.db.ovn_revision_numbers_db [None req-07238ca7-4cc9-4c00-8a4b-0da65bd677f7 330903d50af449629d58dd3ba0324bec a4bbebf8352349baac56de0f77cc468d - - default default] Successfully bumped revision number for resource 7fdade49-60ab-454e-93c9-724ee25691ce (type: security_group_rules) to 0
2026-05-08 00:38:25.451 10 INFO neutron.db.ovn_revision_numbers_db [None req-f1906fce-5933-4b74-a610-f4b1f41a482e 330903d50af449629d58dd3ba0324bec a4bbebf8352349baac56de0f77cc468d - - default default] Successfully bumped revision number for resource ad6f244e-856a-42b0-add7-10ea8cf93ae1 (type: security_group_rules) to 0
2026-05-08 00:38:25.461 10 INFO neutron.db.ovn_revision_numbers_db [None req-07238ca7-4cc9-4c00-8a4b-0da65bd677f7 330903d50af449629d58dd3ba0324bec a4bbebf8352349baac56de0f77cc468d - - default default] Successfully bumped revision number for resource 8ed167d2-026a-4a1e-bb1e-04bf5f51ba9a (type: security_group_rules) to 0
2026-05-08 00:38:25.477 10 INFO neutron.db.ovn_revision_numbers_db [None req-f1906fce-5933-4b74-a610-f4b1f41a482e 330903d50af449629d58dd3ba0324bec a4bbebf8352349baac56de0f77cc468d - - default default] Successfully bumped revision number for resource df0fc9e7-4428-4dce-8e90-0ae3be748ead (type: security_group_rules) to 0
2026-05-08 00:38:25.483 10 INFO neutron.db.ovn_revision_numbers_db [None req-07238ca7-4cc9-4c00-8a4b-0da65bd677f7 330903d50af449629d58dd3ba0324bec a4bbebf8352349baac56de0f77cc468d - - default default] Successfully bumped revision number for resource 98497f9a-039f-4a33-bfc3-4e2f3b467b9e (type: security_group_rules) to 0
2026-05-08 00:38:25.516 10 INFO neutron.wsgi [None req-f1906fce-5933-4b74-a610-f4b1f41a482e 330903d50af449629d58dd3ba0324bec a4bbebf8352349baac56de0f77cc468d - - default default] 10.0.0.164 "GET /v2.0/security-groups?tenant_id=3fecb0aad55e44058067a7a2ddfa5ba6&name=default HTTP/1.1" status: 200 len: 3120 time: 0.2708848
2026-05-08 00:38:25.520 10 INFO neutron.wsgi [None req-07238ca7-4cc9-4c00-8a4b-0da65bd677f7 330903d50af449629d58dd3ba0324bec a4bbebf8352349baac56de0f77cc468d - - default default] 10.0.0.164 "GET /v2.0/security-groups?tenant_id=176c414f355f4ca2a276eed044284bee&name=default HTTP/1.1" status: 200 len: 3120 time: 0.4261906 /var/lib/openstack/lib/python3.10/site-packages/pycadf/identifier.py:71: UserWarning: Invalid uuid: neutron. To ensure interoperability, identifiers should be a valid uuid. warnings.warn(('Invalid uuid: %s. To ensure interoperability, '
2026-05-08 00:38:25.791 10 INFO neutron.wsgi [None req-9938ff76-bbb3-4352-885d-62150a9475e2 330903d50af449629d58dd3ba0324bec a4bbebf8352349baac56de0f77cc468d - - default default] 10.0.0.164 "DELETE /v2.0/security-groups/6606311a-78c2-4433-969c-5c2f4f399d89 HTTP/1.1" status: 204 len: 168 time: 0.2696557
2026-05-08 00:38:25.794 9 INFO neutron.wsgi [None req-dc6c6211-941c-484f-a000-9d64ddd2dd0a 330903d50af449629d58dd3ba0324bec a4bbebf8352349baac56de0f77cc468d - - default default] 10.0.0.164 "DELETE /v2.0/security-groups/86a9e519-e83d-4bce-a278-8d2388feeb35 HTTP/1.1" status: 204 len: 168 time: 0.2667105
2026-05-08 00:38:25.957 9 INFO neutron.wsgi [req-a473b46b-fe86-45ec-b5c6-b0d2a1e35f28 req-e5f535af-3cfa-4e47-a8b9-6536b93290a5 5ee73b62885f4f92b7a144dd253f3f3f bc1d25a66b004d8e9a1b77ecf1f45794 - - default default] 10.0.0.46 "GET /v2.0/ports?device_id=95891afc-0151-478f-b26b-8692e1783090 HTTP/1.1" status: 200 len: 1170 time: 0.0959108
2026-05-08 00:38:26.011 9 INFO neutron.wsgi [req-a473b46b-fe86-45ec-b5c6-b0d2a1e35f28 req-47702681-d151-4ac4-9ac9-2f3de1f8f1ed 5ee73b62885f4f92b7a144dd253f3f3f bc1d25a66b004d8e9a1b77ecf1f45794 - - default default] 10.0.0.46 "GET /v2.0/security-groups?id=52800331-8a9f-4d69-b11d-13172b640454&fields=id&fields=name HTTP/1.1" status: 200 len: 313 time: 0.0489001
2026-05-08 00:38:26.070 10 INFO neutron.db.ovn_revision_numbers_db [None req-8a373cfb-3be9-426e-a76b-1615d6d65524 330903d50af449629d58dd3ba0324bec a4bbebf8352349baac56de0f77cc468d - - default default] Successfully bumped revision number for resource 7226bc7b-7a42-4bdc-99ca-df83c9b178d3 (type: security_groups) to 1
2026-05-08 00:38:26.088 10 INFO neutron.db.ovn_revision_numbers_db [None req-8a373cfb-3be9-426e-a76b-1615d6d65524 330903d50af449629d58dd3ba0324bec a4bbebf8352349baac56de0f77cc468d - - default default] Successfully bumped revision number for resource 04641e55-cbca-4390-a50f-475d6dc6ebd5 (type: security_group_rules) to 0
2026-05-08 00:38:26.115 10 INFO neutron.db.ovn_revision_numbers_db [None req-8a373cfb-3be9-426e-a76b-1615d6d65524 330903d50af449629d58dd3ba0324bec a4bbebf8352349baac56de0f77cc468d - - default default] Successfully bumped revision number for resource 0b6fccbf-a30f-4989-a550-f7874d650f5c (type: security_group_rules) to 0
2026-05-08 00:38:26.134 10 INFO neutron.wsgi [req-362e2f51-0f5a-4c13-a7af-19a58b8e4efb req-22eebdae-9943-4fb0-a237-0fa50742b0c9 5ee73b62885f4f92b7a144dd253f3f3f bc1d25a66b004d8e9a1b77ecf1f45794 - - default default] 10.0.0.46 "GET /v2.0/ports?device_id=95891afc-0151-478f-b26b-8692e1783090 HTTP/1.1" status: 200 len: 1170 time: 0.0384712
2026-05-08 00:38:26.135 10 INFO neutron.db.ovn_revision_numbers_db [None req-8a373cfb-3be9-426e-a76b-1615d6d65524 330903d50af449629d58dd3ba0324bec a4bbebf8352349baac56de0f77cc468d - - default default] Successfully bumped revision number for resource 37bb6546-2ead-430e-8acc-1e1b9b004add (type: security_group_rules) to 0
2026-05-08 00:38:26.151 10 INFO neutron.db.ovn_revision_numbers_db [None req-8a373cfb-3be9-426e-a76b-1615d6d65524 330903d50af449629d58dd3ba0324bec a4bbebf8352349baac56de0f77cc468d - - default default] Successfully bumped revision number for resource 9645871c-470b-411f-a990-296de1bbf2ce (type: security_group_rules) to 0
2026-05-08 00:38:26.176 10 INFO neutron.wsgi [None req-8a373cfb-3be9-426e-a76b-1615d6d65524 330903d50af449629d58dd3ba0324bec a4bbebf8352349baac56de0f77cc468d - - default default] 10.0.0.164 "GET /v2.0/security-groups?tenant_id=685797e9b1b749f2833f8a45e6c18ba9&name=default HTTP/1.1" status: 200 len: 3120 time: 0.2505596
2026-05-08 00:38:26.197 10 INFO neutron.wsgi [req-362e2f51-0f5a-4c13-a7af-19a58b8e4efb req-b5a7e206-df4c-4241-ab42-516329388e93 5ee73b62885f4f92b7a144dd253f3f3f bc1d25a66b004d8e9a1b77ecf1f45794 - - default default] 10.0.0.46 "GET /v2.0/security-groups?id=52800331-8a9f-4d69-b11d-13172b640454&fields=id&fields=name HTTP/1.1" status: 200 len: 313 time: 0.0527344
2026-05-08 00:38:26.267 9 INFO neutron.wsgi [None req-a6dbb18a-1ccf-412b-a96d-5ec645399f47 9380e2be2a964737bfea22a4ab99577f f49d642473b74d2a8faa4068339bab6e - - default default] 10.0.0.164 "GET /v2.0/ports?device_id=95891afc-0151-478f-b26b-8692e1783090 HTTP/1.1" status: 200 len: 1404 time: 0.0427008
2026-05-08 00:38:26.442 9 INFO neutron.notifiers.nova [-] Nova event matching ['req-4d910c91-9db0-4347-ab1a-777ef96077d9'] response: {'server_uuid': '95891afc-0151-478f-b26b-8692e1783090', 'name': 'network-vif-plugged', 'status': 'completed', 'tag': 'ed2895a8-78f0-47e0-bbec-1bb2794a6666', 'code': 200}
2026-05-08 00:38:26.606 9 INFO neutron.wsgi [None req-7246c371-14cb-4947-8bbe-e4dabf9b57dc 330903d50af449629d58dd3ba0324bec a4bbebf8352349baac56de0f77cc468d - - default default] 10.0.0.164 "DELETE /v2.0/security-groups/7226bc7b-7a42-4bdc-99ca-df83c9b178d3 HTTP/1.1" status: 204 len: 168 time: 0.4237578
