2026-05-08 00:36:44.536 10 WARNING neutron.scheduler.dhcp_agent_scheduler [None req-d38b96f4-a5c4-43f4-9543-7f752346ec24 330903d50af449629d58dd3ba0324bec a4bbebf8352349baac56de0f77cc468d - - default default] No more DHCP agents
2026-05-08 00:36:44.544 9 INFO neutron.db.ovn_revision_numbers_db [None req-204754e4-b726-446e-80a2-90b8e9d37012 b36f1da95de54ea2b06d89fc2809d1ee f367c506e10e4849822a7b900de42ae0 - - default default] Successfully bumped revision number for resource 7d8f035c-a055-4377-afbd-744b2185513d (type: networks) to 1
2026-05-08 00:36:44.546 10 WARNING neutron.api.rpc.agentnotifiers.dhcp_rpc_agent_api [None req-d38b96f4-a5c4-43f4-9543-7f752346ec24 330903d50af449629d58dd3ba0324bec a4bbebf8352349baac56de0f77cc468d - - default default] Unable to schedule network 026d698b-f32f-4675-9cb3-06166a7c43e8: no agents available; will retry on subsequent port and subnet creation events.
2026-05-08 00:36:44.731 9 WARNING neutron.scheduler.dhcp_agent_scheduler [None req-204754e4-b726-446e-80a2-90b8e9d37012 b36f1da95de54ea2b06d89fc2809d1ee f367c506e10e4849822a7b900de42ae0 - - default default] No more DHCP agents
2026-05-08 00:36:44.732 9 WARNING neutron.api.rpc.agentnotifiers.dhcp_rpc_agent_api [None req-204754e4-b726-446e-80a2-90b8e9d37012 b36f1da95de54ea2b06d89fc2809d1ee f367c506e10e4849822a7b900de42ae0 - - default default] Unable to schedule network 7d8f035c-a055-4377-afbd-744b2185513d: no agents available; will retry on subsequent port and subnet creation events.
2026-05-08 00:36:44.817 9 INFO neutron.db.ovn_revision_numbers_db [None req-204754e4-b726-446e-80a2-90b8e9d37012 b36f1da95de54ea2b06d89fc2809d1ee f367c506e10e4849822a7b900de42ae0 - - default default] Successfully bumped revision number for resource cc681419-1d54-4824-be3e-0f0cce10c1f0 (type: ports) to 1
2026-05-08 00:36:44.840 9 INFO neutron.wsgi [None req-204754e4-b726-446e-80a2-90b8e9d37012 b36f1da95de54ea2b06d89fc2809d1ee f367c506e10e4849822a7b900de42ae0 - - default default] 10.0.0.164 "POST /v2.0/networks HTTP/1.1" status: 201 len: 831 time: 0.5217304
2026-05-08 00:36:44.851 9 WARNING neutron_lib.context [None req-ea0ea2ba-545b-469b-b289-8257265e8cc8 b36f1da95de54ea2b06d89fc2809d1ee f367c506e10e4849822a7b900de42ae0 - - default default] Method 'is_advsvc' is deprecated since 2023.2 release (neutron-lib 3.8.0) and will be removed once support for the old RBAC API policies will be removed from Neutron. Please use method 'is_service_role' instead.
2026-05-08 00:36:45.094 9 WARNING neutron.scheduler.dhcp_agent_scheduler [None req-ea0ea2ba-545b-469b-b289-8257265e8cc8 b36f1da95de54ea2b06d89fc2809d1ee f367c506e10e4849822a7b900de42ae0 - - default default] No more DHCP agents
2026-05-08 00:36:45.096 9 WARNING neutron.api.rpc.agentnotifiers.dhcp_rpc_agent_api [None req-ea0ea2ba-545b-469b-b289-8257265e8cc8 b36f1da95de54ea2b06d89fc2809d1ee f367c506e10e4849822a7b900de42ae0 - - default default] Unable to schedule network 7d8f035c-a055-4377-afbd-744b2185513d: no agents available; will retry on subsequent port and subnet creation events.
2026-05-08 00:36:45.309 10 INFO neutron.services.segments.plugin [-] Segment d17f9f7f-0be9-456b-beef-555996c7b1b4 resource provider aggregate not found
2026-05-08 00:36:45.315 10 INFO neutron.services.segments.plugin [-] Segment d17f9f7f-0be9-456b-beef-555996c7b1b4 resource provider aggregate not found
2026-05-08 00:36:45.331 10 INFO neutron.services.segments.plugin [-] Segment d17f9f7f-0be9-456b-beef-555996c7b1b4 resource provider not found; error: Placement Client Error (4xx): {"errors": [{"status": 404, "title": "Not Found", "detail": "The resource could not be found.\n\n No resource provider with uuid d17f9f7f-0be9-456b-beef-555996c7b1b4 found for delete ", "request_id": "req-15386ba6-ba6c-4816-9715-af4041848836"}]}
2026-05-08 00:36:45.343 10 INFO neutron.services.segments.plugin [-] Segment d17f9f7f-0be9-456b-beef-555996c7b1b4 resource provider not found; error: Placement Client Error (4xx): {"errors": [{"status": 404, "title": "Not Found", "detail": "The resource could not be found.\n\n No resource provider with uuid d17f9f7f-0be9-456b-beef-555996c7b1b4 found for delete ", "request_id": "req-92c88807-2ad1-4e41-9f0e-ef11d1b086ca"}]}
2026-05-08 00:36:45.366 10 INFO neutron.db.ovn_revision_numbers_db [None req-c7545246-52f8-48ce-88ba-e373be175e4e - - - - - -] Successfully bumped revision number for resource 63fb2599-5715-48da-ac8e-be6bb31b97de (type: ports) to 2
2026-05-08 00:36:45.394 10 ERROR ovsdbapp.backend.ovs_idl.command [None req-396d91a2-a21b-4c4d-a7fc-8f23448a4e76 330903d50af449629d58dd3ba0324bec a4bbebf8352349baac56de0f77cc468d - - default default] Error executing command (DbGetCommand): ovsdbapp.backend.ovs_idl.idlutils.RowNotFound: Cannot find Logical_Router_Port with name=lrp-f3e7b0d9-f90d-4709-bb97-027c151b29f6
2026-05-08 00:36:45.394 10 ERROR ovsdbapp.backend.ovs_idl.command
Traceback (most recent call last):
2026-05-08 00:36:45.394 10 ERROR ovsdbapp.backend.ovs_idl.command
File "/var/lib/openstack/lib/python3.10/site-packages/ovsdbapp/backend/ovs_idl/command.py", line 47, in execute
2026-05-08 00:36:45.394 10 ERROR ovsdbapp.backend.ovs_idl.command self.run_idl(None)
2026-05-08 00:36:45.394 10 ERROR ovsdbapp.backend.ovs_idl.command
File "/var/lib/openstack/lib/python3.10/site-packages/ovsdbapp/backend/ovs_idl/command.py", line 235, in run_idl
2026-05-08 00:36:45.394 10 ERROR ovsdbapp.backend.ovs_idl.command record = self.api.lookup(self.table, self.record)
2026-05-08 00:36:45.394 10 ERROR ovsdbapp.backend.ovs_idl.command
File "/var/lib/openstack/lib/python3.10/site-packages/ovsdbapp/backend/ovs_idl/__init__.py", line 184, in lookup
2026-05-08 00:36:45.394 10 ERROR ovsdbapp.backend.ovs_idl.command return self._lookup(table, record)
2026-05-08 00:36:45.394 10 ERROR ovsdbapp.backend.ovs_idl.command
File "/var/lib/openstack/lib/python3.10/site-packages/ovsdbapp/backend/ovs_idl/__init__.py", line 235, in _lookup
2026-05-08 00:36:45.394 10 ERROR ovsdbapp.backend.ovs_idl.command row = idlutils.row_by_value(self, rl.table, rl.column, record)
2026-05-08 00:36:45.394 10 ERROR ovsdbapp.backend.ovs_idl.command
File "/var/lib/openstack/lib/python3.10/site-packages/ovsdbapp/backend/ovs_idl/idlutils.py", line 114, in row_by_value
2026-05-08 00:36:45.394 10 ERROR ovsdbapp.backend.ovs_idl.command raise RowNotFound(table=table, col=column, match=match)
2026-05-08 00:36:45.394 10 ERROR ovsdbapp.backend.ovs_idl.command ovsdbapp.backend.ovs_idl.idlutils.RowNotFound: Cannot find Logical_Router_Port with name=lrp-f3e7b0d9-f90d-4709-bb97-027c151b29f6
2026-05-08 00:36:45.394 10 ERROR ovsdbapp.backend.ovs_idl.command 
2026-05-08 00:36:45.394 10 ERROR neutron_lib.callbacks.manager [None req-396d91a2-a21b-4c4d-a7fc-8f23448a4e76 330903d50af449629d58dd3ba0324bec a4bbebf8352349baac56de0f77cc468d - - default default] Error during notification for neutron.services.ovn_l3.plugin.OVNL3RouterPlugin._port_update-8741480677103 port, after_update: ovsdbapp.backend.ovs_idl.idlutils.RowNotFound: Cannot find Logical_Router_Port with name=lrp-f3e7b0d9-f90d-4709-bb97-027c151b29f6
2026-05-08 00:36:45.394 10 ERROR neutron_lib.callbacks.manager
Traceback (most recent call last):
2026-05-08 00:36:45.394 10 ERROR neutron_lib.callbacks.manager
File "/var/lib/openstack/lib/python3.10/site-packages/neutron_lib/callbacks/manager.py", line 189, in _notify_loop
2026-05-08 00:36:45.394 10 ERROR neutron_lib.callbacks.manager callback.method(resource, event, trigger, payload=payload)
2026-05-08 00:36:45.394 10 ERROR neutron_lib.callbacks.manager
File "/var/lib/openstack/lib/python3.10/site-packages/neutron/services/ovn_l3/plugin.py", line 391, in _port_update
2026-05-08 00:36:45.394 10 ERROR neutron_lib.callbacks.manager l3plugin._ovn_client.update_router_port(context,
2026-05-08 00:36:45.394 10 ERROR neutron_lib.callbacks.manager
File "/var/lib/openstack/lib/python3.10/site-packages/neutron/plugins/ml2/drivers/ovn/mech_driver/ovsdb/ovn_client.py", line 1878, in update_router_port
2026-05-08 00:36:45.394 10 ERROR neutron_lib.callbacks.manager self._update_lrouter_port(context, port, if_exists=if_exists,
2026-05-08 00:36:45.394 10 ERROR neutron_lib.callbacks.manager
File "/var/lib/openstack/lib/python3.10/site-packages/neutron/plugins/ml2/drivers/ovn/mech_driver/ovsdb/ovn_client.py", line 1855, in _update_lrouter_port
2026-05-08 00:36:45.394 10 ERROR neutron_lib.callbacks.manager external_ids = self._nb_idl.db_get(
2026-05-08 00:36:45.394 10 ERROR neutron_lib.callbacks.manager
File "/var/lib/openstack/lib/python3.10/site-packages/ovsdbapp/backend/ovs_idl/command.py", line 47, in execute
2026-05-08 00:36:45.394 10 ERROR neutron_lib.callbacks.manager self.run_idl(None)
2026-05-08 00:36:45.394 10 ERROR neutron_lib.callbacks.manager
File "/var/lib/openstack/lib/python3.10/site-packages/ovsdbapp/backend/ovs_idl/command.py", line 235, in run_idl
2026-05-08 00:36:45.394 10 ERROR neutron_lib.callbacks.manager record = self.api.lookup(self.table, self.record)
2026-05-08 00:36:45.394 10 ERROR neutron_lib.callbacks.manager
File "/var/lib/openstack/lib/python3.10/site-packages/ovsdbapp/backend/ovs_idl/__init__.py", line 184, in lookup
2026-05-08 00:36:45.394 10 ERROR neutron_lib.callbacks.manager return self._lookup(table, record)
2026-05-08 00:36:45.394 10 ERROR neutron_lib.callbacks.manager
File "/var/lib/openstack/lib/python3.10/site-packages/ovsdbapp/backend/ovs_idl/__init__.py", line 235, in _lookup
2026-05-08 00:36:45.394 10 ERROR neutron_lib.callbacks.manager row = idlutils.row_by_value(self, rl.table, rl.column, record)
2026-05-08 00:36:45.394 10 ERROR neutron_lib.callbacks.manager
File "/var/lib/openstack/lib/python3.10/site-packages/ovsdbapp/backend/ovs_idl/idlutils.py", line 114, in row_by_value
2026-05-08 00:36:45.394 10 ERROR neutron_lib.callbacks.manager raise RowNotFound(table=table, col=column, match=match)
2026-05-08 00:36:45.394 10 ERROR neutron_lib.callbacks.manager ovsdbapp.backend.ovs_idl.idlutils.RowNotFound: Cannot find Logical_Router_Port with name=lrp-f3e7b0d9-f90d-4709-bb97-027c151b29f6
2026-05-08 00:36:45.394 10 ERROR neutron_lib.callbacks.manager 
2026-05-08 00:36:45.401 10 INFO neutron.wsgi [None req-e9a45d3b-11d4-4470-8648-ddca82acad20 25a2892af8b345f59df8d0ead4016ae4 6ef57c58e8624804af21b71e9f6e6f53 - - default default] 10.0.0.164 "DELETE /v2.0/networks/3475f9bf-a540-44d0-9af9-ca1e924354c1 HTTP/1.1" status: 204 len: 168 time: 1.2556813
2026-05-08 00:36:45.412 9 WARNING neutron_lib.context [None req-07a6e4a0-ea41-490d-977c-152f8dc9882b 25a2892af8b345f59df8d0ead4016ae4 6ef57c58e8624804af21b71e9f6e6f53 - - default default] Method 'is_advsvc' is deprecated since 2023.2 release (neutron-lib 3.8.0) and will be removed once support for the old RBAC API policies will be removed from Neutron. Please use method 'is_service_role' instead.
2026-05-08 00:36:45.524 9 INFO neutron.db.segments_db [None req-07a6e4a0-ea41-490d-977c-152f8dc9882b 25a2892af8b345f59df8d0ead4016ae4 6ef57c58e8624804af21b71e9f6e6f53 - - default default] Added segment da16a528-f95b-42d9-a4b3-917973edbbf7 of type geneve for network 09f24f29-2e63-4395-aabd-47b34a159c66
2026-05-08 00:36:45.773 10 INFO neutron.wsgi [-] 10.0.0.233 "GET / HTTP/1.1" status: 200 len: 247 time: 0.0012522
2026-05-08 00:36:45.774 10 INFO neutron.wsgi [-] 10.0.0.233 "GET / HTTP/1.1" status: 200 len: 247 time: 0.0012386
2026-05-08 00:36:45.847 10 INFO neutron.db.ovn_revision_numbers_db [None req-396d91a2-a21b-4c4d-a7fc-8f23448a4e76 330903d50af449629d58dd3ba0324bec a4bbebf8352349baac56de0f77cc468d - - default default] Successfully bumped revision number for resource f3e7b0d9-f90d-4709-bb97-027c151b29f6 (type: ports) to 1
2026-05-08 00:36:45.881 10 INFO neutron.db.ovn_revision_numbers_db [None req-d38b96f4-a5c4-43f4-9543-7f752346ec24 330903d50af449629d58dd3ba0324bec a4bbebf8352349baac56de0f77cc468d - - default default] Successfully bumped revision number for resource c32feffa-599d-42c5-bf19-de7ceedee7da (type: ports) to 2
2026-05-08 00:36:45.930 9 INFO neutron.db.ovn_revision_numbers_db [None req-ea0ea2ba-545b-469b-b289-8257265e8cc8 b36f1da95de54ea2b06d89fc2809d1ee f367c506e10e4849822a7b900de42ae0 - - default default] Successfully bumped revision number for resource cc681419-1d54-4824-be3e-0f0cce10c1f0 (type: ports) to 2
2026-05-08 00:36:45.931 9 INFO neutron.db.ovn_revision_numbers_db [None req-07a6e4a0-ea41-490d-977c-152f8dc9882b 25a2892af8b345f59df8d0ead4016ae4 6ef57c58e8624804af21b71e9f6e6f53 - - default default] Successfully bumped revision number for resource 09f24f29-2e63-4395-aabd-47b34a159c66 (type: networks) to 1
2026-05-08 00:36:45.984 9 INFO neutron.db.ovn_revision_numbers_db [None req-ea0ea2ba-545b-469b-b289-8257265e8cc8 b36f1da95de54ea2b06d89fc2809d1ee f367c506e10e4849822a7b900de42ae0 - - default default] Successfully bumped revision number for resource f9d7e3e4-efe6-4cd0-98ec-91a58c3ee0e3 (type: subnets) to 0
2026-05-08 00:36:45.988 10 INFO neutron.db.ovn_revision_numbers_db [None req-d38b96f4-a5c4-43f4-9543-7f752346ec24 330903d50af449629d58dd3ba0324bec a4bbebf8352349baac56de0f77cc468d - - default default] Successfully bumped revision number for resource 7e994f8e-eeba-4b33-8615-f85055e450a8 (type: subnets) to 0
2026-05-08 00:36:46.000 10 WARNING neutron.scheduler.dhcp_agent_scheduler [None req-396d91a2-a21b-4c4d-a7fc-8f23448a4e76 330903d50af449629d58dd3ba0324bec a4bbebf8352349baac56de0f77cc468d - - default default] No more DHCP agents
2026-05-08 00:36:46.005 10 WARNING neutron.api.rpc.agentnotifiers.dhcp_rpc_agent_api [None req-396d91a2-a21b-4c4d-a7fc-8f23448a4e76 330903d50af449629d58dd3ba0324bec a4bbebf8352349baac56de0f77cc468d - - default default] Unable to schedule network 6e499d2b-27ca-44ba-aa4d-c569998fa018: no agents available; will retry on subsequent port and subnet creation events.
2026-05-08 00:36:46.009 9 INFO neutron.wsgi [None req-ea0ea2ba-545b-469b-b289-8257265e8cc8 b36f1da95de54ea2b06d89fc2809d1ee f367c506e10e4849822a7b900de42ae0 - - default default] 10.0.0.164 "POST /v2.0/subnets HTTP/1.1" status: 201 len: 801 time: 1.1639078
2026-05-08 00:36:46.022 10 INFO neutron.wsgi [None req-d38b96f4-a5c4-43f4-9543-7f752346ec24 330903d50af449629d58dd3ba0324bec a4bbebf8352349baac56de0f77cc468d - - default default] 10.0.0.164 "POST /v2.0/subnets HTTP/1.1" status: 201 len: 866 time: 1.8886480
2026-05-08 00:36:46.023 9 WARNING neutron_lib.context [None req-163b9b86-072f-4c22-93d5-11ee2c2132c6 b36f1da95de54ea2b06d89fc2809d1ee f367c506e10e4849822a7b900de42ae0 - - default default] Method 'is_advsvc' is deprecated since 2023.2 release (neutron-lib 3.8.0) and will be removed once support for the old RBAC API policies will be removed from Neutron. Please use method 'is_service_role' instead.
2026-05-08 00:36:46.103 10 INFO neutron.db.ovn_revision_numbers_db [None req-c7545246-52f8-48ce-88ba-e373be175e4e - - - - - -] Successfully bumped revision number for resource 63fb2599-5715-48da-ac8e-be6bb31b97de (type: ports) to 4
2026-05-08 00:36:46.164 9 WARNING neutron.scheduler.dhcp_agent_scheduler [None req-07a6e4a0-ea41-490d-977c-152f8dc9882b 25a2892af8b345f59df8d0ead4016ae4 6ef57c58e8624804af21b71e9f6e6f53 - - default default] No more DHCP agents
2026-05-08 00:36:46.173 9 WARNING neutron.api.rpc.agentnotifiers.dhcp_rpc_agent_api [None req-07a6e4a0-ea41-490d-977c-152f8dc9882b 25a2892af8b345f59df8d0ead4016ae4 6ef57c58e8624804af21b71e9f6e6f53 - - default default] Unable to schedule network 09f24f29-2e63-4395-aabd-47b34a159c66: no agents available; will retry on subsequent port and subnet creation events.
2026-05-08 00:36:46.294 9 INFO neutron.db.ovn_revision_numbers_db [None req-07a6e4a0-ea41-490d-977c-152f8dc9882b 25a2892af8b345f59df8d0ead4016ae4 6ef57c58e8624804af21b71e9f6e6f53 - - default default] Successfully bumped revision number for resource 956f8a98-5fcc-4e1f-a78c-cbfb05b1a5de (type: ports) to 1
2026-05-08 00:36:46.323 9 INFO neutron.wsgi [None req-07a6e4a0-ea41-490d-977c-152f8dc9882b 25a2892af8b345f59df8d0ead4016ae4 6ef57c58e8624804af21b71e9f6e6f53 - - default default] 10.0.0.164 "POST /v2.0/networks HTTP/1.1" status: 201 len: 832 time: 0.9156737
2026-05-08 00:36:46.340 10 WARNING neutron_lib.context [None req-b2406fc4-2bec-4f81-a625-36b29aa85896 25a2892af8b345f59df8d0ead4016ae4 6ef57c58e8624804af21b71e9f6e6f53 - - default default] Method 'is_advsvc' is deprecated since 2023.2 release (neutron-lib 3.8.0) and will be removed once support for the old RBAC API policies will be removed from Neutron. Please use method 'is_service_role' instead.
2026-05-08 00:36:46.462 9 WARNING neutron.scheduler.dhcp_agent_scheduler [None req-163b9b86-072f-4c22-93d5-11ee2c2132c6 b36f1da95de54ea2b06d89fc2809d1ee f367c506e10e4849822a7b900de42ae0 - - default default] No more DHCP agents
2026-05-08 00:36:46.464 9 WARNING neutron.api.rpc.agentnotifiers.dhcp_rpc_agent_api [None req-163b9b86-072f-4c22-93d5-11ee2c2132c6 b36f1da95de54ea2b06d89fc2809d1ee f367c506e10e4849822a7b900de42ae0 - - default default] Unable to schedule network 7d8f035c-a055-4377-afbd-744b2185513d: no agents available; will retry on subsequent port and subnet creation events.
2026-05-08 00:36:46.623 9 INFO neutron.db.ovn_revision_numbers_db [None req-163b9b86-072f-4c22-93d5-11ee2c2132c6 b36f1da95de54ea2b06d89fc2809d1ee f367c506e10e4849822a7b900de42ae0 - - default default] Successfully bumped revision number for resource 1cdb2e52-ada5-4c0a-a640-46bf56202a80 (type: ports) to 1
2026-05-08 00:36:46.649 9 INFO neutron.wsgi [None req-163b9b86-072f-4c22-93d5-11ee2c2132c6 b36f1da95de54ea2b06d89fc2809d1ee f367c506e10e4849822a7b900de42ae0 - - default default] 10.0.0.164 "POST /v2.0/ports HTTP/1.1" status: 201 len: 1148 time: 0.6299801 /var/lib/openstack/lib/python3.10/site-packages/pycadf/identifier.py:71: UserWarning: Invalid uuid: neutron. To ensure interoperability, identifiers should be a valid uuid. warnings.warn(('Invalid uuid: %s. To ensure interoperability, '
2026-05-08 00:36:47.014 10 INFO neutron.db.ovn_revision_numbers_db [None req-c7545246-52f8-48ce-88ba-e373be175e4e - - - - - -] Successfully bumped revision number for resource 63fb2599-5715-48da-ac8e-be6bb31b97de (type: router_ports) to 4
2026-05-08 00:36:47.016 9 INFO neutron.wsgi [None req-dcecfee2-1d28-4c58-8f4b-8295ed27f90a b36f1da95de54ea2b06d89fc2809d1ee f367c506e10e4849822a7b900de42ae0 - - default default] 10.0.0.164 "DELETE /v2.0/ports/1cdb2e52-ada5-4c0a-a640-46bf56202a80 HTTP/1.1" status: 204 len: 168 time: 0.3602502
2026-05-08 00:36:47.037 9 INFO neutron.pecan_wsgi.hooks.translation [None req-3af00837-ddc9-42ba-ad3b-a0391b3b59d8 b36f1da95de54ea2b06d89fc2809d1ee f367c506e10e4849822a7b900de42ae0 - - default default] DELETE failed (client error): The resource could not be found.
2026-05-08 00:36:47.039 9 INFO neutron.wsgi [None req-3af00837-ddc9-42ba-ad3b-a0391b3b59d8 b36f1da95de54ea2b06d89fc2809d1ee f367c506e10e4849822a7b900de42ae0 - - default default] 10.0.0.164 "DELETE /v2.0/ports/1cdb2e52-ada5-4c0a-a640-46bf56202a80 HTTP/1.1" status: 404 len: 333 time: 0.0181735
2026-05-08 00:36:47.066 9 INFO neutron.pecan_wsgi.hooks.translation [None req-6abc7d10-2152-4f7f-ba48-656015352516 b36f1da95de54ea2b06d89fc2809d1ee f367c506e10e4849822a7b900de42ae0 - - default default] GET failed (client error): The resource could not be found.
2026-05-08 00:36:47.067 9 INFO neutron.wsgi [None req-6abc7d10-2152-4f7f-ba48-656015352516 b36f1da95de54ea2b06d89fc2809d1ee f367c506e10e4849822a7b900de42ae0 - - default default] 10.0.0.164 "GET /v2.0/ports/1cdb2e52-ada5-4c0a-a640-46bf56202a80 HTTP/1.1" status: 404 len: 333 time: 0.0234652
2026-05-08 00:36:47.173 10 WARNING neutron.scheduler.dhcp_agent_scheduler [None req-b2406fc4-2bec-4f81-a625-36b29aa85896 25a2892af8b345f59df8d0ead4016ae4 6ef57c58e8624804af21b71e9f6e6f53 - - default default] No more DHCP agents
2026-05-08 00:36:47.189 10 WARNING neutron.api.rpc.agentnotifiers.dhcp_rpc_agent_api [None req-b2406fc4-2bec-4f81-a625-36b29aa85896 25a2892af8b345f59df8d0ead4016ae4 6ef57c58e8624804af21b71e9f6e6f53 - - default default] Unable to schedule network 09f24f29-2e63-4395-aabd-47b34a159c66: no agents available; will retry on subsequent port and subnet creation events.
2026-05-08 00:36:47.263 10 INFO neutron.db.ovn_revision_numbers_db [None req-b2406fc4-2bec-4f81-a625-36b29aa85896 25a2892af8b345f59df8d0ead4016ae4 6ef57c58e8624804af21b71e9f6e6f53 - - default default] Successfully bumped revision number for resource 8a25a404-1f21-4731-a250-f2872090c31a (type: subnets) to 0
2026-05-08 00:36:47.268 10 INFO neutron.db.ovn_revision_numbers_db [None req-396d91a2-a21b-4c4d-a7fc-8f23448a4e76 330903d50af449629d58dd3ba0324bec a4bbebf8352349baac56de0f77cc468d - - default default] Successfully bumped revision number for resource f3e7b0d9-f90d-4709-bb97-027c151b29f6 (type: router_ports) to 1
2026-05-08 00:36:47.273 10 INFO neutron.wsgi [None req-396d91a2-a21b-4c4d-a7fc-8f23448a4e76 330903d50af449629d58dd3ba0324bec a4bbebf8352349baac56de0f77cc468d - - default default] 10.0.0.164 "PUT /v2.0/routers/c5728daf-7915-43e1-b7a6-79ee3f43276c/add_router_interface HTTP/1.1" status: 200 len: 503 time: 4.8809445
2026-05-08 00:36:47.279 9 INFO neutron.wsgi [None req-3861851d-e286-4b13-81a2-3f4399a0d96d b36f1da95de54ea2b06d89fc2809d1ee f367c506e10e4849822a7b900de42ae0 - - default default] 10.0.0.164 "DELETE /v2.0/subnets/f9d7e3e4-efe6-4cd0-98ec-91a58c3ee0e3 HTTP/1.1" status: 204 len: 168 time: 0.2063110
2026-05-08 00:36:47.280 10 WARNING neutron.scheduler.dhcp_agent_scheduler [None req-f10387b4-9b54-4d70-9b1d-fd2be5c3cf3a 330903d50af449629d58dd3ba0324bec a4bbebf8352349baac56de0f77cc468d - - default default] No more DHCP agents
2026-05-08 00:36:47.281 10 WARNING neutron.api.rpc.agentnotifiers.dhcp_rpc_agent_api [None req-f10387b4-9b54-4d70-9b1d-fd2be5c3cf3a 330903d50af449629d58dd3ba0324bec a4bbebf8352349baac56de0f77cc468d - - default default] Unable to schedule network 08ae7ac8-c146-48dd-bea7-7f5e2b053c72: no agents available; will retry on subsequent port and subnet creation events.
2026-05-08 00:36:47.284 10 INFO neutron.wsgi [None req-b2406fc4-2bec-4f81-a625-36b29aa85896 25a2892af8b345f59df8d0ead4016ae4 6ef57c58e8624804af21b71e9f6e6f53 - - default default] 10.0.0.164 "POST /v2.0/subnets HTTP/1.1" status: 201 len: 821 time: 0.9522729
2026-05-08 00:36:47.296 9 WARNING neutron_lib.context [None req-a468e679-0c96-45ac-89de-0f64493488df 25a2892af8b345f59df8d0ead4016ae4 6ef57c58e8624804af21b71e9f6e6f53 - - default default] Method 'is_advsvc' is deprecated since 2023.2 release (neutron-lib 3.8.0) and will be removed once support for the old RBAC API policies will be removed from Neutron. Please use method 'is_service_role' instead.
2026-05-08 00:36:47.444 9 WARNING neutron.plugins.ml2.drivers.ovn.mech_driver.ovsdb.ovn_client [None req-1ef43080-86ca-4492-8e98-319940fb2b84 - - - - - -] No port found with ID dd8fe9f4-b1cb-48b4-a00b-93a4bbbee7c4: RuntimeError: No port found with ID dd8fe9f4-b1cb-48b4-a00b-93a4bbbee7c4
2026-05-08 00:36:47.444 9 INFO neutron.plugins.ml2.drivers.ovn.mech_driver.mech_driver [None req-1ef43080-86ca-4492-8e98-319940fb2b84 - - - - - -] OVN reports status up for port: f3e7b0d9-f90d-4709-bb97-027c151b29f6
2026-05-08 00:36:47.459 9 INFO neutron.plugins.ml2.plugin [None req-1ef43080-86ca-4492-8e98-319940fb2b84 - - - - - -] Attempt 1 to provision port f3e7b0d9-f90d-4709-bb97-027c151b29f6
2026-05-08 00:36:47.470 9 INFO neutron.db.ovn_revision_numbers_db [None req-a468e679-0c96-45ac-89de-0f64493488df 25a2892af8b345f59df8d0ead4016ae4 6ef57c58e8624804af21b71e9f6e6f53 - - default default] Successfully bumped revision number for resource 5f94669c-7518-4b79-a310-faf248fb4cca (type: routers) to 1
2026-05-08 00:36:47.504 10 INFO neutron.db.ovn_revision_numbers_db [None req-f10387b4-9b54-4d70-9b1d-fd2be5c3cf3a 330903d50af449629d58dd3ba0324bec a4bbebf8352349baac56de0f77cc468d - - default default] Successfully bumped revision number for resource 1031b710-4703-4cad-bdc7-45f811e59dbb (type: ports) to 1
2026-05-08 00:36:47.516 9 INFO neutron.wsgi [None req-a468e679-0c96-45ac-89de-0f64493488df 25a2892af8b345f59df8d0ead4016ae4 6ef57c58e8624804af21b71e9f6e6f53 - - default default] 10.0.0.164 "POST /v2.0/routers HTTP/1.1" status: 201 len: 805 time: 0.2248507
2026-05-08 00:36:48.016 9 INFO neutron.services.segments.plugin [-] Segment 7cb1d568-3657-4fce-ba9c-c06fcde1d685 resource provider aggregate not found
2026-05-08 00:36:48.021 9 INFO neutron.services.segments.plugin [-] Segment 7cb1d568-3657-4fce-ba9c-c06fcde1d685 resource provider aggregate not found
2026-05-08 00:36:48.043 9 INFO neutron.services.segments.plugin [-] Segment 7cb1d568-3657-4fce-ba9c-c06fcde1d685 resource provider not found; error: Placement Client Error (4xx): {"errors": [{"status": 404, "title": "Not Found", "detail": "The resource could not be found.\n\n No resource provider with uuid 7cb1d568-3657-4fce-ba9c-c06fcde1d685 found for delete ", "request_id": "req-2c1bf060-dde1-4b8b-860e-d148713bb214"}]}
2026-05-08 00:36:48.044 9 INFO neutron.services.segments.plugin [-] Segment 7cb1d568-3657-4fce-ba9c-c06fcde1d685 resource provider not found; error: Placement Client Error (4xx): {"errors": [{"status": 404, "title": "Not Found", "detail": "The resource could not be found.\n\n No resource provider with uuid 7cb1d568-3657-4fce-ba9c-c06fcde1d685 found for delete ", "request_id": "req-439873cd-71e9-49e9-bc72-cfeb77ef2b39"}]}
2026-05-08 00:36:48.114 9 INFO neutron.wsgi [None req-d3039574-8331-4828-abfb-63f9f95a2220 b36f1da95de54ea2b06d89fc2809d1ee f367c506e10e4849822a7b900de42ae0 - - default default] 10.0.0.164 "DELETE /v2.0/networks/7d8f035c-a055-4377-afbd-744b2185513d HTTP/1.1" status: 204 len: 168 time: 0.8290627
2026-05-08 00:36:48.126 10 WARNING neutron_lib.context [None req-26080620-17c7-484a-936c-c97af6ed3402 b36f1da95de54ea2b06d89fc2809d1ee f367c506e10e4849822a7b900de42ae0 - - default default] Method 'is_advsvc' is deprecated since 2023.2 release (neutron-lib 3.8.0) and will be removed once support for the old RBAC API policies will be removed from Neutron. Please use method 'is_service_role' instead.
2026-05-08 00:36:48.223 10 INFO neutron.plugins.ml2.drivers.ovn.mech_driver.ovsdb.commands [None req-3e1ee06f-1b97-46b0-82a2-7a0e89bdb34a - - - - - -] Schedule LRP lrp-1031b710-4703-4cad-bdc7-45f811e59dbb on gateway 414b40bc-0bd2-4a22-9062-2d44c6a6ad13 with priority 1
2026-05-08 00:36:48.251 10 INFO neutron.db.segments_db [None req-26080620-17c7-484a-936c-c97af6ed3402 b36f1da95de54ea2b06d89fc2809d1ee f367c506e10e4849822a7b900de42ae0 - - default default] Added segment db28431e-d59d-441d-b252-32a8390f5d74 of type geneve for network fc20ab5b-51d0-4b58-befd-a474eda825c6
2026-05-08 00:36:48.259 10 INFO neutron.plugins.ml2.drivers.ovn.mech_driver.ovsdb.ovsdb_monitor [None req-c7545246-52f8-48ce-88ba-e373be175e4e - - - - - -] Router 3eb074f7-d08d-4a2d-a234-8d454b2d7b81 is bound to host instance
2026-05-08 00:36:48.303 10 INFO neutron.db.ovn_revision_numbers_db [None req-f10387b4-9b54-4d70-9b1d-fd2be5c3cf3a 330903d50af449629d58dd3ba0324bec a4bbebf8352349baac56de0f77cc468d - - default default] Successfully bumped revision number for resource 1031b710-4703-4cad-bdc7-45f811e59dbb (type: router_ports) to 1
2026-05-08 00:36:48.454 10 INFO neutron.db.ovn_revision_numbers_db [None req-f10387b4-9b54-4d70-9b1d-fd2be5c3cf3a 330903d50af449629d58dd3ba0324bec a4bbebf8352349baac56de0f77cc468d - - default default] Successfully bumped revision number for resource 3eb074f7-d08d-4a2d-a234-8d454b2d7b81 (type: routers) to 2
2026-05-08 00:36:48.503 10 INFO neutron.wsgi [None req-f10387b4-9b54-4d70-9b1d-fd2be5c3cf3a 330903d50af449629d58dd3ba0324bec a4bbebf8352349baac56de0f77cc468d - - default default] 10.0.0.164 "POST /v2.0/routers HTTP/1.1" status: 201 len: 1168 time: 2.4765401
2026-05-08 00:36:48.505 10 INFO neutron.db.ovn_revision_numbers_db [None req-26080620-17c7-484a-936c-c97af6ed3402 b36f1da95de54ea2b06d89fc2809d1ee f367c506e10e4849822a7b900de42ae0 - - default default] Successfully bumped revision number for resource fc20ab5b-51d0-4b58-befd-a474eda825c6 (type: networks) to 1
2026-05-08 00:36:48.589 9 INFO neutron.wsgi [req-7fd3941d-cf0d-4a05-addf-171df331596e req-d3dbbf09-4755-4165-ab2b-107e18825d81 370fda1bc46841eabb9c23a7b07e91d2 4ee3f85c3931432fae829472322abdd7 - - default default] 10.0.0.46 "GET /v2.0/networks?id=6e499d2b-27ca-44ba-aa4d-c569998fa018 HTTP/1.1" status: 200 len: 877 time: 0.4091661
2026-05-08 00:36:48.592 9 WARNING neutron.scheduler.dhcp_agent_scheduler [None req-9a8a6fc6-2adf-4af9-bde5-c7901dce2f90 25a2892af8b345f59df8d0ead4016ae4 6ef57c58e8624804af21b71e9f6e6f53 - - default default] No more DHCP agents
2026-05-08 00:36:48.597 9 WARNING neutron.api.rpc.agentnotifiers.dhcp_rpc_agent_api [None req-9a8a6fc6-2adf-4af9-bde5-c7901dce2f90 25a2892af8b345f59df8d0ead4016ae4 6ef57c58e8624804af21b71e9f6e6f53 - - default default] Unable to schedule network 09f24f29-2e63-4395-aabd-47b34a159c66: no agents available; will retry on subsequent port and subnet creation events.
2026-05-08 00:36:48.628 9 INFO neutron.wsgi [req-7fd3941d-cf0d-4a05-addf-171df331596e req-a0663fd5-e1cb-4847-9e10-65ebdecf521e 370fda1bc46841eabb9c23a7b07e91d2 4ee3f85c3931432fae829472322abdd7 - - default default] 10.0.0.46 "GET /v2.0/quotas/4ee3f85c3931432fae829472322abdd7 HTTP/1.1" status: 200 len: 491 time: 0.0272543
2026-05-08 00:36:48.694 9 INFO neutron.db.ovn_revision_numbers_db [None req-1ef43080-86ca-4492-8e98-319940fb2b84 - - - - - -] Successfully bumped revision number for resource f3e7b0d9-f90d-4709-bb97-027c151b29f6 (type: ports) to 2
2026-05-08 00:36:48.829 9 INFO neutron.wsgi [req-7fd3941d-cf0d-4a05-addf-171df331596e req-b3d26618-1e56-4ad9-b3d2-abafc777cdd8 370fda1bc46841eabb9c23a7b07e91d2 4ee3f85c3931432fae829472322abdd7 - - default default] 10.0.0.46 "GET /v2.0/ports?tenant_id=4ee3f85c3931432fae829472322abdd7&fields=id HTTP/1.1" status: 200 len: 302 time: 0.1879997
2026-05-08 00:36:48.847 9 INFO neutron.db.ovn_revision_numbers_db [None req-9a8a6fc6-2adf-4af9-bde5-c7901dce2f90 25a2892af8b345f59df8d0ead4016ae4 6ef57c58e8624804af21b71e9f6e6f53 - - default default] Successfully bumped revision number for resource 4c80c8b6-955b-4db1-96ac-de42fac24ca1 (type: ports) to 1
2026-05-08 00:36:48.955 9 INFO neutron.wsgi [req-7fd3941d-cf0d-4a05-addf-171df331596e req-8ab144f7-98ab-4814-8f47-f5052d7a9cda 24fc9146c4be42e786447ed7cdbba6a2 29a36c9e9869458dbac8486992dbf01c - - 19de777d5095443386939b2c1b13e77b 19de777d5095443386939b2c1b13e77b] 10.0.0.46 "GET /v2.0/networks/6e499d2b-27ca-44ba-aa4d-c569998fa018?fields=segments HTTP/1.1" status: 200 len: 212 time: 0.1159337
2026-05-08 00:36:48.961 9 INFO neutron.db.ovn_revision_numbers_db [None req-1ef43080-86ca-4492-8e98-319940fb2b84 - - - - - -] Successfully bumped revision number for resource f3e7b0d9-f90d-4709-bb97-027c151b29f6 (type: router_ports) to 2
2026-05-08 00:36:49.059 9 INFO neutron.wsgi [req-7fd3941d-cf0d-4a05-addf-171df331596e req-4d49e87a-1d6f-4845-b07f-80433d7c4127 24fc9146c4be42e786447ed7cdbba6a2 29a36c9e9869458dbac8486992dbf01c - - 19de777d5095443386939b2c1b13e77b 19de777d5095443386939b2c1b13e77b] 10.0.0.46 "GET /v2.0/networks/6e499d2b-27ca-44ba-aa4d-c569998fa018?fields=provider%3Aphysical_network&fields=provider%3Anetwork_type HTTP/1.1" status: 200 len: 277 time: 0.0939353
2026-05-08 00:36:49.159 10 WARNING neutron.scheduler.dhcp_agent_scheduler [None req-26080620-17c7-484a-936c-c97af6ed3402 b36f1da95de54ea2b06d89fc2809d1ee f367c506e10e4849822a7b900de42ae0 - - default default] No more DHCP agents
2026-05-08 00:36:49.165 10 WARNING neutron.api.rpc.agentnotifiers.dhcp_rpc_agent_api [None req-26080620-17c7-484a-936c-c97af6ed3402 b36f1da95de54ea2b06d89fc2809d1ee f367c506e10e4849822a7b900de42ae0 - - default default] Unable to schedule network fc20ab5b-51d0-4b58-befd-a474eda825c6: no agents available; will retry on subsequent port and subnet creation events.
2026-05-08 00:36:49.227 10 INFO neutron.wsgi [req-0288f27a-08ea-44cd-adde-1421ceef80de req-acbcef1d-a010-4389-acbd-d310d9edca41 370fda1bc46841eabb9c23a7b07e91d2 4ee3f85c3931432fae829472322abdd7 - - default default] 10.0.0.46 "GET /v2.0/ports?device_id=7eb133fd-fd37-454d-967d-e9f91cd1516d HTTP/1.1" status: 200 len: 210 time: 0.0383375
2026-05-08 00:36:49.347 10 INFO neutron.db.ovn_revision_numbers_db [None req-26080620-17c7-484a-936c-c97af6ed3402 b36f1da95de54ea2b06d89fc2809d1ee f367c506e10e4849822a7b900de42ae0 - - default default] Successfully bumped revision number for resource adc3de9d-f16d-4544-823f-029a64d0633f (type: ports) to 1
2026-05-08 00:36:49.398 10 INFO neutron.wsgi [None req-26080620-17c7-484a-936c-c97af6ed3402 b36f1da95de54ea2b06d89fc2809d1ee f367c506e10e4849822a7b900de42ae0 - - default default] 10.0.0.164 "POST /v2.0/networks HTTP/1.1" status: 201 len: 830 time: 1.2782617
2026-05-08 00:36:49.412 9 WARNING neutron_lib.context [None req-bdd38374-a7cf-4afd-9cef-720abedc063e b36f1da95de54ea2b06d89fc2809d1ee f367c506e10e4849822a7b900de42ae0 - - default default] Method 'is_advsvc' is deprecated since 2023.2 release (neutron-lib 3.8.0) and will be removed once support for the old RBAC API policies will be removed from Neutron. Please use method 'is_service_role' instead.
2026-05-08 00:36:49.475 9 ERROR ovsdbapp.backend.ovs_idl.command [None req-9a8a6fc6-2adf-4af9-bde5-c7901dce2f90 25a2892af8b345f59df8d0ead4016ae4 6ef57c58e8624804af21b71e9f6e6f53 - - default default] Error executing command (DbGetCommand): ovsdbapp.backend.ovs_idl.idlutils.RowNotFound: Cannot find Logical_Router_Port with name=lrp-4c80c8b6-955b-4db1-96ac-de42fac24ca1
2026-05-08 00:36:49.475 9 ERROR ovsdbapp.backend.ovs_idl.command
Traceback (most recent call last):
2026-05-08 00:36:49.475 9 ERROR ovsdbapp.backend.ovs_idl.command
File "/var/lib/openstack/lib/python3.10/site-packages/ovsdbapp/backend/ovs_idl/command.py", line 47, in execute
2026-05-08 00:36:49.475 9 ERROR ovsdbapp.backend.ovs_idl.command self.run_idl(None)
2026-05-08 00:36:49.475 9 ERROR ovsdbapp.backend.ovs_idl.command
File "/var/lib/openstack/lib/python3.10/site-packages/ovsdbapp/backend/ovs_idl/command.py", line 235, in run_idl
2026-05-08 00:36:49.475 9 ERROR ovsdbapp.backend.ovs_idl.command record = self.api.lookup(self.table, self.record)
2026-05-08 00:36:49.475 9 ERROR ovsdbapp.backend.ovs_idl.command
File "/var/lib/openstack/lib/python3.10/site-packages/ovsdbapp/backend/ovs_idl/__init__.py", line 184, in lookup
2026-05-08 00:36:49.475 9 ERROR ovsdbapp.backend.ovs_idl.command return self._lookup(table, record)
2026-05-08 00:36:49.475 9 ERROR ovsdbapp.backend.ovs_idl.command
File "/var/lib/openstack/lib/python3.10/site-packages/ovsdbapp/backend/ovs_idl/__init__.py", line 235, in _lookup
2026-05-08 00:36:49.475 9 ERROR ovsdbapp.backend.ovs_idl.command row = idlutils.row_by_value(self, rl.table, rl.column, record)
2026-05-08 00:36:49.475 9 ERROR ovsdbapp.backend.ovs_idl.command
File "/var/lib/openstack/lib/python3.10/site-packages/ovsdbapp/backend/ovs_idl/idlutils.py", line 114, in row_by_value
2026-05-08 00:36:49.475 9 ERROR ovsdbapp.backend.ovs_idl.command raise RowNotFound(table=table, col=column, match=match)
2026-05-08 00:36:49.475 9 ERROR ovsdbapp.backend.ovs_idl.command ovsdbapp.backend.ovs_idl.idlutils.RowNotFound: Cannot find Logical_Router_Port with name=lrp-4c80c8b6-955b-4db1-96ac-de42fac24ca1
2026-05-08 00:36:49.475 9 ERROR ovsdbapp.backend.ovs_idl.command 
2026-05-08 00:36:49.476 9 ERROR neutron_lib.callbacks.manager [None req-9a8a6fc6-2adf-4af9-bde5-c7901dce2f90 25a2892af8b345f59df8d0ead4016ae4 6ef57c58e8624804af21b71e9f6e6f53 - - default default] Error during notification for neutron.services.ovn_l3.plugin.OVNL3RouterPlugin._port_update-8741480677103 port, after_update: ovsdbapp.backend.ovs_idl.idlutils.RowNotFound: Cannot find Logical_Router_Port with name=lrp-4c80c8b6-955b-4db1-96ac-de42fac24ca1
2026-05-08 00:36:49.476 9 ERROR neutron_lib.callbacks.manager
Traceback (most recent call last):
2026-05-08 00:36:49.476 9 ERROR neutron_lib.callbacks.manager
File "/var/lib/openstack/lib/python3.10/site-packages/neutron_lib/callbacks/manager.py", line 189, in _notify_loop
2026-05-08 00:36:49.476 9 ERROR neutron_lib.callbacks.manager callback.method(resource, event, trigger, payload=payload)
2026-05-08 00:36:49.476 9 ERROR neutron_lib.callbacks.manager
File "/var/lib/openstack/lib/python3.10/site-packages/neutron/services/ovn_l3/plugin.py", line 391, in _port_update
2026-05-08 00:36:49.476 9 ERROR neutron_lib.callbacks.manager l3plugin._ovn_client.update_router_port(context,
2026-05-08 00:36:49.476 9 ERROR neutron_lib.callbacks.manager
File "/var/lib/openstack/lib/python3.10/site-packages/neutron/plugins/ml2/drivers/ovn/mech_driver/ovsdb/ovn_client.py", line 1878, in update_router_port
2026-05-08 00:36:49.476 9 ERROR neutron_lib.callbacks.manager self._update_lrouter_port(context, port, if_exists=if_exists,
2026-05-08 00:36:49.476 9 ERROR neutron_lib.callbacks.manager
File "/var/lib/openstack/lib/python3.10/site-packages/neutron/plugins/ml2/drivers/ovn/mech_driver/ovsdb/ovn_client.py", line 1855, in _update_lrouter_port
2026-05-08 00:36:49.476 9 ERROR neutron_lib.callbacks.manager external_ids = self._nb_idl.db_get(
2026-05-08 00:36:49.476 9 ERROR neutron_lib.callbacks.manager
File "/var/lib/openstack/lib/python3.10/site-packages/ovsdbapp/backend/ovs_idl/command.py", line 47, in execute
2026-05-08 00:36:49.476 9 ERROR neutron_lib.callbacks.manager self.run_idl(None)
2026-05-08 00:36:49.476 9 ERROR neutron_lib.callbacks.manager
File "/var/lib/openstack/lib/python3.10/site-packages/ovsdbapp/backend/ovs_idl/command.py", line 235, in run_idl
2026-05-08 00:36:49.476 9 ERROR neutron_lib.callbacks.manager record = self.api.lookup(self.table, self.record)
2026-05-08 00:36:49.476 9 ERROR neutron_lib.callbacks.manager
File "/var/lib/openstack/lib/python3.10/site-packages/ovsdbapp/backend/ovs_idl/__init__.py", line 184, in lookup
2026-05-08 00:36:49.476 9 ERROR neutron_lib.callbacks.manager return self._lookup(table, record)
2026-05-08 00:36:49.476 9 ERROR neutron_lib.callbacks.manager
File "/var/lib/openstack/lib/python3.10/site-packages/ovsdbapp/backend/ovs_idl/__init__.py", line 235, in _lookup
2026-05-08 00:36:49.476 9 ERROR neutron_lib.callbacks.manager row = idlutils.row_by_value(self, rl.table, rl.column, record)
2026-05-08 00:36:49.476 9 ERROR neutron_lib.callbacks.manager
File "/var/lib/openstack/lib/python3.10/site-packages/ovsdbapp/backend/ovs_idl/idlutils.py", line 114, in row_by_value
2026-05-08 00:36:49.476 9 ERROR neutron_lib.callbacks.manager raise RowNotFound(table=table, col=column, match=match)
2026-05-08 00:36:49.476 9 ERROR neutron_lib.callbacks.manager ovsdbapp.backend.ovs_idl.idlutils.RowNotFound: Cannot find Logical_Router_Port with name=lrp-4c80c8b6-955b-4db1-96ac-de42fac24ca1
2026-05-08 00:36:49.476 9 ERROR neutron_lib.callbacks.manager 
2026-05-08 00:36:49.680 10 INFO neutron.plugins.ml2.drivers.ovn.mech_driver.mech_driver [None req-31ba4a09-84aa-4acd-a843-6099e05cc5f3 - - - - - -] OVN reports status up for port: 4c80c8b6-955b-4db1-96ac-de42fac24ca1
2026-05-08 00:36:49.691 10 WARNING neutron.scheduler.dhcp_agent_scheduler [None req-a853dd3c-f7e0-4233-abca-d9c1a7672cc4 330903d50af449629d58dd3ba0324bec a4bbebf8352349baac56de0f77cc468d - - default default] No more DHCP agents
2026-05-08 00:36:49.696 10 WARNING neutron.api.rpc.agentnotifiers.dhcp_rpc_agent_api [None req-a853dd3c-f7e0-4233-abca-d9c1a7672cc4 330903d50af449629d58dd3ba0324bec a4bbebf8352349baac56de0f77cc468d - - default default] Unable to schedule network 026d698b-f32f-4675-9cb3-06166a7c43e8: no agents available; will retry on subsequent port and subnet creation events.
2026-05-08 00:36:49.699 10 INFO neutron.plugins.ml2.plugin [None req-31ba4a09-84aa-4acd-a843-6099e05cc5f3 - - - - - -] Attempt 1 to provision port 4c80c8b6-955b-4db1-96ac-de42fac24ca1
2026-05-08 00:36:49.707 9 INFO neutron.db.ovn_revision_numbers_db [None req-9a8a6fc6-2adf-4af9-bde5-c7901dce2f90 25a2892af8b345f59df8d0ead4016ae4 6ef57c58e8624804af21b71e9f6e6f53 - - default default] Successfully bumped revision number for resource 4c80c8b6-955b-4db1-96ac-de42fac24ca1 (type: ports) to 1
2026-05-08 00:36:49.759 9 WARNING neutron.scheduler.dhcp_agent_scheduler [None req-bdd38374-a7cf-4afd-9cef-720abedc063e b36f1da95de54ea2b06d89fc2809d1ee f367c506e10e4849822a7b900de42ae0 - - default default] No more DHCP agents
2026-05-08 00:36:49.769 9 WARNING neutron.api.rpc.agentnotifiers.dhcp_rpc_agent_api [None req-bdd38374-a7cf-4afd-9cef-720abedc063e b36f1da95de54ea2b06d89fc2809d1ee f367c506e10e4849822a7b900de42ae0 - - default default] Unable to schedule network fc20ab5b-51d0-4b58-befd-a474eda825c6: no agents available; will retry on subsequent port and subnet creation events.
2026-05-08 00:36:49.850 9 WARNING neutron.scheduler.dhcp_agent_scheduler [None req-9a8a6fc6-2adf-4af9-bde5-c7901dce2f90 25a2892af8b345f59df8d0ead4016ae4 6ef57c58e8624804af21b71e9f6e6f53 - - default default] No more DHCP agents
2026-05-08 00:36:49.854 9 WARNING neutron.api.rpc.agentnotifiers.dhcp_rpc_agent_api [None req-9a8a6fc6-2adf-4af9-bde5-c7901dce2f90 25a2892af8b345f59df8d0ead4016ae4 6ef57c58e8624804af21b71e9f6e6f53 - - default default] Unable to schedule network 09f24f29-2e63-4395-aabd-47b34a159c66: no agents available; will retry on subsequent port and subnet creation events.
2026-05-08 00:36:49.862 10 INFO neutron.db.ovn_revision_numbers_db [None req-c7545246-52f8-48ce-88ba-e373be175e4e - - - - - -] Successfully bumped revision number for resource 1031b710-4703-4cad-bdc7-45f811e59dbb (type: ports) to 1
2026-05-08 00:36:50.031 10 INFO neutron.wsgi [req-7fd3941d-cf0d-4a05-addf-171df331596e req-a5c679db-65c4-49c6-ac0e-1f8f9f04d4ef 370fda1bc46841eabb9c23a7b07e91d2 4ee3f85c3931432fae829472322abdd7 - - default default] 199.19.213.220 "GET /v2.0/networks?id=6e499d2b-27ca-44ba-aa4d-c569998fa018 HTTP/1.1" status: 200 len: 877 time: 0.1437533
2026-05-08 00:36:50.055 10 WARNING neutron_lib.context [req-7fd3941d-cf0d-4a05-addf-171df331596e req-9dd40599-b5ee-4761-a245-5f30eb3f1431 370fda1bc46841eabb9c23a7b07e91d2 4ee3f85c3931432fae829472322abdd7 - - default default] Method 'is_advsvc' is deprecated since 2023.2 release (neutron-lib 3.8.0) and will be removed once support for the old RBAC API policies will be removed from Neutron. Please use method 'is_service_role' instead.
2026-05-08 00:36:50.074 9 INFO neutron.db.ovn_revision_numbers_db [None req-9a8a6fc6-2adf-4af9-bde5-c7901dce2f90 25a2892af8b345f59df8d0ead4016ae4 6ef57c58e8624804af21b71e9f6e6f53 - - default default] Successfully bumped revision number for resource 4c80c8b6-955b-4db1-96ac-de42fac24ca1 (type: router_ports) to 1
2026-05-08 00:36:50.080 9 INFO neutron.wsgi [None req-9a8a6fc6-2adf-4af9-bde5-c7901dce2f90 25a2892af8b345f59df8d0ead4016ae4 6ef57c58e8624804af21b71e9f6e6f53 - - default default] 10.0.0.164 "PUT /v2.0/routers/5f94669c-7518-4b79-a310-faf248fb4cca/add_router_interface HTTP/1.1" status: 200 len: 503 time: 2.5474348
2026-05-08 00:36:50.084 10 INFO neutron.db.ovn_revision_numbers_db [None req-a853dd3c-f7e0-4233-abca-d9c1a7672cc4 330903d50af449629d58dd3ba0324bec a4bbebf8352349baac56de0f77cc468d - - default default] Successfully bumped revision number for resource a744c169-7492-4e69-8934-68960df62318 (type: ports) to 1
2026-05-08 00:36:50.212 9 INFO neutron.wsgi [None req-41d35931-e332-4b14-b8a1-52f21ec9aadf 25a2892af8b345f59df8d0ead4016ae4 6ef57c58e8624804af21b71e9f6e6f53 - - default default] 10.0.0.164 "GET /v2.0/ports/4c80c8b6-955b-4db1-96ac-de42fac24ca1 HTTP/1.1" status: 200 len: 1141 time: 0.1274130
2026-05-08 00:36:50.266 9 INFO neutron.wsgi [None req-7583a9b4-516d-4e79-bfe1-2802c42c1829 25a2892af8b345f59df8d0ead4016ae4 6ef57c58e8624804af21b71e9f6e6f53 - - default default] 10.0.0.164 "GET /v2.0/ports/4c80c8b6-955b-4db1-96ac-de42fac24ca1 HTTP/1.1" status: 200 len: 1141 time: 0.0495987
2026-05-08 00:36:50.333 9 INFO neutron.wsgi [req-d5e49aab-3a4b-4ee5-b1fc-dbd949adedf5 req-5bc95fb9-b75b-49d3-a9c2-0ff19d7d677e 370fda1bc46841eabb9c23a7b07e91d2 4ee3f85c3931432fae829472322abdd7 - - default default] 10.0.0.46 "GET /v2.0/ports?device_id=7eb133fd-fd37-454d-967d-e9f91cd1516d HTTP/1.1" status: 200 len: 210 time: 0.0332055
2026-05-08 00:36:50.745 9 INFO neutron.db.ovn_revision_numbers_db [None req-bdd38374-a7cf-4afd-9cef-720abedc063e b36f1da95de54ea2b06d89fc2809d1ee f367c506e10e4849822a7b900de42ae0 - - default default] Successfully bumped revision number for resource adc3de9d-f16d-4544-823f-029a64d0633f (type: ports) to 2
2026-05-08 00:36:50.783 9 INFO neutron.db.ovn_revision_numbers_db [None req-bdd38374-a7cf-4afd-9cef-720abedc063e b36f1da95de54ea2b06d89fc2809d1ee f367c506e10e4849822a7b900de42ae0 - - default default] Successfully bumped revision number for resource cb47056b-4dc3-43c5-b2c3-20b569a7f6bc (type: subnets) to 0
2026-05-08 00:36:50.807 9 INFO neutron.wsgi [None req-bdd38374-a7cf-4afd-9cef-720abedc063e b36f1da95de54ea2b06d89fc2809d1ee f367c506e10e4849822a7b900de42ae0 - - default default] 10.0.0.164 "POST /v2.0/subnets HTTP/1.1" status: 201 len: 801 time: 1.4024777
2026-05-08 00:36:50.817 9 WARNING neutron_lib.context [None req-4eab6ab5-418a-43c6-a664-e981064b923a b36f1da95de54ea2b06d89fc2809d1ee f367c506e10e4849822a7b900de42ae0 - - default default] Method 'is_advsvc' is deprecated since 2023.2 release (neutron-lib 3.8.0) and will be removed once support for the old RBAC API policies will be removed from Neutron. Please use method 'is_service_role' instead.
2026-05-08 00:36:50.827 10 INFO neutron.db.ovn_revision_numbers_db [None req-31ba4a09-84aa-4acd-a843-6099e05cc5f3 - - - - - -] Successfully bumped revision number for resource 4c80c8b6-955b-4db1-96ac-de42fac24ca1 (type: ports) to 2
2026-05-08 00:36:51.114 10 INFO neutron.db.ovn_revision_numbers_db [None req-31ba4a09-84aa-4acd-a843-6099e05cc5f3 - - - - - -] Successfully bumped revision number for resource 4c80c8b6-955b-4db1-96ac-de42fac24ca1 (type: router_ports) to 2
2026-05-08 00:36:51.154 10 INFO neutron.db.ovn_revision_numbers_db [None req-c7545246-52f8-48ce-88ba-e373be175e4e - - - - - -] Successfully bumped revision number for resource 1031b710-4703-4cad-bdc7-45f811e59dbb (type: router_ports) to 3
2026-05-08 00:36:51.171 10 WARNING neutron.scheduler.dhcp_agent_scheduler [req-7fd3941d-cf0d-4a05-addf-171df331596e req-9dd40599-b5ee-4761-a245-5f30eb3f1431 370fda1bc46841eabb9c23a7b07e91d2 4ee3f85c3931432fae829472322abdd7 - - default default] No more DHCP agents
2026-05-08 00:36:51.179 10 WARNING neutron.api.rpc.agentnotifiers.dhcp_rpc_agent_api [req-7fd3941d-cf0d-4a05-addf-171df331596e req-9dd40599-b5ee-4761-a245-5f30eb3f1431 370fda1bc46841eabb9c23a7b07e91d2 4ee3f85c3931432fae829472322abdd7 - - default default] Unable to schedule network 6e499d2b-27ca-44ba-aa4d-c569998fa018: no agents available; will retry on subsequent port and subnet creation events.
2026-05-08 00:36:51.199 9 WARNING neutron.scheduler.dhcp_agent_scheduler [None req-4eab6ab5-418a-43c6-a664-e981064b923a b36f1da95de54ea2b06d89fc2809d1ee f367c506e10e4849822a7b900de42ae0 - - default default] No more DHCP agents
2026-05-08 00:36:51.201 9 WARNING neutron.api.rpc.agentnotifiers.dhcp_rpc_agent_api [None req-4eab6ab5-418a-43c6-a664-e981064b923a b36f1da95de54ea2b06d89fc2809d1ee f367c506e10e4849822a7b900de42ae0 - - default default] Unable to schedule network fc20ab5b-51d0-4b58-befd-a474eda825c6: no agents available; will retry on subsequent port and subnet creation events.
2026-05-08 00:36:51.352 9 INFO neutron.wsgi [None req-6392968f-1df8-464c-9874-3ad520915f31 25a2892af8b345f59df8d0ead4016ae4 6ef57c58e8624804af21b71e9f6e6f53 - - default default] 10.0.0.164 "PUT /v2.0/routers/5f94669c-7518-4b79-a310-faf248fb4cca/remove_router_interface HTTP/1.1" status: 200 len: 503 time: 1.0794234 /var/lib/openstack/lib/python3.10/site-packages/pycadf/identifier.py:71: UserWarning: Invalid uuid: neutron. To ensure interoperability, identifiers should be a valid uuid. warnings.warn(('Invalid uuid: %s. To ensure interoperability, '
2026-05-08 00:36:51.391 9 INFO neutron.wsgi [None req-5f6f166e-34b4-41a7-a02a-934507572887 25a2892af8b345f59df8d0ead4016ae4 6ef57c58e8624804af21b71e9f6e6f53 - - default default] 10.0.0.164 "GET /v2.0/ports?device_id=5f94669c-7518-4b79-a310-faf248fb4cca HTTP/1.1" status: 200 len: 205 time: 0.0328577 /var/lib/openstack/lib/python3.10/site-packages/pycadf/identifier.py:71: UserWarning: Invalid uuid: neutron. To ensure interoperability, identifiers should be a valid uuid. warnings.warn(('Invalid uuid: %s. To ensure interoperability, '
2026-05-08 00:36:51.568 10 INFO neutron.db.ovn_revision_numbers_db [req-7fd3941d-cf0d-4a05-addf-171df331596e req-9dd40599-b5ee-4761-a245-5f30eb3f1431 370fda1bc46841eabb9c23a7b07e91d2 4ee3f85c3931432fae829472322abdd7 - - default default] Successfully bumped revision number for resource e78130c7-cf17-4d12-81ac-ce3e4dcc153b (type: ports) to 1
2026-05-08 00:36:51.573 9 INFO neutron.db.ovn_revision_numbers_db [None req-4eab6ab5-418a-43c6-a664-e981064b923a b36f1da95de54ea2b06d89fc2809d1ee f367c506e10e4849822a7b900de42ae0 - - default default] Successfully bumped revision number for resource ca68ba30-b84a-4641-8e40-502368d0d47d (type: ports) to 1
2026-05-08 00:36:51.578 10 ERROR ovsdbapp.backend.ovs_idl.command [None req-a853dd3c-f7e0-4233-abca-d9c1a7672cc4 330903d50af449629d58dd3ba0324bec a4bbebf8352349baac56de0f77cc468d - - default default] Error executing command (DbGetCommand): ovsdbapp.backend.ovs_idl.idlutils.RowNotFound: Cannot find Logical_Router_Port with name=lrp-a744c169-7492-4e69-8934-68960df62318
2026-05-08 00:36:51.578 10 ERROR ovsdbapp.backend.ovs_idl.command
Traceback (most recent call last):
2026-05-08 00:36:51.578 10 ERROR ovsdbapp.backend.ovs_idl.command
File "/var/lib/openstack/lib/python3.10/site-packages/ovsdbapp/backend/ovs_idl/command.py", line 47, in execute
2026-05-08 00:36:51.578 10 ERROR ovsdbapp.backend.ovs_idl.command self.run_idl(None)
2026-05-08 00:36:51.578 10 ERROR ovsdbapp.backend.ovs_idl.command
File "/var/lib/openstack/lib/python3.10/site-packages/ovsdbapp/backend/ovs_idl/command.py", line 235, in run_idl
2026-05-08 00:36:51.578 10 ERROR ovsdbapp.backend.ovs_idl.command record = self.api.lookup(self.table, self.record)
