2026-05-08 00:37:18.627 9 ERROR ovsdbapp.backend.ovs_idl.command return self._lookup(table, record)
2026-05-08 00:37:18.627 9 ERROR ovsdbapp.backend.ovs_idl.command
File "/var/lib/openstack/lib/python3.10/site-packages/ovsdbapp/backend/ovs_idl/__init__.py", line 235, in _lookup
2026-05-08 00:37:18.627 9 ERROR ovsdbapp.backend.ovs_idl.command row = idlutils.row_by_value(self, rl.table, rl.column, record)
2026-05-08 00:37:18.627 9 ERROR ovsdbapp.backend.ovs_idl.command
File "/var/lib/openstack/lib/python3.10/site-packages/ovsdbapp/backend/ovs_idl/idlutils.py", line 114, in row_by_value
2026-05-08 00:37:18.627 9 ERROR ovsdbapp.backend.ovs_idl.command raise RowNotFound(table=table, col=column, match=match)
2026-05-08 00:37:18.627 9 ERROR ovsdbapp.backend.ovs_idl.command ovsdbapp.backend.ovs_idl.idlutils.RowNotFound: Cannot find Logical_Router_Port with name=lrp-f0034b75-d441-4182-8875-2ef700d59be2
2026-05-08 00:37:18.627 9 ERROR ovsdbapp.backend.ovs_idl.command 
2026-05-08 00:37:18.628 9 ERROR neutron_lib.callbacks.manager [None req-b17adadf-2849-4d74-8a3c-1e5632fa05c1 330903d50af449629d58dd3ba0324bec a4bbebf8352349baac56de0f77cc468d - - default default] Error during notification for neutron.services.ovn_l3.plugin.OVNL3RouterPlugin._port_update-8741480677103 port, after_update: ovsdbapp.backend.ovs_idl.idlutils.RowNotFound: Cannot find Logical_Router_Port with name=lrp-f0034b75-d441-4182-8875-2ef700d59be2
2026-05-08 00:37:18.628 9 ERROR neutron_lib.callbacks.manager
Traceback (most recent call last):
2026-05-08 00:37:18.628 9 ERROR neutron_lib.callbacks.manager
File "/var/lib/openstack/lib/python3.10/site-packages/neutron_lib/callbacks/manager.py", line 189, in _notify_loop
2026-05-08 00:37:18.628 9 ERROR neutron_lib.callbacks.manager callback.method(resource, event, trigger, payload=payload)
2026-05-08 00:37:18.628 9 ERROR neutron_lib.callbacks.manager
File "/var/lib/openstack/lib/python3.10/site-packages/neutron/services/ovn_l3/plugin.py", line 391, in _port_update
2026-05-08 00:37:18.628 9 ERROR neutron_lib.callbacks.manager l3plugin._ovn_client.update_router_port(context,
2026-05-08 00:37:18.628 9 ERROR neutron_lib.callbacks.manager
File "/var/lib/openstack/lib/python3.10/site-packages/neutron/plugins/ml2/drivers/ovn/mech_driver/ovsdb/ovn_client.py", line 1878, in update_router_port
2026-05-08 00:37:18.628 9 ERROR neutron_lib.callbacks.manager self._update_lrouter_port(context, port, if_exists=if_exists,
2026-05-08 00:37:18.628 9 ERROR neutron_lib.callbacks.manager
File "/var/lib/openstack/lib/python3.10/site-packages/neutron/plugins/ml2/drivers/ovn/mech_driver/ovsdb/ovn_client.py", line 1855, in _update_lrouter_port
2026-05-08 00:37:18.628 9 ERROR neutron_lib.callbacks.manager external_ids = self._nb_idl.db_get(
2026-05-08 00:37:18.628 9 ERROR neutron_lib.callbacks.manager
File "/var/lib/openstack/lib/python3.10/site-packages/ovsdbapp/backend/ovs_idl/command.py", line 47, in execute
2026-05-08 00:37:18.628 9 ERROR neutron_lib.callbacks.manager self.run_idl(None)
2026-05-08 00:37:18.628 9 ERROR neutron_lib.callbacks.manager
File "/var/lib/openstack/lib/python3.10/site-packages/ovsdbapp/backend/ovs_idl/command.py", line 235, in run_idl
2026-05-08 00:37:18.628 9 ERROR neutron_lib.callbacks.manager record = self.api.lookup(self.table, self.record)
2026-05-08 00:37:18.628 9 ERROR neutron_lib.callbacks.manager
File "/var/lib/openstack/lib/python3.10/site-packages/ovsdbapp/backend/ovs_idl/__init__.py", line 184, in lookup
2026-05-08 00:37:18.628 9 ERROR neutron_lib.callbacks.manager return self._lookup(table, record)
2026-05-08 00:37:18.628 9 ERROR neutron_lib.callbacks.manager
File "/var/lib/openstack/lib/python3.10/site-packages/ovsdbapp/backend/ovs_idl/__init__.py", line 235, in _lookup
2026-05-08 00:37:18.628 9 ERROR neutron_lib.callbacks.manager row = idlutils.row_by_value(self, rl.table, rl.column, record)
2026-05-08 00:37:18.628 9 ERROR neutron_lib.callbacks.manager
File "/var/lib/openstack/lib/python3.10/site-packages/ovsdbapp/backend/ovs_idl/idlutils.py", line 114, in row_by_value
2026-05-08 00:37:18.628 9 ERROR neutron_lib.callbacks.manager raise RowNotFound(table=table, col=column, match=match)
2026-05-08 00:37:18.628 9 ERROR neutron_lib.callbacks.manager ovsdbapp.backend.ovs_idl.idlutils.RowNotFound: Cannot find Logical_Router_Port with name=lrp-f0034b75-d441-4182-8875-2ef700d59be2
2026-05-08 00:37:18.628 9 ERROR neutron_lib.callbacks.manager 
2026-05-08 00:37:18.682 10 INFO neutron.db.ovn_revision_numbers_db [None req-c7545246-52f8-48ce-88ba-e373be175e4e - - - - - -] Successfully bumped revision number for resource 35069122-ab49-4de0-a851-a719be90e683 (type: ports) to 2
2026-05-08 00:37:18.833 9 INFO neutron.wsgi [None req-b8cfb807-dfd7-4dc9-b9d2-ec1b53b6295a 330903d50af449629d58dd3ba0324bec a4bbebf8352349baac56de0f77cc468d - - default default] 10.0.0.164 "DELETE /v2.0/security-groups/332d733c-f6ff-4ac1-94fd-871780b71449 HTTP/1.1" status: 204 len: 168 time: 0.5752928
2026-05-08 00:37:18.930 9 INFO neutron.db.ovn_revision_numbers_db [None req-b17adadf-2849-4d74-8a3c-1e5632fa05c1 330903d50af449629d58dd3ba0324bec a4bbebf8352349baac56de0f77cc468d - - default default] Successfully bumped revision number for resource f0034b75-d441-4182-8875-2ef700d59be2 (type: ports) to 1
2026-05-08 00:37:19.016 9 WARNING neutron.scheduler.dhcp_agent_scheduler [None req-b17adadf-2849-4d74-8a3c-1e5632fa05c1 330903d50af449629d58dd3ba0324bec a4bbebf8352349baac56de0f77cc468d - - default default] No more DHCP agents
2026-05-08 00:37:19.019 9 WARNING neutron.api.rpc.agentnotifiers.dhcp_rpc_agent_api [None req-b17adadf-2849-4d74-8a3c-1e5632fa05c1 330903d50af449629d58dd3ba0324bec a4bbebf8352349baac56de0f77cc468d - - default default] Unable to schedule network 473bae08-7620-41d6-90ef-674150a2cf7c: no agents available; will retry on subsequent port and subnet creation events.
2026-05-08 00:37:19.029 9 INFO neutron.db.ovn_revision_numbers_db [None req-12fffa55-c21d-4e6e-9228-b1307f8a4026 330903d50af449629d58dd3ba0324bec a4bbebf8352349baac56de0f77cc468d - - default default] Successfully bumped revision number for resource e4df48ef-04fe-4f48-9e0d-5f3fe4932374 (type: security_groups) to 1
2026-05-08 00:37:19.044 9 INFO neutron.db.ovn_revision_numbers_db [None req-12fffa55-c21d-4e6e-9228-b1307f8a4026 330903d50af449629d58dd3ba0324bec a4bbebf8352349baac56de0f77cc468d - - default default] Successfully bumped revision number for resource 08a6a5e7-d4dc-469b-858e-8e04c76c11e8 (type: security_group_rules) to 0
2026-05-08 00:37:19.075 9 INFO neutron.db.ovn_revision_numbers_db [None req-12fffa55-c21d-4e6e-9228-b1307f8a4026 330903d50af449629d58dd3ba0324bec a4bbebf8352349baac56de0f77cc468d - - default default] Successfully bumped revision number for resource 2b1e536a-9050-417d-8f61-e8c0a2b66a6b (type: security_group_rules) to 0
2026-05-08 00:37:19.085 10 INFO neutron.db.ovn_revision_numbers_db [None req-c7545246-52f8-48ce-88ba-e373be175e4e - - - - - -] Successfully bumped revision number for resource 35069122-ab49-4de0-a851-a719be90e683 (type: ports) to 4
2026-05-08 00:37:19.104 9 INFO neutron.db.ovn_revision_numbers_db [None req-12fffa55-c21d-4e6e-9228-b1307f8a4026 330903d50af449629d58dd3ba0324bec a4bbebf8352349baac56de0f77cc468d - - default default] Successfully bumped revision number for resource 70137fdb-f217-4f98-bdb2-e144ed121853 (type: security_group_rules) to 0
2026-05-08 00:37:19.123 9 INFO neutron.db.ovn_revision_numbers_db [None req-12fffa55-c21d-4e6e-9228-b1307f8a4026 330903d50af449629d58dd3ba0324bec a4bbebf8352349baac56de0f77cc468d - - default default] Successfully bumped revision number for resource 8b4ccd43-f5a7-4076-bc77-37b4dd764d16 (type: security_group_rules) to 0
2026-05-08 00:37:19.150 9 INFO neutron.wsgi [None req-12fffa55-c21d-4e6e-9228-b1307f8a4026 330903d50af449629d58dd3ba0324bec a4bbebf8352349baac56de0f77cc468d - - default default] 10.0.0.164 "GET /v2.0/security-groups?tenant_id=c69fd8d58d47443bba98faf4d2b4fcac&name=default HTTP/1.1" status: 200 len: 3120 time: 0.4279969
2026-05-08 00:37:19.401 10 INFO neutron.db.ovn_revision_numbers_db [None req-c7545246-52f8-48ce-88ba-e373be175e4e - - - - - -] Successfully bumped revision number for resource 35069122-ab49-4de0-a851-a719be90e683 (type: router_ports) to 4
2026-05-08 00:37:19.440 10 INFO neutron.wsgi [None req-b0a952bf-d8f0-4ba3-9a89-263785e13a90 330903d50af449629d58dd3ba0324bec a4bbebf8352349baac56de0f77cc468d - - default default] 10.0.0.164 "DELETE /v2.0/security-groups/e4df48ef-04fe-4f48-9e0d-5f3fe4932374 HTTP/1.1" status: 204 len: 168 time: 0.2821362
2026-05-08 00:37:19.506 9 INFO neutron.db.ovn_revision_numbers_db [None req-b17adadf-2849-4d74-8a3c-1e5632fa05c1 330903d50af449629d58dd3ba0324bec a4bbebf8352349baac56de0f77cc468d - - default default] Successfully bumped revision number for resource f0034b75-d441-4182-8875-2ef700d59be2 (type: router_ports) to 1
2026-05-08 00:37:19.512 9 INFO neutron.wsgi [None req-b17adadf-2849-4d74-8a3c-1e5632fa05c1 330903d50af449629d58dd3ba0324bec a4bbebf8352349baac56de0f77cc468d - - default default] 10.0.0.164 "PUT /v2.0/routers/6f70bc50-17be-4d69-8f1b-baee2092569a/add_router_interface HTTP/1.1" status: 200 len: 503 time: 2.5528131
2026-05-08 00:37:20.053 10 INFO neutron.plugins.ml2.drivers.ovn.mech_driver.mech_driver [None req-31ba4a09-84aa-4acd-a843-6099e05cc5f3 - - - - - -] OVN reports status up for port: f0034b75-d441-4182-8875-2ef700d59be2
2026-05-08 00:37:20.061 10 INFO neutron.plugins.ml2.plugin [None req-31ba4a09-84aa-4acd-a843-6099e05cc5f3 - - - - - -] Attempt 1 to provision port f0034b75-d441-4182-8875-2ef700d59be2
2026-05-08 00:37:20.105 10 WARNING neutron_lib.context [None req-cb34d5a1-a53f-4434-ab75-2b442f1a51b4 729445b70c16404ca9e61c9c07cc573d 7347a3601f6b4c129d4a9a357bb7b4d7 - - default default] Method 'is_advsvc' is deprecated since 2023.2 release (neutron-lib 3.8.0) and will be removed once support for the old RBAC API policies will be removed from Neutron. Please use method 'is_service_role' instead.
2026-05-08 00:37:20.292 10 INFO neutron.db.ovn_revision_numbers_db [None req-cb34d5a1-a53f-4434-ab75-2b442f1a51b4 729445b70c16404ca9e61c9c07cc573d 7347a3601f6b4c129d4a9a357bb7b4d7 - - default default] Successfully bumped revision number for resource 54da3b68-96c0-424b-b6e6-aec3a6563032 (type: security_groups) to 1
2026-05-08 00:37:20.310 10 INFO neutron.db.ovn_revision_numbers_db [None req-cb34d5a1-a53f-4434-ab75-2b442f1a51b4 729445b70c16404ca9e61c9c07cc573d 7347a3601f6b4c129d4a9a357bb7b4d7 - - default default] Successfully bumped revision number for resource 2165a3a1-96a1-4a1f-aadf-fe51c0af36b1 (type: security_group_rules) to 0
2026-05-08 00:37:20.325 10 INFO neutron.db.ovn_revision_numbers_db [None req-cb34d5a1-a53f-4434-ab75-2b442f1a51b4 729445b70c16404ca9e61c9c07cc573d 7347a3601f6b4c129d4a9a357bb7b4d7 - - default default] Successfully bumped revision number for resource 6ab291c8-567d-4fc0-8c59-57f9b0339379 (type: security_group_rules) to 0
2026-05-08 00:37:20.355 10 INFO neutron.wsgi [None req-cb34d5a1-a53f-4434-ab75-2b442f1a51b4 729445b70c16404ca9e61c9c07cc573d 7347a3601f6b4c129d4a9a357bb7b4d7 - - default default] 10.0.0.164 "POST /v2.0/security-groups HTTP/1.1" status: 201 len: 1860 time: 0.2540462
2026-05-08 00:37:20.366 10 WARNING neutron_lib.context [None req-0d7b1ff4-cc98-40cb-b9d9-6d77031a6d4a 729445b70c16404ca9e61c9c07cc573d 7347a3601f6b4c129d4a9a357bb7b4d7 - - default default] Method 'is_advsvc' is deprecated since 2023.2 release (neutron-lib 3.8.0) and will be removed once support for the old RBAC API policies will be removed from Neutron. Please use method 'is_service_role' instead.
2026-05-08 00:37:20.559 10 INFO neutron.db.ovn_revision_numbers_db [None req-31ba4a09-84aa-4acd-a843-6099e05cc5f3 - - - - - -] Successfully bumped revision number for resource f0034b75-d441-4182-8875-2ef700d59be2 (type: ports) to 2
2026-05-08 00:37:20.561 10 INFO neutron.db.ovn_revision_numbers_db [None req-0d7b1ff4-cc98-40cb-b9d9-6d77031a6d4a 729445b70c16404ca9e61c9c07cc573d 7347a3601f6b4c129d4a9a357bb7b4d7 - - default default] Successfully bumped revision number for resource f4217459-2cbc-4484-8b2c-80df2273cd66 (type: security_group_rules) to 0
2026-05-08 00:37:20.611 10 INFO neutron.wsgi [None req-0d7b1ff4-cc98-40cb-b9d9-6d77031a6d4a 729445b70c16404ca9e61c9c07cc573d 7347a3601f6b4c129d4a9a357bb7b4d7 - - default default] 10.0.0.164 "POST /v2.0/security-group-rules HTTP/1.1" status: 201 len: 796 time: 0.2491651
2026-05-08 00:37:20.620 9 WARNING neutron_lib.context [None req-e30f991b-9b98-43dd-9277-b8ceb4df0b8c 729445b70c16404ca9e61c9c07cc573d 7347a3601f6b4c129d4a9a357bb7b4d7 - - default default] Method 'is_advsvc' is deprecated since 2023.2 release (neutron-lib 3.8.0) and will be removed once support for the old RBAC API policies will be removed from Neutron. Please use method 'is_service_role' instead.
2026-05-08 00:37:20.725 10 INFO neutron.db.ovn_revision_numbers_db [None req-31ba4a09-84aa-4acd-a843-6099e05cc5f3 - - - - - -] Successfully bumped revision number for resource f0034b75-d441-4182-8875-2ef700d59be2 (type: router_ports) to 2
2026-05-08 00:37:20.753 9 INFO neutron.db.ovn_revision_numbers_db [None req-e30f991b-9b98-43dd-9277-b8ceb4df0b8c 729445b70c16404ca9e61c9c07cc573d 7347a3601f6b4c129d4a9a357bb7b4d7 - - default default] Successfully bumped revision number for resource e3704d0b-916b-49a1-a9a0-721328c73332 (type: security_group_rules) to 0
2026-05-08 00:37:20.781 9 INFO neutron.wsgi [None req-e30f991b-9b98-43dd-9277-b8ceb4df0b8c 729445b70c16404ca9e61c9c07cc573d 7347a3601f6b4c129d4a9a357bb7b4d7 - - default default] 10.0.0.164 "POST /v2.0/security-group-rules HTTP/1.1" status: 201 len: 801 time: 0.1662884
2026-05-08 00:37:20.792 10 WARNING neutron_lib.context [None req-ffae6cc6-8ab1-4db0-bdf4-3155f995455f 729445b70c16404ca9e61c9c07cc573d 7347a3601f6b4c129d4a9a357bb7b4d7 - - default default] Method 'is_advsvc' is deprecated since 2023.2 release (neutron-lib 3.8.0) and will be removed once support for the old RBAC API policies will be removed from Neutron. Please use method 'is_service_role' instead.
2026-05-08 00:37:20.802 9 WARNING neutron_lib.context [None req-51f56fb3-4a7e-4564-a92b-59459176acc2 883b4fa9a06f4d3094d2e3e57fbabb0c c16af8eba32e431dba0b58b268eb7357 - - default default] Method 'is_advsvc' is deprecated since 2023.2 release (neutron-lib 3.8.0) and will be removed once support for the old RBAC API policies will be removed from Neutron. Please use method 'is_service_role' instead.
2026-05-08 00:37:20.962 9 INFO neutron.db.ovn_revision_numbers_db [None req-51f56fb3-4a7e-4564-a92b-59459176acc2 883b4fa9a06f4d3094d2e3e57fbabb0c c16af8eba32e431dba0b58b268eb7357 - - default default] Successfully bumped revision number for resource 3cbd7553-ab82-4dff-b397-2b82a93ba4e4 (type: security_groups) to 1
2026-05-08 00:37:20.977 9 INFO neutron.db.ovn_revision_numbers_db [None req-51f56fb3-4a7e-4564-a92b-59459176acc2 883b4fa9a06f4d3094d2e3e57fbabb0c c16af8eba32e431dba0b58b268eb7357 - - default default] Successfully bumped revision number for resource 089b8722-9d39-4d04-8dfa-bdf35b214692 (type: security_group_rules) to 0
2026-05-08 00:37:20.993 9 INFO neutron.db.ovn_revision_numbers_db [None req-51f56fb3-4a7e-4564-a92b-59459176acc2 883b4fa9a06f4d3094d2e3e57fbabb0c c16af8eba32e431dba0b58b268eb7357 - - default default] Successfully bumped revision number for resource 1c5d62bc-be0e-4cd9-8757-3aded63ac0a5 (type: security_group_rules) to 0
2026-05-08 00:37:21.008 9 INFO neutron.db.ovn_revision_numbers_db [None req-51f56fb3-4a7e-4564-a92b-59459176acc2 883b4fa9a06f4d3094d2e3e57fbabb0c c16af8eba32e431dba0b58b268eb7357 - - default default] Successfully bumped revision number for resource a47bd5f3-c043-476e-9ee7-9429d90425dc (type: security_group_rules) to 0
2026-05-08 00:37:21.022 9 INFO neutron.db.ovn_revision_numbers_db [None req-51f56fb3-4a7e-4564-a92b-59459176acc2 883b4fa9a06f4d3094d2e3e57fbabb0c c16af8eba32e431dba0b58b268eb7357 - - default default] Successfully bumped revision number for resource d105d363-795d-449a-9c55-881b3775bd2e (type: security_group_rules) to 0
2026-05-08 00:37:21.041 10 WARNING neutron.scheduler.dhcp_agent_scheduler [None req-ffae6cc6-8ab1-4db0-bdf4-3155f995455f 729445b70c16404ca9e61c9c07cc573d 7347a3601f6b4c129d4a9a357bb7b4d7 - - default default] No more DHCP agents
2026-05-08 00:37:21.044 10 WARNING neutron.api.rpc.agentnotifiers.dhcp_rpc_agent_api [None req-ffae6cc6-8ab1-4db0-bdf4-3155f995455f 729445b70c16404ca9e61c9c07cc573d 7347a3601f6b4c129d4a9a357bb7b4d7 - - default default] Unable to schedule network 08ae7ac8-c146-48dd-bea7-7f5e2b053c72: no agents available; will retry on subsequent port and subnet creation events.
2026-05-08 00:37:21.074 9 INFO neutron.db.segments_db [None req-51f56fb3-4a7e-4564-a92b-59459176acc2 883b4fa9a06f4d3094d2e3e57fbabb0c c16af8eba32e431dba0b58b268eb7357 - - default default] Added segment e7e99348-1349-4738-b9a8-26db6c5134f6 of type geneve for network b8cc9ace-82b7-4f92-8284-0c6af4b69455
2026-05-08 00:37:21.242 9 INFO neutron.db.ovn_revision_numbers_db [None req-51f56fb3-4a7e-4564-a92b-59459176acc2 883b4fa9a06f4d3094d2e3e57fbabb0c c16af8eba32e431dba0b58b268eb7357 - - default default] Successfully bumped revision number for resource b8cc9ace-82b7-4f92-8284-0c6af4b69455 (type: networks) to 1
2026-05-08 00:37:21.290 10 INFO neutron.db.ovn_revision_numbers_db [None req-572b836f-690e-4c41-9684-1e619572a0db 330903d50af449629d58dd3ba0324bec a4bbebf8352349baac56de0f77cc468d - - default default] Successfully bumped revision number for resource 38dd467f-2bef-4931-a57d-4d4e0c170573 (type: security_groups) to 1
2026-05-08 00:37:21.318 10 INFO neutron.db.ovn_revision_numbers_db [None req-572b836f-690e-4c41-9684-1e619572a0db 330903d50af449629d58dd3ba0324bec a4bbebf8352349baac56de0f77cc468d - - default default] Successfully bumped revision number for resource 23f579bd-8f4b-42d9-a320-9099b81b53a1 (type: security_group_rules) to 0
2026-05-08 00:37:21.342 10 INFO neutron.db.ovn_revision_numbers_db [None req-572b836f-690e-4c41-9684-1e619572a0db 330903d50af449629d58dd3ba0324bec a4bbebf8352349baac56de0f77cc468d - - default default] Successfully bumped revision number for resource 4d3f3f88-be0f-4035-9bb0-db117cd8b04c (type: security_group_rules) to 0
2026-05-08 00:37:21.359 10 INFO neutron.db.ovn_revision_numbers_db [None req-572b836f-690e-4c41-9684-1e619572a0db 330903d50af449629d58dd3ba0324bec a4bbebf8352349baac56de0f77cc468d - - default default] Successfully bumped revision number for resource ea224387-7248-49e5-b7e6-58b16c4964e3 (type: security_group_rules) to 0
2026-05-08 00:37:21.375 10 INFO neutron.db.ovn_revision_numbers_db [None req-572b836f-690e-4c41-9684-1e619572a0db 330903d50af449629d58dd3ba0324bec a4bbebf8352349baac56de0f77cc468d - - default default] Successfully bumped revision number for resource fe304771-8cbd-4c1e-b046-03b3db3d2455 (type: security_group_rules) to 0
2026-05-08 00:37:21.381 10 INFO neutron.wsgi [None req-ffae6cc6-8ab1-4db0-bdf4-3155f995455f 729445b70c16404ca9e61c9c07cc573d 7347a3601f6b4c129d4a9a357bb7b4d7 - - default default] 10.0.0.164 "POST /v2.0/floatingips HTTP/1.1" status: 201 len: 751 time: 0.5957186
2026-05-08 00:37:21.398 10 INFO neutron.wsgi [None req-572b836f-690e-4c41-9684-1e619572a0db 330903d50af449629d58dd3ba0324bec a4bbebf8352349baac56de0f77cc468d - - default default] 10.0.0.164 "GET /v2.0/security-groups?tenant_id=d52cf0d8ac2d4cd79b1072ffe2247660&name=default HTTP/1.1" status: 200 len: 3120 time: 0.4521251
2026-05-08 00:37:21.511 9 WARNING neutron.scheduler.dhcp_agent_scheduler [None req-51f56fb3-4a7e-4564-a92b-59459176acc2 883b4fa9a06f4d3094d2e3e57fbabb0c c16af8eba32e431dba0b58b268eb7357 - - default default] No more DHCP agents
2026-05-08 00:37:21.519 9 WARNING neutron.api.rpc.agentnotifiers.dhcp_rpc_agent_api [None req-51f56fb3-4a7e-4564-a92b-59459176acc2 883b4fa9a06f4d3094d2e3e57fbabb0c c16af8eba32e431dba0b58b268eb7357 - - default default] Unable to schedule network b8cc9ace-82b7-4f92-8284-0c6af4b69455: no agents available; will retry on subsequent port and subnet creation events.
2026-05-08 00:37:21.592 9 INFO neutron.db.ovn_revision_numbers_db [None req-cc74a4b6-cff3-4b19-99de-06880a16d085 330903d50af449629d58dd3ba0324bec a4bbebf8352349baac56de0f77cc468d - - default default] Successfully bumped revision number for resource 144b5b94-6001-42cb-85df-c062591b34bc (type: security_groups) to 1
2026-05-08 00:37:21.629 9 INFO neutron.db.ovn_revision_numbers_db [None req-cc74a4b6-cff3-4b19-99de-06880a16d085 330903d50af449629d58dd3ba0324bec a4bbebf8352349baac56de0f77cc468d - - default default] Successfully bumped revision number for resource 310ded8a-0866-4f2e-8bcc-e8b76299bbbc (type: security_group_rules) to 0
2026-05-08 00:37:21.650 9 INFO neutron.db.ovn_revision_numbers_db [None req-51f56fb3-4a7e-4564-a92b-59459176acc2 883b4fa9a06f4d3094d2e3e57fbabb0c c16af8eba32e431dba0b58b268eb7357 - - default default] Successfully bumped revision number for resource 63e2edfc-7896-434f-971e-6dd026c780f8 (type: ports) to 1
2026-05-08 00:37:21.652 9 INFO neutron.db.ovn_revision_numbers_db [None req-cc74a4b6-cff3-4b19-99de-06880a16d085 330903d50af449629d58dd3ba0324bec a4bbebf8352349baac56de0f77cc468d - - default default] Successfully bumped revision number for resource 81494eaf-dc57-483e-b117-2db48065bc8b (type: security_group_rules) to 0
2026-05-08 00:37:21.676 9 INFO neutron.db.ovn_revision_numbers_db [None req-cc74a4b6-cff3-4b19-99de-06880a16d085 330903d50af449629d58dd3ba0324bec a4bbebf8352349baac56de0f77cc468d - - default default] Successfully bumped revision number for resource 84ead589-9c12-4a8e-a77f-6c83167f5c23 (type: security_group_rules) to 0
2026-05-08 00:37:21.685 9 INFO neutron.wsgi [None req-51f56fb3-4a7e-4564-a92b-59459176acc2 883b4fa9a06f4d3094d2e3e57fbabb0c c16af8eba32e431dba0b58b268eb7357 - - default default] 10.0.0.164 "POST /v2.0/networks HTTP/1.1" status: 201 len: 849 time: 1.1075914
2026-05-08 00:37:21.695 9 INFO neutron.db.ovn_revision_numbers_db [None req-cc74a4b6-cff3-4b19-99de-06880a16d085 330903d50af449629d58dd3ba0324bec a4bbebf8352349baac56de0f77cc468d - - default default] Successfully bumped revision number for resource e32cec57-76d5-473c-bded-940cc71b90d8 (type: security_group_rules) to 0
2026-05-08 00:37:21.700 10 WARNING neutron_lib.context [None req-2c0d7001-b70c-4406-a227-27fe29028615 883b4fa9a06f4d3094d2e3e57fbabb0c c16af8eba32e431dba0b58b268eb7357 - - default default] Method 'is_advsvc' is deprecated since 2023.2 release (neutron-lib 3.8.0) and will be removed once support for the old RBAC API policies will be removed from Neutron. Please use method 'is_service_role' instead.
2026-05-08 00:37:21.748 9 INFO neutron.db.segments_db [None req-cc74a4b6-cff3-4b19-99de-06880a16d085 330903d50af449629d58dd3ba0324bec a4bbebf8352349baac56de0f77cc468d - - default default] Added segment b7e83ba1-e2a5-405d-9165-150efa10d6c5 of type geneve for network b3342973-fd42-498e-b7d3-f29434ecd4e6
2026-05-08 00:37:21.756 9 INFO neutron.wsgi [None req-2dbe0870-1014-47d7-97ba-33927405e32f 330903d50af449629d58dd3ba0324bec a4bbebf8352349baac56de0f77cc468d - - default default] 10.0.0.164 "DELETE /v2.0/security-groups/38dd467f-2bef-4931-a57d-4d4e0c170573 HTTP/1.1" status: 204 len: 168 time: 0.3520565
2026-05-08 00:37:21.882 10 INFO neutron.wsgi [req-9e282a64-93c0-4abb-bafe-d506cb511c96 req-05ed2fa4-a55e-4866-9dd2-071f467be956 729445b70c16404ca9e61c9c07cc573d 7347a3601f6b4c129d4a9a357bb7b4d7 - - default default] 10.0.0.46 "GET /v2.0/security-groups?name=tempest-securitygroup--2073825901&fields=id&tenant_id=7347a3601f6b4c129d4a9a357bb7b4d7 HTTP/1.1" status: 200 len: 267 time: 0.0604482
2026-05-08 00:37:21.914 9 INFO neutron.db.ovn_revision_numbers_db [None req-cc74a4b6-cff3-4b19-99de-06880a16d085 330903d50af449629d58dd3ba0324bec a4bbebf8352349baac56de0f77cc468d - - default default] Successfully bumped revision number for resource b3342973-fd42-498e-b7d3-f29434ecd4e6 (type: networks) to 1
2026-05-08 00:37:21.970 10 INFO neutron.wsgi [req-9e282a64-93c0-4abb-bafe-d506cb511c96 req-8e93e5ec-00f6-41c8-a8f1-3763012c2c7b 729445b70c16404ca9e61c9c07cc573d 7347a3601f6b4c129d4a9a357bb7b4d7 - - default default] 10.0.0.46 "GET /v2.0/networks?id=473bae08-7620-41d6-90ef-674150a2cf7c HTTP/1.1" status: 200 len: 875 time: 0.0818973
2026-05-08 00:37:21.997 10 WARNING neutron.scheduler.dhcp_agent_scheduler [None req-2c0d7001-b70c-4406-a227-27fe29028615 883b4fa9a06f4d3094d2e3e57fbabb0c c16af8eba32e431dba0b58b268eb7357 - - default default] No more DHCP agents
2026-05-08 00:37:22.000 10 INFO neutron.wsgi [req-9e282a64-93c0-4abb-bafe-d506cb511c96 req-68c2108a-31af-4947-a619-fba7c9b7f8ab 729445b70c16404ca9e61c9c07cc573d 7347a3601f6b4c129d4a9a357bb7b4d7 - - default default] 10.0.0.46 "GET /v2.0/quotas/7347a3601f6b4c129d4a9a357bb7b4d7 HTTP/1.1" status: 200 len: 491 time: 0.0208211
2026-05-08 00:37:22.001 10 WARNING neutron.api.rpc.agentnotifiers.dhcp_rpc_agent_api [None req-2c0d7001-b70c-4406-a227-27fe29028615 883b4fa9a06f4d3094d2e3e57fbabb0c c16af8eba32e431dba0b58b268eb7357 - - default default] Unable to schedule network b8cc9ace-82b7-4f92-8284-0c6af4b69455: no agents available; will retry on subsequent port and subnet creation events.
2026-05-08 00:37:22.058 10 INFO neutron.db.ovn_revision_numbers_db [None req-2c0d7001-b70c-4406-a227-27fe29028615 883b4fa9a06f4d3094d2e3e57fbabb0c c16af8eba32e431dba0b58b268eb7357 - - default default] Successfully bumped revision number for resource 9ecc2f69-4b91-4fa4-b617-6127d604bff5 (type: subnets) to 0
2026-05-08 00:37:22.082 10 INFO neutron.wsgi [None req-2c0d7001-b70c-4406-a227-27fe29028615 883b4fa9a06f4d3094d2e3e57fbabb0c c16af8eba32e431dba0b58b268eb7357 - - default default] 10.0.0.164 "POST /v2.0/subnets HTTP/1.1" status: 201 len: 802 time: 0.3905358
2026-05-08 00:37:22.098 9 WARNING neutron_lib.context [None req-6bf4e4be-d3f9-410e-baa5-84c047a6e3f9 883b4fa9a06f4d3094d2e3e57fbabb0c c16af8eba32e431dba0b58b268eb7357 - - default default] Method 'is_advsvc' is deprecated since 2023.2 release (neutron-lib 3.8.0) and will be removed once support for the old RBAC API policies will be removed from Neutron. Please use method 'is_service_role' instead.
2026-05-08 00:37:22.113 9 WARNING neutron.scheduler.dhcp_agent_scheduler [None req-cc74a4b6-cff3-4b19-99de-06880a16d085 330903d50af449629d58dd3ba0324bec a4bbebf8352349baac56de0f77cc468d - - default default] No more DHCP agents
2026-05-08 00:37:22.114 10 INFO neutron.wsgi [req-9e282a64-93c0-4abb-bafe-d506cb511c96 req-a0eb19c3-addd-45e1-a267-007f2ebe4556 729445b70c16404ca9e61c9c07cc573d 7347a3601f6b4c129d4a9a357bb7b4d7 - - default default] 10.0.0.46 "GET /v2.0/ports?tenant_id=7347a3601f6b4c129d4a9a357bb7b4d7&fields=id HTTP/1.1" status: 200 len: 302 time: 0.1039195
2026-05-08 00:37:22.118 9 WARNING neutron.api.rpc.agentnotifiers.dhcp_rpc_agent_api [None req-cc74a4b6-cff3-4b19-99de-06880a16d085 330903d50af449629d58dd3ba0324bec a4bbebf8352349baac56de0f77cc468d - - default default] Unable to schedule network b3342973-fd42-498e-b7d3-f29434ecd4e6: no agents available; will retry on subsequent port and subnet creation events.
2026-05-08 00:37:22.201 10 INFO neutron.wsgi [req-9e282a64-93c0-4abb-bafe-d506cb511c96 req-c04dafe1-990a-4623-8387-7a9ee5c3cd0e 24fc9146c4be42e786447ed7cdbba6a2 29a36c9e9869458dbac8486992dbf01c - - 19de777d5095443386939b2c1b13e77b 19de777d5095443386939b2c1b13e77b] 10.0.0.46 "GET /v2.0/networks/473bae08-7620-41d6-90ef-674150a2cf7c?fields=segments HTTP/1.1" status: 200 len: 212 time: 0.0742369
2026-05-08 00:37:22.265 9 INFO neutron.db.ovn_revision_numbers_db [None req-cc74a4b6-cff3-4b19-99de-06880a16d085 330903d50af449629d58dd3ba0324bec a4bbebf8352349baac56de0f77cc468d - - default default] Successfully bumped revision number for resource 1e50e42c-093b-4276-9c20-dd9d9df5de18 (type: ports) to 1
2026-05-08 00:37:22.276 10 INFO neutron.wsgi [req-9e282a64-93c0-4abb-bafe-d506cb511c96 req-e3cf8c69-cd2d-4992-937f-f79467b86630 24fc9146c4be42e786447ed7cdbba6a2 29a36c9e9869458dbac8486992dbf01c - - 19de777d5095443386939b2c1b13e77b 19de777d5095443386939b2c1b13e77b] 10.0.0.46 "GET /v2.0/networks/473bae08-7620-41d6-90ef-674150a2cf7c?fields=provider%3Aphysical_network&fields=provider%3Anetwork_type HTTP/1.1" status: 200 len: 277 time: 0.0654795
2026-05-08 00:37:22.304 9 INFO neutron.wsgi [None req-cc74a4b6-cff3-4b19-99de-06880a16d085 330903d50af449629d58dd3ba0324bec a4bbebf8352349baac56de0f77cc468d - - default default] 10.0.0.164 "POST /v2.0/networks HTTP/1.1" status: 201 len: 943 time: 1.0232594
2026-05-08 00:37:22.439 9 INFO neutron.wsgi [req-406e9e7b-a172-4ca1-81f4-e6630f0de7d6 req-eaacc9b8-778a-49fa-a1ca-4410ea16d96b 729445b70c16404ca9e61c9c07cc573d 7347a3601f6b4c129d4a9a357bb7b4d7 - - default default] 10.0.0.46 "GET /v2.0/ports?device_id=601a3b1f-471b-44e6-97af-e021f84bd49a HTTP/1.1" status: 200 len: 210 time: 0.0380063
2026-05-08 00:37:22.485 10 WARNING neutron.scheduler.dhcp_agent_scheduler [None req-1cb31198-b1b0-4133-89f0-614ea984ed99 330903d50af449629d58dd3ba0324bec a4bbebf8352349baac56de0f77cc468d - - default default] No more DHCP agents
2026-05-08 00:37:22.487 10 WARNING neutron.api.rpc.agentnotifiers.dhcp_rpc_agent_api [None req-1cb31198-b1b0-4133-89f0-614ea984ed99 330903d50af449629d58dd3ba0324bec a4bbebf8352349baac56de0f77cc468d - - default default] Unable to schedule network b3342973-fd42-498e-b7d3-f29434ecd4e6: no agents available; will retry on subsequent port and subnet creation events.
2026-05-08 00:37:22.882 9 WARNING neutron.scheduler.dhcp_agent_scheduler [None req-6bf4e4be-d3f9-410e-baa5-84c047a6e3f9 883b4fa9a06f4d3094d2e3e57fbabb0c c16af8eba32e431dba0b58b268eb7357 - - default default] No more DHCP agents
2026-05-08 00:37:22.885 9 WARNING neutron.api.rpc.agentnotifiers.dhcp_rpc_agent_api [None req-6bf4e4be-d3f9-410e-baa5-84c047a6e3f9 883b4fa9a06f4d3094d2e3e57fbabb0c c16af8eba32e431dba0b58b268eb7357 - - default default] Unable to schedule network 08ae7ac8-c146-48dd-bea7-7f5e2b053c72: no agents available; will retry on subsequent port and subnet creation events.
2026-05-08 00:37:23.004 10 INFO neutron.db.ovn_revision_numbers_db [None req-1cb31198-b1b0-4133-89f0-614ea984ed99 330903d50af449629d58dd3ba0324bec a4bbebf8352349baac56de0f77cc468d - - default default] Successfully bumped revision number for resource 1e50e42c-093b-4276-9c20-dd9d9df5de18 (type: ports) to 2
2026-05-08 00:37:23.042 10 INFO neutron.db.ovn_revision_numbers_db [None req-1cb31198-b1b0-4133-89f0-614ea984ed99 330903d50af449629d58dd3ba0324bec a4bbebf8352349baac56de0f77cc468d - - default default] Successfully bumped revision number for resource 253171ec-b2fe-4177-b054-c8b22c97a4d2 (type: subnets) to 0
2026-05-08 00:37:23.042 9 INFO neutron.db.ovn_revision_numbers_db [None req-6bf4e4be-d3f9-410e-baa5-84c047a6e3f9 883b4fa9a06f4d3094d2e3e57fbabb0c c16af8eba32e431dba0b58b268eb7357 - - default default] Successfully bumped revision number for resource 7c3c2ad6-e4ab-4aeb-9741-6f9d7953ea54 (type: ports) to 1
2026-05-08 00:37:23.058 10 INFO neutron.wsgi [None req-1cb31198-b1b0-4133-89f0-614ea984ed99 330903d50af449629d58dd3ba0324bec a4bbebf8352349baac56de0f77cc468d - - default default] 10.0.0.164 "POST /v2.0/subnets HTTP/1.1" status: 201 len: 863 time: 0.7485766
2026-05-08 00:37:23.140 10 INFO neutron.wsgi [req-9e282a64-93c0-4abb-bafe-d506cb511c96 req-00b8f69c-bb46-4a57-9a40-f1d587a4a166 729445b70c16404ca9e61c9c07cc573d 7347a3601f6b4c129d4a9a357bb7b4d7 - - default default] 199.19.213.220 "GET /v2.0/networks?id=473bae08-7620-41d6-90ef-674150a2cf7c HTTP/1.1" status: 200 len: 875 time: 0.0691786
2026-05-08 00:37:23.220 10 INFO neutron.wsgi [req-9e282a64-93c0-4abb-bafe-d506cb511c96 req-a4e09eb2-7160-4ef1-a0ba-21747be241e8 729445b70c16404ca9e61c9c07cc573d 7347a3601f6b4c129d4a9a357bb7b4d7 - - default default] 199.19.213.220 "GET /v2.0/security-groups?fields=id&fields=name&tenant_id=7347a3601f6b4c129d4a9a357bb7b4d7 HTTP/1.1" status: 200 len: 380 time: 0.0697014
2026-05-08 00:37:23.267 10 WARNING neutron_lib.context [req-9e282a64-93c0-4abb-bafe-d506cb511c96 req-6640b372-00a7-4f37-a61a-24055984cea8 729445b70c16404ca9e61c9c07cc573d 7347a3601f6b4c129d4a9a357bb7b4d7 - - default default] Method 'is_advsvc' is deprecated since 2023.2 release (neutron-lib 3.8.0) and will be removed once support for the old RBAC API policies will be removed from Neutron. Please use method 'is_service_role' instead.
2026-05-08 00:37:23.624 10 INFO neutron.wsgi [req-6e77533e-00b7-44ff-b97d-6f4a00114cd5 req-042e5f4f-47f5-4be3-b806-6616e1bb4afb 729445b70c16404ca9e61c9c07cc573d 7347a3601f6b4c129d4a9a357bb7b4d7 - - default default] 10.0.0.46 "GET /v2.0/ports?device_id=601a3b1f-471b-44e6-97af-e021f84bd49a HTTP/1.1" status: 200 len: 210 time: 0.0237136
2026-05-08 00:37:23.801 9 INFO neutron.plugins.ml2.drivers.ovn.mech_driver.ovsdb.commands [None req-cb1d6ac1-8d5e-4ef1-b7a6-ba0b396b49a2 - - - - - -] Schedule LRP lrp-7c3c2ad6-e4ab-4aeb-9741-6f9d7953ea54 on gateway 414b40bc-0bd2-4a22-9062-2d44c6a6ad13 with priority 1
2026-05-08 00:37:23.810 9 INFO neutron.plugins.ml2.drivers.ovn.mech_driver.mech_driver [None req-1ef43080-86ca-4492-8e98-319940fb2b84 - - - - - -] OVN reports status up for port: 7c3c2ad6-e4ab-4aeb-9741-6f9d7953ea54
2026-05-08 00:37:23.830 9 INFO neutron.plugins.ml2.plugin [None req-1ef43080-86ca-4492-8e98-319940fb2b84 - - - - - -] Attempt 1 to provision port 7c3c2ad6-e4ab-4aeb-9741-6f9d7953ea54
2026-05-08 00:37:23.852 9 INFO neutron.db.ovn_revision_numbers_db [None req-6bf4e4be-d3f9-410e-baa5-84c047a6e3f9 883b4fa9a06f4d3094d2e3e57fbabb0c c16af8eba32e431dba0b58b268eb7357 - - default default] Successfully bumped revision number for resource 7c3c2ad6-e4ab-4aeb-9741-6f9d7953ea54 (type: router_ports) to 1
2026-05-08 00:37:23.900 10 WARNING neutron.scheduler.dhcp_agent_scheduler [req-9e282a64-93c0-4abb-bafe-d506cb511c96 req-6640b372-00a7-4f37-a61a-24055984cea8 729445b70c16404ca9e61c9c07cc573d 7347a3601f6b4c129d4a9a357bb7b4d7 - - default default] No more DHCP agents
2026-05-08 00:37:23.911 10 WARNING neutron.api.rpc.agentnotifiers.dhcp_rpc_agent_api [req-9e282a64-93c0-4abb-bafe-d506cb511c96 req-6640b372-00a7-4f37-a61a-24055984cea8 729445b70c16404ca9e61c9c07cc573d 7347a3601f6b4c129d4a9a357bb7b4d7 - - default default] Unable to schedule network 473bae08-7620-41d6-90ef-674150a2cf7c: no agents available; will retry on subsequent port and subnet creation events.
2026-05-08 00:37:23.916 10 WARNING neutron.scheduler.dhcp_agent_scheduler [None req-61ed4943-1082-4124-8954-72c7fbf756da 330903d50af449629d58dd3ba0324bec a4bbebf8352349baac56de0f77cc468d - - default default] No more DHCP agents
2026-05-08 00:37:23.928 10 WARNING neutron.api.rpc.agentnotifiers.dhcp_rpc_agent_api [None req-61ed4943-1082-4124-8954-72c7fbf756da 330903d50af449629d58dd3ba0324bec a4bbebf8352349baac56de0f77cc468d - - default default] Unable to schedule network 08ae7ac8-c146-48dd-bea7-7f5e2b053c72: no agents available; will retry on subsequent port and subnet creation events.
2026-05-08 00:37:23.951 9 INFO neutron.db.ovn_revision_numbers_db [None req-6bf4e4be-d3f9-410e-baa5-84c047a6e3f9 883b4fa9a06f4d3094d2e3e57fbabb0c c16af8eba32e431dba0b58b268eb7357 - - default default] Successfully bumped revision number for resource 275891eb-3fee-4247-921b-a79cf7a41ca4 (type: routers) to 2
2026-05-08 00:37:23.978 9 INFO neutron.wsgi [None req-6bf4e4be-d3f9-410e-baa5-84c047a6e3f9 883b4fa9a06f4d3094d2e3e57fbabb0c c16af8eba32e431dba0b58b268eb7357 - - default default] 10.0.0.164 "POST /v2.0/routers HTTP/1.1" status: 201 len: 1154 time: 1.8863585
2026-05-08 00:37:24.132 10 INFO neutron.db.ovn_revision_numbers_db [req-9e282a64-93c0-4abb-bafe-d506cb511c96 req-6640b372-00a7-4f37-a61a-24055984cea8 729445b70c16404ca9e61c9c07cc573d 7347a3601f6b4c129d4a9a357bb7b4d7 - - default default] Successfully bumped revision number for resource d9295ff1-e8fd-458a-875c-c825ba5ce30f (type: ports) to 1
2026-05-08 00:37:24.147 10 INFO neutron.db.ovn_revision_numbers_db [None req-61ed4943-1082-4124-8954-72c7fbf756da 330903d50af449629d58dd3ba0324bec a4bbebf8352349baac56de0f77cc468d - - default default] Successfully bumped revision number for resource fc4effee-60c7-4590-b9d8-588ab2214a47 (type: ports) to 1
2026-05-08 00:37:24.153 10 INFO neutron.wsgi [req-9e282a64-93c0-4abb-bafe-d506cb511c96 req-6640b372-00a7-4f37-a61a-24055984cea8 729445b70c16404ca9e61c9c07cc573d 7347a3601f6b4c129d4a9a357bb7b4d7 - - default default] 199.19.213.220 "POST /v2.0/ports HTTP/1.1" status: 201 len: 1162 time: 0.9119561 /var/lib/openstack/lib/python3.10/site-packages/pycadf/identifier.py:71: UserWarning: Invalid uuid: neutron. To ensure interoperability, identifiers should be a valid uuid. warnings.warn(('Invalid uuid: %s. To ensure interoperability, '
2026-05-08 00:37:24.653 9 WARNING neutron.scheduler.dhcp_agent_scheduler [None req-1dbed95d-cd71-4f6d-b0b5-153645159598 883b4fa9a06f4d3094d2e3e57fbabb0c c16af8eba32e431dba0b58b268eb7357 - - default default] No more DHCP agents
2026-05-08 00:37:24.656 9 WARNING neutron.api.rpc.agentnotifiers.dhcp_rpc_agent_api [None req-1dbed95d-cd71-4f6d-b0b5-153645159598 883b4fa9a06f4d3094d2e3e57fbabb0c c16af8eba32e431dba0b58b268eb7357 - - default default] Unable to schedule network b8cc9ace-82b7-4f92-8284-0c6af4b69455: no agents available; will retry on subsequent port and subnet creation events.
2026-05-08 00:37:24.709 10 INFO neutron.db.ovn_revision_numbers_db [req-9e282a64-93c0-4abb-bafe-d506cb511c96 req-a9a4cd71-af74-4b2c-97c8-981fc8995ac0 24fc9146c4be42e786447ed7cdbba6a2 29a36c9e9869458dbac8486992dbf01c - - 19de777d5095443386939b2c1b13e77b 19de777d5095443386939b2c1b13e77b] Successfully bumped revision number for resource d9295ff1-e8fd-458a-875c-c825ba5ce30f (type: ports) to 2
2026-05-08 00:37:24.814 9 INFO neutron.wsgi [req-6b228059-7ae8-4717-8156-9119a0636069 req-0255d08f-cc52-464c-ad62-56c53f4c3add 729445b70c16404ca9e61c9c07cc573d 7347a3601f6b4c129d4a9a357bb7b4d7 - - default default] 10.0.0.46 "GET /v2.0/ports?device_id=601a3b1f-471b-44e6-97af-e021f84bd49a HTTP/1.1" status: 200 len: 1172 time: 0.1093569
2026-05-08 00:37:24.860 9 INFO neutron.db.ovn_revision_numbers_db [None req-1dbed95d-cd71-4f6d-b0b5-153645159598 883b4fa9a06f4d3094d2e3e57fbabb0c c16af8eba32e431dba0b58b268eb7357 - - default default] Successfully bumped revision number for resource c5ed25c6-895c-4ca7-a1a0-075f03b9e26b (type: ports) to 1
2026-05-08 00:37:24.873 9 INFO neutron.wsgi [req-6b228059-7ae8-4717-8156-9119a0636069 req-024312e1-fc94-4fdf-a9aa-b561a50a27f7 729445b70c16404ca9e61c9c07cc573d 7347a3601f6b4c129d4a9a357bb7b4d7 - - default default] 10.0.0.46 "GET /v2.0/security-groups?id=54da3b68-96c0-424b-b6e6-aec3a6563032&fields=id&fields=name HTTP/1.1" status: 200 len: 313 time: 0.0391326
2026-05-08 00:37:24.974 10 INFO neutron.plugins.ml2.drivers.ovn.mech_driver.ovsdb.commands [None req-3e1ee06f-1b97-46b0-82a2-7a0e89bdb34a - - - - - -] Schedule LRP lrp-fc4effee-60c7-4590-b9d8-588ab2214a47 on gateway 414b40bc-0bd2-4a22-9062-2d44c6a6ad13 with priority 1
2026-05-08 00:37:25.232 10 INFO neutron.plugins.ml2.drivers.ovn.mech_driver.ovsdb.ovsdb_monitor [None req-c7545246-52f8-48ce-88ba-e373be175e4e - - - - - -] Router db9902d4-f89d-42ca-98e6-54679ef8f93b is bound to host instance
2026-05-08 00:37:25.238 10 INFO neutron.db.ovn_revision_numbers_db [req-9e282a64-93c0-4abb-bafe-d506cb511c96 req-a9a4cd71-af74-4b2c-97c8-981fc8995ac0 24fc9146c4be42e786447ed7cdbba6a2 29a36c9e9869458dbac8486992dbf01c - - 19de777d5095443386939b2c1b13e77b 19de777d5095443386939b2c1b13e77b] Successfully bumped revision number for resource d9295ff1-e8fd-458a-875c-c825ba5ce30f (type: ports) to 2
2026-05-08 00:37:25.267 10 WARNING neutron.plugins.ml2.drivers.ovn.mech_driver.ovsdb.ovn_client [None req-31ba4a09-84aa-4acd-a843-6099e05cc5f3 - - - - - -] No hosting information found for port f0034b75-d441-4182-8875-2ef700d59be2: RuntimeError: No hosting information found for port f0034b75-d441-4182-8875-2ef700d59be2
2026-05-08 00:37:25.267 10 INFO neutron.db.ovn_revision_numbers_db [None req-61ed4943-1082-4124-8954-72c7fbf756da 330903d50af449629d58dd3ba0324bec a4bbebf8352349baac56de0f77cc468d - - default default] Successfully bumped revision number for resource fc4effee-60c7-4590-b9d8-588ab2214a47 (type: router_ports) to 1
2026-05-08 00:37:25.297 10 INFO neutron.wsgi [req-9e282a64-93c0-4abb-bafe-d506cb511c96 req-a9a4cd71-af74-4b2c-97c8-981fc8995ac0 24fc9146c4be42e786447ed7cdbba6a2 29a36c9e9869458dbac8486992dbf01c - - 19de777d5095443386939b2c1b13e77b 19de777d5095443386939b2c1b13e77b] 199.19.213.220 "PUT /v2.0/ports/d9295ff1-e8fd-458a-875c-c825ba5ce30f HTTP/1.1" status: 200 len: 1380 time: 1.1348464 /var/lib/openstack/lib/python3.10/site-packages/pycadf/identifier.py:71: UserWarning: Invalid uuid: neutron. To ensure interoperability, identifiers should be a valid uuid. warnings.warn(('Invalid uuid: %s. To ensure interoperability, '
2026-05-08 00:37:25.353 10 INFO neutron.notifiers.nova [-] Nova event matching ['req-6fc22ee4-4651-4f11-9595-ec160ee83eac'] response: {'name': 'network-changed', 'server_uuid': '601a3b1f-471b-44e6-97af-e021f84bd49a', 'tag': 'd9295ff1-e8fd-458a-875c-c825ba5ce30f', 'status': 'completed', 'code': 200}
2026-05-08 00:37:25.393 10 INFO neutron.wsgi [req-9e282a64-93c0-4abb-bafe-d506cb511c96 req-0c620528-cc7e-4421-bdc1-df02a216e01a 24fc9146c4be42e786447ed7cdbba6a2 29a36c9e9869458dbac8486992dbf01c - - 19de777d5095443386939b2c1b13e77b 19de777d5095443386939b2c1b13e77b] 199.19.213.220 "GET /v2.0/ports?tenant_id=7347a3601f6b4c129d4a9a357bb7b4d7&device_id=601a3b1f-471b-44e6-97af-e021f84bd49a HTTP/1.1" status: 200 len: 1411 time: 0.0548024
2026-05-08 00:37:25.439 10 INFO neutron.wsgi [req-9e282a64-93c0-4abb-bafe-d506cb511c96 req-49e72664-fcd0-4620-8d13-e0b7f24f28a2 24fc9146c4be42e786447ed7cdbba6a2 29a36c9e9869458dbac8486992dbf01c - - 19de777d5095443386939b2c1b13e77b 19de777d5095443386939b2c1b13e77b] 199.19.213.220 "GET /v2.0/floatingips?fixed_ip_address=10.100.0.13&port_id=d9295ff1-e8fd-458a-875c-c825ba5ce30f HTTP/1.1" status: 200 len: 217 time: 0.0395274
2026-05-08 00:37:25.454 10 INFO neutron.db.ovn_revision_numbers_db [None req-61ed4943-1082-4124-8954-72c7fbf756da 330903d50af449629d58dd3ba0324bec a4bbebf8352349baac56de0f77cc468d - - default default] Successfully bumped revision number for resource db9902d4-f89d-42ca-98e6-54679ef8f93b (type: routers) to 2
2026-05-08 00:37:25.480 10 INFO neutron.wsgi [None req-61ed4943-1082-4124-8954-72c7fbf756da 330903d50af449629d58dd3ba0324bec a4bbebf8352349baac56de0f77cc468d - - default default] 10.0.0.164 "POST /v2.0/routers HTTP/1.1" status: 201 len: 1165 time: 2.4170306
2026-05-08 00:37:25.492 10 INFO neutron.wsgi [req-9e282a64-93c0-4abb-bafe-d506cb511c96 req-27753ff7-42c3-4b61-a74c-15738f6dc667 24fc9146c4be42e786447ed7cdbba6a2 29a36c9e9869458dbac8486992dbf01c - - 19de777d5095443386939b2c1b13e77b 19de777d5095443386939b2c1b13e77b] 199.19.213.220 "GET /v2.0/subnets?id=d74a9631-9e68-461a-b919-7acd8ea3a568 HTTP/1.1" status: 200 len: 869 time: 0.0466673
2026-05-08 00:37:25.519 10 INFO neutron.wsgi [req-9e282a64-93c0-4abb-bafe-d506cb511c96 req-2e8f4f37-979d-45e8-b7f6-94c99d447f11 24fc9146c4be42e786447ed7cdbba6a2 29a36c9e9869458dbac8486992dbf01c - - 19de777d5095443386939b2c1b13e77b 19de777d5095443386939b2c1b13e77b] 199.19.213.220 "GET /v2.0/ports?network_id=473bae08-7620-41d6-90ef-674150a2cf7c&device_owner=network%3Adhcp HTTP/1.1" status: 200 len: 210 time: 0.0191565
2026-05-08 00:37:25.614 10 INFO neutron.wsgi [req-9e282a64-93c0-4abb-bafe-d506cb511c96 req-36cbab09-d11a-4fcd-b43c-307ec73abd9a 24fc9146c4be42e786447ed7cdbba6a2 29a36c9e9869458dbac8486992dbf01c - - 19de777d5095443386939b2c1b13e77b 19de777d5095443386939b2c1b13e77b] 199.19.213.220 "GET /v2.0/networks/473bae08-7620-41d6-90ef-674150a2cf7c?fields=segments HTTP/1.1" status: 200 len: 212 time: 0.0827882
2026-05-08 00:37:25.718 10 INFO neutron.wsgi [req-9e282a64-93c0-4abb-bafe-d506cb511c96 req-acfd4e92-d70b-44b9-8714-0dbc8111c403 24fc9146c4be42e786447ed7cdbba6a2 29a36c9e9869458dbac8486992dbf01c - - 19de777d5095443386939b2c1b13e77b 19de777d5095443386939b2c1b13e77b] 199.19.213.220 "GET /v2.0/networks/473bae08-7620-41d6-90ef-674150a2cf7c?fields=provider%3Aphysical_network&fields=provider%3Anetwork_type HTTP/1.1" status: 200 len: 277 time: 0.0875204
2026-05-08 00:37:25.756 9 ERROR ovsdbapp.backend.ovs_idl.command [None req-1dbed95d-cd71-4f6d-b0b5-153645159598 883b4fa9a06f4d3094d2e3e57fbabb0c c16af8eba32e431dba0b58b268eb7357 - - default default] Error executing command (DbGetCommand): ovsdbapp.backend.ovs_idl.idlutils.RowNotFound: Cannot find Logical_Router_Port with name=lrp-c5ed25c6-895c-4ca7-a1a0-075f03b9e26b
2026-05-08 00:37:25.756 9 ERROR ovsdbapp.backend.ovs_idl.command
Traceback (most recent call last):
2026-05-08 00:37:25.756 9 ERROR ovsdbapp.backend.ovs_idl.command
File "/var/lib/openstack/lib/python3.10/site-packages/ovsdbapp/backend/ovs_idl/command.py", line 47, in execute
2026-05-08 00:37:25.756 9 ERROR ovsdbapp.backend.ovs_idl.command self.run_idl(None)
2026-05-08 00:37:25.756 9 ERROR ovsdbapp.backend.ovs_idl.command
File "/var/lib/openstack/lib/python3.10/site-packages/ovsdbapp/backend/ovs_idl/command.py", line 235, in run_idl
2026-05-08 00:37:25.756 9 ERROR ovsdbapp.backend.ovs_idl.command record = self.api.lookup(self.table, self.record)
2026-05-08 00:37:25.756 9 ERROR ovsdbapp.backend.ovs_idl.command
File "/var/lib/openstack/lib/python3.10/site-packages/ovsdbapp/backend/ovs_idl/__init__.py", line 184, in lookup
2026-05-08 00:37:25.756 9 ERROR ovsdbapp.backend.ovs_idl.command return self._lookup(table, record)
2026-05-08 00:37:25.756 9 ERROR ovsdbapp.backend.ovs_idl.command
File "/var/lib/openstack/lib/python3.10/site-packages/ovsdbapp/backend/ovs_idl/__init__.py", line 235, in _lookup
2026-05-08 00:37:25.756 9 ERROR ovsdbapp.backend.ovs_idl.command row = idlutils.row_by_value(self, rl.table, rl.column, record)
2026-05-08 00:37:25.756 9 ERROR ovsdbapp.backend.ovs_idl.command
File "/var/lib/openstack/lib/python3.10/site-packages/ovsdbapp/backend/ovs_idl/idlutils.py", line 114, in row_by_value
2026-05-08 00:37:25.756 9 ERROR ovsdbapp.backend.ovs_idl.command raise RowNotFound(table=table, col=column, match=match)
2026-05-08 00:37:25.756 9 ERROR ovsdbapp.backend.ovs_idl.command ovsdbapp.backend.ovs_idl.idlutils.RowNotFound: Cannot find Logical_Router_Port with name=lrp-c5ed25c6-895c-4ca7-a1a0-075f03b9e26b
2026-05-08 00:37:25.756 9 ERROR ovsdbapp.backend.ovs_idl.command 
2026-05-08 00:37:25.756 9 ERROR neutron_lib.callbacks.manager [None req-1dbed95d-cd71-4f6d-b0b5-153645159598 883b4fa9a06f4d3094d2e3e57fbabb0c c16af8eba32e431dba0b58b268eb7357 - - default default] Error during notification for neutron.services.ovn_l3.plugin.OVNL3RouterPlugin._port_update-8741480677103 port, after_update: ovsdbapp.backend.ovs_idl.idlutils.RowNotFound: Cannot find Logical_Router_Port with name=lrp-c5ed25c6-895c-4ca7-a1a0-075f03b9e26b
2026-05-08 00:37:25.756 9 ERROR neutron_lib.callbacks.manager
Traceback (most recent call last):
2026-05-08 00:37:25.756 9 ERROR neutron_lib.callbacks.manager
File "/var/lib/openstack/lib/python3.10/site-packages/neutron_lib/callbacks/manager.py", line 189, in _notify_loop
2026-05-08 00:37:25.756 9 ERROR neutron_lib.callbacks.manager callback.method(resource, event, trigger, payload=payload)
2026-05-08 00:37:25.756 9 ERROR neutron_lib.callbacks.manager
File "/var/lib/openstack/lib/python3.10/site-packages/neutron/services/ovn_l3/plugin.py", line 391, in _port_update
2026-05-08 00:37:25.756 9 ERROR neutron_lib.callbacks.manager l3plugin._ovn_client.update_router_port(context,
2026-05-08 00:37:25.756 9 ERROR neutron_lib.callbacks.manager
File "/var/lib/openstack/lib/python3.10/site-packages/neutron/plugins/ml2/drivers/ovn/mech_driver/ovsdb/ovn_client.py", line 1878, in update_router_port
2026-05-08 00:37:25.756 9 ERROR neutron_lib.callbacks.manager self._update_lrouter_port(context, port, if_exists=if_exists,
2026-05-08 00:37:25.756 9 ERROR neutron_lib.callbacks.manager
File "/var/lib/openstack/lib/python3.10/site-packages/neutron/plugins/ml2/drivers/ovn/mech_driver/ovsdb/ovn_client.py", line 1855, in _update_lrouter_port
2026-05-08 00:37:25.756 9 ERROR neutron_lib.callbacks.manager external_ids = self._nb_idl.db_get(
2026-05-08 00:37:25.756 9 ERROR neutron_lib.callbacks.manager
File "/var/lib/openstack/lib/python3.10/site-packages/ovsdbapp/backend/ovs_idl/command.py", line 47, in execute
2026-05-08 00:37:25.756 9 ERROR neutron_lib.callbacks.manager self.run_idl(None)
2026-05-08 00:37:25.756 9 ERROR neutron_lib.callbacks.manager
File "/var/lib/openstack/lib/python3.10/site-packages/ovsdbapp/backend/ovs_idl/command.py", line 235, in run_idl
2026-05-08 00:37:25.756 9 ERROR neutron_lib.callbacks.manager record = self.api.lookup(self.table, self.record)
2026-05-08 00:37:25.756 9 ERROR neutron_lib.callbacks.manager
File "/var/lib/openstack/lib/python3.10/site-packages/ovsdbapp/backend/ovs_idl/__init__.py", line 184, in lookup
2026-05-08 00:37:25.756 9 ERROR neutron_lib.callbacks.manager return self._lookup(table, record)
2026-05-08 00:37:25.756 9 ERROR neutron_lib.callbacks.manager
File "/var/lib/openstack/lib/python3.10/site-packages/ovsdbapp/backend/ovs_idl/__init__.py", line 235, in _lookup
2026-05-08 00:37:25.756 9 ERROR neutron_lib.callbacks.manager row = idlutils.row_by_value(self, rl.table, rl.column, record)
2026-05-08 00:37:25.756 9 ERROR neutron_lib.callbacks.manager
File "/var/lib/openstack/lib/python3.10/site-packages/ovsdbapp/backend/ovs_idl/idlutils.py", line 114, in row_by_value
2026-05-08 00:37:25.756 9 ERROR neutron_lib.callbacks.manager raise RowNotFound(table=table, col=column, match=match)
2026-05-08 00:37:25.756 9 ERROR neutron_lib.callbacks.manager ovsdbapp.backend.ovs_idl.idlutils.RowNotFound: Cannot find Logical_Router_Port with name=lrp-c5ed25c6-895c-4ca7-a1a0-075f03b9e26b
2026-05-08 00:37:25.756 9 ERROR neutron_lib.callbacks.manager 
