2026-05-08 00:38:58.110 10 INFO neutron.db.ovn_revision_numbers_db [None req-6801a639-9665-4f4b-8060-e20b575552c3 330903d50af449629d58dd3ba0324bec a4bbebf8352349baac56de0f77cc468d - - default default] Successfully bumped revision number for resource d3a5e090-4136-4a21-a6de-4fb9a3dccb61 (type: security_group_rules) to 0
2026-05-08 00:38:58.125 9 INFO neutron.db.ovn_revision_numbers_db [None req-8eb6b79f-3918-46ca-930a-a3343905a0d4 7f0c5cc19e3d4bcfac676fddd473c7d5 6cdec7ccd2ae45abb87355def8d33307 - - default default] Successfully bumped revision number for resource 89edf11b-1a2b-43a1-bbaa-ddc3ddd8ac52 (type: security_group_rules) to 0
2026-05-08 00:38:58.134 10 INFO neutron.wsgi [None req-6801a639-9665-4f4b-8060-e20b575552c3 330903d50af449629d58dd3ba0324bec a4bbebf8352349baac56de0f77cc468d - - default default] 10.0.0.164 "GET /v2.0/security-groups?tenant_id=dd707748c6bd44aba61c8b34a84ff8e7&name=default HTTP/1.1" status: 200 len: 3120 time: 0.3303366
2026-05-08 00:38:58.151 9 INFO neutron.db.ovn_revision_numbers_db [None req-8eb6b79f-3918-46ca-930a-a3343905a0d4 7f0c5cc19e3d4bcfac676fddd473c7d5 6cdec7ccd2ae45abb87355def8d33307 - - default default] Successfully bumped revision number for resource 8c95ca61-a972-4397-aff3-726711a711ea (type: security_group_rules) to 0
2026-05-08 00:38:58.233 9 INFO neutron.db.segments_db [None req-8eb6b79f-3918-46ca-930a-a3343905a0d4 7f0c5cc19e3d4bcfac676fddd473c7d5 6cdec7ccd2ae45abb87355def8d33307 - - default default] Added segment 2ab74597-f078-43e8-ae2b-1d614cfb984d of type geneve for network 84615da5-054d-4075-8cbb-afc7f050c9b5
2026-05-08 00:38:58.337 10 INFO neutron.wsgi [None req-7d996728-51fb-4acd-9aae-aa666c3795fa 330903d50af449629d58dd3ba0324bec a4bbebf8352349baac56de0f77cc468d - - default default] 10.0.0.164 "DELETE /v2.0/security-groups/6cc6ffd5-7cc5-47bc-b362-6dddca0e2052 HTTP/1.1" status: 204 len: 168 time: 0.1989429
2026-05-08 00:38:58.362 9 INFO neutron.wsgi [None req-1605b53c-cb62-464a-98eb-bc477d142cb6 83f78c7aaf434847bccd65b220634a32 c6d3ab51ff9840f5bca805800ff93904 - - default default] 10.0.0.164 "PUT /v2.0/routers/54806282-088c-45bf-af29-fb37ee6273c1 HTTP/1.1" status: 200 len: 770 time: 0.3462408
2026-05-08 00:38:58.391 10 INFO neutron.wsgi [None req-c5886c56-58a3-46dd-94ef-e7b133e35e16 83f78c7aaf434847bccd65b220634a32 c6d3ab51ff9840f5bca805800ff93904 - - default default] 10.0.0.164 "GET /v2.0/ports?device_id=54806282-088c-45bf-af29-fb37ee6273c1 HTTP/1.1" status: 200 len: 205 time: 0.0222363
2026-05-08 00:38:58.427 9 INFO neutron.db.ovn_revision_numbers_db [None req-8eb6b79f-3918-46ca-930a-a3343905a0d4 7f0c5cc19e3d4bcfac676fddd473c7d5 6cdec7ccd2ae45abb87355def8d33307 - - default default] Successfully bumped revision number for resource 84615da5-054d-4075-8cbb-afc7f050c9b5 (type: networks) to 1
2026-05-08 00:38:58.635 10 INFO neutron.wsgi [None req-09a9af44-7cc3-434d-9195-8ed3ef90a4b6 83f78c7aaf434847bccd65b220634a32 c6d3ab51ff9840f5bca805800ff93904 - - default default] 10.0.0.164 "DELETE /v2.0/routers/54806282-088c-45bf-af29-fb37ee6273c1 HTTP/1.1" status: 204 len: 168 time: 0.2313774
2026-05-08 00:38:58.644 9 WARNING neutron.scheduler.dhcp_agent_scheduler [None req-8eb6b79f-3918-46ca-930a-a3343905a0d4 7f0c5cc19e3d4bcfac676fddd473c7d5 6cdec7ccd2ae45abb87355def8d33307 - - default default] No more DHCP agents
2026-05-08 00:38:58.645 9 WARNING neutron.api.rpc.agentnotifiers.dhcp_rpc_agent_api [None req-8eb6b79f-3918-46ca-930a-a3343905a0d4 7f0c5cc19e3d4bcfac676fddd473c7d5 6cdec7ccd2ae45abb87355def8d33307 - - default default] Unable to schedule network 84615da5-054d-4075-8cbb-afc7f050c9b5: no agents available; will retry on subsequent port and subnet creation events.
2026-05-08 00:38:58.648 9 INFO neutron.db.ovn_revision_numbers_db [None req-51a94346-cd2f-4184-974d-babd99efb4fb 330903d50af449629d58dd3ba0324bec a4bbebf8352349baac56de0f77cc468d - - default default] Successfully bumped revision number for resource 3cf1c1b1-f737-4c48-8a08-3f7a4e4783ee (type: security_groups) to 1
2026-05-08 00:38:58.683 9 INFO neutron.db.ovn_revision_numbers_db [None req-51a94346-cd2f-4184-974d-babd99efb4fb 330903d50af449629d58dd3ba0324bec a4bbebf8352349baac56de0f77cc468d - - default default] Successfully bumped revision number for resource 290e0346-f5dd-411c-bce1-069e1786824a (type: security_group_rules) to 0
2026-05-08 00:38:58.701 9 INFO neutron.db.ovn_revision_numbers_db [None req-51a94346-cd2f-4184-974d-babd99efb4fb 330903d50af449629d58dd3ba0324bec a4bbebf8352349baac56de0f77cc468d - - default default] Successfully bumped revision number for resource 4ec3e076-fb62-452b-a65c-88a2c4fa0885 (type: security_group_rules) to 0
2026-05-08 00:38:58.723 9 INFO neutron.db.ovn_revision_numbers_db [None req-51a94346-cd2f-4184-974d-babd99efb4fb 330903d50af449629d58dd3ba0324bec a4bbebf8352349baac56de0f77cc468d - - default default] Successfully bumped revision number for resource ade444ef-15c2-45fd-b038-210297752cd2 (type: security_group_rules) to 0
2026-05-08 00:38:58.728 9 INFO neutron.db.ovn_revision_numbers_db [None req-8eb6b79f-3918-46ca-930a-a3343905a0d4 7f0c5cc19e3d4bcfac676fddd473c7d5 6cdec7ccd2ae45abb87355def8d33307 - - default default] Successfully bumped revision number for resource 559b68c5-8380-4fb1-a07b-471f68a438b9 (type: ports) to 1
2026-05-08 00:38:58.736 9 INFO neutron.db.ovn_revision_numbers_db [None req-51a94346-cd2f-4184-974d-babd99efb4fb 330903d50af449629d58dd3ba0324bec a4bbebf8352349baac56de0f77cc468d - - default default] Successfully bumped revision number for resource ece38337-a3e7-4c9b-a130-670bdd0a743b (type: security_group_rules) to 0
2026-05-08 00:38:58.760 9 INFO neutron.wsgi [None req-51a94346-cd2f-4184-974d-babd99efb4fb 330903d50af449629d58dd3ba0324bec a4bbebf8352349baac56de0f77cc468d - - default default] 10.0.0.164 "GET /v2.0/security-groups?tenant_id=176f04b152f14a088bdee2f9f4e3f74b&name=default HTTP/1.1" status: 200 len: 3120 time: 0.2955668
2026-05-08 00:38:58.764 9 INFO neutron.wsgi [None req-8eb6b79f-3918-46ca-930a-a3343905a0d4 7f0c5cc19e3d4bcfac676fddd473c7d5 6cdec7ccd2ae45abb87355def8d33307 - - default default] 10.0.0.164 "POST /v2.0/networks HTTP/1.1" status: 201 len: 829 time: 1.4613733
2026-05-08 00:38:58.777 10 WARNING neutron_lib.context [None req-5d6d0677-feb8-4279-9393-247038a61cbe 7f0c5cc19e3d4bcfac676fddd473c7d5 6cdec7ccd2ae45abb87355def8d33307 - - default default] Method 'is_advsvc' is deprecated since 2023.2 release (neutron-lib 3.8.0) and will be removed once support for the old RBAC API policies will be removed from Neutron. Please use method 'is_service_role' instead.
2026-05-08 00:38:58.862 10 INFO neutron.db.segments_db [None req-5d6d0677-feb8-4279-9393-247038a61cbe 7f0c5cc19e3d4bcfac676fddd473c7d5 6cdec7ccd2ae45abb87355def8d33307 - - default default] Added segment 70730cc8-be04-4a0f-a457-72cc7bcc9da1 of type geneve for network b5ffac9e-7847-4779-bf21-d1d90e9dda35
2026-05-08 00:38:58.968 9 INFO neutron.wsgi [None req-e7011768-9876-4805-b951-c936a4afa748 330903d50af449629d58dd3ba0324bec a4bbebf8352349baac56de0f77cc468d - - default default] 10.0.0.164 "DELETE /v2.0/security-groups/3cf1c1b1-f737-4c48-8a08-3f7a4e4783ee HTTP/1.1" status: 204 len: 168 time: 0.1986594
2026-05-08 00:38:59.017 10 INFO neutron.db.ovn_revision_numbers_db [None req-5d6d0677-feb8-4279-9393-247038a61cbe 7f0c5cc19e3d4bcfac676fddd473c7d5 6cdec7ccd2ae45abb87355def8d33307 - - default default] Successfully bumped revision number for resource b5ffac9e-7847-4779-bf21-d1d90e9dda35 (type: networks) to 1
2026-05-08 00:38:59.218 10 WARNING neutron.scheduler.dhcp_agent_scheduler [None req-5d6d0677-feb8-4279-9393-247038a61cbe 7f0c5cc19e3d4bcfac676fddd473c7d5 6cdec7ccd2ae45abb87355def8d33307 - - default default] No more DHCP agents
2026-05-08 00:38:59.220 10 WARNING neutron.api.rpc.agentnotifiers.dhcp_rpc_agent_api [None req-5d6d0677-feb8-4279-9393-247038a61cbe 7f0c5cc19e3d4bcfac676fddd473c7d5 6cdec7ccd2ae45abb87355def8d33307 - - default default] Unable to schedule network b5ffac9e-7847-4779-bf21-d1d90e9dda35: no agents available; will retry on subsequent port and subnet creation events.
2026-05-08 00:38:59.251 9 INFO neutron.db.ovn_revision_numbers_db [None req-a8400d3d-84d4-461a-adb0-bc936a1d4ae3 330903d50af449629d58dd3ba0324bec a4bbebf8352349baac56de0f77cc468d - - default default] Successfully bumped revision number for resource 2a7e3ceb-fb70-497e-b39c-065468a961ec (type: security_groups) to 1
2026-05-08 00:38:59.263 9 INFO neutron.db.ovn_revision_numbers_db [None req-a8400d3d-84d4-461a-adb0-bc936a1d4ae3 330903d50af449629d58dd3ba0324bec a4bbebf8352349baac56de0f77cc468d - - default default] Successfully bumped revision number for resource 0fd63a54-45b8-456c-8bdb-e57edb286517 (type: security_group_rules) to 0
2026-05-08 00:38:59.283 9 INFO neutron.db.ovn_revision_numbers_db [None req-a8400d3d-84d4-461a-adb0-bc936a1d4ae3 330903d50af449629d58dd3ba0324bec a4bbebf8352349baac56de0f77cc468d - - default default] Successfully bumped revision number for resource 30af82b5-334b-4ae0-a7c9-76b37eb3e862 (type: security_group_rules) to 0
2026-05-08 00:38:59.299 9 INFO neutron.db.ovn_revision_numbers_db [None req-a8400d3d-84d4-461a-adb0-bc936a1d4ae3 330903d50af449629d58dd3ba0324bec a4bbebf8352349baac56de0f77cc468d - - default default] Successfully bumped revision number for resource 3edbe442-5c3a-4167-bab3-aabc32569665 (type: security_group_rules) to 0
2026-05-08 00:38:59.311 9 INFO neutron.db.ovn_revision_numbers_db [None req-a8400d3d-84d4-461a-adb0-bc936a1d4ae3 330903d50af449629d58dd3ba0324bec a4bbebf8352349baac56de0f77cc468d - - default default] Successfully bumped revision number for resource 504d3e5d-6ad2-4fd0-9969-22f3cfab9f49 (type: security_group_rules) to 0
2026-05-08 00:38:59.334 10 INFO neutron.db.ovn_revision_numbers_db [None req-5d6d0677-feb8-4279-9393-247038a61cbe 7f0c5cc19e3d4bcfac676fddd473c7d5 6cdec7ccd2ae45abb87355def8d33307 - - default default] Successfully bumped revision number for resource c17f6f24-a4b4-40fb-9b5a-e0cd0a548859 (type: ports) to 1
2026-05-08 00:38:59.335 9 INFO neutron.wsgi [None req-a8400d3d-84d4-461a-adb0-bc936a1d4ae3 330903d50af449629d58dd3ba0324bec a4bbebf8352349baac56de0f77cc468d - - default default] 10.0.0.164 "GET /v2.0/security-groups?tenant_id=db5562462c2f4b5495f808d9a7b5e837&name=default HTTP/1.1" status: 200 len: 3120 time: 0.1968710
2026-05-08 00:38:59.360 10 INFO neutron.wsgi [None req-5d6d0677-feb8-4279-9393-247038a61cbe 7f0c5cc19e3d4bcfac676fddd473c7d5 6cdec7ccd2ae45abb87355def8d33307 - - default default] 10.0.0.164 "POST /v2.0/networks HTTP/1.1" status: 201 len: 829 time: 0.5883970
2026-05-08 00:38:59.370 10 WARNING neutron_lib.context [None req-7ea2afa7-8171-49e1-a876-ee26d72a27ec 7f0c5cc19e3d4bcfac676fddd473c7d5 6cdec7ccd2ae45abb87355def8d33307 - - default default] Method 'is_advsvc' is deprecated since 2023.2 release (neutron-lib 3.8.0) and will be removed once support for the old RBAC API policies will be removed from Neutron. Please use method 'is_service_role' instead.
2026-05-08 00:38:59.554 9 INFO neutron.wsgi [None req-8f696ec5-7bc6-4bfc-8151-6d8b1facc3a6 330903d50af449629d58dd3ba0324bec a4bbebf8352349baac56de0f77cc468d - - default default] 10.0.0.164 "DELETE /v2.0/security-groups/2a7e3ceb-fb70-497e-b39c-065468a961ec HTTP/1.1" status: 204 len: 168 time: 0.2126882
2026-05-08 00:38:59.601 10 WARNING neutron.scheduler.dhcp_agent_scheduler [None req-7ea2afa7-8171-49e1-a876-ee26d72a27ec 7f0c5cc19e3d4bcfac676fddd473c7d5 6cdec7ccd2ae45abb87355def8d33307 - - default default] No more DHCP agents
2026-05-08 00:38:59.604 10 WARNING neutron.api.rpc.agentnotifiers.dhcp_rpc_agent_api [None req-7ea2afa7-8171-49e1-a876-ee26d72a27ec 7f0c5cc19e3d4bcfac676fddd473c7d5 6cdec7ccd2ae45abb87355def8d33307 - - default default] Unable to schedule network 84615da5-054d-4075-8cbb-afc7f050c9b5: no agents available; will retry on subsequent port and subnet creation events.
2026-05-08 00:38:59.964 10 INFO neutron.db.ovn_revision_numbers_db [None req-2e98e6b4-cf7a-4617-b26c-80054d11547a 330903d50af449629d58dd3ba0324bec a4bbebf8352349baac56de0f77cc468d - - default default] Successfully bumped revision number for resource a4a68e1c-9cdd-4835-a0c6-451ff55a2c7f (type: security_groups) to 1
2026-05-08 00:38:59.982 10 INFO neutron.db.ovn_revision_numbers_db [None req-2e98e6b4-cf7a-4617-b26c-80054d11547a 330903d50af449629d58dd3ba0324bec a4bbebf8352349baac56de0f77cc468d - - default default] Successfully bumped revision number for resource 8e30a901-3ce2-4028-a071-859349c6154c (type: security_group_rules) to 0
2026-05-08 00:38:59.999 10 INFO neutron.db.ovn_revision_numbers_db [None req-2e98e6b4-cf7a-4617-b26c-80054d11547a 330903d50af449629d58dd3ba0324bec a4bbebf8352349baac56de0f77cc468d - - default default] Successfully bumped revision number for resource eaf74cb7-6e4e-4cc8-b127-d438b545ea55 (type: security_group_rules) to 0
2026-05-08 00:39:00.027 10 INFO neutron.db.ovn_revision_numbers_db [None req-2e98e6b4-cf7a-4617-b26c-80054d11547a 330903d50af449629d58dd3ba0324bec a4bbebf8352349baac56de0f77cc468d - - default default] Successfully bumped revision number for resource eec27538-a7a2-41ed-8ea7-c852c151e198 (type: security_group_rules) to 0
2026-05-08 00:39:00.044 10 INFO neutron.db.ovn_revision_numbers_db [None req-2e98e6b4-cf7a-4617-b26c-80054d11547a 330903d50af449629d58dd3ba0324bec a4bbebf8352349baac56de0f77cc468d - - default default] Successfully bumped revision number for resource eec411c2-b2a2-4172-a593-ae40c9465243 (type: security_group_rules) to 0
2026-05-08 00:39:00.077 10 INFO neutron.wsgi [None req-2e98e6b4-cf7a-4617-b26c-80054d11547a 330903d50af449629d58dd3ba0324bec a4bbebf8352349baac56de0f77cc468d - - default default] 10.0.0.164 "GET /v2.0/security-groups?tenant_id=c6d3ab51ff9840f5bca805800ff93904&name=default HTTP/1.1" status: 200 len: 3120 time: 0.5186884
2026-05-08 00:39:00.183 10 INFO neutron.db.ovn_revision_numbers_db [None req-7ea2afa7-8171-49e1-a876-ee26d72a27ec 7f0c5cc19e3d4bcfac676fddd473c7d5 6cdec7ccd2ae45abb87355def8d33307 - - default default] Successfully bumped revision number for resource 559b68c5-8380-4fb1-a07b-471f68a438b9 (type: ports) to 2
2026-05-08 00:39:00.215 10 INFO neutron.db.ovn_revision_numbers_db [None req-7ea2afa7-8171-49e1-a876-ee26d72a27ec 7f0c5cc19e3d4bcfac676fddd473c7d5 6cdec7ccd2ae45abb87355def8d33307 - - default default] Successfully bumped revision number for resource 4a3f23d2-ed4a-4992-aabb-fc42410f0f98 (type: subnets) to 0
2026-05-08 00:39:00.236 10 INFO neutron.wsgi [None req-7ea2afa7-8171-49e1-a876-ee26d72a27ec 7f0c5cc19e3d4bcfac676fddd473c7d5 6cdec7ccd2ae45abb87355def8d33307 - - default default] 10.0.0.164 "POST /v2.0/subnets HTTP/1.1" status: 201 len: 801 time: 0.8703575
2026-05-08 00:39:00.246 10 WARNING neutron_lib.context [None req-3d3223fd-b17d-4b9a-afbd-85cf7e898e2a 7f0c5cc19e3d4bcfac676fddd473c7d5 6cdec7ccd2ae45abb87355def8d33307 - - default default] Method 'is_advsvc' is deprecated since 2023.2 release (neutron-lib 3.8.0) and will be removed once support for the old RBAC API policies will be removed from Neutron. Please use method 'is_service_role' instead.
2026-05-08 00:39:00.317 9 INFO neutron.wsgi [None req-61fb13d9-044c-4d33-82c4-20b3bd931547 330903d50af449629d58dd3ba0324bec a4bbebf8352349baac56de0f77cc468d - - default default] 10.0.0.164 "DELETE /v2.0/security-groups/a4a68e1c-9cdd-4835-a0c6-451ff55a2c7f HTTP/1.1" status: 204 len: 168 time: 0.2315221
2026-05-08 00:39:00.496 10 WARNING neutron.scheduler.dhcp_agent_scheduler [None req-3d3223fd-b17d-4b9a-afbd-85cf7e898e2a 7f0c5cc19e3d4bcfac676fddd473c7d5 6cdec7ccd2ae45abb87355def8d33307 - - default default] No more DHCP agents
2026-05-08 00:39:00.500 10 WARNING neutron.api.rpc.agentnotifiers.dhcp_rpc_agent_api [None req-3d3223fd-b17d-4b9a-afbd-85cf7e898e2a 7f0c5cc19e3d4bcfac676fddd473c7d5 6cdec7ccd2ae45abb87355def8d33307 - - default default] Unable to schedule network b5ffac9e-7847-4779-bf21-d1d90e9dda35: no agents available; will retry on subsequent port and subnet creation events.
2026-05-08 00:39:00.626 9 INFO neutron.db.ovn_revision_numbers_db [None req-5750901e-c1d6-49be-9dad-70fdeef623b2 330903d50af449629d58dd3ba0324bec a4bbebf8352349baac56de0f77cc468d - - default default] Successfully bumped revision number for resource d89e27a9-96b6-4231-a39a-f1f87cdefb00 (type: security_groups) to 1
2026-05-08 00:39:00.645 9 INFO neutron.db.ovn_revision_numbers_db [None req-5750901e-c1d6-49be-9dad-70fdeef623b2 330903d50af449629d58dd3ba0324bec a4bbebf8352349baac56de0f77cc468d - - default default] Successfully bumped revision number for resource 09a9de98-5db3-4cd6-bf30-f6e1a449fff5 (type: security_group_rules) to 0
2026-05-08 00:39:00.659 9 INFO neutron.db.ovn_revision_numbers_db [None req-5750901e-c1d6-49be-9dad-70fdeef623b2 330903d50af449629d58dd3ba0324bec a4bbebf8352349baac56de0f77cc468d - - default default] Successfully bumped revision number for resource 55b18282-7826-4d6b-9b36-644048acbb9c (type: security_group_rules) to 0
2026-05-08 00:39:00.672 9 INFO neutron.db.ovn_revision_numbers_db [None req-5750901e-c1d6-49be-9dad-70fdeef623b2 330903d50af449629d58dd3ba0324bec a4bbebf8352349baac56de0f77cc468d - - default default] Successfully bumped revision number for resource a6682037-800d-43ac-bc73-470fea566f0e (type: security_group_rules) to 0
2026-05-08 00:39:00.686 9 INFO neutron.db.ovn_revision_numbers_db [None req-5750901e-c1d6-49be-9dad-70fdeef623b2 330903d50af449629d58dd3ba0324bec a4bbebf8352349baac56de0f77cc468d - - default default] Successfully bumped revision number for resource de455cec-4d13-4fbd-9e83-e67a5846d9eb (type: security_group_rules) to 0
2026-05-08 00:39:00.710 9 INFO neutron.wsgi [None req-5750901e-c1d6-49be-9dad-70fdeef623b2 330903d50af449629d58dd3ba0324bec a4bbebf8352349baac56de0f77cc468d - - default default] 10.0.0.164 "GET /v2.0/security-groups?tenant_id=512ffad0d0fa45dc861df2897eabf9ba&name=default HTTP/1.1" status: 200 len: 3120 time: 0.2316725
2026-05-08 00:39:00.774 9 INFO neutron.wsgi [-] 10.0.0.233 "GET / HTTP/1.1" status: 200 len: 247 time: 0.0032604
2026-05-08 00:39:00.777 9 INFO neutron.wsgi [-] 10.0.0.233 "GET / HTTP/1.1" status: 200 len: 247 time: 0.0023451
2026-05-08 00:39:01.261 10 INFO neutron.wsgi [None req-6d0b777d-f50e-4bbb-a189-dba66db98537 330903d50af449629d58dd3ba0324bec a4bbebf8352349baac56de0f77cc468d - - default default] 10.0.0.164 "DELETE /v2.0/security-groups/d89e27a9-96b6-4231-a39a-f1f87cdefb00 HTTP/1.1" status: 204 len: 168 time: 0.5445921
2026-05-08 00:39:01.293 10 INFO neutron.db.ovn_revision_numbers_db [None req-3d3223fd-b17d-4b9a-afbd-85cf7e898e2a 7f0c5cc19e3d4bcfac676fddd473c7d5 6cdec7ccd2ae45abb87355def8d33307 - - default default] Successfully bumped revision number for resource c17f6f24-a4b4-40fb-9b5a-e0cd0a548859 (type: ports) to 2
2026-05-08 00:39:01.325 10 INFO neutron.db.ovn_revision_numbers_db [None req-3d3223fd-b17d-4b9a-afbd-85cf7e898e2a 7f0c5cc19e3d4bcfac676fddd473c7d5 6cdec7ccd2ae45abb87355def8d33307 - - default default] Successfully bumped revision number for resource 414bec67-1169-4101-bc44-fe4c42b5c7d8 (type: subnets) to 0
2026-05-08 00:39:01.340 10 INFO neutron.wsgi [None req-3d3223fd-b17d-4b9a-afbd-85cf7e898e2a 7f0c5cc19e3d4bcfac676fddd473c7d5 6cdec7ccd2ae45abb87355def8d33307 - - default default] 10.0.0.164 "POST /v2.0/subnets HTTP/1.1" status: 201 len: 801 time: 1.0990028
2026-05-08 00:39:01.355 10 WARNING neutron_lib.context [None req-9c1aabf7-6496-48f9-8f27-1ebff8b8adb1 7f0c5cc19e3d4bcfac676fddd473c7d5 6cdec7ccd2ae45abb87355def8d33307 - - default default] Method 'is_advsvc' is deprecated since 2023.2 release (neutron-lib 3.8.0) and will be removed once support for the old RBAC API policies will be removed from Neutron. Please use method 'is_service_role' instead.
2026-05-08 00:39:01.472 10 INFO neutron.db.ovn_revision_numbers_db [None req-9c1aabf7-6496-48f9-8f27-1ebff8b8adb1 7f0c5cc19e3d4bcfac676fddd473c7d5 6cdec7ccd2ae45abb87355def8d33307 - - default default] Successfully bumped revision number for resource d3a3cca5-e7ed-4283-902d-403473443e6c (type: routers) to 1
2026-05-08 00:39:01.486 10 INFO neutron.wsgi [None req-9c1aabf7-6496-48f9-8f27-1ebff8b8adb1 7f0c5cc19e3d4bcfac676fddd473c7d5 6cdec7ccd2ae45abb87355def8d33307 - - default default] 10.0.0.164 "POST /v2.0/routers HTTP/1.1" status: 201 len: 802 time: 0.1385148
2026-05-08 00:39:01.544 9 INFO neutron.db.ovn_revision_numbers_db [None req-d199ed30-a42b-40bc-aa79-6c19e0ff692e 330903d50af449629d58dd3ba0324bec a4bbebf8352349baac56de0f77cc468d - - default default] Successfully bumped revision number for resource a36cbf8a-aa05-4884-b14a-1c0c48e9aa2a (type: security_groups) to 1
2026-05-08 00:39:01.557 9 INFO neutron.db.ovn_revision_numbers_db [None req-d199ed30-a42b-40bc-aa79-6c19e0ff692e 330903d50af449629d58dd3ba0324bec a4bbebf8352349baac56de0f77cc468d - - default default] Successfully bumped revision number for resource 0408a9e4-7abf-4838-aa64-d8d8dd353006 (type: security_group_rules) to 0
2026-05-08 00:39:01.571 9 INFO neutron.db.ovn_revision_numbers_db [None req-d199ed30-a42b-40bc-aa79-6c19e0ff692e 330903d50af449629d58dd3ba0324bec a4bbebf8352349baac56de0f77cc468d - - default default] Successfully bumped revision number for resource 2f1ae630-5ccf-4d0a-be1a-39b4d7c41c1b (type: security_group_rules) to 0
2026-05-08 00:39:01.584 9 INFO neutron.db.ovn_revision_numbers_db [None req-d199ed30-a42b-40bc-aa79-6c19e0ff692e 330903d50af449629d58dd3ba0324bec a4bbebf8352349baac56de0f77cc468d - - default default] Successfully bumped revision number for resource 32028914-7e92-420b-9b65-bfcf0f0ad57c (type: security_group_rules) to 0
2026-05-08 00:39:01.598 9 INFO neutron.db.ovn_revision_numbers_db [None req-d199ed30-a42b-40bc-aa79-6c19e0ff692e 330903d50af449629d58dd3ba0324bec a4bbebf8352349baac56de0f77cc468d - - default default] Successfully bumped revision number for resource 5c3647a3-43bc-4202-940b-bdb65d2b7b0d (type: security_group_rules) to 0
2026-05-08 00:39:01.623 9 INFO neutron.wsgi [None req-d199ed30-a42b-40bc-aa79-6c19e0ff692e 330903d50af449629d58dd3ba0324bec a4bbebf8352349baac56de0f77cc468d - - default default] 10.0.0.164 "GET /v2.0/security-groups?tenant_id=382c75fd8d38417296dfd50548f953d5&name=default HTTP/1.1" status: 200 len: 3120 time: 0.2059588
2026-05-08 00:39:02.108 10 WARNING neutron.scheduler.dhcp_agent_scheduler [None req-ced47f9b-237b-4744-9cda-773423ae84ca 7f0c5cc19e3d4bcfac676fddd473c7d5 6cdec7ccd2ae45abb87355def8d33307 - - default default] No more DHCP agents
2026-05-08 00:39:02.118 10 INFO neutron.wsgi [None req-b54227fd-b5a5-4848-a671-c90c8a3815c4 330903d50af449629d58dd3ba0324bec a4bbebf8352349baac56de0f77cc468d - - default default] 10.0.0.164 "DELETE /v2.0/security-groups/a36cbf8a-aa05-4884-b14a-1c0c48e9aa2a HTTP/1.1" status: 204 len: 168 time: 0.4892800
2026-05-08 00:39:02.119 10 WARNING neutron.api.rpc.agentnotifiers.dhcp_rpc_agent_api [None req-ced47f9b-237b-4744-9cda-773423ae84ca 7f0c5cc19e3d4bcfac676fddd473c7d5 6cdec7ccd2ae45abb87355def8d33307 - - default default] Unable to schedule network 84615da5-054d-4075-8cbb-afc7f050c9b5: no agents available; will retry on subsequent port and subnet creation events.
2026-05-08 00:39:02.303 10 INFO neutron.db.ovn_revision_numbers_db [None req-ced47f9b-237b-4744-9cda-773423ae84ca 7f0c5cc19e3d4bcfac676fddd473c7d5 6cdec7ccd2ae45abb87355def8d33307 - - default default] Successfully bumped revision number for resource 71c018bc-9822-4a0d-878f-9aef34949c18 (type: ports) to 1
2026-05-08 00:39:02.756 10 ERROR ovsdbapp.backend.ovs_idl.command [None req-ced47f9b-237b-4744-9cda-773423ae84ca 7f0c5cc19e3d4bcfac676fddd473c7d5 6cdec7ccd2ae45abb87355def8d33307 - - default default] Error executing command (DbGetCommand): ovsdbapp.backend.ovs_idl.idlutils.RowNotFound: Cannot find Logical_Router_Port with name=lrp-71c018bc-9822-4a0d-878f-9aef34949c18
2026-05-08 00:39:02.756 10 ERROR ovsdbapp.backend.ovs_idl.command
Traceback (most recent call last):
2026-05-08 00:39:02.756 10 ERROR ovsdbapp.backend.ovs_idl.command
File "/var/lib/openstack/lib/python3.10/site-packages/ovsdbapp/backend/ovs_idl/command.py", line 47, in execute
2026-05-08 00:39:02.756 10 ERROR ovsdbapp.backend.ovs_idl.command self.run_idl(None)
2026-05-08 00:39:02.756 10 ERROR ovsdbapp.backend.ovs_idl.command
File "/var/lib/openstack/lib/python3.10/site-packages/ovsdbapp/backend/ovs_idl/command.py", line 235, in run_idl
2026-05-08 00:39:02.756 10 ERROR ovsdbapp.backend.ovs_idl.command record = self.api.lookup(self.table, self.record)
2026-05-08 00:39:02.756 10 ERROR ovsdbapp.backend.ovs_idl.command
File "/var/lib/openstack/lib/python3.10/site-packages/ovsdbapp/backend/ovs_idl/__init__.py", line 184, in lookup
2026-05-08 00:39:02.756 10 ERROR ovsdbapp.backend.ovs_idl.command return self._lookup(table, record)
2026-05-08 00:39:02.756 10 ERROR ovsdbapp.backend.ovs_idl.command
File "/var/lib/openstack/lib/python3.10/site-packages/ovsdbapp/backend/ovs_idl/__init__.py", line 235, in _lookup
2026-05-08 00:39:02.756 10 ERROR ovsdbapp.backend.ovs_idl.command row = idlutils.row_by_value(self, rl.table, rl.column, record)
2026-05-08 00:39:02.756 10 ERROR ovsdbapp.backend.ovs_idl.command
File "/var/lib/openstack/lib/python3.10/site-packages/ovsdbapp/backend/ovs_idl/idlutils.py", line 114, in row_by_value
2026-05-08 00:39:02.756 10 ERROR ovsdbapp.backend.ovs_idl.command raise RowNotFound(table=table, col=column, match=match)
2026-05-08 00:39:02.756 10 ERROR ovsdbapp.backend.ovs_idl.command ovsdbapp.backend.ovs_idl.idlutils.RowNotFound: Cannot find Logical_Router_Port with name=lrp-71c018bc-9822-4a0d-878f-9aef34949c18
2026-05-08 00:39:02.756 10 ERROR ovsdbapp.backend.ovs_idl.command 
2026-05-08 00:39:02.756 10 ERROR neutron_lib.callbacks.manager [None req-ced47f9b-237b-4744-9cda-773423ae84ca 7f0c5cc19e3d4bcfac676fddd473c7d5 6cdec7ccd2ae45abb87355def8d33307 - - default default] Error during notification for neutron.services.ovn_l3.plugin.OVNL3RouterPlugin._port_update-8741480677103 port, after_update: ovsdbapp.backend.ovs_idl.idlutils.RowNotFound: Cannot find Logical_Router_Port with name=lrp-71c018bc-9822-4a0d-878f-9aef34949c18
2026-05-08 00:39:02.756 10 ERROR neutron_lib.callbacks.manager
Traceback (most recent call last):
2026-05-08 00:39:02.756 10 ERROR neutron_lib.callbacks.manager
File "/var/lib/openstack/lib/python3.10/site-packages/neutron_lib/callbacks/manager.py", line 189, in _notify_loop
2026-05-08 00:39:02.756 10 ERROR neutron_lib.callbacks.manager callback.method(resource, event, trigger, payload=payload)
2026-05-08 00:39:02.756 10 ERROR neutron_lib.callbacks.manager
File "/var/lib/openstack/lib/python3.10/site-packages/neutron/services/ovn_l3/plugin.py", line 391, in _port_update
2026-05-08 00:39:02.756 10 ERROR neutron_lib.callbacks.manager l3plugin._ovn_client.update_router_port(context,
2026-05-08 00:39:02.756 10 ERROR neutron_lib.callbacks.manager
File "/var/lib/openstack/lib/python3.10/site-packages/neutron/plugins/ml2/drivers/ovn/mech_driver/ovsdb/ovn_client.py", line 1878, in update_router_port
2026-05-08 00:39:02.756 10 ERROR neutron_lib.callbacks.manager self._update_lrouter_port(context, port, if_exists=if_exists,
2026-05-08 00:39:02.756 10 ERROR neutron_lib.callbacks.manager
File "/var/lib/openstack/lib/python3.10/site-packages/neutron/plugins/ml2/drivers/ovn/mech_driver/ovsdb/ovn_client.py", line 1855, in _update_lrouter_port
2026-05-08 00:39:02.756 10 ERROR neutron_lib.callbacks.manager external_ids = self._nb_idl.db_get(
2026-05-08 00:39:02.756 10 ERROR neutron_lib.callbacks.manager
File "/var/lib/openstack/lib/python3.10/site-packages/ovsdbapp/backend/ovs_idl/command.py", line 47, in execute
2026-05-08 00:39:02.756 10 ERROR neutron_lib.callbacks.manager self.run_idl(None)
2026-05-08 00:39:02.756 10 ERROR neutron_lib.callbacks.manager
File "/var/lib/openstack/lib/python3.10/site-packages/ovsdbapp/backend/ovs_idl/command.py", line 235, in run_idl
2026-05-08 00:39:02.756 10 ERROR neutron_lib.callbacks.manager record = self.api.lookup(self.table, self.record)
2026-05-08 00:39:02.756 10 ERROR neutron_lib.callbacks.manager
File "/var/lib/openstack/lib/python3.10/site-packages/ovsdbapp/backend/ovs_idl/__init__.py", line 184, in lookup
2026-05-08 00:39:02.756 10 ERROR neutron_lib.callbacks.manager return self._lookup(table, record)
2026-05-08 00:39:02.756 10 ERROR neutron_lib.callbacks.manager
File "/var/lib/openstack/lib/python3.10/site-packages/ovsdbapp/backend/ovs_idl/__init__.py", line 235, in _lookup
2026-05-08 00:39:02.756 10 ERROR neutron_lib.callbacks.manager row = idlutils.row_by_value(self, rl.table, rl.column, record)
2026-05-08 00:39:02.756 10 ERROR neutron_lib.callbacks.manager
File "/var/lib/openstack/lib/python3.10/site-packages/ovsdbapp/backend/ovs_idl/idlutils.py", line 114, in row_by_value
2026-05-08 00:39:02.756 10 ERROR neutron_lib.callbacks.manager raise RowNotFound(table=table, col=column, match=match)
2026-05-08 00:39:02.756 10 ERROR neutron_lib.callbacks.manager ovsdbapp.backend.ovs_idl.idlutils.RowNotFound: Cannot find Logical_Router_Port with name=lrp-71c018bc-9822-4a0d-878f-9aef34949c18
2026-05-08 00:39:02.756 10 ERROR neutron_lib.callbacks.manager 
2026-05-08 00:39:02.930 10 INFO neutron.plugins.ml2.drivers.ovn.mech_driver.mech_driver [None req-31ba4a09-84aa-4acd-a843-6099e05cc5f3 - - - - - -] OVN reports status up for port: 71c018bc-9822-4a0d-878f-9aef34949c18
2026-05-08 00:39:02.944 10 INFO neutron.plugins.ml2.plugin [None req-31ba4a09-84aa-4acd-a843-6099e05cc5f3 - - - - - -] Attempt 1 to provision port 71c018bc-9822-4a0d-878f-9aef34949c18
2026-05-08 00:39:02.962 10 INFO neutron.db.ovn_revision_numbers_db [None req-ced47f9b-237b-4744-9cda-773423ae84ca 7f0c5cc19e3d4bcfac676fddd473c7d5 6cdec7ccd2ae45abb87355def8d33307 - - default default] Successfully bumped revision number for resource 71c018bc-9822-4a0d-878f-9aef34949c18 (type: ports) to 1
2026-05-08 00:39:03.335 10 WARNING neutron.scheduler.dhcp_agent_scheduler [None req-ced47f9b-237b-4744-9cda-773423ae84ca 7f0c5cc19e3d4bcfac676fddd473c7d5 6cdec7ccd2ae45abb87355def8d33307 - - default default] No more DHCP agents
2026-05-08 00:39:03.368 10 WARNING neutron.api.rpc.agentnotifiers.dhcp_rpc_agent_api [None req-ced47f9b-237b-4744-9cda-773423ae84ca 7f0c5cc19e3d4bcfac676fddd473c7d5 6cdec7ccd2ae45abb87355def8d33307 - - default default] Unable to schedule network 84615da5-054d-4075-8cbb-afc7f050c9b5: no agents available; will retry on subsequent port and subnet creation events.
2026-05-08 00:39:03.589 10 INFO neutron.db.ovn_revision_numbers_db [None req-ced47f9b-237b-4744-9cda-773423ae84ca 7f0c5cc19e3d4bcfac676fddd473c7d5 6cdec7ccd2ae45abb87355def8d33307 - - default default] Successfully bumped revision number for resource 71c018bc-9822-4a0d-878f-9aef34949c18 (type: router_ports) to 1
2026-05-08 00:39:03.598 10 INFO neutron.wsgi [None req-ced47f9b-237b-4744-9cda-773423ae84ca 7f0c5cc19e3d4bcfac676fddd473c7d5 6cdec7ccd2ae45abb87355def8d33307 - - default default] 10.0.0.164 "PUT /v2.0/routers/d3a3cca5-e7ed-4283-902d-403473443e6c/add_router_interface HTTP/1.1" status: 200 len: 503 time: 2.1069119
2026-05-08 00:39:03.694 9 INFO neutron.wsgi [None req-8eb4a193-1e6f-46d0-a06c-5a8375d72a72 7f0c5cc19e3d4bcfac676fddd473c7d5 6cdec7ccd2ae45abb87355def8d33307 - - default default] 10.0.0.164 "GET /v2.0/ports/71c018bc-9822-4a0d-878f-9aef34949c18 HTTP/1.1" status: 200 len: 1137 time: 0.0894296
2026-05-08 00:39:03.764 10 INFO neutron.db.ovn_revision_numbers_db [None req-31ba4a09-84aa-4acd-a843-6099e05cc5f3 - - - - - -] Successfully bumped revision number for resource 71c018bc-9822-4a0d-878f-9aef34949c18 (type: ports) to 2
2026-05-08 00:39:03.920 10 WARNING neutron_lib.context [None req-984f2abd-96c0-43e5-a665-49f822d13ff9 f4bf1031ec3b442488d13f548c2d197a 3da8a024d0654985801479ed09a3a8ff - - default default] Method 'is_advsvc' is deprecated since 2023.2 release (neutron-lib 3.8.0) and will be removed once support for the old RBAC API policies will be removed from Neutron. Please use method 'is_service_role' instead.
2026-05-08 00:39:03.925 10 INFO neutron.db.ovn_revision_numbers_db [None req-31ba4a09-84aa-4acd-a843-6099e05cc5f3 - - - - - -] Successfully bumped revision number for resource 71c018bc-9822-4a0d-878f-9aef34949c18 (type: router_ports) to 2
2026-05-08 00:39:04.115 10 INFO neutron.db.ovn_revision_numbers_db [None req-984f2abd-96c0-43e5-a665-49f822d13ff9 f4bf1031ec3b442488d13f548c2d197a 3da8a024d0654985801479ed09a3a8ff - - default default] Successfully bumped revision number for resource 900dd5cf-dbc9-411e-8a80-380406844c88 (type: security_groups) to 1
2026-05-08 00:39:04.137 10 INFO neutron.db.ovn_revision_numbers_db [None req-984f2abd-96c0-43e5-a665-49f822d13ff9 f4bf1031ec3b442488d13f548c2d197a 3da8a024d0654985801479ed09a3a8ff - - default default] Successfully bumped revision number for resource 12c1f167-ae33-4139-9af9-31fbde9d7419 (type: security_group_rules) to 0
2026-05-08 00:39:04.160 10 INFO neutron.db.ovn_revision_numbers_db [None req-984f2abd-96c0-43e5-a665-49f822d13ff9 f4bf1031ec3b442488d13f548c2d197a 3da8a024d0654985801479ed09a3a8ff - - default default] Successfully bumped revision number for resource 1edd477c-8c86-472a-b126-4944cb19a978 (type: security_group_rules) to 0
2026-05-08 00:39:04.174 10 INFO neutron.db.ovn_revision_numbers_db [None req-984f2abd-96c0-43e5-a665-49f822d13ff9 f4bf1031ec3b442488d13f548c2d197a 3da8a024d0654985801479ed09a3a8ff - - default default] Successfully bumped revision number for resource 58dd0451-f769-4e27-826a-2521eb645193 (type: security_group_rules) to 0
2026-05-08 00:39:04.188 10 INFO neutron.db.ovn_revision_numbers_db [None req-984f2abd-96c0-43e5-a665-49f822d13ff9 f4bf1031ec3b442488d13f548c2d197a 3da8a024d0654985801479ed09a3a8ff - - default default] Successfully bumped revision number for resource e0207e13-1c6c-4ae6-b179-72982c4181a9 (type: security_group_rules) to 0
2026-05-08 00:39:04.248 10 INFO neutron.db.segments_db [None req-984f2abd-96c0-43e5-a665-49f822d13ff9 f4bf1031ec3b442488d13f548c2d197a 3da8a024d0654985801479ed09a3a8ff - - default default] Added segment c2bfd784-0708-42f9-8b4c-c8230321d73f of type geneve for network 2e667e89-4385-4fd2-9052-08e0b3b61dcc
2026-05-08 00:39:04.392 10 INFO neutron.db.ovn_revision_numbers_db [None req-984f2abd-96c0-43e5-a665-49f822d13ff9 f4bf1031ec3b442488d13f548c2d197a 3da8a024d0654985801479ed09a3a8ff - - default default] Successfully bumped revision number for resource 2e667e89-4385-4fd2-9052-08e0b3b61dcc (type: networks) to 1
2026-05-08 00:39:04.588 10 WARNING neutron.scheduler.dhcp_agent_scheduler [None req-984f2abd-96c0-43e5-a665-49f822d13ff9 f4bf1031ec3b442488d13f548c2d197a 3da8a024d0654985801479ed09a3a8ff - - default default] No more DHCP agents
2026-05-08 00:39:04.590 10 WARNING neutron.api.rpc.agentnotifiers.dhcp_rpc_agent_api [None req-984f2abd-96c0-43e5-a665-49f822d13ff9 f4bf1031ec3b442488d13f548c2d197a 3da8a024d0654985801479ed09a3a8ff - - default default] Unable to schedule network 2e667e89-4385-4fd2-9052-08e0b3b61dcc: no agents available; will retry on subsequent port and subnet creation events.
2026-05-08 00:39:04.644 9 WARNING neutron.scheduler.dhcp_agent_scheduler [None req-6d0a3436-d729-4378-847d-8925a6488025 7f0c5cc19e3d4bcfac676fddd473c7d5 6cdec7ccd2ae45abb87355def8d33307 - - default default] No more DHCP agents
2026-05-08 00:39:04.646 9 WARNING neutron.api.rpc.agentnotifiers.dhcp_rpc_agent_api [None req-6d0a3436-d729-4378-847d-8925a6488025 7f0c5cc19e3d4bcfac676fddd473c7d5 6cdec7ccd2ae45abb87355def8d33307 - - default default] Unable to schedule network b5ffac9e-7847-4779-bf21-d1d90e9dda35: no agents available; will retry on subsequent port and subnet creation events.
2026-05-08 00:39:04.670 10 INFO neutron.db.ovn_revision_numbers_db [None req-984f2abd-96c0-43e5-a665-49f822d13ff9 f4bf1031ec3b442488d13f548c2d197a 3da8a024d0654985801479ed09a3a8ff - - default default] Successfully bumped revision number for resource bb874cbb-b6f0-4f0f-9a42-e6b38e2a8b70 (type: ports) to 1
2026-05-08 00:39:04.693 10 INFO neutron.wsgi [None req-984f2abd-96c0-43e5-a665-49f822d13ff9 f4bf1031ec3b442488d13f548c2d197a 3da8a024d0654985801479ed09a3a8ff - - default default] 10.0.0.164 "POST /v2.0/networks HTTP/1.1" status: 201 len: 831 time: 1.0092444
2026-05-08 00:39:04.707 10 WARNING neutron_lib.context [None req-e2a472a7-fbd2-4a23-9c7b-adc61b52880f f4bf1031ec3b442488d13f548c2d197a 3da8a024d0654985801479ed09a3a8ff - - default default] Method 'is_advsvc' is deprecated since 2023.2 release (neutron-lib 3.8.0) and will be removed once support for the old RBAC API policies will be removed from Neutron. Please use method 'is_service_role' instead.
2026-05-08 00:39:04.803 9 INFO neutron.db.ovn_revision_numbers_db [None req-6d0a3436-d729-4378-847d-8925a6488025 7f0c5cc19e3d4bcfac676fddd473c7d5 6cdec7ccd2ae45abb87355def8d33307 - - default default] Successfully bumped revision number for resource b95dbde2-b29e-436a-bb93-523e61407094 (type: ports) to 1
2026-05-08 00:39:04.976 10 WARNING neutron.scheduler.dhcp_agent_scheduler [None req-e2a472a7-fbd2-4a23-9c7b-adc61b52880f f4bf1031ec3b442488d13f548c2d197a 3da8a024d0654985801479ed09a3a8ff - - default default] No more DHCP agents
2026-05-08 00:39:04.979 10 WARNING neutron.api.rpc.agentnotifiers.dhcp_rpc_agent_api [None req-e2a472a7-fbd2-4a23-9c7b-adc61b52880f f4bf1031ec3b442488d13f548c2d197a 3da8a024d0654985801479ed09a3a8ff - - default default] Unable to schedule network 2e667e89-4385-4fd2-9052-08e0b3b61dcc: no agents available; will retry on subsequent port and subnet creation events.
2026-05-08 00:39:05.071 10 INFO neutron.db.ovn_revision_numbers_db [None req-e2a472a7-fbd2-4a23-9c7b-adc61b52880f f4bf1031ec3b442488d13f548c2d197a 3da8a024d0654985801479ed09a3a8ff - - default default] Successfully bumped revision number for resource 50582371-c7b3-4b5d-ac96-c8fb5282c04f (type: ports) to 1
2026-05-08 00:39:05.095 10 INFO neutron.wsgi [None req-e2a472a7-fbd2-4a23-9c7b-adc61b52880f f4bf1031ec3b442488d13f548c2d197a 3da8a024d0654985801479ed09a3a8ff - - default default] 10.0.0.164 "POST /v2.0/ports HTTP/1.1" status: 201 len: 942 time: 0.3937130 /var/lib/openstack/lib/python3.10/site-packages/pycadf/identifier.py:71: UserWarning: Invalid uuid: neutron. To ensure interoperability, identifiers should be a valid uuid. warnings.warn(('Invalid uuid: %s. To ensure interoperability, '
2026-05-08 00:39:05.105 10 WARNING neutron_lib.context [None req-d09c034c-1fe0-4078-a638-0112aefc37e3 f4bf1031ec3b442488d13f548c2d197a 3da8a024d0654985801479ed09a3a8ff - - default default] Method 'is_advsvc' is deprecated since 2023.2 release (neutron-lib 3.8.0) and will be removed once support for the old RBAC API policies will be removed from Neutron. Please use method 'is_service_role' instead.
2026-05-08 00:39:05.331 10 INFO neutron.wsgi [None req-d09c034c-1fe0-4078-a638-0112aefc37e3 f4bf1031ec3b442488d13f548c2d197a 3da8a024d0654985801479ed09a3a8ff - - default default] 10.0.0.164 "POST /v2.0/trunks HTTP/1.1" status: 201 len: 608 time: 0.2301624
2026-05-08 00:39:05.341 10 WARNING neutron_lib.context [None req-c5381bb6-ecb7-4347-ae4a-75cc66d51947 f4bf1031ec3b442488d13f548c2d197a 3da8a024d0654985801479ed09a3a8ff - - default default] Method 'is_advsvc' is deprecated since 2023.2 release (neutron-lib 3.8.0) and will be removed once support for the old RBAC API policies will be removed from Neutron. Please use method 'is_service_role' instead.
2026-05-08 00:39:05.404 9 ERROR ovsdbapp.backend.ovs_idl.command [None req-6d0a3436-d729-4378-847d-8925a6488025 7f0c5cc19e3d4bcfac676fddd473c7d5 6cdec7ccd2ae45abb87355def8d33307 - - default default] Error executing command (DbGetCommand): ovsdbapp.backend.ovs_idl.idlutils.RowNotFound: Cannot find Logical_Router_Port with name=lrp-b95dbde2-b29e-436a-bb93-523e61407094
2026-05-08 00:39:05.404 9 ERROR ovsdbapp.backend.ovs_idl.command
Traceback (most recent call last):
2026-05-08 00:39:05.404 9 ERROR ovsdbapp.backend.ovs_idl.command
File "/var/lib/openstack/lib/python3.10/site-packages/ovsdbapp/backend/ovs_idl/command.py", line 47, in execute
2026-05-08 00:39:05.404 9 ERROR ovsdbapp.backend.ovs_idl.command self.run_idl(None)
2026-05-08 00:39:05.404 9 ERROR ovsdbapp.backend.ovs_idl.command
File "/var/lib/openstack/lib/python3.10/site-packages/ovsdbapp/backend/ovs_idl/command.py", line 235, in run_idl
2026-05-08 00:39:05.404 9 ERROR ovsdbapp.backend.ovs_idl.command record = self.api.lookup(self.table, self.record)
2026-05-08 00:39:05.404 9 ERROR ovsdbapp.backend.ovs_idl.command
File "/var/lib/openstack/lib/python3.10/site-packages/ovsdbapp/backend/ovs_idl/__init__.py", line 184, in lookup
2026-05-08 00:39:05.404 9 ERROR ovsdbapp.backend.ovs_idl.command return self._lookup(table, record)
2026-05-08 00:39:05.404 9 ERROR ovsdbapp.backend.ovs_idl.command
File "/var/lib/openstack/lib/python3.10/site-packages/ovsdbapp/backend/ovs_idl/__init__.py", line 235, in _lookup
2026-05-08 00:39:05.404 9 ERROR ovsdbapp.backend.ovs_idl.command row = idlutils.row_by_value(self, rl.table, rl.column, record)
2026-05-08 00:39:05.404 9 ERROR ovsdbapp.backend.ovs_idl.command
File "/var/lib/openstack/lib/python3.10/site-packages/ovsdbapp/backend/ovs_idl/idlutils.py", line 114, in row_by_value
2026-05-08 00:39:05.404 9 ERROR ovsdbapp.backend.ovs_idl.command raise RowNotFound(table=table, col=column, match=match)
2026-05-08 00:39:05.404 9 ERROR ovsdbapp.backend.ovs_idl.command ovsdbapp.backend.ovs_idl.idlutils.RowNotFound: Cannot find Logical_Router_Port with name=lrp-b95dbde2-b29e-436a-bb93-523e61407094
2026-05-08 00:39:05.404 9 ERROR ovsdbapp.backend.ovs_idl.command 
2026-05-08 00:39:05.405 9 ERROR neutron_lib.callbacks.manager [None req-6d0a3436-d729-4378-847d-8925a6488025 7f0c5cc19e3d4bcfac676fddd473c7d5 6cdec7ccd2ae45abb87355def8d33307 - - default default] Error during notification for neutron.services.ovn_l3.plugin.OVNL3RouterPlugin._port_update-8741480677103 port, after_update: ovsdbapp.backend.ovs_idl.idlutils.RowNotFound: Cannot find Logical_Router_Port with name=lrp-b95dbde2-b29e-436a-bb93-523e61407094
2026-05-08 00:39:05.405 9 ERROR neutron_lib.callbacks.manager
Traceback (most recent call last):
2026-05-08 00:39:05.405 9 ERROR neutron_lib.callbacks.manager
File "/var/lib/openstack/lib/python3.10/site-packages/neutron_lib/callbacks/manager.py", line 189, in _notify_loop
2026-05-08 00:39:05.405 9 ERROR neutron_lib.callbacks.manager callback.method(resource, event, trigger, payload=payload)
2026-05-08 00:39:05.405 9 ERROR neutron_lib.callbacks.manager
File "/var/lib/openstack/lib/python3.10/site-packages/neutron/services/ovn_l3/plugin.py", line 391, in _port_update
2026-05-08 00:39:05.405 9 ERROR neutron_lib.callbacks.manager l3plugin._ovn_client.update_router_port(context,
2026-05-08 00:39:05.405 9 ERROR neutron_lib.callbacks.manager
File "/var/lib/openstack/lib/python3.10/site-packages/neutron/plugins/ml2/drivers/ovn/mech_driver/ovsdb/ovn_client.py", line 1878, in update_router_port
2026-05-08 00:39:05.405 9 ERROR neutron_lib.callbacks.manager self._update_lrouter_port(context, port, if_exists=if_exists,
2026-05-08 00:39:05.405 9 ERROR neutron_lib.callbacks.manager
File "/var/lib/openstack/lib/python3.10/site-packages/neutron/plugins/ml2/drivers/ovn/mech_driver/ovsdb/ovn_client.py", line 1855, in _update_lrouter_port
2026-05-08 00:39:05.405 9 ERROR neutron_lib.callbacks.manager external_ids = self._nb_idl.db_get(
2026-05-08 00:39:05.405 9 ERROR neutron_lib.callbacks.manager
File "/var/lib/openstack/lib/python3.10/site-packages/ovsdbapp/backend/ovs_idl/command.py", line 47, in execute
2026-05-08 00:39:05.405 9 ERROR neutron_lib.callbacks.manager self.run_idl(None)
2026-05-08 00:39:05.405 9 ERROR neutron_lib.callbacks.manager
File "/var/lib/openstack/lib/python3.10/site-packages/ovsdbapp/backend/ovs_idl/command.py", line 235, in run_idl
2026-05-08 00:39:05.405 9 ERROR neutron_lib.callbacks.manager record = self.api.lookup(self.table, self.record)
2026-05-08 00:39:05.405 9 ERROR neutron_lib.callbacks.manager
File "/var/lib/openstack/lib/python3.10/site-packages/ovsdbapp/backend/ovs_idl/__init__.py", line 184, in lookup
2026-05-08 00:39:05.405 9 ERROR neutron_lib.callbacks.manager return self._lookup(table, record)
2026-05-08 00:39:05.405 9 ERROR neutron_lib.callbacks.manager
File "/var/lib/openstack/lib/python3.10/site-packages/ovsdbapp/backend/ovs_idl/__init__.py", line 235, in _lookup
2026-05-08 00:39:05.405 9 ERROR neutron_lib.callbacks.manager row = idlutils.row_by_value(self, rl.table, rl.column, record)
2026-05-08 00:39:05.405 9 ERROR neutron_lib.callbacks.manager
File "/var/lib/openstack/lib/python3.10/site-packages/ovsdbapp/backend/ovs_idl/idlutils.py", line 114, in row_by_value
2026-05-08 00:39:05.405 9 ERROR neutron_lib.callbacks.manager raise RowNotFound(table=table, col=column, match=match)
2026-05-08 00:39:05.405 9 ERROR neutron_lib.callbacks.manager ovsdbapp.backend.ovs_idl.idlutils.RowNotFound: Cannot find Logical_Router_Port with name=lrp-b95dbde2-b29e-436a-bb93-523e61407094
2026-05-08 00:39:05.405 9 ERROR neutron_lib.callbacks.manager 
2026-05-08 00:39:05.431 10 INFO neutron.db.segments_db [None req-c5381bb6-ecb7-4347-ae4a-75cc66d51947 f4bf1031ec3b442488d13f548c2d197a 3da8a024d0654985801479ed09a3a8ff - - default default] Added segment d993594f-3cc5-4852-be40-9cdd7e091cae of type geneve for network 8729d12c-d535-480b-95f8-e137c0529aac
2026-05-08 00:39:05.587 10 INFO neutron.db.ovn_revision_numbers_db [None req-c5381bb6-ecb7-4347-ae4a-75cc66d51947 f4bf1031ec3b442488d13f548c2d197a 3da8a024d0654985801479ed09a3a8ff - - default default] Successfully bumped revision number for resource 8729d12c-d535-480b-95f8-e137c0529aac (type: networks) to 1
2026-05-08 00:39:05.620 9 INFO neutron.plugins.ml2.drivers.ovn.mech_driver.mech_driver [None req-1ef43080-86ca-4492-8e98-319940fb2b84 - - - - - -] OVN reports status up for port: b95dbde2-b29e-436a-bb93-523e61407094
2026-05-08 00:39:05.635 9 INFO neutron.plugins.ml2.plugin [None req-1ef43080-86ca-4492-8e98-319940fb2b84 - - - - - -] Attempt 1 to provision port b95dbde2-b29e-436a-bb93-523e61407094
2026-05-08 00:39:05.654 9 INFO neutron.db.ovn_revision_numbers_db [None req-6d0a3436-d729-4378-847d-8925a6488025 7f0c5cc19e3d4bcfac676fddd473c7d5 6cdec7ccd2ae45abb87355def8d33307 - - default default] Successfully bumped revision number for resource b95dbde2-b29e-436a-bb93-523e61407094 (type: ports) to 1
2026-05-08 00:39:05.738 9 WARNING neutron.scheduler.dhcp_agent_scheduler [None req-6d0a3436-d729-4378-847d-8925a6488025 7f0c5cc19e3d4bcfac676fddd473c7d5 6cdec7ccd2ae45abb87355def8d33307 - - default default] No more DHCP agents
2026-05-08 00:39:05.741 9 WARNING neutron.api.rpc.agentnotifiers.dhcp_rpc_agent_api [None req-6d0a3436-d729-4378-847d-8925a6488025 7f0c5cc19e3d4bcfac676fddd473c7d5 6cdec7ccd2ae45abb87355def8d33307 - - default default] Unable to schedule network b5ffac9e-7847-4779-bf21-d1d90e9dda35: no agents available; will retry on subsequent port and subnet creation events.
2026-05-08 00:39:05.790 10 WARNING neutron.scheduler.dhcp_agent_scheduler [None req-c5381bb6-ecb7-4347-ae4a-75cc66d51947 f4bf1031ec3b442488d13f548c2d197a 3da8a024d0654985801479ed09a3a8ff - - default default] No more DHCP agents
2026-05-08 00:39:05.791 10 WARNING neutron.api.rpc.agentnotifiers.dhcp_rpc_agent_api [None req-c5381bb6-ecb7-4347-ae4a-75cc66d51947 f4bf1031ec3b442488d13f548c2d197a 3da8a024d0654985801479ed09a3a8ff - - default default] Unable to schedule network 8729d12c-d535-480b-95f8-e137c0529aac: no agents available; will retry on subsequent port and subnet creation events.
2026-05-08 00:39:05.876 10 INFO neutron.db.ovn_revision_numbers_db [None req-c5381bb6-ecb7-4347-ae4a-75cc66d51947 f4bf1031ec3b442488d13f548c2d197a 3da8a024d0654985801479ed09a3a8ff - - default default] Successfully bumped revision number for resource f8b0eff2-69e6-42ce-9f83-d4656c19c579 (type: ports) to 1
2026-05-08 00:39:05.905 10 INFO neutron.wsgi [None req-c5381bb6-ecb7-4347-ae4a-75cc66d51947 f4bf1031ec3b442488d13f548c2d197a 3da8a024d0654985801479ed09a3a8ff - - default default] 10.0.0.164 "POST /v2.0/networks HTTP/1.1" status: 201 len: 830 time: 0.5685952
2026-05-08 00:39:05.914 10 WARNING neutron_lib.context [None req-4dce7c32-05ee-4615-a48a-6153e6bb1a2b f4bf1031ec3b442488d13f548c2d197a 3da8a024d0654985801479ed09a3a8ff - - default default] Method 'is_advsvc' is deprecated since 2023.2 release (neutron-lib 3.8.0) and will be removed once support for the old RBAC API policies will be removed from Neutron. Please use method 'is_service_role' instead.
2026-05-08 00:39:05.980 9 INFO neutron.db.ovn_revision_numbers_db [None req-6d0a3436-d729-4378-847d-8925a6488025 7f0c5cc19e3d4bcfac676fddd473c7d5 6cdec7ccd2ae45abb87355def8d33307 - - default default] Successfully bumped revision number for resource b95dbde2-b29e-436a-bb93-523e61407094 (type: router_ports) to 1
2026-05-08 00:39:05.986 9 INFO neutron.wsgi [None req-6d0a3436-d729-4378-847d-8925a6488025 7f0c5cc19e3d4bcfac676fddd473c7d5 6cdec7ccd2ae45abb87355def8d33307 - - default default] 10.0.0.164 "PUT /v2.0/routers/d3a3cca5-e7ed-4283-902d-403473443e6c/add_router_interface HTTP/1.1" status: 200 len: 503 time: 2.2871058
2026-05-08 00:39:06.109 9 INFO neutron.wsgi [None req-19e6bf7f-c33f-4efb-986b-a6b096a7005d 7f0c5cc19e3d4bcfac676fddd473c7d5 6cdec7ccd2ae45abb87355def8d33307 - - default default] 10.0.0.164 "GET /v2.0/ports/b95dbde2-b29e-436a-bb93-523e61407094 HTTP/1.1" status: 200 len: 1137 time: 0.1166205
2026-05-08 00:39:06.177 10 WARNING neutron.scheduler.dhcp_agent_scheduler [None req-4dce7c32-05ee-4615-a48a-6153e6bb1a2b f4bf1031ec3b442488d13f548c2d197a 3da8a024d0654985801479ed09a3a8ff - - default default] No more DHCP agents
2026-05-08 00:39:06.182 10 WARNING neutron.api.rpc.agentnotifiers.dhcp_rpc_agent_api [None req-4dce7c32-05ee-4615-a48a-6153e6bb1a2b f4bf1031ec3b442488d13f548c2d197a 3da8a024d0654985801479ed09a3a8ff - - default default] Unable to schedule network 8729d12c-d535-480b-95f8-e137c0529aac: no agents available; will retry on subsequent port and subnet creation events.
