2026-05-08 00:35:50.844 9 INFO neutron.wsgi [req-6da50145-baf3-4b2a-95df-46453ef71761 req-a2ffe87f-cfba-4f16-a01d-5db5681bc9c9 1edb265be5714fd4aad9e02a3a17933c 55f23130dc38451d9fa9a20188bcbffe - - default default] 10.0.0.46 "GET /v2.0/security-groups/204e2c45-2853-45f6-a190-c47ad4dc4412 HTTP/1.1" status: 200 len: 1881 time: 0.0335028
2026-05-08 00:35:50.976 9 INFO neutron.db.ovn_revision_numbers_db [None req-14c6f0e5-3ad3-452a-9eab-945cc96ec950 330903d50af449629d58dd3ba0324bec a4bbebf8352349baac56de0f77cc468d - - default default] Successfully bumped revision number for resource 5226349c-7245-40c7-b86c-9804a262c0ad (type: router_ports) to 1
2026-05-08 00:35:50.981 9 INFO neutron.wsgi [None req-14c6f0e5-3ad3-452a-9eab-945cc96ec950 330903d50af449629d58dd3ba0324bec a4bbebf8352349baac56de0f77cc468d - - default default] 10.0.0.164 "PUT /v2.0/routers/7a44e24e-ec95-4c89-86ab-4fe3a769d420/add_router_interface HTTP/1.1" status: 200 len: 503 time: 2.9527304
2026-05-08 00:35:51.001 9 INFO neutron.wsgi [req-6da50145-baf3-4b2a-95df-46453ef71761 req-0b8bb717-74f5-4cb1-a67f-51a056d8b004 1edb265be5714fd4aad9e02a3a17933c 55f23130dc38451d9fa9a20188bcbffe - - default default] 10.0.0.46 "DELETE /v2.0/security-groups/204e2c45-2853-45f6-a190-c47ad4dc4412 HTTP/1.1" status: 204 len: 173 time: 0.1484363
2026-05-08 00:35:51.033 9 INFO neutron.api.v2.resource [req-f76707e2-6039-472f-8c25-6ba68b8176ca req-eaf83799-5647-47d4-bdce-cb38d0f3e206 1edb265be5714fd4aad9e02a3a17933c 55f23130dc38451d9fa9a20188bcbffe - - default default] show failed (client error): The resource could not be found.
2026-05-08 00:35:51.034 10 INFO neutron.wsgi [req-fc0e25c8-1f31-4079-a653-13f4f219f719 req-939313c5-49de-4605-b88e-161e08a66ea1 37713a99cf034b79b4a9125d21541bbd e7fc023965cf49a89995c2a1b73e55c5 - - default default] 10.0.0.46 "DELETE /v2.0/security-group-rules/761ad5cd-bf12-4da2-9836-94227b922f90 HTTP/1.1" status: 204 len: 173 time: 0.2130606
2026-05-08 00:35:51.034 9 INFO neutron.wsgi [req-f76707e2-6039-472f-8c25-6ba68b8176ca req-eaf83799-5647-47d4-bdce-cb38d0f3e206 1edb265be5714fd4aad9e02a3a17933c 55f23130dc38451d9fa9a20188bcbffe - - default default] 10.0.0.46 "GET /v2.0/security-groups/204e2c45-2853-45f6-a190-c47ad4dc4412 HTTP/1.1" status: 404 len: 352 time: 0.0161417
2026-05-08 00:35:51.095 9 INFO neutron.wsgi [req-c60a29cd-cee0-4d6d-86ad-3e4b82f3ceab req-005b4950-aa90-4c85-b0ca-9250cb90561f 37713a99cf034b79b4a9125d21541bbd e7fc023965cf49a89995c2a1b73e55c5 - - default default] 10.0.0.46 "GET /v2.0/security-groups/0a6b1e9a-e98f-471a-848e-49bac1950e00 HTTP/1.1" status: 200 len: 2510 time: 0.0363336
2026-05-08 00:35:51.219 9 INFO neutron.wsgi [req-c60a29cd-cee0-4d6d-86ad-3e4b82f3ceab req-230afdef-2ce0-4a30-8c65-280fa5bcfdcf 37713a99cf034b79b4a9125d21541bbd e7fc023965cf49a89995c2a1b73e55c5 - - default default] 10.0.0.46 "DELETE /v2.0/security-groups/0a6b1e9a-e98f-471a-848e-49bac1950e00 HTTP/1.1" status: 204 len: 173 time: 0.1148965
2026-05-08 00:35:51.225 10 INFO neutron.wsgi [req-d3e4b6fe-0c30-40b5-8c10-efba6be6fd30 req-1e947cf4-675d-403a-8cae-bbd8c85e88ac 1edb265be5714fd4aad9e02a3a17933c 55f23130dc38451d9fa9a20188bcbffe - - default default] 10.0.0.46 "GET /v2.0/security-groups/739caba0-61fb-4047-967a-afa54f96bb38 HTTP/1.1" status: 200 len: 1881 time: 0.0289409
2026-05-08 00:35:51.270 9 INFO neutron.wsgi [req-b9e74667-80b5-450d-9510-6fc39322737b req-254e1578-dd7a-42a2-a232-912ccd224fc2 37713a99cf034b79b4a9125d21541bbd e7fc023965cf49a89995c2a1b73e55c5 - - default default] 10.0.0.46 "GET /v2.0/security-groups/08e75216-e1d5-4911-ae64-4a20a4241020 HTTP/1.1" status: 200 len: 2509 time: 0.0340421
2026-05-08 00:35:51.294 10 INFO neutron.db.ovn_revision_numbers_db [None req-c7545246-52f8-48ce-88ba-e373be175e4e - - - - - -] Successfully bumped revision number for resource e2cc9353-d8d3-4dc3-b608-e13a16a0348c (type: ports) to 1
2026-05-08 00:35:51.368 10 INFO neutron.wsgi [req-d3e4b6fe-0c30-40b5-8c10-efba6be6fd30 req-114db4e4-304d-468b-99cc-aff4a8801c62 1edb265be5714fd4aad9e02a3a17933c 55f23130dc38451d9fa9a20188bcbffe - - default default] 10.0.0.46 "DELETE /v2.0/security-groups/739caba0-61fb-4047-967a-afa54f96bb38 HTTP/1.1" status: 204 len: 173 time: 0.1350029
2026-05-08 00:35:51.405 9 INFO neutron.wsgi [req-b9e74667-80b5-450d-9510-6fc39322737b req-06294b87-3a38-4eba-b915-ebf2027fb181 37713a99cf034b79b4a9125d21541bbd e7fc023965cf49a89995c2a1b73e55c5 - - default default] 10.0.0.46 "DELETE /v2.0/security-groups/08e75216-e1d5-4911-ae64-4a20a4241020 HTTP/1.1" status: 204 len: 173 time: 0.1289418
2026-05-08 00:35:51.444 9 INFO neutron.api.v2.resource [req-1e76b501-f4a3-43ed-98cf-16a793bd3e79 req-e2651e40-02b9-493e-834e-b4ead88e2a2b 1edb265be5714fd4aad9e02a3a17933c 55f23130dc38451d9fa9a20188bcbffe - - default default] show failed (client error): The resource could not be found.
2026-05-08 00:35:51.445 9 INFO neutron.wsgi [req-1e76b501-f4a3-43ed-98cf-16a793bd3e79 req-e2651e40-02b9-493e-834e-b4ead88e2a2b 1edb265be5714fd4aad9e02a3a17933c 55f23130dc38451d9fa9a20188bcbffe - - default default] 10.0.0.46 "GET /v2.0/security-groups/739caba0-61fb-4047-967a-afa54f96bb38 HTTP/1.1" status: 404 len: 352 time: 0.0125952
2026-05-08 00:35:51.479 10 WARNING neutron_lib.context [None req-8022766a-4c3d-45d7-a8a4-7ab59187421b 6efd0f80059e4fefb277c705dd5c34cf 7fb7f97610ff4818b56fbcd58954e67c - - default default] Method 'is_advsvc' is deprecated since 2023.2 release (neutron-lib 3.8.0) and will be removed once support for the old RBAC API policies will be removed from Neutron. Please use method 'is_service_role' instead.
2026-05-08 00:35:51.653 10 INFO neutron.db.ovn_revision_numbers_db [None req-8022766a-4c3d-45d7-a8a4-7ab59187421b 6efd0f80059e4fefb277c705dd5c34cf 7fb7f97610ff4818b56fbcd58954e67c - - default default] Successfully bumped revision number for resource de0280be-d959-434d-bf4a-7da01bb4f9c5 (type: security_groups) to 1
2026-05-08 00:35:51.660 9 INFO neutron.wsgi [req-7285a7f1-014a-4fd2-91df-ddd7e6f62b1a req-03490eb3-4470-4a4b-906e-04e54cfc7209 1edb265be5714fd4aad9e02a3a17933c 55f23130dc38451d9fa9a20188bcbffe - - default default] 10.0.0.46 "GET /v2.0/security-groups?tenant_id=55f23130dc38451d9fa9a20188bcbffe HTTP/1.1" status: 200 len: 3121 time: 0.1928828
2026-05-08 00:35:51.674 10 INFO neutron.db.ovn_revision_numbers_db [None req-8022766a-4c3d-45d7-a8a4-7ab59187421b 6efd0f80059e4fefb277c705dd5c34cf 7fb7f97610ff4818b56fbcd58954e67c - - default default] Successfully bumped revision number for resource 81bf0b94-6976-4a07-8e0d-3e8cfde87222 (type: security_group_rules) to 0
2026-05-08 00:35:51.692 10 INFO neutron.db.ovn_revision_numbers_db [None req-8022766a-4c3d-45d7-a8a4-7ab59187421b 6efd0f80059e4fefb277c705dd5c34cf 7fb7f97610ff4818b56fbcd58954e67c - - default default] Successfully bumped revision number for resource fa060202-865f-46e1-91cc-c4646e471f7a (type: security_group_rules) to 0
2026-05-08 00:35:51.717 10 INFO neutron.wsgi [None req-8022766a-4c3d-45d7-a8a4-7ab59187421b 6efd0f80059e4fefb277c705dd5c34cf 7fb7f97610ff4818b56fbcd58954e67c - - default default] 10.0.0.164 "POST /v2.0/security-groups HTTP/1.1" status: 201 len: 1860 time: 0.2424846
2026-05-08 00:35:51.724 9 INFO neutron.wsgi [req-7285a7f1-014a-4fd2-91df-ddd7e6f62b1a req-3d7a5107-5e9b-4f9a-b960-f1e1cc03443c 1edb265be5714fd4aad9e02a3a17933c 55f23130dc38451d9fa9a20188bcbffe - - default default] 10.0.0.46 "GET /v2.0/security-groups/6220e24b-d523-4f68-8dd7-819203804a22 HTTP/1.1" status: 200 len: 3118 time: 0.0561690
2026-05-08 00:35:51.727 10 WARNING neutron_lib.context [None req-6068c8e0-53c4-4e37-9c13-c736f98d5369 6efd0f80059e4fefb277c705dd5c34cf 7fb7f97610ff4818b56fbcd58954e67c - - default default] Method 'is_advsvc' is deprecated since 2023.2 release (neutron-lib 3.8.0) and will be removed once support for the old RBAC API policies will be removed from Neutron. Please use method 'is_service_role' instead.
2026-05-08 00:35:51.765 10 INFO neutron.db.ovn_revision_numbers_db [None req-c7545246-52f8-48ce-88ba-e373be175e4e - - - - - -] Successfully bumped revision number for resource e2cc9353-d8d3-4dc3-b608-e13a16a0348c (type: router_ports) to 3
2026-05-08 00:35:51.782 9 INFO neutron.wsgi [req-7285a7f1-014a-4fd2-91df-ddd7e6f62b1a req-9eb516d7-55ef-41cf-9053-1f47ab68c1fb 1edb265be5714fd4aad9e02a3a17933c 55f23130dc38451d9fa9a20188bcbffe - - default default] 10.0.0.46 "GET /v2.0/security-groups/6220e24b-d523-4f68-8dd7-819203804a22 HTTP/1.1" status: 200 len: 3118 time: 0.0486114
2026-05-08 00:35:51.844 10 INFO neutron.api.v2.resource [req-434a0f9e-f767-4197-b7f6-4a059c08a397 req-c550c3e5-fd25-4483-a06a-21c6d1d63fde 1edb265be5714fd4aad9e02a3a17933c 55f23130dc38451d9fa9a20188bcbffe - - default default] show failed (client error): The resource could not be found.
2026-05-08 00:35:51.845 10 INFO neutron.wsgi [req-434a0f9e-f767-4197-b7f6-4a059c08a397 req-c550c3e5-fd25-4483-a06a-21c6d1d63fde 1edb265be5714fd4aad9e02a3a17933c 55f23130dc38451d9fa9a20188bcbffe - - default default] 10.0.0.46 "GET /v2.0/security-groups/739caba0-61fb-4047-967a-afa54f96bb38 HTTP/1.1" status: 404 len: 352 time: 0.0174377
2026-05-08 00:35:51.889 9 INFO neutron.api.v2.resource [req-4aabc23b-567a-41a3-b2f8-9879436e4dc9 req-c6e5d603-fb0d-4664-81ba-0e80e8008bd9 1edb265be5714fd4aad9e02a3a17933c 55f23130dc38451d9fa9a20188bcbffe - - default default] show failed (client error): The resource could not be found.
2026-05-08 00:35:51.891 9 INFO neutron.wsgi [req-4aabc23b-567a-41a3-b2f8-9879436e4dc9 req-c6e5d603-fb0d-4664-81ba-0e80e8008bd9 1edb265be5714fd4aad9e02a3a17933c 55f23130dc38451d9fa9a20188bcbffe - - default default] 10.0.0.46 "GET /v2.0/security-groups/204e2c45-2853-45f6-a190-c47ad4dc4412 HTTP/1.1" status: 404 len: 352 time: 0.0194490
2026-05-08 00:35:51.930 10 INFO neutron.api.v2.resource [req-8cd89b81-237e-4088-ba3e-000ee7912e4e req-1f74a43d-a081-4b94-9f3a-1a467b792b3a 1edb265be5714fd4aad9e02a3a17933c 55f23130dc38451d9fa9a20188bcbffe - - default default] show failed (client error): The resource could not be found.
2026-05-08 00:35:51.932 10 INFO neutron.wsgi [req-8cd89b81-237e-4088-ba3e-000ee7912e4e req-1f74a43d-a081-4b94-9f3a-1a467b792b3a 1edb265be5714fd4aad9e02a3a17933c 55f23130dc38451d9fa9a20188bcbffe - - default default] 10.0.0.46 "GET /v2.0/security-groups/2ab5cd7e-b1cb-48eb-8cd0-96df6c015c28 HTTP/1.1" status: 404 len: 352 time: 0.0167179
2026-05-08 00:35:51.944 10 INFO neutron.db.ovn_revision_numbers_db [None req-6068c8e0-53c4-4e37-9c13-c736f98d5369 6efd0f80059e4fefb277c705dd5c34cf 7fb7f97610ff4818b56fbcd58954e67c - - default default] Successfully bumped revision number for resource 93947c69-cab4-4929-8e09-bfeddf7605a4 (type: security_group_rules) to 0
2026-05-08 00:35:51.978 10 INFO neutron.wsgi [None req-6068c8e0-53c4-4e37-9c13-c736f98d5369 6efd0f80059e4fefb277c705dd5c34cf 7fb7f97610ff4818b56fbcd58954e67c - - default default] 10.0.0.164 "POST /v2.0/security-group-rules HTTP/1.1" status: 201 len: 796 time: 0.2543876
2026-05-08 00:35:51.990 10 WARNING neutron_lib.context [None req-4b66e2c8-afeb-4116-afa2-4356e29d5d23 6efd0f80059e4fefb277c705dd5c34cf 7fb7f97610ff4818b56fbcd58954e67c - - default default] Method 'is_advsvc' is deprecated since 2023.2 release (neutron-lib 3.8.0) and will be removed once support for the old RBAC API policies will be removed from Neutron. Please use method 'is_service_role' instead.
2026-05-08 00:35:52.074 10 INFO neutron.db.ovn_revision_numbers_db [None req-c7545246-52f8-48ce-88ba-e373be175e4e - - - - - -] Successfully bumped revision number for resource e2cc9353-d8d3-4dc3-b608-e13a16a0348c (type: ports) to 2
2026-05-08 00:35:52.209 10 INFO neutron.db.ovn_revision_numbers_db [None req-4b66e2c8-afeb-4116-afa2-4356e29d5d23 6efd0f80059e4fefb277c705dd5c34cf 7fb7f97610ff4818b56fbcd58954e67c - - default default] Successfully bumped revision number for resource cd163749-19f6-40cd-a008-d51d0b410789 (type: security_group_rules) to 0
2026-05-08 00:35:52.252 10 INFO neutron.wsgi [None req-4b66e2c8-afeb-4116-afa2-4356e29d5d23 6efd0f80059e4fefb277c705dd5c34cf 7fb7f97610ff4818b56fbcd58954e67c - - default default] 10.0.0.164 "POST /v2.0/security-group-rules HTTP/1.1" status: 201 len: 801 time: 0.2679346
2026-05-08 00:35:52.264 9 WARNING neutron_lib.context [None req-d969ef6c-aac7-40b1-b75e-d2ead652c256 6efd0f80059e4fefb277c705dd5c34cf 7fb7f97610ff4818b56fbcd58954e67c - - default default] Method 'is_advsvc' is deprecated since 2023.2 release (neutron-lib 3.8.0) and will be removed once support for the old RBAC API policies will be removed from Neutron. Please use method 'is_service_role' instead.
2026-05-08 00:35:52.535 10 INFO neutron.db.ovn_revision_numbers_db [None req-c7545246-52f8-48ce-88ba-e373be175e4e - - - - - -] Successfully bumped revision number for resource e2cc9353-d8d3-4dc3-b608-e13a16a0348c (type: ports) to 4
2026-05-08 00:35:52.738 10 WARNING neutron.plugins.ml2.drivers.ovn.mech_driver.ovsdb.ovn_client [None req-31ba4a09-84aa-4acd-a843-6099e05cc5f3 - - - - - -] No port found with ID dd152e71-cb8e-44fd-b591-36549b1862fe: RuntimeError: No port found with ID dd152e71-cb8e-44fd-b591-36549b1862fe
2026-05-08 00:35:52.839 10 INFO neutron.db.ovn_revision_numbers_db [None req-c7545246-52f8-48ce-88ba-e373be175e4e - - - - - -] Successfully bumped revision number for resource e2cc9353-d8d3-4dc3-b608-e13a16a0348c (type: router_ports) to 4
2026-05-08 00:35:52.985 9 WARNING neutron.scheduler.dhcp_agent_scheduler [None req-d969ef6c-aac7-40b1-b75e-d2ead652c256 6efd0f80059e4fefb277c705dd5c34cf 7fb7f97610ff4818b56fbcd58954e67c - - default default] No more DHCP agents
2026-05-08 00:35:52.990 9 WARNING neutron.api.rpc.agentnotifiers.dhcp_rpc_agent_api [None req-d969ef6c-aac7-40b1-b75e-d2ead652c256 6efd0f80059e4fefb277c705dd5c34cf 7fb7f97610ff4818b56fbcd58954e67c - - default default] Unable to schedule network 08ae7ac8-c146-48dd-bea7-7f5e2b053c72: no agents available; will retry on subsequent port and subnet creation events.
2026-05-08 00:35:53.784 9 INFO neutron.wsgi [None req-d969ef6c-aac7-40b1-b75e-d2ead652c256 6efd0f80059e4fefb277c705dd5c34cf 7fb7f97610ff4818b56fbcd58954e67c - - default default] 10.0.0.164 "POST /v2.0/floatingips HTTP/1.1" status: 201 len: 751 time: 1.5249622
2026-05-08 00:35:53.995 9 INFO neutron.wsgi [None req-7a87c3d2-45d7-4c31-812d-e14e9e5b7b01 330903d50af449629d58dd3ba0324bec a4bbebf8352349baac56de0f77cc468d - - default default] 10.0.0.164 "PUT /v2.0/routers/9f9164b7-2dd8-4be3-bf90-22e147ccd5b0/remove_router_interface HTTP/1.1" status: 200 len: 503 time: 2.5816751 /var/lib/openstack/lib/python3.10/site-packages/pycadf/identifier.py:71: UserWarning: Invalid uuid: neutron. To ensure interoperability, identifiers should be a valid uuid. warnings.warn(('Invalid uuid: %s. To ensure interoperability, '
2026-05-08 00:35:54.268 9 INFO neutron.wsgi [req-707b0212-04ab-4e6a-98e8-83147d2dca7a req-832b6b60-19b6-40c9-ab75-efccb0e60194 6efd0f80059e4fefb277c705dd5c34cf 7fb7f97610ff4818b56fbcd58954e67c - - default default] 10.0.0.46 "GET /v2.0/security-groups?name=tempest-securitygroup--1842816004&fields=id&tenant_id=7fb7f97610ff4818b56fbcd58954e67c HTTP/1.1" status: 200 len: 267 time: 0.0705209
2026-05-08 00:35:54.381 9 INFO neutron.wsgi [req-707b0212-04ab-4e6a-98e8-83147d2dca7a req-b8703bd7-e94d-4cdc-acf3-01c15a744f8a 6efd0f80059e4fefb277c705dd5c34cf 7fb7f97610ff4818b56fbcd58954e67c - - default default] 10.0.0.46 "GET /v2.0/networks?id=878b6afe-b524-4477-b9cc-2fcebb716ffd HTTP/1.1" status: 200 len: 881 time: 0.0967877
2026-05-08 00:35:54.404 9 INFO neutron.wsgi [req-707b0212-04ab-4e6a-98e8-83147d2dca7a req-fe3d508a-b211-4734-ae9c-699be0b81e77 6efd0f80059e4fefb277c705dd5c34cf 7fb7f97610ff4818b56fbcd58954e67c - - default default] 10.0.0.46 "GET /v2.0/quotas/7fb7f97610ff4818b56fbcd58954e67c HTTP/1.1" status: 200 len: 491 time: 0.0155225
2026-05-08 00:35:54.530 9 INFO neutron.wsgi [None req-a1d92235-403a-4a43-8c11-dee9158cbc70 330903d50af449629d58dd3ba0324bec a4bbebf8352349baac56de0f77cc468d - - default default] 10.0.0.164 "PUT /v2.0/routers/588307bd-b517-4506-868c-0bae15cbda10/remove_router_interface HTTP/1.1" status: 200 len: 503 time: 2.5893064
2026-05-08 00:35:54.558 9 INFO neutron.wsgi [req-707b0212-04ab-4e6a-98e8-83147d2dca7a req-cef64ec1-0d79-4b05-b600-adf766f42f60 6efd0f80059e4fefb277c705dd5c34cf 7fb7f97610ff4818b56fbcd58954e67c - - default default] 10.0.0.46 "GET /v2.0/ports?tenant_id=7fb7f97610ff4818b56fbcd58954e67c&fields=id HTTP/1.1" status: 200 len: 302 time: 0.1451960
2026-05-08 00:35:54.660 10 INFO neutron.wsgi [req-928fb0ad-73a3-4f6b-8fee-a785d08eccaa req-b077b4c8-00f8-42fd-bac1-54634f32b9ee 03893a547fd042869654ec86b014fe26 38477635f84f4cf4bbc30dc3ff19eb25 - - default default] 10.0.0.46 "GET /v2.0/security-groups?name=tempest-securitygroup--1860270621&fields=id&tenant_id=38477635f84f4cf4bbc30dc3ff19eb25 HTTP/1.1" status: 200 len: 267 time: 0.0764573
2026-05-08 00:35:54.808 10 INFO neutron.wsgi [req-928fb0ad-73a3-4f6b-8fee-a785d08eccaa req-74cc7430-11e8-4963-b95f-9ea2c7f6d51a 03893a547fd042869654ec86b014fe26 38477635f84f4cf4bbc30dc3ff19eb25 - - default default] 10.0.0.46 "GET /v2.0/networks?id=049006e5-5bdb-4ab1-b3dd-3d7cf3264075 HTTP/1.1" status: 200 len: 878 time: 0.1394289
2026-05-08 00:35:54.840 10 INFO neutron.wsgi [req-928fb0ad-73a3-4f6b-8fee-a785d08eccaa req-3297abf4-64da-4d8e-aa4f-48d9bf03dabc 03893a547fd042869654ec86b014fe26 38477635f84f4cf4bbc30dc3ff19eb25 - - default default] 10.0.0.46 "GET /v2.0/quotas/38477635f84f4cf4bbc30dc3ff19eb25 HTTP/1.1" status: 200 len: 491 time: 0.0239422 /var/lib/openstack/lib/python3.10/site-packages/pycadf/identifier.py:71: UserWarning: Invalid uuid: neutron. To ensure interoperability, identifiers should be a valid uuid. warnings.warn(('Invalid uuid: %s. To ensure interoperability, '
2026-05-08 00:35:54.970 9 INFO neutron.wsgi [req-707b0212-04ab-4e6a-98e8-83147d2dca7a req-e0d1f27f-ebff-4062-95f8-283670d75b07 24fc9146c4be42e786447ed7cdbba6a2 29a36c9e9869458dbac8486992dbf01c - - 19de777d5095443386939b2c1b13e77b 19de777d5095443386939b2c1b13e77b] 10.0.0.46 "GET /v2.0/extensions HTTP/1.1" status: 200 len: 18683 time: 0.0534589
2026-05-08 00:35:55.040 9 INFO neutron.wsgi [req-707b0212-04ab-4e6a-98e8-83147d2dca7a req-a66e3621-3cd5-4b6f-b981-9f9f9295437c 24fc9146c4be42e786447ed7cdbba6a2 29a36c9e9869458dbac8486992dbf01c - - 19de777d5095443386939b2c1b13e77b 19de777d5095443386939b2c1b13e77b] 10.0.0.46 "GET /v2.0/networks/878b6afe-b524-4477-b9cc-2fcebb716ffd?fields=segments HTTP/1.1" status: 200 len: 212 time: 0.0601418
2026-05-08 00:35:55.046 10 INFO neutron.wsgi [req-928fb0ad-73a3-4f6b-8fee-a785d08eccaa req-23a209d5-c8c7-4c49-a5c3-3b6ae5ee2cec 03893a547fd042869654ec86b014fe26 38477635f84f4cf4bbc30dc3ff19eb25 - - default default] 10.0.0.46 "GET /v2.0/ports?tenant_id=38477635f84f4cf4bbc30dc3ff19eb25&fields=id HTTP/1.1" status: 200 len: 302 time: 0.1922257
2026-05-08 00:35:55.108 9 INFO neutron.wsgi [req-707b0212-04ab-4e6a-98e8-83147d2dca7a req-7426f232-87db-4f46-85d8-d7f4bca8bf1c 24fc9146c4be42e786447ed7cdbba6a2 29a36c9e9869458dbac8486992dbf01c - - 19de777d5095443386939b2c1b13e77b 19de777d5095443386939b2c1b13e77b] 10.0.0.46 "GET /v2.0/networks/878b6afe-b524-4477-b9cc-2fcebb716ffd?fields=provider%3Aphysical_network&fields=provider%3Anetwork_type HTTP/1.1" status: 200 len: 277 time: 0.0579660
2026-05-08 00:35:55.134 9 WARNING neutron.plugins.ml2.drivers.ovn.mech_driver.ovsdb.ovn_client [None req-1ef43080-86ca-4492-8e98-319940fb2b84 - - - - - -] No hosting information found for port a34b43be-8222-4d3d-ad9d-841794a41877: RuntimeError: No hosting information found for port a34b43be-8222-4d3d-ad9d-841794a41877
2026-05-08 00:35:55.134 9 INFO neutron.plugins.ml2.drivers.ovn.mech_driver.mech_driver [None req-1ef43080-86ca-4492-8e98-319940fb2b84 - - - - - -] OVN reports status up for port: ce2deb4e-bf05-44b6-8357-7f5a27156dce
2026-05-08 00:35:55.151 9 INFO neutron.plugins.ml2.drivers.ovn.mech_driver.mech_driver [None req-1ef43080-86ca-4492-8e98-319940fb2b84 - - - - - -] OVN reports status up for port: e2cc9353-d8d3-4dc3-b608-e13a16a0348c
2026-05-08 00:35:55.162 9 INFO neutron.plugins.ml2.plugin [None req-1ef43080-86ca-4492-8e98-319940fb2b84 - - - - - -] Attempt 1 to provision port e2cc9353-d8d3-4dc3-b608-e13a16a0348c
2026-05-08 00:35:55.238 9 INFO neutron.plugins.ml2.drivers.ovn.mech_driver.mech_driver [None req-1ef43080-86ca-4492-8e98-319940fb2b84 - - - - - -] OVN reports status up for port: 5226349c-7245-40c7-b86c-9804a262c0ad
2026-05-08 00:35:55.246 9 INFO neutron.plugins.ml2.plugin [None req-1ef43080-86ca-4492-8e98-319940fb2b84 - - - - - -] Attempt 1 to provision port 5226349c-7245-40c7-b86c-9804a262c0ad
2026-05-08 00:35:55.298 9 INFO neutron.wsgi [req-75bbc5ff-9747-43e4-aff1-09445db901d8 req-477ea73d-14f6-40da-9077-b325d85e1903 6efd0f80059e4fefb277c705dd5c34cf 7fb7f97610ff4818b56fbcd58954e67c - - default default] 10.0.0.46 "GET /v2.0/ports?device_id=f63f338f-181f-49d9-901d-c2eb2f5e2c37 HTTP/1.1" status: 200 len: 210 time: 0.0292926
2026-05-08 00:35:55.370 10 INFO neutron.wsgi [None req-9e5f9dd6-6084-4bea-9396-e3ea52d0d199 330903d50af449629d58dd3ba0324bec a4bbebf8352349baac56de0f77cc468d - - default default] 10.0.0.164 "DELETE /v2.0/routers/9f9164b7-2dd8-4be3-bf90-22e147ccd5b0 HTTP/1.1" status: 204 len: 168 time: 1.3700113
2026-05-08 00:35:55.461 10 INFO neutron.wsgi [req-928fb0ad-73a3-4f6b-8fee-a785d08eccaa req-c577b51d-ae81-43ac-9ff3-fa259a15fdbf 24fc9146c4be42e786447ed7cdbba6a2 29a36c9e9869458dbac8486992dbf01c - - 19de777d5095443386939b2c1b13e77b 19de777d5095443386939b2c1b13e77b] 10.0.0.46 "GET /v2.0/extensions HTTP/1.1" status: 200 len: 18683 time: 0.0562167
2026-05-08 00:35:55.594 10 INFO neutron.wsgi [req-928fb0ad-73a3-4f6b-8fee-a785d08eccaa req-1b0378d2-57ae-4631-a5c6-a42df520be32 24fc9146c4be42e786447ed7cdbba6a2 29a36c9e9869458dbac8486992dbf01c - - 19de777d5095443386939b2c1b13e77b 19de777d5095443386939b2c1b13e77b] 10.0.0.46 "GET /v2.0/networks/049006e5-5bdb-4ab1-b3dd-3d7cf3264075?fields=segments HTTP/1.1" status: 200 len: 212 time: 0.1219432
2026-05-08 00:35:55.699 10 INFO neutron.wsgi [None req-e4759b76-fdf8-464b-b6ce-f61632b93196 330903d50af449629d58dd3ba0324bec a4bbebf8352349baac56de0f77cc468d - - default default] 10.0.0.164 "DELETE /v2.0/subnets/5636649a-b244-4773-9cff-f6f0b54cd4e7 HTTP/1.1" status: 204 len: 168 time: 0.3220983
2026-05-08 00:35:55.703 10 INFO neutron.wsgi [req-928fb0ad-73a3-4f6b-8fee-a785d08eccaa req-a45084ce-d957-4717-8d7b-286799a26abf 24fc9146c4be42e786447ed7cdbba6a2 29a36c9e9869458dbac8486992dbf01c - - 19de777d5095443386939b2c1b13e77b 19de777d5095443386939b2c1b13e77b] 10.0.0.46 "GET /v2.0/networks/049006e5-5bdb-4ab1-b3dd-3d7cf3264075?fields=provider%3Aphysical_network&fields=provider%3Anetwork_type HTTP/1.1" status: 200 len: 277 time: 0.1014030
2026-05-08 00:35:55.703 9 INFO neutron.db.ovn_revision_numbers_db [None req-1ef43080-86ca-4492-8e98-319940fb2b84 - - - - - -] Successfully bumped revision number for resource 5226349c-7245-40c7-b86c-9804a262c0ad (type: ports) to 2
2026-05-08 00:35:55.844 9 INFO neutron.db.ovn_revision_numbers_db [None req-1ef43080-86ca-4492-8e98-319940fb2b84 - - - - - -] Successfully bumped revision number for resource 5226349c-7245-40c7-b86c-9804a262c0ad (type: router_ports) to 2
2026-05-08 00:35:55.983 10 INFO neutron.wsgi [None req-918e7446-40f6-4e47-b6ea-9433c3a598ba 330903d50af449629d58dd3ba0324bec a4bbebf8352349baac56de0f77cc468d - - default default] 10.0.0.164 "DELETE /v2.0/routers/588307bd-b517-4506-868c-0bae15cbda10 HTTP/1.1" status: 204 len: 168 time: 1.4479167
2026-05-08 00:35:56.049 9 INFO neutron.wsgi [req-44bfa72f-65ef-44f0-a66b-359827e397a4 req-f819de72-87af-49ad-9094-83541de12baa 03893a547fd042869654ec86b014fe26 38477635f84f4cf4bbc30dc3ff19eb25 - - default default] 10.0.0.46 "GET /v2.0/ports?device_id=ac4f8d3f-d673-4b51-a57d-992436653ca6 HTTP/1.1" status: 200 len: 210 time: 0.0288188
2026-05-08 00:35:56.212 10 INFO neutron.wsgi [None req-f2ee1f2b-4d61-45ba-8a11-250e20612264 330903d50af449629d58dd3ba0324bec a4bbebf8352349baac56de0f77cc468d - - default default] 10.0.0.164 "DELETE /v2.0/subnets/1cd1ba72-07c4-490f-af0f-dba1137e550d HTTP/1.1" status: 204 len: 168 time: 0.2221892
2026-05-08 00:35:56.268 10 INFO neutron.wsgi [None req-768a6d05-5ca2-45c2-9cbe-26edd7277825 330903d50af449629d58dd3ba0324bec a4bbebf8352349baac56de0f77cc468d - - default default] 10.0.0.164 "DELETE /v2.0/networks/b3aa3cb9-b339-4163-aa53-ea3dfc779398 HTTP/1.1" status: 204 len: 168 time: 0.5618799
2026-05-08 00:35:56.447 10 INFO neutron.wsgi [None req-2f4d1993-ba76-4529-b38f-4e792260e67f 330903d50af449629d58dd3ba0324bec a4bbebf8352349baac56de0f77cc468d - - default default] 10.0.0.164 "GET /v2.0/security-groups?tenant_id=e7fc023965cf49a89995c2a1b73e55c5&name=default HTTP/1.1" status: 200 len: 3116 time: 0.0466073
2026-05-08 00:35:56.649 10 INFO neutron.wsgi [req-92bead4e-1180-4a47-be4a-cfcaeaae909e req-8badb8a0-6b97-4a84-b5d2-51bfbdfe5273 6efd0f80059e4fefb277c705dd5c34cf 7fb7f97610ff4818b56fbcd58954e67c - - default default] 10.0.0.46 "GET /v2.0/ports?device_id=f63f338f-181f-49d9-901d-c2eb2f5e2c37 HTTP/1.1" status: 200 len: 210 time: 0.1882870
2026-05-08 00:35:56.801 10 INFO neutron.services.segments.plugin [-] Segment 79bd6438-3a84-4f01-bc96-a63fa4071342 resource provider aggregate not found
2026-05-08 00:35:56.819 9 INFO neutron.wsgi [None req-28ee663e-329b-47e6-bd26-a571df9c96c0 330903d50af449629d58dd3ba0324bec a4bbebf8352349baac56de0f77cc468d - - default default] 10.0.0.164 "DELETE /v2.0/networks/f34afa30-49b9-4ae5-96aa-1260ff04f626 HTTP/1.1" status: 204 len: 168 time: 0.6012688
2026-05-08 00:35:56.820 10 INFO neutron.services.segments.plugin [-] Segment 79bd6438-3a84-4f01-bc96-a63fa4071342 resource provider aggregate not found
2026-05-08 00:35:56.830 10 INFO neutron.services.segments.plugin [-] Segment 79bd6438-3a84-4f01-bc96-a63fa4071342 resource provider not found; error: Placement Client Error (4xx): {"errors": [{"status": 404, "title": "Not Found", "detail": "The resource could not be found.\n\n No resource provider with uuid 79bd6438-3a84-4f01-bc96-a63fa4071342 found for delete ", "request_id": "req-655cfb49-d63f-471d-a698-366132d0e3b9"}]}
2026-05-08 00:35:56.840 10 INFO neutron.services.segments.plugin [-] Segment 79bd6438-3a84-4f01-bc96-a63fa4071342 resource provider not found; error: Placement Client Error (4xx): {"errors": [{"status": 404, "title": "Not Found", "detail": "The resource could not be found.\n\n No resource provider with uuid 79bd6438-3a84-4f01-bc96-a63fa4071342 found for delete ", "request_id": "req-e5e666d5-b500-4426-8f30-f0ba088924a4"}]}
2026-05-08 00:35:56.862 10 INFO neutron.wsgi [req-707b0212-04ab-4e6a-98e8-83147d2dca7a req-aad26faf-e94b-4069-a390-0a5003d808ec 6efd0f80059e4fefb277c705dd5c34cf 7fb7f97610ff4818b56fbcd58954e67c - - default default] 199.19.213.220 "GET /v2.0/networks?id=878b6afe-b524-4477-b9cc-2fcebb716ffd HTTP/1.1" status: 200 len: 881 time: 0.1458089
2026-05-08 00:35:56.943 10 INFO neutron.wsgi [None req-054f96ab-8ae6-4bab-b4f4-eee589147a9a 330903d50af449629d58dd3ba0324bec a4bbebf8352349baac56de0f77cc468d - - default default] 10.0.0.164 "DELETE /v2.0/security-groups/7c6fee16-9b64-4c33-8f73-96cc849f5d61 HTTP/1.1" status: 204 len: 168 time: 0.4907308
2026-05-08 00:35:56.960 10 INFO neutron.wsgi [req-707b0212-04ab-4e6a-98e8-83147d2dca7a req-3958f20f-ea5e-4eda-bbcb-db604bcb77db 6efd0f80059e4fefb277c705dd5c34cf 7fb7f97610ff4818b56fbcd58954e67c - - default default] 199.19.213.220 "GET /v2.0/security-groups?fields=id&fields=name&tenant_id=7fb7f97610ff4818b56fbcd58954e67c HTTP/1.1" status: 200 len: 380 time: 0.0645945
2026-05-08 00:35:56.978 10 WARNING neutron_lib.context [req-707b0212-04ab-4e6a-98e8-83147d2dca7a req-b9d79c31-69b6-4349-a768-4c56cb7a2fe9 6efd0f80059e4fefb277c705dd5c34cf 7fb7f97610ff4818b56fbcd58954e67c - - default default] Method 'is_advsvc' is deprecated since 2023.2 release (neutron-lib 3.8.0) and will be removed once support for the old RBAC API policies will be removed from Neutron. Please use method 'is_service_role' instead.
2026-05-08 00:35:57.230 10 INFO neutron.wsgi [None req-fb1cdb8a-b5d0-470f-867f-7a3f4d482fb7 330903d50af449629d58dd3ba0324bec a4bbebf8352349baac56de0f77cc468d - - default default] 10.0.0.164 "GET /v2.0/security-groups?tenant_id=55f23130dc38451d9fa9a20188bcbffe&name=default HTTP/1.1" status: 200 len: 3116 time: 0.1402266
2026-05-08 00:35:57.234 9 INFO neutron.wsgi [req-6022cca7-cd24-4deb-9a7f-c14e5c00a235 req-f6fb0b85-0787-45dc-beee-af66c1ecb0dd 03893a547fd042869654ec86b014fe26 38477635f84f4cf4bbc30dc3ff19eb25 - - default default] 10.0.0.46 "GET /v2.0/ports?device_id=ac4f8d3f-d673-4b51-a57d-992436653ca6 HTTP/1.1" status: 200 len: 210 time: 0.0272932
2026-05-08 00:35:57.288 10 INFO neutron.wsgi [req-928fb0ad-73a3-4f6b-8fee-a785d08eccaa req-c925f225-9dd4-4574-96f5-dc62e3ac5593 03893a547fd042869654ec86b014fe26 38477635f84f4cf4bbc30dc3ff19eb25 - - default default] 199.19.213.220 "GET /v2.0/networks?id=049006e5-5bdb-4ab1-b3dd-3d7cf3264075 HTTP/1.1" status: 200 len: 878 time: 0.1360896
2026-05-08 00:35:57.372 9 INFO neutron.services.segments.plugin [-] Segment c94c0220-5d1f-40c2-a596-f2584c328608 resource provider aggregate not found
2026-05-08 00:35:57.378 9 INFO neutron.services.segments.plugin [-] Segment c94c0220-5d1f-40c2-a596-f2584c328608 resource provider aggregate not found
2026-05-08 00:35:57.390 9 INFO neutron.services.segments.plugin [-] Segment c94c0220-5d1f-40c2-a596-f2584c328608 resource provider not found; error: Placement Client Error (4xx): {"errors": [{"status": 404, "title": "Not Found", "detail": "The resource could not be found.\n\n No resource provider with uuid c94c0220-5d1f-40c2-a596-f2584c328608 found for delete ", "request_id": "req-b51c4e03-c209-4eeb-b87a-867aeeaa63ac"}]}
2026-05-08 00:35:57.398 10 INFO neutron.wsgi [req-928fb0ad-73a3-4f6b-8fee-a785d08eccaa req-c9eb70f2-64b6-4f42-937a-0346dc2313ff 03893a547fd042869654ec86b014fe26 38477635f84f4cf4bbc30dc3ff19eb25 - - default default] 199.19.213.220 "GET /v2.0/security-groups?fields=id&fields=name&tenant_id=38477635f84f4cf4bbc30dc3ff19eb25 HTTP/1.1" status: 200 len: 380 time: 0.1038871
2026-05-08 00:35:57.398 9 INFO neutron.services.segments.plugin [-] Segment c94c0220-5d1f-40c2-a596-f2584c328608 resource provider not found; error: Placement Client Error (4xx): {"errors": [{"status": 404, "title": "Not Found", "detail": "The resource could not be found.\n\n No resource provider with uuid c94c0220-5d1f-40c2-a596-f2584c328608 found for delete ", "request_id": "req-5d7d6377-fdfc-4da4-8aa1-da62cbf9fbbf"}]}
2026-05-08 00:35:57.409 10 WARNING neutron_lib.context [req-928fb0ad-73a3-4f6b-8fee-a785d08eccaa req-893f796a-c353-4d51-9dfa-c10fff176944 03893a547fd042869654ec86b014fe26 38477635f84f4cf4bbc30dc3ff19eb25 - - default default] Method 'is_advsvc' is deprecated since 2023.2 release (neutron-lib 3.8.0) and will be removed once support for the old RBAC API policies will be removed from Neutron. Please use method 'is_service_role' instead.
2026-05-08 00:35:57.504 10 WARNING neutron.scheduler.dhcp_agent_scheduler [req-707b0212-04ab-4e6a-98e8-83147d2dca7a req-b9d79c31-69b6-4349-a768-4c56cb7a2fe9 6efd0f80059e4fefb277c705dd5c34cf 7fb7f97610ff4818b56fbcd58954e67c - - default default] No more DHCP agents
2026-05-08 00:35:57.505 9 INFO neutron.wsgi [None req-5cecb48f-6738-4c6c-a035-b5d50bf62f44 330903d50af449629d58dd3ba0324bec a4bbebf8352349baac56de0f77cc468d - - default default] 10.0.0.164 "DELETE /v2.0/security-groups/6220e24b-d523-4f68-8dd7-819203804a22 HTTP/1.1" status: 204 len: 168 time: 0.2622230
2026-05-08 00:35:57.506 10 WARNING neutron.api.rpc.agentnotifiers.dhcp_rpc_agent_api [req-707b0212-04ab-4e6a-98e8-83147d2dca7a req-b9d79c31-69b6-4349-a768-4c56cb7a2fe9 6efd0f80059e4fefb277c705dd5c34cf 7fb7f97610ff4818b56fbcd58954e67c - - default default] Unable to schedule network 878b6afe-b524-4477-b9cc-2fcebb716ffd: no agents available; will retry on subsequent port and subnet creation events.
2026-05-08 00:35:57.723 10 INFO neutron.db.ovn_revision_numbers_db [req-707b0212-04ab-4e6a-98e8-83147d2dca7a req-b9d79c31-69b6-4349-a768-4c56cb7a2fe9 6efd0f80059e4fefb277c705dd5c34cf 7fb7f97610ff4818b56fbcd58954e67c - - default default] Successfully bumped revision number for resource 772108f5-5114-4513-b27a-43cfc0b612fe (type: ports) to 1 /var/lib/openstack/lib/python3.10/site-packages/pycadf/identifier.py:71: UserWarning: Invalid uuid: neutron. To ensure interoperability, identifiers should be a valid uuid. warnings.warn(('Invalid uuid: %s. To ensure interoperability, '
2026-05-08 00:35:57.792 10 INFO neutron.wsgi [req-707b0212-04ab-4e6a-98e8-83147d2dca7a req-b9d79c31-69b6-4349-a768-4c56cb7a2fe9 6efd0f80059e4fefb277c705dd5c34cf 7fb7f97610ff4818b56fbcd58954e67c - - default default] 199.19.213.220 "POST /v2.0/ports HTTP/1.1" status: 201 len: 1158 time: 0.8247206
2026-05-08 00:35:57.811 10 INFO neutron.wsgi [req-707b0212-04ab-4e6a-98e8-83147d2dca7a req-35d2bf96-f12b-4ba9-b4c9-b0b38312ce1c 6efd0f80059e4fefb277c705dd5c34cf 7fb7f97610ff4818b56fbcd58954e67c - - default default] 199.19.213.220 "GET /v2.0/extensions HTTP/1.1" status: 200 len: 18683 time: 0.0123038
2026-05-08 00:35:57.864 10 WARNING neutron.scheduler.dhcp_agent_scheduler [req-928fb0ad-73a3-4f6b-8fee-a785d08eccaa req-893f796a-c353-4d51-9dfa-c10fff176944 03893a547fd042869654ec86b014fe26 38477635f84f4cf4bbc30dc3ff19eb25 - - default default] No more DHCP agents
2026-05-08 00:35:57.866 10 WARNING neutron.api.rpc.agentnotifiers.dhcp_rpc_agent_api [req-928fb0ad-73a3-4f6b-8fee-a785d08eccaa req-893f796a-c353-4d51-9dfa-c10fff176944 03893a547fd042869654ec86b014fe26 38477635f84f4cf4bbc30dc3ff19eb25 - - default default] Unable to schedule network 049006e5-5bdb-4ab1-b3dd-3d7cf3264075: no agents available; will retry on subsequent port and subnet creation events.
2026-05-08 00:35:57.872 10 INFO neutron.wsgi [req-f7ffaf02-b828-4d56-8dcb-94a8749c4f7d req-fdaae411-f4d7-45c7-867b-5908cfd04f88 6efd0f80059e4fefb277c705dd5c34cf 7fb7f97610ff4818b56fbcd58954e67c - - default default] 10.0.0.46 "GET /v2.0/ports?device_id=f63f338f-181f-49d9-901d-c2eb2f5e2c37 HTTP/1.1" status: 200 len: 1156 time: 0.1528161 /var/lib/openstack/lib/python3.10/site-packages/pycadf/identifier.py:71: UserWarning: Invalid uuid: neutron. To ensure interoperability, identifiers should be a valid uuid. warnings.warn(('Invalid uuid: %s. To ensure interoperability, '
2026-05-08 00:35:57.945 10 INFO neutron.wsgi [req-f7ffaf02-b828-4d56-8dcb-94a8749c4f7d req-64acf718-9334-4147-a160-dd5be8c7c324 6efd0f80059e4fefb277c705dd5c34cf 7fb7f97610ff4818b56fbcd58954e67c - - default default] 10.0.0.46 "GET /v2.0/security-groups?id=de0280be-d959-434d-bf4a-7da01bb4f9c5&fields=id&fields=name HTTP/1.1" status: 200 len: 313 time: 0.0623753
2026-05-08 00:35:58.069 10 INFO neutron.db.ovn_revision_numbers_db [req-928fb0ad-73a3-4f6b-8fee-a785d08eccaa req-893f796a-c353-4d51-9dfa-c10fff176944 03893a547fd042869654ec86b014fe26 38477635f84f4cf4bbc30dc3ff19eb25 - - default default] Successfully bumped revision number for resource ab734f47-ab3f-4290-a52b-79a711defe06 (type: ports) to 1
2026-05-08 00:35:58.096 10 INFO neutron.wsgi [req-928fb0ad-73a3-4f6b-8fee-a785d08eccaa req-893f796a-c353-4d51-9dfa-c10fff176944 03893a547fd042869654ec86b014fe26 38477635f84f4cf4bbc30dc3ff19eb25 - - default default] 199.19.213.220 "POST /v2.0/ports HTTP/1.1" status: 201 len: 1162 time: 0.6950784 /var/lib/openstack/lib/python3.10/site-packages/pycadf/identifier.py:71: UserWarning: Invalid uuid: neutron. To ensure interoperability, identifiers should be a valid uuid. warnings.warn(('Invalid uuid: %s. To ensure interoperability, '
2026-05-08 00:35:58.424 9 INFO neutron.wsgi [req-0d0a23ee-ae19-4872-9f67-3ddf634f2646 req-ef6417f9-806c-4a47-8996-a52b5726c209 03893a547fd042869654ec86b014fe26 38477635f84f4cf4bbc30dc3ff19eb25 - - default default] 10.0.0.46 "GET /v2.0/ports?device_id=ac4f8d3f-d673-4b51-a57d-992436653ca6 HTTP/1.1" status: 200 len: 1160 time: 0.1177540
2026-05-08 00:35:58.482 9 INFO neutron.wsgi [req-0d0a23ee-ae19-4872-9f67-3ddf634f2646 req-e70b8fc4-4b78-4932-852a-3373fef6b536 03893a547fd042869654ec86b014fe26 38477635f84f4cf4bbc30dc3ff19eb25 - - default default] 10.0.0.46 "GET /v2.0/security-groups?id=63fc94ba-20fb-44f2-b7ad-79328461ede3&fields=id&fields=name HTTP/1.1" status: 200 len: 313 time: 0.0492964
2026-05-08 00:35:58.954 10 INFO neutron.db.ovn_revision_numbers_db [req-707b0212-04ab-4e6a-98e8-83147d2dca7a req-cf8dc66e-ffe1-475a-b2de-46df104ed50d 24fc9146c4be42e786447ed7cdbba6a2 29a36c9e9869458dbac8486992dbf01c - - 19de777d5095443386939b2c1b13e77b 19de777d5095443386939b2c1b13e77b] Successfully bumped revision number for resource 772108f5-5114-4513-b27a-43cfc0b612fe (type: ports) to 2
2026-05-08 00:35:58.978 10 INFO neutron.db.ovn_revision_numbers_db [req-928fb0ad-73a3-4f6b-8fee-a785d08eccaa req-736233e1-74d9-405d-a2ad-ab7989883c12 24fc9146c4be42e786447ed7cdbba6a2 29a36c9e9869458dbac8486992dbf01c - - 19de777d5095443386939b2c1b13e77b 19de777d5095443386939b2c1b13e77b] Successfully bumped revision number for resource ab734f47-ab3f-4290-a52b-79a711defe06 (type: ports) to 2 /var/lib/openstack/lib/python3.10/site-packages/pycadf/identifier.py:71: UserWarning: Invalid uuid: neutron. To ensure interoperability, identifiers should be a valid uuid. warnings.warn(('Invalid uuid: %s. To ensure interoperability, '
2026-05-08 00:35:59.054 10 INFO neutron.wsgi [req-d91d47e9-5716-47c8-bf02-effeafde566b req-1120455e-7f02-4dfb-af6b-fb5178964286 6efd0f80059e4fefb277c705dd5c34cf 7fb7f97610ff4818b56fbcd58954e67c - - default default] 10.0.0.46 "GET /v2.0/ports?device_id=f63f338f-181f-49d9-901d-c2eb2f5e2c37 HTTP/1.1" status: 200 len: 1168 time: 0.0491307
2026-05-08 00:35:59.140 10 INFO neutron.wsgi [req-d91d47e9-5716-47c8-bf02-effeafde566b req-549fcfc7-eec7-4214-926f-0394ed00fdb0 6efd0f80059e4fefb277c705dd5c34cf 7fb7f97610ff4818b56fbcd58954e67c - - default default] 10.0.0.46 "GET /v2.0/security-groups?id=de0280be-d959-434d-bf4a-7da01bb4f9c5&fields=id&fields=name HTTP/1.1" status: 200 len: 313 time: 0.0732312
2026-05-08 00:35:59.288 10 INFO neutron.db.ovn_revision_numbers_db [req-707b0212-04ab-4e6a-98e8-83147d2dca7a req-cf8dc66e-ffe1-475a-b2de-46df104ed50d 24fc9146c4be42e786447ed7cdbba6a2 29a36c9e9869458dbac8486992dbf01c - - 19de777d5095443386939b2c1b13e77b 19de777d5095443386939b2c1b13e77b] Successfully bumped revision number for resource 772108f5-5114-4513-b27a-43cfc0b612fe (type: ports) to 2
2026-05-08 00:35:59.290 10 INFO neutron.db.ovn_revision_numbers_db [req-928fb0ad-73a3-4f6b-8fee-a785d08eccaa req-736233e1-74d9-405d-a2ad-ab7989883c12 24fc9146c4be42e786447ed7cdbba6a2 29a36c9e9869458dbac8486992dbf01c - - 19de777d5095443386939b2c1b13e77b 19de777d5095443386939b2c1b13e77b] Successfully bumped revision number for resource ab734f47-ab3f-4290-a52b-79a711defe06 (type: ports) to 2
2026-05-08 00:35:59.308 10 INFO neutron.wsgi [req-707b0212-04ab-4e6a-98e8-83147d2dca7a req-cf8dc66e-ffe1-475a-b2de-46df104ed50d 24fc9146c4be42e786447ed7cdbba6a2 29a36c9e9869458dbac8486992dbf01c - - 19de777d5095443386939b2c1b13e77b 19de777d5095443386939b2c1b13e77b] 199.19.213.220 "PUT /v2.0/ports/772108f5-5114-4513-b27a-43cfc0b612fe HTTP/1.1" status: 200 len: 1376 time: 1.1311035
2026-05-08 00:35:59.329 10 INFO neutron.wsgi [req-928fb0ad-73a3-4f6b-8fee-a785d08eccaa req-736233e1-74d9-405d-a2ad-ab7989883c12 24fc9146c4be42e786447ed7cdbba6a2 29a36c9e9869458dbac8486992dbf01c - - 19de777d5095443386939b2c1b13e77b 19de777d5095443386939b2c1b13e77b] 199.19.213.220 "PUT /v2.0/ports/ab734f47-ab3f-4290-a52b-79a711defe06 HTTP/1.1" status: 200 len: 1380 time: 1.1504934 /var/lib/openstack/lib/python3.10/site-packages/pycadf/identifier.py:71: UserWarning: Invalid uuid: neutron. To ensure interoperability, identifiers should be a valid uuid. warnings.warn(('Invalid uuid: %s. To ensure interoperability, '
2026-05-08 00:35:59.428 10 INFO neutron.wsgi [req-707b0212-04ab-4e6a-98e8-83147d2dca7a req-dc0831a3-84dd-4028-9f7e-e9374f20e881 24fc9146c4be42e786447ed7cdbba6a2 29a36c9e9869458dbac8486992dbf01c - - 19de777d5095443386939b2c1b13e77b 19de777d5095443386939b2c1b13e77b] 199.19.213.220 "GET /v2.0/ports?tenant_id=7fb7f97610ff4818b56fbcd58954e67c&device_id=f63f338f-181f-49d9-901d-c2eb2f5e2c37 HTTP/1.1" status: 200 len: 1407 time: 0.0717902
2026-05-08 00:35:59.444 10 INFO neutron.wsgi [req-928fb0ad-73a3-4f6b-8fee-a785d08eccaa req-30bbaa9a-d51c-4994-9762-828b557a926d 24fc9146c4be42e786447ed7cdbba6a2 29a36c9e9869458dbac8486992dbf01c - - 19de777d5095443386939b2c1b13e77b 19de777d5095443386939b2c1b13e77b] 199.19.213.220 "GET /v2.0/ports?tenant_id=38477635f84f4cf4bbc30dc3ff19eb25&device_id=ac4f8d3f-d673-4b51-a57d-992436653ca6 HTTP/1.1" status: 200 len: 1411 time: 0.0472140
2026-05-08 00:35:59.511 10 INFO neutron.wsgi [req-707b0212-04ab-4e6a-98e8-83147d2dca7a req-de000d10-b82d-4d3a-b1a4-3af52c7fa2b0 24fc9146c4be42e786447ed7cdbba6a2 29a36c9e9869458dbac8486992dbf01c - - 19de777d5095443386939b2c1b13e77b 19de777d5095443386939b2c1b13e77b] 199.19.213.220 "GET /v2.0/floatingips?fixed_ip_address=10.100.0.7&port_id=772108f5-5114-4513-b27a-43cfc0b612fe HTTP/1.1" status: 200 len: 217 time: 0.0491090
2026-05-08 00:35:59.512 10 INFO neutron.wsgi [req-928fb0ad-73a3-4f6b-8fee-a785d08eccaa req-f00f0073-1644-42f4-b879-936730487200 24fc9146c4be42e786447ed7cdbba6a2 29a36c9e9869458dbac8486992dbf01c - - 19de777d5095443386939b2c1b13e77b 19de777d5095443386939b2c1b13e77b] 199.19.213.220 "GET /v2.0/floatingips?fixed_ip_address=10.100.0.10&port_id=ab734f47-ab3f-4290-a52b-79a711defe06 HTTP/1.1" status: 200 len: 217 time: 0.0495334
2026-05-08 00:35:59.578 10 INFO neutron.wsgi [req-707b0212-04ab-4e6a-98e8-83147d2dca7a req-d22454c3-dd6d-419f-a65b-c10188c1cfd1 24fc9146c4be42e786447ed7cdbba6a2 29a36c9e9869458dbac8486992dbf01c - - 19de777d5095443386939b2c1b13e77b 19de777d5095443386939b2c1b13e77b] 199.19.213.220 "GET /v2.0/subnets?id=946247c2-559f-4730-b032-c1702b1069c6 HTTP/1.1" status: 200 len: 875 time: 0.0509846
2026-05-08 00:35:59.582 10 INFO neutron.wsgi [req-928fb0ad-73a3-4f6b-8fee-a785d08eccaa req-04eebc0b-e7bc-4ec3-b5f5-e198d8f93ebe 24fc9146c4be42e786447ed7cdbba6a2 29a36c9e9869458dbac8486992dbf01c - - 19de777d5095443386939b2c1b13e77b 19de777d5095443386939b2c1b13e77b] 199.19.213.220 "GET /v2.0/subnets?id=6ef4ea40-cc3e-4089-abbf-8e030472f09d HTTP/1.1" status: 200 len: 872 time: 0.0535502
2026-05-08 00:35:59.604 9 INFO neutron.wsgi [req-f7c380db-3d03-4395-b0c9-faa834ffbd4b req-65e82898-90cb-48a2-90c9-510f4d967356 03893a547fd042869654ec86b014fe26 38477635f84f4cf4bbc30dc3ff19eb25 - - default default] 10.0.0.46 "GET /v2.0/ports?device_id=ac4f8d3f-d673-4b51-a57d-992436653ca6 HTTP/1.1" status: 200 len: 1172 time: 0.0413365
2026-05-08 00:35:59.630 10 INFO neutron.wsgi [req-707b0212-04ab-4e6a-98e8-83147d2dca7a req-4e539ecc-e370-4e03-9753-f298ad5ba537 24fc9146c4be42e786447ed7cdbba6a2 29a36c9e9869458dbac8486992dbf01c - - 19de777d5095443386939b2c1b13e77b 19de777d5095443386939b2c1b13e77b] 199.19.213.220 "GET /v2.0/ports?network_id=878b6afe-b524-4477-b9cc-2fcebb716ffd&device_owner=network%3Adhcp HTTP/1.1" status: 200 len: 210 time: 0.0362151
2026-05-08 00:35:59.648 10 INFO neutron.wsgi [req-928fb0ad-73a3-4f6b-8fee-a785d08eccaa req-67012d99-2c40-4e02-a1de-d5b606cff656 24fc9146c4be42e786447ed7cdbba6a2 29a36c9e9869458dbac8486992dbf01c - - 19de777d5095443386939b2c1b13e77b 19de777d5095443386939b2c1b13e77b] 199.19.213.220 "GET /v2.0/ports?network_id=049006e5-5bdb-4ab1-b3dd-3d7cf3264075&device_owner=network%3Adhcp HTTP/1.1" status: 200 len: 210 time: 0.0520887
2026-05-08 00:35:59.674 9 INFO neutron.wsgi [req-f7c380db-3d03-4395-b0c9-faa834ffbd4b req-0e9523f6-f506-4023-a033-e832cb32850a 03893a547fd042869654ec86b014fe26 38477635f84f4cf4bbc30dc3ff19eb25 - - default default] 10.0.0.46 "GET /v2.0/security-groups?id=63fc94ba-20fb-44f2-b7ad-79328461ede3&fields=id&fields=name HTTP/1.1" status: 200 len: 313 time: 0.0611880
2026-05-08 00:35:59.730 10 INFO neutron.wsgi [req-707b0212-04ab-4e6a-98e8-83147d2dca7a req-447cb529-c009-4dcb-b9a8-0229ed86626b 24fc9146c4be42e786447ed7cdbba6a2 29a36c9e9869458dbac8486992dbf01c - - 19de777d5095443386939b2c1b13e77b 19de777d5095443386939b2c1b13e77b] 199.19.213.220 "GET /v2.0/networks/878b6afe-b524-4477-b9cc-2fcebb716ffd?fields=segments HTTP/1.1" status: 200 len: 212 time: 0.0849783
2026-05-08 00:35:59.748 10 INFO neutron.wsgi [req-928fb0ad-73a3-4f6b-8fee-a785d08eccaa req-6f340633-844e-434b-8a57-fe03cf736deb 24fc9146c4be42e786447ed7cdbba6a2 29a36c9e9869458dbac8486992dbf01c - - 19de777d5095443386939b2c1b13e77b 19de777d5095443386939b2c1b13e77b] 199.19.213.220 "GET /v2.0/networks/049006e5-5bdb-4ab1-b3dd-3d7cf3264075?fields=segments HTTP/1.1" status: 200 len: 212 time: 0.0945513
2026-05-08 00:35:59.816 10 INFO neutron.wsgi [req-707b0212-04ab-4e6a-98e8-83147d2dca7a req-f2eb7dc1-c0f8-46de-b63f-551863c94c52 24fc9146c4be42e786447ed7cdbba6a2 29a36c9e9869458dbac8486992dbf01c - - 19de777d5095443386939b2c1b13e77b 19de777d5095443386939b2c1b13e77b] 199.19.213.220 "GET /v2.0/networks/878b6afe-b524-4477-b9cc-2fcebb716ffd?fields=provider%3Aphysical_network&fields=provider%3Anetwork_type HTTP/1.1" status: 200 len: 277 time: 0.0769699
2026-05-08 00:35:59.825 10 INFO neutron.wsgi [req-928fb0ad-73a3-4f6b-8fee-a785d08eccaa req-c22c60ed-eb99-4d3b-bb73-ae6145daedb7 24fc9146c4be42e786447ed7cdbba6a2 29a36c9e9869458dbac8486992dbf01c - - 19de777d5095443386939b2c1b13e77b 19de777d5095443386939b2c1b13e77b] 199.19.213.220 "GET /v2.0/networks/049006e5-5bdb-4ab1-b3dd-3d7cf3264075?fields=provider%3Aphysical_network&fields=provider%3Anetwork_type HTTP/1.1" status: 200 len: 277 time: 0.0707040
2026-05-08 00:35:59.901 10 INFO neutron.notifiers.nova [-] Nova event matching ['req-a566bf32-f99b-4922-96a4-f956533ec16c'] response: {'name': 'network-changed', 'server_uuid': 'f63f338f-181f-49d9-901d-c2eb2f5e2c37', 'tag': '772108f5-5114-4513-b27a-43cfc0b612fe', 'status': 'completed', 'code': 200}
2026-05-08 00:36:00.162 10 INFO neutron.wsgi [req-a3eb79a3-39dd-4cac-8954-64c6b98378cf req-94c42376-46ec-48f4-8c58-10ea8b4a134c 24fc9146c4be42e786447ed7cdbba6a2 29a36c9e9869458dbac8486992dbf01c - - 19de777d5095443386939b2c1b13e77b 19de777d5095443386939b2c1b13e77b] 199.19.213.220 "GET /v2.0/ports?tenant_id=7fb7f97610ff4818b56fbcd58954e67c&device_id=f63f338f-181f-49d9-901d-c2eb2f5e2c37 HTTP/1.1" status: 200 len: 1407 time: 0.0406165
2026-05-08 00:36:00.236 10 INFO neutron.wsgi [req-a3eb79a3-39dd-4cac-8954-64c6b98378cf req-c2819cf2-51d9-4c35-a6a2-2a242dec365b 24fc9146c4be42e786447ed7cdbba6a2 29a36c9e9869458dbac8486992dbf01c - - 19de777d5095443386939b2c1b13e77b 19de777d5095443386939b2c1b13e77b] 199.19.213.220 "GET /v2.0/networks?id=878b6afe-b524-4477-b9cc-2fcebb716ffd HTTP/1.1" status: 200 len: 979 time: 0.0669751
2026-05-08 00:36:00.263 10 INFO neutron.wsgi [req-a3eb79a3-39dd-4cac-8954-64c6b98378cf req-aee98ca3-2609-473b-9035-58d98e19c82e 24fc9146c4be42e786447ed7cdbba6a2 29a36c9e9869458dbac8486992dbf01c - - 19de777d5095443386939b2c1b13e77b 19de777d5095443386939b2c1b13e77b] 199.19.213.220 "GET /v2.0/floatingips?fixed_ip_address=10.100.0.7&port_id=772108f5-5114-4513-b27a-43cfc0b612fe HTTP/1.1" status: 200 len: 217 time: 0.0198863
2026-05-08 00:36:00.271 9 WARNING neutron.plugins.ml2.drivers.ovn.mech_driver.ovsdb.ovn_client [None req-1ef43080-86ca-4492-8e98-319940fb2b84 - - - - - -] No hosting information found for port 5226349c-7245-40c7-b86c-9804a262c0ad: RuntimeError: No hosting information found for port 5226349c-7245-40c7-b86c-9804a262c0ad
2026-05-08 00:36:00.295 10 INFO neutron.wsgi [req-a3eb79a3-39dd-4cac-8954-64c6b98378cf req-ab81401a-d436-4dc5-a411-109c83a32f8d 24fc9146c4be42e786447ed7cdbba6a2 29a36c9e9869458dbac8486992dbf01c - - 19de777d5095443386939b2c1b13e77b 19de777d5095443386939b2c1b13e77b] 199.19.213.220 "GET /v2.0/subnets?id=946247c2-559f-4730-b032-c1702b1069c6 HTTP/1.1" status: 200 len: 875 time: 0.0248992
2026-05-08 00:36:00.318 10 INFO neutron.wsgi [req-a3eb79a3-39dd-4cac-8954-64c6b98378cf req-3238b496-00d9-47e0-a2d1-e502adb34730 24fc9146c4be42e786447ed7cdbba6a2 29a36c9e9869458dbac8486992dbf01c - - 19de777d5095443386939b2c1b13e77b 19de777d5095443386939b2c1b13e77b] 199.19.213.220 "GET /v2.0/ports?network_id=878b6afe-b524-4477-b9cc-2fcebb716ffd&device_owner=network%3Adhcp HTTP/1.1" status: 200 len: 210 time: 0.0159287
2026-05-08 00:36:00.336 9 INFO neutron.wsgi [req-00f2bfb0-4308-4848-bad3-6584d1ae404d req-e02bfda0-1693-4b82-a26c-e4ee4255d692 6efd0f80059e4fefb277c705dd5c34cf 7fb7f97610ff4818b56fbcd58954e67c - - default default] 10.0.0.46 "GET /v2.0/ports?device_id=f63f338f-181f-49d9-901d-c2eb2f5e2c37 HTTP/1.1" status: 200 len: 1168 time: 0.1351006
2026-05-08 00:36:00.374 10 INFO neutron.wsgi [req-a3eb79a3-39dd-4cac-8954-64c6b98378cf req-7a84335c-597a-4601-b068-7d13c4777572 24fc9146c4be42e786447ed7cdbba6a2 29a36c9e9869458dbac8486992dbf01c - - 19de777d5095443386939b2c1b13e77b 19de777d5095443386939b2c1b13e77b] 199.19.213.220 "GET /v2.0/networks/878b6afe-b524-4477-b9cc-2fcebb716ffd?fields=segments HTTP/1.1" status: 200 len: 212 time: 0.0493426
2026-05-08 00:36:00.397 9 INFO neutron.wsgi [req-00f2bfb0-4308-4848-bad3-6584d1ae404d req-ba22ffdd-2da1-46ae-97ac-7407b46008e8 6efd0f80059e4fefb277c705dd5c34cf 7fb7f97610ff4818b56fbcd58954e67c - - default default] 10.0.0.46 "GET /v2.0/security-groups?id=de0280be-d959-434d-bf4a-7da01bb4f9c5&fields=id&fields=name HTTP/1.1" status: 200 len: 313 time: 0.0536735
2026-05-08 00:36:00.423 9 INFO neutron.db.ovn_revision_numbers_db [None req-7926d9fa-316f-4b87-86d2-e19aa45018cc 330903d50af449629d58dd3ba0324bec a4bbebf8352349baac56de0f77cc468d - - default default] Successfully bumped revision number for resource 28b3c240-a9de-4db4-8fe1-e31e3c5629a6 (type: security_groups) to 1
2026-05-08 00:36:00.437 9 INFO neutron.db.ovn_revision_numbers_db [None req-7926d9fa-316f-4b87-86d2-e19aa45018cc 330903d50af449629d58dd3ba0324bec a4bbebf8352349baac56de0f77cc468d - - default default] Successfully bumped revision number for resource 1a5626a0-1163-43a2-a01b-2fe5aa4f9a20 (type: security_group_rules) to 0
