2026-05-08 00:35:27.134 9 INFO neutron.wsgi [None req-2c2f22f4-e443-4963-b294-162fcc0d81cf 330903d50af449629d58dd3ba0324bec a4bbebf8352349baac56de0f77cc468d - - default default] 10.0.0.164 "GET /v2.0/security-groups HTTP/1.1" status: 200 len: 17589 time: 0.0525103
2026-05-08 00:35:27.149 9 INFO neutron.wsgi [None req-6f759f9c-e757-434d-9832-daedf3e5ba1c 330903d50af449629d58dd3ba0324bec a4bbebf8352349baac56de0f77cc468d - - default default] 10.0.0.164 "GET /v2.0/subnetpools HTTP/1.1" status: 200 len: 212 time: 0.0096672
2026-05-08 00:35:28.111 9 INFO neutron.wsgi [None req-af6baf37-0bb6-4133-b188-f59580314c4f 330903d50af449629d58dd3ba0324bec a4bbebf8352349baac56de0f77cc468d - - default default] 10.0.0.161 "GET /v2.0/floatingips HTTP/1.1" status: 200 len: 193 time: 0.0711205
2026-05-08 00:35:28.142 9 INFO neutron.wsgi [None req-e5cd14ac-d010-43bc-ab3b-9752de7c3cab 330903d50af449629d58dd3ba0324bec a4bbebf8352349baac56de0f77cc468d - - default default] 10.0.0.161 "GET /v2.0/subnets HTTP/1.1" status: 200 len: 1437 time: 0.0303421
2026-05-08 00:35:28.154 9 INFO neutron.wsgi [None req-44dac736-0618-496b-a5e6-2ab2fa306554 330903d50af449629d58dd3ba0324bec a4bbebf8352349baac56de0f77cc468d - - default default] 10.0.0.161 "GET /v2.0/subnetpools HTTP/1.1" status: 200 len: 193 time: 0.0099144
2026-05-08 00:35:28.246 9 INFO neutron.wsgi [None req-66eb3196-03f4-46d7-a16e-0bbd8192a68a 330903d50af449629d58dd3ba0324bec a4bbebf8352349baac56de0f77cc468d - - default default] 10.0.0.161 "GET /v2.0/security-groups HTTP/1.1" status: 200 len: 17570 time: 0.0916955
2026-05-08 00:35:28.292 9 INFO neutron.wsgi [None req-55687eba-c0aa-47d4-8eb2-3560f7cc2182 330903d50af449629d58dd3ba0324bec a4bbebf8352349baac56de0f77cc468d - - default default] 10.0.0.161 "GET /v2.0/subnets HTTP/1.1" status: 200 len: 1437 time: 0.0394022
2026-05-08 00:35:28.324 9 INFO neutron.wsgi [None req-9adf927c-c0a5-4dd5-b982-84d221044f6e 330903d50af449629d58dd3ba0324bec a4bbebf8352349baac56de0f77cc468d - - default default] 10.0.0.161 "GET /v2.0/routers HTTP/1.1" status: 200 len: 189 time: 0.0310459
2026-05-08 00:35:28.377 9 INFO neutron.wsgi [None req-f94e0bb6-8264-479d-8e0c-c9c14b17b3b5 330903d50af449629d58dd3ba0324bec a4bbebf8352349baac56de0f77cc468d - - default default] 10.0.0.161 "GET /v2.0/agents?binary=ovn-controller HTTP/1.1" status: 200 len: 591 time: 0.0512288
2026-05-08 00:35:28.396 9 INFO neutron.wsgi [None req-64b66bec-e1a0-4de5-ae5d-ce14458ef06f 330903d50af449629d58dd3ba0324bec a4bbebf8352349baac56de0f77cc468d - - default default] 10.0.0.161 "GET /v2.0/agents HTTP/1.1" status: 200 len: 1390 time: 0.0178342
2026-05-08 00:35:28.615 9 INFO neutron.wsgi [None req-c883ac5b-b86a-48fc-a058-eca3e49ddd47 330903d50af449629d58dd3ba0324bec a4bbebf8352349baac56de0f77cc468d - - default default] 10.0.0.161 "GET /v2.0/networks HTTP/1.1" status: 200 len: 2350 time: 0.2178071
2026-05-08 00:35:28.664 9 INFO neutron.wsgi [None req-6b5a63b9-1a12-4d18-b257-8d21d7490b51 330903d50af449629d58dd3ba0324bec a4bbebf8352349baac56de0f77cc468d - - default default] 10.0.0.161 "GET /v2.0/ports HTTP/1.1" status: 200 len: 5343 time: 0.0464783
2026-05-08 00:35:28.694 9 INFO neutron.wsgi [None req-bc99695b-5a0e-49e2-92cb-619635088fe3 330903d50af449629d58dd3ba0324bec a4bbebf8352349baac56de0f77cc468d - - default default] 10.0.0.161 "GET /v2.0/network-ip-availabilities HTTP/1.1" status: 200 len: 1280 time: 0.0179365
2026-05-08 00:35:30.774 10 INFO neutron.wsgi [-] 10.0.0.233 "GET / HTTP/1.1" status: 200 len: 247 time: 0.0027168
2026-05-08 00:35:30.775 9 INFO neutron.wsgi [-] 10.0.0.233 "GET / HTTP/1.1" status: 200 len: 247 time: 0.0032387
2026-05-08 00:35:37.807 9 INFO neutron.db.ovn_revision_numbers_db [None req-4e67293c-b388-4c1a-bb17-0ab20aef807f 330903d50af449629d58dd3ba0324bec a4bbebf8352349baac56de0f77cc468d - - default default] Successfully bumped revision number for resource 7c6fee16-9b64-4c33-8f73-96cc849f5d61 (type: security_groups) to 1
2026-05-08 00:35:37.822 9 INFO neutron.db.ovn_revision_numbers_db [None req-4e67293c-b388-4c1a-bb17-0ab20aef807f 330903d50af449629d58dd3ba0324bec a4bbebf8352349baac56de0f77cc468d - - default default] Successfully bumped revision number for resource 00814661-a620-4fcd-bd22-b5444017e4e7 (type: security_group_rules) to 0
2026-05-08 00:35:37.838 9 INFO neutron.db.ovn_revision_numbers_db [None req-4e67293c-b388-4c1a-bb17-0ab20aef807f 330903d50af449629d58dd3ba0324bec a4bbebf8352349baac56de0f77cc468d - - default default] Successfully bumped revision number for resource 187700c3-8419-49a4-b625-347066500170 (type: security_group_rules) to 0
2026-05-08 00:35:37.853 9 INFO neutron.db.ovn_revision_numbers_db [None req-4e67293c-b388-4c1a-bb17-0ab20aef807f 330903d50af449629d58dd3ba0324bec a4bbebf8352349baac56de0f77cc468d - - default default] Successfully bumped revision number for resource c5577531-1264-4b89-ac5a-19640204f623 (type: security_group_rules) to 0
2026-05-08 00:35:37.880 9 INFO neutron.db.ovn_revision_numbers_db [None req-4e67293c-b388-4c1a-bb17-0ab20aef807f 330903d50af449629d58dd3ba0324bec a4bbebf8352349baac56de0f77cc468d - - default default] Successfully bumped revision number for resource d8f70d97-a360-467d-9da8-1e1117e01a2f (type: security_group_rules) to 0
2026-05-08 00:35:37.933 10 INFO neutron.db.ovn_revision_numbers_db [None req-5ca9049f-a00e-4b62-bba4-2c1ad2846eb0 330903d50af449629d58dd3ba0324bec a4bbebf8352349baac56de0f77cc468d - - default default] Successfully bumped revision number for resource 2168fb5e-640e-4f23-9e28-3efe20e981bb (type: security_groups) to 1
2026-05-08 00:35:37.949 10 INFO neutron.db.ovn_revision_numbers_db [None req-5ca9049f-a00e-4b62-bba4-2c1ad2846eb0 330903d50af449629d58dd3ba0324bec a4bbebf8352349baac56de0f77cc468d - - default default] Successfully bumped revision number for resource 0cd42f54-e6c5-4b46-a068-a54410d9adac (type: security_group_rules) to 0
2026-05-08 00:35:37.951 9 INFO neutron.db.segments_db [None req-4e67293c-b388-4c1a-bb17-0ab20aef807f 330903d50af449629d58dd3ba0324bec a4bbebf8352349baac56de0f77cc468d - - default default] Added segment 79bd6438-3a84-4f01-bc96-a63fa4071342 of type geneve for network b3aa3cb9-b339-4163-aa53-ea3dfc779398
2026-05-08 00:35:37.963 10 INFO neutron.db.ovn_revision_numbers_db [None req-5ca9049f-a00e-4b62-bba4-2c1ad2846eb0 330903d50af449629d58dd3ba0324bec a4bbebf8352349baac56de0f77cc468d - - default default] Successfully bumped revision number for resource 40cb35e8-f234-4fa1-b4be-c96f9a744c19 (type: security_group_rules) to 0
2026-05-08 00:35:37.977 10 INFO neutron.db.ovn_revision_numbers_db [None req-5ca9049f-a00e-4b62-bba4-2c1ad2846eb0 330903d50af449629d58dd3ba0324bec a4bbebf8352349baac56de0f77cc468d - - default default] Successfully bumped revision number for resource 87cc8010-b1d2-45b8-a770-f5d61542275c (type: security_group_rules) to 0
2026-05-08 00:35:37.991 10 INFO neutron.db.ovn_revision_numbers_db [None req-5ca9049f-a00e-4b62-bba4-2c1ad2846eb0 330903d50af449629d58dd3ba0324bec a4bbebf8352349baac56de0f77cc468d - - default default] Successfully bumped revision number for resource 99c6325a-ebcd-47e7-9e22-ceb896c5a3a0 (type: security_group_rules) to 0
2026-05-08 00:35:38.047 10 INFO neutron.db.segments_db [None req-5ca9049f-a00e-4b62-bba4-2c1ad2846eb0 330903d50af449629d58dd3ba0324bec a4bbebf8352349baac56de0f77cc468d - - default default] Added segment 14e7e384-a774-4841-978d-1a81a938239c of type geneve for network 049006e5-5bdb-4ab1-b3dd-3d7cf3264075
2026-05-08 00:35:38.129 9 INFO neutron.db.ovn_revision_numbers_db [None req-4e67293c-b388-4c1a-bb17-0ab20aef807f 330903d50af449629d58dd3ba0324bec a4bbebf8352349baac56de0f77cc468d - - default default] Successfully bumped revision number for resource b3aa3cb9-b339-4163-aa53-ea3dfc779398 (type: networks) to 1
2026-05-08 00:35:38.134 9 INFO neutron.db.ovn_revision_numbers_db [None req-2628689c-04b4-4cbe-8524-bcc73146e738 330903d50af449629d58dd3ba0324bec a4bbebf8352349baac56de0f77cc468d - - default default] Successfully bumped revision number for resource 6220e24b-d523-4f68-8dd7-819203804a22 (type: security_groups) to 1
2026-05-08 00:35:38.164 9 INFO neutron.db.ovn_revision_numbers_db [None req-2628689c-04b4-4cbe-8524-bcc73146e738 330903d50af449629d58dd3ba0324bec a4bbebf8352349baac56de0f77cc468d - - default default] Successfully bumped revision number for resource 7bd1a528-4f17-4265-8fb2-f4ef806dc14f (type: security_group_rules) to 0
2026-05-08 00:35:38.182 9 INFO neutron.db.ovn_revision_numbers_db [None req-2628689c-04b4-4cbe-8524-bcc73146e738 330903d50af449629d58dd3ba0324bec a4bbebf8352349baac56de0f77cc468d - - default default] Successfully bumped revision number for resource 7d641ffd-4a9a-43c6-9bdd-28b363b2c817 (type: security_group_rules) to 0
2026-05-08 00:35:38.204 9 INFO neutron.db.ovn_revision_numbers_db [None req-2628689c-04b4-4cbe-8524-bcc73146e738 330903d50af449629d58dd3ba0324bec a4bbebf8352349baac56de0f77cc468d - - default default] Successfully bumped revision number for resource 8d2cf1f6-20dd-46f4-adfc-ea9457302294 (type: security_group_rules) to 0
2026-05-08 00:35:38.211 10 INFO neutron.db.ovn_revision_numbers_db [None req-5ca9049f-a00e-4b62-bba4-2c1ad2846eb0 330903d50af449629d58dd3ba0324bec a4bbebf8352349baac56de0f77cc468d - - default default] Successfully bumped revision number for resource 049006e5-5bdb-4ab1-b3dd-3d7cf3264075 (type: networks) to 1
2026-05-08 00:35:38.229 9 INFO neutron.db.ovn_revision_numbers_db [None req-2628689c-04b4-4cbe-8524-bcc73146e738 330903d50af449629d58dd3ba0324bec a4bbebf8352349baac56de0f77cc468d - - default default] Successfully bumped revision number for resource df3aba89-bdfa-47bc-97ea-7a0aee711c28 (type: security_group_rules) to 0
2026-05-08 00:35:38.303 9 INFO neutron.db.segments_db [None req-2628689c-04b4-4cbe-8524-bcc73146e738 330903d50af449629d58dd3ba0324bec a4bbebf8352349baac56de0f77cc468d - - default default] Added segment c94c0220-5d1f-40c2-a596-f2584c328608 of type geneve for network f34afa30-49b9-4ae5-96aa-1260ff04f626
2026-05-08 00:35:38.360 9 WARNING neutron.scheduler.dhcp_agent_scheduler [None req-4e67293c-b388-4c1a-bb17-0ab20aef807f 330903d50af449629d58dd3ba0324bec a4bbebf8352349baac56de0f77cc468d - - default default] No more DHCP agents
2026-05-08 00:35:38.365 9 WARNING neutron.api.rpc.agentnotifiers.dhcp_rpc_agent_api [None req-4e67293c-b388-4c1a-bb17-0ab20aef807f 330903d50af449629d58dd3ba0324bec a4bbebf8352349baac56de0f77cc468d - - default default] Unable to schedule network b3aa3cb9-b339-4163-aa53-ea3dfc779398: no agents available; will retry on subsequent port and subnet creation events.
2026-05-08 00:35:38.381 10 WARNING neutron.scheduler.dhcp_agent_scheduler [None req-5ca9049f-a00e-4b62-bba4-2c1ad2846eb0 330903d50af449629d58dd3ba0324bec a4bbebf8352349baac56de0f77cc468d - - default default] No more DHCP agents
2026-05-08 00:35:38.383 10 WARNING neutron.api.rpc.agentnotifiers.dhcp_rpc_agent_api [None req-5ca9049f-a00e-4b62-bba4-2c1ad2846eb0 330903d50af449629d58dd3ba0324bec a4bbebf8352349baac56de0f77cc468d - - default default] Unable to schedule network 049006e5-5bdb-4ab1-b3dd-3d7cf3264075: no agents available; will retry on subsequent port and subnet creation events.
2026-05-08 00:35:38.509 10 INFO neutron.db.ovn_revision_numbers_db [None req-5ca9049f-a00e-4b62-bba4-2c1ad2846eb0 330903d50af449629d58dd3ba0324bec a4bbebf8352349baac56de0f77cc468d - - default default] Successfully bumped revision number for resource 5ebacbc7-0cc3-4e12-a388-92288a2e95c5 (type: ports) to 1
2026-05-08 00:35:38.515 9 INFO neutron.db.ovn_revision_numbers_db [None req-4e67293c-b388-4c1a-bb17-0ab20aef807f 330903d50af449629d58dd3ba0324bec a4bbebf8352349baac56de0f77cc468d - - default default] Successfully bumped revision number for resource 8641adf6-870b-4d2a-9c5f-8956ed1ad078 (type: ports) to 1
2026-05-08 00:35:38.518 9 INFO neutron.db.ovn_revision_numbers_db [None req-2628689c-04b4-4cbe-8524-bcc73146e738 330903d50af449629d58dd3ba0324bec a4bbebf8352349baac56de0f77cc468d - - default default] Successfully bumped revision number for resource f34afa30-49b9-4ae5-96aa-1260ff04f626 (type: networks) to 1
2026-05-08 00:35:38.530 10 INFO neutron.wsgi [None req-5ca9049f-a00e-4b62-bba4-2c1ad2846eb0 330903d50af449629d58dd3ba0324bec a4bbebf8352349baac56de0f77cc468d - - default default] 10.0.0.164 "POST /v2.0/networks HTTP/1.1" status: 201 len: 949 time: 0.8108010
2026-05-08 00:35:38.564 9 INFO neutron.wsgi [None req-4e67293c-b388-4c1a-bb17-0ab20aef807f 330903d50af449629d58dd3ba0324bec a4bbebf8352349baac56de0f77cc468d - - default default] 10.0.0.164 "POST /v2.0/networks HTTP/1.1" status: 201 len: 951 time: 1.0523446
2026-05-08 00:35:38.761 9 WARNING neutron.scheduler.dhcp_agent_scheduler [None req-2628689c-04b4-4cbe-8524-bcc73146e738 330903d50af449629d58dd3ba0324bec a4bbebf8352349baac56de0f77cc468d - - default default] No more DHCP agents
2026-05-08 00:35:38.761 10 WARNING neutron.scheduler.dhcp_agent_scheduler [None req-929aefbd-129c-415d-8053-fa49f793062e 330903d50af449629d58dd3ba0324bec a4bbebf8352349baac56de0f77cc468d - - default default] No more DHCP agents
2026-05-08 00:35:38.763 10 WARNING neutron.api.rpc.agentnotifiers.dhcp_rpc_agent_api [None req-929aefbd-129c-415d-8053-fa49f793062e 330903d50af449629d58dd3ba0324bec a4bbebf8352349baac56de0f77cc468d - - default default] Unable to schedule network 049006e5-5bdb-4ab1-b3dd-3d7cf3264075: no agents available; will retry on subsequent port and subnet creation events.
2026-05-08 00:35:38.763 9 WARNING neutron.api.rpc.agentnotifiers.dhcp_rpc_agent_api [None req-2628689c-04b4-4cbe-8524-bcc73146e738 330903d50af449629d58dd3ba0324bec a4bbebf8352349baac56de0f77cc468d - - default default] Unable to schedule network f34afa30-49b9-4ae5-96aa-1260ff04f626: no agents available; will retry on subsequent port and subnet creation events.
2026-05-08 00:35:38.832 9 WARNING neutron.scheduler.dhcp_agent_scheduler [None req-b9bb909f-08a2-487d-ad79-196a07fa9e20 330903d50af449629d58dd3ba0324bec a4bbebf8352349baac56de0f77cc468d - - default default] No more DHCP agents
2026-05-08 00:35:38.837 9 WARNING neutron.api.rpc.agentnotifiers.dhcp_rpc_agent_api [None req-b9bb909f-08a2-487d-ad79-196a07fa9e20 330903d50af449629d58dd3ba0324bec a4bbebf8352349baac56de0f77cc468d - - default default] Unable to schedule network b3aa3cb9-b339-4163-aa53-ea3dfc779398: no agents available; will retry on subsequent port and subnet creation events.
2026-05-08 00:35:38.894 9 INFO neutron.db.ovn_revision_numbers_db [None req-083ba8a2-aa67-4c37-a796-40f7d95fec53 330903d50af449629d58dd3ba0324bec a4bbebf8352349baac56de0f77cc468d - - default default] Successfully bumped revision number for resource 9d26c83d-9e01-4141-8d9f-5e610705b8fb (type: security_groups) to 1
2026-05-08 00:35:38.907 9 INFO neutron.db.ovn_revision_numbers_db [None req-2628689c-04b4-4cbe-8524-bcc73146e738 330903d50af449629d58dd3ba0324bec a4bbebf8352349baac56de0f77cc468d - - default default] Successfully bumped revision number for resource 69dee96c-ab6e-4798-87c2-46fc76cdac7a (type: ports) to 1
2026-05-08 00:35:38.932 9 INFO neutron.db.ovn_revision_numbers_db [None req-083ba8a2-aa67-4c37-a796-40f7d95fec53 330903d50af449629d58dd3ba0324bec a4bbebf8352349baac56de0f77cc468d - - default default] Successfully bumped revision number for resource 4c42adda-46e3-4f56-a91d-19d52da18994 (type: security_group_rules) to 0
2026-05-08 00:35:38.947 9 INFO neutron.wsgi [None req-2628689c-04b4-4cbe-8524-bcc73146e738 330903d50af449629d58dd3ba0324bec a4bbebf8352349baac56de0f77cc468d - - default default] 10.0.0.164 "POST /v2.0/networks HTTP/1.1" status: 201 len: 947 time: 1.1255233
2026-05-08 00:35:38.960 9 INFO neutron.db.ovn_revision_numbers_db [None req-083ba8a2-aa67-4c37-a796-40f7d95fec53 330903d50af449629d58dd3ba0324bec a4bbebf8352349baac56de0f77cc468d - - default default] Successfully bumped revision number for resource 5ab508af-ba63-44d7-8f71-30ee13592c59 (type: security_group_rules) to 0
2026-05-08 00:35:38.979 9 INFO neutron.db.ovn_revision_numbers_db [None req-083ba8a2-aa67-4c37-a796-40f7d95fec53 330903d50af449629d58dd3ba0324bec a4bbebf8352349baac56de0f77cc468d - - default default] Successfully bumped revision number for resource 8371dd04-07de-409a-8d29-633f7737661f (type: security_group_rules) to 0
2026-05-08 00:35:39.008 9 INFO neutron.db.ovn_revision_numbers_db [None req-083ba8a2-aa67-4c37-a796-40f7d95fec53 330903d50af449629d58dd3ba0324bec a4bbebf8352349baac56de0f77cc468d - - default default] Successfully bumped revision number for resource bf498598-e9db-4fd4-9914-a4bc48929b11 (type: security_group_rules) to 0
2026-05-08 00:35:39.049 9 INFO neutron.wsgi [None req-083ba8a2-aa67-4c37-a796-40f7d95fec53 330903d50af449629d58dd3ba0324bec a4bbebf8352349baac56de0f77cc468d - - default default] 10.0.0.164 "GET /v2.0/security-groups?tenant_id=50fcf86213154f65a102306545047247&name=default HTTP/1.1" status: 200 len: 3116 time: 0.5273294
2026-05-08 00:35:39.183 9 WARNING neutron.scheduler.dhcp_agent_scheduler [None req-6dc8f0c1-3de4-4360-93fa-4c24410947f4 330903d50af449629d58dd3ba0324bec a4bbebf8352349baac56de0f77cc468d - - default default] No more DHCP agents
2026-05-08 00:35:39.188 9 WARNING neutron.api.rpc.agentnotifiers.dhcp_rpc_agent_api [None req-6dc8f0c1-3de4-4360-93fa-4c24410947f4 330903d50af449629d58dd3ba0324bec a4bbebf8352349baac56de0f77cc468d - - default default] Unable to schedule network f34afa30-49b9-4ae5-96aa-1260ff04f626: no agents available; will retry on subsequent port and subnet creation events.
2026-05-08 00:35:39.375 10 INFO neutron.db.ovn_revision_numbers_db [None req-929aefbd-129c-415d-8053-fa49f793062e 330903d50af449629d58dd3ba0324bec a4bbebf8352349baac56de0f77cc468d - - default default] Successfully bumped revision number for resource 5ebacbc7-0cc3-4e12-a388-92288a2e95c5 (type: ports) to 2
2026-05-08 00:35:39.405 10 INFO neutron.wsgi [None req-1156cb36-3889-4f23-9bad-cada95f68c20 330903d50af449629d58dd3ba0324bec a4bbebf8352349baac56de0f77cc468d - - default default] 10.0.0.164 "DELETE /v2.0/security-groups/9d26c83d-9e01-4141-8d9f-5e610705b8fb HTTP/1.1" status: 204 len: 168 time: 0.3494830
2026-05-08 00:35:39.419 10 INFO neutron.db.ovn_revision_numbers_db [None req-929aefbd-129c-415d-8053-fa49f793062e 330903d50af449629d58dd3ba0324bec a4bbebf8352349baac56de0f77cc468d - - default default] Successfully bumped revision number for resource 6ef4ea40-cc3e-4089-abbf-8e030472f09d (type: subnets) to 0
2026-05-08 00:35:39.436 10 INFO neutron.wsgi [None req-929aefbd-129c-415d-8053-fa49f793062e 330903d50af449629d58dd3ba0324bec a4bbebf8352349baac56de0f77cc468d - - default default] 10.0.0.164 "POST /v2.0/subnets HTTP/1.1" status: 201 len: 869 time: 0.8998220
2026-05-08 00:35:39.571 9 INFO neutron.db.ovn_revision_numbers_db [None req-b9bb909f-08a2-487d-ad79-196a07fa9e20 330903d50af449629d58dd3ba0324bec a4bbebf8352349baac56de0f77cc468d - - default default] Successfully bumped revision number for resource 8641adf6-870b-4d2a-9c5f-8956ed1ad078 (type: ports) to 2
2026-05-08 00:35:39.625 9 INFO neutron.db.ovn_revision_numbers_db [None req-b9bb909f-08a2-487d-ad79-196a07fa9e20 330903d50af449629d58dd3ba0324bec a4bbebf8352349baac56de0f77cc468d - - default default] Successfully bumped revision number for resource 5636649a-b244-4773-9cff-f6f0b54cd4e7 (type: subnets) to 0
2026-05-08 00:35:39.645 9 INFO neutron.wsgi [None req-b9bb909f-08a2-487d-ad79-196a07fa9e20 330903d50af449629d58dd3ba0324bec a4bbebf8352349baac56de0f77cc468d - - default default] 10.0.0.164 "POST /v2.0/subnets HTTP/1.1" status: 201 len: 871 time: 1.0719755
2026-05-08 00:35:39.975 9 INFO neutron.db.ovn_revision_numbers_db [None req-6dc8f0c1-3de4-4360-93fa-4c24410947f4 330903d50af449629d58dd3ba0324bec a4bbebf8352349baac56de0f77cc468d - - default default] Successfully bumped revision number for resource 69dee96c-ab6e-4798-87c2-46fc76cdac7a (type: ports) to 2
2026-05-08 00:35:40.022 9 INFO neutron.db.ovn_revision_numbers_db [None req-6dc8f0c1-3de4-4360-93fa-4c24410947f4 330903d50af449629d58dd3ba0324bec a4bbebf8352349baac56de0f77cc468d - - default default] Successfully bumped revision number for resource 1cd1ba72-07c4-490f-af0f-dba1137e550d (type: subnets) to 0
2026-05-08 00:35:40.042 9 INFO neutron.wsgi [None req-6dc8f0c1-3de4-4360-93fa-4c24410947f4 330903d50af449629d58dd3ba0324bec a4bbebf8352349baac56de0f77cc468d - - default default] 10.0.0.164 "POST /v2.0/subnets HTTP/1.1" status: 201 len: 867 time: 1.0899978
2026-05-08 00:35:40.101 10 WARNING neutron.scheduler.dhcp_agent_scheduler [None req-f962ec31-c1cc-42b7-9acc-4e291a508b26 330903d50af449629d58dd3ba0324bec a4bbebf8352349baac56de0f77cc468d - - default default] No more DHCP agents
2026-05-08 00:35:40.104 10 WARNING neutron.api.rpc.agentnotifiers.dhcp_rpc_agent_api [None req-f962ec31-c1cc-42b7-9acc-4e291a508b26 330903d50af449629d58dd3ba0324bec a4bbebf8352349baac56de0f77cc468d - - default default] Unable to schedule network 08ae7ac8-c146-48dd-bea7-7f5e2b053c72: no agents available; will retry on subsequent port and subnet creation events.
2026-05-08 00:35:40.240 10 INFO neutron.db.ovn_revision_numbers_db [None req-f962ec31-c1cc-42b7-9acc-4e291a508b26 330903d50af449629d58dd3ba0324bec a4bbebf8352349baac56de0f77cc468d - - default default] Successfully bumped revision number for resource 74e4b0c1-dee8-4bed-a5a4-6f4461ca1286 (type: ports) to 1
2026-05-08 00:35:40.478 9 WARNING neutron.scheduler.dhcp_agent_scheduler [None req-6502ef87-f204-4467-b3a9-40d76a5fbaf2 330903d50af449629d58dd3ba0324bec a4bbebf8352349baac56de0f77cc468d - - default default] No more DHCP agents
2026-05-08 00:35:40.482 9 WARNING neutron.api.rpc.agentnotifiers.dhcp_rpc_agent_api [None req-6502ef87-f204-4467-b3a9-40d76a5fbaf2 330903d50af449629d58dd3ba0324bec a4bbebf8352349baac56de0f77cc468d - - default default] Unable to schedule network 08ae7ac8-c146-48dd-bea7-7f5e2b053c72: no agents available; will retry on subsequent port and subnet creation events.
2026-05-08 00:35:40.604 10 INFO neutron.plugins.ml2.drivers.ovn.mech_driver.ovsdb.extensions.qos [None req-f962ec31-c1cc-42b7-9acc-4e291a508b26 330903d50af449629d58dd3ba0324bec a4bbebf8352349baac56de0f77cc468d - - default default] Starting OVNClientQosExtension
2026-05-08 00:35:40.717 9 INFO neutron.db.ovn_revision_numbers_db [None req-6502ef87-f204-4467-b3a9-40d76a5fbaf2 330903d50af449629d58dd3ba0324bec a4bbebf8352349baac56de0f77cc468d - - default default] Successfully bumped revision number for resource 45522d84-cebf-436d-9eca-071f1674af45 (type: ports) to 1
2026-05-08 00:35:40.956 9 WARNING neutron.scheduler.dhcp_agent_scheduler [None req-580fd4e6-05e2-4087-b31d-971cbff58482 330903d50af449629d58dd3ba0324bec a4bbebf8352349baac56de0f77cc468d - - default default] No more DHCP agents
2026-05-08 00:35:40.961 9 WARNING neutron.api.rpc.agentnotifiers.dhcp_rpc_agent_api [None req-580fd4e6-05e2-4087-b31d-971cbff58482 330903d50af449629d58dd3ba0324bec a4bbebf8352349baac56de0f77cc468d - - default default] Unable to schedule network 08ae7ac8-c146-48dd-bea7-7f5e2b053c72: no agents available; will retry on subsequent port and subnet creation events.
2026-05-08 00:35:41.019 10 INFO neutron.plugins.ml2.drivers.ovn.mech_driver.ovsdb.commands [None req-3e1ee06f-1b97-46b0-82a2-7a0e89bdb34a - - - - - -] Schedule LRP lrp-74e4b0c1-dee8-4bed-a5a4-6f4461ca1286 on gateway 414b40bc-0bd2-4a22-9062-2d44c6a6ad13 with priority 1
2026-05-08 00:35:41.028 10 INFO neutron.plugins.ml2.drivers.ovn.mech_driver.mech_driver [None req-31ba4a09-84aa-4acd-a843-6099e05cc5f3 - - - - - -] OVN reports status up for port: 74e4b0c1-dee8-4bed-a5a4-6f4461ca1286
2026-05-08 00:35:41.061 10 INFO neutron.plugins.ml2.plugin [None req-31ba4a09-84aa-4acd-a843-6099e05cc5f3 - - - - - -] Attempt 1 to provision port 74e4b0c1-dee8-4bed-a5a4-6f4461ca1286
2026-05-08 00:35:41.066 10 INFO neutron.plugins.ml2.drivers.ovn.mech_driver.ovsdb.ovsdb_monitor [-] Router 0ae31639-5246-483f-b394-7a0d8fa42691 is bound to host instance
2026-05-08 00:35:41.110 10 INFO neutron.db.ovn_revision_numbers_db [None req-f962ec31-c1cc-42b7-9acc-4e291a508b26 330903d50af449629d58dd3ba0324bec a4bbebf8352349baac56de0f77cc468d - - default default] Successfully bumped revision number for resource 74e4b0c1-dee8-4bed-a5a4-6f4461ca1286 (type: router_ports) to 1
2026-05-08 00:35:41.251 10 INFO neutron.db.ovn_revision_numbers_db [None req-f962ec31-c1cc-42b7-9acc-4e291a508b26 330903d50af449629d58dd3ba0324bec a4bbebf8352349baac56de0f77cc468d - - default default] Successfully bumped revision number for resource 0ae31639-5246-483f-b394-7a0d8fa42691 (type: routers) to 2
2026-05-08 00:35:41.282 10 INFO neutron.wsgi [None req-f962ec31-c1cc-42b7-9acc-4e291a508b26 330903d50af449629d58dd3ba0324bec a4bbebf8352349baac56de0f77cc468d - - default default] 10.0.0.164 "POST /v2.0/routers HTTP/1.1" status: 201 len: 1171 time: 1.8404295
2026-05-08 00:35:41.413 9 INFO neutron.db.ovn_revision_numbers_db [None req-580fd4e6-05e2-4087-b31d-971cbff58482 330903d50af449629d58dd3ba0324bec a4bbebf8352349baac56de0f77cc468d - - default default] Successfully bumped revision number for resource c8c682e8-a87d-4a42-a38f-a1a112ab30ad (type: ports) to 1
2026-05-08 00:35:41.498 9 INFO neutron.plugins.ml2.drivers.ovn.mech_driver.ovsdb.extensions.qos [None req-6502ef87-f204-4467-b3a9-40d76a5fbaf2 330903d50af449629d58dd3ba0324bec a4bbebf8352349baac56de0f77cc468d - - default default] Starting OVNClientQosExtension
2026-05-08 00:35:42.003 10 INFO neutron.db.ovn_revision_numbers_db [None req-0dbaeef5-00c7-4f23-988c-b2f4d57f4032 330903d50af449629d58dd3ba0324bec a4bbebf8352349baac56de0f77cc468d - - default default] Successfully bumped revision number for resource 00d46abf-e35b-416d-92d5-e6f1878466dd (type: security_groups) to 1
2026-05-08 00:35:42.016 9 INFO neutron.plugins.ml2.drivers.ovn.mech_driver.ovsdb.commands [None req-cb1d6ac1-8d5e-4ef1-b7a6-ba0b396b49a2 - - - - - -] Schedule LRP lrp-45522d84-cebf-436d-9eca-071f1674af45 on gateway 414b40bc-0bd2-4a22-9062-2d44c6a6ad13 with priority 1
2026-05-08 00:35:42.029 10 INFO neutron.db.ovn_revision_numbers_db [None req-0dbaeef5-00c7-4f23-988c-b2f4d57f4032 330903d50af449629d58dd3ba0324bec a4bbebf8352349baac56de0f77cc468d - - default default] Successfully bumped revision number for resource 4bb94b5b-35ec-425b-a98b-fccd267971f9 (type: security_group_rules) to 0
2026-05-08 00:35:42.046 9 INFO neutron.plugins.ml2.drivers.ovn.mech_driver.ovsdb.ovsdb_monitor [-] Router 9f9164b7-2dd8-4be3-bf90-22e147ccd5b0 is bound to host instance
2026-05-08 00:35:42.064 9 INFO neutron.plugins.ml2.drivers.ovn.mech_driver.mech_driver [None req-1ef43080-86ca-4492-8e98-319940fb2b84 - - - - - -] OVN reports status up for port: 45522d84-cebf-436d-9eca-071f1674af45
2026-05-08 00:35:42.074 10 INFO neutron.db.ovn_revision_numbers_db [None req-0dbaeef5-00c7-4f23-988c-b2f4d57f4032 330903d50af449629d58dd3ba0324bec a4bbebf8352349baac56de0f77cc468d - - default default] Successfully bumped revision number for resource 4ec3df8b-f73b-4f17-835a-8622e7c04d41 (type: security_group_rules) to 0
2026-05-08 00:35:42.107 9 INFO neutron.plugins.ml2.plugin [None req-1ef43080-86ca-4492-8e98-319940fb2b84 - - - - - -] Attempt 1 to provision port 45522d84-cebf-436d-9eca-071f1674af45
2026-05-08 00:35:42.115 10 INFO neutron.db.ovn_revision_numbers_db [None req-0dbaeef5-00c7-4f23-988c-b2f4d57f4032 330903d50af449629d58dd3ba0324bec a4bbebf8352349baac56de0f77cc468d - - default default] Successfully bumped revision number for resource 54ca6998-c1c5-47c0-9573-fae53115a180 (type: security_group_rules) to 0
2026-05-08 00:35:42.139 10 INFO neutron.db.ovn_revision_numbers_db [None req-0dbaeef5-00c7-4f23-988c-b2f4d57f4032 330903d50af449629d58dd3ba0324bec a4bbebf8352349baac56de0f77cc468d - - default default] Successfully bumped revision number for resource f68c271b-d3c0-4218-bf78-65eb19e1dcae (type: security_group_rules) to 0
2026-05-08 00:35:42.238 10 INFO neutron.db.segments_db [None req-0dbaeef5-00c7-4f23-988c-b2f4d57f4032 330903d50af449629d58dd3ba0324bec a4bbebf8352349baac56de0f77cc468d - - default default] Added segment b19f0227-882c-45ef-851f-e3af68a22287 of type geneve for network 878b6afe-b524-4477-b9cc-2fcebb716ffd
2026-05-08 00:35:42.441 9 INFO neutron.db.ovn_revision_numbers_db [None req-6502ef87-f204-4467-b3a9-40d76a5fbaf2 330903d50af449629d58dd3ba0324bec a4bbebf8352349baac56de0f77cc468d - - default default] Successfully bumped revision number for resource 45522d84-cebf-436d-9eca-071f1674af45 (type: router_ports) to 1
2026-05-08 00:35:42.486 10 WARNING neutron.scheduler.dhcp_agent_scheduler [None req-e7e25e0f-9906-4a86-abbf-e268c93c9fa4 330903d50af449629d58dd3ba0324bec a4bbebf8352349baac56de0f77cc468d - - default default] No more DHCP agents
2026-05-08 00:35:42.491 10 WARNING neutron.api.rpc.agentnotifiers.dhcp_rpc_agent_api [None req-e7e25e0f-9906-4a86-abbf-e268c93c9fa4 330903d50af449629d58dd3ba0324bec a4bbebf8352349baac56de0f77cc468d - - default default] Unable to schedule network 049006e5-5bdb-4ab1-b3dd-3d7cf3264075: no agents available; will retry on subsequent port and subnet creation events.
2026-05-08 00:35:42.511 10 INFO neutron.db.ovn_revision_numbers_db [None req-0dbaeef5-00c7-4f23-988c-b2f4d57f4032 330903d50af449629d58dd3ba0324bec a4bbebf8352349baac56de0f77cc468d - - default default] Successfully bumped revision number for resource 878b6afe-b524-4477-b9cc-2fcebb716ffd (type: networks) to 1
2026-05-08 00:35:42.623 10 INFO neutron.db.ovn_revision_numbers_db [None req-c7545246-52f8-48ce-88ba-e373be175e4e - - - - - -] Successfully bumped revision number for resource 74e4b0c1-dee8-4bed-a5a4-6f4461ca1286 (type: ports) to 1
2026-05-08 00:35:42.629 9 INFO neutron.db.ovn_revision_numbers_db [None req-6502ef87-f204-4467-b3a9-40d76a5fbaf2 330903d50af449629d58dd3ba0324bec a4bbebf8352349baac56de0f77cc468d - - default default] Successfully bumped revision number for resource 9f9164b7-2dd8-4be3-bf90-22e147ccd5b0 (type: routers) to 2
2026-05-08 00:35:42.663 9 INFO neutron.wsgi [None req-6502ef87-f204-4467-b3a9-40d76a5fbaf2 330903d50af449629d58dd3ba0324bec a4bbebf8352349baac56de0f77cc468d - - default default] 10.0.0.164 "POST /v2.0/routers HTTP/1.1" status: 201 len: 1173 time: 3.0119896
2026-05-08 00:35:42.738 10 INFO neutron.db.ovn_revision_numbers_db [None req-e7e25e0f-9906-4a86-abbf-e268c93c9fa4 330903d50af449629d58dd3ba0324bec a4bbebf8352349baac56de0f77cc468d - - default default] Successfully bumped revision number for resource a34b43be-8222-4d3d-ad9d-841794a41877 (type: ports) to 1
2026-05-08 00:35:42.857 10 WARNING neutron.scheduler.dhcp_agent_scheduler [None req-0dbaeef5-00c7-4f23-988c-b2f4d57f4032 330903d50af449629d58dd3ba0324bec a4bbebf8352349baac56de0f77cc468d - - default default] No more DHCP agents
2026-05-08 00:35:42.916 9 INFO neutron.plugins.ml2.drivers.ovn.mech_driver.ovsdb.commands [None req-cb1d6ac1-8d5e-4ef1-b7a6-ba0b396b49a2 - - - - - -] Schedule LRP lrp-c8c682e8-a87d-4a42-a38f-a1a112ab30ad on gateway 414b40bc-0bd2-4a22-9062-2d44c6a6ad13 with priority 1
2026-05-08 00:35:43.015 9 INFO neutron.db.ovn_revision_numbers_db [None req-580fd4e6-05e2-4087-b31d-971cbff58482 330903d50af449629d58dd3ba0324bec a4bbebf8352349baac56de0f77cc468d - - default default] Successfully bumped revision number for resource c8c682e8-a87d-4a42-a38f-a1a112ab30ad (type: router_ports) to 1
2026-05-08 00:35:43.031 10 WARNING neutron.api.rpc.agentnotifiers.dhcp_rpc_agent_api [None req-0dbaeef5-00c7-4f23-988c-b2f4d57f4032 330903d50af449629d58dd3ba0324bec a4bbebf8352349baac56de0f77cc468d - - default default] Unable to schedule network 878b6afe-b524-4477-b9cc-2fcebb716ffd: no agents available; will retry on subsequent port and subnet creation events.
2026-05-08 00:35:43.244 10 INFO neutron.db.ovn_revision_numbers_db [None req-0dbaeef5-00c7-4f23-988c-b2f4d57f4032 330903d50af449629d58dd3ba0324bec a4bbebf8352349baac56de0f77cc468d - - default default] Successfully bumped revision number for resource 867bc43b-4ef2-4546-9e1e-b2c33d802f18 (type: ports) to 1
2026-05-08 00:35:43.287 10 INFO neutron.wsgi [None req-0dbaeef5-00c7-4f23-988c-b2f4d57f4032 330903d50af449629d58dd3ba0324bec a4bbebf8352349baac56de0f77cc468d - - default default] 10.0.0.164 "POST /v2.0/networks HTTP/1.1" status: 201 len: 951 time: 2.0985110
2026-05-08 00:35:43.317 9 INFO neutron.db.ovn_revision_numbers_db [None req-580fd4e6-05e2-4087-b31d-971cbff58482 330903d50af449629d58dd3ba0324bec a4bbebf8352349baac56de0f77cc468d - - default default] Successfully bumped revision number for resource 588307bd-b517-4506-868c-0bae15cbda10 (type: routers) to 2
2026-05-08 00:35:43.364 9 INFO neutron.wsgi [None req-580fd4e6-05e2-4087-b31d-971cbff58482 330903d50af449629d58dd3ba0324bec a4bbebf8352349baac56de0f77cc468d - - default default] 10.0.0.164 "POST /v2.0/routers HTTP/1.1" status: 201 len: 1169 time: 3.3155289
2026-05-08 00:35:43.696 10 INFO neutron.db.ovn_revision_numbers_db [None req-c7545246-52f8-48ce-88ba-e373be175e4e - - - - - -] Successfully bumped revision number for resource 74e4b0c1-dee8-4bed-a5a4-6f4461ca1286 (type: router_ports) to 3
2026-05-08 00:35:43.711 9 INFO neutron.db.ovn_revision_numbers_db [None req-e121dcbc-7f27-4945-b610-64084f60a3fc - - - - - -] Successfully bumped revision number for resource 45522d84-cebf-436d-9eca-071f1674af45 (type: ports) to 1
2026-05-08 00:35:43.743 9 WARNING neutron.scheduler.dhcp_agent_scheduler [None req-0b0a5ecb-ae79-41a7-a5c6-4a1f985404c6 330903d50af449629d58dd3ba0324bec a4bbebf8352349baac56de0f77cc468d - - default default] No more DHCP agents
2026-05-08 00:35:43.747 9 WARNING neutron.api.rpc.agentnotifiers.dhcp_rpc_agent_api [None req-0b0a5ecb-ae79-41a7-a5c6-4a1f985404c6 330903d50af449629d58dd3ba0324bec a4bbebf8352349baac56de0f77cc468d - - default default] Unable to schedule network b3aa3cb9-b339-4163-aa53-ea3dfc779398: no agents available; will retry on subsequent port and subnet creation events.
2026-05-08 00:35:43.757 10 WARNING neutron.scheduler.dhcp_agent_scheduler [None req-49559471-ebf9-4750-976c-2fb5ce91d1cc 330903d50af449629d58dd3ba0324bec a4bbebf8352349baac56de0f77cc468d - - default default] No more DHCP agents
2026-05-08 00:35:43.779 10 WARNING neutron.api.rpc.agentnotifiers.dhcp_rpc_agent_api [None req-49559471-ebf9-4750-976c-2fb5ce91d1cc 330903d50af449629d58dd3ba0324bec a4bbebf8352349baac56de0f77cc468d - - default default] Unable to schedule network 878b6afe-b524-4477-b9cc-2fcebb716ffd: no agents available; will retry on subsequent port and subnet creation events.
2026-05-08 00:35:43.958 9 INFO neutron.db.ovn_revision_numbers_db [None req-0b0a5ecb-ae79-41a7-a5c6-4a1f985404c6 330903d50af449629d58dd3ba0324bec a4bbebf8352349baac56de0f77cc468d - - default default] Successfully bumped revision number for resource dd152e71-cb8e-44fd-b591-36549b1862fe (type: ports) to 1
2026-05-08 00:35:44.270 10 ERROR ovsdbapp.backend.ovs_idl.command [None req-e7e25e0f-9906-4a86-abbf-e268c93c9fa4 330903d50af449629d58dd3ba0324bec a4bbebf8352349baac56de0f77cc468d - - default default] Error executing command (DbGetCommand): ovsdbapp.backend.ovs_idl.idlutils.RowNotFound: Cannot find Logical_Router_Port with name=lrp-a34b43be-8222-4d3d-ad9d-841794a41877
2026-05-08 00:35:44.270 10 ERROR ovsdbapp.backend.ovs_idl.command
Traceback (most recent call last):
2026-05-08 00:35:44.270 10 ERROR ovsdbapp.backend.ovs_idl.command
File "/var/lib/openstack/lib/python3.10/site-packages/ovsdbapp/backend/ovs_idl/command.py", line 47, in execute
2026-05-08 00:35:44.270 10 ERROR ovsdbapp.backend.ovs_idl.command self.run_idl(None)
2026-05-08 00:35:44.270 10 ERROR ovsdbapp.backend.ovs_idl.command
File "/var/lib/openstack/lib/python3.10/site-packages/ovsdbapp/backend/ovs_idl/command.py", line 235, in run_idl
2026-05-08 00:35:44.270 10 ERROR ovsdbapp.backend.ovs_idl.command record = self.api.lookup(self.table, self.record)
2026-05-08 00:35:44.270 10 ERROR ovsdbapp.backend.ovs_idl.command
File "/var/lib/openstack/lib/python3.10/site-packages/ovsdbapp/backend/ovs_idl/__init__.py", line 184, in lookup
2026-05-08 00:35:44.270 10 ERROR ovsdbapp.backend.ovs_idl.command return self._lookup(table, record)
2026-05-08 00:35:44.270 10 ERROR ovsdbapp.backend.ovs_idl.command
File "/var/lib/openstack/lib/python3.10/site-packages/ovsdbapp/backend/ovs_idl/__init__.py", line 235, in _lookup
2026-05-08 00:35:44.270 10 ERROR ovsdbapp.backend.ovs_idl.command row = idlutils.row_by_value(self, rl.table, rl.column, record)
2026-05-08 00:35:44.270 10 ERROR ovsdbapp.backend.ovs_idl.command
File "/var/lib/openstack/lib/python3.10/site-packages/ovsdbapp/backend/ovs_idl/idlutils.py", line 114, in row_by_value
2026-05-08 00:35:44.270 10 ERROR ovsdbapp.backend.ovs_idl.command raise RowNotFound(table=table, col=column, match=match)
2026-05-08 00:35:44.270 10 ERROR ovsdbapp.backend.ovs_idl.command ovsdbapp.backend.ovs_idl.idlutils.RowNotFound: Cannot find Logical_Router_Port with name=lrp-a34b43be-8222-4d3d-ad9d-841794a41877
2026-05-08 00:35:44.270 10 ERROR ovsdbapp.backend.ovs_idl.command 
2026-05-08 00:35:44.271 10 ERROR neutron_lib.callbacks.manager [None req-e7e25e0f-9906-4a86-abbf-e268c93c9fa4 330903d50af449629d58dd3ba0324bec a4bbebf8352349baac56de0f77cc468d - - default default] Error during notification for neutron.services.ovn_l3.plugin.OVNL3RouterPlugin._port_update-8741480677103 port, after_update: ovsdbapp.backend.ovs_idl.idlutils.RowNotFound: Cannot find Logical_Router_Port with name=lrp-a34b43be-8222-4d3d-ad9d-841794a41877
2026-05-08 00:35:44.271 10 ERROR neutron_lib.callbacks.manager
Traceback (most recent call last):
2026-05-08 00:35:44.271 10 ERROR neutron_lib.callbacks.manager
File "/var/lib/openstack/lib/python3.10/site-packages/neutron_lib/callbacks/manager.py", line 189, in _notify_loop
2026-05-08 00:35:44.271 10 ERROR neutron_lib.callbacks.manager callback.method(resource, event, trigger, payload=payload)
2026-05-08 00:35:44.271 10 ERROR neutron_lib.callbacks.manager
File "/var/lib/openstack/lib/python3.10/site-packages/neutron/services/ovn_l3/plugin.py", line 391, in _port_update
2026-05-08 00:35:44.271 10 ERROR neutron_lib.callbacks.manager l3plugin._ovn_client.update_router_port(context,
2026-05-08 00:35:44.271 10 ERROR neutron_lib.callbacks.manager
File "/var/lib/openstack/lib/python3.10/site-packages/neutron/plugins/ml2/drivers/ovn/mech_driver/ovsdb/ovn_client.py", line 1878, in update_router_port
2026-05-08 00:35:44.271 10 ERROR neutron_lib.callbacks.manager self._update_lrouter_port(context, port, if_exists=if_exists,
2026-05-08 00:35:44.271 10 ERROR neutron_lib.callbacks.manager
File "/var/lib/openstack/lib/python3.10/site-packages/neutron/plugins/ml2/drivers/ovn/mech_driver/ovsdb/ovn_client.py", line 1855, in _update_lrouter_port
2026-05-08 00:35:44.271 10 ERROR neutron_lib.callbacks.manager external_ids = self._nb_idl.db_get(
2026-05-08 00:35:44.271 10 ERROR neutron_lib.callbacks.manager
File "/var/lib/openstack/lib/python3.10/site-packages/ovsdbapp/backend/ovs_idl/command.py", line 47, in execute
2026-05-08 00:35:44.271 10 ERROR neutron_lib.callbacks.manager self.run_idl(None)
2026-05-08 00:35:44.271 10 ERROR neutron_lib.callbacks.manager
File "/var/lib/openstack/lib/python3.10/site-packages/ovsdbapp/backend/ovs_idl/command.py", line 235, in run_idl
2026-05-08 00:35:44.271 10 ERROR neutron_lib.callbacks.manager record = self.api.lookup(self.table, self.record)
2026-05-08 00:35:44.271 10 ERROR neutron_lib.callbacks.manager
File "/var/lib/openstack/lib/python3.10/site-packages/ovsdbapp/backend/ovs_idl/__init__.py", line 184, in lookup
2026-05-08 00:35:44.271 10 ERROR neutron_lib.callbacks.manager return self._lookup(table, record)
2026-05-08 00:35:44.271 10 ERROR neutron_lib.callbacks.manager
File "/var/lib/openstack/lib/python3.10/site-packages/ovsdbapp/backend/ovs_idl/__init__.py", line 235, in _lookup
2026-05-08 00:35:44.271 10 ERROR neutron_lib.callbacks.manager row = idlutils.row_by_value(self, rl.table, rl.column, record)
2026-05-08 00:35:44.271 10 ERROR neutron_lib.callbacks.manager
File "/var/lib/openstack/lib/python3.10/site-packages/ovsdbapp/backend/ovs_idl/idlutils.py", line 114, in row_by_value
2026-05-08 00:35:44.271 10 ERROR neutron_lib.callbacks.manager raise RowNotFound(table=table, col=column, match=match)
2026-05-08 00:35:44.271 10 ERROR neutron_lib.callbacks.manager ovsdbapp.backend.ovs_idl.idlutils.RowNotFound: Cannot find Logical_Router_Port with name=lrp-a34b43be-8222-4d3d-ad9d-841794a41877
2026-05-08 00:35:44.271 10 ERROR neutron_lib.callbacks.manager 
2026-05-08 00:35:44.329 10 INFO neutron.db.ovn_revision_numbers_db [None req-c7545246-52f8-48ce-88ba-e373be175e4e - - - - - -] Successfully bumped revision number for resource 74e4b0c1-dee8-4bed-a5a4-6f4461ca1286 (type: ports) to 2
2026-05-08 00:35:44.372 9 INFO neutron.db.ovn_revision_numbers_db [None req-e121dcbc-7f27-4945-b610-64084f60a3fc - - - - - -] Successfully bumped revision number for resource 45522d84-cebf-436d-9eca-071f1674af45 (type: router_ports) to 3
2026-05-08 00:35:44.672 9 INFO neutron.db.ovn_revision_numbers_db [None req-e121dcbc-7f27-4945-b610-64084f60a3fc - - - - - -] Successfully bumped revision number for resource 45522d84-cebf-436d-9eca-071f1674af45 (type: ports) to 2
2026-05-08 00:35:44.854 9 ERROR ovsdbapp.backend.ovs_idl.command [None req-0b0a5ecb-ae79-41a7-a5c6-4a1f985404c6 330903d50af449629d58dd3ba0324bec a4bbebf8352349baac56de0f77cc468d - - default default] Error executing command (DbGetCommand): ovsdbapp.backend.ovs_idl.idlutils.RowNotFound: Cannot find Logical_Router_Port with name=lrp-dd152e71-cb8e-44fd-b591-36549b1862fe
2026-05-08 00:35:44.854 9 ERROR ovsdbapp.backend.ovs_idl.command
Traceback (most recent call last):
2026-05-08 00:35:44.854 9 ERROR ovsdbapp.backend.ovs_idl.command
File "/var/lib/openstack/lib/python3.10/site-packages/ovsdbapp/backend/ovs_idl/command.py", line 47, in execute
2026-05-08 00:35:44.854 9 ERROR ovsdbapp.backend.ovs_idl.command self.run_idl(None)
2026-05-08 00:35:44.854 9 ERROR ovsdbapp.backend.ovs_idl.command
File "/var/lib/openstack/lib/python3.10/site-packages/ovsdbapp/backend/ovs_idl/command.py", line 235, in run_idl
2026-05-08 00:35:44.854 9 ERROR ovsdbapp.backend.ovs_idl.command record = self.api.lookup(self.table, self.record)
2026-05-08 00:35:44.854 9 ERROR ovsdbapp.backend.ovs_idl.command
File "/var/lib/openstack/lib/python3.10/site-packages/ovsdbapp/backend/ovs_idl/__init__.py", line 184, in lookup
2026-05-08 00:35:44.854 9 ERROR ovsdbapp.backend.ovs_idl.command return self._lookup(table, record)
2026-05-08 00:35:44.854 9 ERROR ovsdbapp.backend.ovs_idl.command
File "/var/lib/openstack/lib/python3.10/site-packages/ovsdbapp/backend/ovs_idl/__init__.py", line 235, in _lookup
2026-05-08 00:35:44.854 9 ERROR ovsdbapp.backend.ovs_idl.command row = idlutils.row_by_value(self, rl.table, rl.column, record)
2026-05-08 00:35:44.854 9 ERROR ovsdbapp.backend.ovs_idl.command
File "/var/lib/openstack/lib/python3.10/site-packages/ovsdbapp/backend/ovs_idl/idlutils.py", line 114, in row_by_value
2026-05-08 00:35:44.854 9 ERROR ovsdbapp.backend.ovs_idl.command raise RowNotFound(table=table, col=column, match=match)
2026-05-08 00:35:44.854 9 ERROR ovsdbapp.backend.ovs_idl.command ovsdbapp.backend.ovs_idl.idlutils.RowNotFound: Cannot find Logical_Router_Port with name=lrp-dd152e71-cb8e-44fd-b591-36549b1862fe
2026-05-08 00:35:44.854 9 ERROR ovsdbapp.backend.ovs_idl.command 
2026-05-08 00:35:44.855 9 ERROR neutron_lib.callbacks.manager [None req-0b0a5ecb-ae79-41a7-a5c6-4a1f985404c6 330903d50af449629d58dd3ba0324bec a4bbebf8352349baac56de0f77cc468d - - default default] Error during notification for neutron.services.ovn_l3.plugin.OVNL3RouterPlugin._port_update-8741480677103 port, after_update: ovsdbapp.backend.ovs_idl.idlutils.RowNotFound: Cannot find Logical_Router_Port with name=lrp-dd152e71-cb8e-44fd-b591-36549b1862fe
2026-05-08 00:35:44.855 9 ERROR neutron_lib.callbacks.manager
Traceback (most recent call last):
2026-05-08 00:35:44.855 9 ERROR neutron_lib.callbacks.manager
File "/var/lib/openstack/lib/python3.10/site-packages/neutron_lib/callbacks/manager.py", line 189, in _notify_loop
2026-05-08 00:35:44.855 9 ERROR neutron_lib.callbacks.manager callback.method(resource, event, trigger, payload=payload)
2026-05-08 00:35:44.855 9 ERROR neutron_lib.callbacks.manager
File "/var/lib/openstack/lib/python3.10/site-packages/neutron/services/ovn_l3/plugin.py", line 391, in _port_update
2026-05-08 00:35:44.855 9 ERROR neutron_lib.callbacks.manager l3plugin._ovn_client.update_router_port(context,
2026-05-08 00:35:44.855 9 ERROR neutron_lib.callbacks.manager
File "/var/lib/openstack/lib/python3.10/site-packages/neutron/plugins/ml2/drivers/ovn/mech_driver/ovsdb/ovn_client.py", line 1878, in update_router_port
2026-05-08 00:35:44.855 9 ERROR neutron_lib.callbacks.manager self._update_lrouter_port(context, port, if_exists=if_exists,
2026-05-08 00:35:44.855 9 ERROR neutron_lib.callbacks.manager
File "/var/lib/openstack/lib/python3.10/site-packages/neutron/plugins/ml2/drivers/ovn/mech_driver/ovsdb/ovn_client.py", line 1855, in _update_lrouter_port
2026-05-08 00:35:44.855 9 ERROR neutron_lib.callbacks.manager external_ids = self._nb_idl.db_get(
2026-05-08 00:35:44.855 9 ERROR neutron_lib.callbacks.manager
File "/var/lib/openstack/lib/python3.10/site-packages/ovsdbapp/backend/ovs_idl/command.py", line 47, in execute
2026-05-08 00:35:44.855 9 ERROR neutron_lib.callbacks.manager self.run_idl(None)
2026-05-08 00:35:44.855 9 ERROR neutron_lib.callbacks.manager
File "/var/lib/openstack/lib/python3.10/site-packages/ovsdbapp/backend/ovs_idl/command.py", line 235, in run_idl
2026-05-08 00:35:44.855 9 ERROR neutron_lib.callbacks.manager record = self.api.lookup(self.table, self.record)
2026-05-08 00:35:44.855 9 ERROR neutron_lib.callbacks.manager
File "/var/lib/openstack/lib/python3.10/site-packages/ovsdbapp/backend/ovs_idl/__init__.py", line 184, in lookup
2026-05-08 00:35:44.855 9 ERROR neutron_lib.callbacks.manager return self._lookup(table, record)
2026-05-08 00:35:44.855 9 ERROR neutron_lib.callbacks.manager
File "/var/lib/openstack/lib/python3.10/site-packages/ovsdbapp/backend/ovs_idl/__init__.py", line 235, in _lookup
2026-05-08 00:35:44.855 9 ERROR neutron_lib.callbacks.manager row = idlutils.row_by_value(self, rl.table, rl.column, record)
2026-05-08 00:35:44.855 9 ERROR neutron_lib.callbacks.manager
File "/var/lib/openstack/lib/python3.10/site-packages/ovsdbapp/backend/ovs_idl/idlutils.py", line 114, in row_by_value
2026-05-08 00:35:44.855 9 ERROR neutron_lib.callbacks.manager raise RowNotFound(table=table, col=column, match=match)
2026-05-08 00:35:44.855 9 ERROR neutron_lib.callbacks.manager ovsdbapp.backend.ovs_idl.idlutils.RowNotFound: Cannot find Logical_Router_Port with name=lrp-dd152e71-cb8e-44fd-b591-36549b1862fe
2026-05-08 00:35:44.855 9 ERROR neutron_lib.callbacks.manager 
2026-05-08 00:35:44.902 10 WARNING neutron.scheduler.dhcp_agent_scheduler [None req-70033e02-08d6-407c-878c-2f7f8e4391d7 330903d50af449629d58dd3ba0324bec a4bbebf8352349baac56de0f77cc468d - - default default] No more DHCP agents
2026-05-08 00:35:44.909 10 INFO neutron.db.ovn_revision_numbers_db [None req-e7e25e0f-9906-4a86-abbf-e268c93c9fa4 330903d50af449629d58dd3ba0324bec a4bbebf8352349baac56de0f77cc468d - - default default] Successfully bumped revision number for resource a34b43be-8222-4d3d-ad9d-841794a41877 (type: ports) to 1
2026-05-08 00:35:44.910 10 WARNING neutron.api.rpc.agentnotifiers.dhcp_rpc_agent_api [None req-70033e02-08d6-407c-878c-2f7f8e4391d7 330903d50af449629d58dd3ba0324bec a4bbebf8352349baac56de0f77cc468d - - default default] Unable to schedule network f34afa30-49b9-4ae5-96aa-1260ff04f626: no agents available; will retry on subsequent port and subnet creation events.
2026-05-08 00:35:45.108 10 INFO neutron.plugins.ml2.drivers.ovn.mech_driver.mech_driver [None req-31ba4a09-84aa-4acd-a843-6099e05cc5f3 - - - - - -] OVN reports status up for port: dd152e71-cb8e-44fd-b591-36549b1862fe
2026-05-08 00:35:45.120 10 WARNING neutron.scheduler.dhcp_agent_scheduler [None req-e7e25e0f-9906-4a86-abbf-e268c93c9fa4 330903d50af449629d58dd3ba0324bec a4bbebf8352349baac56de0f77cc468d - - default default] No more DHCP agents
2026-05-08 00:35:45.128 10 WARNING neutron.api.rpc.agentnotifiers.dhcp_rpc_agent_api [None req-e7e25e0f-9906-4a86-abbf-e268c93c9fa4 330903d50af449629d58dd3ba0324bec a4bbebf8352349baac56de0f77cc468d - - default default] Unable to schedule network 049006e5-5bdb-4ab1-b3dd-3d7cf3264075: no agents available; will retry on subsequent port and subnet creation events.
2026-05-08 00:35:45.129 10 INFO neutron.plugins.ml2.plugin [None req-31ba4a09-84aa-4acd-a843-6099e05cc5f3 - - - - - -] Attempt 1 to provision port dd152e71-cb8e-44fd-b591-36549b1862fe
2026-05-08 00:35:45.265 10 INFO neutron.db.ovn_revision_numbers_db [None req-70033e02-08d6-407c-878c-2f7f8e4391d7 330903d50af449629d58dd3ba0324bec a4bbebf8352349baac56de0f77cc468d - - default default] Successfully bumped revision number for resource ce2deb4e-bf05-44b6-8357-7f5a27156dce (type: ports) to 1
2026-05-08 00:35:45.359 10 INFO neutron.db.ovn_revision_numbers_db [None req-49559471-ebf9-4750-976c-2fb5ce91d1cc 330903d50af449629d58dd3ba0324bec a4bbebf8352349baac56de0f77cc468d - - default default] Successfully bumped revision number for resource 867bc43b-4ef2-4546-9e1e-b2c33d802f18 (type: ports) to 2
2026-05-08 00:35:45.410 9 INFO neutron.db.ovn_revision_numbers_db [None req-0b0a5ecb-ae79-41a7-a5c6-4a1f985404c6 330903d50af449629d58dd3ba0324bec a4bbebf8352349baac56de0f77cc468d - - default default] Successfully bumped revision number for resource dd152e71-cb8e-44fd-b591-36549b1862fe (type: ports) to 1
2026-05-08 00:35:45.418 9 INFO neutron.plugins.ml2.drivers.ovn.mech_driver.mech_driver [None req-1ef43080-86ca-4492-8e98-319940fb2b84 - - - - - -] OVN reports status up for port: c8c682e8-a87d-4a42-a38f-a1a112ab30ad
2026-05-08 00:35:45.423 10 INFO neutron.db.ovn_revision_numbers_db [None req-c7545246-52f8-48ce-88ba-e373be175e4e - - - - - -] Successfully bumped revision number for resource 74e4b0c1-dee8-4bed-a5a4-6f4461ca1286 (type: ports) to 4
2026-05-08 00:35:45.432 9 INFO neutron.plugins.ml2.plugin [None req-1ef43080-86ca-4492-8e98-319940fb2b84 - - - - - -] Attempt 1 to provision port c8c682e8-a87d-4a42-a38f-a1a112ab30ad
