2026-05-08 00:37:43.909 9 INFO neutron.db.ovn_revision_numbers_db [None req-d7b61874-3088-4a26-ba8e-444085a97e74 d70f802cb4774b2fa0792ec6c13dd09e b7cf89d405d2486d951d3a1eafbb3f87 - - default default] Successfully bumped revision number for resource f0659fa9-ca68-4ec5-a477-34a6e76af5df (type: security_group_rules) to 0
2026-05-08 00:37:43.959 9 INFO neutron.db.ovn_revision_numbers_db [None req-5c587392-5d0b-46e3-b17b-d27b34b5fc81 2d54ffa2c8a04c33963aa0434d00d2ac 8283b34323d54ceaa502caa9e07fa0fa - - default default] Successfully bumped revision number for resource 1984e9a5-e24a-4645-b8d9-b4ef29bb2632 (type: networks) to 1
2026-05-08 00:37:43.976 9 INFO neutron.db.segments_db [None req-d7b61874-3088-4a26-ba8e-444085a97e74 d70f802cb4774b2fa0792ec6c13dd09e b7cf89d405d2486d951d3a1eafbb3f87 - - default default] Added segment 186fcf71-38e7-4674-8ddd-a2bb9d5e9f93 of type geneve for network d5d96d22-507b-4cbc-b053-6593984afdec
2026-05-08 00:37:44.307 9 INFO neutron.db.ovn_revision_numbers_db [None req-d7b61874-3088-4a26-ba8e-444085a97e74 d70f802cb4774b2fa0792ec6c13dd09e b7cf89d405d2486d951d3a1eafbb3f87 - - default default] Successfully bumped revision number for resource d5d96d22-507b-4cbc-b053-6593984afdec (type: networks) to 1
2026-05-08 00:37:44.343 9 WARNING neutron.scheduler.dhcp_agent_scheduler [None req-5c587392-5d0b-46e3-b17b-d27b34b5fc81 2d54ffa2c8a04c33963aa0434d00d2ac 8283b34323d54ceaa502caa9e07fa0fa - - default default] No more DHCP agents
2026-05-08 00:37:44.344 9 WARNING neutron.api.rpc.agentnotifiers.dhcp_rpc_agent_api [None req-5c587392-5d0b-46e3-b17b-d27b34b5fc81 2d54ffa2c8a04c33963aa0434d00d2ac 8283b34323d54ceaa502caa9e07fa0fa - - default default] Unable to schedule network 1984e9a5-e24a-4645-b8d9-b4ef29bb2632: no agents available; will retry on subsequent port and subnet creation events.
2026-05-08 00:37:44.472 9 INFO neutron.db.ovn_revision_numbers_db [None req-5c587392-5d0b-46e3-b17b-d27b34b5fc81 2d54ffa2c8a04c33963aa0434d00d2ac 8283b34323d54ceaa502caa9e07fa0fa - - default default] Successfully bumped revision number for resource cd7871a8-e187-48b0-9551-175fec73db8a (type: ports) to 1
2026-05-08 00:37:44.500 9 INFO neutron.wsgi [None req-5c587392-5d0b-46e3-b17b-d27b34b5fc81 2d54ffa2c8a04c33963aa0434d00d2ac 8283b34323d54ceaa502caa9e07fa0fa - - default default] 10.0.0.164 "POST /v2.0/networks HTTP/1.1" status: 201 len: 843 time: 1.1654365
2026-05-08 00:37:44.551 9 WARNING neutron.scheduler.dhcp_agent_scheduler [None req-d7b61874-3088-4a26-ba8e-444085a97e74 d70f802cb4774b2fa0792ec6c13dd09e b7cf89d405d2486d951d3a1eafbb3f87 - - default default] No more DHCP agents
2026-05-08 00:37:44.555 9 WARNING neutron.api.rpc.agentnotifiers.dhcp_rpc_agent_api [None req-d7b61874-3088-4a26-ba8e-444085a97e74 d70f802cb4774b2fa0792ec6c13dd09e b7cf89d405d2486d951d3a1eafbb3f87 - - default default] Unable to schedule network d5d96d22-507b-4cbc-b053-6593984afdec: no agents available; will retry on subsequent port and subnet creation events.
2026-05-08 00:37:44.568 9 WARNING neutron_lib.context [None req-c7dbf100-f050-421b-b3f8-f6e48504df40 2d54ffa2c8a04c33963aa0434d00d2ac 8283b34323d54ceaa502caa9e07fa0fa - - default default] Method 'is_advsvc' is deprecated since 2023.2 release (neutron-lib 3.8.0) and will be removed once support for the old RBAC API policies will be removed from Neutron. Please use method 'is_service_role' instead.
2026-05-08 00:37:44.588 10 INFO neutron.wsgi [req-c31df177-4ff8-4b33-8913-996bbbf8e27e req-645dd274-5269-4fef-8094-c479199eb9ef 24fc9146c4be42e786447ed7cdbba6a2 29a36c9e9869458dbac8486992dbf01c - - 19de777d5095443386939b2c1b13e77b 19de777d5095443386939b2c1b13e77b] 199.19.213.220 "GET /v2.0/ports?device_id=601a3b1f-471b-44e6-97af-e021f84bd49a&fields=binding%3Ahost_id&fields=binding%3Avif_type HTTP/1.1" status: 200 len: 265 time: 0.0544579
2026-05-08 00:37:44.681 9 INFO neutron.db.ovn_revision_numbers_db [None req-d7b61874-3088-4a26-ba8e-444085a97e74 d70f802cb4774b2fa0792ec6c13dd09e b7cf89d405d2486d951d3a1eafbb3f87 - - default default] Successfully bumped revision number for resource 9159dc8f-9475-4f80-9b07-02c9075e1457 (type: ports) to 1
2026-05-08 00:37:44.692 10 INFO neutron.wsgi [req-c31df177-4ff8-4b33-8913-996bbbf8e27e req-ffcafbb7-3bad-4858-8e27-297f368aeaa9 24fc9146c4be42e786447ed7cdbba6a2 29a36c9e9869458dbac8486992dbf01c - - 19de777d5095443386939b2c1b13e77b 19de777d5095443386939b2c1b13e77b] 199.19.213.220 "GET /v2.0/ports?tenant_id=7347a3601f6b4c129d4a9a357bb7b4d7&device_id=601a3b1f-471b-44e6-97af-e021f84bd49a HTTP/1.1" status: 200 len: 1413 time: 0.0430868
2026-05-08 00:37:44.723 9 INFO neutron.wsgi [None req-d7b61874-3088-4a26-ba8e-444085a97e74 d70f802cb4774b2fa0792ec6c13dd09e b7cf89d405d2486d951d3a1eafbb3f87 - - default default] 10.0.0.164 "POST /v2.0/networks HTTP/1.1" status: 201 len: 831 time: 1.3391938
2026-05-08 00:37:44.742 10 WARNING neutron_lib.context [None req-e973c72b-36ee-45c5-9ccc-36618ea1c57a d70f802cb4774b2fa0792ec6c13dd09e b7cf89d405d2486d951d3a1eafbb3f87 - - default default] Method 'is_advsvc' is deprecated since 2023.2 release (neutron-lib 3.8.0) and will be removed once support for the old RBAC API policies will be removed from Neutron. Please use method 'is_service_role' instead.
2026-05-08 00:37:44.794 10 INFO neutron.wsgi [req-c31df177-4ff8-4b33-8913-996bbbf8e27e req-cc8336e4-bff6-45df-b38c-ba7be5d05ac8 24fc9146c4be42e786447ed7cdbba6a2 29a36c9e9869458dbac8486992dbf01c - - 19de777d5095443386939b2c1b13e77b 19de777d5095443386939b2c1b13e77b] 199.19.213.220 "GET /v2.0/networks?id=473bae08-7620-41d6-90ef-674150a2cf7c HTTP/1.1" status: 200 len: 974 time: 0.0805342
2026-05-08 00:37:44.837 9 WARNING neutron.scheduler.dhcp_agent_scheduler [None req-c7dbf100-f050-421b-b3f8-f6e48504df40 2d54ffa2c8a04c33963aa0434d00d2ac 8283b34323d54ceaa502caa9e07fa0fa - - default default] No more DHCP agents
2026-05-08 00:37:44.840 9 WARNING neutron.api.rpc.agentnotifiers.dhcp_rpc_agent_api [None req-c7dbf100-f050-421b-b3f8-f6e48504df40 2d54ffa2c8a04c33963aa0434d00d2ac 8283b34323d54ceaa502caa9e07fa0fa - - default default] Unable to schedule network 1984e9a5-e24a-4645-b8d9-b4ef29bb2632: no agents available; will retry on subsequent port and subnet creation events.
2026-05-08 00:37:44.860 10 INFO neutron.wsgi [req-c31df177-4ff8-4b33-8913-996bbbf8e27e req-7f51df8a-3593-454d-bf2a-14fbaf7a56a0 24fc9146c4be42e786447ed7cdbba6a2 29a36c9e9869458dbac8486992dbf01c - - 19de777d5095443386939b2c1b13e77b 19de777d5095443386939b2c1b13e77b] 199.19.213.220 "GET /v2.0/floatingips?fixed_ip_address=10.100.0.13&port_id=d9295ff1-e8fd-458a-875c-c825ba5ce30f HTTP/1.1" status: 200 len: 1060 time: 0.0578709
2026-05-08 00:37:44.906 10 INFO neutron.wsgi [req-c31df177-4ff8-4b33-8913-996bbbf8e27e req-96102d49-bad0-4665-b595-5bb7d8c55016 24fc9146c4be42e786447ed7cdbba6a2 29a36c9e9869458dbac8486992dbf01c - - 19de777d5095443386939b2c1b13e77b 19de777d5095443386939b2c1b13e77b] 199.19.213.220 "GET /v2.0/subnets?id=d74a9631-9e68-461a-b919-7acd8ea3a568 HTTP/1.1" status: 200 len: 869 time: 0.0385036
2026-05-08 00:37:44.933 10 INFO neutron.wsgi [req-c31df177-4ff8-4b33-8913-996bbbf8e27e req-a460933b-5ad1-4467-afcc-ce0f1eb54528 24fc9146c4be42e786447ed7cdbba6a2 29a36c9e9869458dbac8486992dbf01c - - 19de777d5095443386939b2c1b13e77b 19de777d5095443386939b2c1b13e77b] 199.19.213.220 "GET /v2.0/ports?network_id=473bae08-7620-41d6-90ef-674150a2cf7c&device_owner=network%3Adhcp HTTP/1.1" status: 200 len: 210 time: 0.0211151
2026-05-08 00:37:45.029 10 INFO neutron.wsgi [req-c31df177-4ff8-4b33-8913-996bbbf8e27e req-db59c98c-0266-41d6-a8e9-667ffb19631b 24fc9146c4be42e786447ed7cdbba6a2 29a36c9e9869458dbac8486992dbf01c - - 19de777d5095443386939b2c1b13e77b 19de777d5095443386939b2c1b13e77b] 199.19.213.220 "GET /v2.0/networks/473bae08-7620-41d6-90ef-674150a2cf7c?fields=segments HTTP/1.1" status: 200 len: 212 time: 0.0823195 /var/lib/openstack/lib/python3.10/site-packages/pycadf/identifier.py:71: UserWarning: Invalid uuid: neutron. To ensure interoperability, identifiers should be a valid uuid. warnings.warn(('Invalid uuid: %s. To ensure interoperability, '
2026-05-08 00:37:45.082 10 WARNING neutron.scheduler.dhcp_agent_scheduler [None req-e973c72b-36ee-45c5-9ccc-36618ea1c57a d70f802cb4774b2fa0792ec6c13dd09e b7cf89d405d2486d951d3a1eafbb3f87 - - default default] No more DHCP agents
2026-05-08 00:37:45.087 10 WARNING neutron.api.rpc.agentnotifiers.dhcp_rpc_agent_api [None req-e973c72b-36ee-45c5-9ccc-36618ea1c57a d70f802cb4774b2fa0792ec6c13dd09e b7cf89d405d2486d951d3a1eafbb3f87 - - default default] Unable to schedule network d5d96d22-507b-4cbc-b053-6593984afdec: no agents available; will retry on subsequent port and subnet creation events.
2026-05-08 00:37:45.147 10 INFO neutron.wsgi [req-c31df177-4ff8-4b33-8913-996bbbf8e27e req-313efc04-d215-4194-ac22-dd10211f779a 24fc9146c4be42e786447ed7cdbba6a2 29a36c9e9869458dbac8486992dbf01c - - 19de777d5095443386939b2c1b13e77b 19de777d5095443386939b2c1b13e77b] 199.19.213.220 "GET /v2.0/networks/473bae08-7620-41d6-90ef-674150a2cf7c?fields=provider%3Aphysical_network&fields=provider%3Anetwork_type HTTP/1.1" status: 200 len: 277 time: 0.1078742
2026-05-08 00:37:45.185 10 INFO neutron.db.ovn_revision_numbers_db [None req-e973c72b-36ee-45c5-9ccc-36618ea1c57a d70f802cb4774b2fa0792ec6c13dd09e b7cf89d405d2486d951d3a1eafbb3f87 - - default default] Successfully bumped revision number for resource e9f94be8-7820-4bda-8dcf-e82a7b028d30 (type: ports) to 1
2026-05-08 00:37:45.207 10 INFO neutron.wsgi [None req-e973c72b-36ee-45c5-9ccc-36618ea1c57a d70f802cb4774b2fa0792ec6c13dd09e b7cf89d405d2486d951d3a1eafbb3f87 - - default default] 10.0.0.164 "POST /v2.0/ports HTTP/1.1" status: 201 len: 942 time: 0.4752855 /var/lib/openstack/lib/python3.10/site-packages/pycadf/identifier.py:71: UserWarning: Invalid uuid: neutron. To ensure interoperability, identifiers should be a valid uuid. warnings.warn(('Invalid uuid: %s. To ensure interoperability, '
2026-05-08 00:37:45.216 10 WARNING neutron_lib.context [None req-f6eccbd9-162c-4ec4-8c01-c051a22252d5 d70f802cb4774b2fa0792ec6c13dd09e b7cf89d405d2486d951d3a1eafbb3f87 - - default default] Method 'is_advsvc' is deprecated since 2023.2 release (neutron-lib 3.8.0) and will be removed once support for the old RBAC API policies will be removed from Neutron. Please use method 'is_service_role' instead.
2026-05-08 00:37:45.300 10 INFO neutron.db.segments_db [None req-f6eccbd9-162c-4ec4-8c01-c051a22252d5 d70f802cb4774b2fa0792ec6c13dd09e b7cf89d405d2486d951d3a1eafbb3f87 - - default default] Added segment f4edba05-1bc7-4aa2-941f-37d759eb4c06 of type geneve for network 2e39cdd8-0a3f-43cc-8d91-1d83b0cc39af
2026-05-08 00:37:45.351 9 INFO neutron.db.ovn_revision_numbers_db [None req-c7dbf100-f050-421b-b3f8-f6e48504df40 2d54ffa2c8a04c33963aa0434d00d2ac 8283b34323d54ceaa502caa9e07fa0fa - - default default] Successfully bumped revision number for resource cd7871a8-e187-48b0-9551-175fec73db8a (type: ports) to 2
2026-05-08 00:37:45.390 9 INFO neutron.db.ovn_revision_numbers_db [None req-c7dbf100-f050-421b-b3f8-f6e48504df40 2d54ffa2c8a04c33963aa0434d00d2ac 8283b34323d54ceaa502caa9e07fa0fa - - default default] Successfully bumped revision number for resource 2303feae-c44c-4445-a9bd-ffec1e26273c (type: subnets) to 0
2026-05-08 00:37:45.411 9 INFO neutron.wsgi [None req-c7dbf100-f050-421b-b3f8-f6e48504df40 2d54ffa2c8a04c33963aa0434d00d2ac 8283b34323d54ceaa502caa9e07fa0fa - - default default] 10.0.0.164 "POST /v2.0/subnets HTTP/1.1" status: 201 len: 816 time: 0.8521426
2026-05-08 00:37:45.422 9 WARNING neutron_lib.context [None req-65e71ef3-4842-4ec9-8405-991132f90271 2d54ffa2c8a04c33963aa0434d00d2ac 8283b34323d54ceaa502caa9e07fa0fa - - default default] Method 'is_advsvc' is deprecated since 2023.2 release (neutron-lib 3.8.0) and will be removed once support for the old RBAC API policies will be removed from Neutron. Please use method 'is_service_role' instead.
2026-05-08 00:37:45.443 10 INFO neutron.db.ovn_revision_numbers_db [None req-f6eccbd9-162c-4ec4-8c01-c051a22252d5 d70f802cb4774b2fa0792ec6c13dd09e b7cf89d405d2486d951d3a1eafbb3f87 - - default default] Successfully bumped revision number for resource 2e39cdd8-0a3f-43cc-8d91-1d83b0cc39af (type: networks) to 1
2026-05-08 00:37:45.497 9 INFO neutron.db.segments_db [None req-65e71ef3-4842-4ec9-8405-991132f90271 2d54ffa2c8a04c33963aa0434d00d2ac 8283b34323d54ceaa502caa9e07fa0fa - - default default] Added segment 72c7306c-269f-4d1d-965d-64c029578cf3 of type geneve for network 74031a7e-2353-4705-8641-7661adedab06
2026-05-08 00:37:45.623 9 INFO neutron.db.ovn_revision_numbers_db [None req-65e71ef3-4842-4ec9-8405-991132f90271 2d54ffa2c8a04c33963aa0434d00d2ac 8283b34323d54ceaa502caa9e07fa0fa - - default default] Successfully bumped revision number for resource 74031a7e-2353-4705-8641-7661adedab06 (type: networks) to 1
2026-05-08 00:37:45.652 10 WARNING neutron.scheduler.dhcp_agent_scheduler [None req-f6eccbd9-162c-4ec4-8c01-c051a22252d5 d70f802cb4774b2fa0792ec6c13dd09e b7cf89d405d2486d951d3a1eafbb3f87 - - default default] No more DHCP agents
2026-05-08 00:37:45.654 10 WARNING neutron.api.rpc.agentnotifiers.dhcp_rpc_agent_api [None req-f6eccbd9-162c-4ec4-8c01-c051a22252d5 d70f802cb4774b2fa0792ec6c13dd09e b7cf89d405d2486d951d3a1eafbb3f87 - - default default] Unable to schedule network 2e39cdd8-0a3f-43cc-8d91-1d83b0cc39af: no agents available; will retry on subsequent port and subnet creation events.
2026-05-08 00:37:45.771 9 INFO neutron.wsgi [-] 10.0.0.233 "GET / HTTP/1.1" status: 200 len: 247 time: 0.0013471
2026-05-08 00:37:45.773 9 INFO neutron.wsgi [-] 10.0.0.233 "GET / HTTP/1.1" status: 200 len: 247 time: 0.0014346
2026-05-08 00:37:45.777 10 INFO neutron.db.ovn_revision_numbers_db [None req-f6eccbd9-162c-4ec4-8c01-c051a22252d5 d70f802cb4774b2fa0792ec6c13dd09e b7cf89d405d2486d951d3a1eafbb3f87 - - default default] Successfully bumped revision number for resource 05f2be89-27a8-459e-82f6-7ce39f4f8bfb (type: ports) to 1
2026-05-08 00:37:45.803 10 INFO neutron.wsgi [None req-f6eccbd9-162c-4ec4-8c01-c051a22252d5 d70f802cb4774b2fa0792ec6c13dd09e b7cf89d405d2486d951d3a1eafbb3f87 - - default default] 10.0.0.164 "POST /v2.0/networks HTTP/1.1" status: 201 len: 830 time: 0.5920293
2026-05-08 00:37:45.818 9 WARNING neutron_lib.context [None req-bccd13d1-5ebd-47be-8f6d-fd436defd940 d70f802cb4774b2fa0792ec6c13dd09e b7cf89d405d2486d951d3a1eafbb3f87 - - default default] Method 'is_advsvc' is deprecated since 2023.2 release (neutron-lib 3.8.0) and will be removed once support for the old RBAC API policies will be removed from Neutron. Please use method 'is_service_role' instead.
2026-05-08 00:37:45.824 10 INFO neutron.wsgi [req-ddea4064-69ae-43c6-912c-91558e9a2f05 req-64abb780-3000-4d6c-9529-8b914660cee5 729445b70c16404ca9e61c9c07cc573d 7347a3601f6b4c129d4a9a357bb7b4d7 - - default default] 10.0.0.46 "GET /v2.0/ports?device_id=601a3b1f-471b-44e6-97af-e021f84bd49a HTTP/1.1" status: 200 len: 1174 time: 0.1116183
2026-05-08 00:37:45.846 9 WARNING neutron.scheduler.dhcp_agent_scheduler [None req-65e71ef3-4842-4ec9-8405-991132f90271 2d54ffa2c8a04c33963aa0434d00d2ac 8283b34323d54ceaa502caa9e07fa0fa - - default default] No more DHCP agents
2026-05-08 00:37:45.851 9 WARNING neutron.api.rpc.agentnotifiers.dhcp_rpc_agent_api [None req-65e71ef3-4842-4ec9-8405-991132f90271 2d54ffa2c8a04c33963aa0434d00d2ac 8283b34323d54ceaa502caa9e07fa0fa - - default default] Unable to schedule network 74031a7e-2353-4705-8641-7661adedab06: no agents available; will retry on subsequent port and subnet creation events.
2026-05-08 00:37:45.969 9 INFO neutron.db.ovn_revision_numbers_db [None req-65e71ef3-4842-4ec9-8405-991132f90271 2d54ffa2c8a04c33963aa0434d00d2ac 8283b34323d54ceaa502caa9e07fa0fa - - default default] Successfully bumped revision number for resource 4096aa6f-8408-46e2-92c9-5a4113ed6a9f (type: ports) to 1
2026-05-08 00:37:45.998 9 INFO neutron.wsgi [None req-65e71ef3-4842-4ec9-8405-991132f90271 2d54ffa2c8a04c33963aa0434d00d2ac 8283b34323d54ceaa502caa9e07fa0fa - - default default] 10.0.0.164 "POST /v2.0/networks HTTP/1.1" status: 201 len: 843 time: 0.5799775
2026-05-08 00:37:46.133 10 INFO neutron.wsgi [req-ddea4064-69ae-43c6-912c-91558e9a2f05 req-4cd6a655-7f5f-4332-91da-3ed4a32290d8 729445b70c16404ca9e61c9c07cc573d 7347a3601f6b4c129d4a9a357bb7b4d7 - - default default] 10.0.0.46 "GET /v2.0/security-groups?id=54da3b68-96c0-424b-b6e6-aec3a6563032&fields=id&fields=name HTTP/1.1" status: 200 len: 313 time: 0.3012540
2026-05-08 00:37:46.195 9 WARNING neutron.scheduler.dhcp_agent_scheduler [None req-bccd13d1-5ebd-47be-8f6d-fd436defd940 d70f802cb4774b2fa0792ec6c13dd09e b7cf89d405d2486d951d3a1eafbb3f87 - - default default] No more DHCP agents
2026-05-08 00:37:46.199 9 WARNING neutron.api.rpc.agentnotifiers.dhcp_rpc_agent_api [None req-bccd13d1-5ebd-47be-8f6d-fd436defd940 d70f802cb4774b2fa0792ec6c13dd09e b7cf89d405d2486d951d3a1eafbb3f87 - - default default] Unable to schedule network 2e39cdd8-0a3f-43cc-8d91-1d83b0cc39af: no agents available; will retry on subsequent port and subnet creation events. /var/lib/openstack/lib/python3.10/site-packages/pycadf/identifier.py:71: UserWarning: Invalid uuid: neutron. To ensure interoperability, identifiers should be a valid uuid. warnings.warn(('Invalid uuid: %s. To ensure interoperability, '
2026-05-08 00:37:46.264 9 INFO neutron.db.ovn_revision_numbers_db [None req-1cb62f70-c49c-45ec-9adf-d3e7ca2ab0d4 2d54ffa2c8a04c33963aa0434d00d2ac 8283b34323d54ceaa502caa9e07fa0fa - - default default] Successfully bumped revision number for resource 74031a7e-2353-4705-8641-7661adedab06 (type: networks) to 2
2026-05-08 00:37:46.268 9 INFO neutron.wsgi [None req-1cb62f70-c49c-45ec-9adf-d3e7ca2ab0d4 2d54ffa2c8a04c33963aa0434d00d2ac 8283b34323d54ceaa502caa9e07fa0fa - - default default] 10.0.0.164 "PUT /v2.0/networks/74031a7e-2353-4705-8641-7661adedab06 HTTP/1.1" status: 200 len: 792 time: 0.2616916
2026-05-08 00:37:46.281 10 WARNING neutron_lib.context [None req-7f8550ce-4f56-4067-81aa-5c9cb9714bd1 2d54ffa2c8a04c33963aa0434d00d2ac 8283b34323d54ceaa502caa9e07fa0fa - - default default] Method 'is_advsvc' is deprecated since 2023.2 release (neutron-lib 3.8.0) and will be removed once support for the old RBAC API policies will be removed from Neutron. Please use method 'is_service_role' instead.
2026-05-08 00:37:46.330 10 WARNING neutron_lib.context [None req-6db73575-818e-48aa-a859-35c239403419 5ee73b62885f4f92b7a144dd253f3f3f bc1d25a66b004d8e9a1b77ecf1f45794 - - default default] Method 'is_advsvc' is deprecated since 2023.2 release (neutron-lib 3.8.0) and will be removed once support for the old RBAC API policies will be removed from Neutron. Please use method 'is_service_role' instead.
2026-05-08 00:37:46.512 9 INFO neutron.db.ovn_revision_numbers_db [None req-bccd13d1-5ebd-47be-8f6d-fd436defd940 d70f802cb4774b2fa0792ec6c13dd09e b7cf89d405d2486d951d3a1eafbb3f87 - - default default] Successfully bumped revision number for resource 48633725-ec25-4286-9d91-111f175881bc (type: ports) to 1
2026-05-08 00:37:46.518 9 INFO neutron.wsgi [req-6129b661-30cd-43d3-8a7c-63c468da48f6 req-dc78076e-c0ec-428b-8dc5-c1dcda49d4e8 729445b70c16404ca9e61c9c07cc573d 7347a3601f6b4c129d4a9a357bb7b4d7 - - default default] 10.0.0.46 "GET /v2.0/ports?device_id=601a3b1f-471b-44e6-97af-e021f84bd49a HTTP/1.1" status: 200 len: 1174 time: 0.3001320
2026-05-08 00:37:46.538 10 INFO neutron.db.ovn_revision_numbers_db [None req-6db73575-818e-48aa-a859-35c239403419 5ee73b62885f4f92b7a144dd253f3f3f bc1d25a66b004d8e9a1b77ecf1f45794 - - default default] Successfully bumped revision number for resource a18ccdd4-34aa-4fe5-87dc-4dad959add7b (type: security_groups) to 1
2026-05-08 00:37:46.540 9 INFO neutron.wsgi [None req-bccd13d1-5ebd-47be-8f6d-fd436defd940 d70f802cb4774b2fa0792ec6c13dd09e b7cf89d405d2486d951d3a1eafbb3f87 - - default default] 10.0.0.164 "POST /v2.0/ports HTTP/1.1" status: 201 len: 942 time: 0.7293215
2026-05-08 00:37:46.549 9 WARNING neutron_lib.context [None req-6f193c53-a7fc-45d5-852b-d38c8ff547dd d70f802cb4774b2fa0792ec6c13dd09e b7cf89d405d2486d951d3a1eafbb3f87 - - default default] Method 'is_advsvc' is deprecated since 2023.2 release (neutron-lib 3.8.0) and will be removed once support for the old RBAC API policies will be removed from Neutron. Please use method 'is_service_role' instead.
2026-05-08 00:37:46.567 10 WARNING neutron.scheduler.dhcp_agent_scheduler [None req-7f8550ce-4f56-4067-81aa-5c9cb9714bd1 2d54ffa2c8a04c33963aa0434d00d2ac 8283b34323d54ceaa502caa9e07fa0fa - - default default] No more DHCP agents
2026-05-08 00:37:46.569 10 INFO neutron.db.ovn_revision_numbers_db [None req-6db73575-818e-48aa-a859-35c239403419 5ee73b62885f4f92b7a144dd253f3f3f bc1d25a66b004d8e9a1b77ecf1f45794 - - default default] Successfully bumped revision number for resource 3eb4898d-4530-44b2-b2e3-bf670470112b (type: security_group_rules) to 0
2026-05-08 00:37:46.571 9 INFO neutron.wsgi [req-6129b661-30cd-43d3-8a7c-63c468da48f6 req-a5ff3e8a-add9-4b45-8148-d68bcc7eac04 729445b70c16404ca9e61c9c07cc573d 7347a3601f6b4c129d4a9a357bb7b4d7 - - default default] 10.0.0.46 "GET /v2.0/security-groups?id=54da3b68-96c0-424b-b6e6-aec3a6563032&fields=id&fields=name HTTP/1.1" status: 200 len: 313 time: 0.0449862
2026-05-08 00:37:46.571 10 WARNING neutron.api.rpc.agentnotifiers.dhcp_rpc_agent_api [None req-7f8550ce-4f56-4067-81aa-5c9cb9714bd1 2d54ffa2c8a04c33963aa0434d00d2ac 8283b34323d54ceaa502caa9e07fa0fa - - default default] Unable to schedule network 74031a7e-2353-4705-8641-7661adedab06: no agents available; will retry on subsequent port and subnet creation events.
2026-05-08 00:37:46.597 10 INFO neutron.db.ovn_revision_numbers_db [None req-6db73575-818e-48aa-a859-35c239403419 5ee73b62885f4f92b7a144dd253f3f3f bc1d25a66b004d8e9a1b77ecf1f45794 - - default default] Successfully bumped revision number for resource 5f63bd77-02ea-4f04-bb70-e1c3ba712a78 (type: security_group_rules) to 0
2026-05-08 00:37:46.620 10 INFO neutron.db.ovn_revision_numbers_db [None req-6db73575-818e-48aa-a859-35c239403419 5ee73b62885f4f92b7a144dd253f3f3f bc1d25a66b004d8e9a1b77ecf1f45794 - - default default] Successfully bumped revision number for resource 84ae31f7-2dca-47e8-a33c-df39a08c1b03 (type: security_group_rules) to 0
2026-05-08 00:37:46.636 10 INFO neutron.db.ovn_revision_numbers_db [None req-6db73575-818e-48aa-a859-35c239403419 5ee73b62885f4f92b7a144dd253f3f3f bc1d25a66b004d8e9a1b77ecf1f45794 - - default default] Successfully bumped revision number for resource ec53dbe4-a57f-419c-952e-3dd1ec78c523 (type: security_group_rules) to 0
2026-05-08 00:37:46.638 9 INFO neutron.db.segments_db [None req-6f193c53-a7fc-45d5-852b-d38c8ff547dd d70f802cb4774b2fa0792ec6c13dd09e b7cf89d405d2486d951d3a1eafbb3f87 - - default default] Added segment bd965ae6-de77-406e-88a3-0fb23a51128d of type geneve for network 7b4eaa15-bc35-488e-be85-ebdef87bcc47
2026-05-08 00:37:46.702 10 INFO neutron.db.segments_db [None req-6db73575-818e-48aa-a859-35c239403419 5ee73b62885f4f92b7a144dd253f3f3f bc1d25a66b004d8e9a1b77ecf1f45794 - - default default] Added segment 1ae85c50-5817-4566-b276-1bbd5eac0732 of type geneve for network 2a94eaeb-5dea-4ff1-a2ac-5a4ca0822157
2026-05-08 00:37:46.806 9 INFO neutron.db.ovn_revision_numbers_db [None req-6f193c53-a7fc-45d5-852b-d38c8ff547dd d70f802cb4774b2fa0792ec6c13dd09e b7cf89d405d2486d951d3a1eafbb3f87 - - default default] Successfully bumped revision number for resource 7b4eaa15-bc35-488e-be85-ebdef87bcc47 (type: networks) to 1
2026-05-08 00:37:46.907 10 INFO neutron.db.ovn_revision_numbers_db [None req-6db73575-818e-48aa-a859-35c239403419 5ee73b62885f4f92b7a144dd253f3f3f bc1d25a66b004d8e9a1b77ecf1f45794 - - default default] Successfully bumped revision number for resource 2a94eaeb-5dea-4ff1-a2ac-5a4ca0822157 (type: networks) to 1
2026-05-08 00:37:46.961 9 INFO neutron.wsgi [req-fcd29faa-6461-4da7-99a2-e2fb6875fcc9 req-31962449-46f1-4f39-bb67-3de69c9f987c 729445b70c16404ca9e61c9c07cc573d 7347a3601f6b4c129d4a9a357bb7b4d7 - - default default] 10.0.0.46 "GET /v2.0/ports?device_id=601a3b1f-471b-44e6-97af-e021f84bd49a HTTP/1.1" status: 200 len: 1174 time: 0.0446272
2026-05-08 00:37:47.014 9 INFO neutron.wsgi [req-fcd29faa-6461-4da7-99a2-e2fb6875fcc9 req-7989bfcc-deaf-49cf-8c3a-575189b9c19d 729445b70c16404ca9e61c9c07cc573d 7347a3601f6b4c129d4a9a357bb7b4d7 - - default default] 10.0.0.46 "GET /v2.0/security-groups?id=54da3b68-96c0-424b-b6e6-aec3a6563032&fields=id&fields=name HTTP/1.1" status: 200 len: 313 time: 0.0418386
2026-05-08 00:37:47.029 9 WARNING neutron.scheduler.dhcp_agent_scheduler [None req-6f193c53-a7fc-45d5-852b-d38c8ff547dd d70f802cb4774b2fa0792ec6c13dd09e b7cf89d405d2486d951d3a1eafbb3f87 - - default default] No more DHCP agents
2026-05-08 00:37:47.030 9 WARNING neutron.api.rpc.agentnotifiers.dhcp_rpc_agent_api [None req-6f193c53-a7fc-45d5-852b-d38c8ff547dd d70f802cb4774b2fa0792ec6c13dd09e b7cf89d405d2486d951d3a1eafbb3f87 - - default default] Unable to schedule network 7b4eaa15-bc35-488e-be85-ebdef87bcc47: no agents available; will retry on subsequent port and subnet creation events.
2026-05-08 00:37:47.032 10 INFO neutron.wsgi [req-6a8d7569-227d-4402-9185-6ca0b6bb833f req-370f21f4-bf4f-41cc-8e6b-907efb2cd329 24fc9146c4be42e786447ed7cdbba6a2 29a36c9e9869458dbac8486992dbf01c - - 19de777d5095443386939b2c1b13e77b 19de777d5095443386939b2c1b13e77b] 199.19.213.220 "GET /v2.0/ports?tenant_id=7347a3601f6b4c129d4a9a357bb7b4d7&device_id=601a3b1f-471b-44e6-97af-e021f84bd49a HTTP/1.1" status: 200 len: 1413 time: 0.0709834
2026-05-08 00:37:47.123 9 INFO neutron.db.ovn_revision_numbers_db [None req-6f193c53-a7fc-45d5-852b-d38c8ff547dd d70f802cb4774b2fa0792ec6c13dd09e b7cf89d405d2486d951d3a1eafbb3f87 - - default default] Successfully bumped revision number for resource 37d0e9f4-0dc3-4baa-9765-7a34c665f3e5 (type: ports) to 1
2026-05-08 00:37:47.143 9 INFO neutron.wsgi [None req-6f193c53-a7fc-45d5-852b-d38c8ff547dd d70f802cb4774b2fa0792ec6c13dd09e b7cf89d405d2486d951d3a1eafbb3f87 - - default default] 10.0.0.164 "POST /v2.0/networks HTTP/1.1" status: 201 len: 830 time: 0.5984516
2026-05-08 00:37:47.157 9 WARNING neutron_lib.context [None req-13ebe37d-21ce-45da-84ea-43f2b9c30fd9 d70f802cb4774b2fa0792ec6c13dd09e b7cf89d405d2486d951d3a1eafbb3f87 - - default default] Method 'is_advsvc' is deprecated since 2023.2 release (neutron-lib 3.8.0) and will be removed once support for the old RBAC API policies will be removed from Neutron. Please use method 'is_service_role' instead.
2026-05-08 00:37:47.159 10 INFO neutron.wsgi [req-6a8d7569-227d-4402-9185-6ca0b6bb833f req-7550b404-648e-4b24-83ed-d331f8f70924 24fc9146c4be42e786447ed7cdbba6a2 29a36c9e9869458dbac8486992dbf01c - - 19de777d5095443386939b2c1b13e77b 19de777d5095443386939b2c1b13e77b] 199.19.213.220 "GET /v2.0/networks?id=473bae08-7620-41d6-90ef-674150a2cf7c HTTP/1.1" status: 200 len: 974 time: 0.1200838
2026-05-08 00:37:47.247 10 INFO neutron.wsgi [req-6a8d7569-227d-4402-9185-6ca0b6bb833f req-11d857c9-617e-41e1-b655-9aec49cde19a 24fc9146c4be42e786447ed7cdbba6a2 29a36c9e9869458dbac8486992dbf01c - - 19de777d5095443386939b2c1b13e77b 19de777d5095443386939b2c1b13e77b] 199.19.213.220 "GET /v2.0/floatingips?fixed_ip_address=10.100.0.13&port_id=d9295ff1-e8fd-458a-875c-c825ba5ce30f HTTP/1.1" status: 200 len: 1060 time: 0.0754485
2026-05-08 00:37:47.247 10 WARNING neutron.scheduler.dhcp_agent_scheduler [None req-6db73575-818e-48aa-a859-35c239403419 5ee73b62885f4f92b7a144dd253f3f3f bc1d25a66b004d8e9a1b77ecf1f45794 - - default default] No more DHCP agents
2026-05-08 00:37:47.250 10 WARNING neutron.api.rpc.agentnotifiers.dhcp_rpc_agent_api [None req-6db73575-818e-48aa-a859-35c239403419 5ee73b62885f4f92b7a144dd253f3f3f bc1d25a66b004d8e9a1b77ecf1f45794 - - default default] Unable to schedule network 2a94eaeb-5dea-4ff1-a2ac-5a4ca0822157: no agents available; will retry on subsequent port and subnet creation events.
2026-05-08 00:37:47.315 10 INFO neutron.wsgi [req-6a8d7569-227d-4402-9185-6ca0b6bb833f req-98be7f39-3741-46a3-93c9-5c90bda15341 24fc9146c4be42e786447ed7cdbba6a2 29a36c9e9869458dbac8486992dbf01c - - 19de777d5095443386939b2c1b13e77b 19de777d5095443386939b2c1b13e77b] 199.19.213.220 "GET /v2.0/subnets?id=d74a9631-9e68-461a-b919-7acd8ea3a568 HTTP/1.1" status: 200 len: 869 time: 0.0560513
2026-05-08 00:37:47.345 10 INFO neutron.wsgi [req-6a8d7569-227d-4402-9185-6ca0b6bb833f req-a16a7f91-8ddb-4a8e-b43c-3e9fdc81aead 24fc9146c4be42e786447ed7cdbba6a2 29a36c9e9869458dbac8486992dbf01c - - 19de777d5095443386939b2c1b13e77b 19de777d5095443386939b2c1b13e77b] 199.19.213.220 "GET /v2.0/ports?network_id=473bae08-7620-41d6-90ef-674150a2cf7c&device_owner=network%3Adhcp HTTP/1.1" status: 200 len: 210 time: 0.0197923
2026-05-08 00:37:47.412 9 WARNING neutron.scheduler.dhcp_agent_scheduler [None req-13ebe37d-21ce-45da-84ea-43f2b9c30fd9 d70f802cb4774b2fa0792ec6c13dd09e b7cf89d405d2486d951d3a1eafbb3f87 - - default default] No more DHCP agents
2026-05-08 00:37:47.416 9 WARNING neutron.api.rpc.agentnotifiers.dhcp_rpc_agent_api [None req-13ebe37d-21ce-45da-84ea-43f2b9c30fd9 d70f802cb4774b2fa0792ec6c13dd09e b7cf89d405d2486d951d3a1eafbb3f87 - - default default] Unable to schedule network 7b4eaa15-bc35-488e-be85-ebdef87bcc47: no agents available; will retry on subsequent port and subnet creation events.
2026-05-08 00:37:47.416 10 INFO neutron.db.ovn_revision_numbers_db [None req-6db73575-818e-48aa-a859-35c239403419 5ee73b62885f4f92b7a144dd253f3f3f bc1d25a66b004d8e9a1b77ecf1f45794 - - default default] Successfully bumped revision number for resource 0b0f4c45-96ba-4ddf-b4dd-6bff58b83521 (type: ports) to 1
2026-05-08 00:37:47.434 10 INFO neutron.wsgi [req-6a8d7569-227d-4402-9185-6ca0b6bb833f req-d76f0b79-7c0b-4d17-80c8-d2a93392a602 24fc9146c4be42e786447ed7cdbba6a2 29a36c9e9869458dbac8486992dbf01c - - 19de777d5095443386939b2c1b13e77b 19de777d5095443386939b2c1b13e77b] 199.19.213.220 "GET /v2.0/networks/473bae08-7620-41d6-90ef-674150a2cf7c?fields=segments HTTP/1.1" status: 200 len: 212 time: 0.0799055
2026-05-08 00:37:47.436 10 INFO neutron.db.ovn_revision_numbers_db [None req-7f8550ce-4f56-4067-81aa-5c9cb9714bd1 2d54ffa2c8a04c33963aa0434d00d2ac 8283b34323d54ceaa502caa9e07fa0fa - - default default] Successfully bumped revision number for resource 4096aa6f-8408-46e2-92c9-5a4113ed6a9f (type: ports) to 2
2026-05-08 00:37:47.451 10 INFO neutron.wsgi [None req-6db73575-818e-48aa-a859-35c239403419 5ee73b62885f4f92b7a144dd253f3f3f bc1d25a66b004d8e9a1b77ecf1f45794 - - default default] 10.0.0.164 "POST /v2.0/networks HTTP/1.1" status: 201 len: 832 time: 1.3361835 /var/lib/openstack/lib/python3.10/site-packages/pycadf/identifier.py:71: UserWarning: Invalid uuid: neutron. To ensure interoperability, identifiers should be a valid uuid. warnings.warn(('Invalid uuid: %s. To ensure interoperability, '
2026-05-08 00:37:47.463 9 WARNING neutron_lib.context [None req-909fe05f-56f0-4b43-873b-136ee6187f27 5ee73b62885f4f92b7a144dd253f3f3f bc1d25a66b004d8e9a1b77ecf1f45794 - - default default] Method 'is_advsvc' is deprecated since 2023.2 release (neutron-lib 3.8.0) and will be removed once support for the old RBAC API policies will be removed from Neutron. Please use method 'is_service_role' instead.
2026-05-08 00:37:47.489 10 INFO neutron.db.ovn_revision_numbers_db [None req-7f8550ce-4f56-4067-81aa-5c9cb9714bd1 2d54ffa2c8a04c33963aa0434d00d2ac 8283b34323d54ceaa502caa9e07fa0fa - - default default] Successfully bumped revision number for resource 2e7c5478-7007-4f34-b008-bbe06594db4b (type: subnets) to 0
2026-05-08 00:37:47.510 10 INFO neutron.wsgi [None req-7f8550ce-4f56-4067-81aa-5c9cb9714bd1 2d54ffa2c8a04c33963aa0434d00d2ac 8283b34323d54ceaa502caa9e07fa0fa - - default default] 10.0.0.164 "POST /v2.0/subnets HTTP/1.1" status: 201 len: 801 time: 1.2352214
2026-05-08 00:37:47.521 10 INFO neutron.wsgi [req-6a8d7569-227d-4402-9185-6ca0b6bb833f req-37ec3676-37c5-44e8-bb12-7f20d0f3b933 24fc9146c4be42e786447ed7cdbba6a2 29a36c9e9869458dbac8486992dbf01c - - 19de777d5095443386939b2c1b13e77b 19de777d5095443386939b2c1b13e77b] 199.19.213.220 "GET /v2.0/networks/473bae08-7620-41d6-90ef-674150a2cf7c?fields=provider%3Aphysical_network&fields=provider%3Anetwork_type HTTP/1.1" status: 200 len: 277 time: 0.0786073
2026-05-08 00:37:47.550 9 INFO neutron.db.ovn_revision_numbers_db [None req-13ebe37d-21ce-45da-84ea-43f2b9c30fd9 d70f802cb4774b2fa0792ec6c13dd09e b7cf89d405d2486d951d3a1eafbb3f87 - - default default] Successfully bumped revision number for resource e22c3b5a-e166-4dac-b561-b7c792e1fb63 (type: ports) to 1
2026-05-08 00:37:47.681 9 INFO neutron.wsgi [None req-13ebe37d-21ce-45da-84ea-43f2b9c30fd9 d70f802cb4774b2fa0792ec6c13dd09e b7cf89d405d2486d951d3a1eafbb3f87 - - default default] 10.0.0.164 "POST /v2.0/ports HTTP/1.1" status: 201 len: 942 time: 0.5300786
2026-05-08 00:37:47.697 10 WARNING neutron_lib.context [None req-f30ec5b7-0fae-4f16-b42d-5808bd10048d d70f802cb4774b2fa0792ec6c13dd09e b7cf89d405d2486d951d3a1eafbb3f87 - - default default] Method 'is_advsvc' is deprecated since 2023.2 release (neutron-lib 3.8.0) and will be removed once support for the old RBAC API policies will be removed from Neutron. Please use method 'is_service_role' instead.
2026-05-08 00:37:47.773 10 INFO neutron.plugins.ml2.drivers.ovn.mech_driver.mech_driver [None req-31ba4a09-84aa-4acd-a843-6099e05cc5f3 - - - - - -] OVN reports status down for port: d9295ff1-e8fd-458a-875c-c825ba5ce30f
2026-05-08 00:37:47.803 10 INFO neutron.db.segments_db [None req-f30ec5b7-0fae-4f16-b42d-5808bd10048d d70f802cb4774b2fa0792ec6c13dd09e b7cf89d405d2486d951d3a1eafbb3f87 - - default default] Added segment e141527d-a4cb-475d-9f80-4a80c8608009 of type geneve for network 8c9239c3-fdc3-4653-9c05-316d3d1ea4a2
2026-05-08 00:37:47.944 10 INFO neutron.notifiers.nova [-] Nova event matching ['req-221b17d6-f8d4-4618-b7de-168560799d6f'] response: {'server_uuid': '601a3b1f-471b-44e6-97af-e021f84bd49a', 'name': 'network-vif-unplugged', 'status': 'completed', 'tag': 'd9295ff1-e8fd-458a-875c-c825ba5ce30f', 'code': 200}
2026-05-08 00:37:48.024 10 INFO neutron.db.ovn_revision_numbers_db [None req-f30ec5b7-0fae-4f16-b42d-5808bd10048d d70f802cb4774b2fa0792ec6c13dd09e b7cf89d405d2486d951d3a1eafbb3f87 - - default default] Successfully bumped revision number for resource 8c9239c3-fdc3-4653-9c05-316d3d1ea4a2 (type: networks) to 1
2026-05-08 00:37:48.182 9 INFO neutron.wsgi [req-f0bda2b8-aeb3-472b-abf5-1e493c73b258 req-47665e9c-1857-4ff4-b19c-06374a7ba2ba 729445b70c16404ca9e61c9c07cc573d 7347a3601f6b4c129d4a9a357bb7b4d7 - - default default] 10.0.0.46 "GET /v2.0/ports?device_id=601a3b1f-471b-44e6-97af-e021f84bd49a HTTP/1.1" status: 200 len: 1172 time: 0.0774674
2026-05-08 00:37:48.211 10 INFO neutron.db.ovn_revision_numbers_db [None req-31ba4a09-84aa-4acd-a843-6099e05cc5f3 - - - - - -] Successfully bumped revision number for resource d9295ff1-e8fd-458a-875c-c825ba5ce30f (type: ports) to 5
2026-05-08 00:37:48.241 9 INFO neutron.db.ovn_revision_numbers_db [None req-3985a02d-91eb-4b74-b129-94c98839cfb9 2d54ffa2c8a04c33963aa0434d00d2ac 8283b34323d54ceaa502caa9e07fa0fa - - default default] Successfully bumped revision number for resource 2e7c5478-7007-4f34-b008-bbe06594db4b (type: subnets) to 1
2026-05-08 00:37:48.244 9 INFO neutron.wsgi [None req-3985a02d-91eb-4b74-b129-94c98839cfb9 2d54ffa2c8a04c33963aa0434d00d2ac 8283b34323d54ceaa502caa9e07fa0fa - - default default] 10.0.0.164 "PUT /v2.0/subnets/2e7c5478-7007-4f34-b008-bbe06594db4b HTTP/1.1" status: 200 len: 806 time: 0.7245207
2026-05-08 00:37:48.251 10 WARNING neutron.scheduler.dhcp_agent_scheduler [None req-f30ec5b7-0fae-4f16-b42d-5808bd10048d d70f802cb4774b2fa0792ec6c13dd09e b7cf89d405d2486d951d3a1eafbb3f87 - - default default] No more DHCP agents
2026-05-08 00:37:48.254 10 WARNING neutron.api.rpc.agentnotifiers.dhcp_rpc_agent_api [None req-f30ec5b7-0fae-4f16-b42d-5808bd10048d d70f802cb4774b2fa0792ec6c13dd09e b7cf89d405d2486d951d3a1eafbb3f87 - - default default] Unable to schedule network 8c9239c3-fdc3-4653-9c05-316d3d1ea4a2: no agents available; will retry on subsequent port and subnet creation events.
2026-05-08 00:37:48.259 9 INFO neutron.wsgi [req-f0bda2b8-aeb3-472b-abf5-1e493c73b258 req-1a444f8a-7536-42eb-9808-ac464dea099a 729445b70c16404ca9e61c9c07cc573d 7347a3601f6b4c129d4a9a357bb7b4d7 - - default default] 10.0.0.46 "GET /v2.0/security-groups?id=54da3b68-96c0-424b-b6e6-aec3a6563032&fields=id&fields=name HTTP/1.1" status: 200 len: 313 time: 0.0700178
2026-05-08 00:37:48.356 10 INFO neutron.db.ovn_revision_numbers_db [None req-f30ec5b7-0fae-4f16-b42d-5808bd10048d d70f802cb4774b2fa0792ec6c13dd09e b7cf89d405d2486d951d3a1eafbb3f87 - - default default] Successfully bumped revision number for resource 839f1b13-79b7-486b-bed4-6ad5718d0763 (type: ports) to 1
2026-05-08 00:37:48.380 9 WARNING neutron.scheduler.dhcp_agent_scheduler [None req-909fe05f-56f0-4b43-873b-136ee6187f27 5ee73b62885f4f92b7a144dd253f3f3f bc1d25a66b004d8e9a1b77ecf1f45794 - - default default] No more DHCP agents
2026-05-08 00:37:48.383 10 INFO neutron.plugins.ml2.drivers.ovn.mech_driver.mech_driver [None req-31ba4a09-84aa-4acd-a843-6099e05cc5f3 - - - - - -] OVN reports status up for port: d9295ff1-e8fd-458a-875c-c825ba5ce30f
2026-05-08 00:37:48.387 9 WARNING neutron.api.rpc.agentnotifiers.dhcp_rpc_agent_api [None req-909fe05f-56f0-4b43-873b-136ee6187f27 5ee73b62885f4f92b7a144dd253f3f3f bc1d25a66b004d8e9a1b77ecf1f45794 - - default default] Unable to schedule network 08ae7ac8-c146-48dd-bea7-7f5e2b053c72: no agents available; will retry on subsequent port and subnet creation events.
2026-05-08 00:37:48.405 10 INFO neutron.plugins.ml2.plugin [None req-31ba4a09-84aa-4acd-a843-6099e05cc5f3 - - - - - -] Attempt 1 to provision port d9295ff1-e8fd-458a-875c-c825ba5ce30f
2026-05-08 00:37:48.413 10 INFO neutron.wsgi [None req-f30ec5b7-0fae-4f16-b42d-5808bd10048d d70f802cb4774b2fa0792ec6c13dd09e b7cf89d405d2486d951d3a1eafbb3f87 - - default default] 10.0.0.164 "POST /v2.0/networks HTTP/1.1" status: 201 len: 830 time: 0.7238750
2026-05-08 00:37:48.427 9 WARNING neutron_lib.context [None req-7d145b72-0f9a-4866-9994-4545b88aa684 d70f802cb4774b2fa0792ec6c13dd09e b7cf89d405d2486d951d3a1eafbb3f87 - - default default] Method 'is_advsvc' is deprecated since 2023.2 release (neutron-lib 3.8.0) and will be removed once support for the old RBAC API policies will be removed from Neutron. Please use method 'is_service_role' instead.
2026-05-08 00:37:48.753 10 INFO neutron.db.ovn_revision_numbers_db [None req-31ba4a09-84aa-4acd-a843-6099e05cc5f3 - - - - - -] Successfully bumped revision number for resource d9295ff1-e8fd-458a-875c-c825ba5ce30f (type: ports) to 6
2026-05-08 00:37:48.913 9 INFO neutron.db.ovn_revision_numbers_db [None req-909fe05f-56f0-4b43-873b-136ee6187f27 5ee73b62885f4f92b7a144dd253f3f3f bc1d25a66b004d8e9a1b77ecf1f45794 - - default default] Successfully bumped revision number for resource f1e710cf-a533-4840-913a-ad51d3292e11 (type: ports) to 1
2026-05-08 00:37:49.141 9 WARNING neutron.scheduler.dhcp_agent_scheduler [None req-7d145b72-0f9a-4866-9994-4545b88aa684 d70f802cb4774b2fa0792ec6c13dd09e b7cf89d405d2486d951d3a1eafbb3f87 - - default default] No more DHCP agents
2026-05-08 00:37:49.145 9 WARNING neutron.api.rpc.agentnotifiers.dhcp_rpc_agent_api [None req-7d145b72-0f9a-4866-9994-4545b88aa684 d70f802cb4774b2fa0792ec6c13dd09e b7cf89d405d2486d951d3a1eafbb3f87 - - default default] Unable to schedule network 8c9239c3-fdc3-4653-9c05-316d3d1ea4a2: no agents available; will retry on subsequent port and subnet creation events.
2026-05-08 00:37:49.318 9 INFO neutron.db.ovn_revision_numbers_db [None req-7d145b72-0f9a-4866-9994-4545b88aa684 d70f802cb4774b2fa0792ec6c13dd09e b7cf89d405d2486d951d3a1eafbb3f87 - - default default] Successfully bumped revision number for resource 75852f8b-9b90-4f91-9176-16d28990a2fe (type: ports) to 1 /var/lib/openstack/lib/python3.10/site-packages/pycadf/identifier.py:71: UserWarning: Invalid uuid: neutron. To ensure interoperability, identifiers should be a valid uuid. warnings.warn(('Invalid uuid: %s. To ensure interoperability, '
2026-05-08 00:37:49.377 9 INFO neutron.wsgi [None req-7d145b72-0f9a-4866-9994-4545b88aa684 d70f802cb4774b2fa0792ec6c13dd09e b7cf89d405d2486d951d3a1eafbb3f87 - - default default] 10.0.0.164 "POST /v2.0/ports HTTP/1.1" status: 201 len: 942 time: 0.9540615
2026-05-08 00:37:49.387 10 INFO neutron.wsgi [req-8d53728b-a706-4c40-b172-2b1ecc3f2a2b req-c9890edc-8dfc-43a2-9354-dde63655ca09 729445b70c16404ca9e61c9c07cc573d 7347a3601f6b4c129d4a9a357bb7b4d7 - - default default] 10.0.0.46 "GET /v2.0/ports?device_id=601a3b1f-471b-44e6-97af-e021f84bd49a HTTP/1.1" status: 200 len: 1174 time: 0.0472772
2026-05-08 00:37:49.392 10 WARNING neutron_lib.context [None req-318480f4-8151-412f-ba6b-29666423953a d70f802cb4774b2fa0792ec6c13dd09e b7cf89d405d2486d951d3a1eafbb3f87 - - default default] Method 'is_advsvc' is deprecated since 2023.2 release (neutron-lib 3.8.0) and will be removed once support for the old RBAC API policies will be removed from Neutron. Please use method 'is_service_role' instead.
2026-05-08 00:37:49.441 10 INFO neutron.wsgi [req-8d53728b-a706-4c40-b172-2b1ecc3f2a2b req-1d8a99d3-e463-4945-a948-979d04596457 729445b70c16404ca9e61c9c07cc573d 7347a3601f6b4c129d4a9a357bb7b4d7 - - default default] 10.0.0.46 "GET /v2.0/security-groups?id=54da3b68-96c0-424b-b6e6-aec3a6563032&fields=id&fields=name HTTP/1.1" status: 200 len: 313 time: 0.0477169
2026-05-08 00:37:49.500 10 INFO neutron.db.segments_db [None req-318480f4-8151-412f-ba6b-29666423953a d70f802cb4774b2fa0792ec6c13dd09e b7cf89d405d2486d951d3a1eafbb3f87 - - default default] Added segment 031025fd-191d-4736-9844-526b79ddb8b3 of type geneve for network dd428257-b37b-4443-a7b5-e1e9bb7498dc
2026-05-08 00:37:49.583 9 INFO neutron.services.segments.plugin [-] Segment 72c7306c-269f-4d1d-965d-64c029578cf3 resource provider aggregate not found
2026-05-08 00:37:49.589 9 INFO neutron.services.segments.plugin [-] Segment 72c7306c-269f-4d1d-965d-64c029578cf3 resource provider aggregate not found
2026-05-08 00:37:49.608 9 INFO neutron.services.segments.plugin [-] Segment 72c7306c-269f-4d1d-965d-64c029578cf3 resource provider not found; error: Placement Client Error (4xx): {"errors": [{"status": 404, "title": "Not Found", "detail": "The resource could not be found.\n\n No resource provider with uuid 72c7306c-269f-4d1d-965d-64c029578cf3 found for delete ", "request_id": "req-d0e71578-fd9d-4e11-bf7d-9ab7f1ae3e01"}]}
2026-05-08 00:37:49.625 9 INFO neutron.services.segments.plugin [-] Segment 72c7306c-269f-4d1d-965d-64c029578cf3 resource provider not found; error: Placement Client Error (4xx): {"errors": [{"status": 404, "title": "Not Found", "detail": "The resource could not be found.\n\n No resource provider with uuid 72c7306c-269f-4d1d-965d-64c029578cf3 found for delete ", "request_id": "req-d89cba6e-3c82-438d-a448-341aa446a7e2"}]}
2026-05-08 00:37:49.667 10 INFO neutron.db.ovn_revision_numbers_db [None req-318480f4-8151-412f-ba6b-29666423953a d70f802cb4774b2fa0792ec6c13dd09e b7cf89d405d2486d951d3a1eafbb3f87 - - default default] Successfully bumped revision number for resource dd428257-b37b-4443-a7b5-e1e9bb7498dc (type: networks) to 1
2026-05-08 00:37:49.672 9 INFO neutron.wsgi [None req-5a2d50ec-db62-4b89-9255-c5b42e519951 2d54ffa2c8a04c33963aa0434d00d2ac 8283b34323d54ceaa502caa9e07fa0fa - - default default] 10.0.0.164 "DELETE /v2.0/networks/74031a7e-2353-4705-8641-7661adedab06 HTTP/1.1" status: 204 len: 168 time: 1.4219718 /var/lib/openstack/lib/python3.10/site-packages/pycadf/identifier.py:71: UserWarning: Invalid uuid: neutron. To ensure interoperability, identifiers should be a valid uuid. warnings.warn(('Invalid uuid: %s. To ensure interoperability, '
2026-05-08 00:37:49.695 9 INFO neutron.pecan_wsgi.hooks.translation [None req-52b65106-7565-4369-b112-5eccd6ac064f 2d54ffa2c8a04c33963aa0434d00d2ac 8283b34323d54ceaa502caa9e07fa0fa - - default default] DELETE failed (client error): The resource could not be found.
2026-05-08 00:37:49.698 9 INFO neutron.wsgi [None req-52b65106-7565-4369-b112-5eccd6ac064f 2d54ffa2c8a04c33963aa0434d00d2ac 8283b34323d54ceaa502caa9e07fa0fa - - default default] 10.0.0.164 "DELETE /v2.0/networks/74031a7e-2353-4705-8641-7661adedab06 HTTP/1.1" status: 404 len: 339 time: 0.0189958
2026-05-08 00:37:49.848 10 INFO neutron.wsgi [None req-fb915b7f-11ed-4666-a9dc-01bc49b98f0b 2d54ffa2c8a04c33963aa0434d00d2ac 8283b34323d54ceaa502caa9e07fa0fa - - default default] 10.0.0.164 "GET /v2.0/networks?router%3Aexternal=True HTTP/1.1" status: 200 len: 845 time: 0.1354215
2026-05-08 00:37:49.906 9 INFO neutron.plugins.ml2.drivers.ovn.mech_driver.ovsdb.commands [None req-cb1d6ac1-8d5e-4ef1-b7a6-ba0b396b49a2 - - - - - -] Schedule LRP lrp-f1e710cf-a533-4840-913a-ad51d3292e11 on gateway 414b40bc-0bd2-4a22-9062-2d44c6a6ad13 with priority 1
2026-05-08 00:37:49.915 9 INFO neutron.plugins.ml2.drivers.ovn.mech_driver.mech_driver [None req-1ef43080-86ca-4492-8e98-319940fb2b84 - - - - - -] OVN reports status up for port: f1e710cf-a533-4840-913a-ad51d3292e11
2026-05-08 00:37:49.932 9 INFO neutron.plugins.ml2.drivers.ovn.mech_driver.ovsdb.ovsdb_monitor [None req-e121dcbc-7f27-4945-b610-64084f60a3fc - - - - - -] Router f0b0418b-5a5e-4411-9757-afc91487bdb3 is bound to host instance
2026-05-08 00:37:49.945 9 INFO neutron.plugins.ml2.plugin [None req-1ef43080-86ca-4492-8e98-319940fb2b84 - - - - - -] Attempt 1 to provision port f1e710cf-a533-4840-913a-ad51d3292e11
2026-05-08 00:37:49.952 10 INFO neutron.wsgi [None req-b8d2a760-b8ad-490d-8876-2b3e3aa7c2b5 2d54ffa2c8a04c33963aa0434d00d2ac 8283b34323d54ceaa502caa9e07fa0fa - - default default] 10.0.0.164 "GET /v2.0/subnets?network_id=08ae7ac8-c146-48dd-bea7-7f5e2b053c72 HTTP/1.1" status: 200 len: 820 time: 0.0914702
2026-05-08 00:37:49.963 10 INFO neutron.wsgi [None req-6bbe2041-dc76-4f2b-8430-49fc28e24fa5 2d54ffa2c8a04c33963aa0434d00d2ac 8283b34323d54ceaa502caa9e07fa0fa - - default default] 10.0.0.164 "GET /v2.0/extensions HTTP/1.1" status: 200 len: 18678 time: 0.0054383
2026-05-08 00:37:49.991 10 INFO neutron.notifiers.nova [-] Nova event matching ['req-53c6c50d-823b-4c81-99ab-22c80851e087'] response: {'server_uuid': '601a3b1f-471b-44e6-97af-e021f84bd49a', 'name': 'network-vif-unplugged', 'status': 'completed', 'tag': 'd9295ff1-e8fd-458a-875c-c825ba5ce30f', 'code': 200}
2026-05-08 00:37:49.991 10 INFO neutron.notifiers.nova [-] Nova event matching ['req-53c6c50d-823b-4c81-99ab-22c80851e087'] response: {'server_uuid': '601a3b1f-471b-44e6-97af-e021f84bd49a', 'name': 'network-vif-plugged', 'status': 'completed', 'tag': 'd9295ff1-e8fd-458a-875c-c825ba5ce30f', 'code': 200}
2026-05-08 00:37:49.991 10 INFO neutron.notifiers.nova [-] Nova event matching ['req-53c6c50d-823b-4c81-99ab-22c80851e087'] response: {'server_uuid': '601a3b1f-471b-44e6-97af-e021f84bd49a', 'name': 'network-vif-plugged', 'status': 'completed', 'tag': 'd9295ff1-e8fd-458a-875c-c825ba5ce30f', 'code': 200}
2026-05-08 00:37:50.010 10 WARNING neutron.scheduler.dhcp_agent_scheduler [None req-318480f4-8151-412f-ba6b-29666423953a d70f802cb4774b2fa0792ec6c13dd09e b7cf89d405d2486d951d3a1eafbb3f87 - - default default] No more DHCP agents
2026-05-08 00:37:50.012 10 WARNING neutron.api.rpc.agentnotifiers.dhcp_rpc_agent_api [None req-318480f4-8151-412f-ba6b-29666423953a d70f802cb4774b2fa0792ec6c13dd09e b7cf89d405d2486d951d3a1eafbb3f87 - - default default] Unable to schedule network dd428257-b37b-4443-a7b5-e1e9bb7498dc: no agents available; will retry on subsequent port and subnet creation events.
2026-05-08 00:37:50.021 9 INFO neutron.db.ovn_revision_numbers_db [None req-909fe05f-56f0-4b43-873b-136ee6187f27 5ee73b62885f4f92b7a144dd253f3f3f bc1d25a66b004d8e9a1b77ecf1f45794 - - default default] Successfully bumped revision number for resource f1e710cf-a533-4840-913a-ad51d3292e11 (type: router_ports) to 1
2026-05-08 00:37:50.124 10 INFO neutron.db.ovn_revision_numbers_db [None req-318480f4-8151-412f-ba6b-29666423953a d70f802cb4774b2fa0792ec6c13dd09e b7cf89d405d2486d951d3a1eafbb3f87 - - default default] Successfully bumped revision number for resource e3867baa-fd6f-4dc8-979c-ae24f83d0f1d (type: ports) to 1
2026-05-08 00:37:50.144 10 INFO neutron.wsgi [None req-318480f4-8151-412f-ba6b-29666423953a d70f802cb4774b2fa0792ec6c13dd09e b7cf89d405d2486d951d3a1eafbb3f87 - - default default] 10.0.0.164 "POST /v2.0/networks HTTP/1.1" status: 201 len: 831 time: 0.7557857
2026-05-08 00:37:50.153 10 WARNING neutron_lib.context [None req-cbf689b0-854e-4571-a492-12efd82a77f0 d70f802cb4774b2fa0792ec6c13dd09e b7cf89d405d2486d951d3a1eafbb3f87 - - default default] Method 'is_advsvc' is deprecated since 2023.2 release (neutron-lib 3.8.0) and will be removed once support for the old RBAC API policies will be removed from Neutron. Please use method 'is_service_role' instead.
2026-05-08 00:37:50.321 9 INFO neutron.wsgi [None req-cc2eb812-2dcb-475c-842e-841849df8032 2d54ffa2c8a04c33963aa0434d00d2ac 8283b34323d54ceaa502caa9e07fa0fa - - default default] 10.0.0.164 "GET /v2.0/networks HTTP/1.1" status: 200 len: 1504 time: 0.3502471
2026-05-08 00:37:50.398 9 INFO neutron.db.ovn_revision_numbers_db [None req-909fe05f-56f0-4b43-873b-136ee6187f27 5ee73b62885f4f92b7a144dd253f3f3f bc1d25a66b004d8e9a1b77ecf1f45794 - - default default] Successfully bumped revision number for resource f0b0418b-5a5e-4411-9757-afc91487bdb3 (type: routers) to 2
2026-05-08 00:37:50.420 9 INFO neutron.wsgi [None req-9406d49e-8fa2-4de8-889b-517226d8edfa 2d54ffa2c8a04c33963aa0434d00d2ac 8283b34323d54ceaa502caa9e07fa0fa - - default default] 10.0.0.164 "GET /v2.0/subnets HTTP/1.1" status: 200 len: 1428 time: 0.0898635
2026-05-08 00:37:50.429 9 INFO neutron.wsgi [None req-909fe05f-56f0-4b43-873b-136ee6187f27 5ee73b62885f4f92b7a144dd253f3f3f bc1d25a66b004d8e9a1b77ecf1f45794 - - default default] 10.0.0.164 "POST /v2.0/routers HTTP/1.1" status: 201 len: 1153 time: 2.9713755
