2026-05-08 00:37:58.132 9 INFO neutron.wsgi [None req-a82fdac4-525c-4f04-8c37-c993655be469 c954768ba58d410f89cbc4bf5a36e48e cc8c7a5aaaaa4e1ca2dbfad68032cd18 - - default default] 10.0.0.164 "GET /v2.0/ports/b6f472b1-885b-4b18-af2f-763ac139a2f2 HTTP/1.1" status: 404 len: 333 time: 0.0195608
2026-05-08 00:37:58.134 10 INFO neutron.services.segments.plugin [-] Segment bd965ae6-de77-406e-88a3-0fb23a51128d resource provider not found; error: Placement Client Error (4xx): {"errors": [{"status": 404, "title": "Not Found", "detail": "The resource could not be found.\n\n No resource provider with uuid bd965ae6-de77-406e-88a3-0fb23a51128d found for delete ", "request_id": "req-746f5281-9431-49df-b607-8ac6c671d3aa"}]}
2026-05-08 00:37:58.160 10 INFO neutron.services.segments.plugin [-] Segment e141527d-a4cb-475d-9f80-4a80c8608009 resource provider aggregate not found
2026-05-08 00:37:58.166 10 INFO neutron.services.segments.plugin [-] Segment bd965ae6-de77-406e-88a3-0fb23a51128d resource provider not found; error: Placement Client Error (4xx): {"errors": [{"status": 404, "title": "Not Found", "detail": "The resource could not be found.\n\n No resource provider with uuid bd965ae6-de77-406e-88a3-0fb23a51128d found for delete ", "request_id": "req-4f90d4c1-59bd-44a3-b30c-33bc500c4db0"}]}
2026-05-08 00:37:58.177 10 INFO neutron.services.segments.plugin [-] Segment e141527d-a4cb-475d-9f80-4a80c8608009 resource provider not found; error: Placement Client Error (4xx): {"errors": [{"status": 404, "title": "Not Found", "detail": "The resource could not be found.\n\n No resource provider with uuid e141527d-a4cb-475d-9f80-4a80c8608009 found for delete ", "request_id": "req-52b5dbb7-6db7-4416-a1c6-b7590ee5d7a9"}]}
2026-05-08 00:37:58.181 10 INFO neutron.services.segments.plugin [-] Segment e141527d-a4cb-475d-9f80-4a80c8608009 resource provider aggregate not found
2026-05-08 00:37:58.195 10 INFO neutron.services.segments.plugin [-] Segment e141527d-a4cb-475d-9f80-4a80c8608009 resource provider not found; error: Placement Client Error (4xx): {"errors": [{"status": 404, "title": "Not Found", "detail": "The resource could not be found.\n\n No resource provider with uuid e141527d-a4cb-475d-9f80-4a80c8608009 found for delete ", "request_id": "req-4b2312d2-7a92-46dd-80ff-9f5a9c484afd"}]}
2026-05-08 00:37:58.320 9 INFO neutron.wsgi [None req-93230805-3e24-4726-aa98-b71c2f0a6adc c954768ba58d410f89cbc4bf5a36e48e cc8c7a5aaaaa4e1ca2dbfad68032cd18 - - default default] 10.0.0.164 "DELETE /v2.0/subnets/b008c0e0-4486-40d5-8288-c33f9d084f82 HTTP/1.1" status: 204 len: 168 time: 0.1825624
2026-05-08 00:37:58.557 9 INFO neutron.wsgi [None req-61b13715-7804-4c96-b998-8d11fd33ada0 5ee73b62885f4f92b7a144dd253f3f3f bc1d25a66b004d8e9a1b77ecf1f45794 - - default default] 10.0.0.164 "GET /v2.0/networks HTTP/1.1" status: 200 len: 1493 time: 0.2871258
2026-05-08 00:37:58.702 9 INFO neutron.wsgi [req-5e646a10-7bbd-4344-a0a3-4976237e3030 req-e9515fde-0fad-475d-a19c-e609ecee52a3 5ee73b62885f4f92b7a144dd253f3f3f bc1d25a66b004d8e9a1b77ecf1f45794 - - default default] 10.0.0.46 "GET /v2.0/security-groups?name=tempest-secgroup-smoke-162726422&fields=id&tenant_id=bc1d25a66b004d8e9a1b77ecf1f45794 HTTP/1.1" status: 200 len: 267 time: 0.0686131
2026-05-08 00:37:58.708 9 INFO neutron.wsgi [None req-3f85095e-d022-4eec-9198-deb2aad8b698 c954768ba58d410f89cbc4bf5a36e48e cc8c7a5aaaaa4e1ca2dbfad68032cd18 - - default default] 10.0.0.164 "DELETE /v2.0/networks/4c1adb46-b43b-450e-a875-78f2295c1e07 HTTP/1.1" status: 204 len: 168 time: 0.3819361
2026-05-08 00:37:58.720 10 WARNING neutron_lib.context [None req-a929934c-8e2d-446d-8d91-ba7eb0fb9e41 c954768ba58d410f89cbc4bf5a36e48e cc8c7a5aaaaa4e1ca2dbfad68032cd18 - - default default] Method 'is_advsvc' is deprecated since 2023.2 release (neutron-lib 3.8.0) and will be removed once support for the old RBAC API policies will be removed from Neutron. Please use method 'is_service_role' instead.
2026-05-08 00:37:58.807 10 INFO neutron.db.segments_db [None req-a929934c-8e2d-446d-8d91-ba7eb0fb9e41 c954768ba58d410f89cbc4bf5a36e48e cc8c7a5aaaaa4e1ca2dbfad68032cd18 - - default default] Added segment ae14aebb-c39e-4ae6-8627-7d3e72d161b2 of type geneve for network 9bf9fc18-57f5-45f9-90f5-ad75d187673a
2026-05-08 00:37:58.813 9 INFO neutron.wsgi [req-5e646a10-7bbd-4344-a0a3-4976237e3030 req-10f017ef-1a7f-4a4f-bc12-edeb264234db 5ee73b62885f4f92b7a144dd253f3f3f bc1d25a66b004d8e9a1b77ecf1f45794 - - default default] 10.0.0.46 "GET /v2.0/networks?id=2a94eaeb-5dea-4ff1-a2ac-5a4ca0822157 HTTP/1.1" status: 200 len: 860 time: 0.0996439
2026-05-08 00:37:58.837 9 INFO neutron.wsgi [req-5e646a10-7bbd-4344-a0a3-4976237e3030 req-1c868672-f921-4155-92a0-12a240a4f343 5ee73b62885f4f92b7a144dd253f3f3f bc1d25a66b004d8e9a1b77ecf1f45794 - - default default] 10.0.0.46 "GET /v2.0/quotas/bc1d25a66b004d8e9a1b77ecf1f45794 HTTP/1.1" status: 200 len: 491 time: 0.0136549
2026-05-08 00:37:58.982 10 INFO neutron.db.ovn_revision_numbers_db [None req-a929934c-8e2d-446d-8d91-ba7eb0fb9e41 c954768ba58d410f89cbc4bf5a36e48e cc8c7a5aaaaa4e1ca2dbfad68032cd18 - - default default] Successfully bumped revision number for resource 9bf9fc18-57f5-45f9-90f5-ad75d187673a (type: networks) to 1
2026-05-08 00:37:59.002 9 INFO neutron.wsgi [req-5e646a10-7bbd-4344-a0a3-4976237e3030 req-3a2987ca-2e4b-4f62-bd3b-2bd4fa6b6e9c 5ee73b62885f4f92b7a144dd253f3f3f bc1d25a66b004d8e9a1b77ecf1f45794 - - default default] 10.0.0.46 "GET /v2.0/ports?tenant_id=bc1d25a66b004d8e9a1b77ecf1f45794&fields=id HTTP/1.1" status: 200 len: 302 time: 0.1604517
2026-05-08 00:37:59.100 9 INFO neutron.wsgi [req-5e646a10-7bbd-4344-a0a3-4976237e3030 req-3250003e-26ad-4b4a-be37-f6de745b62a5 24fc9146c4be42e786447ed7cdbba6a2 29a36c9e9869458dbac8486992dbf01c - - 19de777d5095443386939b2c1b13e77b 19de777d5095443386939b2c1b13e77b] 10.0.0.46 "GET /v2.0/networks/2a94eaeb-5dea-4ff1-a2ac-5a4ca0822157?fields=segments HTTP/1.1" status: 200 len: 212 time: 0.0861444
2026-05-08 00:37:59.141 10 INFO neutron.db.ovn_revision_numbers_db [None req-a0b83194-999d-492c-95a0-133007beac39 330903d50af449629d58dd3ba0324bec a4bbebf8352349baac56de0f77cc468d - - default default] Successfully bumped revision number for resource 3110d027-4695-458d-82ed-0cdc8ecaaaea (type: security_groups) to 1
2026-05-08 00:37:59.166 10 INFO neutron.db.ovn_revision_numbers_db [None req-a0b83194-999d-492c-95a0-133007beac39 330903d50af449629d58dd3ba0324bec a4bbebf8352349baac56de0f77cc468d - - default default] Successfully bumped revision number for resource 5accde8b-852f-4e95-9c78-dc9b75bc3836 (type: security_group_rules) to 0
2026-05-08 00:37:59.173 10 WARNING neutron.scheduler.dhcp_agent_scheduler [None req-a929934c-8e2d-446d-8d91-ba7eb0fb9e41 c954768ba58d410f89cbc4bf5a36e48e cc8c7a5aaaaa4e1ca2dbfad68032cd18 - - default default] No more DHCP agents
2026-05-08 00:37:59.178 10 WARNING neutron.api.rpc.agentnotifiers.dhcp_rpc_agent_api [None req-a929934c-8e2d-446d-8d91-ba7eb0fb9e41 c954768ba58d410f89cbc4bf5a36e48e cc8c7a5aaaaa4e1ca2dbfad68032cd18 - - default default] Unable to schedule network 9bf9fc18-57f5-45f9-90f5-ad75d187673a: no agents available; will retry on subsequent port and subnet creation events.
2026-05-08 00:37:59.189 10 INFO neutron.db.ovn_revision_numbers_db [None req-a0b83194-999d-492c-95a0-133007beac39 330903d50af449629d58dd3ba0324bec a4bbebf8352349baac56de0f77cc468d - - default default] Successfully bumped revision number for resource 77e7b610-443c-4122-8061-a61f66a6e8ce (type: security_group_rules) to 0
2026-05-08 00:37:59.215 10 INFO neutron.db.ovn_revision_numbers_db [None req-a0b83194-999d-492c-95a0-133007beac39 330903d50af449629d58dd3ba0324bec a4bbebf8352349baac56de0f77cc468d - - default default] Successfully bumped revision number for resource dbd16145-6e70-405a-8af0-6b232c41cb21 (type: security_group_rules) to 0
2026-05-08 00:37:59.246 10 INFO neutron.db.ovn_revision_numbers_db [None req-a0b83194-999d-492c-95a0-133007beac39 330903d50af449629d58dd3ba0324bec a4bbebf8352349baac56de0f77cc468d - - default default] Successfully bumped revision number for resource fe1a2482-ac78-4dd2-a69e-e30b31b90f4a (type: security_group_rules) to 0
2026-05-08 00:37:59.280 10 INFO neutron.wsgi [None req-a0b83194-999d-492c-95a0-133007beac39 330903d50af449629d58dd3ba0324bec a4bbebf8352349baac56de0f77cc468d - - default default] 10.0.0.164 "GET /v2.0/security-groups?tenant_id=ff9307387d1a4e7bb9f1f4906d4cb123&name=default HTTP/1.1" status: 200 len: 3120 time: 0.5006413
2026-05-08 00:37:59.298 10 INFO neutron.db.ovn_revision_numbers_db [None req-a929934c-8e2d-446d-8d91-ba7eb0fb9e41 c954768ba58d410f89cbc4bf5a36e48e cc8c7a5aaaaa4e1ca2dbfad68032cd18 - - default default] Successfully bumped revision number for resource ed600274-dd7b-4e2e-a32b-0dc97791ec51 (type: ports) to 1
2026-05-08 00:37:59.325 10 INFO neutron.wsgi [None req-a929934c-8e2d-446d-8d91-ba7eb0fb9e41 c954768ba58d410f89cbc4bf5a36e48e cc8c7a5aaaaa4e1ca2dbfad68032cd18 - - default default] 10.0.0.164 "POST /v2.0/networks HTTP/1.1" status: 201 len: 834 time: 0.6104205
2026-05-08 00:37:59.336 10 WARNING neutron_lib.context [None req-ac611450-cfda-41cc-bd69-438acb0d2f3f c954768ba58d410f89cbc4bf5a36e48e cc8c7a5aaaaa4e1ca2dbfad68032cd18 - - default default] Method 'is_advsvc' is deprecated since 2023.2 release (neutron-lib 3.8.0) and will be removed once support for the old RBAC API policies will be removed from Neutron. Please use method 'is_service_role' instead.
2026-05-08 00:37:59.384 9 INFO neutron.wsgi [req-5e646a10-7bbd-4344-a0a3-4976237e3030 req-7366c2f8-f2d8-4dae-8bec-328ed749bbd4 24fc9146c4be42e786447ed7cdbba6a2 29a36c9e9869458dbac8486992dbf01c - - 19de777d5095443386939b2c1b13e77b 19de777d5095443386939b2c1b13e77b] 10.0.0.46 "GET /v2.0/networks/2a94eaeb-5dea-4ff1-a2ac-5a4ca0822157?fields=provider%3Aphysical_network&fields=provider%3Anetwork_type HTTP/1.1" status: 200 len: 277 time: 0.2750955
2026-05-08 00:37:59.541 10 INFO neutron.wsgi [req-b7ec83e9-3205-480e-a45f-4170ca1d84ed req-a285eaab-3b8a-4c94-8316-a08e361b76b8 5ee73b62885f4f92b7a144dd253f3f3f bc1d25a66b004d8e9a1b77ecf1f45794 - - default default] 10.0.0.46 "GET /v2.0/ports?device_id=560fa037-355c-429e-b36e-83faef7d3958 HTTP/1.1" status: 200 len: 210 time: 0.0305593
2026-05-08 00:37:59.623 10 WARNING neutron.scheduler.dhcp_agent_scheduler [None req-ac611450-cfda-41cc-bd69-438acb0d2f3f c954768ba58d410f89cbc4bf5a36e48e cc8c7a5aaaaa4e1ca2dbfad68032cd18 - - default default] No more DHCP agents
2026-05-08 00:37:59.627 10 WARNING neutron.api.rpc.agentnotifiers.dhcp_rpc_agent_api [None req-ac611450-cfda-41cc-bd69-438acb0d2f3f c954768ba58d410f89cbc4bf5a36e48e cc8c7a5aaaaa4e1ca2dbfad68032cd18 - - default default] Unable to schedule network 9bf9fc18-57f5-45f9-90f5-ad75d187673a: no agents available; will retry on subsequent port and subnet creation events.
2026-05-08 00:37:59.648 10 INFO neutron.wsgi [None req-61906f48-482c-4827-bf0d-a33128ec37e7 330903d50af449629d58dd3ba0324bec a4bbebf8352349baac56de0f77cc468d - - default default] 10.0.0.164 "DELETE /v2.0/security-groups/3110d027-4695-458d-82ed-0cdc8ecaaaea HTTP/1.1" status: 204 len: 168 time: 0.3608322
2026-05-08 00:37:59.675 10 INFO neutron.db.ovn_revision_numbers_db [None req-ac611450-cfda-41cc-bd69-438acb0d2f3f c954768ba58d410f89cbc4bf5a36e48e cc8c7a5aaaaa4e1ca2dbfad68032cd18 - - default default] Successfully bumped revision number for resource d243f48d-3ec0-42dc-aea9-8290161f5e78 (type: subnets) to 0
2026-05-08 00:37:59.694 10 INFO neutron.wsgi [None req-ac611450-cfda-41cc-bd69-438acb0d2f3f c954768ba58d410f89cbc4bf5a36e48e cc8c7a5aaaaa4e1ca2dbfad68032cd18 - - default default] 10.0.0.164 "POST /v2.0/subnets HTTP/1.1" status: 201 len: 821 time: 0.3624196
2026-05-08 00:37:59.705 10 WARNING neutron_lib.context [None req-c29ba7b0-d4db-4f11-8346-b1675ea6438a c954768ba58d410f89cbc4bf5a36e48e cc8c7a5aaaaa4e1ca2dbfad68032cd18 - - default default] Method 'is_advsvc' is deprecated since 2023.2 release (neutron-lib 3.8.0) and will be removed once support for the old RBAC API policies will be removed from Neutron. Please use method 'is_service_role' instead.
2026-05-08 00:37:59.879 9 INFO neutron.services.segments.plugin [-] Segment e017556f-30d9-4e45-8e73-3b2d7094b638 resource provider aggregate not found
2026-05-08 00:37:59.884 9 INFO neutron.services.segments.plugin [-] Segment e017556f-30d9-4e45-8e73-3b2d7094b638 resource provider aggregate not found
2026-05-08 00:37:59.905 9 INFO neutron.services.segments.plugin [-] Segment e017556f-30d9-4e45-8e73-3b2d7094b638 resource provider not found; error: Placement Client Error (4xx): {"errors": [{"status": 404, "title": "Not Found", "detail": "The resource could not be found.\n\n No resource provider with uuid e017556f-30d9-4e45-8e73-3b2d7094b638 found for delete ", "request_id": "req-ba5e959e-787a-4d0d-9906-7b3098d78a7f"}]}
2026-05-08 00:37:59.908 9 INFO neutron.services.segments.plugin [-] Segment e017556f-30d9-4e45-8e73-3b2d7094b638 resource provider not found; error: Placement Client Error (4xx): {"errors": [{"status": 404, "title": "Not Found", "detail": "The resource could not be found.\n\n No resource provider with uuid e017556f-30d9-4e45-8e73-3b2d7094b638 found for delete ", "request_id": "req-0fa9a566-966c-44c0-879e-e11dc023472e"}]}
2026-05-08 00:37:59.922 10 INFO neutron.db.ovn_revision_numbers_db [None req-b90a24d0-7068-4d2d-998c-3e9edbdcb07f 330903d50af449629d58dd3ba0324bec a4bbebf8352349baac56de0f77cc468d - - default default] Successfully bumped revision number for resource 00a0eb6c-27e8-4780-b378-4b5004d7d9f7 (type: security_groups) to 1
2026-05-08 00:37:59.948 10 INFO neutron.db.ovn_revision_numbers_db [None req-b90a24d0-7068-4d2d-998c-3e9edbdcb07f 330903d50af449629d58dd3ba0324bec a4bbebf8352349baac56de0f77cc468d - - default default] Successfully bumped revision number for resource 0a4f4add-8c41-47ee-8ce4-fec99f02be28 (type: security_group_rules) to 0
2026-05-08 00:37:59.965 10 INFO neutron.db.ovn_revision_numbers_db [None req-b90a24d0-7068-4d2d-998c-3e9edbdcb07f 330903d50af449629d58dd3ba0324bec a4bbebf8352349baac56de0f77cc468d - - default default] Successfully bumped revision number for resource 223a60c7-668b-4511-a771-65c6a49b5193 (type: security_group_rules) to 0
2026-05-08 00:37:59.984 10 INFO neutron.db.ovn_revision_numbers_db [None req-b90a24d0-7068-4d2d-998c-3e9edbdcb07f 330903d50af449629d58dd3ba0324bec a4bbebf8352349baac56de0f77cc468d - - default default] Successfully bumped revision number for resource 2f845aa6-eaf7-4c08-91ab-12f93c46e2ae (type: security_group_rules) to 0
2026-05-08 00:38:00.007 10 INFO neutron.db.ovn_revision_numbers_db [None req-b90a24d0-7068-4d2d-998c-3e9edbdcb07f 330903d50af449629d58dd3ba0324bec a4bbebf8352349baac56de0f77cc468d - - default default] Successfully bumped revision number for resource 636bbcac-6066-4e3d-8447-acc797d31a57 (type: security_group_rules) to 0
2026-05-08 00:38:00.033 10 INFO neutron.wsgi [None req-b90a24d0-7068-4d2d-998c-3e9edbdcb07f 330903d50af449629d58dd3ba0324bec a4bbebf8352349baac56de0f77cc468d - - default default] 10.0.0.164 "GET /v2.0/security-groups?tenant_id=92fe6df5ba804f9cba77e774a1e78aa2&name=default HTTP/1.1" status: 200 len: 3120 time: 0.2800789
2026-05-08 00:38:00.062 10 WARNING neutron.scheduler.dhcp_agent_scheduler [None req-c29ba7b0-d4db-4f11-8346-b1675ea6438a c954768ba58d410f89cbc4bf5a36e48e cc8c7a5aaaaa4e1ca2dbfad68032cd18 - - default default] No more DHCP agents
2026-05-08 00:38:00.064 10 WARNING neutron.api.rpc.agentnotifiers.dhcp_rpc_agent_api [None req-c29ba7b0-d4db-4f11-8346-b1675ea6438a c954768ba58d410f89cbc4bf5a36e48e cc8c7a5aaaaa4e1ca2dbfad68032cd18 - - default default] Unable to schedule network 9bf9fc18-57f5-45f9-90f5-ad75d187673a: no agents available; will retry on subsequent port and subnet creation events.
2026-05-08 00:38:00.185 10 INFO neutron.db.ovn_revision_numbers_db [None req-c29ba7b0-d4db-4f11-8346-b1675ea6438a c954768ba58d410f89cbc4bf5a36e48e cc8c7a5aaaaa4e1ca2dbfad68032cd18 - - default default] Successfully bumped revision number for resource 9c93fb30-3f10-4362-b757-416426a31600 (type: ports) to 1
2026-05-08 00:38:00.233 10 INFO neutron.wsgi [None req-c29ba7b0-d4db-4f11-8346-b1675ea6438a c954768ba58d410f89cbc4bf5a36e48e cc8c7a5aaaaa4e1ca2dbfad68032cd18 - - default default] 10.0.0.164 "POST /v2.0/ports HTTP/1.1" status: 201 len: 1127 time: 0.5330882
2026-05-08 00:38:00.309 10 INFO neutron.wsgi [req-5e646a10-7bbd-4344-a0a3-4976237e3030 req-5ac4b64d-0c04-4e8d-a672-defe40aa92e6 5ee73b62885f4f92b7a144dd253f3f3f bc1d25a66b004d8e9a1b77ecf1f45794 - - default default] 199.19.213.220 "GET /v2.0/networks?id=2a94eaeb-5dea-4ff1-a2ac-5a4ca0822157 HTTP/1.1" status: 200 len: 860 time: 0.1067421
2026-05-08 00:38:00.319 9 INFO neutron.wsgi [None req-d96a78f6-9c3c-4244-89eb-56de733ce3c6 330903d50af449629d58dd3ba0324bec a4bbebf8352349baac56de0f77cc468d - - default default] 10.0.0.164 "DELETE /v2.0/security-groups/00a0eb6c-27e8-4780-b378-4b5004d7d9f7 HTTP/1.1" status: 204 len: 168 time: 0.2817061
2026-05-08 00:38:00.370 10 INFO neutron.wsgi [req-5e646a10-7bbd-4344-a0a3-4976237e3030 req-820ec58a-3aa1-40cf-9b08-6077da9d3d2d 5ee73b62885f4f92b7a144dd253f3f3f bc1d25a66b004d8e9a1b77ecf1f45794 - - default default] 199.19.213.220 "GET /v2.0/security-groups?fields=id&fields=name&tenant_id=bc1d25a66b004d8e9a1b77ecf1f45794 HTTP/1.1" status: 200 len: 379 time: 0.0495543
2026-05-08 00:38:00.392 10 WARNING neutron_lib.context [req-5e646a10-7bbd-4344-a0a3-4976237e3030 req-a6e697bd-f391-4c0f-9caf-53d3fc3967ce 5ee73b62885f4f92b7a144dd253f3f3f bc1d25a66b004d8e9a1b77ecf1f45794 - - default default] Method 'is_advsvc' is deprecated since 2023.2 release (neutron-lib 3.8.0) and will be removed once support for the old RBAC API policies will be removed from Neutron. Please use method 'is_service_role' instead.
2026-05-08 00:38:00.591 9 INFO neutron.wsgi [None req-eeb1b836-d410-4fd4-8286-6dce1c33e856 c954768ba58d410f89cbc4bf5a36e48e cc8c7a5aaaaa4e1ca2dbfad68032cd18 - - default default] 10.0.0.164 "DELETE /v2.0/ports/9c93fb30-3f10-4362-b757-416426a31600 HTTP/1.1" status: 204 len: 168 time: 0.3510394
2026-05-08 00:38:00.613 9 INFO neutron.pecan_wsgi.hooks.translation [None req-948aa6b7-6d5f-47d8-9e3d-488cbb93c1fa c954768ba58d410f89cbc4bf5a36e48e cc8c7a5aaaaa4e1ca2dbfad68032cd18 - - default default] GET failed (client error): The resource could not be found.
2026-05-08 00:38:00.615 9 INFO neutron.wsgi [None req-948aa6b7-6d5f-47d8-9e3d-488cbb93c1fa c954768ba58d410f89cbc4bf5a36e48e cc8c7a5aaaaa4e1ca2dbfad68032cd18 - - default default] 10.0.0.164 "GET /v2.0/ports/9c93fb30-3f10-4362-b757-416426a31600 HTTP/1.1" status: 404 len: 333 time: 0.0209732
2026-05-08 00:38:00.647 9 INFO neutron.wsgi [req-7d532494-5855-4fba-9e85-45d04d58d6d1 req-87c2a7ea-70e4-4652-9406-f956f89a9081 5ee73b62885f4f92b7a144dd253f3f3f bc1d25a66b004d8e9a1b77ecf1f45794 - - default default] 10.0.0.46 "GET /v2.0/ports?device_id=560fa037-355c-429e-b36e-83faef7d3958 HTTP/1.1" status: 200 len: 210 time: 0.0361063
2026-05-08 00:38:00.677 9 INFO neutron.wsgi [None req-79709d22-35f7-4908-9060-ef9e37326d63 330903d50af449629d58dd3ba0324bec a4bbebf8352349baac56de0f77cc468d - - default default] 10.0.0.164 "GET /v2.0/security-groups?tenant_id=b7cf89d405d2486d951d3a1eafbb3f87&name=default HTTP/1.1" status: 200 len: 3120 time: 0.0346801
2026-05-08 00:38:00.772 10 INFO neutron.wsgi [-] 10.0.0.233 "GET / HTTP/1.1" status: 200 len: 247 time: 0.0011938
2026-05-08 00:38:00.774 10 INFO neutron.wsgi [-] 10.0.0.233 "GET / HTTP/1.1" status: 200 len: 247 time: 0.0009253
2026-05-08 00:38:00.900 9 INFO neutron.wsgi [None req-5b76b16e-6445-4f06-9387-5f3f7379504e 330903d50af449629d58dd3ba0324bec a4bbebf8352349baac56de0f77cc468d - - default default] 10.0.0.164 "DELETE /v2.0/security-groups/92e76b7d-bb3c-4cda-8cc5-7aa46502c1cd HTTP/1.1" status: 204 len: 168 time: 0.2173767
2026-05-08 00:38:01.059 10 WARNING neutron.plugins.ml2.drivers.ovn.mech_driver.ovsdb.ovn_client [None req-31ba4a09-84aa-4acd-a843-6099e05cc5f3 - - - - - -] No hosting information found for port b0055adb-0a38-4d86-9648-7ab730a299a0: RuntimeError: No hosting information found for port b0055adb-0a38-4d86-9648-7ab730a299a0
2026-05-08 00:38:01.107 10 WARNING neutron.scheduler.dhcp_agent_scheduler [req-5e646a10-7bbd-4344-a0a3-4976237e3030 req-a6e697bd-f391-4c0f-9caf-53d3fc3967ce 5ee73b62885f4f92b7a144dd253f3f3f bc1d25a66b004d8e9a1b77ecf1f45794 - - default default] No more DHCP agents
2026-05-08 00:38:01.111 10 WARNING neutron.api.rpc.agentnotifiers.dhcp_rpc_agent_api [req-5e646a10-7bbd-4344-a0a3-4976237e3030 req-a6e697bd-f391-4c0f-9caf-53d3fc3967ce 5ee73b62885f4f92b7a144dd253f3f3f bc1d25a66b004d8e9a1b77ecf1f45794 - - default default] Unable to schedule network 2a94eaeb-5dea-4ff1-a2ac-5a4ca0822157: no agents available; will retry on subsequent port and subnet creation events.
2026-05-08 00:38:01.144 10 INFO neutron.wsgi [None req-a575e172-5b56-4252-88ce-cb3649ea3a3a c954768ba58d410f89cbc4bf5a36e48e cc8c7a5aaaaa4e1ca2dbfad68032cd18 - - default default] 10.0.0.164 "DELETE /v2.0/subnets/d243f48d-3ec0-42dc-aea9-8290161f5e78 HTTP/1.1" status: 204 len: 168 time: 0.5226688
2026-05-08 00:38:01.301 10 INFO neutron.db.ovn_revision_numbers_db [req-5e646a10-7bbd-4344-a0a3-4976237e3030 req-a6e697bd-f391-4c0f-9caf-53d3fc3967ce 5ee73b62885f4f92b7a144dd253f3f3f bc1d25a66b004d8e9a1b77ecf1f45794 - - default default] Successfully bumped revision number for resource 02855068-2bee-4dd3-b53f-527ec1e1ca09 (type: ports) to 1
2026-05-08 00:38:01.322 10 INFO neutron.wsgi [req-5e646a10-7bbd-4344-a0a3-4976237e3030 req-a6e697bd-f391-4c0f-9caf-53d3fc3967ce 5ee73b62885f4f92b7a144dd253f3f3f bc1d25a66b004d8e9a1b77ecf1f45794 - - default default] 199.19.213.220 "POST /v2.0/ports HTTP/1.1" status: 201 len: 1158 time: 0.9374013 /var/lib/openstack/lib/python3.10/site-packages/pycadf/identifier.py:71: UserWarning: Invalid uuid: neutron. To ensure interoperability, identifiers should be a valid uuid. warnings.warn(('Invalid uuid: %s. To ensure interoperability, '
2026-05-08 00:38:01.558 9 INFO neutron.wsgi [None req-27b27e13-64fb-40a4-b449-2c4d5ecae530 c954768ba58d410f89cbc4bf5a36e48e cc8c7a5aaaaa4e1ca2dbfad68032cd18 - - default default] 10.0.0.164 "DELETE /v2.0/networks/9bf9fc18-57f5-45f9-90f5-ad75d187673a HTTP/1.1" status: 204 len: 168 time: 0.4084291
2026-05-08 00:38:01.570 10 WARNING neutron_lib.context [None req-f0b9a1de-1fb3-4c71-a775-2c1bd8bf1d38 c954768ba58d410f89cbc4bf5a36e48e cc8c7a5aaaaa4e1ca2dbfad68032cd18 - - default default] Method 'is_advsvc' is deprecated since 2023.2 release (neutron-lib 3.8.0) and will be removed once support for the old RBAC API policies will be removed from Neutron. Please use method 'is_service_role' instead. /var/lib/openstack/lib/python3.10/site-packages/pycadf/identifier.py:71: UserWarning: Invalid uuid: neutron. To ensure interoperability, identifiers should be a valid uuid. warnings.warn(('Invalid uuid: %s. To ensure interoperability, '
2026-05-08 00:38:01.869 10 INFO neutron.wsgi [req-726f0f19-cd54-4736-8df6-d003dab48c3e req-e0be7eef-dd54-4e62-aeb4-f519c2db314d 5ee73b62885f4f92b7a144dd253f3f3f bc1d25a66b004d8e9a1b77ecf1f45794 - - default default] 10.0.0.46 "GET /v2.0/ports?device_id=560fa037-355c-429e-b36e-83faef7d3958 HTTP/1.1" status: 200 len: 1168 time: 0.1467094
2026-05-08 00:38:01.937 9 INFO neutron.services.segments.plugin [-] Segment ae14aebb-c39e-4ae6-8627-7d3e72d161b2 resource provider aggregate not found
2026-05-08 00:38:01.940 10 INFO neutron.db.ovn_revision_numbers_db [req-5e646a10-7bbd-4344-a0a3-4976237e3030 req-ea15893a-760e-4bd5-ac28-4ac2771ca4cd 24fc9146c4be42e786447ed7cdbba6a2 29a36c9e9869458dbac8486992dbf01c - - 19de777d5095443386939b2c1b13e77b 19de777d5095443386939b2c1b13e77b] Successfully bumped revision number for resource 02855068-2bee-4dd3-b53f-527ec1e1ca09 (type: ports) to 2
2026-05-08 00:38:01.943 9 INFO neutron.services.segments.plugin [-] Segment ae14aebb-c39e-4ae6-8627-7d3e72d161b2 resource provider aggregate not found
2026-05-08 00:38:01.954 10 INFO neutron.wsgi [req-726f0f19-cd54-4736-8df6-d003dab48c3e req-63654d79-3bbd-403b-9308-c87313f0b933 5ee73b62885f4f92b7a144dd253f3f3f bc1d25a66b004d8e9a1b77ecf1f45794 - - default default] 10.0.0.46 "GET /v2.0/security-groups?id=d17869ba-688b-46b4-9ebb-65df3d550f89&fields=id&fields=name HTTP/1.1" status: 200 len: 312 time: 0.0758820
2026-05-08 00:38:01.964 9 INFO neutron.services.segments.plugin [-] Segment ae14aebb-c39e-4ae6-8627-7d3e72d161b2 resource provider not found; error: Placement Client Error (4xx): {"errors": [{"status": 404, "title": "Not Found", "detail": "The resource could not be found.\n\n No resource provider with uuid ae14aebb-c39e-4ae6-8627-7d3e72d161b2 found for delete ", "request_id": "req-e8f6c93a-1ecd-4a22-b746-e92a142df8c3"}]}
2026-05-08 00:38:01.965 9 INFO neutron.services.segments.plugin [-] Segment ae14aebb-c39e-4ae6-8627-7d3e72d161b2 resource provider not found; error: Placement Client Error (4xx): {"errors": [{"status": 404, "title": "Not Found", "detail": "The resource could not be found.\n\n No resource provider with uuid ae14aebb-c39e-4ae6-8627-7d3e72d161b2 found for delete ", "request_id": "req-ffb14620-3f2f-4a5d-a0cb-fa1f37f10436"}]}
2026-05-08 00:38:01.971 10 WARNING neutron.scheduler.dhcp_agent_scheduler [None req-f0b9a1de-1fb3-4c71-a775-2c1bd8bf1d38 c954768ba58d410f89cbc4bf5a36e48e cc8c7a5aaaaa4e1ca2dbfad68032cd18 - - default default] No more DHCP agents
2026-05-08 00:38:01.973 10 WARNING neutron.api.rpc.agentnotifiers.dhcp_rpc_agent_api [None req-f0b9a1de-1fb3-4c71-a775-2c1bd8bf1d38 c954768ba58d410f89cbc4bf5a36e48e cc8c7a5aaaaa4e1ca2dbfad68032cd18 - - default default] Unable to schedule network b801db0d-d40c-437b-8131-5f8341851a15: no agents available; will retry on subsequent port and subnet creation events.
2026-05-08 00:38:02.089 10 INFO neutron.db.ovn_revision_numbers_db [None req-f0b9a1de-1fb3-4c71-a775-2c1bd8bf1d38 c954768ba58d410f89cbc4bf5a36e48e cc8c7a5aaaaa4e1ca2dbfad68032cd18 - - default default] Successfully bumped revision number for resource 5607f68f-d2de-4eeb-ad18-00330a489bfc (type: ports) to 1
2026-05-08 00:38:02.126 10 INFO neutron.wsgi [None req-f0b9a1de-1fb3-4c71-a775-2c1bd8bf1d38 c954768ba58d410f89cbc4bf5a36e48e cc8c7a5aaaaa4e1ca2dbfad68032cd18 - - default default] 10.0.0.164 "POST /v2.0/ports HTTP/1.1" status: 201 len: 978 time: 0.5623062
2026-05-08 00:38:02.211 10 INFO neutron.db.ovn_revision_numbers_db [req-5e646a10-7bbd-4344-a0a3-4976237e3030 req-ea15893a-760e-4bd5-ac28-4ac2771ca4cd 24fc9146c4be42e786447ed7cdbba6a2 29a36c9e9869458dbac8486992dbf01c - - 19de777d5095443386939b2c1b13e77b 19de777d5095443386939b2c1b13e77b] Successfully bumped revision number for resource 02855068-2bee-4dd3-b53f-527ec1e1ca09 (type: ports) to 2
2026-05-08 00:38:02.229 10 INFO neutron.wsgi [req-5e646a10-7bbd-4344-a0a3-4976237e3030 req-ea15893a-760e-4bd5-ac28-4ac2771ca4cd 24fc9146c4be42e786447ed7cdbba6a2 29a36c9e9869458dbac8486992dbf01c - - 19de777d5095443386939b2c1b13e77b 19de777d5095443386939b2c1b13e77b] 199.19.213.220 "PUT /v2.0/ports/02855068-2bee-4dd3-b53f-527ec1e1ca09 HTTP/1.1" status: 200 len: 1376 time: 0.9001069
2026-05-08 00:38:02.247 9 INFO neutron.wsgi [req-205e0d33-eb14-4eb2-af1b-928ef208e21f req-6cb8c684-9fa4-4562-9eb2-0809bb26c327 24fc9146c4be42e786447ed7cdbba6a2 29a36c9e9869458dbac8486992dbf01c - - 19de777d5095443386939b2c1b13e77b 19de777d5095443386939b2c1b13e77b] 10.0.0.22 "GET /v2.0/ports?device_id=601a3b1f-471b-44e6-97af-e021f84bd49a HTTP/1.1" status: 200 len: 1413 time: 0.2328615
2026-05-08 00:38:02.271 10 INFO neutron.notifiers.nova [-] Nova event matching ['req-5cd57ee9-6d88-477c-a0e5-5df61deb87e8'] response: {'name': 'network-changed', 'server_uuid': '560fa037-355c-429e-b36e-83faef7d3958', 'tag': '02855068-2bee-4dd3-b53f-527ec1e1ca09', 'status': 'completed', 'code': 200}
2026-05-08 00:38:02.321 9 INFO neutron.wsgi [req-205e0d33-eb14-4eb2-af1b-928ef208e21f req-2c6cf298-ec06-4b1e-8229-4d624c3e5464 24fc9146c4be42e786447ed7cdbba6a2 29a36c9e9869458dbac8486992dbf01c - - 19de777d5095443386939b2c1b13e77b 19de777d5095443386939b2c1b13e77b] 10.0.0.22 "GET /v2.0/security-groups?id=54da3b68-96c0-424b-b6e6-aec3a6563032&fields=id&fields=name HTTP/1.1" status: 200 len: 313 time: 0.0665951 /var/lib/openstack/lib/python3.10/site-packages/pycadf/identifier.py:71: UserWarning: Invalid uuid: neutron. To ensure interoperability, identifiers should be a valid uuid. warnings.warn(('Invalid uuid: %s. To ensure interoperability, '
2026-05-08 00:38:02.447 10 INFO neutron.wsgi [req-5e646a10-7bbd-4344-a0a3-4976237e3030 req-3f2116c9-29e8-4bc2-9142-51704e04c202 24fc9146c4be42e786447ed7cdbba6a2 29a36c9e9869458dbac8486992dbf01c - - 19de777d5095443386939b2c1b13e77b 19de777d5095443386939b2c1b13e77b] 199.19.213.220 "GET /v2.0/ports?tenant_id=bc1d25a66b004d8e9a1b77ecf1f45794&device_id=560fa037-355c-429e-b36e-83faef7d3958 HTTP/1.1" status: 200 len: 1407 time: 0.0538976
2026-05-08 00:38:02.455 10 INFO neutron.plugins.ml2.drivers.ovn.mech_driver.mech_driver [None req-31ba4a09-84aa-4acd-a843-6099e05cc5f3 - - - - - -] OVN reports status down for port: 5607f68f-d2de-4eeb-ad18-00330a489bfc
2026-05-08 00:38:02.485 10 INFO neutron.wsgi [req-5e646a10-7bbd-4344-a0a3-4976237e3030 req-4dd90901-0883-4a99-bffa-539e927ab0a0 24fc9146c4be42e786447ed7cdbba6a2 29a36c9e9869458dbac8486992dbf01c - - 19de777d5095443386939b2c1b13e77b 19de777d5095443386939b2c1b13e77b] 199.19.213.220 "GET /v2.0/floatingips?fixed_ip_address=10.100.0.5&port_id=02855068-2bee-4dd3-b53f-527ec1e1ca09 HTTP/1.1" status: 200 len: 217 time: 0.0304551
2026-05-08 00:38:02.490 9 INFO neutron.db.ovn_revision_numbers_db [None req-e1db7267-f551-4a03-913b-836d1512c4e7 c954768ba58d410f89cbc4bf5a36e48e cc8c7a5aaaaa4e1ca2dbfad68032cd18 - - default default] Successfully bumped revision number for resource 5607f68f-d2de-4eeb-ad18-00330a489bfc (type: ports) to 2
2026-05-08 00:38:02.502 9 INFO neutron.wsgi [None req-e1db7267-f551-4a03-913b-836d1512c4e7 c954768ba58d410f89cbc4bf5a36e48e cc8c7a5aaaaa4e1ca2dbfad68032cd18 - - default default] 10.0.0.164 "PUT /v2.0/ports/5607f68f-d2de-4eeb-ad18-00330a489bfc HTTP/1.1" status: 200 len: 946 time: 0.3705442 /var/lib/openstack/lib/python3.10/site-packages/pycadf/identifier.py:71: UserWarning: Invalid uuid: neutron. To ensure interoperability, identifiers should be a valid uuid. warnings.warn(('Invalid uuid: %s. To ensure interoperability, '
2026-05-08 00:38:02.522 10 INFO neutron.wsgi [req-5e646a10-7bbd-4344-a0a3-4976237e3030 req-1258bea0-1d2a-4950-8c7f-190e2b852eb5 24fc9146c4be42e786447ed7cdbba6a2 29a36c9e9869458dbac8486992dbf01c - - 19de777d5095443386939b2c1b13e77b 19de777d5095443386939b2c1b13e77b] 199.19.213.220 "GET /v2.0/subnets?id=d092eb8d-368e-4bd1-8e56-a89f37ba79ee HTTP/1.1" status: 200 len: 853 time: 0.0309391
2026-05-08 00:38:02.548 10 INFO neutron.wsgi [req-5e646a10-7bbd-4344-a0a3-4976237e3030 req-f1d552e4-5d70-4bf8-90a6-b860905a89f5 24fc9146c4be42e786447ed7cdbba6a2 29a36c9e9869458dbac8486992dbf01c - - 19de777d5095443386939b2c1b13e77b 19de777d5095443386939b2c1b13e77b] 199.19.213.220 "GET /v2.0/ports?network_id=2a94eaeb-5dea-4ff1-a2ac-5a4ca0822157&device_owner=network%3Adhcp HTTP/1.1" status: 200 len: 210 time: 0.0185969
2026-05-08 00:38:02.615 10 INFO neutron.wsgi [req-5e646a10-7bbd-4344-a0a3-4976237e3030 req-9d6fe6ab-e793-492c-9a0f-0b0ddae83472 24fc9146c4be42e786447ed7cdbba6a2 29a36c9e9869458dbac8486992dbf01c - - 19de777d5095443386939b2c1b13e77b 19de777d5095443386939b2c1b13e77b] 199.19.213.220 "GET /v2.0/networks/2a94eaeb-5dea-4ff1-a2ac-5a4ca0822157?fields=segments HTTP/1.1" status: 200 len: 212 time: 0.0564814
2026-05-08 00:38:02.681 10 INFO neutron.wsgi [req-5e646a10-7bbd-4344-a0a3-4976237e3030 req-baf37ea5-121b-4a7d-8af8-12e148fc53e4 24fc9146c4be42e786447ed7cdbba6a2 29a36c9e9869458dbac8486992dbf01c - - 19de777d5095443386939b2c1b13e77b 19de777d5095443386939b2c1b13e77b] 199.19.213.220 "GET /v2.0/networks/2a94eaeb-5dea-4ff1-a2ac-5a4ca0822157?fields=provider%3Aphysical_network&fields=provider%3Anetwork_type HTTP/1.1" status: 200 len: 277 time: 0.0590980
2026-05-08 00:38:02.817 10 INFO neutron.wsgi [req-bd67285a-080a-409d-bbcc-7f36e16aed4c req-6f0a2fac-632c-453e-b69f-4c18606c9d66 24fc9146c4be42e786447ed7cdbba6a2 29a36c9e9869458dbac8486992dbf01c - - 19de777d5095443386939b2c1b13e77b 19de777d5095443386939b2c1b13e77b] 199.19.213.220 "GET /v2.0/ports?tenant_id=bc1d25a66b004d8e9a1b77ecf1f45794&device_id=560fa037-355c-429e-b36e-83faef7d3958 HTTP/1.1" status: 200 len: 1407 time: 0.0707839
2026-05-08 00:38:02.832 9 INFO neutron.wsgi [None req-e315cad9-f142-4254-9feb-00e4ed82ee85 c954768ba58d410f89cbc4bf5a36e48e cc8c7a5aaaaa4e1ca2dbfad68032cd18 - - default default] 10.0.0.164 "DELETE /v2.0/ports/5607f68f-d2de-4eeb-ad18-00330a489bfc HTTP/1.1" status: 204 len: 168 time: 0.3235939
2026-05-08 00:38:02.896 10 INFO neutron.plugins.ml2.drivers.ovn.mech_driver.mech_driver [None req-31ba4a09-84aa-4acd-a843-6099e05cc5f3 - - - - - -] OVN reports status up for port: 02855068-2bee-4dd3-b53f-527ec1e1ca09
2026-05-08 00:38:02.916 10 INFO neutron.wsgi [req-bd67285a-080a-409d-bbcc-7f36e16aed4c req-8ab89e29-2dff-4ba8-a88d-cf92a6d44cf0 24fc9146c4be42e786447ed7cdbba6a2 29a36c9e9869458dbac8486992dbf01c - - 19de777d5095443386939b2c1b13e77b 19de777d5095443386939b2c1b13e77b] 199.19.213.220 "GET /v2.0/networks?id=2a94eaeb-5dea-4ff1-a2ac-5a4ca0822157 HTTP/1.1" status: 200 len: 959 time: 0.0944021
2026-05-08 00:38:02.933 10 INFO neutron.plugins.ml2.plugin [None req-31ba4a09-84aa-4acd-a843-6099e05cc5f3 - - - - - -] Attempt 1 to provision port 02855068-2bee-4dd3-b53f-527ec1e1ca09
2026-05-08 00:38:02.945 9 INFO neutron.wsgi [None req-9ea495a8-ddb7-4f13-a019-8488a66d4230 c954768ba58d410f89cbc4bf5a36e48e cc8c7a5aaaaa4e1ca2dbfad68032cd18 - - default default] 10.0.0.164 "GET /v2.0/ports HTTP/1.1" status: 200 len: 1732 time: 0.0971193
2026-05-08 00:38:02.977 10 INFO neutron.wsgi [req-bd67285a-080a-409d-bbcc-7f36e16aed4c req-8fb7529e-6044-47c6-b21d-52e1b34f17c8 24fc9146c4be42e786447ed7cdbba6a2 29a36c9e9869458dbac8486992dbf01c - - 19de777d5095443386939b2c1b13e77b 19de777d5095443386939b2c1b13e77b] 199.19.213.220 "GET /v2.0/floatingips?fixed_ip_address=10.100.0.5&port_id=02855068-2bee-4dd3-b53f-527ec1e1ca09 HTTP/1.1" status: 200 len: 217 time: 0.0553370
2026-05-08 00:38:02.981 9 INFO neutron.pecan_wsgi.hooks.translation [None req-da3c61b3-010d-4ca2-b535-8a62b17eade5 c954768ba58d410f89cbc4bf5a36e48e cc8c7a5aaaaa4e1ca2dbfad68032cd18 - - default default] GET failed (client error): The resource could not be found.
2026-05-08 00:38:02.983 9 INFO neutron.wsgi [None req-da3c61b3-010d-4ca2-b535-8a62b17eade5 c954768ba58d410f89cbc4bf5a36e48e cc8c7a5aaaaa4e1ca2dbfad68032cd18 - - default default] 10.0.0.164 "GET /v2.0/ports/5607f68f-d2de-4eeb-ad18-00330a489bfc HTTP/1.1" status: 404 len: 333 time: 0.0267456
2026-05-08 00:38:03.051 9 INFO neutron.wsgi [None req-51a97d89-7504-42b2-8ee8-57866d817111 c954768ba58d410f89cbc4bf5a36e48e cc8c7a5aaaaa4e1ca2dbfad68032cd18 - - default default] 10.0.0.164 "GET /v2.0/ports HTTP/1.1" status: 200 len: 1732 time: 0.0586190
2026-05-08 00:38:03.065 10 INFO neutron.wsgi [req-bd67285a-080a-409d-bbcc-7f36e16aed4c req-3f5da657-eaf6-4202-9b69-31b1f307d9ae 24fc9146c4be42e786447ed7cdbba6a2 29a36c9e9869458dbac8486992dbf01c - - 19de777d5095443386939b2c1b13e77b 19de777d5095443386939b2c1b13e77b] 199.19.213.220 "GET /v2.0/subnets?id=d092eb8d-368e-4bd1-8e56-a89f37ba79ee HTTP/1.1" status: 200 len: 853 time: 0.0810828
2026-05-08 00:38:03.096 10 INFO neutron.wsgi [req-bd67285a-080a-409d-bbcc-7f36e16aed4c req-7720e14c-6040-4eeb-885e-6ba95e77d011 24fc9146c4be42e786447ed7cdbba6a2 29a36c9e9869458dbac8486992dbf01c - - 19de777d5095443386939b2c1b13e77b 19de777d5095443386939b2c1b13e77b] 199.19.213.220 "GET /v2.0/ports?network_id=2a94eaeb-5dea-4ff1-a2ac-5a4ca0822157&device_owner=network%3Adhcp HTTP/1.1" status: 200 len: 210 time: 0.0239685
2026-05-08 00:38:03.105 10 INFO neutron.wsgi [req-a0c3e369-1040-4955-bfc6-2a2091439cfa req-e838d7a8-cd21-4cfd-a887-0f355af29c58 5ee73b62885f4f92b7a144dd253f3f3f bc1d25a66b004d8e9a1b77ecf1f45794 - - default default] 10.0.0.46 "GET /v2.0/ports?device_id=560fa037-355c-429e-b36e-83faef7d3958 HTTP/1.1" status: 200 len: 1168 time: 0.0631545
2026-05-08 00:38:03.110 9 INFO neutron.wsgi [None req-60b3a0d6-34d6-49e3-80aa-53cb4c4e0192 c954768ba58d410f89cbc4bf5a36e48e cc8c7a5aaaaa4e1ca2dbfad68032cd18 - - default default] 10.0.0.164 "GET /v2.0/ports/74217dc0-f420-41d5-8290-e912bcce7aae HTTP/1.1" status: 200 len: 972 time: 0.0503254
2026-05-08 00:38:03.137 9 INFO neutron.pecan_wsgi.hooks.translation [None req-7819b564-6152-433d-ae7e-156b6029c6ad c954768ba58d410f89cbc4bf5a36e48e cc8c7a5aaaaa4e1ca2dbfad68032cd18 - - default default] DELETE failed (client error): The resource could not be found.
2026-05-08 00:38:03.140 9 INFO neutron.wsgi [None req-7819b564-6152-433d-ae7e-156b6029c6ad c954768ba58d410f89cbc4bf5a36e48e cc8c7a5aaaaa4e1ca2dbfad68032cd18 - - default default] 10.0.0.164 "DELETE /v2.0/ports/9c93fb30-3f10-4362-b757-416426a31600 HTTP/1.1" status: 404 len: 333 time: 0.0216219
2026-05-08 00:38:03.161 9 INFO neutron.pecan_wsgi.hooks.translation [None req-f2a3da1d-3e96-435f-a405-3545f642e84f c954768ba58d410f89cbc4bf5a36e48e cc8c7a5aaaaa4e1ca2dbfad68032cd18 - - default default] DELETE failed (client error): The resource could not be found.
2026-05-08 00:38:03.165 9 INFO neutron.wsgi [None req-f2a3da1d-3e96-435f-a405-3545f642e84f c954768ba58d410f89cbc4bf5a36e48e cc8c7a5aaaaa4e1ca2dbfad68032cd18 - - default default] 10.0.0.164 "DELETE /v2.0/subnets/d243f48d-3ec0-42dc-aea9-8290161f5e78 HTTP/1.1" status: 404 len: 337 time: 0.0218728
2026-05-08 00:38:03.188 10 INFO neutron.wsgi [req-a0c3e369-1040-4955-bfc6-2a2091439cfa req-27b2f168-af23-49b5-b2bb-8f408ad3b758 5ee73b62885f4f92b7a144dd253f3f3f bc1d25a66b004d8e9a1b77ecf1f45794 - - default default] 10.0.0.46 "GET /v2.0/security-groups?id=d17869ba-688b-46b4-9ebb-65df3d550f89&fields=id&fields=name HTTP/1.1" status: 200 len: 312 time: 0.0723710
2026-05-08 00:38:03.197 9 INFO neutron.pecan_wsgi.hooks.translation [None req-c211dbaa-e244-4e66-8acb-4d808e768961 c954768ba58d410f89cbc4bf5a36e48e cc8c7a5aaaaa4e1ca2dbfad68032cd18 - - default default] DELETE failed (client error): The resource could not be found.
2026-05-08 00:38:03.203 9 INFO neutron.wsgi [None req-c211dbaa-e244-4e66-8acb-4d808e768961 c954768ba58d410f89cbc4bf5a36e48e cc8c7a5aaaaa4e1ca2dbfad68032cd18 - - default default] 10.0.0.164 "DELETE /v2.0/subnets/b008c0e0-4486-40d5-8288-c33f9d084f82 HTTP/1.1" status: 404 len: 337 time: 0.0326734
2026-05-08 00:38:03.209 10 INFO neutron.wsgi [req-bd67285a-080a-409d-bbcc-7f36e16aed4c req-d3360b15-f5eb-443e-be69-fe4118045cc0 24fc9146c4be42e786447ed7cdbba6a2 29a36c9e9869458dbac8486992dbf01c - - 19de777d5095443386939b2c1b13e77b 19de777d5095443386939b2c1b13e77b] 199.19.213.220 "GET /v2.0/networks/2a94eaeb-5dea-4ff1-a2ac-5a4ca0822157?fields=segments HTTP/1.1" status: 200 len: 212 time: 0.1031933
2026-05-08 00:38:03.300 10 INFO neutron.wsgi [req-bd67285a-080a-409d-bbcc-7f36e16aed4c req-aa446e29-2d1e-4297-a405-058c1b9c9a1f 24fc9146c4be42e786447ed7cdbba6a2 29a36c9e9869458dbac8486992dbf01c - - 19de777d5095443386939b2c1b13e77b 19de777d5095443386939b2c1b13e77b] 199.19.213.220 "GET /v2.0/networks/2a94eaeb-5dea-4ff1-a2ac-5a4ca0822157?fields=provider%3Aphysical_network&fields=provider%3Anetwork_type HTTP/1.1" status: 200 len: 277 time: 0.0777667
2026-05-08 00:38:03.470 10 INFO neutron.db.ovn_revision_numbers_db [None req-31ba4a09-84aa-4acd-a843-6099e05cc5f3 - - - - - -] Successfully bumped revision number for resource 02855068-2bee-4dd3-b53f-527ec1e1ca09 (type: ports) to 4
2026-05-08 00:38:03.522 9 INFO neutron.wsgi [None req-85c7bcc1-8118-4e91-a135-754ee7dbaf0e c954768ba58d410f89cbc4bf5a36e48e cc8c7a5aaaaa4e1ca2dbfad68032cd18 - - default default] 10.0.0.164 "DELETE /v2.0/ports/74217dc0-f420-41d5-8290-e912bcce7aae HTTP/1.1" status: 204 len: 168 time: 0.3061461
2026-05-08 00:38:03.990 9 INFO neutron.services.segments.plugin [-] Segment e5884f7d-696a-4328-9448-d63089095ce1 resource provider aggregate not found
2026-05-08 00:38:03.994 9 INFO neutron.services.segments.plugin [-] Segment e5884f7d-696a-4328-9448-d63089095ce1 resource provider aggregate not found
2026-05-08 00:38:04.009 9 INFO neutron.wsgi [None req-6737ece5-c523-4513-b86d-f758ac83a30f c954768ba58d410f89cbc4bf5a36e48e cc8c7a5aaaaa4e1ca2dbfad68032cd18 - - default default] 10.0.0.164 "DELETE /v2.0/networks/b801db0d-d40c-437b-8131-5f8341851a15 HTTP/1.1" status: 204 len: 168 time: 0.4823792
2026-05-08 00:38:04.011 9 INFO neutron.services.segments.plugin [-] Segment e5884f7d-696a-4328-9448-d63089095ce1 resource provider not found; error: Placement Client Error (4xx): {"errors": [{"status": 404, "title": "Not Found", "detail": "The resource could not be found.\n\n No resource provider with uuid e5884f7d-696a-4328-9448-d63089095ce1 found for delete ", "request_id": "req-5a1dc55b-44b1-4ac3-b62c-b691a389641a"}]}
2026-05-08 00:38:04.012 9 INFO neutron.services.segments.plugin [-] Segment e5884f7d-696a-4328-9448-d63089095ce1 resource provider not found; error: Placement Client Error (4xx): {"errors": [{"status": 404, "title": "Not Found", "detail": "The resource could not be found.\n\n No resource provider with uuid e5884f7d-696a-4328-9448-d63089095ce1 found for delete ", "request_id": "req-e30e3906-0892-411e-902a-9bbf6bb171e7"}]}
2026-05-08 00:38:04.317 10 INFO neutron.notifiers.nova [-] Nova event matching ['req-64483612-7598-4f20-a021-a4cc1a21485f'] response: {'server_uuid': '560fa037-355c-429e-b36e-83faef7d3958', 'name': 'network-vif-plugged', 'status': 'completed', 'tag': '02855068-2bee-4dd3-b53f-527ec1e1ca09', 'code': 200}
2026-05-08 00:38:04.317 10 INFO neutron.notifiers.nova [-] Nova event matching ['req-64483612-7598-4f20-a021-a4cc1a21485f'] response: {'server_uuid': '560fa037-355c-429e-b36e-83faef7d3958', 'name': 'network-vif-plugged', 'status': 'completed', 'tag': '02855068-2bee-4dd3-b53f-527ec1e1ca09', 'code': 200}
2026-05-08 00:38:04.392 9 INFO neutron.wsgi [req-c99037a2-2df8-4cb0-a251-cdb3db70279c req-8cddaba2-0d1d-4815-a918-27b3cd11aeef 5ee73b62885f4f92b7a144dd253f3f3f bc1d25a66b004d8e9a1b77ecf1f45794 - - default default] 10.0.0.46 "GET /v2.0/ports?device_id=560fa037-355c-429e-b36e-83faef7d3958 HTTP/1.1" status: 200 len: 1170 time: 0.1264145
2026-05-08 00:38:04.455 9 INFO neutron.wsgi [req-c99037a2-2df8-4cb0-a251-cdb3db70279c req-96f0f6a3-7946-48e3-b096-82caa502590e 5ee73b62885f4f92b7a144dd253f3f3f bc1d25a66b004d8e9a1b77ecf1f45794 - - default default] 10.0.0.46 "GET /v2.0/security-groups?id=d17869ba-688b-46b4-9ebb-65df3d550f89&fields=id&fields=name HTTP/1.1" status: 200 len: 312 time: 0.0567386 /var/lib/openstack/lib/python3.10/site-packages/pycadf/identifier.py:71: UserWarning: Invalid uuid: neutron. To ensure interoperability, identifiers should be a valid uuid. warnings.warn(('Invalid uuid: %s. To ensure interoperability, '
2026-05-08 00:38:04.523 10 WARNING neutron_lib.context [None req-882fd84d-0e3b-4799-8255-60a4933d0610 8e3fe40c46224c97a9ec6c82790a3847 3924287670594b7486438bc94c0c82e0 - - default default] Method 'is_advsvc' is deprecated since 2023.2 release (neutron-lib 3.8.0) and will be removed once support for the old RBAC API policies will be removed from Neutron. Please use method 'is_service_role' instead.
2026-05-08 00:38:04.655 9 INFO neutron.wsgi [None req-90328f68-3c5e-48f8-afb6-9dcd15ee84ae 330903d50af449629d58dd3ba0324bec a4bbebf8352349baac56de0f77cc468d - - default default] 10.0.0.164 "GET /v2.0/security-groups?tenant_id=cc8c7a5aaaaa4e1ca2dbfad68032cd18&name=default HTTP/1.1" status: 200 len: 3120 time: 0.0847948
2026-05-08 00:38:04.865 10 WARNING neutron.scheduler.dhcp_agent_scheduler [None req-882fd84d-0e3b-4799-8255-60a4933d0610 8e3fe40c46224c97a9ec6c82790a3847 3924287670594b7486438bc94c0c82e0 - - default default] No more DHCP agents
2026-05-08 00:38:04.869 10 WARNING neutron.api.rpc.agentnotifiers.dhcp_rpc_agent_api [None req-882fd84d-0e3b-4799-8255-60a4933d0610 8e3fe40c46224c97a9ec6c82790a3847 3924287670594b7486438bc94c0c82e0 - - default default] Unable to schedule network 08ae7ac8-c146-48dd-bea7-7f5e2b053c72: no agents available; will retry on subsequent port and subnet creation events.
2026-05-08 00:38:04.894 9 INFO neutron.wsgi [None req-a122ced7-b2c4-4380-8905-1ddecaf6d720 330903d50af449629d58dd3ba0324bec a4bbebf8352349baac56de0f77cc468d - - default default] 10.0.0.164 "DELETE /v2.0/security-groups/c034b370-564c-40de-b401-a84d2e72b970 HTTP/1.1" status: 204 len: 168 time: 0.2324836
2026-05-08 00:38:05.000 10 INFO neutron.wsgi [req-595ae914-4c95-43cd-a5c9-f7374027dcd0 req-5f20e3f9-832c-465b-bf95-93cb3c5cdffc 729445b70c16404ca9e61c9c07cc573d 7347a3601f6b4c129d4a9a357bb7b4d7 - - default default] 10.0.0.46 "GET /v2.0/ports?device_id=601a3b1f-471b-44e6-97af-e021f84bd49a HTTP/1.1" status: 200 len: 1174 time: 0.1100326
2026-05-08 00:38:05.051 10 INFO neutron.wsgi [req-595ae914-4c95-43cd-a5c9-f7374027dcd0 req-bf30c555-212a-4b40-8bb9-b8d793f73bec 729445b70c16404ca9e61c9c07cc573d 7347a3601f6b4c129d4a9a357bb7b4d7 - - default default] 10.0.0.46 "GET /v2.0/security-groups?id=54da3b68-96c0-424b-b6e6-aec3a6563032&fields=id&fields=name HTTP/1.1" status: 200 len: 313 time: 0.0440001
2026-05-08 00:38:05.262 10 INFO neutron.wsgi [None req-882fd84d-0e3b-4799-8255-60a4933d0610 8e3fe40c46224c97a9ec6c82790a3847 3924287670594b7486438bc94c0c82e0 - - default default] 10.0.0.164 "POST /v2.0/floatingips HTTP/1.1" status: 201 len: 751 time: 0.9666822
2026-05-08 00:38:05.281 10 INFO neutron.plugins.ml2.drivers.ovn.mech_driver.mech_driver [None req-31ba4a09-84aa-4acd-a843-6099e05cc5f3 - - - - - -] OVN reports status down for port: d9295ff1-e8fd-458a-875c-c825ba5ce30f
2026-05-08 00:38:05.562 10 INFO neutron.wsgi [req-391f8cc4-7e7a-4b99-83c4-5f7245c73df3 req-4803d9ca-f1b3-41bc-8c99-7ef1842e044b 729445b70c16404ca9e61c9c07cc573d 7347a3601f6b4c129d4a9a357bb7b4d7 - - default default] 10.0.0.46 "GET /v2.0/ports?device_id=601a3b1f-471b-44e6-97af-e021f84bd49a HTTP/1.1" status: 200 len: 1174 time: 0.3438947
2026-05-08 00:38:05.581 9 INFO neutron.wsgi [req-576f6368-b9c4-4938-a67d-b9b27138bc44 req-a8bb7830-26ef-4307-8cda-097753b43216 5ee73b62885f4f92b7a144dd253f3f3f bc1d25a66b004d8e9a1b77ecf1f45794 - - default default] 10.0.0.46 "GET /v2.0/ports?device_id=560fa037-355c-429e-b36e-83faef7d3958 HTTP/1.1" status: 200 len: 1170 time: 0.0408738
2026-05-08 00:38:05.613 10 INFO neutron.wsgi [None req-169fc169-1886-44e4-84c7-5bef8b0848e3 8e3fe40c46224c97a9ec6c82790a3847 3924287670594b7486438bc94c0c82e0 - - default default] 10.0.0.164 "PUT /v2.0/floatingips/55d684b9-ec6b-4dfd-ae94-a15e5bb215fc/tags HTTP/1.1" status: 200 len: 218 time: 0.3466878
2026-05-08 00:38:05.638 10 INFO neutron.wsgi [req-1805c0c9-a84c-40e0-91da-b2aa9f30b787 req-8d452422-cb53-4118-bec4-bbd3753d4992 729445b70c16404ca9e61c9c07cc573d 7347a3601f6b4c129d4a9a357bb7b4d7 - - default default] 199.19.213.220 "GET /v2.0/ports?device_id=601a3b1f-471b-44e6-97af-e021f84bd49a HTTP/1.1" status: 200 len: 1174 time: 0.0581284
2026-05-08 00:38:05.643 10 INFO neutron.wsgi [req-391f8cc4-7e7a-4b99-83c4-5f7245c73df3 req-746de858-ab52-4f5a-9471-81dca7706b73 729445b70c16404ca9e61c9c07cc573d 7347a3601f6b4c129d4a9a357bb7b4d7 - - default default] 10.0.0.46 "GET /v2.0/security-groups?id=54da3b68-96c0-424b-b6e6-aec3a6563032&fields=id&fields=name HTTP/1.1" status: 200 len: 313 time: 0.0723183
2026-05-08 00:38:05.664 9 INFO neutron.wsgi [None req-dabaa6b7-a349-4fc9-9721-c3efb2f95a62 8e3fe40c46224c97a9ec6c82790a3847 3924287670594b7486438bc94c0c82e0 - - default default] 10.0.0.164 "GET /v2.0/floatingips/55d684b9-ec6b-4dfd-ae94-a15e5bb215fc/tags HTTP/1.1" status: 200 len: 218 time: 0.0463712
2026-05-08 00:38:05.670 9 INFO neutron.wsgi [req-576f6368-b9c4-4938-a67d-b9b27138bc44 req-668eb08a-7b1a-4f64-8a65-cb7272ea5309 5ee73b62885f4f92b7a144dd253f3f3f bc1d25a66b004d8e9a1b77ecf1f45794 - - default default] 10.0.0.46 "GET /v2.0/security-groups?id=d17869ba-688b-46b4-9ebb-65df3d550f89&fields=id&fields=name HTTP/1.1" status: 200 len: 312 time: 0.0765958
2026-05-08 00:38:05.724 10 INFO neutron.wsgi [None req-879c660d-831e-493c-9bec-73fdbeaf6537 8e3fe40c46224c97a9ec6c82790a3847 3924287670594b7486438bc94c0c82e0 - - default default] 10.0.0.164 "PUT /v2.0/floatingips/55d684b9-ec6b-4dfd-ae94-a15e5bb215fc/tags/green HTTP/1.1" status: 201 len: 201 time: 0.0535026
2026-05-08 00:38:05.768 9 INFO neutron.wsgi [None req-d478d314-6dd3-494a-8aed-a089b02a6cd5 8e3fe40c46224c97a9ec6c82790a3847 3924287670594b7486438bc94c0c82e0 - - default default] 10.0.0.164 "GET /v2.0/floatingips/55d684b9-ec6b-4dfd-ae94-a15e5bb215fc/tags HTTP/1.1" status: 200 len: 227 time: 0.0307703
2026-05-08 00:38:05.784 10 INFO neutron.wsgi [req-1baeecf2-6317-4e18-9b61-f2d31b4fe614 req-e4e8f7d5-8926-48b5-9bd2-c22375461e4a 5ee73b62885f4f92b7a144dd253f3f3f bc1d25a66b004d8e9a1b77ecf1f45794 - - default default] 10.0.0.46 "GET /v2.0/ports?device_id=560fa037-355c-429e-b36e-83faef7d3958 HTTP/1.1" status: 200 len: 1170 time: 0.0444126
2026-05-08 00:38:05.824 9 INFO neutron.wsgi [None req-3d8f5578-1e97-4349-af10-50c2541d6516 8e3fe40c46224c97a9ec6c82790a3847 3924287670594b7486438bc94c0c82e0 - - default default] 10.0.0.164 "PUT /v2.0/floatingips/55d684b9-ec6b-4dfd-ae94-a15e5bb215fc/tags/red HTTP/1.1" status: 201 len: 201 time: 0.0412219
2026-05-08 00:38:05.859 10 INFO neutron.wsgi [req-1baeecf2-6317-4e18-9b61-f2d31b4fe614 req-b1c46b55-4a79-4ef3-9a46-bc4149d26695 5ee73b62885f4f92b7a144dd253f3f3f bc1d25a66b004d8e9a1b77ecf1f45794 - - default default] 10.0.0.46 "GET /v2.0/security-groups?id=d17869ba-688b-46b4-9ebb-65df3d550f89&fields=id&fields=name HTTP/1.1" status: 200 len: 312 time: 0.0648837
2026-05-08 00:38:05.872 9 INFO neutron.wsgi [None req-78ed1a8a-49fa-4c15-a38e-f259b29ef411 8e3fe40c46224c97a9ec6c82790a3847 3924287670594b7486438bc94c0c82e0 - - default default] 10.0.0.164 "GET /v2.0/floatingips/55d684b9-ec6b-4dfd-ae94-a15e5bb215fc/tags HTTP/1.1" status: 200 len: 227 time: 0.0366786
