2026-05-08 00:36:39.210 10 INFO neutron.db.ovn_revision_numbers_db [None req-06299e2d-cc3a-447d-9159-3443a4b28d1f 330903d50af449629d58dd3ba0324bec a4bbebf8352349baac56de0f77cc468d - - default default] Successfully bumped revision number for resource 03eae194-019f-4c0f-a8f8-08913c737121 (type: security_group_rules) to 0
2026-05-08 00:36:39.235 10 INFO neutron.db.ovn_revision_numbers_db [None req-06299e2d-cc3a-447d-9159-3443a4b28d1f 330903d50af449629d58dd3ba0324bec a4bbebf8352349baac56de0f77cc468d - - default default] Successfully bumped revision number for resource 7308d813-073a-4e1c-a5ca-d540ac62e56f (type: security_group_rules) to 0
2026-05-08 00:36:39.253 10 INFO neutron.db.ovn_revision_numbers_db [None req-06299e2d-cc3a-447d-9159-3443a4b28d1f 330903d50af449629d58dd3ba0324bec a4bbebf8352349baac56de0f77cc468d - - default default] Successfully bumped revision number for resource 979157be-96d1-46bc-9e71-4a6660db5fde (type: security_group_rules) to 0
2026-05-08 00:36:39.275 10 INFO neutron.db.ovn_revision_numbers_db [None req-06299e2d-cc3a-447d-9159-3443a4b28d1f 330903d50af449629d58dd3ba0324bec a4bbebf8352349baac56de0f77cc468d - - default default] Successfully bumped revision number for resource a15d7951-778c-46bd-80d5-3380cfc9d5fd (type: security_group_rules) to 0
2026-05-08 00:36:39.340 10 INFO neutron.db.segments_db [None req-06299e2d-cc3a-447d-9159-3443a4b28d1f 330903d50af449629d58dd3ba0324bec a4bbebf8352349baac56de0f77cc468d - - default default] Added segment de493974-e2bf-4b21-aa4e-da2d89d9b4c1 of type geneve for network 6e499d2b-27ca-44ba-aa4d-c569998fa018
2026-05-08 00:36:39.362 9 INFO neutron.wsgi [None req-88f085bd-9163-40fa-a44d-a556388f57f6 330903d50af449629d58dd3ba0324bec a4bbebf8352349baac56de0f77cc468d - - default default] 10.0.0.164 "DELETE /v2.0/routers/cecf0bd7-5c05-4316-bd70-682ce3d4e491 HTTP/1.1" status: 204 len: 168 time: 1.0263290
2026-05-08 00:36:39.426 10 WARNING neutron.scheduler.dhcp_agent_scheduler [None req-7cb8144b-0132-4bc4-af1e-586c4f848137 25a2892af8b345f59df8d0ead4016ae4 6ef57c58e8624804af21b71e9f6e6f53 - - default default] No more DHCP agents
2026-05-08 00:36:39.431 10 WARNING neutron.api.rpc.agentnotifiers.dhcp_rpc_agent_api [None req-7cb8144b-0132-4bc4-af1e-586c4f848137 25a2892af8b345f59df8d0ead4016ae4 6ef57c58e8624804af21b71e9f6e6f53 - - default default] Unable to schedule network 3475f9bf-a540-44d0-9af9-ca1e924354c1: no agents available; will retry on subsequent port and subnet creation events.
2026-05-08 00:36:39.483 10 INFO neutron.db.ovn_revision_numbers_db [None req-7cb8144b-0132-4bc4-af1e-586c4f848137 25a2892af8b345f59df8d0ead4016ae4 6ef57c58e8624804af21b71e9f6e6f53 - - default default] Successfully bumped revision number for resource 67869e1e-6285-475c-9c76-0c3adfb6552c (type: subnets) to 0
2026-05-08 00:36:39.508 10 INFO neutron.wsgi [None req-7cb8144b-0132-4bc4-af1e-586c4f848137 25a2892af8b345f59df8d0ead4016ae4 6ef57c58e8624804af21b71e9f6e6f53 - - default default] 10.0.0.164 "POST /v2.0/subnets HTTP/1.1" status: 201 len: 821 time: 0.3625453
2026-05-08 00:36:39.516 10 WARNING neutron_lib.context [None req-0677928d-0ed7-4c97-899a-7654cd2ec107 25a2892af8b345f59df8d0ead4016ae4 6ef57c58e8624804af21b71e9f6e6f53 - - default default] Method 'is_advsvc' is deprecated since 2023.2 release (neutron-lib 3.8.0) and will be removed once support for the old RBAC API policies will be removed from Neutron. Please use method 'is_service_role' instead.
2026-05-08 00:36:39.519 10 INFO neutron.db.ovn_revision_numbers_db [None req-06299e2d-cc3a-447d-9159-3443a4b28d1f 330903d50af449629d58dd3ba0324bec a4bbebf8352349baac56de0f77cc468d - - default default] Successfully bumped revision number for resource 6e499d2b-27ca-44ba-aa4d-c569998fa018 (type: networks) to 1
2026-05-08 00:36:39.599 9 INFO neutron.wsgi [None req-fa4934a8-92d9-4600-84be-ee931dcf88ed ba5fb5e631e74cd393a64f259ca8af81 44d1a2e013724465b7617949a6f66891 - - default default] 10.0.0.164 "DELETE /v2.0/networks/1bb85b70-67ae-4f99-a8fb-d32bac5ea62e HTTP/1.1" status: 204 len: 168 time: 0.7623153
2026-05-08 00:36:39.611 9 INFO neutron.wsgi [None req-39c6ee1b-5515-4525-93cd-f39857a66373 330903d50af449629d58dd3ba0324bec a4bbebf8352349baac56de0f77cc468d - - default default] 10.0.0.164 "DELETE /v2.0/subnets/8df4e76d-3487-4788-add5-9a5e8bc3ee92 HTTP/1.1" status: 204 len: 168 time: 0.2446764
2026-05-08 00:36:39.612 10 INFO neutron.services.segments.plugin [-] Segment 84278318-7cf8-4aa3-a23c-7cceba294ba8 resource provider aggregate not found
2026-05-08 00:36:39.625 10 INFO neutron.services.segments.plugin [-] Segment 84278318-7cf8-4aa3-a23c-7cceba294ba8 resource provider aggregate not found
2026-05-08 00:36:39.651 10 INFO neutron.services.segments.plugin [-] Segment 84278318-7cf8-4aa3-a23c-7cceba294ba8 resource provider not found; error: Placement Client Error (4xx): {"errors": [{"status": 404, "title": "Not Found", "detail": "The resource could not be found.\n\n No resource provider with uuid 84278318-7cf8-4aa3-a23c-7cceba294ba8 found for delete ", "request_id": "req-2f4e3c6c-95d3-4c03-874b-d59c6c89e380"}]}
2026-05-08 00:36:39.651 10 INFO neutron.services.segments.plugin [-] Segment 84278318-7cf8-4aa3-a23c-7cceba294ba8 resource provider not found; error: Placement Client Error (4xx): {"errors": [{"status": 404, "title": "Not Found", "detail": "The resource could not be found.\n\n No resource provider with uuid 84278318-7cf8-4aa3-a23c-7cceba294ba8 found for delete ", "request_id": "req-e6c05103-050a-4799-a159-2a10d511e7a0"}]}
2026-05-08 00:36:39.725 10 INFO neutron.db.ovn_revision_numbers_db [None req-0677928d-0ed7-4c97-899a-7654cd2ec107 25a2892af8b345f59df8d0ead4016ae4 6ef57c58e8624804af21b71e9f6e6f53 - - default default] Successfully bumped revision number for resource 81092913-2f30-4c62-b50b-1c418642478e (type: routers) to 1
2026-05-08 00:36:39.739 10 INFO neutron.wsgi [None req-0677928d-0ed7-4c97-899a-7654cd2ec107 25a2892af8b345f59df8d0ead4016ae4 6ef57c58e8624804af21b71e9f6e6f53 - - default default] 10.0.0.164 "POST /v2.0/routers HTTP/1.1" status: 201 len: 806 time: 0.2271070
2026-05-08 00:36:39.749 9 WARNING neutron_lib.context [None req-b41e1441-28c4-4b27-b597-8d3b2e20e17c 25a2892af8b345f59df8d0ead4016ae4 6ef57c58e8624804af21b71e9f6e6f53 - - default default] Method 'is_advsvc' is deprecated since 2023.2 release (neutron-lib 3.8.0) and will be removed once support for the old RBAC API policies will be removed from Neutron. Please use method 'is_service_role' instead.
2026-05-08 00:36:39.759 10 WARNING neutron.scheduler.dhcp_agent_scheduler [None req-06299e2d-cc3a-447d-9159-3443a4b28d1f 330903d50af449629d58dd3ba0324bec a4bbebf8352349baac56de0f77cc468d - - default default] No more DHCP agents
2026-05-08 00:36:39.760 10 WARNING neutron.api.rpc.agentnotifiers.dhcp_rpc_agent_api [None req-06299e2d-cc3a-447d-9159-3443a4b28d1f 330903d50af449629d58dd3ba0324bec a4bbebf8352349baac56de0f77cc468d - - default default] Unable to schedule network 6e499d2b-27ca-44ba-aa4d-c569998fa018: no agents available; will retry on subsequent port and subnet creation events.
2026-05-08 00:36:39.838 10 INFO neutron.db.ovn_revision_numbers_db [None req-06299e2d-cc3a-447d-9159-3443a4b28d1f 330903d50af449629d58dd3ba0324bec a4bbebf8352349baac56de0f77cc468d - - default default] Successfully bumped revision number for resource d5cc46dd-e1f9-4eda-9902-33c47325d841 (type: ports) to 1
2026-05-08 00:36:39.862 10 INFO neutron.wsgi [None req-06299e2d-cc3a-447d-9159-3443a4b28d1f 330903d50af449629d58dd3ba0324bec a4bbebf8352349baac56de0f77cc468d - - default default] 10.0.0.164 "POST /v2.0/networks HTTP/1.1" status: 201 len: 948 time: 1.0687950
2026-05-08 00:36:40.032 10 WARNING neutron.scheduler.dhcp_agent_scheduler [None req-1e689c43-7163-497c-b79c-186968601abb 330903d50af449629d58dd3ba0324bec a4bbebf8352349baac56de0f77cc468d - - default default] No more DHCP agents
2026-05-08 00:36:40.033 10 WARNING neutron.api.rpc.agentnotifiers.dhcp_rpc_agent_api [None req-1e689c43-7163-497c-b79c-186968601abb 330903d50af449629d58dd3ba0324bec a4bbebf8352349baac56de0f77cc468d - - default default] Unable to schedule network 6e499d2b-27ca-44ba-aa4d-c569998fa018: no agents available; will retry on subsequent port and subnet creation events.
2026-05-08 00:36:40.084 9 INFO neutron.wsgi [None req-2a77f5ce-8b92-4baf-89c0-5be129d9b8ae 330903d50af449629d58dd3ba0324bec a4bbebf8352349baac56de0f77cc468d - - default default] 10.0.0.164 "DELETE /v2.0/networks/64d9c650-a873-43bd-ba29-4fff4a07ffde HTTP/1.1" status: 204 len: 168 time: 0.4663849
2026-05-08 00:36:40.174 9 WARNING neutron.scheduler.dhcp_agent_scheduler [None req-b41e1441-28c4-4b27-b597-8d3b2e20e17c 25a2892af8b345f59df8d0ead4016ae4 6ef57c58e8624804af21b71e9f6e6f53 - - default default] No more DHCP agents
2026-05-08 00:36:40.176 9 WARNING neutron.api.rpc.agentnotifiers.dhcp_rpc_agent_api [None req-b41e1441-28c4-4b27-b597-8d3b2e20e17c 25a2892af8b345f59df8d0ead4016ae4 6ef57c58e8624804af21b71e9f6e6f53 - - default default] Unable to schedule network 3475f9bf-a540-44d0-9af9-ca1e924354c1: no agents available; will retry on subsequent port and subnet creation events. /var/lib/openstack/lib/python3.10/site-packages/pycadf/identifier.py:71: UserWarning: Invalid uuid: neutron. To ensure interoperability, identifiers should be a valid uuid. warnings.warn(('Invalid uuid: %s. To ensure interoperability, '
2026-05-08 00:36:40.240 9 INFO neutron.wsgi [None req-45d71034-4a7c-4580-b018-ade511cd429b 330903d50af449629d58dd3ba0324bec a4bbebf8352349baac56de0f77cc468d - - default default] 10.0.0.164 "GET /v2.0/security-groups?tenant_id=44d1a2e013724465b7617949a6f66891&name=default HTTP/1.1" status: 200 len: 3120 time: 0.1976006 /var/lib/openstack/lib/python3.10/site-packages/pycadf/identifier.py:71: UserWarning: Invalid uuid: neutron. To ensure interoperability, identifiers should be a valid uuid. warnings.warn(('Invalid uuid: %s. To ensure interoperability, '
2026-05-08 00:36:40.260 10 INFO neutron.wsgi [None req-598eb4f8-7e07-49fa-9dc7-16cba06158c1 330903d50af449629d58dd3ba0324bec a4bbebf8352349baac56de0f77cc468d - - default default] 10.0.0.164 "GET /v2.0/security-groups?tenant_id=bfcc8d7dff6645dfaa63bd8c10dc792e&name=default HTTP/1.1" status: 200 len: 3120 time: 0.0552864
2026-05-08 00:36:40.274 9 INFO neutron.services.segments.plugin [-] Segment 685e6148-1f2b-47ec-9787-d9e51cb30392 resource provider aggregate not found
2026-05-08 00:36:40.278 9 INFO neutron.services.segments.plugin [-] Segment 685e6148-1f2b-47ec-9787-d9e51cb30392 resource provider aggregate not found
2026-05-08 00:36:40.294 9 INFO neutron.services.segments.plugin [-] Segment 685e6148-1f2b-47ec-9787-d9e51cb30392 resource provider not found; error: Placement Client Error (4xx): {"errors": [{"status": 404, "title": "Not Found", "detail": "The resource could not be found.\n\n No resource provider with uuid 685e6148-1f2b-47ec-9787-d9e51cb30392 found for delete ", "request_id": "req-0c408bb9-451e-461e-8453-b64a0bbef060"}]}
2026-05-08 00:36:40.302 9 INFO neutron.services.segments.plugin [-] Segment 685e6148-1f2b-47ec-9787-d9e51cb30392 resource provider not found; error: Placement Client Error (4xx): {"errors": [{"status": 404, "title": "Not Found", "detail": "The resource could not be found.\n\n No resource provider with uuid 685e6148-1f2b-47ec-9787-d9e51cb30392 found for delete ", "request_id": "req-646cc600-d3fd-4a28-9a93-97a3e1bf2707"}]}
2026-05-08 00:36:40.316 9 INFO neutron.services.segments.plugin [-] Segment 576393fd-1ea0-4eb8-b0a9-d371389236eb resource provider aggregate not found
2026-05-08 00:36:40.332 9 INFO neutron.services.segments.plugin [-] Segment 576393fd-1ea0-4eb8-b0a9-d371389236eb resource provider aggregate not found
2026-05-08 00:36:40.336 9 INFO neutron.services.segments.plugin [-] Segment 576393fd-1ea0-4eb8-b0a9-d371389236eb resource provider not found; error: Placement Client Error (4xx): {"errors": [{"status": 404, "title": "Not Found", "detail": "The resource could not be found.\n\n No resource provider with uuid 576393fd-1ea0-4eb8-b0a9-d371389236eb found for delete ", "request_id": "req-4496ee52-4a56-4043-9b1e-8c71d9bf7fd7"}]}
2026-05-08 00:36:40.349 9 INFO neutron.db.ovn_revision_numbers_db [None req-b41e1441-28c4-4b27-b597-8d3b2e20e17c 25a2892af8b345f59df8d0ead4016ae4 6ef57c58e8624804af21b71e9f6e6f53 - - default default] Successfully bumped revision number for resource dd8fe9f4-b1cb-48b4-a00b-93a4bbbee7c4 (type: ports) to 1
2026-05-08 00:36:40.353 9 INFO neutron.services.segments.plugin [-] Segment 576393fd-1ea0-4eb8-b0a9-d371389236eb resource provider not found; error: Placement Client Error (4xx): {"errors": [{"status": 404, "title": "Not Found", "detail": "The resource could not be found.\n\n No resource provider with uuid 576393fd-1ea0-4eb8-b0a9-d371389236eb found for delete ", "request_id": "req-da22afda-1917-4dd0-85f2-eb188e88db76"}]}
2026-05-08 00:36:40.380 9 INFO neutron.wsgi [None req-b41e1441-28c4-4b27-b597-8d3b2e20e17c 25a2892af8b345f59df8d0ead4016ae4 6ef57c58e8624804af21b71e9f6e6f53 - - default default] 10.0.0.164 "POST /v2.0/ports HTTP/1.1" status: 201 len: 1163 time: 0.6360354
2026-05-08 00:36:40.547 10 INFO neutron.wsgi [None req-790cdc6f-7b0a-45f5-98f7-9d85a3ca9c2f 330903d50af449629d58dd3ba0324bec a4bbebf8352349baac56de0f77cc468d - - default default] 10.0.0.164 "DELETE /v2.0/security-groups/bedbc5c4-164a-4dcb-82bb-f8d3b9ea5744 HTTP/1.1" status: 204 len: 168 time: 0.2820098
2026-05-08 00:36:40.589 10 INFO neutron.db.ovn_revision_numbers_db [None req-1e689c43-7163-497c-b79c-186968601abb 330903d50af449629d58dd3ba0324bec a4bbebf8352349baac56de0f77cc468d - - default default] Successfully bumped revision number for resource d5cc46dd-e1f9-4eda-9902-33c47325d841 (type: ports) to 2
2026-05-08 00:36:40.615 9 INFO neutron.wsgi [None req-ec36bbb6-79f6-4dd8-8ec0-c7dfecdbad6b 330903d50af449629d58dd3ba0324bec a4bbebf8352349baac56de0f77cc468d - - default default] 10.0.0.164 "DELETE /v2.0/security-groups/5775b3e3-d10f-439a-babf-89ff97050348 HTTP/1.1" status: 204 len: 168 time: 0.3669691
2026-05-08 00:36:40.623 10 INFO neutron.db.ovn_revision_numbers_db [None req-1e689c43-7163-497c-b79c-186968601abb 330903d50af449629d58dd3ba0324bec a4bbebf8352349baac56de0f77cc468d - - default default] Successfully bumped revision number for resource ffa7a4f3-a5ac-495b-af70-4011da6f4084 (type: subnets) to 0
2026-05-08 00:36:40.637 10 INFO neutron.wsgi [None req-1e689c43-7163-497c-b79c-186968601abb 330903d50af449629d58dd3ba0324bec a4bbebf8352349baac56de0f77cc468d - - default default] 10.0.0.164 "POST /v2.0/subnets HTTP/1.1" status: 201 len: 868 time: 0.7705982
2026-05-08 00:36:40.819 9 ERROR ovsdbapp.backend.ovs_idl.command [None req-a045f8b1-2f81-428d-bc33-ce0a68d46710 25a2892af8b345f59df8d0ead4016ae4 6ef57c58e8624804af21b71e9f6e6f53 - - default default] Error executing command (DbGetCommand): ovsdbapp.backend.ovs_idl.idlutils.RowNotFound: Cannot find Logical_Router_Port with name=lrp-dd8fe9f4-b1cb-48b4-a00b-93a4bbbee7c4
2026-05-08 00:36:40.819 9 ERROR ovsdbapp.backend.ovs_idl.command
Traceback (most recent call last):
2026-05-08 00:36:40.819 9 ERROR ovsdbapp.backend.ovs_idl.command
File "/var/lib/openstack/lib/python3.10/site-packages/ovsdbapp/backend/ovs_idl/command.py", line 47, in execute
2026-05-08 00:36:40.819 9 ERROR ovsdbapp.backend.ovs_idl.command self.run_idl(None)
2026-05-08 00:36:40.819 9 ERROR ovsdbapp.backend.ovs_idl.command
File "/var/lib/openstack/lib/python3.10/site-packages/ovsdbapp/backend/ovs_idl/command.py", line 235, in run_idl
2026-05-08 00:36:40.819 9 ERROR ovsdbapp.backend.ovs_idl.command record = self.api.lookup(self.table, self.record)
2026-05-08 00:36:40.819 9 ERROR ovsdbapp.backend.ovs_idl.command
File "/var/lib/openstack/lib/python3.10/site-packages/ovsdbapp/backend/ovs_idl/__init__.py", line 184, in lookup
2026-05-08 00:36:40.819 9 ERROR ovsdbapp.backend.ovs_idl.command return self._lookup(table, record)
2026-05-08 00:36:40.819 9 ERROR ovsdbapp.backend.ovs_idl.command
File "/var/lib/openstack/lib/python3.10/site-packages/ovsdbapp/backend/ovs_idl/__init__.py", line 235, in _lookup
2026-05-08 00:36:40.819 9 ERROR ovsdbapp.backend.ovs_idl.command row = idlutils.row_by_value(self, rl.table, rl.column, record)
2026-05-08 00:36:40.819 9 ERROR ovsdbapp.backend.ovs_idl.command
File "/var/lib/openstack/lib/python3.10/site-packages/ovsdbapp/backend/ovs_idl/idlutils.py", line 114, in row_by_value
2026-05-08 00:36:40.819 9 ERROR ovsdbapp.backend.ovs_idl.command raise RowNotFound(table=table, col=column, match=match)
2026-05-08 00:36:40.819 9 ERROR ovsdbapp.backend.ovs_idl.command ovsdbapp.backend.ovs_idl.idlutils.RowNotFound: Cannot find Logical_Router_Port with name=lrp-dd8fe9f4-b1cb-48b4-a00b-93a4bbbee7c4
2026-05-08 00:36:40.819 9 ERROR ovsdbapp.backend.ovs_idl.command 
2026-05-08 00:36:40.820 9 ERROR neutron_lib.callbacks.manager [None req-a045f8b1-2f81-428d-bc33-ce0a68d46710 25a2892af8b345f59df8d0ead4016ae4 6ef57c58e8624804af21b71e9f6e6f53 - - default default] Error during notification for neutron.services.ovn_l3.plugin.OVNL3RouterPlugin._port_update-8741480677103 port, after_update: ovsdbapp.backend.ovs_idl.idlutils.RowNotFound: Cannot find Logical_Router_Port with name=lrp-dd8fe9f4-b1cb-48b4-a00b-93a4bbbee7c4
2026-05-08 00:36:40.820 9 ERROR neutron_lib.callbacks.manager
Traceback (most recent call last):
2026-05-08 00:36:40.820 9 ERROR neutron_lib.callbacks.manager
File "/var/lib/openstack/lib/python3.10/site-packages/neutron_lib/callbacks/manager.py", line 189, in _notify_loop
2026-05-08 00:36:40.820 9 ERROR neutron_lib.callbacks.manager callback.method(resource, event, trigger, payload=payload)
2026-05-08 00:36:40.820 9 ERROR neutron_lib.callbacks.manager
File "/var/lib/openstack/lib/python3.10/site-packages/neutron/services/ovn_l3/plugin.py", line 391, in _port_update
2026-05-08 00:36:40.820 9 ERROR neutron_lib.callbacks.manager l3plugin._ovn_client.update_router_port(context,
2026-05-08 00:36:40.820 9 ERROR neutron_lib.callbacks.manager
File "/var/lib/openstack/lib/python3.10/site-packages/neutron/plugins/ml2/drivers/ovn/mech_driver/ovsdb/ovn_client.py", line 1878, in update_router_port
2026-05-08 00:36:40.820 9 ERROR neutron_lib.callbacks.manager self._update_lrouter_port(context, port, if_exists=if_exists,
2026-05-08 00:36:40.820 9 ERROR neutron_lib.callbacks.manager
File "/var/lib/openstack/lib/python3.10/site-packages/neutron/plugins/ml2/drivers/ovn/mech_driver/ovsdb/ovn_client.py", line 1855, in _update_lrouter_port
2026-05-08 00:36:40.820 9 ERROR neutron_lib.callbacks.manager external_ids = self._nb_idl.db_get(
2026-05-08 00:36:40.820 9 ERROR neutron_lib.callbacks.manager
File "/var/lib/openstack/lib/python3.10/site-packages/ovsdbapp/backend/ovs_idl/command.py", line 47, in execute
2026-05-08 00:36:40.820 9 ERROR neutron_lib.callbacks.manager self.run_idl(None)
2026-05-08 00:36:40.820 9 ERROR neutron_lib.callbacks.manager
File "/var/lib/openstack/lib/python3.10/site-packages/ovsdbapp/backend/ovs_idl/command.py", line 235, in run_idl
2026-05-08 00:36:40.820 9 ERROR neutron_lib.callbacks.manager record = self.api.lookup(self.table, self.record)
2026-05-08 00:36:40.820 9 ERROR neutron_lib.callbacks.manager
File "/var/lib/openstack/lib/python3.10/site-packages/ovsdbapp/backend/ovs_idl/__init__.py", line 184, in lookup
2026-05-08 00:36:40.820 9 ERROR neutron_lib.callbacks.manager return self._lookup(table, record)
2026-05-08 00:36:40.820 9 ERROR neutron_lib.callbacks.manager
File "/var/lib/openstack/lib/python3.10/site-packages/ovsdbapp/backend/ovs_idl/__init__.py", line 235, in _lookup
2026-05-08 00:36:40.820 9 ERROR neutron_lib.callbacks.manager row = idlutils.row_by_value(self, rl.table, rl.column, record)
2026-05-08 00:36:40.820 9 ERROR neutron_lib.callbacks.manager
File "/var/lib/openstack/lib/python3.10/site-packages/ovsdbapp/backend/ovs_idl/idlutils.py", line 114, in row_by_value
2026-05-08 00:36:40.820 9 ERROR neutron_lib.callbacks.manager raise RowNotFound(table=table, col=column, match=match)
2026-05-08 00:36:40.820 9 ERROR neutron_lib.callbacks.manager ovsdbapp.backend.ovs_idl.idlutils.RowNotFound: Cannot find Logical_Router_Port with name=lrp-dd8fe9f4-b1cb-48b4-a00b-93a4bbbee7c4
2026-05-08 00:36:40.820 9 ERROR neutron_lib.callbacks.manager 
2026-05-08 00:36:40.939 9 INFO neutron.plugins.ml2.drivers.ovn.mech_driver.mech_driver [None req-1ef43080-86ca-4492-8e98-319940fb2b84 - - - - - -] OVN reports status up for port: dd8fe9f4-b1cb-48b4-a00b-93a4bbbee7c4
2026-05-08 00:36:40.955 9 INFO neutron.plugins.ml2.plugin [None req-1ef43080-86ca-4492-8e98-319940fb2b84 - - - - - -] Attempt 1 to provision port dd8fe9f4-b1cb-48b4-a00b-93a4bbbee7c4
2026-05-08 00:36:40.975 9 INFO neutron.db.ovn_revision_numbers_db [None req-a045f8b1-2f81-428d-bc33-ce0a68d46710 25a2892af8b345f59df8d0ead4016ae4 6ef57c58e8624804af21b71e9f6e6f53 - - default default] Successfully bumped revision number for resource dd8fe9f4-b1cb-48b4-a00b-93a4bbbee7c4 (type: ports) to 2
2026-05-08 00:36:41.110 10 WARNING neutron.scheduler.dhcp_agent_scheduler [None req-cdc95d79-fdd5-4c52-b854-357ec9ef77a4 330903d50af449629d58dd3ba0324bec a4bbebf8352349baac56de0f77cc468d - - default default] No more DHCP agents
2026-05-08 00:36:41.112 10 WARNING neutron.api.rpc.agentnotifiers.dhcp_rpc_agent_api [None req-cdc95d79-fdd5-4c52-b854-357ec9ef77a4 330903d50af449629d58dd3ba0324bec a4bbebf8352349baac56de0f77cc468d - - default default] Unable to schedule network 08ae7ac8-c146-48dd-bea7-7f5e2b053c72: no agents available; will retry on subsequent port and subnet creation events.
2026-05-08 00:36:41.294 10 INFO neutron.db.ovn_revision_numbers_db [None req-cdc95d79-fdd5-4c52-b854-357ec9ef77a4 330903d50af449629d58dd3ba0324bec a4bbebf8352349baac56de0f77cc468d - - default default] Successfully bumped revision number for resource 63fb2599-5715-48da-ac8e-be6bb31b97de (type: ports) to 1
2026-05-08 00:36:41.726 9 INFO neutron.db.ovn_revision_numbers_db [None req-1ef43080-86ca-4492-8e98-319940fb2b84 - - - - - -] Successfully bumped revision number for resource dd8fe9f4-b1cb-48b4-a00b-93a4bbbee7c4 (type: ports) to 3
2026-05-08 00:36:41.866 9 ERROR ovsdbapp.backend.ovs_idl.command [None req-a045f8b1-2f81-428d-bc33-ce0a68d46710 25a2892af8b345f59df8d0ead4016ae4 6ef57c58e8624804af21b71e9f6e6f53 - - default default] Error executing command (DbGetCommand): ovsdbapp.backend.ovs_idl.idlutils.RowNotFound: Cannot find Logical_Router_Port with name=lrp-dd8fe9f4-b1cb-48b4-a00b-93a4bbbee7c4
2026-05-08 00:36:41.866 9 ERROR ovsdbapp.backend.ovs_idl.command
Traceback (most recent call last):
2026-05-08 00:36:41.866 9 ERROR ovsdbapp.backend.ovs_idl.command
File "/var/lib/openstack/lib/python3.10/site-packages/ovsdbapp/backend/ovs_idl/command.py", line 47, in execute
2026-05-08 00:36:41.866 9 ERROR ovsdbapp.backend.ovs_idl.command self.run_idl(None)
2026-05-08 00:36:41.866 9 ERROR ovsdbapp.backend.ovs_idl.command
File "/var/lib/openstack/lib/python3.10/site-packages/ovsdbapp/backend/ovs_idl/command.py", line 235, in run_idl
2026-05-08 00:36:41.866 9 ERROR ovsdbapp.backend.ovs_idl.command record = self.api.lookup(self.table, self.record)
2026-05-08 00:36:41.866 9 ERROR ovsdbapp.backend.ovs_idl.command
File "/var/lib/openstack/lib/python3.10/site-packages/ovsdbapp/backend/ovs_idl/__init__.py", line 184, in lookup
2026-05-08 00:36:41.866 9 ERROR ovsdbapp.backend.ovs_idl.command return self._lookup(table, record)
2026-05-08 00:36:41.866 9 ERROR ovsdbapp.backend.ovs_idl.command
File "/var/lib/openstack/lib/python3.10/site-packages/ovsdbapp/backend/ovs_idl/__init__.py", line 235, in _lookup
2026-05-08 00:36:41.866 9 ERROR ovsdbapp.backend.ovs_idl.command row = idlutils.row_by_value(self, rl.table, rl.column, record)
2026-05-08 00:36:41.866 9 ERROR ovsdbapp.backend.ovs_idl.command
File "/var/lib/openstack/lib/python3.10/site-packages/ovsdbapp/backend/ovs_idl/idlutils.py", line 114, in row_by_value
2026-05-08 00:36:41.866 9 ERROR ovsdbapp.backend.ovs_idl.command raise RowNotFound(table=table, col=column, match=match)
2026-05-08 00:36:41.866 9 ERROR ovsdbapp.backend.ovs_idl.command ovsdbapp.backend.ovs_idl.idlutils.RowNotFound: Cannot find Logical_Router_Port with name=lrp-dd8fe9f4-b1cb-48b4-a00b-93a4bbbee7c4
2026-05-08 00:36:41.866 9 ERROR ovsdbapp.backend.ovs_idl.command 
2026-05-08 00:36:41.867 9 ERROR neutron_lib.callbacks.manager [None req-a045f8b1-2f81-428d-bc33-ce0a68d46710 25a2892af8b345f59df8d0ead4016ae4 6ef57c58e8624804af21b71e9f6e6f53 - - default default] Error during notification for neutron.services.ovn_l3.plugin.OVNL3RouterPlugin._port_update-8741480677103 port, after_update: ovsdbapp.backend.ovs_idl.idlutils.RowNotFound: Cannot find Logical_Router_Port with name=lrp-dd8fe9f4-b1cb-48b4-a00b-93a4bbbee7c4
2026-05-08 00:36:41.867 9 ERROR neutron_lib.callbacks.manager
Traceback (most recent call last):
2026-05-08 00:36:41.867 9 ERROR neutron_lib.callbacks.manager
File "/var/lib/openstack/lib/python3.10/site-packages/neutron_lib/callbacks/manager.py", line 189, in _notify_loop
2026-05-08 00:36:41.867 9 ERROR neutron_lib.callbacks.manager callback.method(resource, event, trigger, payload=payload)
2026-05-08 00:36:41.867 9 ERROR neutron_lib.callbacks.manager
File "/var/lib/openstack/lib/python3.10/site-packages/neutron/services/ovn_l3/plugin.py", line 391, in _port_update
2026-05-08 00:36:41.867 9 ERROR neutron_lib.callbacks.manager l3plugin._ovn_client.update_router_port(context,
2026-05-08 00:36:41.867 9 ERROR neutron_lib.callbacks.manager
File "/var/lib/openstack/lib/python3.10/site-packages/neutron/plugins/ml2/drivers/ovn/mech_driver/ovsdb/ovn_client.py", line 1878, in update_router_port
2026-05-08 00:36:41.867 9 ERROR neutron_lib.callbacks.manager self._update_lrouter_port(context, port, if_exists=if_exists,
2026-05-08 00:36:41.867 9 ERROR neutron_lib.callbacks.manager
File "/var/lib/openstack/lib/python3.10/site-packages/neutron/plugins/ml2/drivers/ovn/mech_driver/ovsdb/ovn_client.py", line 1855, in _update_lrouter_port
2026-05-08 00:36:41.867 9 ERROR neutron_lib.callbacks.manager external_ids = self._nb_idl.db_get(
2026-05-08 00:36:41.867 9 ERROR neutron_lib.callbacks.manager
File "/var/lib/openstack/lib/python3.10/site-packages/ovsdbapp/backend/ovs_idl/command.py", line 47, in execute
2026-05-08 00:36:41.867 9 ERROR neutron_lib.callbacks.manager self.run_idl(None)
2026-05-08 00:36:41.867 9 ERROR neutron_lib.callbacks.manager
File "/var/lib/openstack/lib/python3.10/site-packages/ovsdbapp/backend/ovs_idl/command.py", line 235, in run_idl
2026-05-08 00:36:41.867 9 ERROR neutron_lib.callbacks.manager record = self.api.lookup(self.table, self.record)
2026-05-08 00:36:41.867 9 ERROR neutron_lib.callbacks.manager
File "/var/lib/openstack/lib/python3.10/site-packages/ovsdbapp/backend/ovs_idl/__init__.py", line 184, in lookup
2026-05-08 00:36:41.867 9 ERROR neutron_lib.callbacks.manager return self._lookup(table, record)
2026-05-08 00:36:41.867 9 ERROR neutron_lib.callbacks.manager
File "/var/lib/openstack/lib/python3.10/site-packages/ovsdbapp/backend/ovs_idl/__init__.py", line 235, in _lookup
2026-05-08 00:36:41.867 9 ERROR neutron_lib.callbacks.manager row = idlutils.row_by_value(self, rl.table, rl.column, record)
2026-05-08 00:36:41.867 9 ERROR neutron_lib.callbacks.manager
File "/var/lib/openstack/lib/python3.10/site-packages/ovsdbapp/backend/ovs_idl/idlutils.py", line 114, in row_by_value
2026-05-08 00:36:41.867 9 ERROR neutron_lib.callbacks.manager raise RowNotFound(table=table, col=column, match=match)
2026-05-08 00:36:41.867 9 ERROR neutron_lib.callbacks.manager ovsdbapp.backend.ovs_idl.idlutils.RowNotFound: Cannot find Logical_Router_Port with name=lrp-dd8fe9f4-b1cb-48b4-a00b-93a4bbbee7c4
2026-05-08 00:36:41.867 9 ERROR neutron_lib.callbacks.manager 
2026-05-08 00:36:41.870 9 ERROR ovsdbapp.backend.ovs_idl.command [None req-1ef43080-86ca-4492-8e98-319940fb2b84 - - - - - -] Error executing command (DbGetCommand): ovsdbapp.backend.ovs_idl.idlutils.RowNotFound: Cannot find Logical_Router_Port with name=lrp-dd8fe9f4-b1cb-48b4-a00b-93a4bbbee7c4
2026-05-08 00:36:41.870 9 ERROR ovsdbapp.backend.ovs_idl.command
Traceback (most recent call last):
2026-05-08 00:36:41.870 9 ERROR ovsdbapp.backend.ovs_idl.command
File "/var/lib/openstack/lib/python3.10/site-packages/ovsdbapp/backend/ovs_idl/command.py", line 47, in execute
2026-05-08 00:36:41.870 9 ERROR ovsdbapp.backend.ovs_idl.command self.run_idl(None)
2026-05-08 00:36:41.870 9 ERROR ovsdbapp.backend.ovs_idl.command
File "/var/lib/openstack/lib/python3.10/site-packages/ovsdbapp/backend/ovs_idl/command.py", line 235, in run_idl
2026-05-08 00:36:41.870 9 ERROR ovsdbapp.backend.ovs_idl.command record = self.api.lookup(self.table, self.record)
2026-05-08 00:36:41.870 9 ERROR ovsdbapp.backend.ovs_idl.command
File "/var/lib/openstack/lib/python3.10/site-packages/ovsdbapp/backend/ovs_idl/__init__.py", line 184, in lookup
2026-05-08 00:36:41.870 9 ERROR ovsdbapp.backend.ovs_idl.command return self._lookup(table, record)
2026-05-08 00:36:41.870 9 ERROR ovsdbapp.backend.ovs_idl.command
File "/var/lib/openstack/lib/python3.10/site-packages/ovsdbapp/backend/ovs_idl/__init__.py", line 235, in _lookup
2026-05-08 00:36:41.870 9 ERROR ovsdbapp.backend.ovs_idl.command row = idlutils.row_by_value(self, rl.table, rl.column, record)
2026-05-08 00:36:41.870 9 ERROR ovsdbapp.backend.ovs_idl.command
File "/var/lib/openstack/lib/python3.10/site-packages/ovsdbapp/backend/ovs_idl/idlutils.py", line 114, in row_by_value
2026-05-08 00:36:41.870 9 ERROR ovsdbapp.backend.ovs_idl.command raise RowNotFound(table=table, col=column, match=match)
2026-05-08 00:36:41.870 9 ERROR ovsdbapp.backend.ovs_idl.command ovsdbapp.backend.ovs_idl.idlutils.RowNotFound: Cannot find Logical_Router_Port with name=lrp-dd8fe9f4-b1cb-48b4-a00b-93a4bbbee7c4
2026-05-08 00:36:41.870 9 ERROR ovsdbapp.backend.ovs_idl.command 
2026-05-08 00:36:41.871 9 ERROR neutron_lib.callbacks.manager [None req-1ef43080-86ca-4492-8e98-319940fb2b84 - - - - - -] Error during notification for neutron.services.ovn_l3.plugin.OVNL3RouterPlugin._port_update-8741480677103 port, after_update: ovsdbapp.backend.ovs_idl.idlutils.RowNotFound: Cannot find Logical_Router_Port with name=lrp-dd8fe9f4-b1cb-48b4-a00b-93a4bbbee7c4
2026-05-08 00:36:41.871 9 ERROR neutron_lib.callbacks.manager
Traceback (most recent call last):
2026-05-08 00:36:41.871 9 ERROR neutron_lib.callbacks.manager
File "/var/lib/openstack/lib/python3.10/site-packages/neutron_lib/callbacks/manager.py", line 189, in _notify_loop
2026-05-08 00:36:41.871 9 ERROR neutron_lib.callbacks.manager callback.method(resource, event, trigger, payload=payload)
2026-05-08 00:36:41.871 9 ERROR neutron_lib.callbacks.manager
File "/var/lib/openstack/lib/python3.10/site-packages/neutron/services/ovn_l3/plugin.py", line 391, in _port_update
2026-05-08 00:36:41.871 9 ERROR neutron_lib.callbacks.manager l3plugin._ovn_client.update_router_port(context,
2026-05-08 00:36:41.871 9 ERROR neutron_lib.callbacks.manager
File "/var/lib/openstack/lib/python3.10/site-packages/neutron/plugins/ml2/drivers/ovn/mech_driver/ovsdb/ovn_client.py", line 1878, in update_router_port
2026-05-08 00:36:41.871 9 ERROR neutron_lib.callbacks.manager self._update_lrouter_port(context, port, if_exists=if_exists,
2026-05-08 00:36:41.871 9 ERROR neutron_lib.callbacks.manager
File "/var/lib/openstack/lib/python3.10/site-packages/neutron/plugins/ml2/drivers/ovn/mech_driver/ovsdb/ovn_client.py", line 1855, in _update_lrouter_port
2026-05-08 00:36:41.871 9 ERROR neutron_lib.callbacks.manager external_ids = self._nb_idl.db_get(
2026-05-08 00:36:41.871 9 ERROR neutron_lib.callbacks.manager
File "/var/lib/openstack/lib/python3.10/site-packages/ovsdbapp/backend/ovs_idl/command.py", line 47, in execute
2026-05-08 00:36:41.871 9 ERROR neutron_lib.callbacks.manager self.run_idl(None)
2026-05-08 00:36:41.871 9 ERROR neutron_lib.callbacks.manager
File "/var/lib/openstack/lib/python3.10/site-packages/ovsdbapp/backend/ovs_idl/command.py", line 235, in run_idl
2026-05-08 00:36:41.871 9 ERROR neutron_lib.callbacks.manager record = self.api.lookup(self.table, self.record)
2026-05-08 00:36:41.871 9 ERROR neutron_lib.callbacks.manager
File "/var/lib/openstack/lib/python3.10/site-packages/ovsdbapp/backend/ovs_idl/__init__.py", line 184, in lookup
2026-05-08 00:36:41.871 9 ERROR neutron_lib.callbacks.manager return self._lookup(table, record)
2026-05-08 00:36:41.871 9 ERROR neutron_lib.callbacks.manager
File "/var/lib/openstack/lib/python3.10/site-packages/ovsdbapp/backend/ovs_idl/__init__.py", line 235, in _lookup
2026-05-08 00:36:41.871 9 ERROR neutron_lib.callbacks.manager row = idlutils.row_by_value(self, rl.table, rl.column, record)
2026-05-08 00:36:41.871 9 ERROR neutron_lib.callbacks.manager
File "/var/lib/openstack/lib/python3.10/site-packages/ovsdbapp/backend/ovs_idl/idlutils.py", line 114, in row_by_value
2026-05-08 00:36:41.871 9 ERROR neutron_lib.callbacks.manager raise RowNotFound(table=table, col=column, match=match)
2026-05-08 00:36:41.871 9 ERROR neutron_lib.callbacks.manager ovsdbapp.backend.ovs_idl.idlutils.RowNotFound: Cannot find Logical_Router_Port with name=lrp-dd8fe9f4-b1cb-48b4-a00b-93a4bbbee7c4
2026-05-08 00:36:41.871 9 ERROR neutron_lib.callbacks.manager 
2026-05-08 00:36:42.045 9 INFO neutron.db.ovn_revision_numbers_db [None req-a045f8b1-2f81-428d-bc33-ce0a68d46710 25a2892af8b345f59df8d0ead4016ae4 6ef57c58e8624804af21b71e9f6e6f53 - - default default] Successfully bumped revision number for resource dd8fe9f4-b1cb-48b4-a00b-93a4bbbee7c4 (type: ports) to 3
2026-05-08 00:36:42.150 9 WARNING neutron.scheduler.dhcp_agent_scheduler [None req-a045f8b1-2f81-428d-bc33-ce0a68d46710 25a2892af8b345f59df8d0ead4016ae4 6ef57c58e8624804af21b71e9f6e6f53 - - default default] No more DHCP agents
2026-05-08 00:36:42.152 9 WARNING neutron.api.rpc.agentnotifiers.dhcp_rpc_agent_api [None req-a045f8b1-2f81-428d-bc33-ce0a68d46710 25a2892af8b345f59df8d0ead4016ae4 6ef57c58e8624804af21b71e9f6e6f53 - - default default] Unable to schedule network 3475f9bf-a540-44d0-9af9-ca1e924354c1: no agents available; will retry on subsequent port and subnet creation events.
2026-05-08 00:36:42.177 10 INFO neutron.plugins.ml2.drivers.ovn.mech_driver.ovsdb.commands [None req-3e1ee06f-1b97-46b0-82a2-7a0e89bdb34a - - - - - -] Schedule LRP lrp-63fb2599-5715-48da-ac8e-be6bb31b97de on gateway 414b40bc-0bd2-4a22-9062-2d44c6a6ad13 with priority 1
2026-05-08 00:36:42.186 10 INFO neutron.plugins.ml2.drivers.ovn.mech_driver.mech_driver [None req-31ba4a09-84aa-4acd-a843-6099e05cc5f3 - - - - - -] OVN reports status up for port: 63fb2599-5715-48da-ac8e-be6bb31b97de
2026-05-08 00:36:42.204 10 INFO neutron.plugins.ml2.plugin [None req-31ba4a09-84aa-4acd-a843-6099e05cc5f3 - - - - - -] Attempt 1 to provision port 63fb2599-5715-48da-ac8e-be6bb31b97de
2026-05-08 00:36:42.208 10 INFO neutron.plugins.ml2.drivers.ovn.mech_driver.ovsdb.ovsdb_monitor [None req-c7545246-52f8-48ce-88ba-e373be175e4e - - - - - -] Router c5728daf-7915-43e1-b7a6-79ee3f43276c is bound to host instance
2026-05-08 00:36:42.251 10 INFO neutron.db.ovn_revision_numbers_db [None req-cdc95d79-fdd5-4c52-b854-357ec9ef77a4 330903d50af449629d58dd3ba0324bec a4bbebf8352349baac56de0f77cc468d - - default default] Successfully bumped revision number for resource 63fb2599-5715-48da-ac8e-be6bb31b97de (type: router_ports) to 1
2026-05-08 00:36:42.323 9 INFO neutron.db.ovn_revision_numbers_db [None req-a045f8b1-2f81-428d-bc33-ce0a68d46710 25a2892af8b345f59df8d0ead4016ae4 6ef57c58e8624804af21b71e9f6e6f53 - - default default] Successfully bumped revision number for resource dd8fe9f4-b1cb-48b4-a00b-93a4bbbee7c4 (type: router_ports) to 3
2026-05-08 00:36:42.329 9 INFO neutron.wsgi [None req-a045f8b1-2f81-428d-bc33-ce0a68d46710 25a2892af8b345f59df8d0ead4016ae4 6ef57c58e8624804af21b71e9f6e6f53 - - default default] 10.0.0.164 "PUT /v2.0/routers/81092913-2f30-4c62-b50b-1c418642478e/add_router_interface HTTP/1.1" status: 200 len: 503 time: 1.9441092 /var/lib/openstack/lib/python3.10/site-packages/pycadf/identifier.py:71: UserWarning: Invalid uuid: neutron. To ensure interoperability, identifiers should be a valid uuid. warnings.warn(('Invalid uuid: %s. To ensure interoperability, '
2026-05-08 00:36:42.366 10 INFO neutron.db.ovn_revision_numbers_db [None req-cdc95d79-fdd5-4c52-b854-357ec9ef77a4 330903d50af449629d58dd3ba0324bec a4bbebf8352349baac56de0f77cc468d - - default default] Successfully bumped revision number for resource c5728daf-7915-43e1-b7a6-79ee3f43276c (type: routers) to 2
2026-05-08 00:36:42.385 10 INFO neutron.wsgi [None req-cdc95d79-fdd5-4c52-b854-357ec9ef77a4 330903d50af449629d58dd3ba0324bec a4bbebf8352349baac56de0f77cc468d - - default default] 10.0.0.164 "POST /v2.0/routers HTTP/1.1" status: 201 len: 1170 time: 1.7424157
2026-05-08 00:36:42.431 9 INFO neutron.wsgi [None req-6c1cec8e-ee3c-4d31-a30a-7015d762eed6 25a2892af8b345f59df8d0ead4016ae4 6ef57c58e8624804af21b71e9f6e6f53 - - default default] 10.0.0.164 "GET /v2.0/ports/dd8fe9f4-b1cb-48b4-a00b-93a4bbbee7c4 HTTP/1.1" status: 200 len: 1221 time: 0.0969331
2026-05-08 00:36:42.531 9 WARNING neutron_lib.context [None req-2fc8eb65-7635-4b5f-a71d-15483d8ee712 b36f1da95de54ea2b06d89fc2809d1ee f367c506e10e4849822a7b900de42ae0 - - default default] Method 'is_advsvc' is deprecated since 2023.2 release (neutron-lib 3.8.0) and will be removed once support for the old RBAC API policies will be removed from Neutron. Please use method 'is_service_role' instead.
2026-05-08 00:36:42.772 10 INFO neutron.db.ovn_revision_numbers_db [None req-c92ed382-4422-4900-a223-4de81383d3d4 330903d50af449629d58dd3ba0324bec a4bbebf8352349baac56de0f77cc468d - - default default] Successfully bumped revision number for resource 9326654a-e587-4358-86fa-af66fc30d1b6 (type: security_groups) to 1
2026-05-08 00:36:42.802 10 INFO neutron.db.ovn_revision_numbers_db [None req-c92ed382-4422-4900-a223-4de81383d3d4 330903d50af449629d58dd3ba0324bec a4bbebf8352349baac56de0f77cc468d - - default default] Successfully bumped revision number for resource 036c2548-89cf-41d6-8126-172c44b57b96 (type: security_group_rules) to 0
2026-05-08 00:36:42.826 10 INFO neutron.db.ovn_revision_numbers_db [None req-c92ed382-4422-4900-a223-4de81383d3d4 330903d50af449629d58dd3ba0324bec a4bbebf8352349baac56de0f77cc468d - - default default] Successfully bumped revision number for resource 0e05c4c8-0536-40fa-bbcb-2ec7fd3eba21 (type: security_group_rules) to 0
2026-05-08 00:36:42.862 10 INFO neutron.db.ovn_revision_numbers_db [None req-c92ed382-4422-4900-a223-4de81383d3d4 330903d50af449629d58dd3ba0324bec a4bbebf8352349baac56de0f77cc468d - - default default] Successfully bumped revision number for resource b3dce795-121a-4922-a2e9-1eae60de4e9b (type: security_group_rules) to 0
2026-05-08 00:36:42.894 10 INFO neutron.db.ovn_revision_numbers_db [None req-c92ed382-4422-4900-a223-4de81383d3d4 330903d50af449629d58dd3ba0324bec a4bbebf8352349baac56de0f77cc468d - - default default] Successfully bumped revision number for resource d15c6a7a-a628-4802-a5fa-20876d54425c (type: security_group_rules) to 0
2026-05-08 00:36:42.962 9 INFO neutron.db.ovn_revision_numbers_db [None req-2fc8eb65-7635-4b5f-a71d-15483d8ee712 b36f1da95de54ea2b06d89fc2809d1ee f367c506e10e4849822a7b900de42ae0 - - default default] Successfully bumped revision number for resource 7a84a129-a81a-4dcd-934a-35d9a2c3b5f6 (type: security_groups) to 1
2026-05-08 00:36:42.970 10 INFO neutron.db.segments_db [None req-c92ed382-4422-4900-a223-4de81383d3d4 330903d50af449629d58dd3ba0324bec a4bbebf8352349baac56de0f77cc468d - - default default] Added segment 42a5e5ce-d6ac-41ab-88ea-bb5c6f1c6e46 of type geneve for network 026d698b-f32f-4675-9cb3-06166a7c43e8
2026-05-08 00:36:42.986 9 INFO neutron.db.ovn_revision_numbers_db [None req-2fc8eb65-7635-4b5f-a71d-15483d8ee712 b36f1da95de54ea2b06d89fc2809d1ee f367c506e10e4849822a7b900de42ae0 - - default default] Successfully bumped revision number for resource 486e2e78-627d-4f98-8e5f-9427c36472b5 (type: security_group_rules) to 0
2026-05-08 00:36:43.014 9 INFO neutron.db.ovn_revision_numbers_db [None req-2fc8eb65-7635-4b5f-a71d-15483d8ee712 b36f1da95de54ea2b06d89fc2809d1ee f367c506e10e4849822a7b900de42ae0 - - default default] Successfully bumped revision number for resource 733937bd-f38b-45be-990a-cb05981313e8 (type: security_group_rules) to 0
2026-05-08 00:36:43.037 9 INFO neutron.db.ovn_revision_numbers_db [None req-2fc8eb65-7635-4b5f-a71d-15483d8ee712 b36f1da95de54ea2b06d89fc2809d1ee f367c506e10e4849822a7b900de42ae0 - - default default] Successfully bumped revision number for resource 7ae765b1-3981-4419-bd66-9273247f38f8 (type: security_group_rules) to 0
2026-05-08 00:36:43.065 9 INFO neutron.db.ovn_revision_numbers_db [None req-2fc8eb65-7635-4b5f-a71d-15483d8ee712 b36f1da95de54ea2b06d89fc2809d1ee f367c506e10e4849822a7b900de42ae0 - - default default] Successfully bumped revision number for resource 7c910e12-3472-452b-9063-d2ec909761c2 (type: security_group_rules) to 0
2026-05-08 00:36:43.122 9 INFO neutron.db.segments_db [None req-2fc8eb65-7635-4b5f-a71d-15483d8ee712 b36f1da95de54ea2b06d89fc2809d1ee f367c506e10e4849822a7b900de42ae0 - - default default] Added segment 097e7b0c-cdf7-4236-b703-60a7553d0a7e of type geneve for network 2e6d707f-c920-43ea-ac75-596674b6d5cc
2026-05-08 00:36:43.332 9 INFO neutron.db.ovn_revision_numbers_db [None req-2fc8eb65-7635-4b5f-a71d-15483d8ee712 b36f1da95de54ea2b06d89fc2809d1ee f367c506e10e4849822a7b900de42ae0 - - default default] Successfully bumped revision number for resource 2e6d707f-c920-43ea-ac75-596674b6d5cc (type: networks) to 1
2026-05-08 00:36:43.457 10 INFO neutron.db.ovn_revision_numbers_db [None req-c92ed382-4422-4900-a223-4de81383d3d4 330903d50af449629d58dd3ba0324bec a4bbebf8352349baac56de0f77cc468d - - default default] Successfully bumped revision number for resource 026d698b-f32f-4675-9cb3-06166a7c43e8 (type: networks) to 1
2026-05-08 00:36:43.465 9 INFO neutron.wsgi [None req-8e2df7ad-7597-4301-b1a1-972a15286186 25a2892af8b345f59df8d0ead4016ae4 6ef57c58e8624804af21b71e9f6e6f53 - - default default] 10.0.0.164 "PUT /v2.0/routers/81092913-2f30-4c62-b50b-1c418642478e/remove_router_interface HTTP/1.1" status: 200 len: 503 time: 1.0281372 /var/lib/openstack/lib/python3.10/site-packages/pycadf/identifier.py:71: UserWarning: Invalid uuid: neutron. To ensure interoperability, identifiers should be a valid uuid. warnings.warn(('Invalid uuid: %s. To ensure interoperability, '
2026-05-08 00:36:43.560 10 WARNING neutron.scheduler.dhcp_agent_scheduler [None req-396d91a2-a21b-4c4d-a7fc-8f23448a4e76 330903d50af449629d58dd3ba0324bec a4bbebf8352349baac56de0f77cc468d - - default default] No more DHCP agents
2026-05-08 00:36:43.565 9 INFO neutron.api.v2.resource [None req-31a74681-992a-4041-b1e8-f50cdf26a811 25a2892af8b345f59df8d0ead4016ae4 6ef57c58e8624804af21b71e9f6e6f53 - - default default] remove_router_interface failed (client error): The resource could not be found.
2026-05-08 00:36:43.566 9 INFO neutron.wsgi [None req-31a74681-992a-4041-b1e8-f50cdf26a811 25a2892af8b345f59df8d0ead4016ae4 6ef57c58e8624804af21b71e9f6e6f53 - - default default] 10.0.0.164 "PUT /v2.0/routers/81092913-2f30-4c62-b50b-1c418642478e/remove_router_interface HTTP/1.1" status: 404 len: 398 time: 0.0892081
2026-05-08 00:36:43.567 10 WARNING neutron.api.rpc.agentnotifiers.dhcp_rpc_agent_api [None req-396d91a2-a21b-4c4d-a7fc-8f23448a4e76 330903d50af449629d58dd3ba0324bec a4bbebf8352349baac56de0f77cc468d - - default default] Unable to schedule network 6e499d2b-27ca-44ba-aa4d-c569998fa018: no agents available; will retry on subsequent port and subnet creation events.
2026-05-08 00:36:43.599 9 INFO neutron.wsgi [None req-70b8ad40-6b9d-4e35-8bd8-55dda946831e 25a2892af8b345f59df8d0ead4016ae4 6ef57c58e8624804af21b71e9f6e6f53 - - default default] 10.0.0.164 "GET /v2.0/ports?device_id=81092913-2f30-4c62-b50b-1c418642478e HTTP/1.1" status: 200 len: 205 time: 0.0256720
2026-05-08 00:36:43.630 10 INFO neutron.db.ovn_revision_numbers_db [None req-c7545246-52f8-48ce-88ba-e373be175e4e - - - - - -] Successfully bumped revision number for resource 63fb2599-5715-48da-ac8e-be6bb31b97de (type: ports) to 1
2026-05-08 00:36:43.704 9 WARNING neutron.scheduler.dhcp_agent_scheduler [None req-2fc8eb65-7635-4b5f-a71d-15483d8ee712 b36f1da95de54ea2b06d89fc2809d1ee f367c506e10e4849822a7b900de42ae0 - - default default] No more DHCP agents
2026-05-08 00:36:43.708 9 WARNING neutron.api.rpc.agentnotifiers.dhcp_rpc_agent_api [None req-2fc8eb65-7635-4b5f-a71d-15483d8ee712 b36f1da95de54ea2b06d89fc2809d1ee f367c506e10e4849822a7b900de42ae0 - - default default] Unable to schedule network 2e6d707f-c920-43ea-ac75-596674b6d5cc: no agents available; will retry on subsequent port and subnet creation events.
2026-05-08 00:36:43.838 10 WARNING neutron.scheduler.dhcp_agent_scheduler [None req-c92ed382-4422-4900-a223-4de81383d3d4 330903d50af449629d58dd3ba0324bec a4bbebf8352349baac56de0f77cc468d - - default default] No more DHCP agents
2026-05-08 00:36:43.842 10 WARNING neutron.api.rpc.agentnotifiers.dhcp_rpc_agent_api [None req-c92ed382-4422-4900-a223-4de81383d3d4 330903d50af449629d58dd3ba0324bec a4bbebf8352349baac56de0f77cc468d - - default default] Unable to schedule network 026d698b-f32f-4675-9cb3-06166a7c43e8: no agents available; will retry on subsequent port and subnet creation events.
2026-05-08 00:36:43.906 9 INFO neutron.db.ovn_revision_numbers_db [None req-2fc8eb65-7635-4b5f-a71d-15483d8ee712 b36f1da95de54ea2b06d89fc2809d1ee f367c506e10e4849822a7b900de42ae0 - - default default] Successfully bumped revision number for resource 5876485a-ff78-42be-b23e-4ed6e0cb72a0 (type: ports) to 1
2026-05-08 00:36:43.917 9 INFO neutron.wsgi [None req-59d3e1a4-9677-4f13-8aef-3aa61552b0a4 25a2892af8b345f59df8d0ead4016ae4 6ef57c58e8624804af21b71e9f6e6f53 - - default default] 10.0.0.164 "DELETE /v2.0/routers/81092913-2f30-4c62-b50b-1c418642478e HTTP/1.1" status: 204 len: 168 time: 0.3133802
2026-05-08 00:36:43.917 10 INFO neutron.db.ovn_revision_numbers_db [None req-396d91a2-a21b-4c4d-a7fc-8f23448a4e76 330903d50af449629d58dd3ba0324bec a4bbebf8352349baac56de0f77cc468d - - default default] Successfully bumped revision number for resource f3e7b0d9-f90d-4709-bb97-027c151b29f6 (type: ports) to 1
2026-05-08 00:36:43.945 9 INFO neutron.wsgi [None req-2fc8eb65-7635-4b5f-a71d-15483d8ee712 b36f1da95de54ea2b06d89fc2809d1ee f367c506e10e4849822a7b900de42ae0 - - default default] 10.0.0.164 "POST /v2.0/networks HTTP/1.1" status: 201 len: 844 time: 1.4582133
2026-05-08 00:36:43.955 9 WARNING neutron_lib.context [None req-bf93b77d-59d3-48bb-aaf4-9e6250c1e87f b36f1da95de54ea2b06d89fc2809d1ee f367c506e10e4849822a7b900de42ae0 - - default default] Method 'is_advsvc' is deprecated since 2023.2 release (neutron-lib 3.8.0) and will be removed once support for the old RBAC API policies will be removed from Neutron. Please use method 'is_service_role' instead.
2026-05-08 00:36:44.061 10 INFO neutron.db.ovn_revision_numbers_db [None req-c92ed382-4422-4900-a223-4de81383d3d4 330903d50af449629d58dd3ba0324bec a4bbebf8352349baac56de0f77cc468d - - default default] Successfully bumped revision number for resource c32feffa-599d-42c5-bf19-de7ceedee7da (type: ports) to 1
2026-05-08 00:36:44.126 10 INFO neutron.wsgi [None req-c92ed382-4422-4900-a223-4de81383d3d4 330903d50af449629d58dd3ba0324bec a4bbebf8352349baac56de0f77cc468d - - default default] 10.0.0.164 "POST /v2.0/networks HTTP/1.1" status: 201 len: 946 time: 1.8475142
2026-05-08 00:36:44.133 9 INFO neutron.wsgi [None req-96cd5019-f497-4837-b06c-8945c2ca8d93 25a2892af8b345f59df8d0ead4016ae4 6ef57c58e8624804af21b71e9f6e6f53 - - default default] 10.0.0.164 "DELETE /v2.0/subnets/67869e1e-6285-475c-9c76-0c3adfb6552c HTTP/1.1" status: 204 len: 168 time: 0.2107463
2026-05-08 00:36:44.219 9 WARNING neutron.scheduler.dhcp_agent_scheduler [None req-bf93b77d-59d3-48bb-aaf4-9e6250c1e87f b36f1da95de54ea2b06d89fc2809d1ee f367c506e10e4849822a7b900de42ae0 - - default default] No more DHCP agents
2026-05-08 00:36:44.221 9 WARNING neutron.api.rpc.agentnotifiers.dhcp_rpc_agent_api [None req-bf93b77d-59d3-48bb-aaf4-9e6250c1e87f b36f1da95de54ea2b06d89fc2809d1ee f367c506e10e4849822a7b900de42ae0 - - default default] Unable to schedule network 2e6d707f-c920-43ea-ac75-596674b6d5cc: no agents available; will retry on subsequent port and subnet creation events.
2026-05-08 00:36:44.294 9 INFO neutron.db.ovn_revision_numbers_db [None req-bf93b77d-59d3-48bb-aaf4-9e6250c1e87f b36f1da95de54ea2b06d89fc2809d1ee f367c506e10e4849822a7b900de42ae0 - - default default] Successfully bumped revision number for resource 25bf0704-9790-4b6b-9b12-2587049f750b (type: ports) to 1
2026-05-08 00:36:44.313 9 INFO neutron.wsgi [None req-bf93b77d-59d3-48bb-aaf4-9e6250c1e87f b36f1da95de54ea2b06d89fc2809d1ee f367c506e10e4849822a7b900de42ae0 - - default default] 10.0.0.164 "POST /v2.0/ports HTTP/1.1" status: 201 len: 973 time: 0.3637965 /var/lib/openstack/lib/python3.10/site-packages/pycadf/identifier.py:71: UserWarning: Invalid uuid: neutron. To ensure interoperability, identifiers should be a valid uuid. warnings.warn(('Invalid uuid: %s. To ensure interoperability, '
2026-05-08 00:36:44.321 9 WARNING neutron_lib.context [None req-204754e4-b726-446e-80a2-90b8e9d37012 b36f1da95de54ea2b06d89fc2809d1ee f367c506e10e4849822a7b900de42ae0 - - default default] Method 'is_advsvc' is deprecated since 2023.2 release (neutron-lib 3.8.0) and will be removed once support for the old RBAC API policies will be removed from Neutron. Please use method 'is_service_role' instead.
2026-05-08 00:36:44.405 9 INFO neutron.db.segments_db [None req-204754e4-b726-446e-80a2-90b8e9d37012 b36f1da95de54ea2b06d89fc2809d1ee f367c506e10e4849822a7b900de42ae0 - - default default] Added segment 7cb1d568-3657-4fce-ba9c-c06fcde1d685 of type geneve for network 7d8f035c-a055-4377-afbd-744b2185513d
2026-05-08 00:36:44.515 10 INFO neutron.db.ovn_revision_numbers_db [None req-c7545246-52f8-48ce-88ba-e373be175e4e - - - - - -] Successfully bumped revision number for resource 63fb2599-5715-48da-ac8e-be6bb31b97de (type: router_ports) to 3
