Aug 25 00:33:52.967307 np0000191043 systemd[1]: Starting devstack@n-api.service - Devstack devstack@n-api.service...
Aug 25 00:33:52.974057 np0000191043 devstack@n-api.service[98577]: [uWSGI] getting INI configuration from /etc/nova/nova-api-uwsgi.ini
Aug 25 00:33:52.977349 np0000191043 devstack@n-api.service[98577]: *** Starting uWSGI 2.0.24-debian (64bit) on [Tue Aug 25 00:33:52 2026] ***
Aug 25 00:33:52.977349 np0000191043 devstack@n-api.service[98577]: compiled with version: 13.2.0 on 17 April 2024 16:23:48
Aug 25 00:33:52.977349 np0000191043 devstack@n-api.service[98577]: os: Linux-6.8.0-138-generic #138-Ubuntu SMP PREEMPT_DYNAMIC Fri Jul 31 22:41:49 UTC 2026
Aug 25 00:33:52.977349 np0000191043 devstack@n-api.service[98577]: nodename: np0000191043
Aug 25 00:33:52.977349 np0000191043 devstack@n-api.service[98577]: machine: x86_64
Aug 25 00:33:52.977349 np0000191043 devstack@n-api.service[98577]: clock source: unix
Aug 25 00:33:52.977349 np0000191043 devstack@n-api.service[98577]: pcre jit disabled
Aug 25 00:33:52.977349 np0000191043 devstack@n-api.service[98577]: detected number of CPU cores: 16
Aug 25 00:33:52.977349 np0000191043 devstack@n-api.service[98577]: current working directory: /
Aug 25 00:33:52.977349 np0000191043 devstack@n-api.service[98577]: detected binary path: /usr/bin/uwsgi-core
Aug 25 00:33:52.977349 np0000191043 devstack@n-api.service[98577]: your processes number limit is 256916
Aug 25 00:33:52.977349 np0000191043 devstack@n-api.service[98577]: your memory page size is 4096 bytes
Aug 25 00:33:52.977349 np0000191043 devstack@n-api.service[98577]: detected max file descriptor number: 2048
Aug 25 00:33:52.977349 np0000191043 devstack@n-api.service[98577]: lock engine: pthread robust mutexes
Aug 25 00:33:52.977749 np0000191043 devstack@n-api.service[98577]: thunder lock: enabled
Aug 25 00:33:52.977749 np0000191043 devstack@n-api.service[98577]: uwsgi socket 0 bound to UNIX address /var/run/uwsgi/nova-api.socket fd 4
Aug 25 00:33:52.977749 np0000191043 devstack@n-api.service[98577]: Python version: 3.12.3 (main, Jun 19 2026, 12:46:00) [GCC 13.3.0]
Aug 25 00:33:52.977749 np0000191043 devstack@n-api.service[98577]: PEP 405 virtualenv detected: /opt/stack/data/venv
Aug 25 00:33:52.977749 np0000191043 devstack@n-api.service[98577]: Set PythonHome to /opt/stack/data/venv
Aug 25 00:33:53.014309 np0000191043 devstack@n-api.service[98577]: Python main interpreter initialized at 0x7852c4ca4668
Aug 25 00:33:53.014309 np0000191043 devstack@n-api.service[98577]: python threads support enabled
Aug 25 00:33:53.014309 np0000191043 devstack@n-api.service[98577]: your server socket listen backlog is limited to 100 connections
Aug 25 00:33:53.014309 np0000191043 devstack@n-api.service[98577]: your mercy for graceful operations on workers is 80 seconds
Aug 25 00:33:53.014860 np0000191043 devstack@n-api.service[98577]: mapped 671795 bytes (656 KB) for 4 cores
Aug 25 00:33:53.014988 np0000191043 devstack@n-api.service[98577]: *** Operational MODE: preforking ***
Aug 25 00:33:53.015159 np0000191043 devstack@n-api.service[98577]: *** uWSGI is running in multiple interpreter mode ***
Aug 25 00:33:53.015159 np0000191043 devstack@n-api.service[98577]: spawned uWSGI master process (pid: 98577)
Aug 25 00:33:53.015438 np0000191043 systemd[1]: Started devstack@n-api.service - Devstack devstack@n-api.service.
Aug 25 00:33:53.015986 np0000191043 devstack@n-api.service[98577]: spawned uWSGI worker 1 (pid: 98578, cores: 1)
Aug 25 00:33:53.016449 np0000191043 devstack@n-api.service[98577]: spawned uWSGI worker 2 (pid: 98579, cores: 1)
Aug 25 00:33:53.016945 np0000191043 devstack@n-api.service[98577]: spawned uWSGI worker 3 (pid: 98580, cores: 1)
Aug 25 00:33:53.017392 np0000191043 devstack@n-api.service[98577]: spawned uWSGI worker 4 (pid: 98581, cores: 1)
Aug 25 00:33:53.017482 np0000191043 devstack@n-api.service[98577]: running "unix_signal:15 gracefully_kill_them_all" (master-start)...
Aug 25 00:33:54.723020 np0000191043 devstack@n-api.service[98579]: INFO dbcounter [None req-697e8e3f-5f2b-4cea-905c-c8a4920f1d97 None None] Registered counter for database nova_api
Aug 25 00:33:54.738922 np0000191043 devstack@n-api.service[98581]: INFO dbcounter [None req-5be5cecc-8b2c-4c46-aa27-55b8bd3c3581 None None] Registered counter for database nova_api
Aug 25 00:33:54.766504 np0000191043 devstack@n-api.service[98580]: INFO dbcounter [None req-c65cf574-cee7-4b11-b8f4-8dffc22fdc83 None None] Registered counter for database nova_api
Aug 25 00:33:54.771195 np0000191043 devstack@n-api.service[98579]: DEBUG oslo_db.sqlalchemy.engines [None req-697e8e3f-5f2b-4cea-905c-c8a4920f1d97 None None] MySQL server mode set to STRICT_TRANS_TABLES,STRICT_ALL_TABLES,NO_ZERO_IN_DATE,NO_ZERO_DATE,ERROR_FOR_DIVISION_BY_ZERO,TRADITIONAL,NO_ENGINE_SUBSTITUTION {{(pid=98579) _check_effective_sql_mode /opt/stack/data/venv/lib/python3.12/site-packages/oslo_db/sqlalchemy/engines.py:325}}
Aug 25 00:33:54.784358 np0000191043 devstack@n-api.service[98581]: DEBUG oslo_db.sqlalchemy.engines [None req-5be5cecc-8b2c-4c46-aa27-55b8bd3c3581 None None] MySQL server mode set to STRICT_TRANS_TABLES,STRICT_ALL_TABLES,NO_ZERO_IN_DATE,NO_ZERO_DATE,ERROR_FOR_DIVISION_BY_ZERO,TRADITIONAL,NO_ENGINE_SUBSTITUTION {{(pid=98581) _check_effective_sql_mode /opt/stack/data/venv/lib/python3.12/site-packages/oslo_db/sqlalchemy/engines.py:325}}
Aug 25 00:33:54.808473 np0000191043 devstack@n-api.service[98580]: DEBUG oslo_db.sqlalchemy.engines [None req-c65cf574-cee7-4b11-b8f4-8dffc22fdc83 None None] MySQL server mode set to STRICT_TRANS_TABLES,STRICT_ALL_TABLES,NO_ZERO_IN_DATE,NO_ZERO_DATE,ERROR_FOR_DIVISION_BY_ZERO,TRADITIONAL,NO_ENGINE_SUBSTITUTION {{(pid=98580) _check_effective_sql_mode /opt/stack/data/venv/lib/python3.12/site-packages/oslo_db/sqlalchemy/engines.py:325}}
Aug 25 00:33:54.814923 np0000191043 devstack@n-api.service[98578]: INFO dbcounter [None req-33a08201-2bf2-49df-8626-570a3ff1bea0 None None] Registered counter for database nova_api
Aug 25 00:33:54.817377 np0000191043 devstack@n-api.service[98581]: DEBUG dbcounter [-] [98581] Writer thread running {{(pid=98581) stat_writer /opt/stack/data/venv/lib/python3.12/site-packages/dbcounter.py:102}}
Aug 25 00:33:54.819751 np0000191043 devstack@n-api.service[98581]: DEBUG nova.context [None req-5be5cecc-8b2c-4c46-aa27-55b8bd3c3581 None None] Found 2 cells: 00000000-0000-0000-0000-000000000000(cell0),9ae28bf1-68cd-46ea-ba59-b8a98f59f362(cell1) {{(pid=98581) load_cells /opt/stack/nova/nova/context.py:509}}
Aug 25 00:33:54.821668 np0000191043 devstack@n-api.service[98581]: DEBUG oslo_concurrency.lockutils [None req-5be5cecc-8b2c-4c46-aa27-55b8bd3c3581 None None] Acquiring lock "00000000-0000-0000-0000-000000000000" by "nova.context.set_target_cell..get_or_set_cached_cell_and_set_connections" {{(pid=98581) inner /opt/stack/data/venv/lib/python3.12/site-packages/oslo_concurrency/lockutils.py:512}}
Aug 25 00:33:54.821912 np0000191043 devstack@n-api.service[98581]: DEBUG oslo_concurrency.lockutils [None req-5be5cecc-8b2c-4c46-aa27-55b8bd3c3581 None None] Lock "00000000-0000-0000-0000-000000000000" acquired by "nova.context.set_target_cell..get_or_set_cached_cell_and_set_connections" :: waited 0.000s {{(pid=98581) inner /opt/stack/data/venv/lib/python3.12/site-packages/oslo_concurrency/lockutils.py:525}}
Aug 25 00:33:54.822205 np0000191043 devstack@n-api.service[98581]: DEBUG oslo_concurrency.lockutils [None req-5be5cecc-8b2c-4c46-aa27-55b8bd3c3581 None None] Lock "00000000-0000-0000-0000-000000000000" "released" by "nova.context.set_target_cell..get_or_set_cached_cell_and_set_connections" :: held 0.000s {{(pid=98581) inner /opt/stack/data/venv/lib/python3.12/site-packages/oslo_concurrency/lockutils.py:544}}
Aug 25 00:33:54.822406 np0000191043 devstack@n-api.service[98581]: INFO nova.thread_pool_factory [None req-5be5cecc-8b2c-4c46-aa27-55b8bd3c3581 None None] The cell_worker thread pool MainProcess.cell_worker is initialized
Aug 25 00:33:54.823207 np0000191043 devstack@n-api.service[98581]: DEBUG oslo_concurrency.lockutils [None req-5be5cecc-8b2c-4c46-aa27-55b8bd3c3581 None None] Acquiring lock "9ae28bf1-68cd-46ea-ba59-b8a98f59f362" by "nova.context.set_target_cell..get_or_set_cached_cell_and_set_connections" {{(pid=98581) inner /opt/stack/data/venv/lib/python3.12/site-packages/oslo_concurrency/lockutils.py:512}}
Aug 25 00:33:54.823425 np0000191043 devstack@n-api.service[98581]: DEBUG oslo_concurrency.lockutils [None req-5be5cecc-8b2c-4c46-aa27-55b8bd3c3581 None None] Lock "9ae28bf1-68cd-46ea-ba59-b8a98f59f362" acquired by "nova.context.set_target_cell..get_or_set_cached_cell_and_set_connections" :: waited 0.000s {{(pid=98581) inner /opt/stack/data/venv/lib/python3.12/site-packages/oslo_concurrency/lockutils.py:525}}
Aug 25 00:33:54.824192 np0000191043 devstack@n-api.service[98581]: DEBUG oslo_concurrency.lockutils [None req-5be5cecc-8b2c-4c46-aa27-55b8bd3c3581 None None] Lock "9ae28bf1-68cd-46ea-ba59-b8a98f59f362" "released" by "nova.context.set_target_cell..get_or_set_cached_cell_and_set_connections" :: held 0.001s {{(pid=98581) inner /opt/stack/data/venv/lib/python3.12/site-packages/oslo_concurrency/lockutils.py:544}}
Aug 25 00:33:54.826759 np0000191043 devstack@n-api.service[98581]: INFO dbcounter [None req-5be5cecc-8b2c-4c46-aa27-55b8bd3c3581 None None] Registered counter for database nova_cell0
Aug 25 00:33:54.831384 np0000191043 devstack@n-api.service[98581]: INFO dbcounter [None req-5be5cecc-8b2c-4c46-aa27-55b8bd3c3581 None None] Registered counter for database nova_cell1
Aug 25 00:33:54.841415 np0000191043 devstack@n-api.service[98579]: DEBUG dbcounter [-] [98579] Writer thread running {{(pid=98579) stat_writer /opt/stack/data/venv/lib/python3.12/site-packages/dbcounter.py:102}}
Aug 25 00:33:54.841846 np0000191043 devstack@n-api.service[98580]: DEBUG dbcounter [-] [98580] Writer thread running {{(pid=98580) stat_writer /opt/stack/data/venv/lib/python3.12/site-packages/dbcounter.py:102}}
Aug 25 00:33:54.843885 np0000191043 devstack@n-api.service[98579]: DEBUG nova.context [None req-697e8e3f-5f2b-4cea-905c-c8a4920f1d97 None None] Found 2 cells: 00000000-0000-0000-0000-000000000000(cell0),9ae28bf1-68cd-46ea-ba59-b8a98f59f362(cell1) {{(pid=98579) load_cells /opt/stack/nova/nova/context.py:509}}
Aug 25 00:33:54.844253 np0000191043 devstack@n-api.service[98580]: DEBUG nova.context [None req-c65cf574-cee7-4b11-b8f4-8dffc22fdc83 None None] Found 2 cells: 00000000-0000-0000-0000-000000000000(cell0),9ae28bf1-68cd-46ea-ba59-b8a98f59f362(cell1) {{(pid=98580) load_cells /opt/stack/nova/nova/context.py:509}}
Aug 25 00:33:54.845627 np0000191043 devstack@n-api.service[98579]: DEBUG oslo_concurrency.lockutils [None req-697e8e3f-5f2b-4cea-905c-c8a4920f1d97 None None] Acquiring lock "00000000-0000-0000-0000-000000000000" by "nova.context.set_target_cell..get_or_set_cached_cell_and_set_connections" {{(pid=98579) inner /opt/stack/data/venv/lib/python3.12/site-packages/oslo_concurrency/lockutils.py:512}}
Aug 25 00:33:54.845834 np0000191043 devstack@n-api.service[98579]: DEBUG oslo_concurrency.lockutils [None req-697e8e3f-5f2b-4cea-905c-c8a4920f1d97 None None] Lock "00000000-0000-0000-0000-000000000000" acquired by "nova.context.set_target_cell..get_or_set_cached_cell_and_set_connections" :: waited 0.000s {{(pid=98579) inner /opt/stack/data/venv/lib/python3.12/site-packages/oslo_concurrency/lockutils.py:525}}
Aug 25 00:33:54.846131 np0000191043 devstack@n-api.service[98580]: DEBUG oslo_concurrency.lockutils [None req-c65cf574-cee7-4b11-b8f4-8dffc22fdc83 None None] Acquiring lock "00000000-0000-0000-0000-000000000000" by "nova.context.set_target_cell..get_or_set_cached_cell_and_set_connections" {{(pid=98580) inner /opt/stack/data/venv/lib/python3.12/site-packages/oslo_concurrency/lockutils.py:512}}
Aug 25 00:33:54.846179 np0000191043 devstack@n-api.service[98579]: DEBUG oslo_concurrency.lockutils [None req-697e8e3f-5f2b-4cea-905c-c8a4920f1d97 None None] Lock "00000000-0000-0000-0000-000000000000" "released" by "nova.context.set_target_cell..get_or_set_cached_cell_and_set_connections" :: held 0.000s {{(pid=98579) inner /opt/stack/data/venv/lib/python3.12/site-packages/oslo_concurrency/lockutils.py:544}}
Aug 25 00:33:54.846302 np0000191043 devstack@n-api.service[98580]: DEBUG oslo_concurrency.lockutils [None req-c65cf574-cee7-4b11-b8f4-8dffc22fdc83 None None] Lock "00000000-0000-0000-0000-000000000000" acquired by "nova.context.set_target_cell..get_or_set_cached_cell_and_set_connections" :: waited 0.000s {{(pid=98580) inner /opt/stack/data/venv/lib/python3.12/site-packages/oslo_concurrency/lockutils.py:525}}
Aug 25 00:33:54.846390 np0000191043 devstack@n-api.service[98579]: INFO nova.thread_pool_factory [None req-697e8e3f-5f2b-4cea-905c-c8a4920f1d97 None None] The cell_worker thread pool MainProcess.cell_worker is initialized
Aug 25 00:33:54.846678 np0000191043 devstack@n-api.service[98580]: DEBUG oslo_concurrency.lockutils [None req-c65cf574-cee7-4b11-b8f4-8dffc22fdc83 None None] Lock "00000000-0000-0000-0000-000000000000" "released" by "nova.context.set_target_cell..get_or_set_cached_cell_and_set_connections" :: held 0.000s {{(pid=98580) inner /opt/stack/data/venv/lib/python3.12/site-packages/oslo_concurrency/lockutils.py:544}}
Aug 25 00:33:54.846924 np0000191043 devstack@n-api.service[98580]: INFO nova.thread_pool_factory [None req-c65cf574-cee7-4b11-b8f4-8dffc22fdc83 None None] The cell_worker thread pool MainProcess.cell_worker is initialized
Aug 25 00:33:54.847275 np0000191043 devstack@n-api.service[98579]: DEBUG oslo_concurrency.lockutils [None req-697e8e3f-5f2b-4cea-905c-c8a4920f1d97 None None] Acquiring lock "9ae28bf1-68cd-46ea-ba59-b8a98f59f362" by "nova.context.set_target_cell..get_or_set_cached_cell_and_set_connections" {{(pid=98579) inner /opt/stack/data/venv/lib/python3.12/site-packages/oslo_concurrency/lockutils.py:512}}
Aug 25 00:33:54.847414 np0000191043 devstack@n-api.service[98579]: DEBUG oslo_concurrency.lockutils [None req-697e8e3f-5f2b-4cea-905c-c8a4920f1d97 None None] Lock "9ae28bf1-68cd-46ea-ba59-b8a98f59f362" acquired by "nova.context.set_target_cell..get_or_set_cached_cell_and_set_connections" :: waited 0.000s {{(pid=98579) inner /opt/stack/data/venv/lib/python3.12/site-packages/oslo_concurrency/lockutils.py:525}}
Aug 25 00:33:54.847552 np0000191043 devstack@n-api.service[98580]: DEBUG oslo_concurrency.lockutils [None req-c65cf574-cee7-4b11-b8f4-8dffc22fdc83 None None] Acquiring lock "9ae28bf1-68cd-46ea-ba59-b8a98f59f362" by "nova.context.set_target_cell..get_or_set_cached_cell_and_set_connections" {{(pid=98580) inner /opt/stack/data/venv/lib/python3.12/site-packages/oslo_concurrency/lockutils.py:512}}
Aug 25 00:33:54.848289 np0000191043 devstack@n-api.service[98579]: DEBUG oslo_concurrency.lockutils [None req-697e8e3f-5f2b-4cea-905c-c8a4920f1d97 None None] Lock "9ae28bf1-68cd-46ea-ba59-b8a98f59f362" "released" by "nova.context.set_target_cell..get_or_set_cached_cell_and_set_connections" :: held 0.001s {{(pid=98579) inner /opt/stack/data/venv/lib/python3.12/site-packages/oslo_concurrency/lockutils.py:544}}
Aug 25 00:33:54.850399 np0000191043 devstack@n-api.service[98580]: INFO dbcounter [None req-c65cf574-cee7-4b11-b8f4-8dffc22fdc83 None None] Registered counter for database nova_cell0
Aug 25 00:33:54.851404 np0000191043 devstack@n-api.service[98579]: INFO dbcounter [None req-697e8e3f-5f2b-4cea-905c-c8a4920f1d97 None None] Registered counter for database nova_cell0
Aug 25 00:33:54.851893 np0000191043 devstack@n-api.service[98580]: DEBUG oslo_concurrency.lockutils [None req-c65cf574-cee7-4b11-b8f4-8dffc22fdc83 None None] Lock "9ae28bf1-68cd-46ea-ba59-b8a98f59f362" acquired by "nova.context.set_target_cell..get_or_set_cached_cell_and_set_connections" :: waited 0.003s {{(pid=98580) inner /opt/stack/data/venv/lib/python3.12/site-packages/oslo_concurrency/lockutils.py:525}}
Aug 25 00:33:54.853491 np0000191043 devstack@n-api.service[98580]: DEBUG oslo_concurrency.lockutils [None req-c65cf574-cee7-4b11-b8f4-8dffc22fdc83 None None] Lock "9ae28bf1-68cd-46ea-ba59-b8a98f59f362" "released" by "nova.context.set_target_cell..get_or_set_cached_cell_and_set_connections" :: held 0.003s {{(pid=98580) inner /opt/stack/data/venv/lib/python3.12/site-packages/oslo_concurrency/lockutils.py:544}}
Aug 25 00:33:54.857868 np0000191043 devstack@n-api.service[98579]: INFO dbcounter [None req-697e8e3f-5f2b-4cea-905c-c8a4920f1d97 None None] Registered counter for database nova_cell1
Aug 25 00:33:54.857954 np0000191043 devstack@n-api.service[98580]: INFO dbcounter [None req-c65cf574-cee7-4b11-b8f4-8dffc22fdc83 None None] Registered counter for database nova_cell1
Aug 25 00:33:54.860432 np0000191043 devstack@n-api.service[98578]: DEBUG oslo_db.sqlalchemy.engines [None req-33a08201-2bf2-49df-8626-570a3ff1bea0 None None] MySQL server mode set to STRICT_TRANS_TABLES,STRICT_ALL_TABLES,NO_ZERO_IN_DATE,NO_ZERO_DATE,ERROR_FOR_DIVISION_BY_ZERO,TRADITIONAL,NO_ENGINE_SUBSTITUTION {{(pid=98578) _check_effective_sql_mode /opt/stack/data/venv/lib/python3.12/site-packages/oslo_db/sqlalchemy/engines.py:325}}
Aug 25 00:33:54.892718 np0000191043 devstack@n-api.service[98581]: DEBUG oslo_db.sqlalchemy.engines [None req-5be5cecc-8b2c-4c46-aa27-55b8bd3c3581 None None] MySQL server mode set to STRICT_TRANS_TABLES,STRICT_ALL_TABLES,NO_ZERO_IN_DATE,NO_ZERO_DATE,ERROR_FOR_DIVISION_BY_ZERO,TRADITIONAL,NO_ENGINE_SUBSTITUTION {{(pid=98581) _check_effective_sql_mode /opt/stack/data/venv/lib/python3.12/site-packages/oslo_db/sqlalchemy/engines.py:325}}
Aug 25 00:33:54.896194 np0000191043 devstack@n-api.service[98578]: DEBUG dbcounter [-] [98578] Writer thread running {{(pid=98578) stat_writer /opt/stack/data/venv/lib/python3.12/site-packages/dbcounter.py:102}}
Aug 25 00:33:54.896333 np0000191043 devstack@n-api.service[98581]: DEBUG oslo_db.sqlalchemy.engines [None req-5be5cecc-8b2c-4c46-aa27-55b8bd3c3581 None None] MySQL server mode set to STRICT_TRANS_TABLES,STRICT_ALL_TABLES,NO_ZERO_IN_DATE,NO_ZERO_DATE,ERROR_FOR_DIVISION_BY_ZERO,TRADITIONAL,NO_ENGINE_SUBSTITUTION {{(pid=98581) _check_effective_sql_mode /opt/stack/data/venv/lib/python3.12/site-packages/oslo_db/sqlalchemy/engines.py:325}}
Aug 25 00:33:54.898407 np0000191043 devstack@n-api.service[98578]: DEBUG nova.context [None req-33a08201-2bf2-49df-8626-570a3ff1bea0 None None] Found 2 cells: 00000000-0000-0000-0000-000000000000(cell0),9ae28bf1-68cd-46ea-ba59-b8a98f59f362(cell1) {{(pid=98578) load_cells /opt/stack/nova/nova/context.py:509}}
Aug 25 00:33:54.900151 np0000191043 devstack@n-api.service[98578]: DEBUG oslo_concurrency.lockutils [None req-33a08201-2bf2-49df-8626-570a3ff1bea0 None None] Acquiring lock "00000000-0000-0000-0000-000000000000" by "nova.context.set_target_cell..get_or_set_cached_cell_and_set_connections" {{(pid=98578) inner /opt/stack/data/venv/lib/python3.12/site-packages/oslo_concurrency/lockutils.py:512}}
Aug 25 00:33:54.900320 np0000191043 devstack@n-api.service[98578]: DEBUG oslo_concurrency.lockutils [None req-33a08201-2bf2-49df-8626-570a3ff1bea0 None None] Lock "00000000-0000-0000-0000-000000000000" acquired by "nova.context.set_target_cell..get_or_set_cached_cell_and_set_connections" :: waited 0.000s {{(pid=98578) inner /opt/stack/data/venv/lib/python3.12/site-packages/oslo_concurrency/lockutils.py:525}}
Aug 25 00:33:54.900673 np0000191043 devstack@n-api.service[98578]: DEBUG oslo_concurrency.lockutils [None req-33a08201-2bf2-49df-8626-570a3ff1bea0 None None] Lock "00000000-0000-0000-0000-000000000000" "released" by "nova.context.set_target_cell..get_or_set_cached_cell_and_set_connections" :: held 0.000s {{(pid=98578) inner /opt/stack/data/venv/lib/python3.12/site-packages/oslo_concurrency/lockutils.py:544}}
Aug 25 00:33:54.900917 np0000191043 devstack@n-api.service[98578]: INFO nova.thread_pool_factory [None req-33a08201-2bf2-49df-8626-570a3ff1bea0 None None] The cell_worker thread pool MainProcess.cell_worker is initialized
Aug 25 00:33:54.901660 np0000191043 devstack@n-api.service[98578]: DEBUG oslo_concurrency.lockutils [None req-33a08201-2bf2-49df-8626-570a3ff1bea0 None None] Acquiring lock "9ae28bf1-68cd-46ea-ba59-b8a98f59f362" by "nova.context.set_target_cell..get_or_set_cached_cell_and_set_connections" {{(pid=98578) inner /opt/stack/data/venv/lib/python3.12/site-packages/oslo_concurrency/lockutils.py:512}}
Aug 25 00:33:54.901807 np0000191043 devstack@n-api.service[98578]: DEBUG oslo_concurrency.lockutils [None req-33a08201-2bf2-49df-8626-570a3ff1bea0 None None] Lock "9ae28bf1-68cd-46ea-ba59-b8a98f59f362" acquired by "nova.context.set_target_cell..get_or_set_cached_cell_and_set_connections" :: waited 0.000s {{(pid=98578) inner /opt/stack/data/venv/lib/python3.12/site-packages/oslo_concurrency/lockutils.py:525}}
Aug 25 00:33:54.902657 np0000191043 devstack@n-api.service[98578]: DEBUG oslo_concurrency.lockutils [None req-33a08201-2bf2-49df-8626-570a3ff1bea0 None None] Lock "9ae28bf1-68cd-46ea-ba59-b8a98f59f362" "released" by "nova.context.set_target_cell..get_or_set_cached_cell_and_set_connections" :: held 0.001s {{(pid=98578) inner /opt/stack/data/venv/lib/python3.12/site-packages/oslo_concurrency/lockutils.py:544}}
Aug 25 00:33:54.903251 np0000191043 devstack@n-api.service[98579]: DEBUG oslo_db.sqlalchemy.engines [None req-697e8e3f-5f2b-4cea-905c-c8a4920f1d97 None None] MySQL server mode set to STRICT_TRANS_TABLES,STRICT_ALL_TABLES,NO_ZERO_IN_DATE,NO_ZERO_DATE,ERROR_FOR_DIVISION_BY_ZERO,TRADITIONAL,NO_ENGINE_SUBSTITUTION {{(pid=98579) _check_effective_sql_mode /opt/stack/data/venv/lib/python3.12/site-packages/oslo_db/sqlalchemy/engines.py:325}}
Aug 25 00:33:54.906170 np0000191043 devstack@n-api.service[98578]: INFO dbcounter [None req-33a08201-2bf2-49df-8626-570a3ff1bea0 None None] Registered counter for database nova_cell0
Aug 25 00:33:54.911125 np0000191043 devstack@n-api.service[98578]: INFO dbcounter [None req-33a08201-2bf2-49df-8626-570a3ff1bea0 None None] Registered counter for database nova_cell1
Aug 25 00:33:54.912832 np0000191043 devstack@n-api.service[98579]: DEBUG oslo_db.sqlalchemy.engines [None req-697e8e3f-5f2b-4cea-905c-c8a4920f1d97 None None] MySQL server mode set to STRICT_TRANS_TABLES,STRICT_ALL_TABLES,NO_ZERO_IN_DATE,NO_ZERO_DATE,ERROR_FOR_DIVISION_BY_ZERO,TRADITIONAL,NO_ENGINE_SUBSTITUTION {{(pid=98579) _check_effective_sql_mode /opt/stack/data/venv/lib/python3.12/site-packages/oslo_db/sqlalchemy/engines.py:325}}
Aug 25 00:33:54.914894 np0000191043 devstack@n-api.service[98580]: DEBUG oslo_db.sqlalchemy.engines [None req-c65cf574-cee7-4b11-b8f4-8dffc22fdc83 None None] MySQL server mode set to STRICT_TRANS_TABLES,STRICT_ALL_TABLES,NO_ZERO_IN_DATE,NO_ZERO_DATE,ERROR_FOR_DIVISION_BY_ZERO,TRADITIONAL,NO_ENGINE_SUBSTITUTION {{(pid=98580) _check_effective_sql_mode /opt/stack/data/venv/lib/python3.12/site-packages/oslo_db/sqlalchemy/engines.py:325}}
Aug 25 00:33:54.926161 np0000191043 devstack@n-api.service[98580]: DEBUG oslo_db.sqlalchemy.engines [None req-c65cf574-cee7-4b11-b8f4-8dffc22fdc83 None None] MySQL server mode set to STRICT_TRANS_TABLES,STRICT_ALL_TABLES,NO_ZERO_IN_DATE,NO_ZERO_DATE,ERROR_FOR_DIVISION_BY_ZERO,TRADITIONAL,NO_ENGINE_SUBSTITUTION {{(pid=98580) _check_effective_sql_mode /opt/stack/data/venv/lib/python3.12/site-packages/oslo_db/sqlalchemy/engines.py:325}}
Aug 25 00:33:54.974151 np0000191043 devstack@n-api.service[98578]: DEBUG oslo_db.sqlalchemy.engines [None req-33a08201-2bf2-49df-8626-570a3ff1bea0 None None] MySQL server mode set to STRICT_TRANS_TABLES,STRICT_ALL_TABLES,NO_ZERO_IN_DATE,NO_ZERO_DATE,ERROR_FOR_DIVISION_BY_ZERO,TRADITIONAL,NO_ENGINE_SUBSTITUTION {{(pid=98578) _check_effective_sql_mode /opt/stack/data/venv/lib/python3.12/site-packages/oslo_db/sqlalchemy/engines.py:325}}
Aug 25 00:33:54.979220 np0000191043 devstack@n-api.service[98578]: DEBUG oslo_db.sqlalchemy.engines [None req-33a08201-2bf2-49df-8626-570a3ff1bea0 None None] MySQL server mode set to STRICT_TRANS_TABLES,STRICT_ALL_TABLES,NO_ZERO_IN_DATE,NO_ZERO_DATE,ERROR_FOR_DIVISION_BY_ZERO,TRADITIONAL,NO_ENGINE_SUBSTITUTION {{(pid=98578) _check_effective_sql_mode /opt/stack/data/venv/lib/python3.12/site-packages/oslo_db/sqlalchemy/engines.py:325}}
Aug 25 00:33:54.993464 np0000191043 devstack@n-api.service[98581]: DEBUG dbcounter [-] [98581] Writer thread running {{(pid=98581) stat_writer /opt/stack/data/venv/lib/python3.12/site-packages/dbcounter.py:102}}
Aug 25 00:33:54.994261 np0000191043 devstack@n-api.service[98581]: DEBUG dbcounter [-] [98581] Writer thread running {{(pid=98581) stat_writer /opt/stack/data/venv/lib/python3.12/site-packages/dbcounter.py:102}}
Aug 25 00:33:54.994639 np0000191043 devstack@n-api.service[98579]: DEBUG dbcounter [-] [98579] Writer thread running {{(pid=98579) stat_writer /opt/stack/data/venv/lib/python3.12/site-packages/dbcounter.py:102}}
Aug 25 00:33:54.999457 np0000191043 devstack@n-api.service[98581]: INFO dbcounter [None req-5be5cecc-8b2c-4c46-aa27-55b8bd3c3581 None None] Registered counter for database nova_cell0
Aug 25 00:33:55.000146 np0000191043 devstack@n-api.service[98579]: DEBUG dbcounter [-] [98579] Writer thread running {{(pid=98579) stat_writer /opt/stack/data/venv/lib/python3.12/site-packages/dbcounter.py:102}}
Aug 25 00:33:55.004562 np0000191043 devstack@n-api.service[98579]: INFO dbcounter [None req-697e8e3f-5f2b-4cea-905c-c8a4920f1d97 None None] Registered counter for database nova_cell0
Aug 25 00:33:55.018504 np0000191043 devstack@n-api.service[98580]: DEBUG dbcounter [-] [98580] Writer thread running {{(pid=98580) stat_writer /opt/stack/data/venv/lib/python3.12/site-packages/dbcounter.py:102}}
Aug 25 00:33:55.021184 np0000191043 devstack@n-api.service[98580]: DEBUG dbcounter [-] [98580] Writer thread running {{(pid=98580) stat_writer /opt/stack/data/venv/lib/python3.12/site-packages/dbcounter.py:102}}
Aug 25 00:33:55.042879 np0000191043 devstack@n-api.service[98581]: DEBUG oslo_db.sqlalchemy.engines [None req-5be5cecc-8b2c-4c46-aa27-55b8bd3c3581 None None] MySQL server mode set to STRICT_TRANS_TABLES,STRICT_ALL_TABLES,NO_ZERO_IN_DATE,NO_ZERO_DATE,ERROR_FOR_DIVISION_BY_ZERO,TRADITIONAL,NO_ENGINE_SUBSTITUTION {{(pid=98581) _check_effective_sql_mode /opt/stack/data/venv/lib/python3.12/site-packages/oslo_db/sqlalchemy/engines.py:325}}
Aug 25 00:33:55.050489 np0000191043 devstack@n-api.service[98579]: DEBUG oslo_db.sqlalchemy.engines [None req-697e8e3f-5f2b-4cea-905c-c8a4920f1d97 None None] MySQL server mode set to STRICT_TRANS_TABLES,STRICT_ALL_TABLES,NO_ZERO_IN_DATE,NO_ZERO_DATE,ERROR_FOR_DIVISION_BY_ZERO,TRADITIONAL,NO_ENGINE_SUBSTITUTION {{(pid=98579) _check_effective_sql_mode /opt/stack/data/venv/lib/python3.12/site-packages/oslo_db/sqlalchemy/engines.py:325}}
Aug 25 00:33:55.051734 np0000191043 devstack@n-api.service[98581]: DEBUG dbcounter [-] [98581] Writer thread running {{(pid=98581) stat_writer /opt/stack/data/venv/lib/python3.12/site-packages/dbcounter.py:102}}
Aug 25 00:33:55.058961 np0000191043 devstack@n-api.service[98579]: DEBUG dbcounter [-] [98579] Writer thread running {{(pid=98579) stat_writer /opt/stack/data/venv/lib/python3.12/site-packages/dbcounter.py:102}}
Aug 25 00:33:55.078303 np0000191043 devstack@n-api.service[98580]: INFO dbcounter [None req-c65cf574-cee7-4b11-b8f4-8dffc22fdc83 None None] Registered counter for database nova_cell0
Aug 25 00:33:55.099861 np0000191043 devstack@n-api.service[98578]: DEBUG dbcounter [-] [98578] Writer thread running {{(pid=98578) stat_writer /opt/stack/data/venv/lib/python3.12/site-packages/dbcounter.py:102}}
Aug 25 00:33:55.101089 np0000191043 devstack@n-api.service[98578]: DEBUG dbcounter [-] [98578] Writer thread running {{(pid=98578) stat_writer /opt/stack/data/venv/lib/python3.12/site-packages/dbcounter.py:102}}
Aug 25 00:33:55.105942 np0000191043 devstack@n-api.service[98578]: INFO dbcounter [None req-33a08201-2bf2-49df-8626-570a3ff1bea0 None None] Registered counter for database nova_cell0
Aug 25 00:33:55.122300 np0000191043 devstack@n-api.service[98580]: DEBUG oslo_db.sqlalchemy.engines [None req-c65cf574-cee7-4b11-b8f4-8dffc22fdc83 None None] MySQL server mode set to STRICT_TRANS_TABLES,STRICT_ALL_TABLES,NO_ZERO_IN_DATE,NO_ZERO_DATE,ERROR_FOR_DIVISION_BY_ZERO,TRADITIONAL,NO_ENGINE_SUBSTITUTION {{(pid=98580) _check_effective_sql_mode /opt/stack/data/venv/lib/python3.12/site-packages/oslo_db/sqlalchemy/engines.py:325}}
Aug 25 00:33:55.130977 np0000191043 devstack@n-api.service[98580]: DEBUG dbcounter [-] [98580] Writer thread running {{(pid=98580) stat_writer /opt/stack/data/venv/lib/python3.12/site-packages/dbcounter.py:102}}
Aug 25 00:33:55.161196 np0000191043 devstack@n-api.service[98578]: DEBUG oslo_db.sqlalchemy.engines [None req-33a08201-2bf2-49df-8626-570a3ff1bea0 None None] MySQL server mode set to STRICT_TRANS_TABLES,STRICT_ALL_TABLES,NO_ZERO_IN_DATE,NO_ZERO_DATE,ERROR_FOR_DIVISION_BY_ZERO,TRADITIONAL,NO_ENGINE_SUBSTITUTION {{(pid=98578) _check_effective_sql_mode /opt/stack/data/venv/lib/python3.12/site-packages/oslo_db/sqlalchemy/engines.py:325}}
Aug 25 00:33:55.170142 np0000191043 devstack@n-api.service[98578]: DEBUG dbcounter [-] [98578] Writer thread running {{(pid=98578) stat_writer /opt/stack/data/venv/lib/python3.12/site-packages/dbcounter.py:102}}
Aug 25 00:33:55.457322 np0000191043 devstack@n-api.service[98579]: DEBUG oslo_concurrency.processutils [None req-697e8e3f-5f2b-4cea-905c-c8a4920f1d97 None None] Running cmd (subprocess): grep -F node.session.scan /sbin/iscsiadm {{(pid=98579) execute /opt/stack/data/venv/lib/python3.12/site-packages/oslo_concurrency/processutils.py:440}}
Aug 25 00:33:55.474678 np0000191043 devstack@n-api.service[98580]: DEBUG oslo_concurrency.processutils [None req-c65cf574-cee7-4b11-b8f4-8dffc22fdc83 None None] Running cmd (subprocess): grep -F node.session.scan /sbin/iscsiadm {{(pid=98580) execute /opt/stack/data/venv/lib/python3.12/site-packages/oslo_concurrency/processutils.py:440}}
Aug 25 00:33:55.477960 np0000191043 devstack@n-api.service[98579]: DEBUG oslo_concurrency.processutils [None req-697e8e3f-5f2b-4cea-905c-c8a4920f1d97 None None] CMD "grep -F node.session.scan /sbin/iscsiadm" returned: 0 in 0.021s {{(pid=98579) execute /opt/stack/data/venv/lib/python3.12/site-packages/oslo_concurrency/processutils.py:468}}
Aug 25 00:33:55.479338 np0000191043 devstack@n-api.service[98581]: DEBUG oslo_concurrency.processutils [None req-5be5cecc-8b2c-4c46-aa27-55b8bd3c3581 None None] Running cmd (subprocess): grep -F node.session.scan /sbin/iscsiadm {{(pid=98581) execute /opt/stack/data/venv/lib/python3.12/site-packages/oslo_concurrency/processutils.py:440}}
Aug 25 00:33:55.492737 np0000191043 devstack@n-api.service[98580]: DEBUG oslo_concurrency.processutils [None req-c65cf574-cee7-4b11-b8f4-8dffc22fdc83 None None] CMD "grep -F node.session.scan /sbin/iscsiadm" returned: 0 in 0.018s {{(pid=98580) execute /opt/stack/data/venv/lib/python3.12/site-packages/oslo_concurrency/processutils.py:468}}
Aug 25 00:33:55.498882 np0000191043 devstack@n-api.service[98581]: DEBUG oslo_concurrency.processutils [None req-5be5cecc-8b2c-4c46-aa27-55b8bd3c3581 None None] CMD "grep -F node.session.scan /sbin/iscsiadm" returned: 0 in 0.020s {{(pid=98581) execute /opt/stack/data/venv/lib/python3.12/site-packages/oslo_concurrency/processutils.py:468}}
Aug 25 00:33:55.533628 np0000191043 devstack@n-api.service[98578]: DEBUG oslo_concurrency.processutils [None req-33a08201-2bf2-49df-8626-570a3ff1bea0 None None] Running cmd (subprocess): grep -F node.session.scan /sbin/iscsiadm {{(pid=98578) execute /opt/stack/data/venv/lib/python3.12/site-packages/oslo_concurrency/processutils.py:440}}
Aug 25 00:33:55.555172 np0000191043 devstack@n-api.service[98578]: DEBUG oslo_concurrency.processutils [None req-33a08201-2bf2-49df-8626-570a3ff1bea0 None None] CMD "grep -F node.session.scan /sbin/iscsiadm" returned: 0 in 0.021s {{(pid=98578) execute /opt/stack/data/venv/lib/python3.12/site-packages/oslo_concurrency/processutils.py:468}}
Aug 25 00:33:56.067548 np0000191043 devstack@n-api.service[98578]: DEBUG nova.api.openstack.wsgi_app [None req-33a08201-2bf2-49df-8626-570a3ff1bea0 None None] ******************************************************************************** {{(pid=98578) log_opt_values /opt/stack/data/venv/lib/python3.12/site-packages/oslo_config/cfg.py:3533}}
Aug 25 00:33:56.067548 np0000191043 devstack@n-api.service[98578]: DEBUG nova.api.openstack.wsgi_app [None req-33a08201-2bf2-49df-8626-570a3ff1bea0 None None] Configuration options gathered from: {{(pid=98578) log_opt_values /opt/stack/data/venv/lib/python3.12/site-packages/oslo_config/cfg.py:3534}}
Aug 25 00:33:56.067548 np0000191043 devstack@n-api.service[98578]: DEBUG nova.api.openstack.wsgi_app [None req-33a08201-2bf2-49df-8626-570a3ff1bea0 None None] command line args: [] {{(pid=98578) log_opt_values /opt/stack/data/venv/lib/python3.12/site-packages/oslo_config/cfg.py:3535}}
Aug 25 00:33:56.067548 np0000191043 devstack@n-api.service[98578]: DEBUG nova.api.openstack.wsgi_app [None req-33a08201-2bf2-49df-8626-570a3ff1bea0 None None] config files: ['/etc/nova/api-paste.ini', '/etc/nova/nova.conf'] {{(pid=98578) log_opt_values /opt/stack/data/venv/lib/python3.12/site-packages/oslo_config/cfg.py:3536}}
Aug 25 00:33:56.067548 np0000191043 devstack@n-api.service[98578]: DEBUG nova.api.openstack.wsgi_app [None req-33a08201-2bf2-49df-8626-570a3ff1bea0 None None] ================================================================================ {{(pid=98578) log_opt_values /opt/stack/data/venv/lib/python3.12/site-packages/oslo_config/cfg.py:3541}}
Aug 25 00:33:56.067548 np0000191043 devstack@n-api.service[98578]: DEBUG nova.api.openstack.wsgi_app [None req-33a08201-2bf2-49df-8626-570a3ff1bea0 None None] allow_resize_to_same_host = True {{(pid=98578) log_opt_values /opt/stack/data/venv/lib/python3.12/site-packages/oslo_config/cfg.py:3549}}
Aug 25 00:33:56.067548 np0000191043 devstack@n-api.service[98578]: DEBUG nova.api.openstack.wsgi_app [None req-33a08201-2bf2-49df-8626-570a3ff1bea0 None None] arq_binding_timeout = 300 {{(pid=98578) log_opt_values /opt/stack/data/venv/lib/python3.12/site-packages/oslo_config/cfg.py:3549}}
Aug 25 00:33:56.068402 np0000191043 devstack@n-api.service[98578]: DEBUG nova.api.openstack.wsgi_app [None req-33a08201-2bf2-49df-8626-570a3ff1bea0 None None] block_device_allocate_retries = 60 {{(pid=98578) log_opt_values /opt/stack/data/venv/lib/python3.12/site-packages/oslo_config/cfg.py:3549}}
Aug 25 00:33:56.068402 np0000191043 devstack@n-api.service[98578]: DEBUG nova.api.openstack.wsgi_app [None req-33a08201-2bf2-49df-8626-570a3ff1bea0 None None] block_device_allocate_retries_interval = 3 {{(pid=98578) log_opt_values /opt/stack/data/venv/lib/python3.12/site-packages/oslo_config/cfg.py:3549}}
Aug 25 00:33:56.068402 np0000191043 devstack@n-api.service[98578]: DEBUG nova.api.openstack.wsgi_app [None req-33a08201-2bf2-49df-8626-570a3ff1bea0 None None] cell_worker_thread_pool_size = 5 {{(pid=98578) log_opt_values /opt/stack/data/venv/lib/python3.12/site-packages/oslo_config/cfg.py:3549}}
Aug 25 00:33:56.068402 np0000191043 devstack@n-api.service[98578]: DEBUG nova.api.openstack.wsgi_app [None req-33a08201-2bf2-49df-8626-570a3ff1bea0 None None] cert = self.pem {{(pid=98578) log_opt_values /opt/stack/data/venv/lib/python3.12/site-packages/oslo_config/cfg.py:3549}}
Aug 25 00:33:56.068402 np0000191043 devstack@n-api.service[98578]: DEBUG nova.api.openstack.wsgi_app [None req-33a08201-2bf2-49df-8626-570a3ff1bea0 None None] compute_driver = libvirt.LibvirtDriver {{(pid=98578) log_opt_values /opt/stack/data/venv/lib/python3.12/site-packages/oslo_config/cfg.py:3549}}
Aug 25 00:33:56.068402 np0000191043 devstack@n-api.service[98578]: DEBUG nova.api.openstack.wsgi_app [None req-33a08201-2bf2-49df-8626-570a3ff1bea0 None None] compute_monitors = [] {{(pid=98578) log_opt_values /opt/stack/data/venv/lib/python3.12/site-packages/oslo_config/cfg.py:3549}}
Aug 25 00:33:56.068402 np0000191043 devstack@n-api.service[98578]: DEBUG nova.api.openstack.wsgi_app [None req-33a08201-2bf2-49df-8626-570a3ff1bea0 None None] concurrency_backend = auto {{(pid=98578) log_opt_values /opt/stack/data/venv/lib/python3.12/site-packages/oslo_config/cfg.py:3549}}
Aug 25 00:33:56.068586 np0000191043 devstack@n-api.service[98578]: DEBUG nova.api.openstack.wsgi_app [None req-33a08201-2bf2-49df-8626-570a3ff1bea0 None None] config_dir = [] {{(pid=98578) log_opt_values /opt/stack/data/venv/lib/python3.12/site-packages/oslo_config/cfg.py:3549}}
Aug 25 00:33:56.068586 np0000191043 devstack@n-api.service[98578]: DEBUG nova.api.openstack.wsgi_app [None req-33a08201-2bf2-49df-8626-570a3ff1bea0 None None] config_drive_format = iso9660 {{(pid=98578) log_opt_values /opt/stack/data/venv/lib/python3.12/site-packages/oslo_config/cfg.py:3549}}
Aug 25 00:33:56.068586 np0000191043 devstack@n-api.service[98578]: DEBUG nova.api.openstack.wsgi_app [None req-33a08201-2bf2-49df-8626-570a3ff1bea0 None None] config_file = ['/etc/nova/api-paste.ini', '/etc/nova/nova.conf'] {{(pid=98578) log_opt_values /opt/stack/data/venv/lib/python3.12/site-packages/oslo_config/cfg.py:3549}}
Aug 25 00:33:56.068586 np0000191043 devstack@n-api.service[98578]: DEBUG nova.api.openstack.wsgi_app [None req-33a08201-2bf2-49df-8626-570a3ff1bea0 None None] config_source = [] {{(pid=98578) log_opt_values /opt/stack/data/venv/lib/python3.12/site-packages/oslo_config/cfg.py:3549}}
Aug 25 00:33:56.068586 np0000191043 devstack@n-api.service[98578]: DEBUG nova.api.openstack.wsgi_app [None req-33a08201-2bf2-49df-8626-570a3ff1bea0 None None] console_host = np0000191043 {{(pid=98578) log_opt_values /opt/stack/data/venv/lib/python3.12/site-packages/oslo_config/cfg.py:3549}}
Aug 25 00:33:56.068586 np0000191043 devstack@n-api.service[98578]: DEBUG nova.api.openstack.wsgi_app [None req-33a08201-2bf2-49df-8626-570a3ff1bea0 None None] control_exchange = nova {{(pid=98578) log_opt_values /opt/stack/data/venv/lib/python3.12/site-packages/oslo_config/cfg.py:3549}}
Aug 25 00:33:56.068586 np0000191043 devstack@n-api.service[98578]: DEBUG nova.api.openstack.wsgi_app [None req-33a08201-2bf2-49df-8626-570a3ff1bea0 None None] cpu_allocation_ratio = None {{(pid=98578) log_opt_values /opt/stack/data/venv/lib/python3.12/site-packages/oslo_config/cfg.py:3549}}
Aug 25 00:33:56.068783 np0000191043 devstack@n-api.service[98578]: DEBUG nova.api.openstack.wsgi_app [None req-33a08201-2bf2-49df-8626-570a3ff1bea0 None None] daemon = False {{(pid=98578) log_opt_values /opt/stack/data/venv/lib/python3.12/site-packages/oslo_config/cfg.py:3549}}
Aug 25 00:33:56.068783 np0000191043 devstack@n-api.service[98578]: DEBUG nova.api.openstack.wsgi_app [None req-33a08201-2bf2-49df-8626-570a3ff1bea0 None None] debug = True {{(pid=98578) log_opt_values /opt/stack/data/venv/lib/python3.12/site-packages/oslo_config/cfg.py:3549}}
Aug 25 00:33:56.069216 np0000191043 devstack@n-api.service[98578]: DEBUG nova.api.openstack.wsgi_app [None req-33a08201-2bf2-49df-8626-570a3ff1bea0 None None] default_access_ip_network_name = None {{(pid=98578) log_opt_values /opt/stack/data/venv/lib/python3.12/site-packages/oslo_config/cfg.py:3549}}
Aug 25 00:33:56.069216 np0000191043 devstack@n-api.service[98578]: DEBUG nova.api.openstack.wsgi_app [None req-33a08201-2bf2-49df-8626-570a3ff1bea0 None None] default_availability_zone = nova {{(pid=98578) log_opt_values /opt/stack/data/venv/lib/python3.12/site-packages/oslo_config/cfg.py:3549}}
Aug 25 00:33:56.069216 np0000191043 devstack@n-api.service[98578]: DEBUG nova.api.openstack.wsgi_app [None req-33a08201-2bf2-49df-8626-570a3ff1bea0 None None] default_ephemeral_format = ext4 {{(pid=98578) log_opt_values /opt/stack/data/venv/lib/python3.12/site-packages/oslo_config/cfg.py:3549}}
Aug 25 00:33:56.069437 np0000191043 devstack@n-api.service[98578]: DEBUG nova.api.openstack.wsgi_app [None req-33a08201-2bf2-49df-8626-570a3ff1bea0 None None] default_green_pool_size = 1000 {{(pid=98578) log_opt_values /opt/stack/data/venv/lib/python3.12/site-packages/oslo_config/cfg.py:3549}}
Aug 25 00:33:56.069587 np0000191043 devstack@n-api.service[98578]: DEBUG nova.api.openstack.wsgi_app [None req-33a08201-2bf2-49df-8626-570a3ff1bea0 None None] default_log_levels = ['amqp=WARN', 'boto=WARN', 'sqlalchemy=WARN', 'suds=INFO', 'oslo.messaging=INFO', 'oslo_messaging=INFO', 'iso8601=WARN', 'requests.packages.urllib3.connectionpool=WARN', 'urllib3.connectionpool=WARN', 'websocket=WARN', 'requests.packages.urllib3.util.retry=WARN', 'urllib3.util.retry=WARN', 'keystonemiddleware=WARN', 'routes.middleware=WARN', 'stevedore=WARN', 'taskflow=WARN', 'keystoneauth=WARN', 'oslo.cache=INFO', 'oslo_policy=INFO', 'dogpile.core.dogpile=INFO', 'glanceclient=WARN', 'oslo.privsep.daemon=INFO'] {{(pid=98578) log_opt_values /opt/stack/data/venv/lib/python3.12/site-packages/oslo_config/cfg.py:3549}}
Aug 25 00:33:56.069752 np0000191043 devstack@n-api.service[98578]: DEBUG nova.api.openstack.wsgi_app [None req-33a08201-2bf2-49df-8626-570a3ff1bea0 None None] default_schedule_zone = None {{(pid=98578) log_opt_values /opt/stack/data/venv/lib/python3.12/site-packages/oslo_config/cfg.py:3549}}
Aug 25 00:33:56.069844 np0000191043 devstack@n-api.service[98578]: DEBUG nova.api.openstack.wsgi_app [None req-33a08201-2bf2-49df-8626-570a3ff1bea0 None None] default_thread_pool_size = 10 {{(pid=98578) log_opt_values /opt/stack/data/venv/lib/python3.12/site-packages/oslo_config/cfg.py:3549}}
Aug 25 00:33:56.069989 np0000191043 devstack@n-api.service[98578]: DEBUG nova.api.openstack.wsgi_app [None req-33a08201-2bf2-49df-8626-570a3ff1bea0 None None] disk_allocation_ratio = None {{(pid=98578) log_opt_values /opt/stack/data/venv/lib/python3.12/site-packages/oslo_config/cfg.py:3549}}
Aug 25 00:33:56.070113 np0000191043 devstack@n-api.service[98578]: DEBUG nova.api.openstack.wsgi_app [None req-33a08201-2bf2-49df-8626-570a3ff1bea0 None None] enable_new_services = True {{(pid=98578) log_opt_values /opt/stack/data/venv/lib/python3.12/site-packages/oslo_config/cfg.py:3549}}
Aug 25 00:33:56.070242 np0000191043 devstack@n-api.service[98578]: DEBUG nova.api.openstack.wsgi_app [None req-33a08201-2bf2-49df-8626-570a3ff1bea0 None None] flat_injected = False {{(pid=98578) log_opt_values /opt/stack/data/venv/lib/python3.12/site-packages/oslo_config/cfg.py:3549}}
Aug 25 00:33:56.070370 np0000191043 devstack@n-api.service[98578]: DEBUG nova.api.openstack.wsgi_app [None req-33a08201-2bf2-49df-8626-570a3ff1bea0 None None] force_config_drive = False {{(pid=98578) log_opt_values /opt/stack/data/venv/lib/python3.12/site-packages/oslo_config/cfg.py:3549}}
Aug 25 00:33:56.070498 np0000191043 devstack@n-api.service[98578]: DEBUG nova.api.openstack.wsgi_app [None req-33a08201-2bf2-49df-8626-570a3ff1bea0 None None] force_raw_images = True {{(pid=98578) log_opt_values /opt/stack/data/venv/lib/python3.12/site-packages/oslo_config/cfg.py:3549}}
Aug 25 00:33:56.070638 np0000191043 devstack@n-api.service[98578]: DEBUG nova.api.openstack.wsgi_app [None req-33a08201-2bf2-49df-8626-570a3ff1bea0 None None] graceful_shutdown_timeout = 5 {{(pid=98578) log_opt_values /opt/stack/data/venv/lib/python3.12/site-packages/oslo_config/cfg.py:3549}}
Aug 25 00:33:56.070767 np0000191043 devstack@n-api.service[98578]: DEBUG nova.api.openstack.wsgi_app [None req-33a08201-2bf2-49df-8626-570a3ff1bea0 None None] heal_instance_info_cache_interval = -1 {{(pid=98578) log_opt_values /opt/stack/data/venv/lib/python3.12/site-packages/oslo_config/cfg.py:3549}}
Aug 25 00:33:56.070953 np0000191043 devstack@n-api.service[98578]: DEBUG nova.api.openstack.wsgi_app [None req-33a08201-2bf2-49df-8626-570a3ff1bea0 None None] host = np0000191043 {{(pid=98578) log_opt_values /opt/stack/data/venv/lib/python3.12/site-packages/oslo_config/cfg.py:3549}}
Aug 25 00:33:56.071087 np0000191043 devstack@n-api.service[98578]: DEBUG nova.api.openstack.wsgi_app [None req-33a08201-2bf2-49df-8626-570a3ff1bea0 None None] initial_cpu_allocation_ratio = 4.0 {{(pid=98578) log_opt_values /opt/stack/data/venv/lib/python3.12/site-packages/oslo_config/cfg.py:3549}}
Aug 25 00:33:56.071218 np0000191043 devstack@n-api.service[98578]: DEBUG nova.api.openstack.wsgi_app [None req-33a08201-2bf2-49df-8626-570a3ff1bea0 None None] initial_disk_allocation_ratio = 1.0 {{(pid=98578) log_opt_values /opt/stack/data/venv/lib/python3.12/site-packages/oslo_config/cfg.py:3549}}
Aug 25 00:33:56.071348 np0000191043 devstack@n-api.service[98578]: DEBUG nova.api.openstack.wsgi_app [None req-33a08201-2bf2-49df-8626-570a3ff1bea0 None None] initial_ram_allocation_ratio = 1.0 {{(pid=98578) log_opt_values /opt/stack/data/venv/lib/python3.12/site-packages/oslo_config/cfg.py:3549}}
Aug 25 00:33:56.071555 np0000191043 devstack@n-api.service[98578]: DEBUG nova.api.openstack.wsgi_app [None req-33a08201-2bf2-49df-8626-570a3ff1bea0 None None] injected_network_template = /opt/stack/nova/nova/virt/interfaces.template {{(pid=98578) log_opt_values /opt/stack/data/venv/lib/python3.12/site-packages/oslo_config/cfg.py:3549}}
Aug 25 00:33:56.071686 np0000191043 devstack@n-api.service[98578]: DEBUG nova.api.openstack.wsgi_app [None req-33a08201-2bf2-49df-8626-570a3ff1bea0 None None] instance_build_timeout = 0 {{(pid=98578) log_opt_values /opt/stack/data/venv/lib/python3.12/site-packages/oslo_config/cfg.py:3549}}
Aug 25 00:33:56.071832 np0000191043 devstack@n-api.service[98578]: DEBUG nova.api.openstack.wsgi_app [None req-33a08201-2bf2-49df-8626-570a3ff1bea0 None None] instance_delete_interval = 300 {{(pid=98578) log_opt_values /opt/stack/data/venv/lib/python3.12/site-packages/oslo_config/cfg.py:3549}}
Aug 25 00:33:56.071976 np0000191043 devstack@n-api.service[98578]: DEBUG nova.api.openstack.wsgi_app [None req-33a08201-2bf2-49df-8626-570a3ff1bea0 None None] instance_format = [instance: %(uuid)s] {{(pid=98578) log_opt_values /opt/stack/data/venv/lib/python3.12/site-packages/oslo_config/cfg.py:3549}}
Aug 25 00:33:56.072109 np0000191043 devstack@n-api.service[98578]: DEBUG nova.api.openstack.wsgi_app [None req-33a08201-2bf2-49df-8626-570a3ff1bea0 None None] instance_name_template = instance-%08x {{(pid=98578) log_opt_values /opt/stack/data/venv/lib/python3.12/site-packages/oslo_config/cfg.py:3549}}
Aug 25 00:33:56.072237 np0000191043 devstack@n-api.service[98578]: DEBUG nova.api.openstack.wsgi_app [None req-33a08201-2bf2-49df-8626-570a3ff1bea0 None None] instance_usage_audit = False {{(pid=98578) log_opt_values /opt/stack/data/venv/lib/python3.12/site-packages/oslo_config/cfg.py:3549}}
Aug 25 00:33:56.072375 np0000191043 devstack@n-api.service[98578]: DEBUG nova.api.openstack.wsgi_app [None req-33a08201-2bf2-49df-8626-570a3ff1bea0 None None] instance_usage_audit_period = month {{(pid=98578) log_opt_values /opt/stack/data/venv/lib/python3.12/site-packages/oslo_config/cfg.py:3549}}
Aug 25 00:33:56.072508 np0000191043 devstack@n-api.service[98578]: DEBUG nova.api.openstack.wsgi_app [None req-33a08201-2bf2-49df-8626-570a3ff1bea0 None None] instance_uuid_format = [instance: %(uuid)s] {{(pid=98578) log_opt_values /opt/stack/data/venv/lib/python3.12/site-packages/oslo_config/cfg.py:3549}}
Aug 25 00:33:56.072640 np0000191043 devstack@n-api.service[98578]: DEBUG nova.api.openstack.wsgi_app [None req-33a08201-2bf2-49df-8626-570a3ff1bea0 None None] instances_path = /opt/stack/data/nova/instances {{(pid=98578) log_opt_values /opt/stack/data/venv/lib/python3.12/site-packages/oslo_config/cfg.py:3549}}
Aug 25 00:33:56.072774 np0000191043 devstack@n-api.service[98578]: DEBUG nova.api.openstack.wsgi_app [None req-33a08201-2bf2-49df-8626-570a3ff1bea0 None None] internal_service_availability_zone = internal {{(pid=98578) log_opt_values /opt/stack/data/venv/lib/python3.12/site-packages/oslo_config/cfg.py:3549}}
Aug 25 00:33:56.072914 np0000191043 devstack@n-api.service[98578]: DEBUG nova.api.openstack.wsgi_app [None req-33a08201-2bf2-49df-8626-570a3ff1bea0 None None] key = None {{(pid=98578) log_opt_values /opt/stack/data/venv/lib/python3.12/site-packages/oslo_config/cfg.py:3549}}
Aug 25 00:33:56.073155 np0000191043 devstack@n-api.service[98578]: DEBUG nova.api.openstack.wsgi_app [None req-33a08201-2bf2-49df-8626-570a3ff1bea0 None None] live_migration_retry_count = 30 {{(pid=98578) log_opt_values /opt/stack/data/venv/lib/python3.12/site-packages/oslo_config/cfg.py:3549}}
Aug 25 00:33:56.073270 np0000191043 devstack@n-api.service[98578]: DEBUG nova.api.openstack.wsgi_app [None req-33a08201-2bf2-49df-8626-570a3ff1bea0 None None] log_color = False {{(pid=98578) log_opt_values /opt/stack/data/venv/lib/python3.12/site-packages/oslo_config/cfg.py:3549}}
Aug 25 00:33:56.073402 np0000191043 devstack@n-api.service[98578]: DEBUG nova.api.openstack.wsgi_app [None req-33a08201-2bf2-49df-8626-570a3ff1bea0 None None] log_config_append = None {{(pid=98578) log_opt_values /opt/stack/data/venv/lib/python3.12/site-packages/oslo_config/cfg.py:3549}}
Aug 25 00:33:56.073538 np0000191043 devstack@n-api.service[98578]: DEBUG nova.api.openstack.wsgi_app [None req-33a08201-2bf2-49df-8626-570a3ff1bea0 None None] log_date_format = %Y-%m-%d %H:%M:%S {{(pid=98578) log_opt_values /opt/stack/data/venv/lib/python3.12/site-packages/oslo_config/cfg.py:3549}}
Aug 25 00:33:56.073667 np0000191043 devstack@n-api.service[98578]: DEBUG nova.api.openstack.wsgi_app [None req-33a08201-2bf2-49df-8626-570a3ff1bea0 None None] log_dir = None {{(pid=98578) log_opt_values /opt/stack/data/venv/lib/python3.12/site-packages/oslo_config/cfg.py:3549}}
Aug 25 00:33:56.073795 np0000191043 devstack@n-api.service[98578]: DEBUG nova.api.openstack.wsgi_app [None req-33a08201-2bf2-49df-8626-570a3ff1bea0 None None] log_file = None {{(pid=98578) log_opt_values /opt/stack/data/venv/lib/python3.12/site-packages/oslo_config/cfg.py:3549}}
Aug 25 00:33:56.073912 np0000191043 devstack@n-api.service[98578]: DEBUG nova.api.openstack.wsgi_app [None req-33a08201-2bf2-49df-8626-570a3ff1bea0 None None] log_options = True {{(pid=98578) log_opt_values /opt/stack/data/venv/lib/python3.12/site-packages/oslo_config/cfg.py:3549}}
