Aug 25 00:34:21.080859 np0000191043 devstack@neutron-api.service[101801]: DEBUG ovsdbapp.backend.ovs_idl [None req-67d7d642-d964-46cc-8934-b8072d54f8f1 None None] Created lookup_table index Logical_Router.name {{(pid=101801) autocreate_indices /opt/stack/data/venv/lib/python3.12/site-packages/ovsdbapp/backend/ovs_idl/__init__.py:87}}
Aug 25 00:34:21.080859 np0000191043 devstack@neutron-api.service[101801]: DEBUG ovsdbapp.backend.ovs_idl [None req-67d7d642-d964-46cc-8934-b8072d54f8f1 None None] Created lookup_table index Load_Balancer.name {{(pid=101801) autocreate_indices /opt/stack/data/venv/lib/python3.12/site-packages/ovsdbapp/backend/ovs_idl/__init__.py:87}}
Aug 25 00:34:21.080859 np0000191043 devstack@neutron-api.service[101801]: DEBUG ovsdbapp.backend.ovs_idl [None req-67d7d642-d964-46cc-8934-b8072d54f8f1 None None] Created schema index Copp.name {{(pid=101801) autocreate_indices /opt/stack/data/venv/lib/python3.12/site-packages/ovsdbapp/backend/ovs_idl/__init__.py:106}}
Aug 25 00:34:21.080859 np0000191043 devstack@neutron-api.service[101801]: DEBUG ovsdbapp.backend.ovs_idl [None req-67d7d642-d964-46cc-8934-b8072d54f8f1 None None] Created schema index Meter.name {{(pid=101801) autocreate_indices /opt/stack/data/venv/lib/python3.12/site-packages/ovsdbapp/backend/ovs_idl/__init__.py:106}}
Aug 25 00:34:21.080859 np0000191043 devstack@neutron-api.service[101801]: DEBUG ovsdbapp.backend.ovs_idl [None req-67d7d642-d964-46cc-8934-b8072d54f8f1 None None] Created schema index Load_Balancer_Group.name {{(pid=101801) autocreate_indices /opt/stack/data/venv/lib/python3.12/site-packages/ovsdbapp/backend/ovs_idl/__init__.py:106}}
Aug 25 00:34:21.081704 np0000191043 devstack@neutron-api.service[101801]: DEBUG ovsdbapp.backend.ovs_idl [None req-67d7d642-d964-46cc-8934-b8072d54f8f1 None None] Created schema index HA_Chassis_Group.name {{(pid=101801) autocreate_indices /opt/stack/data/venv/lib/python3.12/site-packages/ovsdbapp/backend/ovs_idl/__init__.py:106}}
Aug 25 00:34:21.081704 np0000191043 devstack@neutron-api.service[101801]: DEBUG ovsdbapp.backend.ovs_idl [None req-67d7d642-d964-46cc-8934-b8072d54f8f1 None None] Created schema index Address_Set.name {{(pid=101801) autocreate_indices /opt/stack/data/venv/lib/python3.12/site-packages/ovsdbapp/backend/ovs_idl/__init__.py:106}}
Aug 25 00:34:21.081704 np0000191043 devstack@neutron-api.service[101801]: DEBUG ovsdbapp.backend.ovs_idl [None req-67d7d642-d964-46cc-8934-b8072d54f8f1 None None] Created schema index Connection.target {{(pid=101801) autocreate_indices /opt/stack/data/venv/lib/python3.12/site-packages/ovsdbapp/backend/ovs_idl/__init__.py:106}}
Aug 25 00:34:21.081704 np0000191043 devstack@neutron-api.service[101801]: DEBUG ovsdbapp.backend.ovs_idl [None req-67d7d642-d964-46cc-8934-b8072d54f8f1 None None] Created schema index Gateway_Chassis.name {{(pid=101801) autocreate_indices /opt/stack/data/venv/lib/python3.12/site-packages/ovsdbapp/backend/ovs_idl/__init__.py:106}}
Aug 25 00:34:21.082041 np0000191043 devstack@neutron-api.service[101799]: DEBUG neutron.api.extensions [None req-02127c95-cc1a-42d7-842d-162f7f2f03c8 None None] Extended resource: auto-allocated-topology {{(pid=101799) __init__ /opt/stack/neutron/neutron/api/extensions.py:156}}
Aug 25 00:34:21.082532 np0000191043 devstack@neutron-api.service[101799]: DEBUG neutron.api.extensions [None req-02127c95-cc1a-42d7-842d-162f7f2f03c8 None None] Extended resource: availability_zones {{(pid=101799) __init__ /opt/stack/neutron/neutron/api/extensions.py:156}}
Aug 25 00:34:21.083078 np0000191043 devstack@neutron-api.service[101799]: DEBUG neutron.api.extensions [None req-02127c95-cc1a-42d7-842d-162f7f2f03c8 None None] Extended resource: dhcp-networks {{(pid=101799) __init__ /opt/stack/neutron/neutron/api/extensions.py:156}}
Aug 25 00:34:21.084402 np0000191043 devstack@neutron-api.service[101799]: DEBUG neutron.api.extensions [None req-02127c95-cc1a-42d7-842d-162f7f2f03c8 None None] Extended resource: dhcp-agents {{(pid=101799) __init__ /opt/stack/neutron/neutron/api/extensions.py:156}}
Aug 25 00:34:21.084402 np0000191043 devstack@neutron-api.service[101799]: DEBUG neutron.api.extensions [None req-02127c95-cc1a-42d7-842d-162f7f2f03c8 None None] Extended resource: routers {{(pid=101799) __init__ /opt/stack/neutron/neutron/api/extensions.py:156}}
Aug 25 00:34:21.085025 np0000191043 devstack@neutron-api.service[101801]: DEBUG ovsdbapp.backend.ovs_idl [None req-67d7d642-d964-46cc-8934-b8072d54f8f1 None None] Created schema index Mirror.name {{(pid=101801) autocreate_indices /opt/stack/data/venv/lib/python3.12/site-packages/ovsdbapp/backend/ovs_idl/__init__.py:106}}
Aug 25 00:34:21.085421 np0000191043 devstack@neutron-api.service[101801]: DEBUG ovsdbapp.backend.ovs_idl [None req-67d7d642-d964-46cc-8934-b8072d54f8f1 None None] Created schema index Chassis_Template_Var.chassis {{(pid=101801) autocreate_indices /opt/stack/data/venv/lib/python3.12/site-packages/ovsdbapp/backend/ovs_idl/__init__.py:106}}
Aug 25 00:34:21.085545 np0000191043 devstack@neutron-api.service[101799]: DEBUG neutron.api.extensions [None req-02127c95-cc1a-42d7-842d-162f7f2f03c8 None None] Extended resource: flavors {{(pid=101799) __init__ /opt/stack/neutron/neutron/api/extensions.py:156}}
Aug 25 00:34:21.086100 np0000191043 devstack@neutron-api.service[101799]: DEBUG neutron.api.extensions [None req-02127c95-cc1a-42d7-842d-162f7f2f03c8 None None] Extended resource: service_profiles {{(pid=101799) __init__ /opt/stack/neutron/neutron/api/extensions.py:156}}
Aug 25 00:34:21.086284 np0000191043 devstack@neutron-api.service[101801]: DEBUG ovsdbapp.backend.ovs_idl [None req-67d7d642-d964-46cc-8934-b8072d54f8f1 None None] Created schema index Logical_Router_Port.name {{(pid=101801) autocreate_indices /opt/stack/data/venv/lib/python3.12/site-packages/ovsdbapp/backend/ovs_idl/__init__.py:106}}
Aug 25 00:34:21.086777 np0000191043 devstack@neutron-api.service[101799]: DEBUG neutron.api.extensions [None req-02127c95-cc1a-42d7-842d-162f7f2f03c8 None None] Extended resource: next_providers {{(pid=101799) __init__ /opt/stack/neutron/neutron/api/extensions.py:156}}
Aug 25 00:34:21.087469 np0000191043 devstack@neutron-api.service[101799]: DEBUG neutron.api.extensions [None req-02127c95-cc1a-42d7-842d-162f7f2f03c8 None None] Extended resource: service_profiles {{(pid=101799) __init__ /opt/stack/neutron/neutron/api/extensions.py:156}}
Aug 25 00:34:21.087686 np0000191043 devstack@neutron-api.service[101801]: DEBUG ovsdbapp.backend.ovs_idl [None req-67d7d642-d964-46cc-8934-b8072d54f8f1 None None] Created schema index Port_Group.name {{(pid=101801) autocreate_indices /opt/stack/data/venv/lib/python3.12/site-packages/ovsdbapp/backend/ovs_idl/__init__.py:106}}
Aug 25 00:34:21.088256 np0000191043 devstack@neutron-api.service[101799]: DEBUG neutron.api.extensions [None req-02127c95-cc1a-42d7-842d-162f7f2f03c8 None None] Extended resource: floatingip-pools {{(pid=101799) __init__ /opt/stack/neutron/neutron/api/extensions.py:156}}
Aug 25 00:34:21.088654 np0000191043 devstack@neutron-api.service[101801]: DEBUG ovsdbapp.backend.ovs_idl [None req-67d7d642-d964-46cc-8934-b8072d54f8f1 None None] Created schema index Logical_Switch_Port.name {{(pid=101801) autocreate_indices /opt/stack/data/venv/lib/python3.12/site-packages/ovsdbapp/backend/ovs_idl/__init__.py:106}}
Aug 25 00:34:21.088926 np0000191043 devstack@neutron-api.service[101799]: DEBUG neutron.api.extensions [None req-02127c95-cc1a-42d7-842d-162f7f2f03c8 None None] Extended resource: routers {{(pid=101799) __init__ /opt/stack/neutron/neutron/api/extensions.py:156}}
Aug 25 00:34:21.090670 np0000191043 devstack@neutron-api.service[101799]: DEBUG neutron.api.extensions [None req-02127c95-cc1a-42d7-842d-162f7f2f03c8 None None] Extended resource: floatingips {{(pid=101799) __init__ /opt/stack/neutron/neutron/api/extensions.py:156}}
Aug 25 00:34:21.090670 np0000191043 devstack@neutron-api.service[101799]: DEBUG neutron.api.extensions [None req-02127c95-cc1a-42d7-842d-162f7f2f03c8 None None] Extended resource: l3-routers {{(pid=101799) __init__ /opt/stack/neutron/neutron/api/extensions.py:156}}
Aug 25 00:34:21.091117 np0000191043 devstack@neutron-api.service[101799]: DEBUG neutron.api.extensions [None req-02127c95-cc1a-42d7-842d-162f7f2f03c8 None None] Extended resource: l3-agents {{(pid=101799) __init__ /opt/stack/neutron/neutron/api/extensions.py:156}}
Aug 25 00:34:21.091691 np0000191043 devstack@neutron-api.service[101799]: DEBUG neutron.api.extensions [None req-02127c95-cc1a-42d7-842d-162f7f2f03c8 None None] Extended resource: network-ip-availabilities {{(pid=101799) __init__ /opt/stack/neutron/neutron/api/extensions.py:156}}
Aug 25 00:34:21.092373 np0000191043 devstack@neutron-api.service[101799]: DEBUG neutron.api.extensions [None req-02127c95-cc1a-42d7-842d-162f7f2f03c8 None None] Extended resource: network-ip-availabilities {{(pid=101799) __init__ /opt/stack/neutron/neutron/api/extensions.py:156}}
Aug 25 00:34:21.092950 np0000191043 devstack@neutron-api.service[101799]: DEBUG neutron.api.extensions [None req-02127c95-cc1a-42d7-842d-162f7f2f03c8 None None] Extended resource: bindings {{(pid=101799) __init__ /opt/stack/neutron/neutron/api/extensions.py:156}}
Aug 25 00:34:21.093643 np0000191043 devstack@neutron-api.service[101799]: DEBUG neutron.api.extensions [None req-02127c95-cc1a-42d7-842d-162f7f2f03c8 None None] Extended resource: quotas {{(pid=101799) __init__ /opt/stack/neutron/neutron/api/extensions.py:156}}
Aug 25 00:34:21.094392 np0000191043 devstack@neutron-api.service[101799]: DEBUG neutron.api.extensions [None req-02127c95-cc1a-42d7-842d-162f7f2f03c8 None None] Extended resource: quotas {{(pid=101799) __init__ /opt/stack/neutron/neutron/api/extensions.py:156}}
Aug 25 00:34:21.094571 np0000191043 devstack@neutron-api.service[101801]: INFO ovsdbapp.backend.ovs_idl.vlog [None req-67d7d642-d964-46cc-8934-b8072d54f8f1 None None] ssl:199.204.45.205:6641: connecting...
Aug 25 00:34:21.095093 np0000191043 devstack@neutron-api.service[101799]: DEBUG neutron.api.extensions [None req-02127c95-cc1a-42d7-842d-162f7f2f03c8 None None] Extended resource: rbac-policies {{(pid=101799) __init__ /opt/stack/neutron/neutron/api/extensions.py:156}}
Aug 25 00:34:21.095677 np0000191043 devstack@neutron-api.service[101799]: DEBUG neutron.api.extensions [None req-02127c95-cc1a-42d7-842d-162f7f2f03c8 None None] Extended resource: default-security-group-rules {{(pid=101799) __init__ /opt/stack/neutron/neutron/api/extensions.py:156}}
Aug 25 00:34:21.096359 np0000191043 devstack@neutron-api.service[101799]: DEBUG neutron.api.extensions [None req-02127c95-cc1a-42d7-842d-162f7f2f03c8 None None] Extended resource: security-groups-default-statefulness {{(pid=101799) __init__ /opt/stack/neutron/neutron/api/extensions.py:156}}
Aug 25 00:34:21.096891 np0000191043 devstack@neutron-api.service[101799]: DEBUG neutron.api.extensions [None req-02127c95-cc1a-42d7-842d-162f7f2f03c8 None None] Extended resource: security-groups {{(pid=101799) __init__ /opt/stack/neutron/neutron/api/extensions.py:156}}
Aug 25 00:34:21.097406 np0000191043 devstack@neutron-api.service[101799]: DEBUG neutron.api.extensions [None req-02127c95-cc1a-42d7-842d-162f7f2f03c8 None None] Extended resource: security-group-rules {{(pid=101799) __init__ /opt/stack/neutron/neutron/api/extensions.py:156}}
Aug 25 00:34:21.097961 np0000191043 devstack@neutron-api.service[101799]: DEBUG neutron.api.extensions [None req-02127c95-cc1a-42d7-842d-162f7f2f03c8 None None] Extended resource: service-providers {{(pid=101799) __init__ /opt/stack/neutron/neutron/api/extensions.py:156}}
Aug 25 00:34:21.098590 np0000191043 devstack@neutron-api.service[101799]: DEBUG neutron.api.extensions [None req-02127c95-cc1a-42d7-842d-162f7f2f03c8 None None] Extended resource: subnetpools {{(pid=101799) __init__ /opt/stack/neutron/neutron/api/extensions.py:156}}
Aug 25 00:34:21.099274 np0000191043 devstack@neutron-api.service[101799]: DEBUG neutron.api.extensions [None req-02127c95-cc1a-42d7-842d-162f7f2f03c8 None None] Extended resource: subnetpools {{(pid=101799) __init__ /opt/stack/neutron/neutron/api/extensions.py:156}}
Aug 25 00:34:21.099969 np0000191043 devstack@neutron-api.service[101799]: DEBUG neutron.api.extensions [None req-02127c95-cc1a-42d7-842d-162f7f2f03c8 None None] Extended resource: tags {{(pid=101799) __init__ /opt/stack/neutron/neutron/api/extensions.py:156}}
Aug 25 00:34:21.100883 np0000191043 devstack@neutron-api.service[101799]: DEBUG neutron.api.extensions [None req-02127c95-cc1a-42d7-842d-162f7f2f03c8 None None] Extended resource: tags {{(pid=101799) __init__ /opt/stack/neutron/neutron/api/extensions.py:156}}
Aug 25 00:34:21.101712 np0000191043 devstack@neutron-api.service[101799]: DEBUG neutron.api.extensions [None req-02127c95-cc1a-42d7-842d-162f7f2f03c8 None None] Extended resource: tags {{(pid=101799) __init__ /opt/stack/neutron/neutron/api/extensions.py:156}}
Aug 25 00:34:21.102446 np0000191043 devstack@neutron-api.service[101801]: INFO ovsdbapp.backend.ovs_idl.vlog [None req-67d7d642-d964-46cc-8934-b8072d54f8f1 None None] ssl:199.204.45.205:6641: connected
Aug 25 00:34:21.102517 np0000191043 devstack@neutron-api.service[101799]: DEBUG neutron.api.extensions [None req-02127c95-cc1a-42d7-842d-162f7f2f03c8 None None] Extended resource: tags {{(pid=101799) __init__ /opt/stack/neutron/neutron/api/extensions.py:156}}
Aug 25 00:34:21.103537 np0000191043 devstack@neutron-api.service[101799]: DEBUG neutron.api.extensions [None req-02127c95-cc1a-42d7-842d-162f7f2f03c8 None None] Extended resource: tags {{(pid=101799) __init__ /opt/stack/neutron/neutron/api/extensions.py:156}}
Aug 25 00:34:21.104483 np0000191043 devstack@neutron-api.service[101799]: DEBUG neutron.api.extensions [None req-02127c95-cc1a-42d7-842d-162f7f2f03c8 None None] Extended resource: tags {{(pid=101799) __init__ /opt/stack/neutron/neutron/api/extensions.py:156}}
Aug 25 00:34:21.105365 np0000191043 devstack@neutron-api.service[101799]: DEBUG neutron.api.extensions [None req-02127c95-cc1a-42d7-842d-162f7f2f03c8 None None] Extended resource: tags {{(pid=101799) __init__ /opt/stack/neutron/neutron/api/extensions.py:156}}
Aug 25 00:34:21.106320 np0000191043 devstack@neutron-api.service[101799]: DEBUG neutron.api.extensions [None req-02127c95-cc1a-42d7-842d-162f7f2f03c8 None None] Extended resource: tags {{(pid=101799) __init__ /opt/stack/neutron/neutron/api/extensions.py:156}}
Aug 25 00:34:21.108894 np0000191043 devstack@neutron-api.service[101799]: DEBUG neutron.api.extensions [None req-02127c95-cc1a-42d7-842d-162f7f2f03c8 None None] Extended resource: tags {{(pid=101799) __init__ /opt/stack/neutron/neutron/api/extensions.py:156}}
Aug 25 00:34:21.108894 np0000191043 devstack@neutron-api.service[101799]: DEBUG neutron.api.extensions [None req-02127c95-cc1a-42d7-842d-162f7f2f03c8 None None] Extended resource: tags {{(pid=101799) __init__ /opt/stack/neutron/neutron/api/extensions.py:156}}
Aug 25 00:34:21.118966 np0000191043 devstack@neutron-api.service[101799]: DEBUG neutron_lib.callbacks.manager [None req-02127c95-cc1a-42d7-842d-162f7f2f03c8 None None] Publish callbacks ['neutron.plugins.ml2.drivers.ovn.mech_driver.mech_driver.OVNMechanismDriver.pre_fork_initialize-362746'] for process (None), before_spawn {{(pid=101799) _notify_loop /opt/stack/data/venv/lib/python3.12/site-packages/neutron_lib/callbacks/manager.py:184}}
Aug 25 00:34:21.119368 np0000191043 devstack@neutron-api.service[101799]: DEBUG oslo_concurrency.processutils [None req-02127c95-cc1a-42d7-842d-162f7f2f03c8 None None] Running cmd (subprocess): ovsdb-client transact ssl:199.204.45.205:6641 --timeout 180 -p /opt/stack/data/CA/int-ca/private/devstack-cert.key -c /opt/stack/data/CA/int-ca/devstack-cert.crt -C /opt/stack/data/CA/int-ca/ca-chain.pem ["OVN_Northbound", {"op": "wait", "timeout": 0, "table": "Port_Group", "where": [["name", "==", "neutron_pg_drop"]], "until": "==", "rows": []}, {"op": "insert", "table": "ACL", "row": {"action": "drop", "direction": "to-lport", "match": "outport == @neutron_pg_drop && ip", "priority": 1000}, "uuid-name": "droptoport"}, {"op": "insert", "table": "ACL", "row": {"action": "drop", "direction": "from-lport", "match": "inport == @neutron_pg_drop && ip", "priority": 1000}, "uuid-name": "dropfromport"}, {"op": "insert", "table": "Port_Group", "row": {"name": "neutron_pg_drop", "acls": ["set", [["named-uuid", "droptoport"], ["named-uuid", "dropfromport"]]]}}] {{(pid=101799) execute /opt/stack/data/venv/lib/python3.12/site-packages/oslo_concurrency/processutils.py:440}}
Aug 25 00:34:21.123294 np0000191043 devstack@neutron-api.service[101802]: DEBUG ovsdbapp.backend.ovs_idl [None req-28bd0933-ac2c-4b45-b4b1-fd0a201a2b11 None None] Created lookup_table index Logical_Switch.name {{(pid=101802) autocreate_indices /opt/stack/data/venv/lib/python3.12/site-packages/ovsdbapp/backend/ovs_idl/__init__.py:87}}
Aug 25 00:34:21.123483 np0000191043 devstack@neutron-api.service[101802]: DEBUG ovsdbapp.backend.ovs_idl [None req-28bd0933-ac2c-4b45-b4b1-fd0a201a2b11 None None] Created lookup_table index Logical_Router.name {{(pid=101802) autocreate_indices /opt/stack/data/venv/lib/python3.12/site-packages/ovsdbapp/backend/ovs_idl/__init__.py:87}}
Aug 25 00:34:21.123661 np0000191043 devstack@neutron-api.service[101802]: DEBUG ovsdbapp.backend.ovs_idl [None req-28bd0933-ac2c-4b45-b4b1-fd0a201a2b11 None None] Created lookup_table index Load_Balancer.name {{(pid=101802) autocreate_indices /opt/stack/data/venv/lib/python3.12/site-packages/ovsdbapp/backend/ovs_idl/__init__.py:87}}
Aug 25 00:34:21.123870 np0000191043 devstack@neutron-api.service[101802]: DEBUG ovsdbapp.backend.ovs_idl [None req-28bd0933-ac2c-4b45-b4b1-fd0a201a2b11 None None] Created schema index Copp.name {{(pid=101802) autocreate_indices /opt/stack/data/venv/lib/python3.12/site-packages/ovsdbapp/backend/ovs_idl/__init__.py:106}}
Aug 25 00:34:21.124077 np0000191043 devstack@neutron-api.service[101802]: DEBUG ovsdbapp.backend.ovs_idl [None req-28bd0933-ac2c-4b45-b4b1-fd0a201a2b11 None None] Created schema index Meter.name {{(pid=101802) autocreate_indices /opt/stack/data/venv/lib/python3.12/site-packages/ovsdbapp/backend/ovs_idl/__init__.py:106}}
Aug 25 00:34:21.124253 np0000191043 devstack@neutron-api.service[101802]: DEBUG ovsdbapp.backend.ovs_idl [None req-28bd0933-ac2c-4b45-b4b1-fd0a201a2b11 None None] Created schema index Load_Balancer_Group.name {{(pid=101802) autocreate_indices /opt/stack/data/venv/lib/python3.12/site-packages/ovsdbapp/backend/ovs_idl/__init__.py:106}}
Aug 25 00:34:21.124476 np0000191043 devstack@neutron-api.service[101802]: DEBUG ovsdbapp.backend.ovs_idl [None req-28bd0933-ac2c-4b45-b4b1-fd0a201a2b11 None None] Created schema index HA_Chassis_Group.name {{(pid=101802) autocreate_indices /opt/stack/data/venv/lib/python3.12/site-packages/ovsdbapp/backend/ovs_idl/__init__.py:106}}
Aug 25 00:34:21.124654 np0000191043 devstack@neutron-api.service[101802]: DEBUG ovsdbapp.backend.ovs_idl [None req-28bd0933-ac2c-4b45-b4b1-fd0a201a2b11 None None] Created schema index Address_Set.name {{(pid=101802) autocreate_indices /opt/stack/data/venv/lib/python3.12/site-packages/ovsdbapp/backend/ovs_idl/__init__.py:106}}
Aug 25 00:34:21.124874 np0000191043 devstack@neutron-api.service[101802]: DEBUG ovsdbapp.backend.ovs_idl [None req-28bd0933-ac2c-4b45-b4b1-fd0a201a2b11 None None] Created schema index Connection.target {{(pid=101802) autocreate_indices /opt/stack/data/venv/lib/python3.12/site-packages/ovsdbapp/backend/ovs_idl/__init__.py:106}}
Aug 25 00:34:21.125057 np0000191043 devstack@neutron-api.service[101802]: DEBUG ovsdbapp.backend.ovs_idl [None req-28bd0933-ac2c-4b45-b4b1-fd0a201a2b11 None None] Created schema index Gateway_Chassis.name {{(pid=101802) autocreate_indices /opt/stack/data/venv/lib/python3.12/site-packages/ovsdbapp/backend/ovs_idl/__init__.py:106}}
Aug 25 00:34:21.125232 np0000191043 devstack@neutron-api.service[101802]: DEBUG ovsdbapp.backend.ovs_idl [None req-28bd0933-ac2c-4b45-b4b1-fd0a201a2b11 None None] Created schema index Mirror.name {{(pid=101802) autocreate_indices /opt/stack/data/venv/lib/python3.12/site-packages/ovsdbapp/backend/ovs_idl/__init__.py:106}}
Aug 25 00:34:21.125416 np0000191043 devstack@neutron-api.service[101802]: DEBUG ovsdbapp.backend.ovs_idl [None req-28bd0933-ac2c-4b45-b4b1-fd0a201a2b11 None None] Created schema index Chassis_Template_Var.chassis {{(pid=101802) autocreate_indices /opt/stack/data/venv/lib/python3.12/site-packages/ovsdbapp/backend/ovs_idl/__init__.py:106}}
Aug 25 00:34:21.125600 np0000191043 devstack@neutron-api.service[101802]: DEBUG ovsdbapp.backend.ovs_idl [None req-28bd0933-ac2c-4b45-b4b1-fd0a201a2b11 None None] Created schema index Logical_Router_Port.name {{(pid=101802) autocreate_indices /opt/stack/data/venv/lib/python3.12/site-packages/ovsdbapp/backend/ovs_idl/__init__.py:106}}
Aug 25 00:34:21.125776 np0000191043 devstack@neutron-api.service[101802]: DEBUG ovsdbapp.backend.ovs_idl [None req-28bd0933-ac2c-4b45-b4b1-fd0a201a2b11 None None] Created schema index Port_Group.name {{(pid=101802) autocreate_indices /opt/stack/data/venv/lib/python3.12/site-packages/ovsdbapp/backend/ovs_idl/__init__.py:106}}
Aug 25 00:34:21.125979 np0000191043 devstack@neutron-api.service[101802]: DEBUG ovsdbapp.backend.ovs_idl [None req-28bd0933-ac2c-4b45-b4b1-fd0a201a2b11 None None] Created schema index Logical_Switch_Port.name {{(pid=101802) autocreate_indices /opt/stack/data/venv/lib/python3.12/site-packages/ovsdbapp/backend/ovs_idl/__init__.py:106}}
Aug 25 00:34:21.129249 np0000191043 devstack@neutron-api.service[101802]: INFO ovsdbapp.backend.ovs_idl.vlog [None req-28bd0933-ac2c-4b45-b4b1-fd0a201a2b11 None None] ssl:199.204.45.205:6641: connecting...
Aug 25 00:34:21.170936 np0000191043 devstack@neutron-api.service[101802]: INFO ovsdbapp.backend.ovs_idl.vlog [None req-28bd0933-ac2c-4b45-b4b1-fd0a201a2b11 None None] ssl:199.204.45.205:6641: connected
Aug 25 00:34:21.176345 np0000191043 devstack@neutron-api.service[101801]: DEBUG neutron.common.ovn.hash_ring_manager [None req-67d7d642-d964-46cc-8934-b8072d54f8f1 None None] Disallow caching, nodes 3<4 {{(pid=101801) _wait_startup_before_caching /opt/stack/neutron/neutron/common/ovn/hash_ring_manager.py:79}}
Aug 25 00:34:21.178177 np0000191043 devstack@neutron-api.service[101799]: DEBUG oslo_concurrency.processutils [None req-02127c95-cc1a-42d7-842d-162f7f2f03c8 None None] CMD "ovsdb-client transact ssl:199.204.45.205:6641 --timeout 180 -p /opt/stack/data/CA/int-ca/private/devstack-cert.key -c /opt/stack/data/CA/int-ca/devstack-cert.crt -C /opt/stack/data/CA/int-ca/ca-chain.pem ["OVN_Northbound", {"op": "wait", "timeout": 0, "table": "Port_Group", "where": [["name", "==", "neutron_pg_drop"]], "until": "==", "rows": []}, {"op": "insert", "table": "ACL", "row": {"action": "drop", "direction": "to-lport", "match": "outport == @neutron_pg_drop && ip", "priority": 1000}, "uuid-name": "droptoport"}, {"op": "insert", "table": "ACL", "row": {"action": "drop", "direction": "from-lport", "match": "inport == @neutron_pg_drop && ip", "priority": 1000}, "uuid-name": "dropfromport"}, {"op": "insert", "table": "Port_Group", "row": {"name": "neutron_pg_drop", "acls": ["set", [["named-uuid", "droptoport"], ["named-uuid", "dropfromport"]]]}}]" returned: 0 in 0.058s {{(pid=101799) execute /opt/stack/data/venv/lib/python3.12/site-packages/oslo_concurrency/processutils.py:468}}
Aug 25 00:34:21.179116 np0000191043 devstack@neutron-api.service[101799]: DEBUG neutron_lib.callbacks.manager [None req-02127c95-cc1a-42d7-842d-162f7f2f03c8 None None] Publish callbacks ['neutron.plugins.ml2.drivers.ovn.mech_driver.mech_driver.OVNMechanismDriver.post_fork_initialize-362514', 'neutron.services.pvlan.drivers.ovn.driver._initialize_pvlan_pg_drop-8342777093754', 'neutron.services.ovn_l3.plugin.OVNL3RouterPlugin._post_fork_initialize-62129'] for process (None), after_init {{(pid=101799) _notify_loop /opt/stack/data/venv/lib/python3.12/site-packages/neutron_lib/callbacks/manager.py:184}}
Aug 25 00:34:21.179879 np0000191043 devstack@neutron-api.service[101799]: DEBUG oslo_concurrency.lockutils [None req-02127c95-cc1a-42d7-842d-162f7f2f03c8 None None] Acquiring lock "singleton_lock" {{(pid=101799) lock /opt/stack/data/venv/lib/python3.12/site-packages/oslo_concurrency/lockutils.py:396}}
Aug 25 00:34:21.180121 np0000191043 devstack@neutron-api.service[101799]: DEBUG oslo_concurrency.lockutils [None req-02127c95-cc1a-42d7-842d-162f7f2f03c8 None None] Acquired lock "singleton_lock" {{(pid=101799) lock /opt/stack/data/venv/lib/python3.12/site-packages/oslo_concurrency/lockutils.py:399}}
Aug 25 00:34:21.180703 np0000191043 devstack@neutron-api.service[101799]: DEBUG oslo_concurrency.lockutils [None req-02127c95-cc1a-42d7-842d-162f7f2f03c8 None None] Releasing lock "singleton_lock" {{(pid=101799) lock /opt/stack/data/venv/lib/python3.12/site-packages/oslo_concurrency/lockutils.py:419}}
Aug 25 00:34:21.181198 np0000191043 devstack@neutron-api.service[101801]: DEBUG neutron.common.ovn.hash_ring_manager [None req-67d7d642-d964-46cc-8934-b8072d54f8f1 None None] Hash Ring loaded. 3 active nodes. 0 offline nodes {{(pid=101801) _load_hash_ring /opt/stack/neutron/neutron/common/ovn/hash_ring_manager.py:110}}
Aug 25 00:34:21.181376 np0000191043 devstack@neutron-api.service[101801]: DEBUG neutron.plugins.ml2.drivers.ovn.mech_driver.ovsdb.ovsdb_monitor [None req-67d7d642-d964-46cc-8934-b8072d54f8f1 None None] Hash Ring: Node 923c6a84abb059b0a622bc9e942cb57d (host: np0000191043) handling event "create" for row 52b5cb87-1e38-48b1-941c-bf716c816e68 (table: ACL) {{(pid=101801) notify /opt/stack/neutron/neutron/plugins/ml2/drivers/ovn/mech_driver/ovsdb/ovsdb_monitor.py:1099}}
Aug 25 00:34:21.184279 np0000191043 devstack@neutron-api.service[101799]: DEBUG neutron.plugins.ml2.drivers.ovn.mech_driver.mech_driver [None req-02127c95-cc1a-42d7-842d-162f7f2f03c8 None None] Hash Ring setup using WSGI start time 2026-08-25 00:34:20+00:00 {{(pid=101799) _init_hash_ring /opt/stack/neutron/neutron/plugins/ml2/drivers/ovn/mech_driver/mech_driver.py:382}}
Aug 25 00:34:21.186540 np0000191043 devstack@neutron-api.service[101801]: DEBUG neutron.common.ovn.hash_ring_manager [None req-67d7d642-d964-46cc-8934-b8072d54f8f1 None None] Hash Ring loaded. 3 active nodes. 0 offline nodes {{(pid=101801) _load_hash_ring /opt/stack/neutron/neutron/common/ovn/hash_ring_manager.py:110}}
Aug 25 00:34:21.191070 np0000191043 devstack@neutron-api.service[101799]: INFO neutron.db.ovn_hash_ring_db [None req-02127c95-cc1a-42d7-842d-162f7f2f03c8 None None] Nodes from host "np0000191043" and group "mechanism_driver" removed from the Hash Ring created at 2026-08-25 00:34:20+00:00
Aug 25 00:34:21.191932 np0000191043 devstack@neutron-api.service[101801]: DEBUG neutron.common.ovn.hash_ring_manager [None req-67d7d642-d964-46cc-8934-b8072d54f8f1 None None] Hash Ring loaded. 3 active nodes. 0 offline nodes {{(pid=101801) _load_hash_ring /opt/stack/neutron/neutron/common/ovn/hash_ring_manager.py:110}}
Aug 25 00:34:21.193430 np0000191043 devstack@neutron-api.service[101799]: INFO neutron.db.ovn_hash_ring_db [None req-02127c95-cc1a-42d7-842d-162f7f2f03c8 None None] Node 3d4d314ef5c25463ac8e3b7d36ef3094 from host "np0000191043" and group "mechanism_driver" added to the Hash Ring
Aug 25 00:34:21.196191 np0000191043 devstack@neutron-api.service[101799]: DEBUG neutron.plugins.ml2.drivers.ovn.mech_driver.mech_driver [None req-02127c95-cc1a-42d7-842d-162f7f2f03c8 None None] Hash Ring setup, this worker has detected 4 OVN hash ring registers in the database {{(pid=101799) _init_hash_ring /opt/stack/neutron/neutron/plugins/ml2/drivers/ovn/mech_driver/mech_driver.py:392}}
Aug 25 00:34:21.196859 np0000191043 devstack@neutron-api.service[101801]: DEBUG neutron.common.ovn.hash_ring_manager [None req-67d7d642-d964-46cc-8934-b8072d54f8f1 None None] Hash Ring loaded. 3 active nodes. 0 offline nodes {{(pid=101801) _load_hash_ring /opt/stack/neutron/neutron/common/ovn/hash_ring_manager.py:110}}
Aug 25 00:34:21.197048 np0000191043 devstack@neutron-api.service[101801]: DEBUG neutron.plugins.ml2.drivers.ovn.mech_driver.ovsdb.ovsdb_monitor [None req-67d7d642-d964-46cc-8934-b8072d54f8f1 None None] Hash Ring: Node 923c6a84abb059b0a622bc9e942cb57d (host: np0000191043) handling event "create" for row ecd550c0-db0f-4093-b1cf-97bcdedd18df (table: ACL) {{(pid=101801) notify /opt/stack/neutron/neutron/plugins/ml2/drivers/ovn/mech_driver/ovsdb/ovsdb_monitor.py:1099}}
Aug 25 00:34:21.202859 np0000191043 devstack@neutron-api.service[101801]: DEBUG neutron.common.ovn.hash_ring_manager [None req-67d7d642-d964-46cc-8934-b8072d54f8f1 None None] Hash Ring loaded. 3 active nodes. 0 offline nodes {{(pid=101801) _load_hash_ring /opt/stack/neutron/neutron/common/ovn/hash_ring_manager.py:110}}
Aug 25 00:34:21.204012 np0000191043 devstack@neutron-api.service[101799]: DEBUG neutron.plugins.ml2.drivers.ovn.mech_driver.ovsdb.maintenance [None req-02127c95-cc1a-42d7-842d-162f7f2f03c8 None None] Periodic task found: HashRingHealthCheckPeriodics.touch_hash_ring_node {{(pid=101799) add_periodics /opt/stack/neutron/neutron/plugins/ml2/drivers/ovn/mech_driver/ovsdb/maintenance.py:151}}
Aug 25 00:34:21.204688 np0000191043 devstack@neutron-api.service[101801]: DEBUG neutron.common.ovn.hash_ring_manager [None req-67d7d642-d964-46cc-8934-b8072d54f8f1 None None] Allow caching, nodes 4>=4 {{(pid=101801) _wait_startup_before_caching /opt/stack/neutron/neutron/common/ovn/hash_ring_manager.py:71}}
Aug 25 00:34:21.204852 np0000191043 devstack@neutron-api.service[101801]: DEBUG neutron.plugins.ml2.drivers.ovn.mech_driver.ovsdb.ovsdb_monitor [None req-67d7d642-d964-46cc-8934-b8072d54f8f1 None None] Hash Ring: Node 923c6a84abb059b0a622bc9e942cb57d (host: np0000191043) handling event "create" for row 8fda0450-2e9c-4e70-8952-b57fbe92e1fc (table: NB_Global) {{(pid=101801) notify /opt/stack/neutron/neutron/plugins/ml2/drivers/ovn/mech_driver/ovsdb/ovsdb_monitor.py:1099}}
Aug 25 00:34:21.205046 np0000191043 devstack@neutron-api.service[101801]: DEBUG neutron.plugins.ml2.drivers.ovn.mech_driver.ovsdb.ovsdb_monitor [None req-67d7d642-d964-46cc-8934-b8072d54f8f1 None None] Hash Ring: Node 923c6a84abb059b0a622bc9e942cb57d (host: np0000191043) handling event "create" for row 0cbf27eb-f2c3-4cf9-b2e2-ec13f962cff3 (table: Port_Group) {{(pid=101801) notify /opt/stack/neutron/neutron/plugins/ml2/drivers/ovn/mech_driver/ovsdb/ovsdb_monitor.py:1099}}
Aug 25 00:34:21.205643 np0000191043 devstack@neutron-api.service[101801]: DEBUG neutron.plugins.ml2.drivers.ovn.mech_driver.ovsdb.ovsdb_monitor [None req-67d7d642-d964-46cc-8934-b8072d54f8f1 None None] Hash Ring: Node 923c6a84abb059b0a622bc9e942cb57d (host: np0000191043) handling event "create" for row 62527801-368a-4f9f-b8a7-d0bf412a8ece (table: Port_Group) {{(pid=101801) notify /opt/stack/neutron/neutron/plugins/ml2/drivers/ovn/mech_driver/ovsdb/ovsdb_monitor.py:1099}}
Aug 25 00:34:21.205956 np0000191043 devstack@neutron-api.service[101799]: INFO neutron.plugins.ml2.drivers.ovn.mech_driver.mech_driver [None req-02127c95-cc1a-42d7-842d-162f7f2f03c8 None None] Hash Ring probing thread for node 3d4d314ef5c25463ac8e3b7d36ef3094 has started
Aug 25 00:34:21.206368 np0000191043 devstack@neutron-api.service[101799]: INFO neutron.plugins.ml2.drivers.ovn.mech_driver.ovsdb.impl_idl_ovn [None req-02127c95-cc1a-42d7-842d-162f7f2f03c8 None None] Getting OvsdbNbOvnIdl for WorkerService with retry
Aug 25 00:34:21.206440 np0000191043 devstack@neutron-api.service[101801]: INFO neutron.plugins.ml2.drivers.ovn.mech_driver.ovsdb.impl_idl_ovn [None req-67d7d642-d964-46cc-8934-b8072d54f8f1 None None] Getting OvsdbSbOvnIdl for WorkerService with retry
Aug 25 00:34:21.212516 np0000191043 devstack@neutron-api.service[101802]: DEBUG neutron.common.ovn.hash_ring_manager [None req-28bd0933-ac2c-4b45-b4b1-fd0a201a2b11 None None] Allow caching, nodes 4>=4 {{(pid=101802) _wait_startup_before_caching /opt/stack/neutron/neutron/common/ovn/hash_ring_manager.py:71}}
Aug 25 00:34:21.218225 np0000191043 devstack@neutron-api.service[101802]: DEBUG neutron.common.ovn.hash_ring_manager [None req-28bd0933-ac2c-4b45-b4b1-fd0a201a2b11 None None] Hash Ring loaded. 4 active nodes. 0 offline nodes {{(pid=101802) _load_hash_ring /opt/stack/neutron/neutron/common/ovn/hash_ring_manager.py:110}}
Aug 25 00:34:21.218898 np0000191043 devstack@neutron-api.service[101802]: DEBUG neutron.plugins.ml2.drivers.ovn.mech_driver.ovsdb.ovsdb_monitor [None req-28bd0933-ac2c-4b45-b4b1-fd0a201a2b11 None None] Hash Ring: Node 70d332c3623e5ff593b49ef5eda2ae62 (host: np0000191043) handling event "create" for row 58184edb-a0fe-423b-914f-11a36e190ad5 (table: Connection) {{(pid=101802) notify /opt/stack/neutron/neutron/plugins/ml2/drivers/ovn/mech_driver/ovsdb/ovsdb_monitor.py:1099}}
Aug 25 00:34:21.219982 np0000191043 devstack@neutron-api.service[101802]: INFO neutron.plugins.ml2.drivers.ovn.mech_driver.ovsdb.impl_idl_ovn [None req-28bd0933-ac2c-4b45-b4b1-fd0a201a2b11 None None] Getting OvsdbSbOvnIdl for WorkerService with retry
Aug 25 00:34:21.232419 np0000191043 devstack@neutron-api.service[101801]: DEBUG ovsdbapp.backend.ovs_idl [None req-67d7d642-d964-46cc-8934-b8072d54f8f1 None None] Created lookup_table index Chassis.name {{(pid=101801) autocreate_indices /opt/stack/data/venv/lib/python3.12/site-packages/ovsdbapp/backend/ovs_idl/__init__.py:87}}
Aug 25 00:34:21.232419 np0000191043 devstack@neutron-api.service[101801]: DEBUG ovsdbapp.backend.ovs_idl [None req-67d7d642-d964-46cc-8934-b8072d54f8f1 None None] Created lookup_table index Port_Binding.logical_port {{(pid=101801) autocreate_indices /opt/stack/data/venv/lib/python3.12/site-packages/ovsdbapp/backend/ovs_idl/__init__.py:87}}
Aug 25 00:34:21.232501 np0000191043 devstack@neutron-api.service[101801]: DEBUG ovsdbapp.backend.ovs_idl [None req-67d7d642-d964-46cc-8934-b8072d54f8f1 None None] Created schema index Chassis_Private.name {{(pid=101801) autocreate_indices /opt/stack/data/venv/lib/python3.12/site-packages/ovsdbapp/backend/ovs_idl/__init__.py:106}}
Aug 25 00:34:21.232637 np0000191043 devstack@neutron-api.service[101801]: DEBUG ovsdbapp.backend.ovs_idl [None req-67d7d642-d964-46cc-8934-b8072d54f8f1 None None] Created schema index Datapath_Binding.tunnel_key {{(pid=101801) autocreate_indices /opt/stack/data/venv/lib/python3.12/site-packages/ovsdbapp/backend/ovs_idl/__init__.py:106}}
Aug 25 00:34:21.234863 np0000191043 devstack@neutron-api.service[101801]: INFO ovsdbapp.backend.ovs_idl.vlog [None req-67d7d642-d964-46cc-8934-b8072d54f8f1 None None] ssl:199.204.45.205:6642: connecting...
Aug 25 00:34:21.239503 np0000191043 devstack@neutron-api.service[101801]: INFO ovsdbapp.backend.ovs_idl.vlog [None req-67d7d642-d964-46cc-8934-b8072d54f8f1 None None] ssl:199.204.45.205:6642: connected
Aug 25 00:34:21.249459 np0000191043 devstack@neutron-api.service[101799]: DEBUG ovsdbapp.backend.ovs_idl [None req-02127c95-cc1a-42d7-842d-162f7f2f03c8 None None] Created lookup_table index Logical_Switch.name {{(pid=101799) autocreate_indices /opt/stack/data/venv/lib/python3.12/site-packages/ovsdbapp/backend/ovs_idl/__init__.py:87}}
Aug 25 00:34:21.249581 np0000191043 devstack@neutron-api.service[101799]: DEBUG ovsdbapp.backend.ovs_idl [None req-02127c95-cc1a-42d7-842d-162f7f2f03c8 None None] Created lookup_table index Logical_Router.name {{(pid=101799) autocreate_indices /opt/stack/data/venv/lib/python3.12/site-packages/ovsdbapp/backend/ovs_idl/__init__.py:87}}
Aug 25 00:34:21.249688 np0000191043 devstack@neutron-api.service[101799]: DEBUG ovsdbapp.backend.ovs_idl [None req-02127c95-cc1a-42d7-842d-162f7f2f03c8 None None] Created lookup_table index Load_Balancer.name {{(pid=101799) autocreate_indices /opt/stack/data/venv/lib/python3.12/site-packages/ovsdbapp/backend/ovs_idl/__init__.py:87}}
Aug 25 00:34:21.249836 np0000191043 devstack@neutron-api.service[101799]: DEBUG ovsdbapp.backend.ovs_idl [None req-02127c95-cc1a-42d7-842d-162f7f2f03c8 None None] Created schema index Copp.name {{(pid=101799) autocreate_indices /opt/stack/data/venv/lib/python3.12/site-packages/ovsdbapp/backend/ovs_idl/__init__.py:106}}
Aug 25 00:34:21.249955 np0000191043 devstack@neutron-api.service[101799]: DEBUG ovsdbapp.backend.ovs_idl [None req-02127c95-cc1a-42d7-842d-162f7f2f03c8 None None] Created schema index Meter.name {{(pid=101799) autocreate_indices /opt/stack/data/venv/lib/python3.12/site-packages/ovsdbapp/backend/ovs_idl/__init__.py:106}}
Aug 25 00:34:21.250160 np0000191043 devstack@neutron-api.service[101799]: DEBUG ovsdbapp.backend.ovs_idl [None req-02127c95-cc1a-42d7-842d-162f7f2f03c8 None None] Created schema index Load_Balancer_Group.name {{(pid=101799) autocreate_indices /opt/stack/data/venv/lib/python3.12/site-packages/ovsdbapp/backend/ovs_idl/__init__.py:106}}
Aug 25 00:34:21.250216 np0000191043 devstack@neutron-api.service[101799]: DEBUG ovsdbapp.backend.ovs_idl [None req-02127c95-cc1a-42d7-842d-162f7f2f03c8 None None] Created schema index HA_Chassis_Group.name {{(pid=101799) autocreate_indices /opt/stack/data/venv/lib/python3.12/site-packages/ovsdbapp/backend/ovs_idl/__init__.py:106}}
Aug 25 00:34:21.250309 np0000191043 devstack@neutron-api.service[101799]: DEBUG ovsdbapp.backend.ovs_idl [None req-02127c95-cc1a-42d7-842d-162f7f2f03c8 None None] Created schema index Address_Set.name {{(pid=101799) autocreate_indices /opt/stack/data/venv/lib/python3.12/site-packages/ovsdbapp/backend/ovs_idl/__init__.py:106}}
Aug 25 00:34:21.250449 np0000191043 devstack@neutron-api.service[101799]: DEBUG ovsdbapp.backend.ovs_idl [None req-02127c95-cc1a-42d7-842d-162f7f2f03c8 None None] Created schema index Connection.target {{(pid=101799) autocreate_indices /opt/stack/data/venv/lib/python3.12/site-packages/ovsdbapp/backend/ovs_idl/__init__.py:106}}
Aug 25 00:34:21.250566 np0000191043 devstack@neutron-api.service[101799]: DEBUG ovsdbapp.backend.ovs_idl [None req-02127c95-cc1a-42d7-842d-162f7f2f03c8 None None] Created schema index Gateway_Chassis.name {{(pid=101799) autocreate_indices /opt/stack/data/venv/lib/python3.12/site-packages/ovsdbapp/backend/ovs_idl/__init__.py:106}}
Aug 25 00:34:21.250678 np0000191043 devstack@neutron-api.service[101799]: DEBUG ovsdbapp.backend.ovs_idl [None req-02127c95-cc1a-42d7-842d-162f7f2f03c8 None None] Created schema index Mirror.name {{(pid=101799) autocreate_indices /opt/stack/data/venv/lib/python3.12/site-packages/ovsdbapp/backend/ovs_idl/__init__.py:106}}
Aug 25 00:34:21.250786 np0000191043 devstack@neutron-api.service[101799]: DEBUG ovsdbapp.backend.ovs_idl [None req-02127c95-cc1a-42d7-842d-162f7f2f03c8 None None] Created schema index Chassis_Template_Var.chassis {{(pid=101799) autocreate_indices /opt/stack/data/venv/lib/python3.12/site-packages/ovsdbapp/backend/ovs_idl/__init__.py:106}}
Aug 25 00:34:21.250913 np0000191043 devstack@neutron-api.service[101799]: DEBUG ovsdbapp.backend.ovs_idl [None req-02127c95-cc1a-42d7-842d-162f7f2f03c8 None None] Created schema index Logical_Router_Port.name {{(pid=101799) autocreate_indices /opt/stack/data/venv/lib/python3.12/site-packages/ovsdbapp/backend/ovs_idl/__init__.py:106}}
Aug 25 00:34:21.251029 np0000191043 devstack@neutron-api.service[101799]: DEBUG ovsdbapp.backend.ovs_idl [None req-02127c95-cc1a-42d7-842d-162f7f2f03c8 None None] Created schema index Port_Group.name {{(pid=101799) autocreate_indices /opt/stack/data/venv/lib/python3.12/site-packages/ovsdbapp/backend/ovs_idl/__init__.py:106}}
Aug 25 00:34:21.251142 np0000191043 devstack@neutron-api.service[101799]: DEBUG ovsdbapp.backend.ovs_idl [None req-02127c95-cc1a-42d7-842d-162f7f2f03c8 None None] Created schema index Logical_Switch_Port.name {{(pid=101799) autocreate_indices /opt/stack/data/venv/lib/python3.12/site-packages/ovsdbapp/backend/ovs_idl/__init__.py:106}}
Aug 25 00:34:21.253516 np0000191043 devstack@neutron-api.service[101799]: INFO ovsdbapp.backend.ovs_idl.vlog [None req-02127c95-cc1a-42d7-842d-162f7f2f03c8 None None] ssl:199.204.45.205:6641: connecting...
Aug 25 00:34:21.253758 np0000191043 devstack@neutron-api.service[101802]: DEBUG ovsdbapp.backend.ovs_idl [None req-28bd0933-ac2c-4b45-b4b1-fd0a201a2b11 None None] Created lookup_table index Chassis.name {{(pid=101802) autocreate_indices /opt/stack/data/venv/lib/python3.12/site-packages/ovsdbapp/backend/ovs_idl/__init__.py:87}}
Aug 25 00:34:21.253758 np0000191043 devstack@neutron-api.service[101802]: DEBUG ovsdbapp.backend.ovs_idl [None req-28bd0933-ac2c-4b45-b4b1-fd0a201a2b11 None None] Created lookup_table index Port_Binding.logical_port {{(pid=101802) autocreate_indices /opt/stack/data/venv/lib/python3.12/site-packages/ovsdbapp/backend/ovs_idl/__init__.py:87}}
Aug 25 00:34:21.253970 np0000191043 devstack@neutron-api.service[101802]: DEBUG ovsdbapp.backend.ovs_idl [None req-28bd0933-ac2c-4b45-b4b1-fd0a201a2b11 None None] Created schema index Chassis_Private.name {{(pid=101802) autocreate_indices /opt/stack/data/venv/lib/python3.12/site-packages/ovsdbapp/backend/ovs_idl/__init__.py:106}}
Aug 25 00:34:21.253970 np0000191043 devstack@neutron-api.service[101802]: DEBUG ovsdbapp.backend.ovs_idl [None req-28bd0933-ac2c-4b45-b4b1-fd0a201a2b11 None None] Created schema index Datapath_Binding.tunnel_key {{(pid=101802) autocreate_indices /opt/stack/data/venv/lib/python3.12/site-packages/ovsdbapp/backend/ovs_idl/__init__.py:106}}
Aug 25 00:34:21.256182 np0000191043 devstack@neutron-api.service[101802]: INFO ovsdbapp.backend.ovs_idl.vlog [None req-28bd0933-ac2c-4b45-b4b1-fd0a201a2b11 None None] ssl:199.204.45.205:6642: connecting...
Aug 25 00:34:21.260047 np0000191043 devstack@neutron-api.service[101799]: INFO ovsdbapp.backend.ovs_idl.vlog [None req-02127c95-cc1a-42d7-842d-162f7f2f03c8 None None] ssl:199.204.45.205:6641: connected
Aug 25 00:34:21.260861 np0000191043 devstack@neutron-api.service[101802]: INFO ovsdbapp.backend.ovs_idl.vlog [None req-28bd0933-ac2c-4b45-b4b1-fd0a201a2b11 None None] ssl:199.204.45.205:6642: connected
Aug 25 00:34:21.265941 np0000191043 devstack@neutron-api.service[101801]: DEBUG neutron.common.ovn.hash_ring_manager [None req-67d7d642-d964-46cc-8934-b8072d54f8f1 None None] Allow caching, nodes 4>=4 {{(pid=101801) _wait_startup_before_caching /opt/stack/neutron/neutron/common/ovn/hash_ring_manager.py:71}}
Aug 25 00:34:21.270047 np0000191043 devstack@neutron-api.service[101801]: DEBUG neutron.common.ovn.hash_ring_manager [None req-67d7d642-d964-46cc-8934-b8072d54f8f1 None None] Hash Ring loaded. 4 active nodes. 0 offline nodes {{(pid=101801) _load_hash_ring /opt/stack/neutron/neutron/common/ovn/hash_ring_manager.py:110}}
Aug 25 00:34:21.270580 np0000191043 devstack@neutron-api.service[101801]: DEBUG ovsdbapp.backend.ovs_idl.event [None req-67d7d642-d964-46cc-8934-b8072d54f8f1 None None] Matched CREATE: ChassisAgentWriteEvent(events=('create', 'update'), table='Chassis_Private', conditions=None, old_conditions=None), priority=20 to row=Chassis_Private(uuid=79efbfa9-2275-46c2-9b87-98b99b03de5d, chassis=0d22ea31-0d05-46c3-9af4-2c6dec6fbe6f, external_ids={'neutron:ovn-bridge': 'br-int', 'neutron:ovn-neutron-agent-id': 'de987a1f-fec5-5ed4-9fd1-faf0594659fc', 'neutron:ovn-neutron-agent-sb-cfg': '0'}, name='1cbf26d6-5409-459c-a42d-5d853947833a', nb_cfg=0, nb_cfg_timestamp=0) old= {{(pid=101801) matches /opt/stack/data/venv/lib/python3.12/site-packages/ovsdbapp/backend/ovs_idl/event.py:55}}
Aug 25 00:34:21.270977 np0000191043 devstack@neutron-api.service[101801]: DEBUG ovsdbapp.backend.ovs_idl.event [None req-67d7d642-d964-46cc-8934-b8072d54f8f1 None None] Matched CREATE: ChassisOVNAgentWriteEvent(events=('create', 'update'), table='Chassis_Private', conditions=None, old_conditions=None), priority=20 to row=Chassis_Private(uuid=79efbfa9-2275-46c2-9b87-98b99b03de5d, chassis=0d22ea31-0d05-46c3-9af4-2c6dec6fbe6f, external_ids={'neutron:ovn-bridge': 'br-int', 'neutron:ovn-neutron-agent-id': 'de987a1f-fec5-5ed4-9fd1-faf0594659fc', 'neutron:ovn-neutron-agent-sb-cfg': '0'}, name='1cbf26d6-5409-459c-a42d-5d853947833a', nb_cfg=0, nb_cfg_timestamp=0) old= {{(pid=101801) matches /opt/stack/data/venv/lib/python3.12/site-packages/ovsdbapp/backend/ovs_idl/event.py:55}}
Aug 25 00:34:21.273185 np0000191043 devstack@neutron-api.service[101801]: INFO neutron.plugins.ml2.drivers.ovn.mech_driver.mech_driver [None req-67d7d642-d964-46cc-8934-b8072d54f8f1 None None] WorkerService process has finished the post initialization
Aug 25 00:34:21.273512 np0000191043 devstack@neutron-api.service[101801]: DEBUG oslo_concurrency.processutils [None req-67d7d642-d964-46cc-8934-b8072d54f8f1 None None] Running cmd (subprocess): ovsdb-client transact ssl:199.204.45.205:6641 --timeout 180 -p /opt/stack/data/CA/int-ca/private/devstack-cert.key -c /opt/stack/data/CA/int-ca/devstack-cert.crt -C /opt/stack/data/CA/int-ca/ca-chain.pem ["OVN_Northbound", {"op": "wait", "timeout": 0, "table": "Port_Group", "where": [["name", "==", "pvlan_pg_drop"]], "until": "==", "rows": []}, {"op": "insert", "table": "ACL", "row": {"action": "drop", "direction": "to-lport", "match": "outport == @pvlan_pg_drop && ip", "priority": 1010}, "uuid-name": "pvlandroptoport"}, {"op": "insert", "table": "ACL", "row": {"action": "drop", "direction": "from-lport", "match": "inport == @pvlan_pg_drop && ip", "priority": 1010}, "uuid-name": "pvlandropfromport"}, {"op": "insert", "table": "Port_Group", "row": {"name": "pvlan_pg_drop", "acls": ["set", [["named-uuid", "pvlandroptoport"], ["named-uuid", "pvlandropfromport"]]]}}] {{(pid=101801) execute /opt/stack/data/venv/lib/python3.12/site-packages/oslo_concurrency/processutils.py:440}}
Aug 25 00:34:21.291690 np0000191043 devstack@neutron-api.service[101802]: DEBUG neutron.common.ovn.hash_ring_manager [None req-28bd0933-ac2c-4b45-b4b1-fd0a201a2b11 None None] Allow caching, nodes 4>=4 {{(pid=101802) _wait_startup_before_caching /opt/stack/neutron/neutron/common/ovn/hash_ring_manager.py:71}}
Aug 25 00:34:21.293378 np0000191043 devstack@neutron-api.service[101799]: DEBUG neutron.common.ovn.hash_ring_manager [None req-02127c95-cc1a-42d7-842d-162f7f2f03c8 None None] Allow caching, nodes 4>=4 {{(pid=101799) _wait_startup_before_caching /opt/stack/neutron/neutron/common/ovn/hash_ring_manager.py:71}}
Aug 25 00:34:21.296526 np0000191043 devstack@neutron-api.service[101802]: DEBUG neutron.common.ovn.hash_ring_manager [None req-28bd0933-ac2c-4b45-b4b1-fd0a201a2b11 None None] Hash Ring loaded. 4 active nodes. 0 offline nodes {{(pid=101802) _load_hash_ring /opt/stack/neutron/neutron/common/ovn/hash_ring_manager.py:110}}
Aug 25 00:34:21.296758 np0000191043 devstack@neutron-api.service[101802]: DEBUG neutron.plugins.ml2.drivers.ovn.mech_driver.ovsdb.ovsdb_monitor [None req-28bd0933-ac2c-4b45-b4b1-fd0a201a2b11 None None] Hash Ring: Node 70d332c3623e5ff593b49ef5eda2ae62 (host: np0000191043) handling event "create" for row 0d22ea31-0d05-46c3-9af4-2c6dec6fbe6f (table: Chassis) {{(pid=101802) notify /opt/stack/neutron/neutron/plugins/ml2/drivers/ovn/mech_driver/ovsdb/ovsdb_monitor.py:1099}}
Aug 25 00:34:21.298252 np0000191043 devstack@neutron-api.service[101802]: DEBUG ovsdbapp.backend.ovs_idl.event [None req-28bd0933-ac2c-4b45-b4b1-fd0a201a2b11 None None] Matched CREATE: ChassisBandwidthConfigEvent(events=('create', 'update'), table='Chassis', conditions=None, old_conditions=None), priority=20 to row=Chassis(uuid=0d22ea31-0d05-46c3-9af4-2c6dec6fbe6f, encaps=[1b8be4d2-853e-49b0-9772-4c4b498cccbe], external_ids={}, hostname='np0000191043', name='1cbf26d6-5409-459c-a42d-5d853947833a', nb_cfg=0, other_config={'ct-commit-nat-v2': 'true', 'ct-commit-to-zone': 'true', 'ct-next-zone': 'true', 'ct-no-masked-label': 'true', 'ct-state-save': 'true', 'datapath-type': 'system', 'fdb-timestamp': 'true', 'iface-types': 'afxdp,afxdp-nonpmd,bareudp,erspan,geneve,gre,gtpu,internal,ip6erspan,ip6gre,lisp,patch,srv6,stt,system,tap,vxlan', 'is-interconn': 'false', 'ls-dpg-column': 'true', 'mac-binding-timestamp': 'true', 'ovn-bridge-mappings': 'public:br-ex', 'ovn-chassis-mac-mappings': '', 'ovn-cms-options': 'enable-chassis-as-gw', 'ovn-ct-lb-related': 'true', 'ovn-enable-lflow-cache': 'true', 'ovn-limit-lflow-cache': '', 'ovn-memlimit-lflow-cache-kb': '', 'ovn-monitor-all': 'false', 'ovn-trim-limit-lflow-cache': '', 'ovn-trim-timeout-ms': '', 'ovn-trim-wmark-perc-lflow-cache': '', 'port-up-notif': 'true'}, transport_zones=[], vtep_logical_switches=[]) old= {{(pid=101802) matches /opt/stack/data/venv/lib/python3.12/site-packages/ovsdbapp/backend/ovs_idl/event.py:55}}
Aug 25 00:34:21.298416 np0000191043 devstack@neutron-api.service[101799]: DEBUG neutron.common.ovn.hash_ring_manager [None req-02127c95-cc1a-42d7-842d-162f7f2f03c8 None None] Hash Ring loaded. 4 active nodes. 0 offline nodes {{(pid=101799) _load_hash_ring /opt/stack/neutron/neutron/common/ovn/hash_ring_manager.py:110}}
Aug 25 00:34:21.298742 np0000191043 devstack@neutron-api.service[101799]: DEBUG neutron.plugins.ml2.drivers.ovn.mech_driver.ovsdb.ovsdb_monitor [None req-02127c95-cc1a-42d7-842d-162f7f2f03c8 None None] Hash Ring: Node 3d4d314ef5c25463ac8e3b7d36ef3094 (host: np0000191043) handling event "create" for row 62527801-368a-4f9f-b8a7-d0bf412a8ece (table: Port_Group) {{(pid=101799) notify /opt/stack/neutron/neutron/plugins/ml2/drivers/ovn/mech_driver/ovsdb/ovsdb_monitor.py:1099}}
