2026-05-30 03:04:07.340 8 INFO neutron.plugins.ml2.plugin [None req-1f137d7d-1a51-4ea7-b3dc-318c4dacd031 - - - - - -] Attempt 1 to provision port c9520a51-c59b-4291-b715-2215751e06c3
2026-05-30 03:04:07.450 8 INFO neutron.notifiers.nova [-] Nova event matching ['req-d5814913-0f15-42da-8c91-791648f256a6'] response: {'server_uuid': '50947084-11e0-4c75-baa2-842536fba4e3', 'name': 'network-vif-plugged', 'status': 'completed', 'tag': 'c9520a51-c59b-4291-b715-2215751e06c3', 'code': 200}
2026-05-30 03:04:08.898 8 INFO neutron.plugins.ml2.plugin [None req-1f137d7d-1a51-4ea7-b3dc-318c4dacd031 - - - - - -] Attempt 1 to provision port da987d4b-dafd-4000-be46-3022f10115da
2026-05-30 03:04:09.216 8 INFO neutron.plugins.ml2.plugin [None req-1f137d7d-1a51-4ea7-b3dc-318c4dacd031 - - - - - -] Attempt 1 to provision port c9520a51-c59b-4291-b715-2215751e06c3
2026-05-30 03:04:09.415 8 INFO neutron.plugins.ml2.plugin [None req-1f137d7d-1a51-4ea7-b3dc-318c4dacd031 - - - - - -] Attempt 1 to provision port 6ff7179b-1361-4870-ba18-217b92be4e33
2026-05-30 03:04:10.199 9 INFO neutron.notifiers.nova [-] Nova event matching ['req-b67d999b-3731-484e-a59e-efe695ce7c3a'] response: {'server_uuid': 'c49d0cd2-34aa-4fab-804f-43db403452cc', 'name': 'network-vif-unplugged', 'status': 'completed', 'tag': '65aec5e6-bb66-4c83-8eb7-00198c7c5d06', 'code': 200}
2026-05-30 03:04:10.886 8 INFO neutron.plugins.ml2.plugin [None req-1f137d7d-1a51-4ea7-b3dc-318c4dacd031 - - - - - -] Attempt 1 to provision port 6ff7179b-1361-4870-ba18-217b92be4e33
2026-05-30 03:04:11.081 8 INFO neutron.plugins.ml2.plugin [None req-1f137d7d-1a51-4ea7-b3dc-318c4dacd031 - - - - - -] Attempt 1 to provision port d3e16da5-2883-459d-9da5-f8c432cbab78
2026-05-30 03:04:11.461 8 INFO neutron.plugins.ml2.plugin [None req-1f137d7d-1a51-4ea7-b3dc-318c4dacd031 - - - - - -] Attempt 1 to provision port da987d4b-dafd-4000-be46-3022f10115da
2026-05-30 03:04:13.154 8 INFO neutron.plugins.ml2.plugin [None req-1f137d7d-1a51-4ea7-b3dc-318c4dacd031 - - - - - -] Attempt 1 to provision port 65aec5e6-bb66-4c83-8eb7-00198c7c5d06
2026-05-30 03:04:13.273 8 INFO neutron.notifiers.nova [-] Nova event matching ['req-ca8b7e05-87d5-4b4c-9bf7-460c21d7a454'] response: {'server_uuid': 'c49d0cd2-34aa-4fab-804f-43db403452cc', 'name': 'network-vif-plugged', 'status': 'completed', 'tag': '65aec5e6-bb66-4c83-8eb7-00198c7c5d06', 'code': 200}
2026-05-30 03:04:13.591 8 INFO neutron.plugins.ml2.plugin [None req-1f137d7d-1a51-4ea7-b3dc-318c4dacd031 - - - - - -] Attempt 1 to provision port 6354d1ea-b378-4409-ad46-c0385f212079
2026-05-30 03:04:13.932 8 INFO neutron.plugins.ml2.plugin [None req-1f137d7d-1a51-4ea7-b3dc-318c4dacd031 - - - - - -] Attempt 1 to provision port ee60a3fd-6c61-4133-baa2-90f2ea2195fc
2026-05-30 03:04:15.096 9 INFO neutron.plugins.ml2.plugin [None req-4ae670a3-75f6-4aff-93a8-1baebe1e3bc6 - - - - - -] Attempt 1 to provision port 6b536d66-36fe-41fe-ad2a-939269c9ddcf
2026-05-30 03:04:15.498 8 INFO neutron.plugins.ml2.plugin [None req-1f137d7d-1a51-4ea7-b3dc-318c4dacd031 - - - - - -] Attempt 1 to provision port ee60a3fd-6c61-4133-baa2-90f2ea2195fc
2026-05-30 03:04:15.655 8 INFO neutron.plugins.ml2.plugin [None req-1f137d7d-1a51-4ea7-b3dc-318c4dacd031 - - - - - -] Attempt 1 to provision port 65aec5e6-bb66-4c83-8eb7-00198c7c5d06
2026-05-30 03:04:15.866 8 INFO neutron.plugins.ml2.plugin [None req-1f137d7d-1a51-4ea7-b3dc-318c4dacd031 - - - - - -] Attempt 1 to provision port 6354d1ea-b378-4409-ad46-c0385f212079
2026-05-30 03:04:16.095 8 INFO neutron.plugins.ml2.plugin [None req-1f137d7d-1a51-4ea7-b3dc-318c4dacd031 - - - - - -] Attempt 1 to provision port 6b536d66-36fe-41fe-ad2a-939269c9ddcf
2026-05-30 03:04:18.417 9 INFO neutron.plugins.ml2.plugin [None req-d47f977d-437c-43db-bf5a-abc3ac41808b - - - - - -] Attempt 1 to provision port 6b536d66-36fe-41fe-ad2a-939269c9ddcf
2026-05-30 03:04:19.640 9 INFO neutron.plugins.ml2.plugin [None req-1f137d7d-1a51-4ea7-b3dc-318c4dacd031 - - - - - -] Attempt 1 to provision port 6b536d66-36fe-41fe-ad2a-939269c9ddcf
2026-05-30 03:04:25.550 9 INFO neutron.plugins.ml2.plugin [None req-2dcb0140-e545-4b0b-b058-45b3586d5b3f - - - - - -] Attempt 1 to provision port d91e054a-c5a1-4b19-a256-7d0b16dd3a05
2026-05-30 03:04:46.348 8 ERROR oslo_messaging.rpc.server [None req-2fd71501-e528-43ec-9e93-afc106a8c6c6 - - - - - -] Exception during message handling: neutron_lib.exceptions.PortNotFound: Port ccc5564f-232d-4522-9abf-8fff0b164585 could not be found.
2026-05-30 03:04:46.348 8 ERROR oslo_messaging.rpc.server
Traceback (most recent call last):
2026-05-30 03:04:46.348 8 ERROR oslo_messaging.rpc.server
File "/var/lib/openstack/lib/python3.12/site-packages/neutron/db/db_base_plugin_common.py", line 295, in _get_port
2026-05-30 03:04:46.348 8 ERROR oslo_messaging.rpc.server port = model_query.get_by_id(context, models_v2.Port, id,
2026-05-30 03:04:46.348 8 ERROR oslo_messaging.rpc.server ^^^^^^^^^^^^^^^^^^^^^^^^^^^^^^^^^^^^^^^^^^^^^^^^^^
2026-05-30 03:04:46.348 8 ERROR oslo_messaging.rpc.server
File "/var/lib/openstack/lib/python3.12/site-packages/neutron_lib/db/model_query.py", line 211, in get_by_id
2026-05-30 03:04:46.348 8 ERROR oslo_messaging.rpc.server return query.filter(model.id == object_id).one()
2026-05-30 03:04:46.348 8 ERROR oslo_messaging.rpc.server ^^^^^^^^^^^^^^^^^^^^^^^^^^^^^^^^^^^^^^^^^
2026-05-30 03:04:46.348 8 ERROR oslo_messaging.rpc.server
File "/var/lib/openstack/lib/python3.12/site-packages/sqlalchemy/orm/query.py", line 2778, in one
2026-05-30 03:04:46.348 8 ERROR oslo_messaging.rpc.server return self._iter().one() # type: ignore
2026-05-30 03:04:46.348 8 ERROR oslo_messaging.rpc.server ^^^^^^^^^^^^^^^^^^
2026-05-30 03:04:46.348 8 ERROR oslo_messaging.rpc.server
File "/var/lib/openstack/lib/python3.12/site-packages/sqlalchemy/engine/result.py", line 1810, in one
2026-05-30 03:04:46.348 8 ERROR oslo_messaging.rpc.server return self._only_one_row(
2026-05-30 03:04:46.348 8 ERROR oslo_messaging.rpc.server ^^^^^^^^^^^^^^^^^^^
2026-05-30 03:04:46.348 8 ERROR oslo_messaging.rpc.server
File "/var/lib/openstack/lib/python3.12/site-packages/sqlalchemy/engine/result.py", line 752, in _only_one_row
2026-05-30 03:04:46.348 8 ERROR oslo_messaging.rpc.server raise exc.NoResultFound(
2026-05-30 03:04:46.348 8 ERROR oslo_messaging.rpc.server sqlalchemy.exc.NoResultFound: No row was found when one was required
2026-05-30 03:04:46.348 8 ERROR oslo_messaging.rpc.server
2026-05-30 03:04:46.348 8 ERROR oslo_messaging.rpc.server During handling of the above exception, another exception occurred:
2026-05-30 03:04:46.348 8 ERROR oslo_messaging.rpc.server
2026-05-30 03:04:46.348 8 ERROR oslo_messaging.rpc.server
Traceback (most recent call last):
2026-05-30 03:04:46.348 8 ERROR oslo_messaging.rpc.server
File "/var/lib/openstack/lib/python3.12/site-packages/oslo_messaging/rpc/server.py", line 172, in _process_incoming
2026-05-30 03:04:46.348 8 ERROR oslo_messaging.rpc.server res = self.dispatcher.dispatch(message)
2026-05-30 03:04:46.348 8 ERROR oslo_messaging.rpc.server ^^^^^^^^^^^^^^^^^^^^^^^^^^^^^^^^^
2026-05-30 03:04:46.348 8 ERROR oslo_messaging.rpc.server
File "/var/lib/openstack/lib/python3.12/site-packages/oslo_messaging/rpc/dispatcher.py", line 309, in dispatch
2026-05-30 03:04:46.348 8 ERROR oslo_messaging.rpc.server return self._do_dispatch(endpoint, method, ctxt, args)
2026-05-30 03:04:46.348 8 ERROR oslo_messaging.rpc.server ^^^^^^^^^^^^^^^^^^^^^^^^^^^^^^^^^^^^^^^^^^^^^^^
2026-05-30 03:04:46.348 8 ERROR oslo_messaging.rpc.server
File "/var/lib/openstack/lib/python3.12/site-packages/oslo_messaging/rpc/dispatcher.py", line 229, in _do_dispatch
2026-05-30 03:04:46.348 8 ERROR oslo_messaging.rpc.server result = func(ctxt, **new_args)
2026-05-30 03:04:46.348 8 ERROR oslo_messaging.rpc.server ^^^^^^^^^^^^^^^^^^^^^^
2026-05-30 03:04:46.348 8 ERROR oslo_messaging.rpc.server
File "/var/lib/openstack/lib/python3.12/site-packages/neutron_lib/db/api.py", line 137, in wrapped
2026-05-30 03:04:46.348 8 ERROR oslo_messaging.rpc.server with excutils.save_and_reraise_exception():
2026-05-30 03:04:46.348 8 ERROR oslo_messaging.rpc.server
File "/var/lib/openstack/lib/python3.12/site-packages/oslo_utils/excutils.py", line 227, in __exit__
2026-05-30 03:04:46.348 8 ERROR oslo_messaging.rpc.server self.force_reraise()
2026-05-30 03:04:46.348 8 ERROR oslo_messaging.rpc.server
File "/var/lib/openstack/lib/python3.12/site-packages/oslo_utils/excutils.py", line 200, in force_reraise
2026-05-30 03:04:46.348 8 ERROR oslo_messaging.rpc.server raise self.value
2026-05-30 03:04:46.348 8 ERROR oslo_messaging.rpc.server
File "/var/lib/openstack/lib/python3.12/site-packages/neutron_lib/db/api.py", line 135, in wrapped
2026-05-30 03:04:46.348 8 ERROR oslo_messaging.rpc.server return f(*args, **kwargs)
2026-05-30 03:04:46.348 8 ERROR oslo_messaging.rpc.server ^^^^^^^^^^^^^^^^^^
2026-05-30 03:04:46.348 8 ERROR oslo_messaging.rpc.server
File "/var/lib/openstack/lib/python3.12/site-packages/oslo_db/api.py", line 144, in wrapper
2026-05-30 03:04:46.348 8 ERROR oslo_messaging.rpc.server with excutils.save_and_reraise_exception() as ectxt:
2026-05-30 03:04:46.348 8 ERROR oslo_messaging.rpc.server
File "/var/lib/openstack/lib/python3.12/site-packages/oslo_utils/excutils.py", line 227, in __exit__
2026-05-30 03:04:46.348 8 ERROR oslo_messaging.rpc.server self.force_reraise()
2026-05-30 03:04:46.348 8 ERROR oslo_messaging.rpc.server
File "/var/lib/openstack/lib/python3.12/site-packages/oslo_utils/excutils.py", line 200, in force_reraise
2026-05-30 03:04:46.348 8 ERROR oslo_messaging.rpc.server raise self.value
2026-05-30 03:04:46.348 8 ERROR oslo_messaging.rpc.server
File "/var/lib/openstack/lib/python3.12/site-packages/oslo_db/api.py", line 142, in wrapper
2026-05-30 03:04:46.348 8 ERROR oslo_messaging.rpc.server return f(*args, **kwargs)
2026-05-30 03:04:46.348 8 ERROR oslo_messaging.rpc.server ^^^^^^^^^^^^^^^^^^
2026-05-30 03:04:46.348 8 ERROR oslo_messaging.rpc.server
File "/var/lib/openstack/lib/python3.12/site-packages/neutron_lib/db/api.py", line 183, in wrapped
2026-05-30 03:04:46.348 8 ERROR oslo_messaging.rpc.server with excutils.save_and_reraise_exception():
2026-05-30 03:04:46.348 8 ERROR oslo_messaging.rpc.server
File "/var/lib/openstack/lib/python3.12/site-packages/oslo_utils/excutils.py", line 227, in __exit__
2026-05-30 03:04:46.348 8 ERROR oslo_messaging.rpc.server self.force_reraise()
2026-05-30 03:04:46.348 8 ERROR oslo_messaging.rpc.server
File "/var/lib/openstack/lib/python3.12/site-packages/oslo_utils/excutils.py", line 200, in force_reraise
2026-05-30 03:04:46.348 8 ERROR oslo_messaging.rpc.server raise self.value
2026-05-30 03:04:46.348 8 ERROR oslo_messaging.rpc.server
File "/var/lib/openstack/lib/python3.12/site-packages/neutron_lib/db/api.py", line 181, in wrapped
2026-05-30 03:04:46.348 8 ERROR oslo_messaging.rpc.server return f(*dup_args, **dup_kwargs)
2026-05-30 03:04:46.348 8 ERROR oslo_messaging.rpc.server ^^^^^^^^^^^^^^^^^^^^^^^^^^
2026-05-30 03:04:46.348 8 ERROR oslo_messaging.rpc.server
File "/var/lib/openstack/lib/python3.12/site-packages/neutron/api/rpc/handlers/dhcp_rpc.py", line 340, in get_dhcp_port
2026-05-30 03:04:46.348 8 ERROR oslo_messaging.rpc.server return plugin.get_port(context, port_id)
2026-05-30 03:04:46.348 8 ERROR oslo_messaging.rpc.server ^^^^^^^^^^^^^^^^^^^^^^^^^^^^^^^^^
2026-05-30 03:04:46.348 8 ERROR oslo_messaging.rpc.server
File "/var/lib/openstack/lib/python3.12/site-packages/neutron_lib/db/api.py", line 223, in wrapped
2026-05-30 03:04:46.348 8 ERROR oslo_messaging.rpc.server return f_with_retry(*args, **kwargs,
2026-05-30 03:04:46.348 8 ERROR oslo_messaging.rpc.server ^^^^^^^^^^^^^^^^^^^^^^^^^^^^^
2026-05-30 03:04:46.348 8 ERROR oslo_messaging.rpc.server
File "/var/lib/openstack/lib/python3.12/site-packages/neutron_lib/db/api.py", line 137, in wrapped
2026-05-30 03:04:46.348 8 ERROR oslo_messaging.rpc.server with excutils.save_and_reraise_exception():
2026-05-30 03:04:46.348 8 ERROR oslo_messaging.rpc.server
File "/var/lib/openstack/lib/python3.12/site-packages/oslo_utils/excutils.py", line 227, in __exit__
2026-05-30 03:04:46.348 8 ERROR oslo_messaging.rpc.server self.force_reraise()
2026-05-30 03:04:46.348 8 ERROR oslo_messaging.rpc.server
File "/var/lib/openstack/lib/python3.12/site-packages/oslo_utils/excutils.py", line 200, in force_reraise
2026-05-30 03:04:46.348 8 ERROR oslo_messaging.rpc.server raise self.value
2026-05-30 03:04:46.348 8 ERROR oslo_messaging.rpc.server
File "/var/lib/openstack/lib/python3.12/site-packages/neutron_lib/db/api.py", line 135, in wrapped
2026-05-30 03:04:46.348 8 ERROR oslo_messaging.rpc.server return f(*args, **kwargs)
2026-05-30 03:04:46.348 8 ERROR oslo_messaging.rpc.server ^^^^^^^^^^^^^^^^^^
2026-05-30 03:04:46.348 8 ERROR oslo_messaging.rpc.server
File "/var/lib/openstack/lib/python3.12/site-packages/oslo_db/api.py", line 144, in wrapper
2026-05-30 03:04:46.348 8 ERROR oslo_messaging.rpc.server with excutils.save_and_reraise_exception() as ectxt:
2026-05-30 03:04:46.348 8 ERROR oslo_messaging.rpc.server
File "/var/lib/openstack/lib/python3.12/site-packages/oslo_utils/excutils.py", line 227, in __exit__
2026-05-30 03:04:46.348 8 ERROR oslo_messaging.rpc.server self.force_reraise()
2026-05-30 03:04:46.348 8 ERROR oslo_messaging.rpc.server
File "/var/lib/openstack/lib/python3.12/site-packages/oslo_utils/excutils.py", line 200, in force_reraise
2026-05-30 03:04:46.348 8 ERROR oslo_messaging.rpc.server raise self.value
2026-05-30 03:04:46.348 8 ERROR oslo_messaging.rpc.server
File "/var/lib/openstack/lib/python3.12/site-packages/oslo_db/api.py", line 142, in wrapper
2026-05-30 03:04:46.348 8 ERROR oslo_messaging.rpc.server return f(*args, **kwargs)
2026-05-30 03:04:46.348 8 ERROR oslo_messaging.rpc.server ^^^^^^^^^^^^^^^^^^
2026-05-30 03:04:46.348 8 ERROR oslo_messaging.rpc.server
File "/var/lib/openstack/lib/python3.12/site-packages/neutron_lib/db/api.py", line 183, in wrapped
2026-05-30 03:04:46.348 8 ERROR oslo_messaging.rpc.server with excutils.save_and_reraise_exception():
2026-05-30 03:04:46.348 8 ERROR oslo_messaging.rpc.server
File "/var/lib/openstack/lib/python3.12/site-packages/oslo_utils/excutils.py", line 227, in __exit__
2026-05-30 03:04:46.348 8 ERROR oslo_messaging.rpc.server self.force_reraise()
2026-05-30 03:04:46.348 8 ERROR oslo_messaging.rpc.server
File "/var/lib/openstack/lib/python3.12/site-packages/oslo_utils/excutils.py", line 200, in force_reraise
2026-05-30 03:04:46.348 8 ERROR oslo_messaging.rpc.server raise self.value
2026-05-30 03:04:46.348 8 ERROR oslo_messaging.rpc.server
File "/var/lib/openstack/lib/python3.12/site-packages/neutron_lib/db/api.py", line 181, in wrapped
2026-05-30 03:04:46.348 8 ERROR oslo_messaging.rpc.server return f(*dup_args, **dup_kwargs)
2026-05-30 03:04:46.348 8 ERROR oslo_messaging.rpc.server ^^^^^^^^^^^^^^^^^^^^^^^^^^
2026-05-30 03:04:46.348 8 ERROR oslo_messaging.rpc.server
File "/var/lib/openstack/lib/python3.12/site-packages/oslo_db/sqlalchemy/enginefacade.py", line 998, in wrapper
2026-05-30 03:04:46.348 8 ERROR oslo_messaging.rpc.server return fn(*args, **kwargs)
2026-05-30 03:04:46.348 8 ERROR oslo_messaging.rpc.server ^^^^^^^^^^^^^^^^^^^
2026-05-30 03:04:46.348 8 ERROR oslo_messaging.rpc.server
File "/var/lib/openstack/lib/python3.12/site-packages/neutron/db/db_base_plugin_v2.py", line 1665, in get_port
2026-05-30 03:04:46.348 8 ERROR oslo_messaging.rpc.server port = self._get_port(context, id, lazy_fields=lazy_fields)
2026-05-30 03:04:46.348 8 ERROR oslo_messaging.rpc.server ^^^^^^^^^^^^^^^^^^^^^^^^^^^^^^^^^^^^^^^^^^^^^^^^^^^^
2026-05-30 03:04:46.348 8 ERROR oslo_messaging.rpc.server
File "/var/lib/openstack/lib/python3.12/site-packages/oslo_db/sqlalchemy/enginefacade.py", line 998, in wrapper
2026-05-30 03:04:46.348 8 ERROR oslo_messaging.rpc.server return fn(*args, **kwargs)
2026-05-30 03:04:46.348 8 ERROR oslo_messaging.rpc.server ^^^^^^^^^^^^^^^^^^^
2026-05-30 03:04:46.348 8 ERROR oslo_messaging.rpc.server
File "/var/lib/openstack/lib/python3.12/site-packages/neutron/db/db_base_plugin_common.py", line 298, in _get_port
2026-05-30 03:04:46.348 8 ERROR oslo_messaging.rpc.server raise exceptions.PortNotFound(port_id=id)
2026-05-30 03:04:46.348 8 ERROR oslo_messaging.rpc.server neutron_lib.exceptions.PortNotFound: Port ccc5564f-232d-4522-9abf-8fff0b164585 could not be found.
2026-05-30 03:04:46.348 8 ERROR oslo_messaging.rpc.server
2026-05-30 03:04:53.524 8 INFO neutron.plugins.ml2.plugin [None req-1f137d7d-1a51-4ea7-b3dc-318c4dacd031 - - - - - -] Attempt 1 to provision port 4c8399e7-1283-4cff-afac-a52cbb1f7653
2026-05-30 03:04:55.503 8 INFO neutron.plugins.ml2.plugin [None req-1f137d7d-1a51-4ea7-b3dc-318c4dacd031 - - - - - -] Attempt 1 to provision port 2481317a-efe3-439c-9c57-d6b1d1743e79
2026-05-30 03:04:55.505 9 INFO neutron.plugins.ml2.plugin [None req-622539ef-ee95-41af-afce-15a7c623db32 - - - - - -] Attempt 1 to provision port 2481317a-efe3-439c-9c57-d6b1d1743e79
2026-05-30 03:04:55.865 8 INFO neutron.plugins.ml2.plugin [None req-1f137d7d-1a51-4ea7-b3dc-318c4dacd031 - - - - - -] Attempt 1 to provision port 0485bc3e-af95-4458-9ce2-8c945aacc944
2026-05-30 03:04:56.237 8 INFO neutron.plugins.ml2.plugin [None req-1f137d7d-1a51-4ea7-b3dc-318c4dacd031 - - - - - -] Attempt 1 to provision port 4c8399e7-1283-4cff-afac-a52cbb1f7653
2026-05-30 03:04:56.475 8 INFO neutron.plugins.ml2.plugin [None req-1f137d7d-1a51-4ea7-b3dc-318c4dacd031 - - - - - -] Attempt 1 to provision port 2d5bf892-4df8-4279-b501-8ae50b71d14c
2026-05-30 03:04:56.714 9 INFO neutron.plugins.ml2.plugin [None req-2fea019e-a276-405e-855f-e0f6e842fc9f - - - - - -] Attempt 1 to provision port 0485bc3e-af95-4458-9ce2-8c945aacc944
2026-05-30 03:04:56.867 9 INFO neutron.plugins.ml2.plugin [None req-2fea019e-a276-405e-855f-e0f6e842fc9f - - - - - -] Attempt 1 to provision port 6e905c5c-dd41-43d9-994b-d7445e2200f2
2026-05-30 03:04:56.895 9 INFO neutron.plugins.ml2.plugin [None req-2fea019e-a276-405e-855f-e0f6e842fc9f - - - - - -] Attempt 1 to provision port 4c8399e7-1283-4cff-afac-a52cbb1f7653
2026-05-30 03:04:56.952 9 INFO neutron.plugins.ml2.plugin [None req-2fea019e-a276-405e-855f-e0f6e842fc9f - - - - - -] Attempt 1 to provision port b6d75a40-b71e-43ed-8b6a-804d3fee7dad
2026-05-30 03:04:56.978 9 INFO neutron.plugins.ml2.plugin [None req-2fea019e-a276-405e-855f-e0f6e842fc9f - - - - - -] Attempt 1 to provision port 2481317a-efe3-439c-9c57-d6b1d1743e79
2026-05-30 03:04:57.031 9 INFO neutron.plugins.ml2.plugin [None req-2fea019e-a276-405e-855f-e0f6e842fc9f - - - - - -] Attempt 1 to provision port 2d5bf892-4df8-4279-b501-8ae50b71d14c
2026-05-30 03:04:57.416 8 INFO neutron.plugins.ml2.plugin [None req-acb7daab-ba6c-4da4-a876-ceeed1f8c8b9 - - - - - -] Attempt 1 to provision port 52af22d6-ca8d-4bcc-bcf5-e368e3443bfe
2026-05-30 03:04:57.440 8 INFO neutron.plugins.ml2.plugin [None req-acb7daab-ba6c-4da4-a876-ceeed1f8c8b9 - - - - - -] Attempt 1 to provision port 0485bc3e-af95-4458-9ce2-8c945aacc944
2026-05-30 03:04:57.471 9 INFO neutron.plugins.ml2.plugin [None req-1f137d7d-1a51-4ea7-b3dc-318c4dacd031 - - - - - -] Attempt 1 to provision port 2481317a-efe3-439c-9c57-d6b1d1743e79
2026-05-30 03:04:57.501 8 INFO neutron.plugins.ml2.plugin [None req-acb7daab-ba6c-4da4-a876-ceeed1f8c8b9 - - - - - -] Attempt 1 to provision port b6d75a40-b71e-43ed-8b6a-804d3fee7dad
2026-05-30 03:04:57.523 8 INFO neutron.plugins.ml2.plugin [None req-acb7daab-ba6c-4da4-a876-ceeed1f8c8b9 - - - - - -] Attempt 1 to provision port 2d5bf892-4df8-4279-b501-8ae50b71d14c
2026-05-30 03:04:57.688 9 INFO neutron.plugins.ml2.plugin [None req-1f137d7d-1a51-4ea7-b3dc-318c4dacd031 - - - - - -] Attempt 1 to provision port 2d5bf892-4df8-4279-b501-8ae50b71d14c
2026-05-30 03:04:57.925 9 INFO neutron.plugins.ml2.plugin [None req-1f137d7d-1a51-4ea7-b3dc-318c4dacd031 - - - - - -] Attempt 1 to provision port 0485bc3e-af95-4458-9ce2-8c945aacc944
2026-05-30 03:04:58.123 8 INFO neutron.plugins.ml2.plugin [None req-4f6a0c83-1e6d-4641-8a5e-5986a1c09926 - - - - - -] Attempt 1 to provision port 52af22d6-ca8d-4bcc-bcf5-e368e3443bfe
2026-05-30 03:05:03.341 9 INFO neutron.plugins.ml2.plugin [None req-809b540e-ef32-4762-9629-2fafaa0bc9dd - - - - - -] Attempt 1 to provision port 9617ac6a-55cb-4390-bbce-13ed216c1f6a
2026-05-30 03:05:03.449 8 INFO neutron.plugins.ml2.plugin [None req-1f137d7d-1a51-4ea7-b3dc-318c4dacd031 - - - - - -] Attempt 1 to provision port 9617ac6a-55cb-4390-bbce-13ed216c1f6a
2026-05-30 03:05:03.654 8 INFO neutron.plugins.ml2.plugin [None req-1f137d7d-1a51-4ea7-b3dc-318c4dacd031 - - - - - -] Attempt 1 to provision port 8e7d1ae4-7e9e-42aa-bf45-f220eed68d81
2026-05-30 03:05:04.255 9 INFO neutron.plugins.ml2.plugin [None req-10de84a8-a205-4e11-b70c-56d32d8e9ccb - - - - - -] Attempt 1 to provision port 8e7d1ae4-7e9e-42aa-bf45-f220eed68d81
2026-05-30 03:05:04.961 9 INFO neutron.plugins.ml2.plugin [None req-a6d3bb18-9a9f-4b1e-b623-5ee6e9309699 - - - - - -] Attempt 1 to provision port 9617ac6a-55cb-4390-bbce-13ed216c1f6a
2026-05-30 03:05:05.070 9 INFO neutron.plugins.ml2.plugin [None req-a6d3bb18-9a9f-4b1e-b623-5ee6e9309699 - - - - - -] Attempt 1 to provision port 8e7d1ae4-7e9e-42aa-bf45-f220eed68d81
2026-05-30 03:05:05.491 9 INFO neutron.plugins.ml2.plugin [None req-1f137d7d-1a51-4ea7-b3dc-318c4dacd031 - - - - - -] Attempt 1 to provision port 9617ac6a-55cb-4390-bbce-13ed216c1f6a
2026-05-30 03:05:05.708 9 INFO neutron.plugins.ml2.plugin [None req-1f137d7d-1a51-4ea7-b3dc-318c4dacd031 - - - - - -] Attempt 1 to provision port 8e7d1ae4-7e9e-42aa-bf45-f220eed68d81
2026-05-30 03:05:09.453 8 INFO neutron.plugins.ml2.plugin [None req-1f137d7d-1a51-4ea7-b3dc-318c4dacd031 - - - - - -] Attempt 1 to provision port d8143464-1c51-431a-8c40-5360aa059eeb
2026-05-30 03:05:09.680 8 INFO neutron.plugins.ml2.plugin [None req-1e8a69d7-ac2c-4b80-a116-59126f0dc9c1 - - - - - -] Attempt 1 to provision port 3bdb5e22-d7f0-4f65-b9f8-05b341dedeb7
2026-05-30 03:05:09.908 8 INFO neutron.plugins.ml2.plugin [None req-1f137d7d-1a51-4ea7-b3dc-318c4dacd031 - - - - - -] Attempt 1 to provision port 3bdb5e22-d7f0-4f65-b9f8-05b341dedeb7
2026-05-30 03:05:10.395 9 INFO neutron.plugins.ml2.plugin [None req-e2c6f7a0-fb03-4063-b5e6-77d602ef3508 - - - - - -] Attempt 1 to provision port d8143464-1c51-431a-8c40-5360aa059eeb
2026-05-30 03:05:11.098 9 INFO neutron.plugins.ml2.plugin [None req-f04e73c9-92dc-41e2-a759-9dcf18bf46e3 - - - - - -] Attempt 1 to provision port 3bdb5e22-d7f0-4f65-b9f8-05b341dedeb7
2026-05-30 03:05:11.177 9 INFO neutron.plugins.ml2.plugin [None req-f04e73c9-92dc-41e2-a759-9dcf18bf46e3 - - - - - -] Attempt 1 to provision port d8143464-1c51-431a-8c40-5360aa059eeb
2026-05-30 03:05:11.493 8 INFO neutron.plugins.ml2.plugin [None req-1f137d7d-1a51-4ea7-b3dc-318c4dacd031 - - - - - -] Attempt 1 to provision port 3bdb5e22-d7f0-4f65-b9f8-05b341dedeb7
2026-05-30 03:05:11.565 8 INFO neutron.plugins.ml2.plugin [None req-1f137d7d-1a51-4ea7-b3dc-318c4dacd031 - - - - - -] No ports have port_id starting with 3bdb5e22-d7f0-4f65-b9f8-05b341dedeb7
2026-05-30 03:05:13.114 8 INFO neutron.plugins.ml2.plugin [None req-d5524998-5083-4e52-873e-9ceb069d582f - - - - - -] Attempt 1 to provision port ce3580cd-37d3-44f2-94da-54ae5544372b
2026-05-30 03:05:13.818 8 INFO neutron.plugins.ml2.plugin [None req-7b5b9f8a-bdfc-4ea3-9d67-d784988f283a - - - - - -] Attempt 1 to provision port 81938900-7195-4e10-ba3b-6271dffebe50
2026-05-30 03:05:25.527 8 INFO neutron.plugins.ml2.plugin [None req-1f137d7d-1a51-4ea7-b3dc-318c4dacd031 - - - - - -] Attempt 1 to provision port 2d9e1d50-1dec-4b54-97ea-e0b9b679d993
2026-05-30 03:05:26.568 9 INFO neutron.plugins.ml2.plugin [None req-c1841589-9f20-4f38-9f11-5a8ddca6fc6b - - - - - -] Attempt 1 to provision port 2d9e1d50-1dec-4b54-97ea-e0b9b679d993
2026-05-30 03:05:27.483 9 INFO neutron.plugins.ml2.plugin [None req-fd78d998-b94e-4bb8-aeba-f112d76d3a73 - - - - - -] Attempt 1 to provision port 10082bf3-3094-4133-af76-e7ca800348b3
2026-05-30 03:05:27.623 9 INFO neutron.plugins.ml2.plugin [None req-1f137d7d-1a51-4ea7-b3dc-318c4dacd031 - - - - - -] Attempt 1 to provision port 2d9e1d50-1dec-4b54-97ea-e0b9b679d993
2026-05-30 03:05:27.866 9 INFO neutron.plugins.ml2.plugin [None req-1f137d7d-1a51-4ea7-b3dc-318c4dacd031 - - - - - -] Attempt 1 to provision port 10082bf3-3094-4133-af76-e7ca800348b3
2026-05-30 03:05:28.116 9 INFO neutron.plugins.ml2.plugin [None req-1f137d7d-1a51-4ea7-b3dc-318c4dacd031 - - - - - -] Attempt 1 to provision port a2fa8ae9-23fa-4d0b-8479-0dedff9dc984
2026-05-30 03:05:28.191 9 INFO neutron.plugins.ml2.plugin [None req-4a835e97-fc7e-48ce-aaff-cf0d50bf19b7 - - - - - -] Attempt 1 to provision port 5611bea7-314e-40bf-89a5-82a9c66694ec
2026-05-30 03:05:28.887 8 INFO neutron.plugins.ml2.plugin [None req-12ab09ac-0f07-41b8-849e-c8611ff5bca2 - - - - - -] Attempt 1 to provision port a2fa8ae9-23fa-4d0b-8479-0dedff9dc984
2026-05-30 03:05:28.940 8 INFO neutron.plugins.ml2.plugin [None req-12ab09ac-0f07-41b8-849e-c8611ff5bca2 - - - - - -] Attempt 1 to provision port 2d9e1d50-1dec-4b54-97ea-e0b9b679d993
2026-05-30 03:05:29.433 8 INFO neutron.plugins.ml2.plugin [None req-1f137d7d-1a51-4ea7-b3dc-318c4dacd031 - - - - - -] Attempt 1 to provision port 10082bf3-3094-4133-af76-e7ca800348b3
2026-05-30 03:05:29.602 9 INFO neutron.plugins.ml2.plugin [None req-45ccf4d9-cd1a-443c-bba6-464d7b2e4c14 - - - - - -] Attempt 1 to provision port 10082bf3-3094-4133-af76-e7ca800348b3
2026-05-30 03:05:29.660 8 INFO neutron.plugins.ml2.plugin [None req-1f137d7d-1a51-4ea7-b3dc-318c4dacd031 - - - - - -] Attempt 1 to provision port a2fa8ae9-23fa-4d0b-8479-0dedff9dc984
2026-05-30 03:05:30.698 9 INFO neutron.plugins.ml2.plugin [None req-973ad997-9854-4a99-8e10-69a0c7a3ee29 - - - - - -] Attempt 1 to provision port 6eefe762-7105-4f22-9e9d-218238198e62
2026-05-30 03:05:31.406 9 INFO neutron.plugins.ml2.plugin [None req-963d6c32-d957-4f20-8a9b-60b2f9aaf092 - - - - - -] Attempt 1 to provision port a2fa8ae9-23fa-4d0b-8479-0dedff9dc984
2026-05-30 03:05:31.480 9 INFO neutron.plugins.ml2.plugin [None req-963d6c32-d957-4f20-8a9b-60b2f9aaf092 - - - - - -] Attempt 1 to provision port 4b1b500f-7510-4ce5-8c77-c0d37b8e1736
2026-05-30 03:05:31.501 8 INFO neutron.plugins.ml2.plugin [None req-1f137d7d-1a51-4ea7-b3dc-318c4dacd031 - - - - - -] Attempt 1 to provision port a320fe1e-f250-4c21-8310-47a3cb0459ab
2026-05-30 03:05:31.511 9 INFO neutron.plugins.ml2.plugin [None req-963d6c32-d957-4f20-8a9b-60b2f9aaf092 - - - - - -] Attempt 1 to provision port 2d9e1d50-1dec-4b54-97ea-e0b9b679d993
2026-05-30 03:05:32.027 8 INFO neutron.plugins.ml2.plugin [None req-1f137d7d-1a51-4ea7-b3dc-318c4dacd031 - - - - - -] Attempt 1 to provision port 81bc5eb0-04f1-4460-a3b1-f99d0473e7cb
2026-05-30 03:05:32.116 9 INFO neutron.plugins.ml2.plugin [None req-c8f4a876-2c80-4463-b744-626678d88d47 - - - - - -] Attempt 1 to provision port 81bc5eb0-04f1-4460-a3b1-f99d0473e7cb
2026-05-30 03:05:32.815 8 INFO neutron.plugins.ml2.plugin [None req-7e018db7-6867-4054-972a-eb09a147821c - - - - - -] Attempt 1 to provision port 15073ad4-6715-4337-8638-2e7d3e71e236
2026-05-30 03:05:32.851 8 INFO neutron.plugins.ml2.plugin [None req-7e018db7-6867-4054-972a-eb09a147821c - - - - - -] Attempt 1 to provision port 4b1b500f-7510-4ce5-8c77-c0d37b8e1736
2026-05-30 03:05:32.886 8 INFO neutron.plugins.ml2.plugin [None req-7e018db7-6867-4054-972a-eb09a147821c - - - - - -] Attempt 1 to provision port a2fa8ae9-23fa-4d0b-8479-0dedff9dc984
2026-05-30 03:05:32.948 8 INFO neutron.plugins.ml2.plugin [None req-7e018db7-6867-4054-972a-eb09a147821c - - - - - -] Attempt 1 to provision port 10082bf3-3094-4133-af76-e7ca800348b3
2026-05-30 03:05:33.524 8 INFO neutron.plugins.ml2.plugin [None req-216cb587-c442-41df-a4f6-d637ea4ff56f - - - - - -] Attempt 1 to provision port 15073ad4-6715-4337-8638-2e7d3e71e236
2026-05-30 03:05:33.544 9 INFO neutron.plugins.ml2.plugin [None req-1f137d7d-1a51-4ea7-b3dc-318c4dacd031 - - - - - -] Attempt 1 to provision port a320fe1e-f250-4c21-8310-47a3cb0459ab
2026-05-30 03:05:33.546 8 INFO neutron.plugins.ml2.plugin [None req-216cb587-c442-41df-a4f6-d637ea4ff56f - - - - - -] Attempt 1 to provision port 4b1b500f-7510-4ce5-8c77-c0d37b8e1736
2026-05-30 03:05:33.590 8 INFO neutron.plugins.ml2.plugin [None req-216cb587-c442-41df-a4f6-d637ea4ff56f - - - - - -] Attempt 1 to provision port 81bc5eb0-04f1-4460-a3b1-f99d0473e7cb
2026-05-30 03:05:33.830 9 INFO neutron.plugins.ml2.plugin [None req-1f137d7d-1a51-4ea7-b3dc-318c4dacd031 - - - - - -] Attempt 1 to provision port b28c2672-8b95-4501-90af-f31b6d1fa723
2026-05-30 03:05:34.183 9 INFO neutron.plugins.ml2.plugin [None req-1f137d7d-1a51-4ea7-b3dc-318c4dacd031 - - - - - -] Attempt 1 to provision port 81bc5eb0-04f1-4460-a3b1-f99d0473e7cb
2026-05-30 03:05:34.227 8 INFO neutron.plugins.ml2.plugin [None req-2ef5cc4b-29e5-4e10-ae91-2e9b8d6888ea - - - - - -] Attempt 1 to provision port 9f971705-6d9d-4a36-9a1c-07cc895416f4
2026-05-30 03:05:34.267 8 INFO neutron.plugins.ml2.plugin [None req-2ef5cc4b-29e5-4e10-ae91-2e9b8d6888ea - - - - - -] Attempt 1 to provision port d224ccdd-10e8-4cb8-9d8d-6feb97ed1fcf
2026-05-30 03:05:34.940 9 INFO neutron.plugins.ml2.plugin [None req-0b4851d3-3af3-479f-8294-388791cac6c7 - - - - - -] Attempt 1 to provision port 15073ad4-6715-4337-8638-2e7d3e71e236
2026-05-30 03:05:34.966 9 INFO neutron.plugins.ml2.plugin [None req-0b4851d3-3af3-479f-8294-388791cac6c7 - - - - - -] Attempt 1 to provision port 9f971705-6d9d-4a36-9a1c-07cc895416f4
2026-05-30 03:05:34.988 9 INFO neutron.plugins.ml2.plugin [None req-0b4851d3-3af3-479f-8294-388791cac6c7 - - - - - -] Attempt 1 to provision port d224ccdd-10e8-4cb8-9d8d-6feb97ed1fcf
2026-05-30 03:05:35.764 9 INFO neutron.plugins.ml2.plugin [None req-1f137d7d-1a51-4ea7-b3dc-318c4dacd031 - - - - - -] Attempt 1 to provision port b28c2672-8b95-4501-90af-f31b6d1fa723
2026-05-30 03:05:35.969 9 INFO neutron.plugins.ml2.plugin [None req-1f137d7d-1a51-4ea7-b3dc-318c4dacd031 - - - - - -] Attempt 1 to provision port 0b8f6362-91d2-485c-930b-a12411531f9e
2026-05-30 03:05:36.639 8 INFO neutron.plugins.ml2.plugin [None req-e0fa7147-22c7-4786-890e-2c7ff8e501ad - - - - - -] Attempt 1 to provision port 64459252-0ecd-4372-95fa-f94b48888df3
2026-05-30 03:05:37.538 9 INFO neutron.plugins.ml2.plugin [None req-2f5bae63-3e96-4308-af12-d6427e1e1888 - - - - - -] Attempt 1 to provision port d4438efb-ec03-4616-81ef-1fd534248b49
2026-05-30 03:05:37.692 8 INFO neutron.plugins.ml2.plugin [None req-1f137d7d-1a51-4ea7-b3dc-318c4dacd031 - - - - - -] Attempt 1 to provision port d4438efb-ec03-4616-81ef-1fd534248b49
2026-05-30 03:05:38.945 8 INFO neutron.plugins.ml2.plugin [None req-54767820-77ef-47f7-8f3a-ca70ad1c16af - - - - - -] Attempt 1 to provision port d4438efb-ec03-4616-81ef-1fd534248b49
2026-05-30 03:05:39.654 8 INFO neutron.plugins.ml2.plugin [None req-d80b5e4b-719f-405b-81e2-1e78c70b1da8 - - - - - -] Attempt 1 to provision port 3634743a-d855-4d9b-ba2b-a94a1cc7d562
2026-05-30 03:05:39.713 9 INFO neutron.plugins.ml2.plugin [None req-1f137d7d-1a51-4ea7-b3dc-318c4dacd031 - - - - - -] Attempt 1 to provision port 4a5d3d42-c62d-412e-b9f8-c6cac49a15ba
2026-05-30 03:05:40.088 9 INFO neutron.plugins.ml2.plugin [None req-1f137d7d-1a51-4ea7-b3dc-318c4dacd031 - - - - - -] Attempt 1 to provision port d4438efb-ec03-4616-81ef-1fd534248b49
2026-05-30 03:05:40.354 8 INFO neutron.plugins.ml2.plugin [None req-fbcfd3de-1134-4aed-a8cd-57679c00c455 - - - - - -] Attempt 1 to provision port 3634743a-d855-4d9b-ba2b-a94a1cc7d562
2026-05-30 03:05:41.530 8 INFO neutron.plugins.ml2.plugin [None req-1f137d7d-1a51-4ea7-b3dc-318c4dacd031 - - - - - -] Attempt 1 to provision port 4a5d3d42-c62d-412e-b9f8-c6cac49a15ba
2026-05-30 03:05:48.077 8 INFO neutron.plugins.ml2.plugin [None req-1f137d7d-1a51-4ea7-b3dc-318c4dacd031 - - - - - -] Attempt 1 to provision port 778f0a84-27a1-4159-a6a3-35642d9eb935
2026-05-30 03:05:48.191 8 INFO neutron.notifiers.nova [-] Nova event matching ['req-44606095-9d4e-4177-b25b-f1bbea94d3c2'] response: {'server_uuid': '40518888-2832-4865-be6a-e737dbb20944', 'name': 'network-vif-plugged', 'status': 'completed', 'tag': '778f0a84-27a1-4159-a6a3-35642d9eb935', 'code': 200}
2026-05-30 03:05:49.490 9 INFO neutron.plugins.ml2.plugin [None req-1f137d7d-1a51-4ea7-b3dc-318c4dacd031 - - - - - -] Attempt 1 to provision port 778f0a84-27a1-4159-a6a3-35642d9eb935
2026-05-30 03:05:49.696 9 INFO neutron.plugins.ml2.plugin [None req-1f137d7d-1a51-4ea7-b3dc-318c4dacd031 - - - - - -] Attempt 1 to provision port 15073ad4-6715-4337-8638-2e7d3e71e236
2026-05-30 03:05:52.622 9 INFO neutron.plugins.ml2.plugin [None req-1f137d7d-1a51-4ea7-b3dc-318c4dacd031 - - - - - -] Attempt 1 to provision port d224ccdd-10e8-4cb8-9d8d-6feb97ed1fcf
2026-05-30 03:05:52.921 8 INFO neutron.plugins.ml2.plugin [None req-d5877872-986b-4484-9835-9aef822be53d - - - - - -] Attempt 1 to provision port fb6ad94f-ed5e-400f-996a-c80c6a9cf147
2026-05-30 03:05:52.923 9 INFO neutron.plugins.ml2.plugin [None req-1f137d7d-1a51-4ea7-b3dc-318c4dacd031 - - - - - -] Attempt 1 to provision port 15073ad4-6715-4337-8638-2e7d3e71e236
2026-05-30 03:05:53.137 9 INFO neutron.plugins.ml2.plugin [None req-1f137d7d-1a51-4ea7-b3dc-318c4dacd031 - - - - - -] Attempt 1 to provision port 4b1b500f-7510-4ce5-8c77-c0d37b8e1736
2026-05-30 03:05:53.535 9 INFO neutron.plugins.ml2.plugin [None req-1f137d7d-1a51-4ea7-b3dc-318c4dacd031 - - - - - -] Attempt 1 to provision port 8fad91fb-9c74-4465-bad7-4e7c4f6373b9
2026-05-30 03:05:53.656 9 INFO neutron.notifiers.nova [-] Nova event matching ['req-c226b9a3-8cd3-436e-8045-5d44f651eaae'] response: {'server_uuid': 'b2e702e7-2e89-4e66-b3a9-d6bf23b2a4f0', 'name': 'network-vif-plugged', 'status': 'completed', 'tag': '8fad91fb-9c74-4465-bad7-4e7c4f6373b9', 'code': 200}
2026-05-30 03:05:53.928 9 INFO neutron.plugins.ml2.plugin [None req-1f137d7d-1a51-4ea7-b3dc-318c4dacd031 - - - - - -] Attempt 1 to provision port 5611bea7-314e-40bf-89a5-82a9c66694ec
2026-05-30 03:05:54.023 9 INFO neutron.plugins.ml2.plugin [None req-cb86f419-25d3-4cd9-a11e-b0c2d37a647e - - - - - -] Attempt 1 to provision port 78742187-675c-4940-a323-e99e557e2391
2026-05-30 03:05:54.829 9 INFO neutron.plugins.ml2.plugin [None req-1f137d7d-1a51-4ea7-b3dc-318c4dacd031 - - - - - -] Attempt 1 to provision port d224ccdd-10e8-4cb8-9d8d-6feb97ed1fcf
2026-05-30 03:05:55.048 9 INFO neutron.plugins.ml2.plugin [None req-1f137d7d-1a51-4ea7-b3dc-318c4dacd031 - - - - - -] Attempt 1 to provision port 6eefe762-7105-4f22-9e9d-218238198e62
2026-05-30 03:05:55.151 8 INFO neutron.plugins.ml2.plugin [None req-69724dcf-ab15-4155-8b90-d1945ceda548 - - - - - -] Attempt 1 to provision port 78742187-675c-4940-a323-e99e557e2391
2026-05-30 03:05:55.361 9 INFO neutron.plugins.ml2.plugin [None req-1f137d7d-1a51-4ea7-b3dc-318c4dacd031 - - - - - -] Attempt 1 to provision port 4b1b500f-7510-4ce5-8c77-c0d37b8e1736
2026-05-30 03:05:55.600 9 INFO neutron.plugins.ml2.plugin [None req-1f137d7d-1a51-4ea7-b3dc-318c4dacd031 - - - - - -] Attempt 1 to provision port 78742187-675c-4940-a323-e99e557e2391
2026-05-30 03:05:55.837 8 INFO neutron.plugins.ml2.plugin [None req-75cadab2-0f15-4ca6-bf83-eeed4d4f8fbe - - - - - -] Attempt 1 to provision port 7c2c0d54-b0ca-4719-9d16-26a4861f6476
2026-05-30 03:05:55.912 9 INFO neutron.plugins.ml2.plugin [None req-1f137d7d-1a51-4ea7-b3dc-318c4dacd031 - - - - - -] Attempt 1 to provision port 8fad91fb-9c74-4465-bad7-4e7c4f6373b9
2026-05-30 03:05:56.211 9 INFO neutron.plugins.ml2.plugin [None req-1f137d7d-1a51-4ea7-b3dc-318c4dacd031 - - - - - -] Attempt 1 to provision port 9f971705-6d9d-4a36-9a1c-07cc895416f4
2026-05-30 03:05:56.686 9 INFO neutron.plugins.ml2.plugin [None req-1f137d7d-1a51-4ea7-b3dc-318c4dacd031 - - - - - -] Attempt 1 to provision port 5611bea7-314e-40bf-89a5-82a9c66694ec
2026-05-30 03:05:56.756 8 INFO neutron.plugins.ml2.plugin [None req-78d4b994-9bec-4fce-a49b-71a72fa49bca - - - - - -] Attempt 1 to provision port 7c2c0d54-b0ca-4719-9d16-26a4861f6476
2026-05-30 03:05:57.548 9 INFO neutron.plugins.ml2.plugin [None req-1f137d7d-1a51-4ea7-b3dc-318c4dacd031 - - - - - -] Attempt 1 to provision port 33ca7791-6ea3-44ad-a113-57d690300454
2026-05-30 03:05:58.041 9 INFO neutron.plugins.ml2.plugin [None req-1f137d7d-1a51-4ea7-b3dc-318c4dacd031 - - - - - -] Attempt 1 to provision port 6eefe762-7105-4f22-9e9d-218238198e62
2026-05-30 03:05:58.213 9 INFO neutron.plugins.ml2.plugin [None req-1f137d7d-1a51-4ea7-b3dc-318c4dacd031 - - - - - -] Attempt 1 to provision port 9f971705-6d9d-4a36-9a1c-07cc895416f4
2026-05-30 03:05:59.445 8 INFO neutron.plugins.ml2.plugin [None req-1f137d7d-1a51-4ea7-b3dc-318c4dacd031 - - - - - -] Attempt 1 to provision port 33ca7791-6ea3-44ad-a113-57d690300454
2026-05-30 03:06:03.519 8 INFO neutron.plugins.ml2.plugin [None req-1f137d7d-1a51-4ea7-b3dc-318c4dacd031 - - - - - -] Attempt 1 to provision port 3634743a-d855-4d9b-ba2b-a94a1cc7d562
2026-05-30 03:06:03.797 8 INFO neutron.plugins.ml2.plugin [None req-1f137d7d-1a51-4ea7-b3dc-318c4dacd031 - - - - - -] Attempt 1 to provision port 64459252-0ecd-4372-95fa-f94b48888df3
2026-05-30 03:06:05.588 8 INFO neutron.plugins.ml2.plugin [None req-1f137d7d-1a51-4ea7-b3dc-318c4dacd031 - - - - - -] Attempt 1 to provision port 19eda381-beda-43e5-b27d-f86688f9c9d5
2026-05-30 03:06:05.710 8 INFO neutron.notifiers.nova [-] Nova event matching ['req-1ff670db-523f-4249-b3fd-e0b3f4588310'] response: {'server_uuid': '5668f412-8f4a-40e8-8a86-a952c6513ef4', 'name': 'network-vif-plugged', 'status': 'completed', 'tag': '19eda381-beda-43e5-b27d-f86688f9c9d5', 'code': 200}
2026-05-30 03:06:06.018 8 INFO neutron.plugins.ml2.plugin [None req-1f137d7d-1a51-4ea7-b3dc-318c4dacd031 - - - - - -] Attempt 1 to provision port 3634743a-d855-4d9b-ba2b-a94a1cc7d562
2026-05-30 03:06:06.329 8 INFO neutron.plugins.ml2.plugin [None req-1f137d7d-1a51-4ea7-b3dc-318c4dacd031 - - - - - -] Attempt 1 to provision port 64459252-0ecd-4372-95fa-f94b48888df3
2026-05-30 03:06:08.584 8 INFO neutron.plugins.ml2.plugin [None req-1f137d7d-1a51-4ea7-b3dc-318c4dacd031 - - - - - -] Attempt 1 to provision port 19eda381-beda-43e5-b27d-f86688f9c9d5
2026-05-30 03:06:08.798 8 INFO neutron.plugins.ml2.plugin [None req-1f137d7d-1a51-4ea7-b3dc-318c4dacd031 - - - - - -] Attempt 1 to provision port 721817b8-6bec-406b-852c-df7370045b80
2026-05-30 03:06:08.890 8 INFO neutron.notifiers.nova [-] Nova event matching ['req-e309898b-2cc4-48a7-8882-c5a1cd916e1c'] response: {'server_uuid': '5a792689-0d0e-481e-b1ca-24cbacacc406', 'name': 'network-vif-plugged', 'status': 'completed', 'tag': '721817b8-6bec-406b-852c-df7370045b80', 'code': 200}
2026-05-30 03:06:09.690 9 INFO neutron.plugins.ml2.plugin [None req-1f137d7d-1a51-4ea7-b3dc-318c4dacd031 - - - - - -] Attempt 1 to provision port 721817b8-6bec-406b-852c-df7370045b80
2026-05-30 03:06:13.761 8 INFO neutron.plugins.ml2.plugin [None req-1f137d7d-1a51-4ea7-b3dc-318c4dacd031 - - - - - -] Attempt 1 to provision port 7c2c0d54-b0ca-4719-9d16-26a4861f6476
2026-05-30 03:06:14.050 8 INFO neutron.plugins.ml2.plugin [None req-1f137d7d-1a51-4ea7-b3dc-318c4dacd031 - - - - - -] Attempt 1 to provision port fb6ad94f-ed5e-400f-996a-c80c6a9cf147
2026-05-30 03:06:15.769 9 INFO neutron.plugins.ml2.plugin [None req-1f137d7d-1a51-4ea7-b3dc-318c4dacd031 - - - - - -] Attempt 1 to provision port 7c2c0d54-b0ca-4719-9d16-26a4861f6476
2026-05-30 03:06:16.000 9 INFO neutron.plugins.ml2.plugin [None req-1f137d7d-1a51-4ea7-b3dc-318c4dacd031 - - - - - -] Attempt 1 to provision port fb6ad94f-ed5e-400f-996a-c80c6a9cf147
2026-05-30 03:06:24.777 8 INFO neutron.plugins.ml2.plugin [None req-744ebee0-2d78-4199-8c81-3fe7550808cd - - - - - -] Attempt 1 to provision port 684be08e-4429-4fc1-88c6-be8f9286e616
2026-05-30 03:06:40.536 8 INFO neutron.plugins.ml2.plugin [None req-558b222d-d373-40ba-b67f-e63555a974e6 - - - - - -] Attempt 1 to provision port c19c862e-4cbf-4ee2-b7a6-88911a8c6b70
2026-05-30 03:06:43.737 8 INFO neutron.plugins.ml2.plugin [None req-1f137d7d-1a51-4ea7-b3dc-318c4dacd031 - - - - - -] Attempt 1 to provision port 4b26992c-b934-4c15-8104-0d2127269129
2026-05-30 03:06:44.156 8 INFO neutron.plugins.ml2.plugin [None req-1f137d7d-1a51-4ea7-b3dc-318c4dacd031 - - - - - -] Attempt 1 to provision port ad96bfeb-709a-406b-b5fe-cb905fc90b1b
2026-05-30 03:06:44.368 8 INFO neutron.plugins.ml2.plugin [None req-c19d2e82-133a-4519-8a0e-8d2fbfe39232 - - - - - -] Attempt 1 to provision port ad96bfeb-709a-406b-b5fe-cb905fc90b1b
2026-05-30 03:06:45.672 8 INFO neutron.plugins.ml2.plugin [None req-45cd221f-ed96-4f1c-8fd1-c350f92e6aed - - - - - -] Attempt 1 to provision port c16786b8-81c5-491c-be92-b7d4903c73ee
2026-05-30 03:06:45.700 8 INFO neutron.plugins.ml2.plugin [None req-45cd221f-ed96-4f1c-8fd1-c350f92e6aed - - - - - -] Attempt 1 to provision port ad96bfeb-709a-406b-b5fe-cb905fc90b1b
2026-05-30 03:06:46.370 9 INFO neutron.plugins.ml2.plugin [None req-9f0cac8f-8a87-4b43-851d-b1b0335dcff6 - - - - - -] Attempt 1 to provision port c16786b8-81c5-491c-be92-b7d4903c73ee
2026-05-30 03:06:46.386 9 INFO neutron.plugins.ml2.plugin [None req-1f137d7d-1a51-4ea7-b3dc-318c4dacd031 - - - - - -] Attempt 1 to provision port 42891f57-1271-4c49-84a7-e3ba881238cc
2026-05-30 03:06:46.545 9 INFO neutron.notifiers.nova [-] Nova event matching ['req-ab94872f-8f9a-41c5-8e5c-d6806466caf7'] response: {'server_uuid': '3ec0c929-a968-454b-8b9a-61ac5b6079cc', 'name': 'network-vif-plugged', 'status': 'completed', 'tag': '42891f57-1271-4c49-84a7-e3ba881238cc', 'code': 200}
2026-05-30 03:06:46.795 9 INFO neutron.plugins.ml2.plugin [None req-1f137d7d-1a51-4ea7-b3dc-318c4dacd031 - - - - - -] Attempt 1 to provision port 4b26992c-b934-4c15-8104-0d2127269129
2026-05-30 03:06:47.051 9 INFO neutron.plugins.ml2.plugin [None req-1f137d7d-1a51-4ea7-b3dc-318c4dacd031 - - - - - -] Attempt 1 to provision port ad96bfeb-709a-406b-b5fe-cb905fc90b1b
2026-05-30 03:06:47.075 8 INFO neutron.plugins.ml2.plugin [None req-3c12166e-b7ed-4d93-adb3-029e65e2ac7f - - - - - -] Attempt 1 to provision port c16786b8-81c5-491c-be92-b7d4903c73ee
2026-05-30 03:06:47.793 9 INFO neutron.plugins.ml2.plugin [None req-1f137d7d-1a51-4ea7-b3dc-318c4dacd031 - - - - - -] Attempt 1 to provision port 42891f57-1271-4c49-84a7-e3ba881238cc
2026-05-30 03:06:56.234 9 INFO neutron.plugins.ml2.plugin [None req-1f137d7d-1a51-4ea7-b3dc-318c4dacd031 - - - - - -] Attempt 1 to provision port 9c9ca33f-904a-4afe-9f40-4ca0104854c6
2026-05-30 03:06:56.358 9 INFO neutron.notifiers.nova [-] Nova event matching ['req-72838790-c5f8-48dd-acc2-0c2e1fe863f3'] response: {'server_uuid': 'f1921336-5ca8-4552-a91e-666c1ca08ac2', 'name': 'network-vif-plugged', 'status': 'completed', 'tag': '9c9ca33f-904a-4afe-9f40-4ca0104854c6', 'code': 200}
2026-05-30 03:06:57.705 8 INFO neutron.plugins.ml2.plugin [None req-1f137d7d-1a51-4ea7-b3dc-318c4dacd031 - - - - - -] Attempt 1 to provision port 9c9ca33f-904a-4afe-9f40-4ca0104854c6
2026-05-30 03:07:01.734 9 INFO neutron.plugins.ml2.plugin [None req-1f137d7d-1a51-4ea7-b3dc-318c4dacd031 - - - - - -] Attempt 1 to provision port c16786b8-81c5-491c-be92-b7d4903c73ee
2026-05-30 03:07:02.063 9 INFO neutron.plugins.ml2.plugin [None req-1f137d7d-1a51-4ea7-b3dc-318c4dacd031 - - - - - -] Attempt 1 to provision port c19c862e-4cbf-4ee2-b7a6-88911a8c6b70
2026-05-30 03:07:03.737 8 INFO neutron.plugins.ml2.plugin [None req-1f137d7d-1a51-4ea7-b3dc-318c4dacd031 - - - - - -] Attempt 1 to provision port c16786b8-81c5-491c-be92-b7d4903c73ee
2026-05-30 03:07:03.977 8 INFO neutron.plugins.ml2.plugin [None req-1f137d7d-1a51-4ea7-b3dc-318c4dacd031 - - - - - -] Attempt 1 to provision port c19c862e-4cbf-4ee2-b7a6-88911a8c6b70
2026-05-30 03:07:11.985 9 INFO neutron.plugins.ml2.plugin [None req-1f137d7d-1a51-4ea7-b3dc-318c4dacd031 - - - - - -] Attempt 1 to provision port 970c8a24-7273-4c98-bc7f-f85ed8e1985d
2026-05-30 03:07:12.418 9 INFO neutron.plugins.ml2.plugin [None req-1f137d7d-1a51-4ea7-b3dc-318c4dacd031 - - - - - -] Attempt 1 to provision port 4ac18051-3063-4214-9503-d7dff4c109ee
2026-05-30 03:07:12.791 8 INFO neutron.plugins.ml2.plugin [None req-0e3eaaae-8d3c-4dd2-936a-d84945f053ec - - - - - -] Attempt 1 to provision port 970c8a24-7273-4c98-bc7f-f85ed8e1985d
2026-05-30 03:07:13.498 9 INFO neutron.plugins.ml2.plugin [None req-3aafdc2f-d7f3-4708-b93d-2863bbf3fb2a - - - - - -] Attempt 1 to provision port 4ac18051-3063-4214-9503-d7dff4c109ee
2026-05-30 03:07:14.114 9 INFO neutron.plugins.ml2.plugin [None req-1f137d7d-1a51-4ea7-b3dc-318c4dacd031 - - - - - -] Attempt 1 to provision port 565e7876-e844-43f1-9e7c-6c180880154f
2026-05-30 03:07:14.230 9 INFO neutron.plugins.ml2.plugin [None req-3646d33b-84b7-4357-b143-d74bcf8095f5 - - - - - -] Attempt 1 to provision port 04f7d3d1-653a-4503-85e1-f07e8d134afc
2026-05-30 03:07:14.481 9 INFO neutron.plugins.ml2.plugin [None req-1f137d7d-1a51-4ea7-b3dc-318c4dacd031 - - - - - -] Attempt 1 to provision port 04f7d3d1-653a-4503-85e1-f07e8d134afc /var/lib/openstack/lib/python3.12/site-packages/oslo_db/sqlalchemy/enginefacade.py:664: SAWarning: DELETE statement on table 'portsecuritybindings' expected to delete 1 row(s); 0 were matched. Please set confirm_deleted_rows=False within the mapper configuration to prevent this warning. self.session.flush() /var/lib/openstack/lib/python3.12/site-packages/oslo_db/sqlalchemy/enginefacade.py:664: SAWarning: DELETE statement on table 'ml2_port_bindings' expected to delete 1 row(s); 0 were matched. Please set confirm_deleted_rows=False within the mapper configuration to prevent this warning. self.session.flush() /var/lib/openstack/lib/python3.12/site-packages/oslo_db/sqlalchemy/enginefacade.py:664: SAWarning: DELETE statement on table 'ml2_port_binding_levels' expected to delete 1 row(s); 0 were matched. Please set confirm_deleted_rows=False within the mapper configuration to prevent this warning. self.session.flush() /var/lib/openstack/lib/python3.12/site-packages/oslo_db/sqlalchemy/enginefacade.py:664: SAWarning: DELETE statement on table 'ports' expected to delete 1 row(s); 0 were matched. Please set confirm_deleted_rows=False within the mapper configuration to prevent this warning. self.session.flush()
2026-05-30 03:07:27.387 9 INFO neutron.plugins.ml2.plugin [None req-aa5df4c4-3121-4b7e-b102-aad54d3a229c - - - - - -] Attempt 1 to provision port f6472325-193f-4816-a655-a0bf9108d55c
2026-05-30 03:07:30.382 9 INFO neutron.plugins.ml2.plugin [None req-1f137d7d-1a51-4ea7-b3dc-318c4dacd031 - - - - - -] Attempt 1 to provision port aae2eda4-a1a8-451c-a906-d89f6540675b
2026-05-30 03:07:30.541 9 INFO neutron.notifiers.nova [-] Nova event matching ['req-071b9123-b500-4bf5-aa78-665055fd8c54'] response: {'server_uuid': 'd936e6e5-f795-4164-a371-a813f2dab489', 'name': 'network-vif-plugged', 'status': 'completed', 'tag': 'aae2eda4-a1a8-451c-a906-d89f6540675b', 'code': 200}
2026-05-30 03:07:33.359 9 INFO neutron.plugins.ml2.plugin [None req-1f137d7d-1a51-4ea7-b3dc-318c4dacd031 - - - - - -] Attempt 1 to provision port aae2eda4-a1a8-451c-a906-d89f6540675b
2026-05-30 03:07:33.676 9 INFO neutron.plugins.ml2.plugin [None req-1f137d7d-1a51-4ea7-b3dc-318c4dacd031 - - - - - -] Attempt 1 to provision port f6472325-193f-4816-a655-a0bf9108d55c
2026-05-30 03:07:33.804 9 INFO neutron.notifiers.nova [-] Nova event matching ['req-d0ba14ba-4316-4753-a740-e88cf50338bf'] response: {'server_uuid': '3ec0c929-a968-454b-8b9a-61ac5b6079cc', 'name': 'network-vif-plugged', 'status': 'completed', 'tag': 'f6472325-193f-4816-a655-a0bf9108d55c', 'code': 200}
2026-05-30 03:07:34.449 8 INFO neutron.plugins.ml2.plugin [None req-1f137d7d-1a51-4ea7-b3dc-318c4dacd031 - - - - - -] Attempt 1 to provision port f6472325-193f-4816-a655-a0bf9108d55c
2026-05-30 03:07:37.052 8 INFO neutron.plugins.ml2.plugin [None req-1f137d7d-1a51-4ea7-b3dc-318c4dacd031 - - - - - -] Attempt 1 to provision port f6472325-193f-4816-a655-a0bf9108d55c
2026-05-30 03:08:06.538 9 INFO neutron.plugins.ml2.plugin [None req-1f137d7d-1a51-4ea7-b3dc-318c4dacd031 - - - - - -] Attempt 1 to provision port 0b96c67a-a398-44f1-895e-e5140abed915
2026-05-30 03:08:06.650 9 INFO neutron.notifiers.nova [-] Nova event matching ['req-f00248ff-a4dc-42a7-b9f7-41b68f1d7beb'] response: {'server_uuid': '3ec0c929-a968-454b-8b9a-61ac5b6079cc', 'name': 'network-vif-plugged', 'status': 'completed', 'tag': '0b96c67a-a398-44f1-895e-e5140abed915', 'code': 200}
2026-05-30 03:08:08.478 9 INFO neutron.plugins.ml2.plugin [None req-1f137d7d-1a51-4ea7-b3dc-318c4dacd031 - - - - - -] Attempt 1 to provision port 0b96c67a-a398-44f1-895e-e5140abed915
2026-05-30 03:08:10.457 8 INFO neutron.plugins.ml2.plugin [None req-e98a3e68-e3b7-442c-bd5e-4c7453d1353c - - - - - -] Attempt 1 to provision port 0b96c67a-a398-44f1-895e-e5140abed915
2026-05-30 03:08:10.517 9 INFO neutron.plugins.ml2.plugin [None req-1f137d7d-1a51-4ea7-b3dc-318c4dacd031 - - - - - -] Attempt 1 to provision port 0b96c67a-a398-44f1-895e-e5140abed915
2026-05-30 03:08:26.513 8 INFO neutron.plugins.ml2.plugin [None req-1f137d7d-1a51-4ea7-b3dc-318c4dacd031 - - - - - -] Attempt 1 to provision port 415fe1d1-3ec6-4878-86f7-837e10d1df96
2026-05-30 03:08:26.637 8 INFO neutron.notifiers.nova [-] Nova event matching ['req-d64354e3-f8f0-4df6-8d84-df636d2b22d3'] response: {'server_uuid': '3ec0c929-a968-454b-8b9a-61ac5b6079cc', 'name': 'network-vif-plugged', 'status': 'completed', 'tag': '415fe1d1-3ec6-4878-86f7-837e10d1df96', 'code': 200}
2026-05-30 03:08:28.476 9 INFO neutron.plugins.ml2.plugin [None req-1f137d7d-1a51-4ea7-b3dc-318c4dacd031 - - - - - -] Attempt 1 to provision port 415fe1d1-3ec6-4878-86f7-837e10d1df96
2026-05-30 03:08:30.137 9 INFO neutron.plugins.ml2.plugin [None req-bc3b5ad9-e01e-461d-9080-ce647e2aea95 - - - - - -] Attempt 1 to provision port 415fe1d1-3ec6-4878-86f7-837e10d1df96
2026-05-30 03:08:30.551 8 INFO neutron.plugins.ml2.plugin [None req-1f137d7d-1a51-4ea7-b3dc-318c4dacd031 - - - - - -] Attempt 1 to provision port 415fe1d1-3ec6-4878-86f7-837e10d1df96
2026-05-30 03:08:40.273 8 INFO neutron.plugins.ml2.plugin [None req-101b8462-b306-4ba1-aa30-7cb8b9041420 - - - - - -] Attempt 1 to provision port 415fe1d1-3ec6-4878-86f7-837e10d1df96
