May 09 03:22:58.867585 np0000172889 neutron-periodic-workers[105230]: DEBUG cotyledon.oslo_config_glue [-] network_log.rate_limit = 100 {{(pid=105230) log_opt_values /opt/stack/data/venv/lib/python3.12/site-packages/oslo_config/cfg.py:3006}}
May 09 03:22:58.867836 np0000172889 neutron-periodic-workers[105230]: DEBUG cotyledon.oslo_config_glue [-] database.asyncio_connection = **** {{(pid=105230) log_opt_values /opt/stack/data/venv/lib/python3.12/site-packages/oslo_config/cfg.py:3006}}
May 09 03:22:58.867836 np0000172889 neutron-periodic-workers[105230]: DEBUG cotyledon.oslo_config_glue [-] database.asyncio_slave_connection = **** {{(pid=105230) log_opt_values /opt/stack/data/venv/lib/python3.12/site-packages/oslo_config/cfg.py:3006}}
May 09 03:22:58.867836 np0000172889 neutron-periodic-workers[105230]: DEBUG cotyledon.oslo_config_glue [-] database.backend = sqlalchemy {{(pid=105230) log_opt_values /opt/stack/data/venv/lib/python3.12/site-packages/oslo_config/cfg.py:3006}}
May 09 03:22:58.867836 np0000172889 neutron-periodic-workers[105230]: DEBUG cotyledon.oslo_config_glue [-] database.connection = **** {{(pid=105230) log_opt_values /opt/stack/data/venv/lib/python3.12/site-packages/oslo_config/cfg.py:3006}}
May 09 03:22:58.867836 np0000172889 neutron-periodic-workers[105230]: DEBUG cotyledon.oslo_config_glue [-] database.connection_debug = 0 {{(pid=105230) log_opt_values /opt/stack/data/venv/lib/python3.12/site-packages/oslo_config/cfg.py:3006}}
May 09 03:22:58.867945 np0000172889 neutron-periodic-workers[105230]: DEBUG cotyledon.oslo_config_glue [-] database.connection_parameters = {{(pid=105230) log_opt_values /opt/stack/data/venv/lib/python3.12/site-packages/oslo_config/cfg.py:3006}}
May 09 03:22:58.867945 np0000172889 neutron-periodic-workers[105230]: DEBUG cotyledon.oslo_config_glue [-] database.connection_recycle_time = 3600 {{(pid=105230) log_opt_values /opt/stack/data/venv/lib/python3.12/site-packages/oslo_config/cfg.py:3006}}
May 09 03:22:58.867945 np0000172889 neutron-periodic-workers[105230]: DEBUG cotyledon.oslo_config_glue [-] database.connection_trace = False {{(pid=105230) log_opt_values /opt/stack/data/venv/lib/python3.12/site-packages/oslo_config/cfg.py:3006}}
May 09 03:22:58.868014 np0000172889 neutron-periodic-workers[105230]: DEBUG cotyledon.oslo_config_glue [-] database.db_inc_retry_interval = True {{(pid=105230) log_opt_values /opt/stack/data/venv/lib/python3.12/site-packages/oslo_config/cfg.py:3006}}
May 09 03:22:58.868014 np0000172889 neutron-periodic-workers[105230]: DEBUG cotyledon.oslo_config_glue [-] database.db_max_retries = 20 {{(pid=105230) log_opt_values /opt/stack/data/venv/lib/python3.12/site-packages/oslo_config/cfg.py:3006}}
May 09 03:22:58.868062 np0000172889 neutron-periodic-workers[105230]: DEBUG cotyledon.oslo_config_glue [-] database.db_max_retry_interval = 10 {{(pid=105230) log_opt_values /opt/stack/data/venv/lib/python3.12/site-packages/oslo_config/cfg.py:3006}}
May 09 03:22:58.868101 np0000172889 neutron-periodic-workers[105230]: DEBUG cotyledon.oslo_config_glue [-] database.db_retry_interval = 1 {{(pid=105230) log_opt_values /opt/stack/data/venv/lib/python3.12/site-packages/oslo_config/cfg.py:3006}}
May 09 03:22:58.868132 np0000172889 neutron-periodic-workers[105230]: DEBUG cotyledon.oslo_config_glue [-] database.max_overflow = 50 {{(pid=105230) log_opt_values /opt/stack/data/venv/lib/python3.12/site-packages/oslo_config/cfg.py:3006}}
May 09 03:22:58.868363 np0000172889 neutron-periodic-workers[105230]: DEBUG cotyledon.oslo_config_glue [-] database.max_pool_size = 5 {{(pid=105230) log_opt_values /opt/stack/data/venv/lib/python3.12/site-packages/oslo_config/cfg.py:3006}}
May 09 03:22:58.868363 np0000172889 neutron-periodic-workers[105230]: DEBUG cotyledon.oslo_config_glue [-] database.max_retries = 10 {{(pid=105230) log_opt_values /opt/stack/data/venv/lib/python3.12/site-packages/oslo_config/cfg.py:3006}}
May 09 03:22:58.868363 np0000172889 neutron-periodic-workers[105230]: DEBUG cotyledon.oslo_config_glue [-] database.mysql_sql_mode = TRADITIONAL {{(pid=105230) log_opt_values /opt/stack/data/venv/lib/python3.12/site-packages/oslo_config/cfg.py:3006}}
May 09 03:22:58.868363 np0000172889 neutron-periodic-workers[105230]: DEBUG cotyledon.oslo_config_glue [-] database.mysql_wsrep_sync_wait = None {{(pid=105230) log_opt_values /opt/stack/data/venv/lib/python3.12/site-packages/oslo_config/cfg.py:3006}}
May 09 03:22:58.868363 np0000172889 neutron-periodic-workers[105230]: DEBUG cotyledon.oslo_config_glue [-] database.pool_timeout = None {{(pid=105230) log_opt_values /opt/stack/data/venv/lib/python3.12/site-packages/oslo_config/cfg.py:3006}}
May 09 03:22:58.868517 np0000172889 neutron-periodic-workers[105230]: DEBUG cotyledon.oslo_config_glue [-] database.retry_interval = 10 {{(pid=105230) log_opt_values /opt/stack/data/venv/lib/python3.12/site-packages/oslo_config/cfg.py:3006}}
May 09 03:22:58.868517 np0000172889 neutron-periodic-workers[105230]: DEBUG cotyledon.oslo_config_glue [-] database.slave_connection = **** {{(pid=105230) log_opt_values /opt/stack/data/venv/lib/python3.12/site-packages/oslo_config/cfg.py:3006}}
May 09 03:22:58.868517 np0000172889 neutron-periodic-workers[105230]: DEBUG cotyledon.oslo_config_glue [-] database.sqlite_synchronous = True {{(pid=105230) log_opt_values /opt/stack/data/venv/lib/python3.12/site-packages/oslo_config/cfg.py:3006}}
May 09 03:22:58.868586 np0000172889 neutron-periodic-workers[105230]: DEBUG cotyledon.oslo_config_glue [-] database.synchronous_reader = True {{(pid=105230) log_opt_values /opt/stack/data/venv/lib/python3.12/site-packages/oslo_config/cfg.py:3006}}
May 09 03:22:58.868586 np0000172889 neutron-periodic-workers[105230]: DEBUG cotyledon.oslo_config_glue [-] database.use_db_reconnect = False {{(pid=105230) log_opt_values /opt/stack/data/venv/lib/python3.12/site-packages/oslo_config/cfg.py:3006}}
May 09 03:22:58.868658 np0000172889 neutron-periodic-workers[105230]: DEBUG cotyledon.oslo_config_glue [-] ovn.bfd_min_rx = 1000 {{(pid=105230) log_opt_values /opt/stack/data/venv/lib/python3.12/site-packages/oslo_config/cfg.py:3006}}
May 09 03:22:58.868700 np0000172889 neutron-periodic-workers[105230]: DEBUG cotyledon.oslo_config_glue [-] ovn.bfd_min_tx = 100 {{(pid=105230) log_opt_values /opt/stack/data/venv/lib/python3.12/site-packages/oslo_config/cfg.py:3006}}
May 09 03:22:58.868742 np0000172889 neutron-periodic-workers[105230]: DEBUG cotyledon.oslo_config_glue [-] ovn.bfd_mult = 3 {{(pid=105230) log_opt_values /opt/stack/data/venv/lib/python3.12/site-packages/oslo_config/cfg.py:3006}}
May 09 03:22:58.868784 np0000172889 neutron-periodic-workers[105230]: DEBUG cotyledon.oslo_config_glue [-] ovn.broadcast_arps_to_all_routers = True {{(pid=105230) log_opt_values /opt/stack/data/venv/lib/python3.12/site-packages/oslo_config/cfg.py:3006}}
May 09 03:22:58.868822 np0000172889 neutron-periodic-workers[105230]: DEBUG cotyledon.oslo_config_glue [-] ovn.dhcp_default_lease_time = 43200 {{(pid=105230) log_opt_values /opt/stack/data/venv/lib/python3.12/site-packages/oslo_config/cfg.py:3006}}
May 09 03:22:58.868865 np0000172889 neutron-periodic-workers[105230]: DEBUG cotyledon.oslo_config_glue [-] ovn.disable_ovn_dhcp_for_baremetal_ports = False {{(pid=105230) log_opt_values /opt/stack/data/venv/lib/python3.12/site-packages/oslo_config/cfg.py:3006}}
May 09 03:22:58.868905 np0000172889 neutron-periodic-workers[105230]: DEBUG cotyledon.oslo_config_glue [-] ovn.dns_records_ovn_owned = False {{(pid=105230) log_opt_values /opt/stack/data/venv/lib/python3.12/site-packages/oslo_config/cfg.py:3006}}
May 09 03:22:58.868954 np0000172889 neutron-periodic-workers[105230]: DEBUG cotyledon.oslo_config_glue [-] ovn.dns_servers = [] {{(pid=105230) log_opt_values /opt/stack/data/venv/lib/python3.12/site-packages/oslo_config/cfg.py:3006}}
May 09 03:22:58.869002 np0000172889 neutron-periodic-workers[105230]: DEBUG cotyledon.oslo_config_glue [-] ovn.enable_distributed_floating_ip = False {{(pid=105230) log_opt_values /opt/stack/data/venv/lib/python3.12/site-packages/oslo_config/cfg.py:3006}}
May 09 03:22:58.869050 np0000172889 neutron-periodic-workers[105230]: DEBUG cotyledon.oslo_config_glue [-] ovn.fdb_age_threshold = 300 {{(pid=105230) log_opt_values /opt/stack/data/venv/lib/python3.12/site-packages/oslo_config/cfg.py:3006}}
May 09 03:22:58.869090 np0000172889 neutron-periodic-workers[105230]: DEBUG cotyledon.oslo_config_glue [-] ovn.ha_failover_strategy = normal {{(pid=105230) log_opt_values /opt/stack/data/venv/lib/python3.12/site-packages/oslo_config/cfg.py:3006}}
May 09 03:22:58.869131 np0000172889 neutron-periodic-workers[105230]: DEBUG cotyledon.oslo_config_glue [-] ovn.live_migration_activation_strategy = rarp {{(pid=105230) log_opt_values /opt/stack/data/venv/lib/python3.12/site-packages/oslo_config/cfg.py:3006}}
May 09 03:22:58.869173 np0000172889 neutron-periodic-workers[105230]: DEBUG cotyledon.oslo_config_glue [-] ovn.localnet_learn_fdb = False {{(pid=105230) log_opt_values /opt/stack/data/venv/lib/python3.12/site-packages/oslo_config/cfg.py:3006}}
May 09 03:22:58.869206 np0000172889 neutron-periodic-workers[105230]: DEBUG cotyledon.oslo_config_glue [-] ovn.mac_binding_age_threshold = 300 {{(pid=105230) log_opt_values /opt/stack/data/venv/lib/python3.12/site-packages/oslo_config/cfg.py:3006}}
May 09 03:22:58.869267 np0000172889 neutron-periodic-workers[105230]: DEBUG cotyledon.oslo_config_glue [-] ovn.neutron_sync_mode = log {{(pid=105230) log_opt_values /opt/stack/data/venv/lib/python3.12/site-packages/oslo_config/cfg.py:3006}}
May 09 03:22:58.869327 np0000172889 neutron-periodic-workers[105230]: DEBUG cotyledon.oslo_config_glue [-] ovn.ovn_dhcp4_global_options = {} {{(pid=105230) log_opt_values /opt/stack/data/venv/lib/python3.12/site-packages/oslo_config/cfg.py:3006}}
May 09 03:22:58.869365 np0000172889 neutron-periodic-workers[105230]: DEBUG cotyledon.oslo_config_glue [-] ovn.ovn_dhcp6_global_options = {} {{(pid=105230) log_opt_values /opt/stack/data/venv/lib/python3.12/site-packages/oslo_config/cfg.py:3006}}
May 09 03:22:58.869414 np0000172889 neutron-periodic-workers[105230]: DEBUG cotyledon.oslo_config_glue [-] ovn.ovn_l3_scheduler = leastloaded {{(pid=105230) log_opt_values /opt/stack/data/venv/lib/python3.12/site-packages/oslo_config/cfg.py:3006}}
May 09 03:22:58.869455 np0000172889 neutron-periodic-workers[105230]: DEBUG cotyledon.oslo_config_glue [-] ovn.ovn_metadata_enabled = True {{(pid=105230) log_opt_values /opt/stack/data/venv/lib/python3.12/site-packages/oslo_config/cfg.py:3006}}
May 09 03:22:58.869503 np0000172889 neutron-periodic-workers[105230]: DEBUG cotyledon.oslo_config_glue [-] ovn.ovn_nb_ca_cert = /opt/stack/data/CA/int-ca/ca-chain.pem {{(pid=105230) log_opt_values /opt/stack/data/venv/lib/python3.12/site-packages/oslo_config/cfg.py:3006}}
May 09 03:22:58.869551 np0000172889 neutron-periodic-workers[105230]: DEBUG cotyledon.oslo_config_glue [-] ovn.ovn_nb_certificate = /opt/stack/data/CA/int-ca/devstack-cert.crt {{(pid=105230) log_opt_values /opt/stack/data/venv/lib/python3.12/site-packages/oslo_config/cfg.py:3006}}
May 09 03:22:58.869593 np0000172889 neutron-periodic-workers[105230]: DEBUG cotyledon.oslo_config_glue [-] ovn.ovn_nb_connection = ['ssl:199.204.45.109:6641'] {{(pid=105230) log_opt_values /opt/stack/data/venv/lib/python3.12/site-packages/oslo_config/cfg.py:3006}}
May 09 03:22:58.869632 np0000172889 neutron-periodic-workers[105230]: DEBUG cotyledon.oslo_config_glue [-] ovn.ovn_nb_private_key = /opt/stack/data/CA/int-ca/private/devstack-cert.key {{(pid=105230) log_opt_values /opt/stack/data/venv/lib/python3.12/site-packages/oslo_config/cfg.py:3006}}
May 09 03:22:58.869682 np0000172889 neutron-periodic-workers[105230]: DEBUG cotyledon.oslo_config_glue [-] ovn.ovn_router_indirect_snat = False {{(pid=105230) log_opt_values /opt/stack/data/venv/lib/python3.12/site-packages/oslo_config/cfg.py:3006}}
May 09 03:22:58.869716 np0000172889 neutron-periodic-workers[105230]: DEBUG cotyledon.oslo_config_glue [-] ovn.ovn_sb_ca_cert = /opt/stack/data/CA/int-ca/ca-chain.pem {{(pid=105230) log_opt_values /opt/stack/data/venv/lib/python3.12/site-packages/oslo_config/cfg.py:3006}}
May 09 03:22:58.869761 np0000172889 neutron-periodic-workers[105230]: DEBUG cotyledon.oslo_config_glue [-] ovn.ovn_sb_certificate = /opt/stack/data/CA/int-ca/devstack-cert.crt {{(pid=105230) log_opt_values /opt/stack/data/venv/lib/python3.12/site-packages/oslo_config/cfg.py:3006}}
May 09 03:22:58.869803 np0000172889 neutron-periodic-workers[105230]: DEBUG cotyledon.oslo_config_glue [-] ovn.ovn_sb_connection = ['ssl:199.204.45.109:6642'] {{(pid=105230) log_opt_values /opt/stack/data/venv/lib/python3.12/site-packages/oslo_config/cfg.py:3006}}
May 09 03:22:58.869837 np0000172889 neutron-periodic-workers[105230]: DEBUG cotyledon.oslo_config_glue [-] ovn.ovn_sb_private_key = /opt/stack/data/CA/int-ca/private/devstack-cert.key {{(pid=105230) log_opt_values /opt/stack/data/venv/lib/python3.12/site-packages/oslo_config/cfg.py:3006}}
May 09 03:22:58.869883 np0000172889 neutron-periodic-workers[105230]: DEBUG cotyledon.oslo_config_glue [-] ovn.ovs_create_tap = False {{(pid=105230) log_opt_values /opt/stack/data/venv/lib/python3.12/site-packages/oslo_config/cfg.py:3006}}
May 09 03:22:58.869924 np0000172889 neutron-periodic-workers[105230]: DEBUG cotyledon.oslo_config_glue [-] ovn.ovsdb_connection_timeout = 180 {{(pid=105230) log_opt_values /opt/stack/data/venv/lib/python3.12/site-packages/oslo_config/cfg.py:3006}}
May 09 03:22:58.869966 np0000172889 neutron-periodic-workers[105230]: DEBUG cotyledon.oslo_config_glue [-] ovn.ovsdb_log_level = INFO {{(pid=105230) log_opt_values /opt/stack/data/venv/lib/python3.12/site-packages/oslo_config/cfg.py:3006}}
May 09 03:22:58.870003 np0000172889 neutron-periodic-workers[105230]: DEBUG cotyledon.oslo_config_glue [-] ovn.ovsdb_probe_interval = 60000 {{(pid=105230) log_opt_values /opt/stack/data/venv/lib/python3.12/site-packages/oslo_config/cfg.py:3006}}
May 09 03:22:58.870044 np0000172889 neutron-periodic-workers[105230]: DEBUG cotyledon.oslo_config_glue [-] ovn.ovsdb_retry_max_interval = 180 {{(pid=105230) log_opt_values /opt/stack/data/venv/lib/python3.12/site-packages/oslo_config/cfg.py:3006}}
May 09 03:22:58.870086 np0000172889 neutron-periodic-workers[105230]: DEBUG cotyledon.oslo_config_glue [-] ovn.stateless_nat_enabled = False {{(pid=105230) log_opt_values /opt/stack/data/venv/lib/python3.12/site-packages/oslo_config/cfg.py:3006}}
May 09 03:22:58.870135 np0000172889 neutron-periodic-workers[105230]: DEBUG cotyledon.oslo_config_glue [-] ovn.vhost_sock_dir = /var/run/openvswitch {{(pid=105230) log_opt_values /opt/stack/data/venv/lib/python3.12/site-packages/oslo_config/cfg.py:3006}}
May 09 03:22:58.870192 np0000172889 neutron-periodic-workers[105230]: DEBUG cotyledon.oslo_config_glue [-] OVS.bridge_mac_table_size = 50000 {{(pid=105230) log_opt_values /opt/stack/data/venv/lib/python3.12/site-packages/oslo_config/cfg.py:3006}}
May 09 03:22:58.870246 np0000172889 neutron-periodic-workers[105230]: DEBUG cotyledon.oslo_config_glue [-] OVS.igmp_flood = False {{(pid=105230) log_opt_values /opt/stack/data/venv/lib/python3.12/site-packages/oslo_config/cfg.py:3006}}
May 09 03:22:58.870294 np0000172889 neutron-periodic-workers[105230]: DEBUG cotyledon.oslo_config_glue [-] OVS.igmp_flood_reports = True {{(pid=105230) log_opt_values /opt/stack/data/venv/lib/python3.12/site-packages/oslo_config/cfg.py:3006}}
May 09 03:22:58.870342 np0000172889 neutron-periodic-workers[105230]: DEBUG cotyledon.oslo_config_glue [-] OVS.igmp_flood_unregistered = False {{(pid=105230) log_opt_values /opt/stack/data/venv/lib/python3.12/site-packages/oslo_config/cfg.py:3006}}
May 09 03:22:58.870396 np0000172889 neutron-periodic-workers[105230]: DEBUG cotyledon.oslo_config_glue [-] OVS.igmp_snooping_enable = False {{(pid=105230) log_opt_values /opt/stack/data/venv/lib/python3.12/site-packages/oslo_config/cfg.py:3006}}
May 09 03:22:58.870437 np0000172889 neutron-periodic-workers[105230]: DEBUG cotyledon.oslo_config_glue [-] OVS.ovsdb_timeout = 10 {{(pid=105230) log_opt_values /opt/stack/data/venv/lib/python3.12/site-packages/oslo_config/cfg.py:3006}}
May 09 03:22:58.870490 np0000172889 neutron-periodic-workers[105230]: DEBUG cotyledon.oslo_config_glue [-] ovn_nb_global.fdb_removal_limit = 0 {{(pid=105230) log_opt_values /opt/stack/data/venv/lib/python3.12/site-packages/oslo_config/cfg.py:3006}}
May 09 03:22:58.870541 np0000172889 neutron-periodic-workers[105230]: DEBUG cotyledon.oslo_config_glue [-] ovn_nb_global.ignore_lsp_down = False {{(pid=105230) log_opt_values /opt/stack/data/venv/lib/python3.12/site-packages/oslo_config/cfg.py:3006}}
May 09 03:22:58.870589 np0000172889 neutron-periodic-workers[105230]: DEBUG cotyledon.oslo_config_glue [-] ovn_nb_global.mac_binding_removal_limit = 0 {{(pid=105230) log_opt_values /opt/stack/data/venv/lib/python3.12/site-packages/oslo_config/cfg.py:3006}}
May 09 03:22:58.870630 np0000172889 neutron-periodic-workers[105230]: DEBUG cotyledon.oslo_config_glue [-] ******************************************************************************** {{(pid=105230) log_opt_values /opt/stack/data/venv/lib/python3.12/site-packages/oslo_config/cfg.py:3013}}
May 09 03:22:58.870972 np0000172889 neutron-periodic-workers[105230]: DEBUG cotyledon._service_worker [-] Run service ServiceWrapper(0) [105230] {{(pid=105230) wait_forever /opt/stack/data/venv/lib/python3.12/site-packages/cotyledon/_service_worker.py:218}}
May 09 03:23:08.514444 np0000172889 neutron-periodic-workers[104417]: DEBUG dbcounter [-] [104417] Writing DB stats neutron:SELECT=4 {{(pid=104417) stat_writer /opt/stack/data/venv/lib/python3.12/site-packages/dbcounter.py:115}}
May 09 03:23:58.830606 np0000172889 neutron-periodic-workers[105196]: DEBUG oslo_db.sqlalchemy.engines [None req-a6eeb952-df79-44d3-b8e0-ef1cfad310cc None None] Parent process 104417 forked (105196) with an open database connection, which is being discarded and recreated. {{(pid=105196) checkout /opt/stack/data/venv/lib/python3.12/site-packages/oslo_db/sqlalchemy/engines.py:402}}
May 09 03:23:58.838512 np0000172889 neutron-periodic-workers[105196]: DEBUG dbcounter [-] [105196] Writer thread running {{(pid=105196) stat_writer /opt/stack/data/venv/lib/python3.12/site-packages/dbcounter.py:102}}
May 09 03:23:58.848070 np0000172889 neutron-periodic-workers[105196]: DEBUG oslo.service.backend._threading.loopingcall [None req-a6eeb952-df79-44d3-b8e0-ef1cfad310cc None None] Fixed interval looping call 'neutron.plugins.ml2.plugin.DhcpAgentSchedulerDbMixin.remove_networks_from_down_agents' sleeping for 36.98 seconds {{(pid=105196) _run_loop /opt/stack/data/venv/lib/python3.12/site-packages/oslo_service/backend/_threading/loopingcall.py:125}}
May 09 03:24:08.847173 np0000172889 neutron-periodic-workers[105196]: DEBUG dbcounter [-] [105196] Writing DB stats neutron:SELECT=3 {{(pid=105196) stat_writer /opt/stack/data/venv/lib/python3.12/site-packages/dbcounter.py:115}}
May 09 03:24:11.859432 np0000172889 neutron-periodic-workers[105205]: DEBUG dbcounter [-] [105205] Writer thread running {{(pid=105205) stat_writer /opt/stack/data/venv/lib/python3.12/site-packages/dbcounter.py:102}}
May 09 03:24:11.862793 np0000172889 neutron-periodic-workers[105205]: DEBUG neutron.db.agents_db [None req-0407b331-7c63-43b9-9342-794d6c1d8e7a None None] Agent healthcheck: found 0 active agents {{(pid=105205) agent_health_check /opt/stack/neutron/neutron/db/agents_db.py:322}}
May 09 03:24:11.862793 np0000172889 neutron-periodic-workers[105205]: DEBUG oslo.service.backend._threading.loopingcall [None req-0407b331-7c63-43b9-9342-794d6c1d8e7a None None] Fixed interval looping call 'neutron.plugins.ml2.plugin.AgentDbMixin.agent_health_check' sleeping for 36.98 seconds {{(pid=105205) _run_loop /opt/stack/data/venv/lib/python3.12/site-packages/oslo_service/backend/_threading/loopingcall.py:125}}
May 09 03:24:21.859963 np0000172889 neutron-periodic-workers[105205]: DEBUG dbcounter [-] [105205] Writing DB stats neutron:SELECT=1 {{(pid=105205) stat_writer /opt/stack/data/venv/lib/python3.12/site-packages/dbcounter.py:115}}
May 09 03:24:35.837231 np0000172889 neutron-periodic-workers[105196]: DEBUG oslo.service.backend._threading.loopingcall [None req-a6eeb952-df79-44d3-b8e0-ef1cfad310cc None None] Fixed interval looping call 'neutron.plugins.ml2.plugin.DhcpAgentSchedulerDbMixin.remove_networks_from_down_agents' sleeping for 36.99 seconds {{(pid=105196) _run_loop /opt/stack/data/venv/lib/python3.12/site-packages/oslo_service/backend/_threading/loopingcall.py:125}}
May 09 03:24:45.836153 np0000172889 neutron-periodic-workers[105196]: DEBUG dbcounter [-] [105196] Writing DB stats neutron:SELECT=3 {{(pid=105196) stat_writer /opt/stack/data/venv/lib/python3.12/site-packages/dbcounter.py:115}}
May 09 03:24:48.848325 np0000172889 neutron-periodic-workers[105205]: DEBUG neutron.db.agents_db [None req-0407b331-7c63-43b9-9342-794d6c1d8e7a None None] Agent healthcheck: found 0 active agents {{(pid=105205) agent_health_check /opt/stack/neutron/neutron/db/agents_db.py:322}}
May 09 03:24:48.848962 np0000172889 neutron-periodic-workers[105205]: DEBUG oslo.service.backend._threading.loopingcall [None req-0407b331-7c63-43b9-9342-794d6c1d8e7a None None] Fixed interval looping call 'neutron.plugins.ml2.plugin.AgentDbMixin.agent_health_check' sleeping for 36.99 seconds {{(pid=105205) _run_loop /opt/stack/data/venv/lib/python3.12/site-packages/oslo_service/backend/_threading/loopingcall.py:125}}
May 09 03:24:58.846916 np0000172889 neutron-periodic-workers[105205]: DEBUG dbcounter [-] [105205] Writing DB stats neutron:SELECT=1 {{(pid=105205) stat_writer /opt/stack/data/venv/lib/python3.12/site-packages/dbcounter.py:115}}
May 09 03:24:58.875092 np0000172889 neutron-periodic-workers[105217]: DEBUG dbcounter [-] [105217] Writer thread running {{(pid=105217) stat_writer /opt/stack/data/venv/lib/python3.12/site-packages/dbcounter.py:102}}
May 09 03:24:58.876897 np0000172889 neutron-periodic-workers[105217]: DEBUG oslo.service.backend._threading.loopingcall [None req-0c4ac2a1-9ca5-4e75-b1e7-27c505235958 None None] Fixed interval looping call 'neutron.db.quota.driver_nolock.DbQuotaNoLockDriver._remove_expired_reservations' sleeping for 119.98 seconds {{(pid=105217) _run_loop /opt/stack/data/venv/lib/python3.12/site-packages/oslo_service/backend/_threading/loopingcall.py:125}}
May 09 03:25:08.876137 np0000172889 neutron-periodic-workers[105217]: DEBUG dbcounter [-] [105217] Writing DB stats neutron:DELETE=1 {{(pid=105217) stat_writer /opt/stack/data/venv/lib/python3.12/site-packages/dbcounter.py:115}}
May 09 03:25:12.836252 np0000172889 neutron-periodic-workers[105196]: DEBUG oslo.service.backend._threading.loopingcall [None req-a6eeb952-df79-44d3-b8e0-ef1cfad310cc None None] Fixed interval looping call 'neutron.plugins.ml2.plugin.DhcpAgentSchedulerDbMixin.remove_networks_from_down_agents' sleeping for 36.99 seconds {{(pid=105196) _run_loop /opt/stack/data/venv/lib/python3.12/site-packages/oslo_service/backend/_threading/loopingcall.py:125}}
May 09 03:25:22.835537 np0000172889 neutron-periodic-workers[105196]: DEBUG dbcounter [-] [105196] Writing DB stats neutron:SELECT=3 {{(pid=105196) stat_writer /opt/stack/data/venv/lib/python3.12/site-packages/dbcounter.py:115}}
May 09 03:25:25.843843 np0000172889 neutron-periodic-workers[105205]: DEBUG neutron.db.agents_db [None req-0407b331-7c63-43b9-9342-794d6c1d8e7a None None] Agent healthcheck: found 0 active agents {{(pid=105205) agent_health_check /opt/stack/neutron/neutron/db/agents_db.py:322}}
May 09 03:25:25.844380 np0000172889 neutron-periodic-workers[105205]: DEBUG oslo.service.backend._threading.loopingcall [None req-0407b331-7c63-43b9-9342-794d6c1d8e7a None None] Fixed interval looping call 'neutron.plugins.ml2.plugin.AgentDbMixin.agent_health_check' sleeping for 36.99 seconds {{(pid=105205) _run_loop /opt/stack/data/venv/lib/python3.12/site-packages/oslo_service/backend/_threading/loopingcall.py:125}}
May 09 03:25:35.842479 np0000172889 neutron-periodic-workers[105205]: DEBUG dbcounter [-] [105205] Writing DB stats neutron:SELECT=1 {{(pid=105205) stat_writer /opt/stack/data/venv/lib/python3.12/site-packages/dbcounter.py:115}}
May 09 03:25:49.832837 np0000172889 neutron-periodic-workers[105196]: DEBUG oslo.service.backend._threading.loopingcall [None req-a6eeb952-df79-44d3-b8e0-ef1cfad310cc None None] Fixed interval looping call 'neutron.plugins.ml2.plugin.DhcpAgentSchedulerDbMixin.remove_networks_from_down_agents' sleeping for 36.99 seconds {{(pid=105196) _run_loop /opt/stack/data/venv/lib/python3.12/site-packages/oslo_service/backend/_threading/loopingcall.py:125}}
May 09 03:25:59.832133 np0000172889 neutron-periodic-workers[105196]: DEBUG dbcounter [-] [105196] Writing DB stats neutron:SELECT=3 {{(pid=105196) stat_writer /opt/stack/data/venv/lib/python3.12/site-packages/dbcounter.py:115}}
May 09 03:26:02.839901 np0000172889 neutron-periodic-workers[105205]: DEBUG neutron.db.agents_db [None req-0407b331-7c63-43b9-9342-794d6c1d8e7a None None] Agent healthcheck: found 0 active agents {{(pid=105205) agent_health_check /opt/stack/neutron/neutron/db/agents_db.py:322}}
May 09 03:26:02.840583 np0000172889 neutron-periodic-workers[105205]: DEBUG oslo.service.backend._threading.loopingcall [None req-0407b331-7c63-43b9-9342-794d6c1d8e7a None None] Fixed interval looping call 'neutron.plugins.ml2.plugin.AgentDbMixin.agent_health_check' sleeping for 36.99 seconds {{(pid=105205) _run_loop /opt/stack/data/venv/lib/python3.12/site-packages/oslo_service/backend/_threading/loopingcall.py:125}}
May 09 03:26:12.838250 np0000172889 neutron-periodic-workers[105205]: DEBUG dbcounter [-] [105205] Writing DB stats neutron:SELECT=1 {{(pid=105205) stat_writer /opt/stack/data/venv/lib/python3.12/site-packages/dbcounter.py:115}}
May 09 03:26:26.832351 np0000172889 neutron-periodic-workers[105196]: DEBUG oslo.service.backend._threading.loopingcall [None req-a6eeb952-df79-44d3-b8e0-ef1cfad310cc None None] Fixed interval looping call 'neutron.plugins.ml2.plugin.DhcpAgentSchedulerDbMixin.remove_networks_from_down_agents' sleeping for 36.99 seconds {{(pid=105196) _run_loop /opt/stack/data/venv/lib/python3.12/site-packages/oslo_service/backend/_threading/loopingcall.py:125}}
May 09 03:26:36.831964 np0000172889 neutron-periodic-workers[105196]: DEBUG dbcounter [-] [105196] Writing DB stats neutron:SELECT=3 {{(pid=105196) stat_writer /opt/stack/data/venv/lib/python3.12/site-packages/dbcounter.py:115}}
May 09 03:26:39.836077 np0000172889 neutron-periodic-workers[105205]: DEBUG neutron.db.agents_db [None req-0407b331-7c63-43b9-9342-794d6c1d8e7a None None] Agent healthcheck: found 0 active agents {{(pid=105205) agent_health_check /opt/stack/neutron/neutron/db/agents_db.py:322}}
May 09 03:26:39.836077 np0000172889 neutron-periodic-workers[105205]: DEBUG oslo.service.backend._threading.loopingcall [None req-0407b331-7c63-43b9-9342-794d6c1d8e7a None None] Fixed interval looping call 'neutron.plugins.ml2.plugin.AgentDbMixin.agent_health_check' sleeping for 36.99 seconds {{(pid=105205) _run_loop /opt/stack/data/venv/lib/python3.12/site-packages/oslo_service/backend/_threading/loopingcall.py:125}}
May 09 03:26:49.834259 np0000172889 neutron-periodic-workers[105205]: DEBUG dbcounter [-] [105205] Writing DB stats neutron:SELECT=1 {{(pid=105205) stat_writer /opt/stack/data/venv/lib/python3.12/site-packages/dbcounter.py:115}}
May 09 03:26:58.863626 np0000172889 neutron-periodic-workers[105217]: DEBUG oslo.service.backend._threading.loopingcall [None req-0c4ac2a1-9ca5-4e75-b1e7-27c505235958 None None] Fixed interval looping call 'neutron.db.quota.driver_nolock.DbQuotaNoLockDriver._remove_expired_reservations' sleeping for 119.99 seconds {{(pid=105217) _run_loop /opt/stack/data/venv/lib/python3.12/site-packages/oslo_service/backend/_threading/loopingcall.py:125}}
May 09 03:27:03.834361 np0000172889 neutron-periodic-workers[105196]: DEBUG oslo.service.backend._threading.loopingcall [None req-a6eeb952-df79-44d3-b8e0-ef1cfad310cc None None] Fixed interval looping call 'neutron.plugins.ml2.plugin.DhcpAgentSchedulerDbMixin.remove_networks_from_down_agents' sleeping for 36.99 seconds {{(pid=105196) _run_loop /opt/stack/data/venv/lib/python3.12/site-packages/oslo_service/backend/_threading/loopingcall.py:125}}
May 09 03:27:08.862487 np0000172889 neutron-periodic-workers[105217]: DEBUG dbcounter [-] [105217] Writing DB stats neutron:DELETE=1 {{(pid=105217) stat_writer /opt/stack/data/venv/lib/python3.12/site-packages/dbcounter.py:115}}
May 09 03:27:13.833030 np0000172889 neutron-periodic-workers[105196]: DEBUG dbcounter [-] [105196] Writing DB stats neutron:SELECT=3 {{(pid=105196) stat_writer /opt/stack/data/venv/lib/python3.12/site-packages/dbcounter.py:115}}
May 09 03:27:15.907399 np0000172889 neutron-periodic-workers[105230]: DEBUG dbcounter [-] [105230] Writer thread running {{(pid=105230) stat_writer /opt/stack/data/venv/lib/python3.12/site-packages/dbcounter.py:102}}
May 09 03:27:15.924112 np0000172889 neutron-periodic-workers[105230]: DEBUG oslo.service.backend._threading.loopingcall [None req-a0b15d5f-9659-4214-a83b-0f0848a09a6c None None] Fixed interval looping call 'neutron.services.ovn_l3.plugin.L3_NAT_dbonly_mixin._clean_garbage' sleeping for 299.95 seconds {{(pid=105230) _run_loop /opt/stack/data/venv/lib/python3.12/site-packages/oslo_service/backend/_threading/loopingcall.py:125}}
May 09 03:27:16.830933 np0000172889 neutron-periodic-workers[105205]: DEBUG neutron.db.agents_db [None req-0407b331-7c63-43b9-9342-794d6c1d8e7a None None] Agent healthcheck: found 0 active agents {{(pid=105205) agent_health_check /opt/stack/neutron/neutron/db/agents_db.py:322}}
May 09 03:27:16.831825 np0000172889 neutron-periodic-workers[105205]: DEBUG oslo.service.backend._threading.loopingcall [None req-0407b331-7c63-43b9-9342-794d6c1d8e7a None None] Fixed interval looping call 'neutron.plugins.ml2.plugin.AgentDbMixin.agent_health_check' sleeping for 37.00 seconds {{(pid=105205) _run_loop /opt/stack/data/venv/lib/python3.12/site-packages/oslo_service/backend/_threading/loopingcall.py:125}}
May 09 03:27:25.908609 np0000172889 neutron-periodic-workers[105230]: DEBUG dbcounter [-] [105230] Writing DB stats neutron:SELECT=1 {{(pid=105230) stat_writer /opt/stack/data/venv/lib/python3.12/site-packages/dbcounter.py:115}}
May 09 03:27:26.829532 np0000172889 neutron-periodic-workers[105205]: DEBUG dbcounter [-] [105205] Writing DB stats neutron:SELECT=1 {{(pid=105205) stat_writer /opt/stack/data/venv/lib/python3.12/site-packages/dbcounter.py:115}}
May 09 03:27:40.834163 np0000172889 neutron-periodic-workers[105196]: DEBUG oslo.service.backend._threading.loopingcall [None req-a6eeb952-df79-44d3-b8e0-ef1cfad310cc None None] Fixed interval looping call 'neutron.plugins.ml2.plugin.DhcpAgentSchedulerDbMixin.remove_networks_from_down_agents' sleeping for 36.99 seconds {{(pid=105196) _run_loop /opt/stack/data/venv/lib/python3.12/site-packages/oslo_service/backend/_threading/loopingcall.py:125}}
May 09 03:27:50.832211 np0000172889 neutron-periodic-workers[105196]: DEBUG dbcounter [-] [105196] Writing DB stats neutron:SELECT=3 {{(pid=105196) stat_writer /opt/stack/data/venv/lib/python3.12/site-packages/dbcounter.py:115}}
May 09 03:27:53.836763 np0000172889 neutron-periodic-workers[105205]: DEBUG neutron.db.agents_db [None req-0407b331-7c63-43b9-9342-794d6c1d8e7a None None] Agent healthcheck: found 0 active agents {{(pid=105205) agent_health_check /opt/stack/neutron/neutron/db/agents_db.py:322}}
May 09 03:27:53.837278 np0000172889 neutron-periodic-workers[105205]: DEBUG oslo.service.backend._threading.loopingcall [None req-0407b331-7c63-43b9-9342-794d6c1d8e7a None None] Fixed interval looping call 'neutron.plugins.ml2.plugin.AgentDbMixin.agent_health_check' sleeping for 36.99 seconds {{(pid=105205) _run_loop /opt/stack/data/venv/lib/python3.12/site-packages/oslo_service/backend/_threading/loopingcall.py:125}}
May 09 03:28:03.835152 np0000172889 neutron-periodic-workers[105205]: DEBUG dbcounter [-] [105205] Writing DB stats neutron:SELECT=1 {{(pid=105205) stat_writer /opt/stack/data/venv/lib/python3.12/site-packages/dbcounter.py:115}}
May 09 03:28:17.833500 np0000172889 neutron-periodic-workers[105196]: DEBUG oslo.service.backend._threading.loopingcall [None req-a6eeb952-df79-44d3-b8e0-ef1cfad310cc None None] Fixed interval looping call 'neutron.plugins.ml2.plugin.DhcpAgentSchedulerDbMixin.remove_networks_from_down_agents' sleeping for 36.99 seconds {{(pid=105196) _run_loop /opt/stack/data/venv/lib/python3.12/site-packages/oslo_service/backend/_threading/loopingcall.py:125}}
May 09 03:28:27.831779 np0000172889 neutron-periodic-workers[105196]: DEBUG dbcounter [-] [105196] Writing DB stats neutron:SELECT=3 {{(pid=105196) stat_writer /opt/stack/data/venv/lib/python3.12/site-packages/dbcounter.py:115}}
May 09 03:28:30.830648 np0000172889 neutron-periodic-workers[105205]: DEBUG neutron.db.agents_db [None req-0407b331-7c63-43b9-9342-794d6c1d8e7a None None] Agent healthcheck: found 0 active agents {{(pid=105205) agent_health_check /opt/stack/neutron/neutron/db/agents_db.py:322}}
May 09 03:28:30.831198 np0000172889 neutron-periodic-workers[105205]: DEBUG oslo.service.backend._threading.loopingcall [None req-0407b331-7c63-43b9-9342-794d6c1d8e7a None None] Fixed interval looping call 'neutron.plugins.ml2.plugin.AgentDbMixin.agent_health_check' sleeping for 37.00 seconds {{(pid=105205) _run_loop /opt/stack/data/venv/lib/python3.12/site-packages/oslo_service/backend/_threading/loopingcall.py:125}}
May 09 03:28:40.829792 np0000172889 neutron-periodic-workers[105205]: DEBUG dbcounter [-] [105205] Writing DB stats neutron:SELECT=1 {{(pid=105205) stat_writer /opt/stack/data/venv/lib/python3.12/site-packages/dbcounter.py:115}}
May 09 03:28:54.833654 np0000172889 neutron-periodic-workers[105196]: DEBUG oslo.service.backend._threading.loopingcall [None req-a6eeb952-df79-44d3-b8e0-ef1cfad310cc None None] Fixed interval looping call 'neutron.plugins.ml2.plugin.DhcpAgentSchedulerDbMixin.remove_networks_from_down_agents' sleeping for 36.99 seconds {{(pid=105196) _run_loop /opt/stack/data/venv/lib/python3.12/site-packages/oslo_service/backend/_threading/loopingcall.py:125}}
May 09 03:28:58.858560 np0000172889 neutron-periodic-workers[105217]: DEBUG oslo.service.backend._threading.loopingcall [None req-0c4ac2a1-9ca5-4e75-b1e7-27c505235958 None None] Fixed interval looping call 'neutron.db.quota.driver_nolock.DbQuotaNoLockDriver._remove_expired_reservations' sleeping for 120.00 seconds {{(pid=105217) _run_loop /opt/stack/data/venv/lib/python3.12/site-packages/oslo_service/backend/_threading/loopingcall.py:125}}
May 09 03:29:04.832507 np0000172889 neutron-periodic-workers[105196]: DEBUG dbcounter [-] [105196] Writing DB stats neutron:SELECT=3 {{(pid=105196) stat_writer /opt/stack/data/venv/lib/python3.12/site-packages/dbcounter.py:115}}
May 09 03:29:07.835008 np0000172889 neutron-periodic-workers[105205]: DEBUG neutron.db.agents_db [None req-0407b331-7c63-43b9-9342-794d6c1d8e7a None None] Agent healthcheck: found 0 active agents {{(pid=105205) agent_health_check /opt/stack/neutron/neutron/db/agents_db.py:322}}
May 09 03:29:07.835762 np0000172889 neutron-periodic-workers[105205]: DEBUG oslo.service.backend._threading.loopingcall [None req-0407b331-7c63-43b9-9342-794d6c1d8e7a None None] Fixed interval looping call 'neutron.plugins.ml2.plugin.AgentDbMixin.agent_health_check' sleeping for 37.00 seconds {{(pid=105205) _run_loop /opt/stack/data/venv/lib/python3.12/site-packages/oslo_service/backend/_threading/loopingcall.py:125}}
May 09 03:29:08.857618 np0000172889 neutron-periodic-workers[105217]: DEBUG dbcounter [-] [105217] Writing DB stats neutron:DELETE=1 {{(pid=105217) stat_writer /opt/stack/data/venv/lib/python3.12/site-packages/dbcounter.py:115}}
May 09 03:29:17.833783 np0000172889 neutron-periodic-workers[105205]: DEBUG dbcounter [-] [105205] Writing DB stats neutron:SELECT=1 {{(pid=105205) stat_writer /opt/stack/data/venv/lib/python3.12/site-packages/dbcounter.py:115}}
May 09 03:29:31.833212 np0000172889 neutron-periodic-workers[105196]: DEBUG oslo.service.backend._threading.loopingcall [None req-a6eeb952-df79-44d3-b8e0-ef1cfad310cc None None] Fixed interval looping call 'neutron.plugins.ml2.plugin.DhcpAgentSchedulerDbMixin.remove_networks_from_down_agents' sleeping for 36.99 seconds {{(pid=105196) _run_loop /opt/stack/data/venv/lib/python3.12/site-packages/oslo_service/backend/_threading/loopingcall.py:125}}
May 09 03:29:41.832742 np0000172889 neutron-periodic-workers[105196]: DEBUG dbcounter [-] [105196] Writing DB stats neutron:SELECT=3 {{(pid=105196) stat_writer /opt/stack/data/venv/lib/python3.12/site-packages/dbcounter.py:115}}
May 09 03:29:44.838476 np0000172889 neutron-periodic-workers[105205]: DEBUG neutron.db.agents_db [None req-0407b331-7c63-43b9-9342-794d6c1d8e7a None None] Agent healthcheck: found 0 active agents {{(pid=105205) agent_health_check /opt/stack/neutron/neutron/db/agents_db.py:322}}
May 09 03:29:44.838972 np0000172889 neutron-periodic-workers[105205]: DEBUG oslo.service.backend._threading.loopingcall [None req-0407b331-7c63-43b9-9342-794d6c1d8e7a None None] Fixed interval looping call 'neutron.plugins.ml2.plugin.AgentDbMixin.agent_health_check' sleeping for 37.00 seconds {{(pid=105205) _run_loop /opt/stack/data/venv/lib/python3.12/site-packages/oslo_service/backend/_threading/loopingcall.py:125}}
May 09 03:29:54.837660 np0000172889 neutron-periodic-workers[105205]: DEBUG dbcounter [-] [105205] Writing DB stats neutron:SELECT=1 {{(pid=105205) stat_writer /opt/stack/data/venv/lib/python3.12/site-packages/dbcounter.py:115}}
May 09 03:30:08.830469 np0000172889 neutron-periodic-workers[105196]: DEBUG oslo.service.backend._threading.loopingcall [None req-a6eeb952-df79-44d3-b8e0-ef1cfad310cc None None] Fixed interval looping call 'neutron.plugins.ml2.plugin.DhcpAgentSchedulerDbMixin.remove_networks_from_down_agents' sleeping for 36.99 seconds {{(pid=105196) _run_loop /opt/stack/data/venv/lib/python3.12/site-packages/oslo_service/backend/_threading/loopingcall.py:125}}
May 09 03:30:18.829819 np0000172889 neutron-periodic-workers[105196]: DEBUG dbcounter [-] [105196] Writing DB stats neutron:SELECT=3 {{(pid=105196) stat_writer /opt/stack/data/venv/lib/python3.12/site-packages/dbcounter.py:115}}
May 09 03:30:21.845257 np0000172889 neutron-periodic-workers[105205]: DEBUG neutron.db.agents_db [None req-0407b331-7c63-43b9-9342-794d6c1d8e7a None None] Agent healthcheck: found 0 active agents {{(pid=105205) agent_health_check /opt/stack/neutron/neutron/db/agents_db.py:322}}
May 09 03:30:21.845257 np0000172889 neutron-periodic-workers[105205]: DEBUG oslo.service.backend._threading.loopingcall [None req-0407b331-7c63-43b9-9342-794d6c1d8e7a None None] Fixed interval looping call 'neutron.plugins.ml2.plugin.AgentDbMixin.agent_health_check' sleeping for 36.99 seconds {{(pid=105205) _run_loop /opt/stack/data/venv/lib/python3.12/site-packages/oslo_service/backend/_threading/loopingcall.py:125}}
May 09 03:30:31.843336 np0000172889 neutron-periodic-workers[105205]: DEBUG dbcounter [-] [105205] Writing DB stats neutron:SELECT=1 {{(pid=105205) stat_writer /opt/stack/data/venv/lib/python3.12/site-packages/dbcounter.py:115}}
May 09 03:30:45.831358 np0000172889 neutron-periodic-workers[105196]: DEBUG oslo.service.backend._threading.loopingcall [None req-a6eeb952-df79-44d3-b8e0-ef1cfad310cc None None] Fixed interval looping call 'neutron.plugins.ml2.plugin.DhcpAgentSchedulerDbMixin.remove_networks_from_down_agents' sleeping for 36.99 seconds {{(pid=105196) _run_loop /opt/stack/data/venv/lib/python3.12/site-packages/oslo_service/backend/_threading/loopingcall.py:125}}
May 09 03:30:55.829344 np0000172889 neutron-periodic-workers[105196]: DEBUG dbcounter [-] [105196] Writing DB stats neutron:SELECT=3 {{(pid=105196) stat_writer /opt/stack/data/venv/lib/python3.12/site-packages/dbcounter.py:115}}
May 09 03:30:58.841751 np0000172889 neutron-periodic-workers[105205]: DEBUG neutron.db.agents_db [None req-0407b331-7c63-43b9-9342-794d6c1d8e7a None None] Agent healthcheck: found 0 active agents {{(pid=105205) agent_health_check /opt/stack/neutron/neutron/db/agents_db.py:322}}
May 09 03:30:58.841751 np0000172889 neutron-periodic-workers[105205]: DEBUG oslo.service.backend._threading.loopingcall [None req-0407b331-7c63-43b9-9342-794d6c1d8e7a None None] Fixed interval looping call 'neutron.plugins.ml2.plugin.AgentDbMixin.agent_health_check' sleeping for 36.99 seconds {{(pid=105205) _run_loop /opt/stack/data/venv/lib/python3.12/site-packages/oslo_service/backend/_threading/loopingcall.py:125}}
May 09 03:30:58.864582 np0000172889 neutron-periodic-workers[105217]: DEBUG oslo.service.backend._threading.loopingcall [None req-0c4ac2a1-9ca5-4e75-b1e7-27c505235958 None None] Fixed interval looping call 'neutron.db.quota.driver_nolock.DbQuotaNoLockDriver._remove_expired_reservations' sleeping for 120.00 seconds {{(pid=105217) _run_loop /opt/stack/data/venv/lib/python3.12/site-packages/oslo_service/backend/_threading/loopingcall.py:125}}
May 09 03:31:08.844255 np0000172889 neutron-periodic-workers[105205]: DEBUG dbcounter [-] [105205] Writing DB stats neutron:SELECT=1 {{(pid=105205) stat_writer /opt/stack/data/venv/lib/python3.12/site-packages/dbcounter.py:115}}
May 09 03:31:08.863104 np0000172889 neutron-periodic-workers[105217]: DEBUG dbcounter [-] [105217] Writing DB stats neutron:DELETE=1 {{(pid=105217) stat_writer /opt/stack/data/venv/lib/python3.12/site-packages/dbcounter.py:115}}
May 09 03:31:22.837555 np0000172889 neutron-periodic-workers[105196]: DEBUG oslo.service.backend._threading.loopingcall [None req-a6eeb952-df79-44d3-b8e0-ef1cfad310cc None None] Fixed interval looping call 'neutron.plugins.ml2.plugin.DhcpAgentSchedulerDbMixin.remove_networks_from_down_agents' sleeping for 36.98 seconds {{(pid=105196) _run_loop /opt/stack/data/venv/lib/python3.12/site-packages/oslo_service/backend/_threading/loopingcall.py:125}}
May 09 03:31:32.835710 np0000172889 neutron-periodic-workers[105196]: DEBUG dbcounter [-] [105196] Writing DB stats neutron:SELECT=3 {{(pid=105196) stat_writer /opt/stack/data/venv/lib/python3.12/site-packages/dbcounter.py:115}}
May 09 03:31:35.836124 np0000172889 neutron-periodic-workers[105205]: DEBUG neutron.db.agents_db [None req-0407b331-7c63-43b9-9342-794d6c1d8e7a None None] Agent healthcheck: found 0 active agents {{(pid=105205) agent_health_check /opt/stack/neutron/neutron/db/agents_db.py:322}}
May 09 03:31:35.836524 np0000172889 neutron-periodic-workers[105205]: DEBUG oslo.service.backend._threading.loopingcall [None req-0407b331-7c63-43b9-9342-794d6c1d8e7a None None] Fixed interval looping call 'neutron.plugins.ml2.plugin.AgentDbMixin.agent_health_check' sleeping for 37.00 seconds {{(pid=105205) _run_loop /opt/stack/data/venv/lib/python3.12/site-packages/oslo_service/backend/_threading/loopingcall.py:125}}
May 09 03:31:45.834443 np0000172889 neutron-periodic-workers[105205]: DEBUG dbcounter [-] [105205] Writing DB stats neutron:SELECT=1 {{(pid=105205) stat_writer /opt/stack/data/venv/lib/python3.12/site-packages/dbcounter.py:115}}
May 09 03:31:59.827385 np0000172889 neutron-periodic-workers[105196]: DEBUG oslo.service.backend._threading.loopingcall [None req-a6eeb952-df79-44d3-b8e0-ef1cfad310cc None None] Fixed interval looping call 'neutron.plugins.ml2.plugin.DhcpAgentSchedulerDbMixin.remove_networks_from_down_agents' sleeping for 36.99 seconds {{(pid=105196) _run_loop /opt/stack/data/venv/lib/python3.12/site-packages/oslo_service/backend/_threading/loopingcall.py:125}}
May 09 03:32:09.826287 np0000172889 neutron-periodic-workers[105196]: DEBUG dbcounter [-] [105196] Writing DB stats neutron:SELECT=3 {{(pid=105196) stat_writer /opt/stack/data/venv/lib/python3.12/site-packages/dbcounter.py:115}}
May 09 03:32:12.842969 np0000172889 neutron-periodic-workers[105205]: DEBUG neutron.db.agents_db [None req-0407b331-7c63-43b9-9342-794d6c1d8e7a None None] Agent healthcheck: found 0 active agents {{(pid=105205) agent_health_check /opt/stack/neutron/neutron/db/agents_db.py:322}}
May 09 03:32:12.843674 np0000172889 neutron-periodic-workers[105205]: DEBUG oslo.service.backend._threading.loopingcall [None req-0407b331-7c63-43b9-9342-794d6c1d8e7a None None] Fixed interval looping call 'neutron.plugins.ml2.plugin.AgentDbMixin.agent_health_check' sleeping for 36.99 seconds {{(pid=105205) _run_loop /opt/stack/data/venv/lib/python3.12/site-packages/oslo_service/backend/_threading/loopingcall.py:125}}
May 09 03:32:15.885118 np0000172889 neutron-periodic-workers[105230]: DEBUG oslo.service.backend._threading.loopingcall [None req-a0b15d5f-9659-4214-a83b-0f0848a09a6c None None] Fixed interval looping call 'neutron.services.ovn_l3.plugin.L3_NAT_dbonly_mixin._clean_garbage' sleeping for 299.99 seconds {{(pid=105230) _run_loop /opt/stack/data/venv/lib/python3.12/site-packages/oslo_service/backend/_threading/loopingcall.py:125}}
May 09 03:32:22.841992 np0000172889 neutron-periodic-workers[105205]: DEBUG dbcounter [-] [105205] Writing DB stats neutron:SELECT=1 {{(pid=105205) stat_writer /opt/stack/data/venv/lib/python3.12/site-packages/dbcounter.py:115}}
May 09 03:32:25.877914 np0000172889 neutron-periodic-workers[105230]: DEBUG dbcounter [-] [105230] Writing DB stats neutron:SELECT=1 {{(pid=105230) stat_writer /opt/stack/data/venv/lib/python3.12/site-packages/dbcounter.py:115}}
May 09 03:32:36.827050 np0000172889 neutron-periodic-workers[105196]: DEBUG oslo.service.backend._threading.loopingcall [None req-a6eeb952-df79-44d3-b8e0-ef1cfad310cc None None] Fixed interval looping call 'neutron.plugins.ml2.plugin.DhcpAgentSchedulerDbMixin.remove_networks_from_down_agents' sleeping for 36.99 seconds {{(pid=105196) _run_loop /opt/stack/data/venv/lib/python3.12/site-packages/oslo_service/backend/_threading/loopingcall.py:125}}
May 09 03:32:46.825584 np0000172889 neutron-periodic-workers[105196]: DEBUG dbcounter [-] [105196] Writing DB stats neutron:SELECT=3 {{(pid=105196) stat_writer /opt/stack/data/venv/lib/python3.12/site-packages/dbcounter.py:115}}
May 09 03:32:49.839705 np0000172889 neutron-periodic-workers[105205]: DEBUG neutron.db.agents_db [None req-0407b331-7c63-43b9-9342-794d6c1d8e7a None None] Agent healthcheck: found 0 active agents {{(pid=105205) agent_health_check /opt/stack/neutron/neutron/db/agents_db.py:322}}
May 09 03:32:49.840769 np0000172889 neutron-periodic-workers[105205]: DEBUG oslo.service.backend._threading.loopingcall [None req-0407b331-7c63-43b9-9342-794d6c1d8e7a None None] Fixed interval looping call 'neutron.plugins.ml2.plugin.AgentDbMixin.agent_health_check' sleeping for 36.99 seconds {{(pid=105205) _run_loop /opt/stack/data/venv/lib/python3.12/site-packages/oslo_service/backend/_threading/loopingcall.py:125}}
May 09 03:32:58.870193 np0000172889 neutron-periodic-workers[105217]: DEBUG oslo.service.backend._threading.loopingcall [None req-0c4ac2a1-9ca5-4e75-b1e7-27c505235958 None None] Fixed interval looping call 'neutron.db.quota.driver_nolock.DbQuotaNoLockDriver._remove_expired_reservations' sleeping for 120.00 seconds {{(pid=105217) _run_loop /opt/stack/data/venv/lib/python3.12/site-packages/oslo_service/backend/_threading/loopingcall.py:125}}
May 09 03:32:59.838827 np0000172889 neutron-periodic-workers[105205]: DEBUG dbcounter [-] [105205] Writing DB stats neutron:SELECT=1 {{(pid=105205) stat_writer /opt/stack/data/venv/lib/python3.12/site-packages/dbcounter.py:115}}
May 09 03:33:08.868724 np0000172889 neutron-periodic-workers[105217]: DEBUG dbcounter [-] [105217] Writing DB stats neutron:DELETE=1 {{(pid=105217) stat_writer /opt/stack/data/venv/lib/python3.12/site-packages/dbcounter.py:115}}
May 09 03:33:13.824882 np0000172889 neutron-periodic-workers[105196]: DEBUG oslo.service.backend._threading.loopingcall [None req-a6eeb952-df79-44d3-b8e0-ef1cfad310cc None None] Fixed interval looping call 'neutron.plugins.ml2.plugin.DhcpAgentSchedulerDbMixin.remove_networks_from_down_agents' sleeping for 36.99 seconds {{(pid=105196) _run_loop /opt/stack/data/venv/lib/python3.12/site-packages/oslo_service/backend/_threading/loopingcall.py:125}}
May 09 03:33:23.824663 np0000172889 neutron-periodic-workers[105196]: DEBUG dbcounter [-] [105196] Writing DB stats neutron:SELECT=3 {{(pid=105196) stat_writer /opt/stack/data/venv/lib/python3.12/site-packages/dbcounter.py:115}}
May 09 03:33:26.837663 np0000172889 neutron-periodic-workers[105205]: DEBUG neutron.db.agents_db [None req-0407b331-7c63-43b9-9342-794d6c1d8e7a None None] Agent healthcheck: found 0 active agents {{(pid=105205) agent_health_check /opt/stack/neutron/neutron/db/agents_db.py:322}}
May 09 03:33:26.838605 np0000172889 neutron-periodic-workers[105205]: DEBUG oslo.service.backend._threading.loopingcall [None req-0407b331-7c63-43b9-9342-794d6c1d8e7a None None] Fixed interval looping call 'neutron.plugins.ml2.plugin.AgentDbMixin.agent_health_check' sleeping for 36.99 seconds {{(pid=105205) _run_loop /opt/stack/data/venv/lib/python3.12/site-packages/oslo_service/backend/_threading/loopingcall.py:125}}
May 09 03:33:36.835193 np0000172889 neutron-periodic-workers[105205]: DEBUG dbcounter [-] [105205] Writing DB stats neutron:SELECT=1 {{(pid=105205) stat_writer /opt/stack/data/venv/lib/python3.12/site-packages/dbcounter.py:115}}
May 09 03:33:50.825644 np0000172889 neutron-periodic-workers[105196]: DEBUG oslo.service.backend._threading.loopingcall [None req-a6eeb952-df79-44d3-b8e0-ef1cfad310cc None None] Fixed interval looping call 'neutron.plugins.ml2.plugin.DhcpAgentSchedulerDbMixin.remove_networks_from_down_agents' sleeping for 36.99 seconds {{(pid=105196) _run_loop /opt/stack/data/venv/lib/python3.12/site-packages/oslo_service/backend/_threading/loopingcall.py:125}}
