+ exec neutron-metadata-agent --config-file /etc/neutron/neutron.conf --config-file /tmp/pod-shared/neutron-agent.ini --config-file /etc/neutron/metadata_agent.ini /var/lib/openstack/lib/python3.10/site-packages/neutron/common/utils.py:54: UserWarning: pkg_resources is deprecated as an API. See https://setuptools.pypa.io/en/latest/pkg_resources.html. The pkg_resources package is slated for removal as early as 2025-11-30. Refrain from using this package or pin to Setuptools<81. import pkg_resources
2026-05-07 23:54:42.623 40 INFO neutron.common.config [-] Logging enabled!
2026-05-07 23:54:42.623 40 INFO neutron.common.config [-] /var/lib/openstack/bin/neutron-metadata-agent version 21.2.2.dev24 /var/lib/openstack/lib/python3.10/site-packages/memcache.py:1303: SyntaxWarning: "is" with a literal. Did you mean "=="? if key is '': /var/lib/openstack/lib/python3.10/site-packages/memcache.py:1304: SyntaxWarning: "is" with a literal. Did you mean "=="? if key_extra_len is 0:
2026-05-07 23:54:42.637 40 INFO oslo_service.service [None req-e453428b-a38a-41b0-8ec1-9f7f0660b174 - - - - - -] Starting 2 workers
2026-05-07 23:54:42.645 48 INFO eventlet.wsgi.server [-] (48) wsgi starting up on http:/var/lib/neutron/openstack-helm/metadata_proxy
2026-05-07 23:54:42.646 49 INFO eventlet.wsgi.server [-] (49) wsgi starting up on http:/var/lib/neutron/openstack-helm/metadata_proxy
2026-05-07 23:55:23.772 48 INFO eventlet.wsgi.server [-] 169.254.169.254, "GET / HTTP/1.1" status: 404 len: 176 time: 0.1219339
2026-05-07 23:58:33.630 48 INFO eventlet.wsgi.server [-] 169.254.169.254, "GET / HTTP/1.1" status: 404 len: 176 time: 0.0269928
2026-05-08 00:01:43.605 48 INFO eventlet.wsgi.server [-] 169.254.169.254, "GET / HTTP/1.1" status: 404 len: 176 time: 0.0043204
2026-05-08 00:02:13.623 49 INFO eventlet.wsgi.server [-] 169.254.169.254, "GET / HTTP/1.1" status: 404 len: 176 time: 0.0131464
2026-05-08 00:04:53.669 48 INFO eventlet.wsgi.server [-] 169.254.169.254, "GET / HTTP/1.1" status: 404 len: 176 time: 0.0052857
2026-05-08 00:08:03.666 48 INFO eventlet.wsgi.server [-] 169.254.169.254, "GET / HTTP/1.1" status: 404 len: 176 time: 0.0623868
2026-05-08 00:11:13.687 48 INFO eventlet.wsgi.server [-] 169.254.169.254, "GET / HTTP/1.1" status: 404 len: 176 time: 0.0054362
2026-05-08 00:12:13.716 48 INFO eventlet.wsgi.server [-] 169.254.169.254, "GET / HTTP/1.1" status: 404 len: 176 time: 0.0069377
2026-05-08 00:14:23.659 49 INFO eventlet.wsgi.server [-] 169.254.169.254, "GET / HTTP/1.1" status: 404 len: 176 time: 0.0054619
2026-05-08 00:17:33.555 48 INFO eventlet.wsgi.server [-] 169.254.169.254, "GET / HTTP/1.1" status: 404 len: 176 time: 0.0041132
2026-05-08 00:20:43.686 49 INFO eventlet.wsgi.server [-] 169.254.169.254, "GET / HTTP/1.1" status: 404 len: 176 time: 0.0887570
2026-05-08 00:22:13.612 49 INFO eventlet.wsgi.server [-] 169.254.169.254, "GET / HTTP/1.1" status: 404 len: 176 time: 0.0050452
2026-05-08 00:23:53.634 48 INFO eventlet.wsgi.server [-] 169.254.169.254, "GET / HTTP/1.1" status: 404 len: 176 time: 0.0052373
2026-05-08 00:27:03.638 49 INFO eventlet.wsgi.server [-] 169.254.169.254, "GET / HTTP/1.1" status: 404 len: 176 time: 0.0061984
2026-05-08 00:28:36.933 48 INFO eventlet.wsgi.server [-] 10.100.0.7, "GET /2009-04-04/meta-data/instance-id HTTP/1.1" status: 200 len: 146 time: 1.6675549
2026-05-08 00:28:36.974 49 INFO eventlet.wsgi.server [-] 10.100.0.7, "GET /2009-04-04/meta-data/public-keys HTTP/1.1" status: 200 len: 164 time: 0.0294456
2026-05-08 00:28:36.990 49 INFO eventlet.wsgi.server [-] 10.100.0.7, "GET /2009-04-04/meta-data/public-keys/0/openssh-key HTTP/1.1" status: 200 len: 341 time: 0.0114746
2026-05-08 00:28:37.010 49 INFO eventlet.wsgi.server [-] 10.100.0.7, "GET /2009-04-04/meta-data/instance-id HTTP/1.1" status: 200 len: 146 time: 0.0145681
2026-05-08 00:28:37.028 49 INFO eventlet.wsgi.server [-] 10.100.0.7, "GET /2009-04-04/meta-data/ami-launch-index HTTP/1.1" status: 200 len: 136 time: 0.0112083
2026-05-08 00:28:37.047 49 INFO eventlet.wsgi.server [-] 10.100.0.7, "GET /2009-04-04/meta-data/instance-type HTTP/1.1" status: 200 len: 142 time: 0.0129917
2026-05-08 00:28:37.063 48 INFO eventlet.wsgi.server [-] 10.100.0.7, "GET /2009-04-04/meta-data/local-ipv4 HTTP/1.1" status: 200 len: 146 time: 0.0101662
2026-05-08 00:28:37.080 48 INFO eventlet.wsgi.server [-] 10.100.0.7, "GET /2009-04-04/meta-data/public-ipv4 HTTP/1.1" status: 200 len: 149 time: 0.0110939
2026-05-08 00:28:37.096 49 INFO eventlet.wsgi.server [-] 10.100.0.7, "GET /2009-04-04/meta-data/hostname HTTP/1.1" status: 200 len: 200 time: 0.0107985
2026-05-08 00:28:37.116 48 INFO eventlet.wsgi.server [-] 10.100.0.7, "GET /2009-04-04/meta-data/local-hostname HTTP/1.1" status: 200 len: 200 time: 0.0148280
2026-05-08 00:28:37.151 49 INFO eventlet.wsgi.server [-] 10.100.0.7, "GET /2009-04-04/user-data HTTP/1.1" status: 200 len: 231 time: 0.0202334
2026-05-08 00:28:37.169 48 INFO eventlet.wsgi.server [-] 10.100.0.7, "GET /2009-04-04/meta-data/block-device-mapping HTTP/1.1" status: 200 len: 143 time: 0.0123551
2026-05-08 00:28:37.186 49 INFO eventlet.wsgi.server [-] 10.100.0.7, "GET /2009-04-04/meta-data/block-device-mapping/ami HTTP/1.1" status: 200 len: 138 time: 0.0126565
2026-05-08 00:28:37.208 48 INFO eventlet.wsgi.server [-] 10.100.0.7, "GET /2009-04-04/meta-data/block-device-mapping/root HTTP/1.1" status: 200 len: 143 time: 0.0162265
2026-05-08 00:28:37.223 49 INFO eventlet.wsgi.server [-] 10.100.0.7, "GET /2009-04-04/meta-data/public-hostname HTTP/1.1" status: 200 len: 200 time: 0.0094123
2026-05-08 00:28:37.247 48 INFO eventlet.wsgi.server [-] 10.100.0.7, "GET /2009-04-04/meta-data/placement/availability-zone HTTP/1.1" status: 200 len: 139 time: 0.0123577
2026-05-08 00:29:00.190 49 INFO eventlet.wsgi.server [-] 10.100.0.9, "GET /2009-04-04/meta-data/instance-id HTTP/1.1" status: 200 len: 146 time: 0.3853211
2026-05-08 00:29:00.212 49 INFO eventlet.wsgi.server [-] 10.100.0.9, "GET /2009-04-04/meta-data/public-keys HTTP/1.1" status: 200 len: 164 time: 0.0132611
2026-05-08 00:29:00.234 49 INFO eventlet.wsgi.server [-] 10.100.0.9, "GET /2009-04-04/meta-data/public-keys/0/openssh-key HTTP/1.1" status: 200 len: 341 time: 0.0159504
2026-05-08 00:29:00.257 49 INFO eventlet.wsgi.server [-] 10.100.0.9, "GET /2009-04-04/meta-data/instance-id HTTP/1.1" status: 200 len: 146 time: 0.0145004
2026-05-08 00:29:00.279 49 INFO eventlet.wsgi.server [-] 10.100.0.9, "GET /2009-04-04/meta-data/ami-launch-index HTTP/1.1" status: 200 len: 136 time: 0.0148079
2026-05-08 00:29:00.299 49 INFO eventlet.wsgi.server [-] 10.100.0.9, "GET /2009-04-04/meta-data/instance-type HTTP/1.1" status: 200 len: 142 time: 0.0124598
2026-05-08 00:29:00.324 49 INFO eventlet.wsgi.server [-] 10.100.0.9, "GET /2009-04-04/meta-data/local-ipv4 HTTP/1.1" status: 200 len: 146 time: 0.0168860
2026-05-08 00:29:00.347 49 INFO eventlet.wsgi.server [-] 10.100.0.9, "GET /2009-04-04/meta-data/public-ipv4 HTTP/1.1" status: 200 len: 149 time: 0.0152252
2026-05-08 00:29:00.365 49 INFO eventlet.wsgi.server [-] 10.100.0.9, "GET /2009-04-04/meta-data/hostname HTTP/1.1" status: 200 len: 192 time: 0.0121779
2026-05-08 00:29:00.384 49 INFO eventlet.wsgi.server [-] 10.100.0.9, "GET /2009-04-04/meta-data/local-hostname HTTP/1.1" status: 200 len: 192 time: 0.0116701
2026-05-08 00:29:00.438 48 INFO eventlet.wsgi.server [-] 10.100.0.9, "GET /2009-04-04/user-data HTTP/1.1" status: 200 len: 231 time: 0.0176344
2026-05-08 00:29:00.455 49 INFO eventlet.wsgi.server [-] 10.100.0.9, "GET /2009-04-04/meta-data/block-device-mapping HTTP/1.1" status: 200 len: 143 time: 0.0128717
2026-05-08 00:29:00.475 49 INFO eventlet.wsgi.server [-] 10.100.0.9, "GET /2009-04-04/meta-data/block-device-mapping/ami HTTP/1.1" status: 200 len: 138 time: 0.0158675
2026-05-08 00:29:00.492 49 INFO eventlet.wsgi.server [-] 10.100.0.9, "GET /2009-04-04/meta-data/block-device-mapping/root HTTP/1.1" status: 200 len: 143 time: 0.0135317
2026-05-08 00:29:00.510 49 INFO eventlet.wsgi.server [-] 10.100.0.9, "GET /2009-04-04/meta-data/public-hostname HTTP/1.1" status: 200 len: 192 time: 0.0131812
2026-05-08 00:29:00.541 49 INFO eventlet.wsgi.server [-] 10.100.0.9, "GET /2009-04-04/meta-data/placement/availability-zone HTTP/1.1" status: 200 len: 139 time: 0.0260570
2026-05-08 00:29:17.800 48 INFO eventlet.wsgi.server [-] 10.100.0.9, "GET /2009-04-04/meta-data/instance-id HTTP/1.1" status: 200 len: 146 time: 0.1731391
2026-05-08 00:29:17.830 48 INFO eventlet.wsgi.server [-] 10.100.0.9, "GET /2009-04-04/meta-data/public-keys HTTP/1.1" status: 200 len: 164 time: 0.0168536
2026-05-08 00:29:17.849 48 INFO eventlet.wsgi.server [-] 10.100.0.9, "GET /2009-04-04/meta-data/public-keys/0/openssh-key HTTP/1.1" status: 200 len: 341 time: 0.0141287
2026-05-08 00:29:17.868 48 INFO eventlet.wsgi.server [-] 10.100.0.9, "GET /2009-04-04/meta-data/instance-id HTTP/1.1" status: 200 len: 146 time: 0.0119758
2026-05-08 00:29:17.890 49 INFO eventlet.wsgi.server [-] 10.100.0.9, "GET /2009-04-04/meta-data/ami-launch-index HTTP/1.1" status: 200 len: 136 time: 0.0111136
2026-05-08 00:29:17.909 48 INFO eventlet.wsgi.server [-] 10.100.0.9, "GET /2009-04-04/meta-data/instance-type HTTP/1.1" status: 200 len: 142 time: 0.0135283
2026-05-08 00:29:17.922 49 INFO eventlet.wsgi.server [-] 10.100.0.9, "GET /2009-04-04/meta-data/local-ipv4 HTTP/1.1" status: 200 len: 146 time: 0.0091379
2026-05-08 00:29:17.937 49 INFO eventlet.wsgi.server [-] 10.100.0.9, "GET /2009-04-04/meta-data/public-ipv4 HTTP/1.1" status: 200 len: 149 time: 0.0073557
2026-05-08 00:29:17.950 49 INFO eventlet.wsgi.server [-] 10.100.0.9, "GET /2009-04-04/meta-data/hostname HTTP/1.1" status: 200 len: 192 time: 0.0088155
2026-05-08 00:29:17.964 49 INFO eventlet.wsgi.server [-] 10.100.0.9, "GET /2009-04-04/meta-data/local-hostname HTTP/1.1" status: 200 len: 192 time: 0.0068529
2026-05-08 00:29:17.976 49 INFO eventlet.wsgi.server [-] 10.100.0.9, "GET /2009-04-04/user-data HTTP/1.1" status: 200 len: 231 time: 0.0078161
2026-05-08 00:29:17.987 49 INFO eventlet.wsgi.server [-] 10.100.0.9, "GET /2009-04-04/meta-data/block-device-mapping HTTP/1.1" status: 200 len: 143 time: 0.0072088
2026-05-08 00:29:17.997 49 INFO eventlet.wsgi.server [-] 10.100.0.9, "GET /2009-04-04/meta-data/block-device-mapping/ami HTTP/1.1" status: 200 len: 138 time: 0.0071635
2026-05-08 00:29:18.007 49 INFO eventlet.wsgi.server [-] 10.100.0.9, "GET /2009-04-04/meta-data/block-device-mapping/root HTTP/1.1" status: 200 len: 143 time: 0.0074749
2026-05-08 00:29:18.020 49 INFO eventlet.wsgi.server [-] 10.100.0.9, "GET /2009-04-04/meta-data/public-hostname HTTP/1.1" status: 200 len: 192 time: 0.0086067
2026-05-08 00:29:18.032 49 INFO eventlet.wsgi.server [-] 10.100.0.9, "GET /2009-04-04/meta-data/placement/availability-zone HTTP/1.1" status: 200 len: 139 time: 0.0081792
2026-05-08 00:29:50.854 48 INFO eventlet.wsgi.server [-] 10.100.0.13, "GET /2009-04-04/meta-data/instance-id HTTP/1.1" status: 200 len: 146 time: 1.3668721
2026-05-08 00:29:50.873 48 INFO eventlet.wsgi.server [-] 10.100.0.13, "GET /2009-04-04/meta-data/public-keys HTTP/1.1" status: 200 len: 175 time: 0.0117176
2026-05-08 00:29:50.892 48 INFO eventlet.wsgi.server [-] 10.100.0.13, "GET /2009-04-04/meta-data/public-keys/0/openssh-key HTTP/1.1" status: 200 len: 341 time: 0.0133529
2026-05-08 00:29:50.913 48 INFO eventlet.wsgi.server [-] 10.100.0.13, "GET /2009-04-04/meta-data/instance-id HTTP/1.1" status: 200 len: 146 time: 0.0151370
2026-05-08 00:29:50.931 49 INFO eventlet.wsgi.server [-] 10.100.0.13, "GET /2009-04-04/meta-data/ami-launch-index HTTP/1.1" status: 200 len: 136 time: 0.0136335
2026-05-08 00:29:50.948 49 INFO eventlet.wsgi.server [-] 10.100.0.13, "GET /2009-04-04/meta-data/instance-type HTTP/1.1" status: 200 len: 142 time: 0.0121872
2026-05-08 00:29:50.965 49 INFO eventlet.wsgi.server [-] 10.100.0.13, "GET /2009-04-04/meta-data/local-ipv4 HTTP/1.1" status: 200 len: 147 time: 0.0116007
2026-05-08 00:29:50.983 49 INFO eventlet.wsgi.server [-] 10.100.0.13, "GET /2009-04-04/meta-data/public-ipv4 HTTP/1.1" status: 200 len: 149 time: 0.0126815
2026-05-08 00:29:51.005 48 INFO eventlet.wsgi.server [-] 10.100.0.13, "GET /2009-04-04/meta-data/hostname HTTP/1.1" status: 200 len: 190 time: 0.0121264
2026-05-08 00:29:51.055 48 INFO eventlet.wsgi.server [-] 10.100.0.13, "GET /2009-04-04/meta-data/local-hostname HTTP/1.1" status: 200 len: 190 time: 0.0129535
2026-05-08 00:29:51.078 48 INFO neutron.agent.metadata.agent [-] The instance: 97a5b3c4-9542-4721-8ffe-b74b316c7923 is not present anymore, skipping cache...
2026-05-08 00:29:51.119 48 INFO eventlet.wsgi.server [-] 10.100.0.13, "GET /2009-04-04/user-data HTTP/1.1" status: 404 len: 297 time: 0.0556102
2026-05-08 00:29:51.140 48 INFO eventlet.wsgi.server [-] 10.100.0.13, "GET /2009-04-04/meta-data/block-device-mapping HTTP/1.1" status: 200 len: 143 time: 0.0111103
2026-05-08 00:29:51.159 48 INFO eventlet.wsgi.server [-] 10.100.0.13, "GET /2009-04-04/meta-data/block-device-mapping/ami HTTP/1.1" status: 200 len: 138 time: 0.0127437
2026-05-08 00:29:51.178 48 INFO eventlet.wsgi.server [-] 10.100.0.13, "GET /2009-04-04/meta-data/block-device-mapping/root HTTP/1.1" status: 200 len: 143 time: 0.0125442
2026-05-08 00:29:51.199 48 INFO eventlet.wsgi.server [-] 10.100.0.13, "GET /2009-04-04/meta-data/public-hostname HTTP/1.1" status: 200 len: 190 time: 0.0128803
2026-05-08 00:29:51.235 49 INFO eventlet.wsgi.server [-] 10.100.0.13, "GET /2009-04-04/meta-data/placement/availability-zone HTTP/1.1" status: 200 len: 139 time: 0.0298567
2026-05-08 00:30:13.635 48 INFO eventlet.wsgi.server [-] 169.254.169.254, "GET / HTTP/1.1" status: 404 len: 176 time: 0.0109065
2026-05-08 00:30:18.017 48 INFO eventlet.wsgi.server [-] 10.100.0.7, "GET /2009-04-04/meta-data/instance-id HTTP/1.1" status: 200 len: 146 time: 0.4248729
2026-05-08 00:30:18.044 48 INFO eventlet.wsgi.server [-] 10.100.0.7, "GET /2009-04-04/meta-data/public-keys HTTP/1.1" status: 200 len: 175 time: 0.0138927
2026-05-08 00:30:18.061 48 INFO eventlet.wsgi.server [-] 10.100.0.7, "GET /2009-04-04/meta-data/public-keys/0/openssh-key HTTP/1.1" status: 200 len: 341 time: 0.0120327
2026-05-08 00:30:18.081 48 INFO eventlet.wsgi.server [-] 10.100.0.7, "GET /2009-04-04/meta-data/instance-id HTTP/1.1" status: 200 len: 146 time: 0.0137661
2026-05-08 00:30:18.104 48 INFO eventlet.wsgi.server [-] 10.100.0.7, "GET /2009-04-04/meta-data/ami-launch-index HTTP/1.1" status: 200 len: 136 time: 0.0162446
2026-05-08 00:30:18.121 48 INFO eventlet.wsgi.server [-] 10.100.0.7, "GET /2009-04-04/meta-data/instance-type HTTP/1.1" status: 200 len: 142 time: 0.0118830
2026-05-08 00:30:18.138 48 INFO eventlet.wsgi.server [-] 10.100.0.7, "GET /2009-04-04/meta-data/local-ipv4 HTTP/1.1" status: 200 len: 146 time: 0.0119724
2026-05-08 00:30:18.162 48 INFO eventlet.wsgi.server [-] 10.100.0.7, "GET /2009-04-04/meta-data/public-ipv4 HTTP/1.1" status: 200 len: 149 time: 0.0163813
2026-05-08 00:30:18.181 48 INFO eventlet.wsgi.server [-] 10.100.0.7, "GET /2009-04-04/meta-data/hostname HTTP/1.1" status: 200 len: 191 time: 0.0108922
2026-05-08 00:30:18.201 48 INFO eventlet.wsgi.server [-] 10.100.0.7, "GET /2009-04-04/meta-data/local-hostname HTTP/1.1" status: 200 len: 191 time: 0.0117595
2026-05-08 00:30:18.217 48 INFO neutron.agent.metadata.agent [-] The instance: b6f0d6df-d7ef-414c-9417-3cf004db07e1 is not present anymore, skipping cache...
2026-05-08 00:30:18.264 48 INFO eventlet.wsgi.server [-] 10.100.0.7, "GET /2009-04-04/user-data HTTP/1.1" status: 404 len: 297 time: 0.0584538
2026-05-08 00:30:18.291 49 INFO eventlet.wsgi.server [-] 10.100.0.7, "GET /2009-04-04/meta-data/block-device-mapping HTTP/1.1" status: 200 len: 143 time: 0.0147197
2026-05-08 00:30:18.307 49 INFO eventlet.wsgi.server [-] 10.100.0.7, "GET /2009-04-04/meta-data/block-device-mapping/ami HTTP/1.1" status: 200 len: 138 time: 0.0106442
2026-05-08 00:30:18.323 49 INFO eventlet.wsgi.server [-] 10.100.0.7, "GET /2009-04-04/meta-data/block-device-mapping/root HTTP/1.1" status: 200 len: 143 time: 0.0108280
2026-05-08 00:30:18.342 48 INFO eventlet.wsgi.server [-] 10.100.0.7, "GET /2009-04-04/meta-data/public-hostname HTTP/1.1" status: 200 len: 191 time: 0.0129271
2026-05-08 00:30:18.361 49 INFO eventlet.wsgi.server [-] 10.100.0.7, "GET /2009-04-04/meta-data/placement/availability-zone HTTP/1.1" status: 200 len: 139 time: 0.0118201
2026-05-08 00:31:57.048 48 INFO eventlet.wsgi.server [-] 10.100.0.3, "GET /latest/meta-data/public-ipv4 HTTP/1.1" status: 200 len: 149 time: 0.2626934
2026-05-08 00:31:57.398 49 INFO eventlet.wsgi.server [-] 10.100.0.3, "POST /openstack/2013-10-17/password HTTP/1.1" status: 200 len: 134 time: 0.2330091
2026-05-08 00:32:01.349 48 INFO eventlet.wsgi.server [-] 10.2.1.143, "GET /2009-04-04/meta-data/instance-id HTTP/1.1" status: 200 len: 146 time: 0.3958592
2026-05-08 00:32:01.380 49 INFO eventlet.wsgi.server [-] 10.2.1.143, "GET /2009-04-04/meta-data/public-keys HTTP/1.1" status: 200 len: 173 time: 0.0165255
2026-05-08 00:32:01.397 49 INFO eventlet.wsgi.server [-] 10.2.1.143, "GET /2009-04-04/meta-data/public-keys/0/openssh-key HTTP/1.1" status: 200 len: 341 time: 0.0116801
2026-05-08 00:32:01.416 49 INFO eventlet.wsgi.server [-] 10.2.1.143, "GET /2009-04-04/meta-data/instance-id HTTP/1.1" status: 200 len: 146 time: 0.0105162
2026-05-08 00:32:01.431 48 INFO eventlet.wsgi.server [-] 10.2.1.143, "GET /2009-04-04/meta-data/ami-launch-index HTTP/1.1" status: 200 len: 136 time: 0.0092826
2026-05-08 00:32:01.445 48 INFO eventlet.wsgi.server [-] 10.2.1.143, "GET /2009-04-04/meta-data/instance-type HTTP/1.1" status: 200 len: 142 time: 0.0093193
2026-05-08 00:32:01.460 49 INFO eventlet.wsgi.server [-] 10.2.1.143, "GET /2009-04-04/meta-data/local-ipv4 HTTP/1.1" status: 200 len: 146 time: 0.0091803
2026-05-08 00:32:01.475 48 INFO eventlet.wsgi.server [-] 10.2.1.143, "GET /2009-04-04/meta-data/public-ipv4 HTTP/1.1" status: 200 len: 149 time: 0.0095942
2026-05-08 00:32:01.491 49 INFO eventlet.wsgi.server [-] 10.2.1.143, "GET /2009-04-04/meta-data/hostname HTTP/1.1" status: 200 len: 185 time: 0.0092151
2026-05-08 00:32:01.511 48 INFO eventlet.wsgi.server [-] 10.2.1.143, "GET /2009-04-04/meta-data/local-hostname HTTP/1.1" status: 200 len: 185 time: 0.0124128
2026-05-08 00:32:01.555 49 INFO neutron.agent.metadata.agent [-] The instance: f8b427ce-2c46-4edf-801f-b1a12e1c98bc is not present anymore, skipping cache...
2026-05-08 00:32:01.603 49 INFO eventlet.wsgi.server [-] 10.2.1.143, "GET /2009-04-04/user-data HTTP/1.1" status: 404 len: 297 time: 0.0610564
2026-05-08 00:32:01.634 48 INFO eventlet.wsgi.server [-] 10.2.1.143, "GET /2009-04-04/meta-data/block-device-mapping HTTP/1.1" status: 200 len: 143 time: 0.0189600
2026-05-08 00:32:01.654 49 INFO eventlet.wsgi.server [-] 10.2.1.143, "GET /2009-04-04/meta-data/block-device-mapping/ami HTTP/1.1" status: 200 len: 138 time: 0.0135832
2026-05-08 00:32:01.673 49 INFO eventlet.wsgi.server [-] 10.2.1.143, "GET /2009-04-04/meta-data/block-device-mapping/root HTTP/1.1" status: 200 len: 143 time: 0.0134544
2026-05-08 00:32:01.701 49 INFO eventlet.wsgi.server [-] 10.2.1.143, "GET /2009-04-04/meta-data/public-hostname HTTP/1.1" status: 200 len: 185 time: 0.0195355
2026-05-08 00:32:01.734 49 INFO eventlet.wsgi.server [-] 10.2.1.143, "GET /2009-04-04/meta-data/placement/availability-zone HTTP/1.1" status: 200 len: 139 time: 0.0270574
2026-05-08 00:32:12.213 48 INFO eventlet.wsgi.server [-] 10.2.2.34, "GET /2009-04-04/meta-data/instance-id HTTP/1.1" status: 200 len: 146 time: 0.1927209
2026-05-08 00:32:12.240 48 INFO eventlet.wsgi.server [-] 10.2.2.34, "GET /2009-04-04/meta-data/public-keys HTTP/1.1" status: 200 len: 173 time: 0.0147083
2026-05-08 00:32:12.257 48 INFO eventlet.wsgi.server [-] 10.2.2.34, "GET /2009-04-04/meta-data/public-keys/0/openssh-key HTTP/1.1" status: 200 len: 341 time: 0.0116558
2026-05-08 00:32:12.277 48 INFO eventlet.wsgi.server [-] 10.2.2.34, "GET /2009-04-04/meta-data/instance-id HTTP/1.1" status: 200 len: 146 time: 0.0134928
2026-05-08 00:32:12.297 48 INFO eventlet.wsgi.server [-] 10.2.2.34, "GET /2009-04-04/meta-data/ami-launch-index HTTP/1.1" status: 200 len: 136 time: 0.0127177
2026-05-08 00:32:12.321 48 INFO eventlet.wsgi.server [-] 10.2.2.34, "GET /2009-04-04/meta-data/instance-type HTTP/1.1" status: 200 len: 142 time: 0.0135908
2026-05-08 00:32:12.339 48 INFO eventlet.wsgi.server [-] 10.2.2.34, "GET /2009-04-04/meta-data/local-ipv4 HTTP/1.1" status: 200 len: 144 time: 0.0119085
2026-05-08 00:32:12.354 48 INFO eventlet.wsgi.server [-] 10.2.2.34, "GET /2009-04-04/meta-data/public-ipv4 HTTP/1.1" status: 200 len: 149 time: 0.0111191
2026-05-08 00:32:12.372 48 INFO eventlet.wsgi.server [-] 10.2.2.34, "GET /2009-04-04/meta-data/hostname HTTP/1.1" status: 200 len: 185 time: 0.0113614
2026-05-08 00:32:12.391 49 INFO eventlet.wsgi.server [-] 10.2.2.34, "GET /2009-04-04/meta-data/local-hostname HTTP/1.1" status: 200 len: 185 time: 0.0120330
2026-05-08 00:32:12.426 48 INFO neutron.agent.metadata.agent [-] The instance: c1c4891a-62ca-46c4-b2fb-2bc587a81e09 is not present anymore, skipping cache...
2026-05-08 00:32:12.573 48 INFO eventlet.wsgi.server [-] 10.2.2.34, "GET /2009-04-04/user-data HTTP/1.1" status: 404 len: 297 time: 0.1616001
2026-05-08 00:32:12.601 49 INFO eventlet.wsgi.server [-] 10.2.2.34, "GET /2009-04-04/meta-data/block-device-mapping HTTP/1.1" status: 200 len: 143 time: 0.0187547
2026-05-08 00:32:12.621 49 INFO eventlet.wsgi.server [-] 10.2.2.34, "GET /2009-04-04/meta-data/block-device-mapping/ami HTTP/1.1" status: 200 len: 138 time: 0.0119631
2026-05-08 00:32:12.640 49 INFO eventlet.wsgi.server [-] 10.2.2.34, "GET /2009-04-04/meta-data/block-device-mapping/root HTTP/1.1" status: 200 len: 143 time: 0.0142741
2026-05-08 00:32:12.658 48 INFO eventlet.wsgi.server [-] 10.2.2.34, "GET /2009-04-04/meta-data/public-hostname HTTP/1.1" status: 200 len: 185 time: 0.0121431
2026-05-08 00:32:12.676 48 INFO eventlet.wsgi.server [-] 10.2.2.34, "GET /2009-04-04/meta-data/placement/availability-zone HTTP/1.1" status: 200 len: 139 time: 0.0131466
2026-05-08 00:32:13.745 48 INFO eventlet.wsgi.server [-] 169.254.169.254, "GET / HTTP/1.1" status: 404 len: 176 time: 0.0792265
2026-05-08 00:33:23.634 48 INFO eventlet.wsgi.server [-] 169.254.169.254, "GET / HTTP/1.1" status: 404 len: 176 time: 0.0061004
2026-05-08 00:36:33.561 48 INFO eventlet.wsgi.server [-] 169.254.169.254, "GET / HTTP/1.1" status: 404 len: 176 time: 0.0079987
2026-05-08 00:39:43.603 48 INFO eventlet.wsgi.server [-] 169.254.169.254, "GET / HTTP/1.1" status: 404 len: 176 time: 0.0073440