May 19 05:16:33.897084 np0000174640 neutron-periodic-workers[104638]: DEBUG cotyledon.oslo_config_glue [-] database.db_max_retries = 20 {{(pid=104638) log_opt_values /opt/stack/data/venv/lib/python3.12/site-packages/oslo_config/cfg.py:3006}}
May 19 05:16:33.897084 np0000174640 neutron-periodic-workers[104638]: DEBUG cotyledon.oslo_config_glue [-] database.db_max_retry_interval = 10 {{(pid=104638) log_opt_values /opt/stack/data/venv/lib/python3.12/site-packages/oslo_config/cfg.py:3006}}
May 19 05:16:33.897084 np0000174640 neutron-periodic-workers[104638]: DEBUG cotyledon.oslo_config_glue [-] database.db_retry_interval = 1 {{(pid=104638) log_opt_values /opt/stack/data/venv/lib/python3.12/site-packages/oslo_config/cfg.py:3006}}
May 19 05:16:33.897084 np0000174640 neutron-periodic-workers[104638]: DEBUG cotyledon.oslo_config_glue [-] database.max_overflow = 50 {{(pid=104638) log_opt_values /opt/stack/data/venv/lib/python3.12/site-packages/oslo_config/cfg.py:3006}}
May 19 05:16:33.897084 np0000174640 neutron-periodic-workers[104638]: DEBUG cotyledon.oslo_config_glue [-] database.max_pool_size = 5 {{(pid=104638) log_opt_values /opt/stack/data/venv/lib/python3.12/site-packages/oslo_config/cfg.py:3006}}
May 19 05:16:33.897345 np0000174640 neutron-periodic-workers[104638]: DEBUG cotyledon.oslo_config_glue [-] database.max_retries = 10 {{(pid=104638) log_opt_values /opt/stack/data/venv/lib/python3.12/site-packages/oslo_config/cfg.py:3006}}
May 19 05:16:33.897345 np0000174640 neutron-periodic-workers[104638]: DEBUG cotyledon.oslo_config_glue [-] database.mysql_sql_mode = TRADITIONAL {{(pid=104638) log_opt_values /opt/stack/data/venv/lib/python3.12/site-packages/oslo_config/cfg.py:3006}}
May 19 05:16:33.897345 np0000174640 neutron-periodic-workers[104638]: DEBUG cotyledon.oslo_config_glue [-] database.mysql_wsrep_sync_wait = None {{(pid=104638) log_opt_values /opt/stack/data/venv/lib/python3.12/site-packages/oslo_config/cfg.py:3006}}
May 19 05:16:33.897345 np0000174640 neutron-periodic-workers[104638]: DEBUG cotyledon.oslo_config_glue [-] database.pool_timeout = None {{(pid=104638) log_opt_values /opt/stack/data/venv/lib/python3.12/site-packages/oslo_config/cfg.py:3006}}
May 19 05:16:33.897345 np0000174640 neutron-periodic-workers[104638]: DEBUG cotyledon.oslo_config_glue [-] database.retry_interval = 10 {{(pid=104638) log_opt_values /opt/stack/data/venv/lib/python3.12/site-packages/oslo_config/cfg.py:3006}}
May 19 05:16:33.897345 np0000174640 neutron-periodic-workers[104638]: DEBUG cotyledon.oslo_config_glue [-] database.slave_connection = **** {{(pid=104638) log_opt_values /opt/stack/data/venv/lib/python3.12/site-packages/oslo_config/cfg.py:3006}}
May 19 05:16:33.897345 np0000174640 neutron-periodic-workers[104638]: DEBUG cotyledon.oslo_config_glue [-] database.sqlite_synchronous = True {{(pid=104638) log_opt_values /opt/stack/data/venv/lib/python3.12/site-packages/oslo_config/cfg.py:3006}}
May 19 05:16:33.897345 np0000174640 neutron-periodic-workers[104638]: DEBUG cotyledon.oslo_config_glue [-] database.synchronous_reader = True {{(pid=104638) log_opt_values /opt/stack/data/venv/lib/python3.12/site-packages/oslo_config/cfg.py:3006}}
May 19 05:16:33.897345 np0000174640 neutron-periodic-workers[104638]: DEBUG cotyledon.oslo_config_glue [-] database.use_db_reconnect = False {{(pid=104638) log_opt_values /opt/stack/data/venv/lib/python3.12/site-packages/oslo_config/cfg.py:3006}}
May 19 05:16:33.897577 np0000174640 neutron-periodic-workers[104638]: DEBUG cotyledon.oslo_config_glue [-] ovn.bfd_min_rx = 1000 {{(pid=104638) log_opt_values /opt/stack/data/venv/lib/python3.12/site-packages/oslo_config/cfg.py:3006}}
May 19 05:16:33.897577 np0000174640 neutron-periodic-workers[104638]: DEBUG cotyledon.oslo_config_glue [-] ovn.bfd_min_tx = 100 {{(pid=104638) log_opt_values /opt/stack/data/venv/lib/python3.12/site-packages/oslo_config/cfg.py:3006}}
May 19 05:16:33.897577 np0000174640 neutron-periodic-workers[104638]: DEBUG cotyledon.oslo_config_glue [-] ovn.bfd_mult = 3 {{(pid=104638) log_opt_values /opt/stack/data/venv/lib/python3.12/site-packages/oslo_config/cfg.py:3006}}
May 19 05:16:33.897577 np0000174640 neutron-periodic-workers[104638]: DEBUG cotyledon.oslo_config_glue [-] ovn.broadcast_arps_to_all_routers = True {{(pid=104638) log_opt_values /opt/stack/data/venv/lib/python3.12/site-packages/oslo_config/cfg.py:3006}}
May 19 05:16:33.897577 np0000174640 neutron-periodic-workers[104638]: DEBUG cotyledon.oslo_config_glue [-] ovn.dhcp_default_lease_time = 43200 {{(pid=104638) log_opt_values /opt/stack/data/venv/lib/python3.12/site-packages/oslo_config/cfg.py:3006}}
May 19 05:16:33.897577 np0000174640 neutron-periodic-workers[104638]: DEBUG cotyledon.oslo_config_glue [-] ovn.disable_ovn_dhcp_for_baremetal_ports = False {{(pid=104638) log_opt_values /opt/stack/data/venv/lib/python3.12/site-packages/oslo_config/cfg.py:3006}}
May 19 05:16:33.897577 np0000174640 neutron-periodic-workers[104638]: DEBUG cotyledon.oslo_config_glue [-] ovn.dns_records_ovn_owned = False {{(pid=104638) log_opt_values /opt/stack/data/venv/lib/python3.12/site-packages/oslo_config/cfg.py:3006}}
May 19 05:16:33.897577 np0000174640 neutron-periodic-workers[104638]: DEBUG cotyledon.oslo_config_glue [-] ovn.dns_servers = [] {{(pid=104638) log_opt_values /opt/stack/data/venv/lib/python3.12/site-packages/oslo_config/cfg.py:3006}}
May 19 05:16:33.897577 np0000174640 neutron-periodic-workers[104638]: DEBUG cotyledon.oslo_config_glue [-] ovn.enable_distributed_floating_ip = False {{(pid=104638) log_opt_values /opt/stack/data/venv/lib/python3.12/site-packages/oslo_config/cfg.py:3006}}
May 19 05:16:33.897843 np0000174640 neutron-periodic-workers[104638]: DEBUG cotyledon.oslo_config_glue [-] ovn.fdb_age_threshold = 300 {{(pid=104638) log_opt_values /opt/stack/data/venv/lib/python3.12/site-packages/oslo_config/cfg.py:3006}}
May 19 05:16:33.897843 np0000174640 neutron-periodic-workers[104638]: DEBUG cotyledon.oslo_config_glue [-] ovn.ha_failover_strategy = normal {{(pid=104638) log_opt_values /opt/stack/data/venv/lib/python3.12/site-packages/oslo_config/cfg.py:3006}}
May 19 05:16:33.897843 np0000174640 neutron-periodic-workers[104638]: DEBUG cotyledon.oslo_config_glue [-] ovn.live_migration_activation_strategy = rarp {{(pid=104638) log_opt_values /opt/stack/data/venv/lib/python3.12/site-packages/oslo_config/cfg.py:3006}}
May 19 05:16:33.897843 np0000174640 neutron-periodic-workers[104638]: DEBUG cotyledon.oslo_config_glue [-] ovn.localnet_learn_fdb = False {{(pid=104638) log_opt_values /opt/stack/data/venv/lib/python3.12/site-packages/oslo_config/cfg.py:3006}}
May 19 05:16:33.897843 np0000174640 neutron-periodic-workers[104638]: DEBUG cotyledon.oslo_config_glue [-] ovn.mac_binding_age_threshold = 300 {{(pid=104638) log_opt_values /opt/stack/data/venv/lib/python3.12/site-packages/oslo_config/cfg.py:3006}}
May 19 05:16:33.897843 np0000174640 neutron-periodic-workers[104638]: DEBUG cotyledon.oslo_config_glue [-] ovn.neutron_sync_mode = log {{(pid=104638) log_opt_values /opt/stack/data/venv/lib/python3.12/site-packages/oslo_config/cfg.py:3006}}
May 19 05:16:33.897843 np0000174640 neutron-periodic-workers[104638]: DEBUG cotyledon.oslo_config_glue [-] ovn.ovn_dhcp4_global_options = {} {{(pid=104638) log_opt_values /opt/stack/data/venv/lib/python3.12/site-packages/oslo_config/cfg.py:3006}}
May 19 05:16:33.897843 np0000174640 neutron-periodic-workers[104638]: DEBUG cotyledon.oslo_config_glue [-] ovn.ovn_dhcp6_global_options = {} {{(pid=104638) log_opt_values /opt/stack/data/venv/lib/python3.12/site-packages/oslo_config/cfg.py:3006}}
May 19 05:16:33.897843 np0000174640 neutron-periodic-workers[104638]: DEBUG cotyledon.oslo_config_glue [-] ovn.ovn_l3_scheduler = leastloaded {{(pid=104638) log_opt_values /opt/stack/data/venv/lib/python3.12/site-packages/oslo_config/cfg.py:3006}}
May 19 05:16:33.898039 np0000174640 neutron-periodic-workers[104638]: DEBUG cotyledon.oslo_config_glue [-] ovn.ovn_metadata_enabled = True {{(pid=104638) log_opt_values /opt/stack/data/venv/lib/python3.12/site-packages/oslo_config/cfg.py:3006}}
May 19 05:16:33.898039 np0000174640 neutron-periodic-workers[104638]: DEBUG cotyledon.oslo_config_glue [-] ovn.ovn_nb_ca_cert = /opt/stack/data/CA/int-ca/ca-chain.pem {{(pid=104638) log_opt_values /opt/stack/data/venv/lib/python3.12/site-packages/oslo_config/cfg.py:3006}}
May 19 05:16:33.898039 np0000174640 neutron-periodic-workers[104638]: DEBUG cotyledon.oslo_config_glue [-] ovn.ovn_nb_certificate = /opt/stack/data/CA/int-ca/devstack-cert.crt {{(pid=104638) log_opt_values /opt/stack/data/venv/lib/python3.12/site-packages/oslo_config/cfg.py:3006}}
May 19 05:16:33.898039 np0000174640 neutron-periodic-workers[104638]: DEBUG cotyledon.oslo_config_glue [-] ovn.ovn_nb_connection = ['ssl:199.204.45.115:6641'] {{(pid=104638) log_opt_values /opt/stack/data/venv/lib/python3.12/site-packages/oslo_config/cfg.py:3006}}
May 19 05:16:33.898039 np0000174640 neutron-periodic-workers[104638]: DEBUG cotyledon.oslo_config_glue [-] ovn.ovn_nb_private_key = /opt/stack/data/CA/int-ca/private/devstack-cert.key {{(pid=104638) log_opt_values /opt/stack/data/venv/lib/python3.12/site-packages/oslo_config/cfg.py:3006}}
May 19 05:16:33.898039 np0000174640 neutron-periodic-workers[104638]: DEBUG cotyledon.oslo_config_glue [-] ovn.ovn_router_indirect_snat = False {{(pid=104638) log_opt_values /opt/stack/data/venv/lib/python3.12/site-packages/oslo_config/cfg.py:3006}}
May 19 05:16:33.898039 np0000174640 neutron-periodic-workers[104638]: DEBUG cotyledon.oslo_config_glue [-] ovn.ovn_sb_ca_cert = /opt/stack/data/CA/int-ca/ca-chain.pem {{(pid=104638) log_opt_values /opt/stack/data/venv/lib/python3.12/site-packages/oslo_config/cfg.py:3006}}
May 19 05:16:33.898039 np0000174640 neutron-periodic-workers[104638]: DEBUG cotyledon.oslo_config_glue [-] ovn.ovn_sb_certificate = /opt/stack/data/CA/int-ca/devstack-cert.crt {{(pid=104638) log_opt_values /opt/stack/data/venv/lib/python3.12/site-packages/oslo_config/cfg.py:3006}}
May 19 05:16:33.898250 np0000174640 neutron-periodic-workers[104638]: DEBUG cotyledon.oslo_config_glue [-] ovn.ovn_sb_connection = ['ssl:199.204.45.115:6642'] {{(pid=104638) log_opt_values /opt/stack/data/venv/lib/python3.12/site-packages/oslo_config/cfg.py:3006}}
May 19 05:16:33.898250 np0000174640 neutron-periodic-workers[104638]: DEBUG cotyledon.oslo_config_glue [-] ovn.ovn_sb_private_key = /opt/stack/data/CA/int-ca/private/devstack-cert.key {{(pid=104638) log_opt_values /opt/stack/data/venv/lib/python3.12/site-packages/oslo_config/cfg.py:3006}}
May 19 05:16:33.898250 np0000174640 neutron-periodic-workers[104638]: DEBUG cotyledon.oslo_config_glue [-] ovn.ovs_create_tap = False {{(pid=104638) log_opt_values /opt/stack/data/venv/lib/python3.12/site-packages/oslo_config/cfg.py:3006}}
May 19 05:16:33.898250 np0000174640 neutron-periodic-workers[104638]: DEBUG cotyledon.oslo_config_glue [-] ovn.ovsdb_connection_timeout = 180 {{(pid=104638) log_opt_values /opt/stack/data/venv/lib/python3.12/site-packages/oslo_config/cfg.py:3006}}
May 19 05:16:33.898250 np0000174640 neutron-periodic-workers[104638]: DEBUG cotyledon.oslo_config_glue [-] ovn.ovsdb_log_level = INFO {{(pid=104638) log_opt_values /opt/stack/data/venv/lib/python3.12/site-packages/oslo_config/cfg.py:3006}}
May 19 05:16:33.898250 np0000174640 neutron-periodic-workers[104638]: DEBUG cotyledon.oslo_config_glue [-] ovn.ovsdb_probe_interval = 60000 {{(pid=104638) log_opt_values /opt/stack/data/venv/lib/python3.12/site-packages/oslo_config/cfg.py:3006}}
May 19 05:16:33.898250 np0000174640 neutron-periodic-workers[104638]: DEBUG cotyledon.oslo_config_glue [-] ovn.ovsdb_retry_max_interval = 180 {{(pid=104638) log_opt_values /opt/stack/data/venv/lib/python3.12/site-packages/oslo_config/cfg.py:3006}}
May 19 05:16:33.898250 np0000174640 neutron-periodic-workers[104638]: DEBUG cotyledon.oslo_config_glue [-] ovn.stateless_nat_enabled = False {{(pid=104638) log_opt_values /opt/stack/data/venv/lib/python3.12/site-packages/oslo_config/cfg.py:3006}}
May 19 05:16:33.898250 np0000174640 neutron-periodic-workers[104638]: DEBUG cotyledon.oslo_config_glue [-] ovn.vhost_sock_dir = /var/run/openvswitch {{(pid=104638) log_opt_values /opt/stack/data/venv/lib/python3.12/site-packages/oslo_config/cfg.py:3006}}
May 19 05:16:33.898468 np0000174640 neutron-periodic-workers[104638]: DEBUG cotyledon.oslo_config_glue [-] OVS.bridge_mac_table_size = 50000 {{(pid=104638) log_opt_values /opt/stack/data/venv/lib/python3.12/site-packages/oslo_config/cfg.py:3006}}
May 19 05:16:33.898468 np0000174640 neutron-periodic-workers[104638]: DEBUG cotyledon.oslo_config_glue [-] OVS.igmp_flood = False {{(pid=104638) log_opt_values /opt/stack/data/venv/lib/python3.12/site-packages/oslo_config/cfg.py:3006}}
May 19 05:16:33.898468 np0000174640 neutron-periodic-workers[104638]: DEBUG cotyledon.oslo_config_glue [-] OVS.igmp_flood_reports = True {{(pid=104638) log_opt_values /opt/stack/data/venv/lib/python3.12/site-packages/oslo_config/cfg.py:3006}}
May 19 05:16:33.898468 np0000174640 neutron-periodic-workers[104638]: DEBUG cotyledon.oslo_config_glue [-] OVS.igmp_flood_unregistered = False {{(pid=104638) log_opt_values /opt/stack/data/venv/lib/python3.12/site-packages/oslo_config/cfg.py:3006}}
May 19 05:16:33.898468 np0000174640 neutron-periodic-workers[104638]: DEBUG cotyledon.oslo_config_glue [-] OVS.igmp_snooping_enable = False {{(pid=104638) log_opt_values /opt/stack/data/venv/lib/python3.12/site-packages/oslo_config/cfg.py:3006}}
May 19 05:16:33.898468 np0000174640 neutron-periodic-workers[104638]: DEBUG cotyledon.oslo_config_glue [-] OVS.ovsdb_timeout = 10 {{(pid=104638) log_opt_values /opt/stack/data/venv/lib/python3.12/site-packages/oslo_config/cfg.py:3006}}
May 19 05:16:33.898468 np0000174640 neutron-periodic-workers[104638]: DEBUG cotyledon.oslo_config_glue [-] ovn_nb_global.fdb_removal_limit = 0 {{(pid=104638) log_opt_values /opt/stack/data/venv/lib/python3.12/site-packages/oslo_config/cfg.py:3006}}
May 19 05:16:33.898468 np0000174640 neutron-periodic-workers[104638]: DEBUG cotyledon.oslo_config_glue [-] ovn_nb_global.ignore_lsp_down = False {{(pid=104638) log_opt_values /opt/stack/data/venv/lib/python3.12/site-packages/oslo_config/cfg.py:3006}}
May 19 05:16:33.898468 np0000174640 neutron-periodic-workers[104638]: DEBUG cotyledon.oslo_config_glue [-] ovn_nb_global.mac_binding_removal_limit = 0 {{(pid=104638) log_opt_values /opt/stack/data/venv/lib/python3.12/site-packages/oslo_config/cfg.py:3006}}
May 19 05:16:33.898703 np0000174640 neutron-periodic-workers[104638]: DEBUG cotyledon.oslo_config_glue [-] ******************************************************************************** {{(pid=104638) log_opt_values /opt/stack/data/venv/lib/python3.12/site-packages/oslo_config/cfg.py:3013}}
May 19 05:16:33.898703 np0000174640 neutron-periodic-workers[104638]: DEBUG cotyledon._service_worker [-] Run service ServiceWrapper(0) [104638] {{(pid=104638) wait_forever /opt/stack/data/venv/lib/python3.12/site-packages/cotyledon/_service_worker.py:218}}
May 19 05:16:43.545299 np0000174640 neutron-periodic-workers[103826]: DEBUG dbcounter [-] [103826] Writing DB stats neutron:SELECT=4 {{(pid=103826) stat_writer /opt/stack/data/venv/lib/python3.12/site-packages/dbcounter.py:115}}
May 19 05:17:28.869716 np0000174640 neutron-periodic-workers[104614]: DEBUG oslo_db.sqlalchemy.engines [None req-c782fee4-6aba-48b7-badd-19d01ef9acff None None] Parent process 103826 forked (104614) with an open database connection, which is being discarded and recreated. {{(pid=104614) checkout /opt/stack/data/venv/lib/python3.12/site-packages/oslo_db/sqlalchemy/engines.py:402}}
May 19 05:17:28.878308 np0000174640 neutron-periodic-workers[104614]: DEBUG dbcounter [-] [104614] Writer thread running {{(pid=104614) stat_writer /opt/stack/data/venv/lib/python3.12/site-packages/dbcounter.py:102}}
May 19 05:17:28.881703 np0000174640 neutron-periodic-workers[104614]: DEBUG neutron.db.agents_db [None req-c782fee4-6aba-48b7-badd-19d01ef9acff None None] Agent healthcheck: found 0 active agents {{(pid=104614) agent_health_check /opt/stack/neutron/neutron/db/agents_db.py:322}}
May 19 05:17:28.881893 np0000174640 neutron-periodic-workers[104614]: DEBUG oslo.service.backend._threading.loopingcall [None req-c782fee4-6aba-48b7-badd-19d01ef9acff None None] Fixed interval looping call 'neutron.plugins.ml2.plugin.AgentDbMixin.agent_health_check' sleeping for 36.98 seconds {{(pid=104614) _run_loop /opt/stack/data/venv/lib/python3.12/site-packages/oslo_service/backend/_threading/loopingcall.py:125}}
May 19 05:17:32.860547 np0000174640 neutron-periodic-workers[104606]: DEBUG dbcounter [-] [104606] Writer thread running {{(pid=104606) stat_writer /opt/stack/data/venv/lib/python3.12/site-packages/dbcounter.py:102}}
May 19 05:17:32.872097 np0000174640 neutron-periodic-workers[104606]: DEBUG oslo.service.backend._threading.loopingcall [None req-667667a3-5dc8-4cc9-9244-2b94908e1587 None None] Fixed interval looping call 'neutron.plugins.ml2.plugin.DhcpAgentSchedulerDbMixin.remove_networks_from_down_agents' sleeping for 36.98 seconds {{(pid=104606) _run_loop /opt/stack/data/venv/lib/python3.12/site-packages/oslo_service/backend/_threading/loopingcall.py:125}}
May 19 05:17:42.869883 np0000174640 neutron-periodic-workers[104606]: DEBUG dbcounter [-] [104606] Writing DB stats neutron:SELECT=3 {{(pid=104606) stat_writer /opt/stack/data/venv/lib/python3.12/site-packages/dbcounter.py:115}}
May 19 05:17:48.879851 np0000174640 neutron-periodic-workers[104614]: DEBUG dbcounter [-] [104614] Writing DB stats neutron:SELECT=1 {{(pid=104614) stat_writer /opt/stack/data/venv/lib/python3.12/site-packages/dbcounter.py:115}}
May 19 05:18:05.867837 np0000174640 neutron-periodic-workers[104614]: DEBUG neutron.db.agents_db [None req-c782fee4-6aba-48b7-badd-19d01ef9acff None None] Agent healthcheck: found 0 active agents {{(pid=104614) agent_health_check /opt/stack/neutron/neutron/db/agents_db.py:322}}
May 19 05:18:05.868929 np0000174640 neutron-periodic-workers[104614]: DEBUG oslo.service.backend._threading.loopingcall [None req-c782fee4-6aba-48b7-badd-19d01ef9acff None None] Fixed interval looping call 'neutron.plugins.ml2.plugin.AgentDbMixin.agent_health_check' sleeping for 36.99 seconds {{(pid=104614) _run_loop /opt/stack/data/venv/lib/python3.12/site-packages/oslo_service/backend/_threading/loopingcall.py:125}}
May 19 05:18:09.857078 np0000174640 neutron-periodic-workers[104606]: DEBUG oslo.service.backend._threading.loopingcall [None req-667667a3-5dc8-4cc9-9244-2b94908e1587 None None] Fixed interval looping call 'neutron.plugins.ml2.plugin.DhcpAgentSchedulerDbMixin.remove_networks_from_down_agents' sleeping for 36.99 seconds {{(pid=104606) _run_loop /opt/stack/data/venv/lib/python3.12/site-packages/oslo_service/backend/_threading/loopingcall.py:125}}
May 19 05:18:15.866522 np0000174640 neutron-periodic-workers[104614]: DEBUG dbcounter [-] [104614] Writing DB stats neutron:SELECT=1 {{(pid=104614) stat_writer /opt/stack/data/venv/lib/python3.12/site-packages/dbcounter.py:115}}
May 19 05:18:19.855921 np0000174640 neutron-periodic-workers[104606]: DEBUG dbcounter [-] [104606] Writing DB stats neutron:SELECT=3 {{(pid=104606) stat_writer /opt/stack/data/venv/lib/python3.12/site-packages/dbcounter.py:115}}
May 19 05:18:33.908388 np0000174640 neutron-periodic-workers[104627]: DEBUG dbcounter [-] [104627] Writer thread running {{(pid=104627) stat_writer /opt/stack/data/venv/lib/python3.12/site-packages/dbcounter.py:102}}
May 19 05:18:33.909944 np0000174640 neutron-periodic-workers[104627]: DEBUG oslo.service.backend._threading.loopingcall [None req-e082b0c1-6303-4cbb-8f50-2067303a5b58 None None] Fixed interval looping call 'neutron.db.quota.driver_nolock.DbQuotaNoLockDriver._remove_expired_reservations' sleeping for 119.98 seconds {{(pid=104627) _run_loop /opt/stack/data/venv/lib/python3.12/site-packages/oslo_service/backend/_threading/loopingcall.py:125}}
May 19 05:18:42.864642 np0000174640 neutron-periodic-workers[104614]: DEBUG neutron.db.agents_db [None req-c782fee4-6aba-48b7-badd-19d01ef9acff None None] Agent healthcheck: found 0 active agents {{(pid=104614) agent_health_check /opt/stack/neutron/neutron/db/agents_db.py:322}}
May 19 05:18:42.865281 np0000174640 neutron-periodic-workers[104614]: DEBUG oslo.service.backend._threading.loopingcall [None req-c782fee4-6aba-48b7-badd-19d01ef9acff None None] Fixed interval looping call 'neutron.plugins.ml2.plugin.AgentDbMixin.agent_health_check' sleeping for 36.99 seconds {{(pid=104614) _run_loop /opt/stack/data/venv/lib/python3.12/site-packages/oslo_service/backend/_threading/loopingcall.py:125}}
May 19 05:18:43.908844 np0000174640 neutron-periodic-workers[104627]: DEBUG dbcounter [-] [104627] Writing DB stats neutron:DELETE=1 {{(pid=104627) stat_writer /opt/stack/data/venv/lib/python3.12/site-packages/dbcounter.py:115}}
May 19 05:18:46.856239 np0000174640 neutron-periodic-workers[104606]: DEBUG oslo.service.backend._threading.loopingcall [None req-667667a3-5dc8-4cc9-9244-2b94908e1587 None None] Fixed interval looping call 'neutron.plugins.ml2.plugin.DhcpAgentSchedulerDbMixin.remove_networks_from_down_agents' sleeping for 36.99 seconds {{(pid=104606) _run_loop /opt/stack/data/venv/lib/python3.12/site-packages/oslo_service/backend/_threading/loopingcall.py:125}}
May 19 05:18:52.862807 np0000174640 neutron-periodic-workers[104614]: DEBUG dbcounter [-] [104614] Writing DB stats neutron:SELECT=1 {{(pid=104614) stat_writer /opt/stack/data/venv/lib/python3.12/site-packages/dbcounter.py:115}}
May 19 05:18:56.855029 np0000174640 neutron-periodic-workers[104606]: DEBUG dbcounter [-] [104606] Writing DB stats neutron:SELECT=3 {{(pid=104606) stat_writer /opt/stack/data/venv/lib/python3.12/site-packages/dbcounter.py:115}}
May 19 05:19:19.859523 np0000174640 neutron-periodic-workers[104614]: DEBUG neutron.db.agents_db [None req-c782fee4-6aba-48b7-badd-19d01ef9acff None None] Agent healthcheck: found 0 active agents {{(pid=104614) agent_health_check /opt/stack/neutron/neutron/db/agents_db.py:322}}
May 19 05:19:19.859523 np0000174640 neutron-periodic-workers[104614]: DEBUG oslo.service.backend._threading.loopingcall [None req-c782fee4-6aba-48b7-badd-19d01ef9acff None None] Fixed interval looping call 'neutron.plugins.ml2.plugin.AgentDbMixin.agent_health_check' sleeping for 37.00 seconds {{(pid=104614) _run_loop /opt/stack/data/venv/lib/python3.12/site-packages/oslo_service/backend/_threading/loopingcall.py:125}}
May 19 05:19:23.857307 np0000174640 neutron-periodic-workers[104606]: DEBUG oslo.service.backend._threading.loopingcall [None req-667667a3-5dc8-4cc9-9244-2b94908e1587 None None] Fixed interval looping call 'neutron.plugins.ml2.plugin.DhcpAgentSchedulerDbMixin.remove_networks_from_down_agents' sleeping for 36.99 seconds {{(pid=104606) _run_loop /opt/stack/data/venv/lib/python3.12/site-packages/oslo_service/backend/_threading/loopingcall.py:125}}
May 19 05:19:23.930462 np0000174640 neutron-periodic-workers[104638]: DEBUG dbcounter [-] [104638] Writer thread running {{(pid=104638) stat_writer /opt/stack/data/venv/lib/python3.12/site-packages/dbcounter.py:102}}
May 19 05:19:23.944633 np0000174640 neutron-periodic-workers[104638]: DEBUG oslo.service.backend._threading.loopingcall [None req-b09e5a1a-69e0-45f2-a36f-102c3b0bf667 None None] Fixed interval looping call 'neutron.services.ovn_l3.plugin.L3_NAT_dbonly_mixin._clean_garbage' sleeping for 299.96 seconds {{(pid=104638) _run_loop /opt/stack/data/venv/lib/python3.12/site-packages/oslo_service/backend/_threading/loopingcall.py:125}}
May 19 05:19:29.865684 np0000174640 neutron-periodic-workers[104614]: DEBUG dbcounter [-] [104614] Writing DB stats neutron:SELECT=1 {{(pid=104614) stat_writer /opt/stack/data/venv/lib/python3.12/site-packages/dbcounter.py:115}}
May 19 05:19:33.855840 np0000174640 neutron-periodic-workers[104606]: DEBUG dbcounter [-] [104606] Writing DB stats neutron:SELECT=3 {{(pid=104606) stat_writer /opt/stack/data/venv/lib/python3.12/site-packages/dbcounter.py:115}}
May 19 05:19:43.931307 np0000174640 neutron-periodic-workers[104638]: DEBUG dbcounter [-] [104638] Writing DB stats neutron:SELECT=1 {{(pid=104638) stat_writer /opt/stack/data/venv/lib/python3.12/site-packages/dbcounter.py:115}}
May 19 05:19:56.866020 np0000174640 neutron-periodic-workers[104614]: DEBUG neutron.db.agents_db [None req-c782fee4-6aba-48b7-badd-19d01ef9acff None None] Agent healthcheck: found 0 active agents {{(pid=104614) agent_health_check /opt/stack/neutron/neutron/db/agents_db.py:322}}
May 19 05:19:56.866669 np0000174640 neutron-periodic-workers[104614]: DEBUG oslo.service.backend._threading.loopingcall [None req-c782fee4-6aba-48b7-badd-19d01ef9acff None None] Fixed interval looping call 'neutron.plugins.ml2.plugin.AgentDbMixin.agent_health_check' sleeping for 36.99 seconds {{(pid=104614) _run_loop /opt/stack/data/venv/lib/python3.12/site-packages/oslo_service/backend/_threading/loopingcall.py:125}}
May 19 05:20:00.857311 np0000174640 neutron-periodic-workers[104606]: DEBUG oslo.service.backend._threading.loopingcall [None req-667667a3-5dc8-4cc9-9244-2b94908e1587 None None] Fixed interval looping call 'neutron.plugins.ml2.plugin.DhcpAgentSchedulerDbMixin.remove_networks_from_down_agents' sleeping for 36.99 seconds {{(pid=104606) _run_loop /opt/stack/data/venv/lib/python3.12/site-packages/oslo_service/backend/_threading/loopingcall.py:125}}
May 19 05:20:06.864675 np0000174640 neutron-periodic-workers[104614]: DEBUG dbcounter [-] [104614] Writing DB stats neutron:SELECT=1 {{(pid=104614) stat_writer /opt/stack/data/venv/lib/python3.12/site-packages/dbcounter.py:115}}
May 19 05:20:10.856455 np0000174640 neutron-periodic-workers[104606]: DEBUG dbcounter [-] [104606] Writing DB stats neutron:SELECT=3 {{(pid=104606) stat_writer /opt/stack/data/venv/lib/python3.12/site-packages/dbcounter.py:115}}
May 19 05:20:33.863025 np0000174640 neutron-periodic-workers[104614]: DEBUG neutron.db.agents_db [None req-c782fee4-6aba-48b7-badd-19d01ef9acff None None] Agent healthcheck: found 0 active agents {{(pid=104614) agent_health_check /opt/stack/neutron/neutron/db/agents_db.py:322}}
May 19 05:20:33.863025 np0000174640 neutron-periodic-workers[104614]: DEBUG oslo.service.backend._threading.loopingcall [None req-c782fee4-6aba-48b7-badd-19d01ef9acff None None] Fixed interval looping call 'neutron.plugins.ml2.plugin.AgentDbMixin.agent_health_check' sleeping for 36.99 seconds {{(pid=104614) _run_loop /opt/stack/data/venv/lib/python3.12/site-packages/oslo_service/backend/_threading/loopingcall.py:125}}
May 19 05:20:33.896042 np0000174640 neutron-periodic-workers[104627]: DEBUG oslo.service.backend._threading.loopingcall [None req-e082b0c1-6303-4cbb-8f50-2067303a5b58 None None] Fixed interval looping call 'neutron.db.quota.driver_nolock.DbQuotaNoLockDriver._remove_expired_reservations' sleeping for 119.99 seconds {{(pid=104627) _run_loop /opt/stack/data/venv/lib/python3.12/site-packages/oslo_service/backend/_threading/loopingcall.py:125}}
May 19 05:20:37.856913 np0000174640 neutron-periodic-workers[104606]: DEBUG oslo.service.backend._threading.loopingcall [None req-667667a3-5dc8-4cc9-9244-2b94908e1587 None None] Fixed interval looping call 'neutron.plugins.ml2.plugin.DhcpAgentSchedulerDbMixin.remove_networks_from_down_agents' sleeping for 36.99 seconds {{(pid=104606) _run_loop /opt/stack/data/venv/lib/python3.12/site-packages/oslo_service/backend/_threading/loopingcall.py:125}}
May 19 05:20:43.860889 np0000174640 neutron-periodic-workers[104614]: DEBUG dbcounter [-] [104614] Writing DB stats neutron:SELECT=1 {{(pid=104614) stat_writer /opt/stack/data/venv/lib/python3.12/site-packages/dbcounter.py:115}}
May 19 05:20:43.895284 np0000174640 neutron-periodic-workers[104627]: DEBUG dbcounter [-] [104627] Writing DB stats neutron:DELETE=1 {{(pid=104627) stat_writer /opt/stack/data/venv/lib/python3.12/site-packages/dbcounter.py:115}}
May 19 05:20:47.858199 np0000174640 neutron-periodic-workers[104606]: DEBUG dbcounter [-] [104606] Writing DB stats neutron:SELECT=3 {{(pid=104606) stat_writer /opt/stack/data/venv/lib/python3.12/site-packages/dbcounter.py:115}}
May 19 05:21:10.859285 np0000174640 neutron-periodic-workers[104614]: DEBUG neutron.db.agents_db [None req-c782fee4-6aba-48b7-badd-19d01ef9acff None None] Agent healthcheck: found 0 active agents {{(pid=104614) agent_health_check /opt/stack/neutron/neutron/db/agents_db.py:322}}
May 19 05:21:10.859828 np0000174640 neutron-periodic-workers[104614]: DEBUG oslo.service.backend._threading.loopingcall [None req-c782fee4-6aba-48b7-badd-19d01ef9acff None None] Fixed interval looping call 'neutron.plugins.ml2.plugin.AgentDbMixin.agent_health_check' sleeping for 36.99 seconds {{(pid=104614) _run_loop /opt/stack/data/venv/lib/python3.12/site-packages/oslo_service/backend/_threading/loopingcall.py:125}}
May 19 05:21:14.855232 np0000174640 neutron-periodic-workers[104606]: DEBUG oslo.service.backend._threading.loopingcall [None req-667667a3-5dc8-4cc9-9244-2b94908e1587 None None] Fixed interval looping call 'neutron.plugins.ml2.plugin.DhcpAgentSchedulerDbMixin.remove_networks_from_down_agents' sleeping for 36.99 seconds {{(pid=104606) _run_loop /opt/stack/data/venv/lib/python3.12/site-packages/oslo_service/backend/_threading/loopingcall.py:125}}
May 19 05:21:20.856948 np0000174640 neutron-periodic-workers[104614]: DEBUG dbcounter [-] [104614] Writing DB stats neutron:SELECT=1 {{(pid=104614) stat_writer /opt/stack/data/venv/lib/python3.12/site-packages/dbcounter.py:115}}
May 19 05:21:24.854575 np0000174640 neutron-periodic-workers[104606]: DEBUG dbcounter [-] [104606] Writing DB stats neutron:SELECT=3 {{(pid=104606) stat_writer /opt/stack/data/venv/lib/python3.12/site-packages/dbcounter.py:115}}
May 19 05:21:47.856000 np0000174640 neutron-periodic-workers[104614]: DEBUG neutron.db.agents_db [None req-c782fee4-6aba-48b7-badd-19d01ef9acff None None] Agent healthcheck: found 0 active agents {{(pid=104614) agent_health_check /opt/stack/neutron/neutron/db/agents_db.py:322}}
May 19 05:21:47.856671 np0000174640 neutron-periodic-workers[104614]: DEBUG oslo.service.backend._threading.loopingcall [None req-c782fee4-6aba-48b7-badd-19d01ef9acff None None] Fixed interval looping call 'neutron.plugins.ml2.plugin.AgentDbMixin.agent_health_check' sleeping for 36.99 seconds {{(pid=104614) _run_loop /opt/stack/data/venv/lib/python3.12/site-packages/oslo_service/backend/_threading/loopingcall.py:125}}
May 19 05:21:51.852666 np0000174640 neutron-periodic-workers[104606]: DEBUG oslo.service.backend._threading.loopingcall [None req-667667a3-5dc8-4cc9-9244-2b94908e1587 None None] Fixed interval looping call 'neutron.plugins.ml2.plugin.DhcpAgentSchedulerDbMixin.remove_networks_from_down_agents' sleeping for 36.99 seconds {{(pid=104606) _run_loop /opt/stack/data/venv/lib/python3.12/site-packages/oslo_service/backend/_threading/loopingcall.py:125}}
May 19 05:21:57.854076 np0000174640 neutron-periodic-workers[104614]: DEBUG dbcounter [-] [104614] Writing DB stats neutron:SELECT=1 {{(pid=104614) stat_writer /opt/stack/data/venv/lib/python3.12/site-packages/dbcounter.py:115}}