2026-05-08 19:30:52.707 10 INFO neutron.services.segments.plugin [-] Segment bcee3307-9d24-40ba-bda9-b4e86167eef3 resource provider aggregate not found
2026-05-08 19:30:52.712 10 INFO neutron.services.segments.plugin [-] Segment bcee3307-9d24-40ba-bda9-b4e86167eef3 resource provider aggregate not found
2026-05-08 19:30:52.718 10 INFO neutron.services.segments.plugin [-] Segment bcee3307-9d24-40ba-bda9-b4e86167eef3 resource provider not found; error: Placement Client Error (4xx): {"errors": [{"status": 404, "title": "Not Found", "detail": "The resource could not be found.\n\n No resource provider with uuid bcee3307-9d24-40ba-bda9-b4e86167eef3 found for delete ", "request_id": "req-355dea99-5f4a-488f-98ce-b612f186e87b"}]}
2026-05-08 19:30:52.731 10 INFO neutron.api.wsgi [None req-a4bc9371-379d-4f78-b6b7-f50e84a4208f a78832b8c1eb4611a9e665b83985fad7 5377176e3cf34874b1841c19df49cbb8 - - default default] 10.0.0.232 "DELETE /v2.0/networks/2776aeb6-8421-49c6-8142-5a3a157d638c HTTP/1.1" status: 204 len: 168 time: 0.3453324
2026-05-08 19:30:52.732 10 INFO neutron.services.segments.plugin [-] Segment bcee3307-9d24-40ba-bda9-b4e86167eef3 resource provider not found; error: Placement Client Error (4xx): {"errors": [{"status": 404, "title": "Not Found", "detail": "The resource could not be found.\n\n No resource provider with uuid bcee3307-9d24-40ba-bda9-b4e86167eef3 found for delete ", "request_id": "req-53e52768-e0bd-4e17-a3df-0476b91566d7"}]}
2026-05-08 19:30:52.882 9 WARNING neutron.scheduler.dhcp_agent_scheduler [None req-0237635f-b257-4c19-8116-59e818054fb3 7686dc9ccd2c4324a0f7f07060db365f 8ef0b9dd02e44565b6374680c2d55835 - - default default] No more DHCP agents
2026-05-08 19:30:52.883 9 WARNING neutron.api.rpc.agentnotifiers.dhcp_rpc_agent_api [None req-0237635f-b257-4c19-8116-59e818054fb3 7686dc9ccd2c4324a0f7f07060db365f 8ef0b9dd02e44565b6374680c2d55835 - - default default] Unable to schedule network 43abb20b-3900-4fa6-86fb-6b4237b6bb90: no agents available; will retry on subsequent port and subnet creation events.
2026-05-08 19:30:52.884 9 INFO neutron.db.ovn_revision_numbers_db [None req-e3e89de6-cb89-408c-841d-e56c5e65d282 - - - - - -] Successfully bumped revision number for resource 79ebbdfa-3421-4b71-bfe4-ecc1b2824a9b (type: ports) to 2
2026-05-08 19:30:52.921 9 INFO neutron.db.ovn_revision_numbers_db [None req-e3e89de6-cb89-408c-841d-e56c5e65d282 - - - - - -] Successfully bumped revision number for resource 829bf2d0-6092-49cc-8613-db20bb3cbae2 (type: subnets) to 0
2026-05-08 19:30:52.941 9 INFO neutron.api.wsgi [None req-89c02436-8a8d-4191-a6c9-2b0fae6d8b85 adb97ff98a81444a86830e8de97d6947 5a7b02ab22e94979b760bd9eea46d75d - - default default] 10.0.0.232 "POST /v2.0/subnets HTTP/1.1" status: 201 len: 886 time: 0.7887549
2026-05-08 19:30:52.958 9 INFO neutron.db.ovn_revision_numbers_db [None req-0237635f-b257-4c19-8116-59e818054fb3 7686dc9ccd2c4324a0f7f07060db365f 8ef0b9dd02e44565b6374680c2d55835 - - default default] Successfully bumped revision number for resource 4a493aab-b3ca-46dd-bdf4-89fc2c9c589d (type: ports) to 1
2026-05-08 19:30:52.989 9 INFO neutron.api.wsgi [None req-0237635f-b257-4c19-8116-59e818054fb3 7686dc9ccd2c4324a0f7f07060db365f 8ef0b9dd02e44565b6374680c2d55835 - - default default] 10.0.0.232 "POST /v2.0/networks HTTP/1.1" status: 201 len: 830 time: 0.6003304
2026-05-08 19:30:52.999 9 WARNING neutron_lib.context [None req-f40d4b36-f5db-438c-9d3b-712a4682ebdc 7686dc9ccd2c4324a0f7f07060db365f 8ef0b9dd02e44565b6374680c2d55835 - - default default] Method 'is_advsvc' is deprecated since 2023.2 release (neutron-lib 3.8.0) and will be removed once support for the old RBAC API policies will be removed from Neutron. Please use method 'is_service_role' instead.
2026-05-08 19:30:53.092 10 INFO neutron.api.wsgi [None req-1d12e845-9f14-429a-9644-196ed7495243 a78832b8c1eb4611a9e665b83985fad7 5377176e3cf34874b1841c19df49cbb8 - - default default] 10.0.0.232 "DELETE /v2.0/networks/5c391d6c-19fe-455a-b081-e67756f17656 HTTP/1.1" status: 204 len: 168 time: 0.3546939
2026-05-08 19:30:53.128 10 INFO neutron.api.wsgi [-] 10.0.0.22 "GET / HTTP/1.1" status: 200 len: 247 time: 0.0011303
2026-05-08 19:30:53.131 10 INFO neutron.api.wsgi [-] 10.0.0.22 "GET / HTTP/1.1" status: 200 len: 247 time: 0.0032115
2026-05-08 19:30:53.281 9 WARNING neutron.scheduler.dhcp_agent_scheduler [None req-f40d4b36-f5db-438c-9d3b-712a4682ebdc 7686dc9ccd2c4324a0f7f07060db365f 8ef0b9dd02e44565b6374680c2d55835 - - default default] No more DHCP agents
2026-05-08 19:30:53.282 9 WARNING neutron.api.rpc.agentnotifiers.dhcp_rpc_agent_api [None req-f40d4b36-f5db-438c-9d3b-712a4682ebdc 7686dc9ccd2c4324a0f7f07060db365f 8ef0b9dd02e44565b6374680c2d55835 - - default default] Unable to schedule network 43abb20b-3900-4fa6-86fb-6b4237b6bb90: no agents available; will retry on subsequent port and subnet creation events.
2026-05-08 19:30:53.403 10 INFO neutron.api.wsgi [None req-0b5c8699-f40c-4b5f-9cae-2217892caa3f a78832b8c1eb4611a9e665b83985fad7 5377176e3cf34874b1841c19df49cbb8 - - default default] 10.0.0.232 "DELETE /v2.0/networks/ae23698f-bc8f-4fb4-9a04-389f73bda2d5 HTTP/1.1" status: 204 len: 168 time: 0.3065815
2026-05-08 19:30:53.442 9 WARNING neutron.scheduler.dhcp_agent_scheduler [None req-f7c81666-40be-41f3-8acc-dfa1eedefb6c adb97ff98a81444a86830e8de97d6947 5a7b02ab22e94979b760bd9eea46d75d - - default default] No more DHCP agents
2026-05-08 19:30:53.445 9 WARNING neutron.api.rpc.agentnotifiers.dhcp_rpc_agent_api [None req-f7c81666-40be-41f3-8acc-dfa1eedefb6c adb97ff98a81444a86830e8de97d6947 5a7b02ab22e94979b760bd9eea46d75d - - default default] Unable to schedule network 92c0e985-9aa3-4b7e-b6ba-53df644b79f4: no agents available; will retry on subsequent port and subnet creation events.
2026-05-08 19:30:53.522 9 INFO neutron.plugins.ml2.drivers.ovn.mech_driver.mech_driver [None req-a4b8fead-ce7d-4cf1-86ee-881756dde899 - - - - - -] OVN reports status up for port: 190520f5-a9c8-4292-b92b-b2e534b6ae9f
2026-05-08 19:30:53.542 9 INFO neutron.plugins.ml2.plugin [None req-a4b8fead-ce7d-4cf1-86ee-881756dde899 - - - - - -] Attempt 1 to provision port 190520f5-a9c8-4292-b92b-b2e534b6ae9f
2026-05-08 19:30:53.596 10 INFO neutron.api.wsgi [req-fcb1056f-a7d5-4335-8faa-8df55de2379f req-269c7d06-3660-483f-86af-e41d8ed87a28 338d9a2aad8a40aea36fe679a88aefd7 de96782c10a54e56acb487cebde962e8 - - default default] 10.0.0.212 "GET /v2.0/ports?device_id=aa03b4d1-a8fa-49dd-8f15-1e006ce80df1 HTTP/1.1" status: 200 len: 1168 time: 0.0480106
2026-05-08 19:30:53.648 9 INFO neutron.db.ovn_revision_numbers_db [None req-f7c81666-40be-41f3-8acc-dfa1eedefb6c adb97ff98a81444a86830e8de97d6947 5a7b02ab22e94979b760bd9eea46d75d - - default default] Successfully bumped revision number for resource 19d5b099-fae1-4729-b2e0-4b1908ccd0b2 (type: ports) to 1
2026-05-08 19:30:53.652 10 INFO neutron.api.wsgi [req-fcb1056f-a7d5-4335-8faa-8df55de2379f req-64b08f3a-a864-4eca-a603-3cf9aa09a352 338d9a2aad8a40aea36fe679a88aefd7 de96782c10a54e56acb487cebde962e8 - - default default] 10.0.0.212 "GET /v2.0/security-groups?id=ab336854-1ebe-491b-be31-f4f8d7cf1729&fields=id&fields=name HTTP/1.1" status: 200 len: 313 time: 0.0506918
2026-05-08 19:30:53.713 9 INFO neutron.notifiers.nova [-] Nova event matching ['req-602358d5-ea31-4a10-9d04-58e3c0cc0609'] response: {'server_uuid': 'aa03b4d1-a8fa-49dd-8f15-1e006ce80df1', 'name': 'network-vif-plugged', 'status': 'completed', 'tag': '190520f5-a9c8-4292-b92b-b2e534b6ae9f', 'code': 200}
2026-05-08 19:30:53.764 10 INFO neutron.api.wsgi [None req-4f8f024b-38d3-4528-ad08-1ce3d7549f50 a78832b8c1eb4611a9e665b83985fad7 5377176e3cf34874b1841c19df49cbb8 - - default default] 10.0.0.232 "DELETE /v2.0/networks/8a89c1d6-dfb6-47fc-97eb-de5b6114bd5d HTTP/1.1" status: 204 len: 168 time: 0.3576310
2026-05-08 19:30:53.909 9 INFO neutron.db.ovn_revision_numbers_db [None req-fae0011a-3954-43b1-a4c9-7efe4f4d72ba - - - - - -] Successfully bumped revision number for resource 4a493aab-b3ca-46dd-bdf4-89fc2c9c589d (type: ports) to 2
2026-05-08 19:30:53.947 9 INFO neutron.db.ovn_revision_numbers_db [None req-a4b8fead-ce7d-4cf1-86ee-881756dde899 - - - - - -] Successfully bumped revision number for resource 190520f5-a9c8-4292-b92b-b2e534b6ae9f (type: ports) to 5
2026-05-08 19:30:53.962 9 INFO neutron.db.ovn_revision_numbers_db [None req-fae0011a-3954-43b1-a4c9-7efe4f4d72ba - - - - - -] Successfully bumped revision number for resource 71b3bf06-3f78-4493-b07f-4b56a647af17 (type: subnets) to 0
2026-05-08 19:30:53.985 9 INFO neutron.api.wsgi [None req-f40d4b36-f5db-438c-9d3b-712a4682ebdc 7686dc9ccd2c4324a0f7f07060db365f 8ef0b9dd02e44565b6374680c2d55835 - - default default] 10.0.0.232 "POST /v2.0/subnets HTTP/1.1" status: 201 len: 828 time: 0.9909031
2026-05-08 19:30:53.996 10 WARNING neutron_lib.context [None req-eeac49ad-8504-4c24-ae6b-677d9df26860 7686dc9ccd2c4324a0f7f07060db365f 8ef0b9dd02e44565b6374680c2d55835 - - default default] Method 'is_advsvc' is deprecated since 2023.2 release (neutron-lib 3.8.0) and will be removed once support for the old RBAC API policies will be removed from Neutron. Please use method 'is_service_role' instead.
2026-05-08 19:30:54.123 10 INFO neutron.api.wsgi [None req-01a22995-7585-48d2-9a61-820babba3d3f a78832b8c1eb4611a9e665b83985fad7 5377176e3cf34874b1841c19df49cbb8 - - default default] 10.0.0.232 "DELETE /v2.0/networks/39fd7ee9-af8d-4a66-a787-0ad4a03e8286 HTTP/1.1" status: 204 len: 168 time: 0.3524003
2026-05-08 19:30:54.315 9 INFO neutron.plugins.ml2.drivers.ovn.mech_driver.ovsdb.commands [None req-807b7a76-6dbd-4825-8400-f580d384af34 - - - - - -] Schedule LRP lrp-19d5b099-fae1-4729-b2e0-4b1908ccd0b2 on gateway e5046f53-94f6-41a2-8ca0-4509bf8dd4b5 with priority 1
2026-05-08 19:30:54.331 10 INFO neutron.plugins.ml2.drivers.ovn.mech_driver.mech_driver [None req-b4643862-d859-4965-8b93-8380659a59c9 - - - - - -] OVN reports status up for port: 19d5b099-fae1-4729-b2e0-4b1908ccd0b2
2026-05-08 19:30:54.349 10 INFO neutron.plugins.ml2.drivers.ovn.mech_driver.ovsdb.ovsdb_monitor [None req-75f5d17d-4471-4a21-9126-771eb6bbf8f9 - - - - - -] Router d851f403-f222-4740-9e9c-4a074653ec19 is bound to host instance
2026-05-08 19:30:54.351 10 INFO neutron.plugins.ml2.plugin [None req-b4643862-d859-4965-8b93-8380659a59c9 - - - - - -] Attempt 1 to provision port 19d5b099-fae1-4729-b2e0-4b1908ccd0b2
2026-05-08 19:30:54.358 9 INFO neutron.db.ovn_revision_numbers_db [None req-f7c81666-40be-41f3-8acc-dfa1eedefb6c adb97ff98a81444a86830e8de97d6947 5a7b02ab22e94979b760bd9eea46d75d - - default default] Successfully bumped revision number for resource 19d5b099-fae1-4729-b2e0-4b1908ccd0b2 (type: router_ports) to 1
2026-05-08 19:30:54.432 10 WARNING neutron.scheduler.dhcp_agent_scheduler [None req-eeac49ad-8504-4c24-ae6b-677d9df26860 7686dc9ccd2c4324a0f7f07060db365f 8ef0b9dd02e44565b6374680c2d55835 - - default default] No more DHCP agents
2026-05-08 19:30:54.437 10 WARNING neutron.api.rpc.agentnotifiers.dhcp_rpc_agent_api [None req-eeac49ad-8504-4c24-ae6b-677d9df26860 7686dc9ccd2c4324a0f7f07060db365f 8ef0b9dd02e44565b6374680c2d55835 - - default default] Unable to schedule network 92c0e985-9aa3-4b7e-b6ba-53df644b79f4: no agents available; will retry on subsequent port and subnet creation events.
2026-05-08 19:30:54.461 9 INFO neutron.db.ovn_revision_numbers_db [None req-f7c81666-40be-41f3-8acc-dfa1eedefb6c adb97ff98a81444a86830e8de97d6947 5a7b02ab22e94979b760bd9eea46d75d - - default default] Successfully bumped revision number for resource d851f403-f222-4740-9e9c-4a074653ec19 (type: routers) to 2
2026-05-08 19:30:54.482 9 INFO neutron.api.wsgi [None req-f7c81666-40be-41f3-8acc-dfa1eedefb6c adb97ff98a81444a86830e8de97d6947 5a7b02ab22e94979b760bd9eea46d75d - - default default] 10.0.0.232 "POST /v2.0/routers HTTP/1.1" status: 201 len: 1164 time: 1.5307915
2026-05-08 19:30:54.607 10 INFO neutron.db.ovn_revision_numbers_db [None req-eeac49ad-8504-4c24-ae6b-677d9df26860 7686dc9ccd2c4324a0f7f07060db365f 8ef0b9dd02e44565b6374680c2d55835 - - default default] Successfully bumped revision number for resource bf967f55-ff6b-49c1-9be8-eb10cd8f93c4 (type: ports) to 1
2026-05-08 19:30:54.893 10 INFO neutron.services.segments.plugin [-] Segment 5a599c43-9cca-48be-b9bd-9d496c0b97f1 resource provider aggregate not found
2026-05-08 19:30:54.895 10 INFO neutron.services.segments.plugin [-] Segment 5a599c43-9cca-48be-b9bd-9d496c0b97f1 resource provider aggregate not found
2026-05-08 19:30:54.920 10 INFO neutron.services.segments.plugin [-] Segment 5a599c43-9cca-48be-b9bd-9d496c0b97f1 resource provider not found; error: Placement Client Error (4xx): {"errors": [{"status": 404, "title": "Not Found", "detail": "The resource could not be found.\n\n No resource provider with uuid 5a599c43-9cca-48be-b9bd-9d496c0b97f1 found for delete ", "request_id": "req-38f635f2-211d-4875-82f0-bdd59d4d1a00"}]}
2026-05-08 19:30:54.925 10 INFO neutron.services.segments.plugin [-] Segment 5a599c43-9cca-48be-b9bd-9d496c0b97f1 resource provider not found; error: Placement Client Error (4xx): {"errors": [{"status": 404, "title": "Not Found", "detail": "The resource could not be found.\n\n No resource provider with uuid 5a599c43-9cca-48be-b9bd-9d496c0b97f1 found for delete ", "request_id": "req-915507d2-d57f-4bef-8b72-822293859232"}]}
2026-05-08 19:30:54.946 10 INFO neutron.services.segments.plugin [-] Segment 724fa118-7bd4-46ce-80fa-194bb24f6505 resource provider aggregate not found
2026-05-08 19:30:54.951 10 INFO neutron.services.segments.plugin [-] Segment 724fa118-7bd4-46ce-80fa-194bb24f6505 resource provider aggregate not found
2026-05-08 19:30:54.965 10 INFO neutron.services.segments.plugin [-] Segment 724fa118-7bd4-46ce-80fa-194bb24f6505 resource provider not found; error: Placement Client Error (4xx): {"errors": [{"status": 404, "title": "Not Found", "detail": "The resource could not be found.\n\n No resource provider with uuid 724fa118-7bd4-46ce-80fa-194bb24f6505 found for delete ", "request_id": "req-96bcfcf0-7a51-437e-a910-c88cee6d97f9"}]}
2026-05-08 19:30:54.970 10 INFO neutron.services.segments.plugin [-] Segment 724fa118-7bd4-46ce-80fa-194bb24f6505 resource provider not found; error: Placement Client Error (4xx): {"errors": [{"status": 404, "title": "Not Found", "detail": "The resource could not be found.\n\n No resource provider with uuid 724fa118-7bd4-46ce-80fa-194bb24f6505 found for delete ", "request_id": "req-a4f57112-72f9-4b9a-8642-de5fe6baa4e7"}]}
2026-05-08 19:30:54.987 10 INFO neutron.services.segments.plugin [-] Segment 44ee6d0b-90d6-4243-9815-4f38110d4402 resource provider aggregate not found
2026-05-08 19:30:54.993 10 INFO neutron.services.segments.plugin [-] Segment 44ee6d0b-90d6-4243-9815-4f38110d4402 resource provider aggregate not found
2026-05-08 19:30:55.011 10 INFO neutron.services.segments.plugin [-] Segment 44ee6d0b-90d6-4243-9815-4f38110d4402 resource provider not found; error: Placement Client Error (4xx): {"errors": [{"status": 404, "title": "Not Found", "detail": "The resource could not be found.\n\n No resource provider with uuid 44ee6d0b-90d6-4243-9815-4f38110d4402 found for delete ", "request_id": "req-cb987c3a-408e-4479-ae0c-9db7bf471863"}]}
2026-05-08 19:30:55.016 10 INFO neutron.services.segments.plugin [-] Segment 44ee6d0b-90d6-4243-9815-4f38110d4402 resource provider not found; error: Placement Client Error (4xx): {"errors": [{"status": 404, "title": "Not Found", "detail": "The resource could not be found.\n\n No resource provider with uuid 44ee6d0b-90d6-4243-9815-4f38110d4402 found for delete ", "request_id": "req-4e5ff002-91e5-4bd3-8736-c864b66c7eed"}]}
2026-05-08 19:30:55.033 10 INFO neutron.services.segments.plugin [-] Segment 0e1cc348-e427-4474-b177-6e4f54d761e4 resource provider aggregate not found
2026-05-08 19:30:55.038 10 INFO neutron.services.segments.plugin [-] Segment 0e1cc348-e427-4474-b177-6e4f54d761e4 resource provider aggregate not found
2026-05-08 19:30:55.046 10 INFO neutron.api.wsgi [req-966fce05-0e5f-48b8-b980-647ca31fe6a7 req-8a9b6e12-3445-410e-891e-a6a639fa8ee3 338d9a2aad8a40aea36fe679a88aefd7 de96782c10a54e56acb487cebde962e8 - - default default] 10.0.0.212 "GET /v2.0/ports?device_id=aa03b4d1-a8fa-49dd-8f15-1e006ce80df1 HTTP/1.1" status: 200 len: 1170 time: 0.1903946
2026-05-08 19:30:55.050 10 INFO neutron.services.segments.plugin [-] Segment 0e1cc348-e427-4474-b177-6e4f54d761e4 resource provider not found; error: Placement Client Error (4xx): {"errors": [{"status": 404, "title": "Not Found", "detail": "The resource could not be found.\n\n No resource provider with uuid 0e1cc348-e427-4474-b177-6e4f54d761e4 found for delete ", "request_id": "req-0efba03e-8e34-42ed-9ef9-74cd28a597ae"}]}
2026-05-08 19:30:55.059 10 INFO neutron.services.segments.plugin [-] Segment 0e1cc348-e427-4474-b177-6e4f54d761e4 resource provider not found; error: Placement Client Error (4xx): {"errors": [{"status": 404, "title": "Not Found", "detail": "The resource could not be found.\n\n No resource provider with uuid 0e1cc348-e427-4474-b177-6e4f54d761e4 found for delete ", "request_id": "req-6f006706-4ebf-40e6-826d-81df517c5848"}]} /var/lib/openstack/lib/python3.12/site-packages/pycadf/identifier.py:71: UserWarning: Invalid uuid: neutron. To ensure interoperability, identifiers should be a valid uuid. warnings.warn(('Invalid uuid: %s. To ensure interoperability, '
2026-05-08 19:30:55.146 10 INFO neutron.api.wsgi [req-966fce05-0e5f-48b8-b980-647ca31fe6a7 req-7b2c9559-cca5-44c3-b45b-6cb1a1802364 338d9a2aad8a40aea36fe679a88aefd7 de96782c10a54e56acb487cebde962e8 - - default default] 10.0.0.212 "GET /v2.0/security-groups?id=ab336854-1ebe-491b-be31-f4f8d7cf1729&fields=id&fields=name HTTP/1.1" status: 200 len: 313 time: 0.0862412
2026-05-08 19:30:55.219 9 INFO neutron.db.ovn_revision_numbers_db [None req-1dce6e57-e88e-4a53-986b-0558870982d1 adb97ff98a81444a86830e8de97d6947 5a7b02ab22e94979b760bd9eea46d75d - - default default] Successfully bumped revision number for resource dcc81731-91b0-4aa6-bb6b-ba6016b6bbbc (type: security_groups) to 1
2026-05-08 19:30:55.233 9 INFO neutron.db.ovn_revision_numbers_db [None req-1dce6e57-e88e-4a53-986b-0558870982d1 adb97ff98a81444a86830e8de97d6947 5a7b02ab22e94979b760bd9eea46d75d - - default default] Successfully bumped revision number for resource 3df53139-2588-489e-a33d-6bee91e97c55 (type: security_group_rules) to 0
2026-05-08 19:30:55.247 9 INFO neutron.db.ovn_revision_numbers_db [None req-1dce6e57-e88e-4a53-986b-0558870982d1 adb97ff98a81444a86830e8de97d6947 5a7b02ab22e94979b760bd9eea46d75d - - default default] Successfully bumped revision number for resource 7e07802b-f72d-4430-99f9-c16367e462f0 (type: security_group_rules) to 0
2026-05-08 19:30:55.263 9 INFO neutron.db.ovn_revision_numbers_db [None req-1dce6e57-e88e-4a53-986b-0558870982d1 adb97ff98a81444a86830e8de97d6947 5a7b02ab22e94979b760bd9eea46d75d - - default default] Successfully bumped revision number for resource b0ae1eb8-9a3d-4362-9072-f3597fc08d6f (type: security_group_rules) to 0
2026-05-08 19:30:55.277 9 INFO neutron.db.ovn_revision_numbers_db [None req-1dce6e57-e88e-4a53-986b-0558870982d1 adb97ff98a81444a86830e8de97d6947 5a7b02ab22e94979b760bd9eea46d75d - - default default] Successfully bumped revision number for resource b56d8275-373e-487b-a7c0-feb86cd1891b (type: security_group_rules) to 0
2026-05-08 19:30:55.315 9 INFO neutron.api.wsgi [None req-1dce6e57-e88e-4a53-986b-0558870982d1 adb97ff98a81444a86830e8de97d6947 5a7b02ab22e94979b760bd9eea46d75d - - default default] 10.0.0.232 "GET /v2.0/security-groups?tenant_id=f89389e0efbd4d08b0a2b42b47082231&name=default HTTP/1.1" status: 200 len: 3120 time: 0.3986287
2026-05-08 19:30:55.472 10 INFO neutron.db.ovn_revision_numbers_db [None req-83958c5f-000c-4fea-9f6c-3ad6758d9a3c - - - - - -] Successfully bumped revision number for resource 19d5b099-fae1-4729-b2e0-4b1908ccd0b2 (type: ports) to 1
2026-05-08 19:30:55.524 9 INFO neutron.api.wsgi [None req-384d3f92-3e72-4d8b-b7ab-a20067ef8c27 adb97ff98a81444a86830e8de97d6947 5a7b02ab22e94979b760bd9eea46d75d - - default default] 10.0.0.232 "DELETE /v2.0/security-groups/dcc81731-91b0-4aa6-bb6b-ba6016b6bbbc HTTP/1.1" status: 204 len: 168 time: 0.2033074
2026-05-08 19:30:55.624 10 WARNING neutron.scheduler.dhcp_agent_scheduler [None req-24655ab9-ed45-4cf3-bc88-5e9d0c4a42d0 adb97ff98a81444a86830e8de97d6947 5a7b02ab22e94979b760bd9eea46d75d - - default default] No more DHCP agents
2026-05-08 19:30:55.626 10 WARNING neutron.api.rpc.agentnotifiers.dhcp_rpc_agent_api [None req-24655ab9-ed45-4cf3-bc88-5e9d0c4a42d0 adb97ff98a81444a86830e8de97d6947 5a7b02ab22e94979b760bd9eea46d75d - - default default] Unable to schedule network 91c0c112-3c47-4b00-b0a9-63449ed5cc79: no agents available; will retry on subsequent port and subnet creation events.
2026-05-08 19:30:55.709 9 INFO neutron.db.ovn_revision_numbers_db [None req-f42e4237-6ded-4c89-b0d4-63443855a93d adb97ff98a81444a86830e8de97d6947 5a7b02ab22e94979b760bd9eea46d75d - - default default] Successfully bumped revision number for resource de062b6e-aacd-4380-9dda-1844dc0e3d53 (type: security_groups) to 1
2026-05-08 19:30:55.728 9 INFO neutron.db.ovn_revision_numbers_db [None req-f42e4237-6ded-4c89-b0d4-63443855a93d adb97ff98a81444a86830e8de97d6947 5a7b02ab22e94979b760bd9eea46d75d - - default default] Successfully bumped revision number for resource 19af5918-0506-4f2f-ae05-2a62018c9c94 (type: security_group_rules) to 0
2026-05-08 19:30:55.741 9 INFO neutron.db.ovn_revision_numbers_db [None req-f42e4237-6ded-4c89-b0d4-63443855a93d adb97ff98a81444a86830e8de97d6947 5a7b02ab22e94979b760bd9eea46d75d - - default default] Successfully bumped revision number for resource 3b957961-c315-44f0-bcfa-8be1fb9ee924 (type: security_group_rules) to 0
2026-05-08 19:30:55.750 9 INFO neutron.notifiers.nova [-] Nova event matching ['req-e0f7f1d7-8474-4f11-81d0-f2ec308967e5'] response: {'server_uuid': 'aa03b4d1-a8fa-49dd-8f15-1e006ce80df1', 'name': 'network-vif-plugged', 'status': 'completed', 'tag': '190520f5-a9c8-4292-b92b-b2e534b6ae9f', 'code': 200}
2026-05-08 19:30:55.761 9 INFO neutron.db.ovn_revision_numbers_db [None req-f42e4237-6ded-4c89-b0d4-63443855a93d adb97ff98a81444a86830e8de97d6947 5a7b02ab22e94979b760bd9eea46d75d - - default default] Successfully bumped revision number for resource 91aca650-62dc-4b24-b5c1-c3596e832633 (type: security_group_rules) to 0
2026-05-08 19:30:55.774 9 INFO neutron.db.ovn_revision_numbers_db [None req-f42e4237-6ded-4c89-b0d4-63443855a93d adb97ff98a81444a86830e8de97d6947 5a7b02ab22e94979b760bd9eea46d75d - - default default] Successfully bumped revision number for resource fc171e06-a147-4138-81e1-b0daf3d67b91 (type: security_group_rules) to 0
2026-05-08 19:30:55.816 10 INFO neutron.db.ovn_revision_numbers_db [None req-24655ab9-ed45-4cf3-bc88-5e9d0c4a42d0 adb97ff98a81444a86830e8de97d6947 5a7b02ab22e94979b760bd9eea46d75d - - default default] Successfully bumped revision number for resource 78d41c03-d864-465e-80dd-d1ab2e0e5b21 (type: ports) to 1
2026-05-08 19:30:55.816 9 INFO neutron.api.wsgi [None req-f42e4237-6ded-4c89-b0d4-63443855a93d adb97ff98a81444a86830e8de97d6947 5a7b02ab22e94979b760bd9eea46d75d - - default default] 10.0.0.232 "GET /v2.0/security-groups?tenant_id=3bcc71621986466f952d954443ef7660&name=default HTTP/1.1" status: 200 len: 3120 time: 0.2127841
2026-05-08 19:30:55.890 10 INFO neutron.plugins.ml2.drivers.ovn.mech_driver.ovsdb.commands [None req-2a953485-e201-44a8-92e5-0b16289b3785 - - - - - -] Schedule LRP lrp-bf967f55-ff6b-49c1-9be8-eb10cd8f93c4 on gateway e5046f53-94f6-41a2-8ca0-4509bf8dd4b5 with priority 1
2026-05-08 19:30:55.908 9 INFO neutron.plugins.ml2.drivers.ovn.mech_driver.mech_driver [None req-51c07d35-db73-4eb7-8c84-eaad9d28e156 - - - - - -] OVN reports status up for port: bf967f55-ff6b-49c1-9be8-eb10cd8f93c4
2026-05-08 19:30:55.920 9 INFO neutron.plugins.ml2.plugin [None req-51c07d35-db73-4eb7-8c84-eaad9d28e156 - - - - - -] Attempt 1 to provision port bf967f55-ff6b-49c1-9be8-eb10cd8f93c4
2026-05-08 19:30:55.945 10 INFO neutron.db.ovn_revision_numbers_db [None req-eeac49ad-8504-4c24-ae6b-677d9df26860 7686dc9ccd2c4324a0f7f07060db365f 8ef0b9dd02e44565b6374680c2d55835 - - default default] Successfully bumped revision number for resource bf967f55-ff6b-49c1-9be8-eb10cd8f93c4 (type: router_ports) to 1
2026-05-08 19:30:56.003 10 INFO neutron.db.ovn_revision_numbers_db [None req-83958c5f-000c-4fea-9f6c-3ad6758d9a3c - - - - - -] Successfully bumped revision number for resource 19d5b099-fae1-4729-b2e0-4b1908ccd0b2 (type: ports) to 4
2026-05-08 19:30:56.039 10 INFO neutron.db.ovn_revision_numbers_db [None req-eeac49ad-8504-4c24-ae6b-677d9df26860 7686dc9ccd2c4324a0f7f07060db365f 8ef0b9dd02e44565b6374680c2d55835 - - default default] Successfully bumped revision number for resource 64b8ba48-12e4-46f7-b6cc-9c58470f3673 (type: routers) to 2
2026-05-08 19:30:56.065 9 INFO neutron.api.wsgi [None req-0d16e706-1df7-48eb-81ef-b1b7d5bfa4d1 adb97ff98a81444a86830e8de97d6947 5a7b02ab22e94979b760bd9eea46d75d - - default default] 10.0.0.232 "DELETE /v2.0/security-groups/de062b6e-aacd-4380-9dda-1844dc0e3d53 HTTP/1.1" status: 204 len: 168 time: 0.2440591
2026-05-08 19:30:56.077 10 INFO neutron.api.wsgi [None req-eeac49ad-8504-4c24-ae6b-677d9df26860 7686dc9ccd2c4324a0f7f07060db365f 8ef0b9dd02e44565b6374680c2d55835 - - default default] 10.0.0.232 "POST /v2.0/routers HTTP/1.1" status: 201 len: 1135 time: 2.0855553
2026-05-08 19:30:56.249 9 INFO neutron.api.wsgi [None req-53cadcb2-6ca4-4ada-9944-7e4c575a3240 adb97ff98a81444a86830e8de97d6947 5a7b02ab22e94979b760bd9eea46d75d - - default default] 10.0.0.232 "GET /v2.0/security-groups?tenant_id=5377176e3cf34874b1841c19df49cbb8&name=default HTTP/1.1" status: 200 len: 3120 time: 0.0305963
2026-05-08 19:30:56.259 10 INFO neutron.api.wsgi [req-19d7e97b-6614-4b04-a1d9-90af5a6dd69b req-0fd3e36e-ca3d-4d13-a37c-f4b0af91b1c0 338d9a2aad8a40aea36fe679a88aefd7 de96782c10a54e56acb487cebde962e8 - - default default] 10.0.0.212 "GET /v2.0/ports?device_id=aa03b4d1-a8fa-49dd-8f15-1e006ce80df1 HTTP/1.1" status: 200 len: 1170 time: 0.0511634
2026-05-08 19:30:56.366 10 INFO neutron.api.wsgi [req-19d7e97b-6614-4b04-a1d9-90af5a6dd69b req-866d560f-6698-4ae5-a280-f224e66950e0 338d9a2aad8a40aea36fe679a88aefd7 de96782c10a54e56acb487cebde962e8 - - default default] 10.0.0.212 "GET /v2.0/security-groups?id=ab336854-1ebe-491b-be31-f4f8d7cf1729&fields=id&fields=name HTTP/1.1" status: 200 len: 313 time: 0.0943890
2026-05-08 19:30:56.451 9 INFO neutron.api.wsgi [None req-22629c27-1cb2-4e2f-86f8-6999e9461bd4 adb97ff98a81444a86830e8de97d6947 5a7b02ab22e94979b760bd9eea46d75d - - default default] 10.0.0.232 "DELETE /v2.0/security-groups/46af18e0-3d84-4699-9a24-301d30227800 HTTP/1.1" status: 204 len: 168 time: 0.1970906
2026-05-08 19:30:56.491 10 INFO neutron.api.wsgi [req-ab29c838-a893-450a-8ca9-c86e6f157032 req-e47038e7-0979-41bc-94d2-606c68a55262 338d9a2aad8a40aea36fe679a88aefd7 de96782c10a54e56acb487cebde962e8 - - default default] 10.0.0.212 "GET /v2.0/ports?device_id=aa03b4d1-a8fa-49dd-8f15-1e006ce80df1 HTTP/1.1" status: 200 len: 1170 time: 0.0646267
2026-05-08 19:30:56.568 10 INFO neutron.api.wsgi [req-ab29c838-a893-450a-8ca9-c86e6f157032 req-d1d29d13-9532-44cd-bd27-4de8c0f802cb 338d9a2aad8a40aea36fe679a88aefd7 de96782c10a54e56acb487cebde962e8 - - default default] 10.0.0.212 "GET /v2.0/security-groups?id=ab336854-1ebe-491b-be31-f4f8d7cf1729&fields=id&fields=name HTTP/1.1" status: 200 len: 313 time: 0.0682380
2026-05-08 19:30:56.618 10 INFO neutron.db.ovn_revision_numbers_db [None req-83958c5f-000c-4fea-9f6c-3ad6758d9a3c - - - - - -] Successfully bumped revision number for resource 19d5b099-fae1-4729-b2e0-4b1908ccd0b2 (type: ports) to 5
2026-05-08 19:30:56.649 10 INFO neutron.api.wsgi [None req-c8d498a9-f701-4919-8395-da8cdb7a6f58 5cc3484ae7ed49c997dce30dd2ba1330 6702afa77a6742508137450d396c7adc - - default default] 10.0.0.232 "GET /v2.0/ports?device_id=aa03b4d1-a8fa-49dd-8f15-1e006ce80df1 HTTP/1.1" status: 200 len: 1404 time: 0.0616572
2026-05-08 19:30:56.665 9 WARNING neutron_lib.context [None req-67c4c3b6-cb6c-4b59-9182-e0ecf05dd906 338d9a2aad8a40aea36fe679a88aefd7 de96782c10a54e56acb487cebde962e8 - - default default] Method 'is_advsvc' is deprecated since 2023.2 release (neutron-lib 3.8.0) and will be removed once support for the old RBAC API policies will be removed from Neutron. Please use method 'is_service_role' instead.
2026-05-08 19:30:56.824 10 INFO neutron.db.ovn_revision_numbers_db [None req-24655ab9-ed45-4cf3-bc88-5e9d0c4a42d0 adb97ff98a81444a86830e8de97d6947 5a7b02ab22e94979b760bd9eea46d75d - - default default] Successfully bumped revision number for resource 78d41c03-d864-465e-80dd-d1ab2e0e5b21 (type: ports) to 1
2026-05-08 19:30:56.864 9 WARNING neutron.scheduler.dhcp_agent_scheduler [None req-67c4c3b6-cb6c-4b59-9182-e0ecf05dd906 338d9a2aad8a40aea36fe679a88aefd7 de96782c10a54e56acb487cebde962e8 - - default default] No more DHCP agents
2026-05-08 19:30:56.866 9 WARNING neutron.api.rpc.agentnotifiers.dhcp_rpc_agent_api [None req-67c4c3b6-cb6c-4b59-9182-e0ecf05dd906 338d9a2aad8a40aea36fe679a88aefd7 de96782c10a54e56acb487cebde962e8 - - default default] Unable to schedule network 92c0e985-9aa3-4b7e-b6ba-53df644b79f4: no agents available; will retry on subsequent port and subnet creation events.
2026-05-08 19:30:56.888 10 WARNING neutron.scheduler.dhcp_agent_scheduler [None req-24655ab9-ed45-4cf3-bc88-5e9d0c4a42d0 adb97ff98a81444a86830e8de97d6947 5a7b02ab22e94979b760bd9eea46d75d - - default default] No more DHCP agents
2026-05-08 19:30:56.891 10 WARNING neutron.api.rpc.agentnotifiers.dhcp_rpc_agent_api [None req-24655ab9-ed45-4cf3-bc88-5e9d0c4a42d0 adb97ff98a81444a86830e8de97d6947 5a7b02ab22e94979b760bd9eea46d75d - - default default] Unable to schedule network 91c0c112-3c47-4b00-b0a9-63449ed5cc79: no agents available; will retry on subsequent port and subnet creation events.
2026-05-08 19:30:56.926 10 WARNING neutron.scheduler.dhcp_agent_scheduler [None req-e808602a-53a9-4a3d-a820-20c5430468f7 7686dc9ccd2c4324a0f7f07060db365f 8ef0b9dd02e44565b6374680c2d55835 - - default default] No more DHCP agents
2026-05-08 19:30:56.928 10 WARNING neutron.api.rpc.agentnotifiers.dhcp_rpc_agent_api [None req-e808602a-53a9-4a3d-a820-20c5430468f7 7686dc9ccd2c4324a0f7f07060db365f 8ef0b9dd02e44565b6374680c2d55835 - - default default] Unable to schedule network 43abb20b-3900-4fa6-86fb-6b4237b6bb90: no agents available; will retry on subsequent port and subnet creation events.
2026-05-08 19:30:57.089 10 INFO neutron.db.ovn_revision_numbers_db [None req-e808602a-53a9-4a3d-a820-20c5430468f7 7686dc9ccd2c4324a0f7f07060db365f 8ef0b9dd02e44565b6374680c2d55835 - - default default] Successfully bumped revision number for resource 1ed75faa-7b0f-4131-9dbf-6173e73ec7ae (type: ports) to 1
2026-05-08 19:30:57.809 9 INFO neutron.db.ovn_revision_numbers_db [None req-67c4c3b6-cb6c-4b59-9182-e0ecf05dd906 338d9a2aad8a40aea36fe679a88aefd7 de96782c10a54e56acb487cebde962e8 - - default default] Successfully bumped revision number for resource 3f2a5026-0adf-405a-ade6-a69fb1fb6b86 (type: floatingips) to -1
2026-05-08 19:30:57.920 9 INFO neutron.db.ovn_revision_numbers_db [None req-67c4c3b6-cb6c-4b59-9182-e0ecf05dd906 338d9a2aad8a40aea36fe679a88aefd7 de96782c10a54e56acb487cebde962e8 - - default default] Successfully bumped revision number for resource 3f2a5026-0adf-405a-ade6-a69fb1fb6b86 (type: floatingips) to 1
2026-05-08 19:30:57.920 9 INFO neutron.db.l3_db [None req-67c4c3b6-cb6c-4b59-9182-e0ecf05dd906 338d9a2aad8a40aea36fe679a88aefd7 de96782c10a54e56acb487cebde962e8 - - default default] Floating IP 3f2a5026-0adf-405a-ade6-a69fb1fb6b86 associated. External IP: 10.96.250.203, port: 190520f5-a9c8-4292-b92b-b2e534b6ae9f.
2026-05-08 19:30:57.957 9 INFO neutron.api.wsgi [None req-67c4c3b6-cb6c-4b59-9182-e0ecf05dd906 338d9a2aad8a40aea36fe679a88aefd7 de96782c10a54e56acb487cebde962e8 - - default default] 10.0.0.232 "POST /v2.0/floatingips HTTP/1.1" status: 201 len: 1054 time: 1.2990332
2026-05-08 19:30:57.992 9 INFO neutron.notifiers.nova [-] Nova event matching ['req-b9c91f3d-f6ba-4322-8976-baa8e988c0ee'] response: {'name': 'network-changed', 'server_uuid': 'aa03b4d1-a8fa-49dd-8f15-1e006ce80df1', 'tag': '190520f5-a9c8-4292-b92b-b2e534b6ae9f', 'status': 'completed', 'code': 200}
2026-05-08 19:30:58.025 9 INFO neutron.api.wsgi [None req-c142cac5-ef6a-417c-b686-a6ad50df9317 338d9a2aad8a40aea36fe679a88aefd7 de96782c10a54e56acb487cebde962e8 - - default default] 10.0.0.232 "GET /v2.0/floatingips/3f2a5026-0adf-405a-ade6-a69fb1fb6b86 HTTP/1.1" status: 200 len: 1051 time: 0.0618005
2026-05-08 19:30:58.070 10 INFO neutron.plugins.ml2.drivers.ovn.mech_driver.mech_driver [None req-b4643862-d859-4965-8b93-8380659a59c9 - - - - - -] OVN reports status up for port: 1ed75faa-7b0f-4131-9dbf-6173e73ec7ae
2026-05-08 19:30:58.079 10 INFO neutron.plugins.ml2.plugin [None req-b4643862-d859-4965-8b93-8380659a59c9 - - - - - -] Attempt 1 to provision port 1ed75faa-7b0f-4131-9dbf-6173e73ec7ae
2026-05-08 19:30:58.118 10 INFO neutron.db.ovn_revision_numbers_db [None req-e808602a-53a9-4a3d-a820-20c5430468f7 7686dc9ccd2c4324a0f7f07060db365f 8ef0b9dd02e44565b6374680c2d55835 - - default default] Successfully bumped revision number for resource 1ed75faa-7b0f-4131-9dbf-6173e73ec7ae (type: ports) to 1
2026-05-08 19:30:58.150 10 INFO neutron.db.ovn_revision_numbers_db [None req-24655ab9-ed45-4cf3-bc88-5e9d0c4a42d0 adb97ff98a81444a86830e8de97d6947 5a7b02ab22e94979b760bd9eea46d75d - - default default] Successfully bumped revision number for resource 78d41c03-d864-465e-80dd-d1ab2e0e5b21 (type: router_ports) to 1
2026-05-08 19:30:58.157 10 INFO neutron.api.wsgi [None req-24655ab9-ed45-4cf3-bc88-5e9d0c4a42d0 adb97ff98a81444a86830e8de97d6947 5a7b02ab22e94979b760bd9eea46d75d - - default default] 10.0.0.232 "PUT /v2.0/routers/d851f403-f222-4740-9e9c-4a074653ec19/add_router_interface HTTP/1.1" status: 200 len: 503 time: 3.6692564
2026-05-08 19:30:58.210 10 WARNING neutron.scheduler.dhcp_agent_scheduler [None req-e808602a-53a9-4a3d-a820-20c5430468f7 7686dc9ccd2c4324a0f7f07060db365f 8ef0b9dd02e44565b6374680c2d55835 - - default default] No more DHCP agents
2026-05-08 19:30:58.211 10 WARNING neutron.api.rpc.agentnotifiers.dhcp_rpc_agent_api [None req-e808602a-53a9-4a3d-a820-20c5430468f7 7686dc9ccd2c4324a0f7f07060db365f 8ef0b9dd02e44565b6374680c2d55835 - - default default] Unable to schedule network 43abb20b-3900-4fa6-86fb-6b4237b6bb90: no agents available; will retry on subsequent port and subnet creation events. /var/lib/openstack/lib/python3.12/site-packages/pycadf/identifier.py:71: UserWarning: Invalid uuid: neutron. To ensure interoperability, identifiers should be a valid uuid. warnings.warn(('Invalid uuid: %s. To ensure interoperability, '
2026-05-08 19:30:58.545 10 INFO neutron.api.wsgi [req-baa26637-d061-402a-bd4d-c43c22eb8689 req-1be2aba7-6d12-4a89-8017-db226057d575 85de8ff95b9347d9ae0110dc25057c9c 5797e5a055f342c092b3d99bea4bd5e6 - - 53ecfd3c19f44e4cbbdb025a05856ba3 53ecfd3c19f44e4cbbdb025a05856ba3] 199.204.45.78 "GET /v2.0/ports?tenant_id=de96782c10a54e56acb487cebde962e8&device_id=aa03b4d1-a8fa-49dd-8f15-1e006ce80df1 HTTP/1.1" status: 200 len: 1409 time: 0.0476649
2026-05-08 19:30:58.549 10 INFO neutron.db.ovn_revision_numbers_db [None req-b4643862-d859-4965-8b93-8380659a59c9 - - - - - -] Successfully bumped revision number for resource 1ed75faa-7b0f-4131-9dbf-6173e73ec7ae (type: ports) to 2
2026-05-08 19:30:58.655 10 INFO neutron.api.wsgi [req-baa26637-d061-402a-bd4d-c43c22eb8689 req-be890812-ea60-430b-955f-9ac8b1e63712 85de8ff95b9347d9ae0110dc25057c9c 5797e5a055f342c092b3d99bea4bd5e6 - - 53ecfd3c19f44e4cbbdb025a05856ba3 53ecfd3c19f44e4cbbdb025a05856ba3] 199.204.45.78 "GET /v2.0/networks?id=731cec31-2aed-4647-9361-83c35c188ec5 HTTP/1.1" status: 200 len: 957 time: 0.1036735
2026-05-08 19:30:58.691 10 INFO neutron.db.ovn_revision_numbers_db [None req-e808602a-53a9-4a3d-a820-20c5430468f7 7686dc9ccd2c4324a0f7f07060db365f 8ef0b9dd02e44565b6374680c2d55835 - - default default] Successfully bumped revision number for resource 1ed75faa-7b0f-4131-9dbf-6173e73ec7ae (type: router_ports) to 1
2026-05-08 19:30:58.697 10 INFO neutron.api.wsgi [None req-e808602a-53a9-4a3d-a820-20c5430468f7 7686dc9ccd2c4324a0f7f07060db365f 8ef0b9dd02e44565b6374680c2d55835 - - default default] 10.0.0.232 "PUT /v2.0/routers/64b8ba48-12e4-46f7-b6cc-9c58470f3673/add_router_interface HTTP/1.1" status: 200 len: 503 time: 2.6097643
2026-05-08 19:30:58.710 9 WARNING neutron_lib.context [None req-5fa22112-398b-4d99-b19c-70b5d27897ca 7686dc9ccd2c4324a0f7f07060db365f 8ef0b9dd02e44565b6374680c2d55835 - - default default] Method 'is_advsvc' is deprecated since 2023.2 release (neutron-lib 3.8.0) and will be removed once support for the old RBAC API policies will be removed from Neutron. Please use method 'is_service_role' instead.
2026-05-08 19:30:58.716 10 INFO neutron.api.wsgi [req-baa26637-d061-402a-bd4d-c43c22eb8689 req-0035b640-8a71-4625-ad00-21e0f4812a74 85de8ff95b9347d9ae0110dc25057c9c 5797e5a055f342c092b3d99bea4bd5e6 - - 53ecfd3c19f44e4cbbdb025a05856ba3 53ecfd3c19f44e4cbbdb025a05856ba3] 199.204.45.78 "GET /v2.0/floatingips?fixed_ip_address=10.100.0.5&port_id=190520f5-a9c8-4292-b92b-b2e534b6ae9f HTTP/1.1" status: 200 len: 1059 time: 0.0547750
2026-05-08 19:30:58.748 10 INFO neutron.api.wsgi [req-baa26637-d061-402a-bd4d-c43c22eb8689 req-a51993a3-30a8-409d-b14c-1e9084e253e5 85de8ff95b9347d9ae0110dc25057c9c 5797e5a055f342c092b3d99bea4bd5e6 - - 53ecfd3c19f44e4cbbdb025a05856ba3 53ecfd3c19f44e4cbbdb025a05856ba3] 199.204.45.78 "GET /v2.0/subnets?id=65574441-738b-4a4b-96ff-c9699fc0ac59 HTTP/1.1" status: 200 len: 877 time: 0.0260167
2026-05-08 19:30:58.764 10 INFO neutron.api.wsgi [req-baa26637-d061-402a-bd4d-c43c22eb8689 req-54e46a97-12cd-4663-8bc3-f34610b7f55a 85de8ff95b9347d9ae0110dc25057c9c 5797e5a055f342c092b3d99bea4bd5e6 - - 53ecfd3c19f44e4cbbdb025a05856ba3 53ecfd3c19f44e4cbbdb025a05856ba3] 199.204.45.78 "GET /v2.0/ports?network_id=731cec31-2aed-4647-9361-83c35c188ec5&device_owner=network%3Adhcp HTTP/1.1" status: 200 len: 210 time: 0.0124211
2026-05-08 19:30:58.800 10 INFO neutron.api.wsgi [req-baa26637-d061-402a-bd4d-c43c22eb8689 req-487a39d9-3e4e-42a4-a969-ee1f858d126e 85de8ff95b9347d9ae0110dc25057c9c 5797e5a055f342c092b3d99bea4bd5e6 - - 53ecfd3c19f44e4cbbdb025a05856ba3 53ecfd3c19f44e4cbbdb025a05856ba3] 199.204.45.78 "GET /v2.0/networks/731cec31-2aed-4647-9361-83c35c188ec5?fields=segments HTTP/1.1" status: 200 len: 212 time: 0.0306833
2026-05-08 19:30:58.844 10 INFO neutron.api.wsgi [req-baa26637-d061-402a-bd4d-c43c22eb8689 req-0077d339-0435-4772-a4d8-6037962ca6c2 85de8ff95b9347d9ae0110dc25057c9c 5797e5a055f342c092b3d99bea4bd5e6 - - 53ecfd3c19f44e4cbbdb025a05856ba3 53ecfd3c19f44e4cbbdb025a05856ba3] 199.204.45.78 "GET /v2.0/networks/731cec31-2aed-4647-9361-83c35c188ec5?fields=provider%3Aphysical_network&fields=provider%3Anetwork_type HTTP/1.1" status: 200 len: 277 time: 0.0395696
2026-05-08 19:30:59.246 9 WARNING neutron.scheduler.dhcp_agent_scheduler [None req-64bce913-7f31-491e-bf17-bd6bf10f23f2 - - - - - -] No more DHCP agents
2026-05-08 19:30:59.247 9 WARNING neutron.api.rpc.agentnotifiers.dhcp_rpc_agent_api [None req-64bce913-7f31-491e-bf17-bd6bf10f23f2 - - - - - -] Unable to schedule network 92c0e985-9aa3-4b7e-b6ba-53df644b79f4: no agents available; will retry on subsequent port and subnet creation events.
2026-05-08 19:30:59.371 9 INFO neutron.db.ovn_revision_numbers_db [None req-64bce913-7f31-491e-bf17-bd6bf10f23f2 - - - - - -] Successfully bumped revision number for resource 6e64cf7c-9c0b-4fea-b69c-9c3e275b0eca (type: ports) to 1
2026-05-08 19:30:59.542 9 INFO neutron.db.ovn_revision_numbers_db [None req-64bce913-7f31-491e-bf17-bd6bf10f23f2 - - - - - -] Successfully bumped revision number for resource 6e64cf7c-9c0b-4fea-b69c-9c3e275b0eca (type: ports) to 3
2026-05-08 19:30:59.606 9 INFO neutron.db.segments_db [None req-64bce913-7f31-491e-bf17-bd6bf10f23f2 - - - - - -] Added segment 13c048be-7d4a-46cc-b12c-f391c121139a of type geneve for network 79dbce81-741f-413e-963a-356d6cdd21c8
2026-05-08 19:30:59.723 9 INFO neutron.db.ovn_revision_numbers_db [None req-440451be-0331-43b0-9633-f4886a096985 - - - - - -] Successfully bumped revision number for resource 79dbce81-741f-413e-963a-356d6cdd21c8 (type: networks) to 1
2026-05-08 19:30:59.853 9 WARNING neutron.scheduler.dhcp_agent_scheduler [None req-440451be-0331-43b0-9633-f4886a096985 - - - - - -] No more DHCP agents
2026-05-08 19:30:59.854 9 WARNING neutron.api.rpc.agentnotifiers.dhcp_rpc_agent_api [None req-440451be-0331-43b0-9633-f4886a096985 - - - - - -] Unable to schedule network 79dbce81-741f-413e-963a-356d6cdd21c8: no agents available; will retry on subsequent port and subnet creation events.
2026-05-08 19:30:59.903 9 INFO neutron.db.ovn_revision_numbers_db [None req-440451be-0331-43b0-9633-f4886a096985 - - - - - -] Successfully bumped revision number for resource b3e6c3f2-c5e9-4cb4-afec-da2b4f04ef3a (type: ports) to 1
2026-05-08 19:31:00.012 9 WARNING neutron.scheduler.dhcp_agent_scheduler [None req-440451be-0331-43b0-9633-f4886a096985 - - - - - -] No more DHCP agents
2026-05-08 19:31:00.014 9 WARNING neutron.api.rpc.agentnotifiers.dhcp_rpc_agent_api [None req-440451be-0331-43b0-9633-f4886a096985 - - - - - -] Unable to schedule network 79dbce81-741f-413e-963a-356d6cdd21c8: no agents available; will retry on subsequent port and subnet creation events.
2026-05-08 19:31:00.038 9 INFO neutron.db.ovn_revision_numbers_db [None req-440451be-0331-43b0-9633-f4886a096985 - - - - - -] Successfully bumped revision number for resource 6efaa36a-915b-45b6-8e63-2e3a5baee1c6 (type: subnets) to 0
2026-05-08 19:31:00.400 9 WARNING neutron.scheduler.dhcp_agent_scheduler [None req-440451be-0331-43b0-9633-f4886a096985 - - - - - -] No more DHCP agents
2026-05-08 19:31:00.402 9 WARNING neutron.api.rpc.agentnotifiers.dhcp_rpc_agent_api [None req-440451be-0331-43b0-9633-f4886a096985 - - - - - -] Unable to schedule network 79dbce81-741f-413e-963a-356d6cdd21c8: no agents available; will retry on subsequent port and subnet creation events.
2026-05-08 19:31:00.517 10 INFO neutron.api.wsgi [req-13641614-f362-41bf-883f-15531f644daa req-6b32546d-8a24-4007-8a14-474ec74ebdd1 b2698ed6e88c4b20a795408c05201a30 4661cbbd28e84a378b7691dd6fc70f3b - - default default] 10.0.0.212 "GET /v2.0/networks?id=91c0c112-3c47-4b00-b0a9-63449ed5cc79 HTTP/1.1" status: 200 len: 871 time: 0.0550032
2026-05-08 19:31:00.522 9 INFO neutron.db.ovn_revision_numbers_db [None req-440451be-0331-43b0-9633-f4886a096985 - - - - - -] Successfully bumped revision number for resource 65e3850c-6adb-48af-bd65-f80c7ffb7ab2 (type: ports) to 1
2026-05-08 19:31:00.532 10 INFO neutron.api.wsgi [req-13641614-f362-41bf-883f-15531f644daa req-9efd7bd1-d65c-4c0a-ac3f-6d959b9dabb3 b2698ed6e88c4b20a795408c05201a30 4661cbbd28e84a378b7691dd6fc70f3b - - default default] 10.0.0.212 "GET /v2.0/quotas/4661cbbd28e84a378b7691dd6fc70f3b HTTP/1.1" status: 200 len: 491 time: 0.0088329
2026-05-08 19:31:00.606 10 INFO neutron.api.wsgi [req-13641614-f362-41bf-883f-15531f644daa req-d5c0d307-a390-4bf6-ab7b-2e8363ead33c b2698ed6e88c4b20a795408c05201a30 4661cbbd28e84a378b7691dd6fc70f3b - - default default] 10.0.0.212 "GET /v2.0/ports?tenant_id=4661cbbd28e84a378b7691dd6fc70f3b&fields=id HTTP/1.1" status: 200 len: 302 time: 0.0690973
2026-05-08 19:31:00.650 10 INFO neutron.api.wsgi [req-13641614-f362-41bf-883f-15531f644daa req-d355c2ee-cd82-4980-9ba9-9a11adf49090 85de8ff95b9347d9ae0110dc25057c9c 5797e5a055f342c092b3d99bea4bd5e6 - - 53ecfd3c19f44e4cbbdb025a05856ba3 53ecfd3c19f44e4cbbdb025a05856ba3] 10.0.0.212 "GET /v2.0/networks/91c0c112-3c47-4b00-b0a9-63449ed5cc79?fields=segments HTTP/1.1" status: 200 len: 212 time: 0.0359278
2026-05-08 19:31:00.688 9 WARNING neutron_lib.context [None req-0cd08121-af13-4a54-9437-25f60386a0bd b10a2c68ea31488faa7dc55a9722543a b179a99d864d479b920d0439b15c2614 - - default default] Method 'is_advsvc' is deprecated since 2023.2 release (neutron-lib 3.8.0) and will be removed once support for the old RBAC API policies will be removed from Neutron. Please use method 'is_service_role' instead.
2026-05-08 19:31:00.693 10 INFO neutron.api.wsgi [req-13641614-f362-41bf-883f-15531f644daa req-d089bb8c-a9a5-451a-82d2-acf0beba371e 85de8ff95b9347d9ae0110dc25057c9c 5797e5a055f342c092b3d99bea4bd5e6 - - 53ecfd3c19f44e4cbbdb025a05856ba3 53ecfd3c19f44e4cbbdb025a05856ba3] 10.0.0.212 "GET /v2.0/networks/91c0c112-3c47-4b00-b0a9-63449ed5cc79?fields=provider%3Aphysical_network&fields=provider%3Anetwork_type HTTP/1.1" status: 200 len: 277 time: 0.0373507
2026-05-08 19:31:00.819 10 INFO neutron.api.wsgi [req-7ebf141e-ac61-483d-a1d0-82b1488df452 req-545778fa-2d68-4f4d-94aa-a10eead19a2d b2698ed6e88c4b20a795408c05201a30 4661cbbd28e84a378b7691dd6fc70f3b - - default default] 10.0.0.212 "GET /v2.0/ports?device_id=28172039-c64c-40e6-bb32-abd375aefd65 HTTP/1.1" status: 200 len: 210 time: 0.0146353
2026-05-08 19:31:00.832 9 INFO neutron.db.ovn_revision_numbers_db [None req-0cd08121-af13-4a54-9437-25f60386a0bd b10a2c68ea31488faa7dc55a9722543a b179a99d864d479b920d0439b15c2614 - - default default] Successfully bumped revision number for resource a9c1fde4-9eab-44eb-8aac-e258a63edf1e (type: security_groups) to 1
2026-05-08 19:31:00.864 9 INFO neutron.db.ovn_revision_numbers_db [None req-0cd08121-af13-4a54-9437-25f60386a0bd b10a2c68ea31488faa7dc55a9722543a b179a99d864d479b920d0439b15c2614 - - default default] Successfully bumped revision number for resource 49f3f208-54a2-4ae7-9fb3-02af0f1acb04 (type: security_group_rules) to 0
2026-05-08 19:31:00.878 9 INFO neutron.db.ovn_revision_numbers_db [None req-0cd08121-af13-4a54-9437-25f60386a0bd b10a2c68ea31488faa7dc55a9722543a b179a99d864d479b920d0439b15c2614 - - default default] Successfully bumped revision number for resource 6b3eb948-3e30-42e6-b8bd-0e886c121005 (type: security_group_rules) to 0
2026-05-08 19:31:00.894 9 INFO neutron.db.ovn_revision_numbers_db [None req-0cd08121-af13-4a54-9437-25f60386a0bd b10a2c68ea31488faa7dc55a9722543a b179a99d864d479b920d0439b15c2614 - - default default] Successfully bumped revision number for resource 73ff04cb-48dd-4e4f-9cf6-055b9410d29e (type: security_group_rules) to 0
2026-05-08 19:31:00.908 9 INFO neutron.db.ovn_revision_numbers_db [None req-0cd08121-af13-4a54-9437-25f60386a0bd b10a2c68ea31488faa7dc55a9722543a b179a99d864d479b920d0439b15c2614 - - default default] Successfully bumped revision number for resource 8c576cf1-98b6-4ea1-96ba-5cdc71afe38c (type: security_group_rules) to 0
2026-05-08 19:31:00.985 9 INFO neutron.db.segments_db [None req-0cd08121-af13-4a54-9437-25f60386a0bd b10a2c68ea31488faa7dc55a9722543a b179a99d864d479b920d0439b15c2614 - - default default] Added segment a7f6145d-5c92-4b04-b8b7-f517cb5f851a of type geneve for network 309336d9-fc16-4c86-8533-eaa0de5ab827
2026-05-08 19:31:01.102 9 INFO neutron.db.ovn_revision_numbers_db [None req-440451be-0331-43b0-9633-f4886a096985 - - - - - -] Successfully bumped revision number for resource 65e3850c-6adb-48af-bd65-f80c7ffb7ab2 (type: ports) to 1
2026-05-08 19:31:01.109 9 INFO neutron.db.ovn_revision_numbers_db [None req-0cd08121-af13-4a54-9437-25f60386a0bd b10a2c68ea31488faa7dc55a9722543a b179a99d864d479b920d0439b15c2614 - - default default] Successfully bumped revision number for resource 309336d9-fc16-4c86-8533-eaa0de5ab827 (type: networks) to 1
2026-05-08 19:31:01.157 9 WARNING neutron.scheduler.dhcp_agent_scheduler [None req-440451be-0331-43b0-9633-f4886a096985 - - - - - -] No more DHCP agents
2026-05-08 19:31:01.160 9 WARNING neutron.api.rpc.agentnotifiers.dhcp_rpc_agent_api [None req-440451be-0331-43b0-9633-f4886a096985 - - - - - -] Unable to schedule network 79dbce81-741f-413e-963a-356d6cdd21c8: no agents available; will retry on subsequent port and subnet creation events.
2026-05-08 19:31:01.293 9 WARNING neutron.scheduler.dhcp_agent_scheduler [None req-0cd08121-af13-4a54-9437-25f60386a0bd b10a2c68ea31488faa7dc55a9722543a b179a99d864d479b920d0439b15c2614 - - default default] No more DHCP agents
2026-05-08 19:31:01.297 9 WARNING neutron.api.rpc.agentnotifiers.dhcp_rpc_agent_api [None req-0cd08121-af13-4a54-9437-25f60386a0bd b10a2c68ea31488faa7dc55a9722543a b179a99d864d479b920d0439b15c2614 - - default default] Unable to schedule network 309336d9-fc16-4c86-8533-eaa0de5ab827: no agents available; will retry on subsequent port and subnet creation events.
2026-05-08 19:31:01.367 9 INFO neutron.db.ovn_revision_numbers_db [None req-0cd08121-af13-4a54-9437-25f60386a0bd b10a2c68ea31488faa7dc55a9722543a b179a99d864d479b920d0439b15c2614 - - default default] Successfully bumped revision number for resource 1f120958-8db6-4bc0-b479-08aa9f66b779 (type: ports) to 1
2026-05-08 19:31:01.388 9 INFO neutron.api.wsgi [None req-0cd08121-af13-4a54-9437-25f60386a0bd b10a2c68ea31488faa7dc55a9722543a b179a99d864d479b920d0439b15c2614 - - default default] 10.0.0.232 "POST /v2.0/networks HTTP/1.1" status: 201 len: 831 time: 0.8194568
2026-05-08 19:31:01.400 10 WARNING neutron_lib.context [None req-2c599e25-6fdf-44be-90e6-718c3dfc45c1 b10a2c68ea31488faa7dc55a9722543a b179a99d864d479b920d0439b15c2614 - - default default] Method 'is_advsvc' is deprecated since 2023.2 release (neutron-lib 3.8.0) and will be removed once support for the old RBAC API policies will be removed from Neutron. Please use method 'is_service_role' instead.
2026-05-08 19:31:01.501 9 WARNING neutron.plugins.ml2.drivers.ovn.mech_driver.ovsdb.ovn_client [None req-51c07d35-db73-4eb7-8c84-eaad9d28e156 - - - - - -] No hosting information found for port bf967f55-ff6b-49c1-9be8-eb10cd8f93c4: RuntimeError: No hosting information found for port bf967f55-ff6b-49c1-9be8-eb10cd8f93c4
2026-05-08 19:31:01.501 9 INFO neutron.plugins.ml2.drivers.ovn.mech_driver.mech_driver [None req-51c07d35-db73-4eb7-8c84-eaad9d28e156 - - - - - -] OVN reports status up for port: 78d41c03-d864-465e-80dd-d1ab2e0e5b21
2026-05-08 19:31:01.514 9 INFO neutron.plugins.ml2.plugin [None req-51c07d35-db73-4eb7-8c84-eaad9d28e156 - - - - - -] Attempt 1 to provision port 78d41c03-d864-465e-80dd-d1ab2e0e5b21
