2026-05-08 19:28:01.485 9 INFO neutron.api.wsgi [None req-389a619f-1f58-48f7-9b53-3324783afa86 2c78819d01bf4a808442f730b32a06ba 278aeb4b2f0f4b1282efe846aa1d41a2 - - default default] 10.0.0.232 "POST /v2.0/security-group-rules HTTP/1.1" status: 201 len: 801 time: 0.1984377
2026-05-08 19:28:01.495 10 WARNING neutron_lib.context [None req-15174a46-bff6-4b72-8748-9692e64039e9 2c78819d01bf4a808442f730b32a06ba 278aeb4b2f0f4b1282efe846aa1d41a2 - - default default] Method 'is_advsvc' is deprecated since 2023.2 release (neutron-lib 3.8.0) and will be removed once support for the old RBAC API policies will be removed from Neutron. Please use method 'is_service_role' instead.
2026-05-08 19:28:01.510 10 INFO neutron.db.ovn_revision_numbers_db [None req-44c32905-8afc-455b-953f-342393396b80 adb97ff98a81444a86830e8de97d6947 5a7b02ab22e94979b760bd9eea46d75d - - default default] Successfully bumped revision number for resource 3c706c51-53ac-4a69-9b90-178e3e586b41 (type: router_ports) to 1
2026-05-08 19:28:01.519 10 INFO neutron.api.wsgi [None req-44c32905-8afc-455b-953f-342393396b80 adb97ff98a81444a86830e8de97d6947 5a7b02ab22e94979b760bd9eea46d75d - - default default] 10.0.0.232 "PUT /v2.0/routers/6aacc96e-3b81-44b2-915d-34d7500cf1fb/add_router_interface HTTP/1.1" status: 200 len: 503 time: 3.6215649
2026-05-08 19:28:01.570 9 INFO neutron.plugins.ml2.drivers.ovn.mech_driver.ovsdb.commands [None req-807b7a76-6dbd-4825-8400-f580d384af34 - - - - - -] Schedule LRP lrp-246d39c4-3f5f-4d03-81b4-9857788803ec on gateway e5046f53-94f6-41a2-8ca0-4509bf8dd4b5 with priority 1
2026-05-08 19:28:01.605 9 INFO neutron.plugins.ml2.drivers.ovn.mech_driver.ovsdb.ovsdb_monitor [None req-19fe5703-9e95-4c7d-a778-a356b1ff0ecd - - - - - -] Router 8a005294-2ad4-4e0c-87bb-e744541a5ac3 is bound to host instance
2026-05-08 19:28:01.612 9 INFO neutron.db.ovn_revision_numbers_db [None req-357e762e-f62b-46c0-a284-cbfe1954a8a2 adb97ff98a81444a86830e8de97d6947 5a7b02ab22e94979b760bd9eea46d75d - - default default] Successfully bumped revision number for resource 246d39c4-3f5f-4d03-81b4-9857788803ec (type: router_ports) to 1
2026-05-08 19:28:01.677 10 INFO neutron.db.ovn_revision_numbers_db [None req-227f9972-2916-4c9a-b1eb-43d958400c62 - - - - - -] Successfully bumped revision number for resource 71803830-a3d0-47e4-88cc-3bdd71bc6ab3 (type: ports) to 2
2026-05-08 19:28:01.684 9 INFO neutron.db.ovn_revision_numbers_db [None req-357e762e-f62b-46c0-a284-cbfe1954a8a2 adb97ff98a81444a86830e8de97d6947 5a7b02ab22e94979b760bd9eea46d75d - - default default] Successfully bumped revision number for resource 8a005294-2ad4-4e0c-87bb-e744541a5ac3 (type: routers) to 2
2026-05-08 19:28:01.697 9 INFO neutron.api.wsgi [None req-357e762e-f62b-46c0-a284-cbfe1954a8a2 adb97ff98a81444a86830e8de97d6947 5a7b02ab22e94979b760bd9eea46d75d - - default default] 10.0.0.232 "POST /v2.0/routers HTTP/1.1" status: 201 len: 1172 time: 1.2180755
2026-05-08 19:28:01.803 10 INFO neutron.db.ovn_revision_numbers_db [None req-d21be5c8-7ce0-4d47-bef5-918a09efb95e - - - - - -] Successfully bumped revision number for resource 9c2b220f-235d-4199-8aab-15da9d8fc9be (type: ports) to 5
2026-05-08 19:28:01.804 10 WARNING neutron.scheduler.dhcp_agent_scheduler [None req-15174a46-bff6-4b72-8748-9692e64039e9 2c78819d01bf4a808442f730b32a06ba 278aeb4b2f0f4b1282efe846aa1d41a2 - - default default] No more DHCP agents
2026-05-08 19:28:01.805 10 WARNING neutron.api.rpc.agentnotifiers.dhcp_rpc_agent_api [None req-15174a46-bff6-4b72-8748-9692e64039e9 2c78819d01bf4a808442f730b32a06ba 278aeb4b2f0f4b1282efe846aa1d41a2 - - default default] Unable to schedule network 92c0e985-9aa3-4b7e-b6ba-53df644b79f4: no agents available; will retry on subsequent port and subnet creation events.
2026-05-08 19:28:02.065 9 INFO neutron.db.ovn_revision_numbers_db [None req-0213d71a-1d8b-423b-883a-982d89d5e0e5 - - - - - -] Successfully bumped revision number for resource 246d39c4-3f5f-4d03-81b4-9857788803ec (type: ports) to 1
2026-05-08 19:28:02.081 10 INFO neutron.api.wsgi [None req-15174a46-bff6-4b72-8748-9692e64039e9 2c78819d01bf4a808442f730b32a06ba 278aeb4b2f0f4b1282efe846aa1d41a2 - - default default] 10.0.0.232 "POST /v2.0/floatingips HTTP/1.1" status: 201 len: 751 time: 0.5899127
2026-05-08 19:28:02.291 9 WARNING neutron.scheduler.dhcp_agent_scheduler [None req-c1b4d24f-8661-49d4-b175-a36b3ce23cba adb97ff98a81444a86830e8de97d6947 5a7b02ab22e94979b760bd9eea46d75d - - default default] No more DHCP agents
2026-05-08 19:28:02.293 9 WARNING neutron.api.rpc.agentnotifiers.dhcp_rpc_agent_api [None req-c1b4d24f-8661-49d4-b175-a36b3ce23cba adb97ff98a81444a86830e8de97d6947 5a7b02ab22e94979b760bd9eea46d75d - - default default] Unable to schedule network cffbfc7c-1c7d-4b98-ac1f-aa71cfe0cfdd: no agents available; will retry on subsequent port and subnet creation events.
2026-05-08 19:28:02.316 10 WARNING neutron_lib.context [req-f6b8d62d-fd38-46df-b80b-47ad37baa293 req-86b020ce-e22e-4daf-b2a7-a5d976c9d17a 056254a93b67497992a0ef41b57904e8 a543085ef9964940811d388796fb6e8d - - default default] Method 'is_advsvc' is deprecated since 2023.2 release (neutron-lib 3.8.0) and will be removed once support for the old RBAC API policies will be removed from Neutron. Please use method 'is_service_role' instead.
2026-05-08 19:28:02.326 10 WARNING neutron_lib.context [req-264b6ef2-2179-4466-964d-c034f1c288f9 req-93f4b817-b6a7-42cc-b84b-49ec240c97e5 4421f931360b4f059d5f9adffecbb99a 67007b8288ca45a695aa4eef19584dd8 - - default default] Method 'is_advsvc' is deprecated since 2023.2 release (neutron-lib 3.8.0) and will be removed once support for the old RBAC API policies will be removed from Neutron. Please use method 'is_service_role' instead.
2026-05-08 19:28:02.407 9 INFO neutron.db.ovn_revision_numbers_db [None req-c1b4d24f-8661-49d4-b175-a36b3ce23cba adb97ff98a81444a86830e8de97d6947 5a7b02ab22e94979b760bd9eea46d75d - - default default] Successfully bumped revision number for resource b7d386fe-e0e1-4fba-9fe4-30fe1cdb72b0 (type: ports) to 1
2026-05-08 19:28:02.469 10 INFO neutron.db.ovn_revision_numbers_db [req-f6b8d62d-fd38-46df-b80b-47ad37baa293 req-86b020ce-e22e-4daf-b2a7-a5d976c9d17a 056254a93b67497992a0ef41b57904e8 a543085ef9964940811d388796fb6e8d - - default default] Successfully bumped revision number for resource 4695505c-fa4a-4c77-85bf-883f78556a80 (type: security_groups) to 1
2026-05-08 19:28:02.471 10 INFO neutron.db.ovn_revision_numbers_db [req-264b6ef2-2179-4466-964d-c034f1c288f9 req-93f4b817-b6a7-42cc-b84b-49ec240c97e5 4421f931360b4f059d5f9adffecbb99a 67007b8288ca45a695aa4eef19584dd8 - - default default] Successfully bumped revision number for resource c7f4eed9-95ef-4338-82f2-55e913c5aa1c (type: security_groups) to 1
2026-05-08 19:28:02.481 10 INFO neutron.db.ovn_revision_numbers_db [req-f6b8d62d-fd38-46df-b80b-47ad37baa293 req-86b020ce-e22e-4daf-b2a7-a5d976c9d17a 056254a93b67497992a0ef41b57904e8 a543085ef9964940811d388796fb6e8d - - default default] Successfully bumped revision number for resource 0af68804-a646-4a50-a52d-03d9fb16873a (type: security_group_rules) to 0
2026-05-08 19:28:02.485 10 INFO neutron.db.ovn_revision_numbers_db [req-264b6ef2-2179-4466-964d-c034f1c288f9 req-93f4b817-b6a7-42cc-b84b-49ec240c97e5 4421f931360b4f059d5f9adffecbb99a 67007b8288ca45a695aa4eef19584dd8 - - default default] Successfully bumped revision number for resource 54e42733-edd7-490f-8ae6-2b46cbbf8781 (type: security_group_rules) to 0
2026-05-08 19:28:02.492 10 INFO neutron.db.ovn_revision_numbers_db [req-f6b8d62d-fd38-46df-b80b-47ad37baa293 req-86b020ce-e22e-4daf-b2a7-a5d976c9d17a 056254a93b67497992a0ef41b57904e8 a543085ef9964940811d388796fb6e8d - - default default] Successfully bumped revision number for resource 672d7f06-c436-440f-86f9-43921f5bf135 (type: security_group_rules) to 0
2026-05-08 19:28:02.500 10 INFO neutron.db.ovn_revision_numbers_db [req-264b6ef2-2179-4466-964d-c034f1c288f9 req-93f4b817-b6a7-42cc-b84b-49ec240c97e5 4421f931360b4f059d5f9adffecbb99a 67007b8288ca45a695aa4eef19584dd8 - - default default] Successfully bumped revision number for resource dce87e44-1e9d-43d2-ad8b-a04f25a37876 (type: security_group_rules) to 0
2026-05-08 19:28:02.521 9 INFO neutron.db.ovn_revision_numbers_db [None req-0213d71a-1d8b-423b-883a-982d89d5e0e5 - - - - - -] Successfully bumped revision number for resource 246d39c4-3f5f-4d03-81b4-9857788803ec (type: ports) to 4
2026-05-08 19:28:02.535 10 INFO neutron.api.wsgi [req-f6b8d62d-fd38-46df-b80b-47ad37baa293 req-86b020ce-e22e-4daf-b2a7-a5d976c9d17a 056254a93b67497992a0ef41b57904e8 a543085ef9964940811d388796fb6e8d - - default default] 10.0.0.212 "POST /v2.0/security-groups HTTP/1.1" status: 201 len: 1887 time: 0.2916236
2026-05-08 19:28:02.558 10 INFO neutron.api.wsgi [req-264b6ef2-2179-4466-964d-c034f1c288f9 req-93f4b817-b6a7-42cc-b84b-49ec240c97e5 4421f931360b4f059d5f9adffecbb99a 67007b8288ca45a695aa4eef19584dd8 - - default default] 10.0.0.212 "POST /v2.0/security-groups HTTP/1.1" status: 201 len: 1891 time: 0.2650678
2026-05-08 19:28:02.580 10 WARNING neutron_lib.context [req-af7ee90a-02d1-49e8-9607-5a4a06cf5b50 req-d7e5abd4-8ad4-4bf9-b321-ac5a4ca802c4 056254a93b67497992a0ef41b57904e8 a543085ef9964940811d388796fb6e8d - - default default] Method 'is_advsvc' is deprecated since 2023.2 release (neutron-lib 3.8.0) and will be removed once support for the old RBAC API policies will be removed from Neutron. Please use method 'is_service_role' instead.
2026-05-08 19:28:02.684 10 INFO neutron.api.wsgi [req-e0670d77-902f-4d2a-8462-69fe3d4ce93d req-c4616d6e-2409-486e-9ffc-ee71d7a5df27 2c78819d01bf4a808442f730b32a06ba 278aeb4b2f0f4b1282efe846aa1d41a2 - - default default] 10.0.0.212 "GET /v2.0/security-groups?name=tempest-securitygroup--857613824&fields=id&tenant_id=278aeb4b2f0f4b1282efe846aa1d41a2 HTTP/1.1" status: 200 len: 267 time: 0.0633712
2026-05-08 19:28:02.863 10 INFO neutron.api.wsgi [req-e0670d77-902f-4d2a-8462-69fe3d4ce93d req-6aa0cf07-0118-4b10-b519-b869e32ce785 2c78819d01bf4a808442f730b32a06ba 278aeb4b2f0f4b1282efe846aa1d41a2 - - default default] 10.0.0.212 "GET /v2.0/networks?id=53290fb0-ed43-4402-a87c-3b0319bd83c2 HTTP/1.1" status: 200 len: 875 time: 0.1737473
2026-05-08 19:28:02.864 10 INFO neutron.db.ovn_revision_numbers_db [req-af7ee90a-02d1-49e8-9607-5a4a06cf5b50 req-d7e5abd4-8ad4-4bf9-b321-ac5a4ca802c4 056254a93b67497992a0ef41b57904e8 a543085ef9964940811d388796fb6e8d - - default default] Successfully bumped revision number for resource 14d81ea1-1011-4e1e-8171-1e063301d949 (type: security_groups) to 1
2026-05-08 19:28:02.878 10 INFO neutron.db.ovn_revision_numbers_db [req-af7ee90a-02d1-49e8-9607-5a4a06cf5b50 req-d7e5abd4-8ad4-4bf9-b321-ac5a4ca802c4 056254a93b67497992a0ef41b57904e8 a543085ef9964940811d388796fb6e8d - - default default] Successfully bumped revision number for resource 21f6b667-c948-4c41-8724-cb21d5259e94 (type: security_group_rules) to 0
2026-05-08 19:28:02.881 10 INFO neutron.api.wsgi [req-e0670d77-902f-4d2a-8462-69fe3d4ce93d req-77f24906-f089-4aa1-ae20-a9b251ed2368 2c78819d01bf4a808442f730b32a06ba 278aeb4b2f0f4b1282efe846aa1d41a2 - - default default] 10.0.0.212 "GET /v2.0/quotas/278aeb4b2f0f4b1282efe846aa1d41a2 HTTP/1.1" status: 200 len: 491 time: 0.0091338
2026-05-08 19:28:02.893 9 INFO neutron.db.ovn_revision_numbers_db [None req-0213d71a-1d8b-423b-883a-982d89d5e0e5 - - - - - -] Successfully bumped revision number for resource 246d39c4-3f5f-4d03-81b4-9857788803ec (type: ports) to 5
2026-05-08 19:28:02.903 10 INFO neutron.db.ovn_revision_numbers_db [req-af7ee90a-02d1-49e8-9607-5a4a06cf5b50 req-d7e5abd4-8ad4-4bf9-b321-ac5a4ca802c4 056254a93b67497992a0ef41b57904e8 a543085ef9964940811d388796fb6e8d - - default default] Successfully bumped revision number for resource 35c14f43-b579-45c3-957c-2dcd47de7ecb (type: security_group_rules) to 0
2026-05-08 19:28:02.947 10 INFO neutron.api.wsgi [req-af7ee90a-02d1-49e8-9607-5a4a06cf5b50 req-d7e5abd4-8ad4-4bf9-b321-ac5a4ca802c4 056254a93b67497992a0ef41b57904e8 a543085ef9964940811d388796fb6e8d - - default default] 10.0.0.212 "POST /v2.0/security-groups HTTP/1.1" status: 201 len: 1887 time: 0.3740551
2026-05-08 19:28:02.991 10 INFO neutron.api.wsgi [req-e0670d77-902f-4d2a-8462-69fe3d4ce93d req-29b08cb8-b787-4332-9c3c-08ec2e15e1dd 2c78819d01bf4a808442f730b32a06ba 278aeb4b2f0f4b1282efe846aa1d41a2 - - default default] 10.0.0.212 "GET /v2.0/ports?tenant_id=278aeb4b2f0f4b1282efe846aa1d41a2&fields=id HTTP/1.1" status: 200 len: 302 time: 0.1060469
2026-05-08 19:28:02.997 10 INFO neutron.api.wsgi [req-eda338ec-17ce-4259-9b80-bac422145ded req-0916a812-272c-421e-b975-c2ea403542ac 4421f931360b4f059d5f9adffecbb99a 67007b8288ca45a695aa4eef19584dd8 - - default default] 10.0.0.212 "GET /v2.0/security-groups/c7f4eed9-95ef-4338-82f2-55e913c5aa1c HTTP/1.1" status: 200 len: 1886 time: 0.0350616
2026-05-08 19:28:03.010 10 WARNING neutron_lib.context [req-eda338ec-17ce-4259-9b80-bac422145ded req-2469a7da-d02c-4869-ad96-6910999d081b 4421f931360b4f059d5f9adffecbb99a 67007b8288ca45a695aa4eef19584dd8 - - default default] Method 'is_advsvc' is deprecated since 2023.2 release (neutron-lib 3.8.0) and will be removed once support for the old RBAC API policies will be removed from Neutron. Please use method 'is_service_role' instead.
2026-05-08 19:28:03.015 9 INFO neutron.db.ovn_revision_numbers_db [None req-c1b4d24f-8661-49d4-b175-a36b3ce23cba adb97ff98a81444a86830e8de97d6947 5a7b02ab22e94979b760bd9eea46d75d - - default default] Successfully bumped revision number for resource b7d386fe-e0e1-4fba-9fe4-30fe1cdb72b0 (type: ports) to 1
2026-05-08 19:28:03.066 9 WARNING neutron.scheduler.dhcp_agent_scheduler [None req-c1b4d24f-8661-49d4-b175-a36b3ce23cba adb97ff98a81444a86830e8de97d6947 5a7b02ab22e94979b760bd9eea46d75d - - default default] No more DHCP agents
2026-05-08 19:28:03.067 9 WARNING neutron.api.rpc.agentnotifiers.dhcp_rpc_agent_api [None req-c1b4d24f-8661-49d4-b175-a36b3ce23cba adb97ff98a81444a86830e8de97d6947 5a7b02ab22e94979b760bd9eea46d75d - - default default] Unable to schedule network cffbfc7c-1c7d-4b98-ac1f-aa71cfe0cfdd: no agents available; will retry on subsequent port and subnet creation events.
2026-05-08 19:28:03.126 10 INFO neutron.db.ovn_revision_numbers_db [req-eda338ec-17ce-4259-9b80-bac422145ded req-2469a7da-d02c-4869-ad96-6910999d081b 4421f931360b4f059d5f9adffecbb99a 67007b8288ca45a695aa4eef19584dd8 - - default default] Successfully bumped revision number for resource b83f6556-d3ef-4632-ad27-313b18f0444d (type: security_group_rules) to 0
2026-05-08 19:28:03.154 10 INFO neutron.api.wsgi [req-eda338ec-17ce-4259-9b80-bac422145ded req-2469a7da-d02c-4869-ad96-6910999d081b 4421f931360b4f059d5f9adffecbb99a 67007b8288ca45a695aa4eef19584dd8 - - default default] 10.0.0.212 "POST /v2.0/security-group-rules HTTP/1.1" status: 201 len: 818 time: 0.1505497
2026-05-08 19:28:03.186 10 WARNING neutron_lib.context [req-accbe805-601b-4627-ae3d-2e80293116bd req-75794450-6f0d-4051-b43a-23110c8d783b 056254a93b67497992a0ef41b57904e8 a543085ef9964940811d388796fb6e8d - - default default] Method 'is_advsvc' is deprecated since 2023.2 release (neutron-lib 3.8.0) and will be removed once support for the old RBAC API policies will be removed from Neutron. Please use method 'is_service_role' instead.
2026-05-08 19:28:03.284 10 INFO neutron.db.ovn_revision_numbers_db [req-accbe805-601b-4627-ae3d-2e80293116bd req-75794450-6f0d-4051-b43a-23110c8d783b 056254a93b67497992a0ef41b57904e8 a543085ef9964940811d388796fb6e8d - - default default] Successfully bumped revision number for resource 406530eb-0a3a-4618-9ea1-a4c767178903 (type: security_groups) to 1
2026-05-08 19:28:03.297 10 INFO neutron.db.ovn_revision_numbers_db [req-accbe805-601b-4627-ae3d-2e80293116bd req-75794450-6f0d-4051-b43a-23110c8d783b 056254a93b67497992a0ef41b57904e8 a543085ef9964940811d388796fb6e8d - - default default] Successfully bumped revision number for resource 22b63143-3461-4bd4-a02f-a875f556ab1b (type: security_group_rules) to 0
2026-05-08 19:28:03.308 10 INFO neutron.db.ovn_revision_numbers_db [req-accbe805-601b-4627-ae3d-2e80293116bd req-75794450-6f0d-4051-b43a-23110c8d783b 056254a93b67497992a0ef41b57904e8 a543085ef9964940811d388796fb6e8d - - default default] Successfully bumped revision number for resource 83377815-df3d-4276-9ebc-ebc0ac0a0119 (type: security_group_rules) to 0
2026-05-08 19:28:03.338 10 INFO neutron.api.wsgi [req-accbe805-601b-4627-ae3d-2e80293116bd req-75794450-6f0d-4051-b43a-23110c8d783b 056254a93b67497992a0ef41b57904e8 a543085ef9964940811d388796fb6e8d - - default default] 10.0.0.212 "POST /v2.0/security-groups HTTP/1.1" status: 201 len: 1886 time: 0.1580565
2026-05-08 19:28:03.355 10 WARNING neutron_lib.context [req-e16026ef-5c2c-4fd9-adc1-2e6461d02499 req-cc43348a-ecdc-4ca3-b2c5-2e8eabec6545 4421f931360b4f059d5f9adffecbb99a 67007b8288ca45a695aa4eef19584dd8 - - default default] Method 'is_advsvc' is deprecated since 2023.2 release (neutron-lib 3.8.0) and will be removed once support for the old RBAC API policies will be removed from Neutron. Please use method 'is_service_role' instead.
2026-05-08 19:28:03.368 10 INFO neutron.api.wsgi [req-e0670d77-902f-4d2a-8462-69fe3d4ce93d req-355e24d5-e2a3-42d8-9f77-2d8228ae9aff 85de8ff95b9347d9ae0110dc25057c9c 5797e5a055f342c092b3d99bea4bd5e6 - - 53ecfd3c19f44e4cbbdb025a05856ba3 53ecfd3c19f44e4cbbdb025a05856ba3] 10.0.0.212 "GET /v2.0/extensions HTTP/1.1" status: 200 len: 19298 time: 0.0350177
2026-05-08 19:28:03.419 10 INFO neutron.api.wsgi [req-e0670d77-902f-4d2a-8462-69fe3d4ce93d req-0c4eeb59-c7bc-47d9-8060-a79d2748651f 85de8ff95b9347d9ae0110dc25057c9c 5797e5a055f342c092b3d99bea4bd5e6 - - 53ecfd3c19f44e4cbbdb025a05856ba3 53ecfd3c19f44e4cbbdb025a05856ba3] 10.0.0.212 "GET /v2.0/networks/53290fb0-ed43-4402-a87c-3b0319bd83c2?fields=segments HTTP/1.1" status: 200 len: 212 time: 0.0420649
2026-05-08 19:28:03.470 10 INFO neutron.api.wsgi [req-e0670d77-902f-4d2a-8462-69fe3d4ce93d req-57f88c1b-4e3b-46c4-aaeb-8b109a6e16aa 85de8ff95b9347d9ae0110dc25057c9c 5797e5a055f342c092b3d99bea4bd5e6 - - 53ecfd3c19f44e4cbbdb025a05856ba3 53ecfd3c19f44e4cbbdb025a05856ba3] 10.0.0.212 "GET /v2.0/networks/53290fb0-ed43-4402-a87c-3b0319bd83c2?fields=provider%3Aphysical_network&fields=provider%3Anetwork_type HTTP/1.1" status: 200 len: 277 time: 0.0434201
2026-05-08 19:28:03.474 10 INFO neutron.db.ovn_revision_numbers_db [req-e16026ef-5c2c-4fd9-adc1-2e6461d02499 req-cc43348a-ecdc-4ca3-b2c5-2e8eabec6545 4421f931360b4f059d5f9adffecbb99a 67007b8288ca45a695aa4eef19584dd8 - - default default] Successfully bumped revision number for resource 0e915d44-7734-48d7-8936-c0ccda71b565 (type: security_groups) to 1
2026-05-08 19:28:03.485 10 INFO neutron.db.ovn_revision_numbers_db [req-e16026ef-5c2c-4fd9-adc1-2e6461d02499 req-cc43348a-ecdc-4ca3-b2c5-2e8eabec6545 4421f931360b4f059d5f9adffecbb99a 67007b8288ca45a695aa4eef19584dd8 - - default default] Successfully bumped revision number for resource 8a3fca3d-2f68-4572-9ab8-e253d60ac328 (type: security_group_rules) to 0
2026-05-08 19:28:03.500 10 INFO neutron.db.ovn_revision_numbers_db [req-e16026ef-5c2c-4fd9-adc1-2e6461d02499 req-cc43348a-ecdc-4ca3-b2c5-2e8eabec6545 4421f931360b4f059d5f9adffecbb99a 67007b8288ca45a695aa4eef19584dd8 - - default default] Successfully bumped revision number for resource e637e471-06e9-4db3-bb6a-6979c6f05be5 (type: security_group_rules) to 0
2026-05-08 19:28:03.548 10 INFO neutron.api.wsgi [req-e16026ef-5c2c-4fd9-adc1-2e6461d02499 req-cc43348a-ecdc-4ca3-b2c5-2e8eabec6545 4421f931360b4f059d5f9adffecbb99a 67007b8288ca45a695aa4eef19584dd8 - - default default] 10.0.0.212 "POST /v2.0/security-groups HTTP/1.1" status: 201 len: 1890 time: 0.1994722
2026-05-08 19:28:03.599 10 INFO neutron.api.wsgi [req-e2756b29-b528-4066-82c5-f28cd0b488b8 req-5dd5fd20-c544-4026-8cec-ffd7b188460f 056254a93b67497992a0ef41b57904e8 a543085ef9964940811d388796fb6e8d - - default default] 10.0.0.212 "GET /v2.0/security-groups?tenant_id=a543085ef9964940811d388796fb6e8d HTTP/1.1" status: 200 len: 8106 time: 0.0358131
2026-05-08 19:28:03.632 10 INFO neutron.api.wsgi [req-e2756b29-b528-4066-82c5-f28cd0b488b8 req-95ceacdc-4543-4e20-ac76-ba343402914d 056254a93b67497992a0ef41b57904e8 a543085ef9964940811d388796fb6e8d - - default default] 10.0.0.212 "GET /v2.0/security-groups/2517cac4-2bba-4901-89db-2b47156e0d62 HTTP/1.1" status: 200 len: 3118 time: 0.0279002
2026-05-08 19:28:03.667 10 INFO neutron.api.wsgi [req-e2756b29-b528-4066-82c5-f28cd0b488b8 req-3a33917a-898c-4306-b6d1-bc86126d8efc 056254a93b67497992a0ef41b57904e8 a543085ef9964940811d388796fb6e8d - - default default] 10.0.0.212 "GET /v2.0/security-groups/2517cac4-2bba-4901-89db-2b47156e0d62 HTTP/1.1" status: 200 len: 3118 time: 0.0307145
2026-05-08 19:28:03.672 10 INFO neutron.api.wsgi [req-d6e1079a-5b53-4225-a965-6226e31dc25e req-90f9f585-90ea-4a03-b2b2-66b34cdc1e0e 4421f931360b4f059d5f9adffecbb99a 67007b8288ca45a695aa4eef19584dd8 - - default default] 10.0.0.212 "GET /v2.0/security-groups/0e915d44-7734-48d7-8936-c0ccda71b565 HTTP/1.1" status: 200 len: 1885 time: 0.0264597
2026-05-08 19:28:03.683 10 WARNING neutron_lib.context [req-d6e1079a-5b53-4225-a965-6226e31dc25e req-6a1d0977-d5b0-4706-b736-3fe57154f22c 4421f931360b4f059d5f9adffecbb99a 67007b8288ca45a695aa4eef19584dd8 - - default default] Method 'is_advsvc' is deprecated since 2023.2 release (neutron-lib 3.8.0) and will be removed once support for the old RBAC API policies will be removed from Neutron. Please use method 'is_service_role' instead.
2026-05-08 19:28:03.737 10 INFO neutron.api.wsgi [req-c055638f-2c9b-46f6-a42b-d9a189faa4d6 req-00774d8c-6d71-48f8-ad78-843ad57968cc 2c78819d01bf4a808442f730b32a06ba 278aeb4b2f0f4b1282efe846aa1d41a2 - - default default] 10.0.0.212 "GET /v2.0/ports?device_id=72e628a9-6fcb-4ef9-b197-1cfb3793b318 HTTP/1.1" status: 200 len: 210 time: 0.0386531
2026-05-08 19:28:03.792 9 INFO neutron.db.ovn_revision_numbers_db [None req-c1b4d24f-8661-49d4-b175-a36b3ce23cba adb97ff98a81444a86830e8de97d6947 5a7b02ab22e94979b760bd9eea46d75d - - default default] Successfully bumped revision number for resource b7d386fe-e0e1-4fba-9fe4-30fe1cdb72b0 (type: router_ports) to 1
2026-05-08 19:28:03.798 10 INFO neutron.api.wsgi [req-a6b4faab-6b7d-45e6-a11a-f14616f1c562 req-22119440-6af6-4368-87a7-2bc2eec8cdc6 056254a93b67497992a0ef41b57904e8 a543085ef9964940811d388796fb6e8d - - default default] 10.0.0.212 "GET /v2.0/security-groups/4695505c-fa4a-4c77-85bf-883f78556a80 HTTP/1.1" status: 200 len: 1882 time: 0.0399842
2026-05-08 19:28:03.798 9 INFO neutron.api.wsgi [None req-c1b4d24f-8661-49d4-b175-a36b3ce23cba adb97ff98a81444a86830e8de97d6947 5a7b02ab22e94979b760bd9eea46d75d - - default default] 10.0.0.232 "PUT /v2.0/routers/8a005294-2ad4-4e0c-87bb-e744541a5ac3/add_router_interface HTTP/1.1" status: 200 len: 503 time: 2.0968792
2026-05-08 19:28:03.890 10 INFO neutron.db.ovn_revision_numbers_db [req-d6e1079a-5b53-4225-a965-6226e31dc25e req-6a1d0977-d5b0-4706-b736-3fe57154f22c 4421f931360b4f059d5f9adffecbb99a 67007b8288ca45a695aa4eef19584dd8 - - default default] Successfully bumped revision number for resource e8700338-ba9d-4ac4-aff4-b3bdb884d047 (type: security_group_rules) to 0
2026-05-08 19:28:03.918 10 INFO neutron.api.wsgi [req-d6e1079a-5b53-4225-a965-6226e31dc25e req-6a1d0977-d5b0-4706-b736-3fe57154f22c 4421f931360b4f059d5f9adffecbb99a 67007b8288ca45a695aa4eef19584dd8 - - default default] 10.0.0.212 "POST /v2.0/security-group-rules HTTP/1.1" status: 201 len: 818 time: 0.2409205
2026-05-08 19:28:03.943 10 INFO neutron.api.wsgi [req-a6b4faab-6b7d-45e6-a11a-f14616f1c562 req-eed7f7b2-f35a-4ac9-9d46-321593b6acee 056254a93b67497992a0ef41b57904e8 a543085ef9964940811d388796fb6e8d - - default default] 10.0.0.212 "DELETE /v2.0/security-groups/4695505c-fa4a-4c77-85bf-883f78556a80 HTTP/1.1" status: 204 len: 173 time: 0.1378284
2026-05-08 19:28:03.976 10 INFO neutron.api.v2.resource [req-2d36a0da-397d-46b4-9a4b-5cc8f740dbe0 req-12a06aee-6c4c-4920-9861-a4a7c5a98176 056254a93b67497992a0ef41b57904e8 a543085ef9964940811d388796fb6e8d - - default default] show failed (client error): The resource could not be found.
2026-05-08 19:28:03.977 10 INFO neutron.api.wsgi [req-2d36a0da-397d-46b4-9a4b-5cc8f740dbe0 req-12a06aee-6c4c-4920-9861-a4a7c5a98176 056254a93b67497992a0ef41b57904e8 a543085ef9964940811d388796fb6e8d - - default default] 10.0.0.212 "GET /v2.0/security-groups/4695505c-fa4a-4c77-85bf-883f78556a80 HTTP/1.1" status: 404 len: 352 time: 0.0148556
2026-05-08 19:28:03.982 10 INFO neutron.api.wsgi [req-a241c794-bcaa-403d-bf6a-b5e0cc511676 req-78bb0b1d-e8dc-4686-9d34-a08c688d4438 4421f931360b4f059d5f9adffecbb99a 67007b8288ca45a695aa4eef19584dd8 - - default default] 10.0.0.212 "GET /v2.0/security-groups/0e915d44-7734-48d7-8936-c0ccda71b565 HTTP/1.1" status: 200 len: 2510 time: 0.0381651
2026-05-08 19:28:03.997 10 WARNING neutron_lib.context [req-a241c794-bcaa-403d-bf6a-b5e0cc511676 req-a1f0f127-7bb9-44b1-9815-18a42dcaf31e 4421f931360b4f059d5f9adffecbb99a 67007b8288ca45a695aa4eef19584dd8 - - default default] Method 'is_advsvc' is deprecated since 2023.2 release (neutron-lib 3.8.0) and will be removed once support for the old RBAC API policies will be removed from Neutron. Please use method 'is_service_role' instead.
2026-05-08 19:28:04.033 10 INFO neutron.api.wsgi [req-25e5ed67-65b4-4ce0-b50d-f4cf46477631 req-08f1c0ff-0cfe-4575-8be1-0bfd9e509057 056254a93b67497992a0ef41b57904e8 a543085ef9964940811d388796fb6e8d - - default default] 10.0.0.212 "GET /v2.0/security-groups/14d81ea1-1011-4e1e-8171-1e063301d949 HTTP/1.1" status: 200 len: 1882 time: 0.0427768
2026-05-08 19:28:04.128 10 INFO neutron.db.ovn_revision_numbers_db [req-a241c794-bcaa-403d-bf6a-b5e0cc511676 req-a1f0f127-7bb9-44b1-9815-18a42dcaf31e 4421f931360b4f059d5f9adffecbb99a 67007b8288ca45a695aa4eef19584dd8 - - default default] Successfully bumped revision number for resource debf36d9-8e7b-4e59-a3ba-ad367782e878 (type: security_group_rules) to 0
2026-05-08 19:28:04.150 10 INFO neutron.api.wsgi [req-25e5ed67-65b4-4ce0-b50d-f4cf46477631 req-b11a2055-d05b-4334-a66f-4086478b7d17 056254a93b67497992a0ef41b57904e8 a543085ef9964940811d388796fb6e8d - - default default] 10.0.0.212 "DELETE /v2.0/security-groups/14d81ea1-1011-4e1e-8171-1e063301d949 HTTP/1.1" status: 204 len: 173 time: 0.1108363
2026-05-08 19:28:04.160 10 INFO neutron.api.wsgi [req-a241c794-bcaa-403d-bf6a-b5e0cc511676 req-a1f0f127-7bb9-44b1-9815-18a42dcaf31e 4421f931360b4f059d5f9adffecbb99a 67007b8288ca45a695aa4eef19584dd8 - - default default] 10.0.0.212 "POST /v2.0/security-group-rules HTTP/1.1" status: 201 len: 823 time: 0.1711125
2026-05-08 19:28:04.180 10 INFO neutron.api.v2.resource [req-ec88c213-203d-4ab8-a545-f4d5d6723714 req-1be16dcc-cfa8-46ab-87cf-09c747d4614c 056254a93b67497992a0ef41b57904e8 a543085ef9964940811d388796fb6e8d - - default default] show failed (client error): The resource could not be found.
2026-05-08 19:28:04.181 10 INFO neutron.api.wsgi [req-ec88c213-203d-4ab8-a545-f4d5d6723714 req-1be16dcc-cfa8-46ab-87cf-09c747d4614c 056254a93b67497992a0ef41b57904e8 a543085ef9964940811d388796fb6e8d - - default default] 10.0.0.212 "GET /v2.0/security-groups/14d81ea1-1011-4e1e-8171-1e063301d949 HTTP/1.1" status: 404 len: 352 time: 0.0125256
2026-05-08 19:28:04.216 10 INFO neutron.api.wsgi [req-105ce21b-952a-47ee-8b70-fcd3253f0bcb req-4bc90e5e-d15c-409a-838c-051294fb32ff 4421f931360b4f059d5f9adffecbb99a 67007b8288ca45a695aa4eef19584dd8 - - default default] 10.0.0.212 "GET /v2.0/security-groups/0e915d44-7734-48d7-8936-c0ccda71b565 HTTP/1.1" status: 200 len: 3140 time: 0.0326862
2026-05-08 19:28:04.220 10 INFO neutron.api.wsgi [req-36fde7e8-ea40-49df-bf23-34635cdc74c3 req-6806f6ea-3556-4681-8741-31781d5be4d7 056254a93b67497992a0ef41b57904e8 a543085ef9964940811d388796fb6e8d - - default default] 10.0.0.212 "GET /v2.0/security-groups/406530eb-0a3a-4618-9ea1-a4c767178903 HTTP/1.1" status: 200 len: 1881 time: 0.0235906
2026-05-08 19:28:04.283 9 WARNING neutron_lib.context [None req-84ca96c1-fc86-4b2f-a1cb-c5ef3d0f4d37 6a02e455ad104d4ab98f0d71c5025e81 b47e351a959a4a5e806beb27fdd2dcb7 - - default default] Method 'is_advsvc' is deprecated since 2023.2 release (neutron-lib 3.8.0) and will be removed once support for the old RBAC API policies will be removed from Neutron. Please use method 'is_service_role' instead.
2026-05-08 19:28:04.300 10 INFO neutron.api.wsgi [req-d9d441ae-3f10-4368-8ecf-c0adab321720 req-8bf3a6ea-9322-44e7-975d-28d519c553cd 4421f931360b4f059d5f9adffecbb99a 67007b8288ca45a695aa4eef19584dd8 - - default default] 10.0.0.212 "GET /v2.0/security-group-rules/debf36d9-8e7b-4e59-a3ba-ad367782e878 HTTP/1.1" status: 200 len: 815 time: 0.0167789
2026-05-08 19:28:04.340 10 INFO neutron.api.wsgi [req-d9d441ae-3f10-4368-8ecf-c0adab321720 req-51a56bb4-31cf-4c59-b1d8-194b269803dd 4421f931360b4f059d5f9adffecbb99a 67007b8288ca45a695aa4eef19584dd8 - - default default] 10.0.0.212 "GET /v2.0/security-groups/0e915d44-7734-48d7-8936-c0ccda71b565 HTTP/1.1" status: 200 len: 3140 time: 0.0323873
2026-05-08 19:28:04.363 10 INFO neutron.api.wsgi [req-36fde7e8-ea40-49df-bf23-34635cdc74c3 req-6462cb1b-4233-4f34-8502-1b3cd34ed57c 056254a93b67497992a0ef41b57904e8 a543085ef9964940811d388796fb6e8d - - default default] 10.0.0.212 "DELETE /v2.0/security-groups/406530eb-0a3a-4618-9ea1-a4c767178903 HTTP/1.1" status: 204 len: 173 time: 0.1366775
2026-05-08 19:28:04.396 9 INFO neutron.db.ovn_revision_numbers_db [None req-84ca96c1-fc86-4b2f-a1cb-c5ef3d0f4d37 6a02e455ad104d4ab98f0d71c5025e81 b47e351a959a4a5e806beb27fdd2dcb7 - - default default] Successfully bumped revision number for resource 9e6b06a2-54d8-4c0b-940c-985d6f6057da (type: security_groups) to 1
2026-05-08 19:28:04.398 10 INFO neutron.api.v2.resource [req-d2db293b-364b-4908-871d-7ed0a3db184f req-f6147722-2fea-4627-88d3-93bf40332e95 056254a93b67497992a0ef41b57904e8 a543085ef9964940811d388796fb6e8d - - default default] show failed (client error): The resource could not be found.
2026-05-08 19:28:04.399 10 INFO neutron.api.wsgi [req-d2db293b-364b-4908-871d-7ed0a3db184f req-f6147722-2fea-4627-88d3-93bf40332e95 056254a93b67497992a0ef41b57904e8 a543085ef9964940811d388796fb6e8d - - default default] 10.0.0.212 "GET /v2.0/security-groups/406530eb-0a3a-4618-9ea1-a4c767178903 HTTP/1.1" status: 404 len: 352 time: 0.0136423
2026-05-08 19:28:04.409 9 INFO neutron.db.ovn_revision_numbers_db [None req-84ca96c1-fc86-4b2f-a1cb-c5ef3d0f4d37 6a02e455ad104d4ab98f0d71c5025e81 b47e351a959a4a5e806beb27fdd2dcb7 - - default default] Successfully bumped revision number for resource 6c177098-a5f9-4b3a-99ee-31536cab91b7 (type: security_group_rules) to 0
2026-05-08 19:28:04.423 9 INFO neutron.db.ovn_revision_numbers_db [None req-84ca96c1-fc86-4b2f-a1cb-c5ef3d0f4d37 6a02e455ad104d4ab98f0d71c5025e81 b47e351a959a4a5e806beb27fdd2dcb7 - - default default] Successfully bumped revision number for resource a81905a0-5bea-41fc-8f5e-2a17de313df5 (type: security_group_rules) to 0
2026-05-08 19:28:04.456 9 INFO neutron.api.wsgi [None req-84ca96c1-fc86-4b2f-a1cb-c5ef3d0f4d37 6a02e455ad104d4ab98f0d71c5025e81 b47e351a959a4a5e806beb27fdd2dcb7 - - default default] 10.0.0.232 "POST /v2.0/security-groups HTTP/1.1" status: 201 len: 1860 time: 0.1790946
2026-05-08 19:28:04.462 10 INFO neutron.api.wsgi [req-172d3783-17c9-485c-9205-c346c36c1b75 req-3106a6bc-d550-49a7-8bc5-70355487daeb 056254a93b67497992a0ef41b57904e8 a543085ef9964940811d388796fb6e8d - - default default] 10.0.0.212 "GET /v2.0/security-groups?tenant_id=a543085ef9964940811d388796fb6e8d HTTP/1.1" status: 200 len: 3121 time: 0.0394602
2026-05-08 19:28:04.465 9 WARNING neutron_lib.context [None req-50719ec2-2448-44d2-bf91-0d4ce5f726fc 6a02e455ad104d4ab98f0d71c5025e81 b47e351a959a4a5e806beb27fdd2dcb7 - - default default] Method 'is_advsvc' is deprecated since 2023.2 release (neutron-lib 3.8.0) and will be removed once support for the old RBAC API policies will be removed from Neutron. Please use method 'is_service_role' instead.
2026-05-08 19:28:04.513 10 INFO neutron.api.wsgi [req-172d3783-17c9-485c-9205-c346c36c1b75 req-d30557ac-f886-4b88-a982-6d6fa874b49e 056254a93b67497992a0ef41b57904e8 a543085ef9964940811d388796fb6e8d - - default default] 10.0.0.212 "GET /v2.0/security-groups/2517cac4-2bba-4901-89db-2b47156e0d62 HTTP/1.1" status: 200 len: 3118 time: 0.0451665
2026-05-08 19:28:04.536 10 INFO neutron.api.wsgi [req-d9d441ae-3f10-4368-8ecf-c0adab321720 req-616a1eed-dc60-4e65-8d7e-3ca68bbec2f5 4421f931360b4f059d5f9adffecbb99a 67007b8288ca45a695aa4eef19584dd8 - - default default] 10.0.0.212 "DELETE /v2.0/security-group-rules/debf36d9-8e7b-4e59-a3ba-ad367782e878 HTTP/1.1" status: 204 len: 173 time: 0.1929626
2026-05-08 19:28:04.562 10 INFO neutron.api.wsgi [req-172d3783-17c9-485c-9205-c346c36c1b75 req-592a581d-8084-4584-9fb3-ed0b0487aadd 056254a93b67497992a0ef41b57904e8 a543085ef9964940811d388796fb6e8d - - default default] 10.0.0.212 "GET /v2.0/security-groups/2517cac4-2bba-4901-89db-2b47156e0d62 HTTP/1.1" status: 200 len: 3118 time: 0.0416987
2026-05-08 19:28:04.581 10 INFO neutron.api.wsgi [req-aa96de2e-5a93-4bb0-a01b-c8ef9901fb18 req-d48e9515-8790-4b19-9852-8a3f0e29e4f6 4421f931360b4f059d5f9adffecbb99a 67007b8288ca45a695aa4eef19584dd8 - - default default] 10.0.0.212 "GET /v2.0/security-groups/0e915d44-7734-48d7-8936-c0ccda71b565 HTTP/1.1" status: 200 len: 2510 time: 0.0282614
2026-05-08 19:28:04.596 9 INFO neutron.db.ovn_revision_numbers_db [None req-50719ec2-2448-44d2-bf91-0d4ce5f726fc 6a02e455ad104d4ab98f0d71c5025e81 b47e351a959a4a5e806beb27fdd2dcb7 - - default default] Successfully bumped revision number for resource 4d663c84-ccbb-4827-abb4-01288766347b (type: security_group_rules) to 0
2026-05-08 19:28:04.605 10 INFO neutron.api.v2.resource [req-1d9712ed-e365-4f85-892b-82bd9a1f81c6 req-6fda19ed-6bde-4cb6-b2eb-30f9460a2fe5 056254a93b67497992a0ef41b57904e8 a543085ef9964940811d388796fb6e8d - - default default] show failed (client error): The resource could not be found.
2026-05-08 19:28:04.606 10 INFO neutron.api.wsgi [req-1d9712ed-e365-4f85-892b-82bd9a1f81c6 req-6fda19ed-6bde-4cb6-b2eb-30f9460a2fe5 056254a93b67497992a0ef41b57904e8 a543085ef9964940811d388796fb6e8d - - default default] 10.0.0.212 "GET /v2.0/security-groups/406530eb-0a3a-4618-9ea1-a4c767178903 HTTP/1.1" status: 404 len: 352 time: 0.0137687
2026-05-08 19:28:04.631 9 INFO neutron.api.wsgi [None req-50719ec2-2448-44d2-bf91-0d4ce5f726fc 6a02e455ad104d4ab98f0d71c5025e81 b47e351a959a4a5e806beb27fdd2dcb7 - - default default] 10.0.0.232 "POST /v2.0/security-group-rules HTTP/1.1" status: 201 len: 796 time: 0.1694906
2026-05-08 19:28:04.635 10 INFO neutron.api.v2.resource [req-ae2fcbf7-7f94-4b3d-9a83-2db6858ade11 req-b1b3b7ab-b387-4061-a25b-2568e77b66ec 056254a93b67497992a0ef41b57904e8 a543085ef9964940811d388796fb6e8d - - default default] show failed (client error): The resource could not be found.
2026-05-08 19:28:04.636 10 INFO neutron.api.wsgi [req-ae2fcbf7-7f94-4b3d-9a83-2db6858ade11 req-b1b3b7ab-b387-4061-a25b-2568e77b66ec 056254a93b67497992a0ef41b57904e8 a543085ef9964940811d388796fb6e8d - - default default] 10.0.0.212 "GET /v2.0/security-groups/14d81ea1-1011-4e1e-8171-1e063301d949 HTTP/1.1" status: 404 len: 352 time: 0.0132906
2026-05-08 19:28:04.641 9 WARNING neutron_lib.context [None req-02ce6fa5-48aa-4777-8fbf-9b980d9e545c 6a02e455ad104d4ab98f0d71c5025e81 b47e351a959a4a5e806beb27fdd2dcb7 - - default default] Method 'is_advsvc' is deprecated since 2023.2 release (neutron-lib 3.8.0) and will be removed once support for the old RBAC API policies will be removed from Neutron. Please use method 'is_service_role' instead.
2026-05-08 19:28:04.666 10 INFO neutron.api.v2.resource [req-ff9cf502-d48e-4825-8738-1fcc80f7ce20 req-636bf4bf-e165-4f8b-aca7-6635eb4cbc97 056254a93b67497992a0ef41b57904e8 a543085ef9964940811d388796fb6e8d - - default default] show failed (client error): The resource could not be found.
2026-05-08 19:28:04.668 10 INFO neutron.api.wsgi [req-ff9cf502-d48e-4825-8738-1fcc80f7ce20 req-636bf4bf-e165-4f8b-aca7-6635eb4cbc97 056254a93b67497992a0ef41b57904e8 a543085ef9964940811d388796fb6e8d - - default default] 10.0.0.212 "GET /v2.0/security-groups/4695505c-fa4a-4c77-85bf-883f78556a80 HTTP/1.1" status: 404 len: 352 time: 0.0128832
2026-05-08 19:28:04.714 10 INFO neutron.api.wsgi [req-aa96de2e-5a93-4bb0-a01b-c8ef9901fb18 req-99013575-4d92-43d6-a29e-0adf43b9b6c9 4421f931360b4f059d5f9adffecbb99a 67007b8288ca45a695aa4eef19584dd8 - - default default] 10.0.0.212 "DELETE /v2.0/security-groups/0e915d44-7734-48d7-8936-c0ccda71b565 HTTP/1.1" status: 204 len: 173 time: 0.1288280
2026-05-08 19:28:04.752 10 INFO neutron.api.wsgi [req-9db370a4-1f30-46e8-818f-229fa71e465e req-6b063449-9e6e-4f1b-b373-bc2b3859219c 4421f931360b4f059d5f9adffecbb99a 67007b8288ca45a695aa4eef19584dd8 - - default default] 10.0.0.212 "GET /v2.0/security-groups/c7f4eed9-95ef-4338-82f2-55e913c5aa1c HTTP/1.1" status: 200 len: 2511 time: 0.0221744
2026-05-08 19:28:04.833 9 INFO neutron.db.ovn_revision_numbers_db [None req-02ce6fa5-48aa-4777-8fbf-9b980d9e545c 6a02e455ad104d4ab98f0d71c5025e81 b47e351a959a4a5e806beb27fdd2dcb7 - - default default] Successfully bumped revision number for resource 2c19ec55-a831-4c19-b655-336fc3040317 (type: security_group_rules) to 0
2026-05-08 19:28:04.846 10 INFO neutron.api.wsgi [req-f7707c22-aa8f-43e0-9c84-c9447ca70acf req-5774004e-e5ff-4bf8-ac0a-eedd97476371 2c78819d01bf4a808442f730b32a06ba 278aeb4b2f0f4b1282efe846aa1d41a2 - - default default] 10.0.0.212 "GET /v2.0/ports?device_id=72e628a9-6fcb-4ef9-b197-1cfb3793b318 HTTP/1.1" status: 200 len: 210 time: 0.0159199
2026-05-08 19:28:04.853 10 INFO neutron.api.wsgi [req-9db370a4-1f30-46e8-818f-229fa71e465e req-1e162392-7964-4646-81fc-98b72695628d 4421f931360b4f059d5f9adffecbb99a 67007b8288ca45a695aa4eef19584dd8 - - default default] 10.0.0.212 "DELETE /v2.0/security-groups/c7f4eed9-95ef-4338-82f2-55e913c5aa1c HTTP/1.1" status: 204 len: 173 time: 0.0955532
2026-05-08 19:28:04.888 9 INFO neutron.api.wsgi [None req-02ce6fa5-48aa-4777-8fbf-9b980d9e545c 6a02e455ad104d4ab98f0d71c5025e81 b47e351a959a4a5e806beb27fdd2dcb7 - - default default] 10.0.0.232 "POST /v2.0/security-group-rules HTTP/1.1" status: 201 len: 801 time: 0.2523947
2026-05-08 19:28:04.898 10 WARNING neutron_lib.context [None req-66f1f877-f525-4147-829f-36a1f7f8e679 6a02e455ad104d4ab98f0d71c5025e81 b47e351a959a4a5e806beb27fdd2dcb7 - - default default] Method 'is_advsvc' is deprecated since 2023.2 release (neutron-lib 3.8.0) and will be removed once support for the old RBAC API policies will be removed from Neutron. Please use method 'is_service_role' instead.
2026-05-08 19:28:05.224 10 WARNING neutron.scheduler.dhcp_agent_scheduler [None req-66f1f877-f525-4147-829f-36a1f7f8e679 6a02e455ad104d4ab98f0d71c5025e81 b47e351a959a4a5e806beb27fdd2dcb7 - - default default] No more DHCP agents
2026-05-08 19:28:05.226 10 WARNING neutron.api.rpc.agentnotifiers.dhcp_rpc_agent_api [None req-66f1f877-f525-4147-829f-36a1f7f8e679 6a02e455ad104d4ab98f0d71c5025e81 b47e351a959a4a5e806beb27fdd2dcb7 - - default default] Unable to schedule network 92c0e985-9aa3-4b7e-b6ba-53df644b79f4: no agents available; will retry on subsequent port and subnet creation events.
2026-05-08 19:28:05.302 9 WARNING neutron.plugins.ml2.drivers.ovn.mech_driver.ovsdb.ovn_client [None req-90d5fe2d-8c50-4369-8a6b-8f1385f97c9a - - - - - -] No hosting information found for port ab437794-16f9-4572-bdac-755e5ab56c24: RuntimeError: No hosting information found for port ab437794-16f9-4572-bdac-755e5ab56c24
2026-05-08 19:28:05.385 9 INFO neutron.db.ovn_revision_numbers_db [None req-90d5fe2d-8c50-4369-8a6b-8f1385f97c9a - - - - - -] Successfully bumped revision number for resource ab437794-16f9-4572-bdac-755e5ab56c24 (type: router_ports) to 2
2026-05-08 19:28:05.641 10 INFO neutron.api.wsgi [None req-66f1f877-f525-4147-829f-36a1f7f8e679 6a02e455ad104d4ab98f0d71c5025e81 b47e351a959a4a5e806beb27fdd2dcb7 - - default default] 10.0.0.232 "POST /v2.0/floatingips HTTP/1.1" status: 201 len: 751 time: 0.7464607
2026-05-08 19:28:05.908 9 INFO neutron.api.wsgi [None req-3804cb9d-e6b0-4f30-8e8b-9df0f6379210 adb97ff98a81444a86830e8de97d6947 5a7b02ab22e94979b760bd9eea46d75d - - default default] 10.0.0.232 "PUT /v2.0/routers/4b0ddb68-0e5a-4dc4-bdb3-91e6791584f2/remove_router_interface HTTP/1.1" status: 200 len: 503 time: 1.2324286 /var/lib/openstack/lib/python3.12/site-packages/pycadf/identifier.py:71: UserWarning: Invalid uuid: neutron. To ensure interoperability, identifiers should be a valid uuid. warnings.warn(('Invalid uuid: %s. To ensure interoperability, '
2026-05-08 19:28:05.977 10 INFO neutron.api.wsgi [req-d9d014e7-541e-4f22-a771-ef11254dc9dd req-e6f87eb3-a12a-4dd7-a7f4-db532d8b93f3 2c78819d01bf4a808442f730b32a06ba 278aeb4b2f0f4b1282efe846aa1d41a2 - - default default] 10.0.0.212 "GET /v2.0/ports?device_id=72e628a9-6fcb-4ef9-b197-1cfb3793b318 HTTP/1.1" status: 200 len: 210 time: 0.0262535
2026-05-08 19:28:06.180 10 WARNING neutron.plugins.ml2.drivers.ovn.mech_driver.ovsdb.ovn_client [None req-e03d2baf-86ab-44f9-9d1e-a5c4082ab357 - - - - - -] No port found with ID 71803830-a3d0-47e4-88cc-3bdd71bc6ab3: RuntimeError: No port found with ID 71803830-a3d0-47e4-88cc-3bdd71bc6ab3
2026-05-08 19:28:06.181 10 INFO neutron.plugins.ml2.drivers.ovn.mech_driver.mech_driver [None req-e03d2baf-86ab-44f9-9d1e-a5c4082ab357 - - - - - -] OVN reports status up for port: 3c706c51-53ac-4a69-9b90-178e3e586b41
2026-05-08 19:28:06.226 10 INFO neutron.plugins.ml2.drivers.ovn.mech_driver.mech_driver [None req-e03d2baf-86ab-44f9-9d1e-a5c4082ab357 - - - - - -] OVN reports status up for port: 246d39c4-3f5f-4d03-81b4-9857788803ec
2026-05-08 19:28:06.237 10 INFO neutron.plugins.ml2.plugin [None req-e03d2baf-86ab-44f9-9d1e-a5c4082ab357 - - - - - -] Attempt 1 to provision port 246d39c4-3f5f-4d03-81b4-9857788803ec
2026-05-08 19:28:06.315 10 INFO neutron.api.wsgi [None req-b5b5f988-00c5-492f-ad05-f5cf0845f985 adb97ff98a81444a86830e8de97d6947 5a7b02ab22e94979b760bd9eea46d75d - - default default] 10.0.0.232 "PUT /v2.0/routers/6aacc96e-3b81-44b2-915d-34d7500cf1fb/remove_router_interface HTTP/1.1" status: 200 len: 503 time: 1.4548626
2026-05-08 19:28:06.362 10 INFO neutron.plugins.ml2.drivers.ovn.mech_driver.mech_driver [None req-e03d2baf-86ab-44f9-9d1e-a5c4082ab357 - - - - - -] OVN reports status up for port: b7d386fe-e0e1-4fba-9fe4-30fe1cdb72b0
2026-05-08 19:28:06.368 10 INFO neutron.plugins.ml2.plugin [None req-e03d2baf-86ab-44f9-9d1e-a5c4082ab357 - - - - - -] Attempt 1 to provision port b7d386fe-e0e1-4fba-9fe4-30fe1cdb72b0
2026-05-08 19:28:06.573 9 INFO neutron.api.wsgi [None req-3a06eea5-36a7-4e0c-9d60-56ac7442668b adb97ff98a81444a86830e8de97d6947 5a7b02ab22e94979b760bd9eea46d75d - - default default] 10.0.0.232 "DELETE /v2.0/routers/4b0ddb68-0e5a-4dc4-bdb3-91e6791584f2 HTTP/1.1" status: 204 len: 168 time: 0.6604960
2026-05-08 19:28:06.737 10 INFO neutron.db.ovn_revision_numbers_db [None req-e03d2baf-86ab-44f9-9d1e-a5c4082ab357 - - - - - -] Successfully bumped revision number for resource b7d386fe-e0e1-4fba-9fe4-30fe1cdb72b0 (type: ports) to 2
2026-05-08 19:28:06.762 9 INFO neutron.api.wsgi [None req-9f8ae71e-51cb-47fe-b63d-db658c5394b7 adb97ff98a81444a86830e8de97d6947 5a7b02ab22e94979b760bd9eea46d75d - - default default] 10.0.0.232 "DELETE /v2.0/subnets/ccd4cf01-3130-4ce0-bf57-9ba0ac97a3b0 HTTP/1.1" status: 204 len: 168 time: 0.1844449 /var/lib/openstack/lib/python3.12/site-packages/pycadf/identifier.py:71: UserWarning: Invalid uuid: neutron. To ensure interoperability, identifiers should be a valid uuid. warnings.warn(('Invalid uuid: %s. To ensure interoperability, '
2026-05-08 19:28:07.093 10 INFO neutron.api.wsgi [req-f0a92879-fc08-4738-8459-cd5601e8d36e req-5928f036-0dca-4272-ab1d-c30df855bc07 2c78819d01bf4a808442f730b32a06ba 278aeb4b2f0f4b1282efe846aa1d41a2 - - default default] 10.0.0.212 "GET /v2.0/ports?device_id=72e628a9-6fcb-4ef9-b197-1cfb3793b318 HTTP/1.1" status: 200 len: 210 time: 0.0141740
2026-05-08 19:28:07.107 10 INFO neutron.api.wsgi [None req-f7cfa3a3-6ce1-4981-b196-c47cd3e1864d adb97ff98a81444a86830e8de97d6947 5a7b02ab22e94979b760bd9eea46d75d - - default default] 10.0.0.232 "DELETE /v2.0/networks/27cd54db-1ce9-4f18-bda3-4ae6c276172f HTTP/1.1" status: 204 len: 168 time: 0.3399515
2026-05-08 19:28:07.135 9 INFO neutron.api.wsgi [None req-dbaa7417-735c-436b-9f63-b1058d3c02b2 adb97ff98a81444a86830e8de97d6947 5a7b02ab22e94979b760bd9eea46d75d - - default default] 10.0.0.232 "DELETE /v2.0/routers/6aacc96e-3b81-44b2-915d-34d7500cf1fb HTTP/1.1" status: 204 len: 168 time: 0.8130105
2026-05-08 19:28:07.280 9 INFO neutron.api.wsgi [None req-f3746d37-3cba-43b3-82d4-60c7c49a1b94 adb97ff98a81444a86830e8de97d6947 5a7b02ab22e94979b760bd9eea46d75d - - default default] 10.0.0.232 "DELETE /v2.0/subnets/9b16492d-a51d-452b-a811-23baf5aef838 HTTP/1.1" status: 204 len: 168 time: 0.1394460
2026-05-08 19:28:07.299 9 INFO neutron.api.wsgi [None req-1259a351-8f7c-4e78-96d4-e4ceecff7c17 adb97ff98a81444a86830e8de97d6947 5a7b02ab22e94979b760bd9eea46d75d - - default default] 10.0.0.232 "GET /v2.0/security-groups?tenant_id=a543085ef9964940811d388796fb6e8d&name=default HTTP/1.1" status: 200 len: 3116 time: 0.0604022
2026-05-08 19:28:07.580 10 INFO neutron.services.segments.plugin [-] Segment c9e8b963-0fae-4a43-be47-c20cdc563530 resource provider aggregate not found
2026-05-08 19:28:07.591 10 INFO neutron.services.segments.plugin [-] Segment c9e8b963-0fae-4a43-be47-c20cdc563530 resource provider aggregate not found
2026-05-08 19:28:07.594 10 INFO neutron.services.segments.plugin [-] Segment c9e8b963-0fae-4a43-be47-c20cdc563530 resource provider not found; error: Placement Client Error (4xx): {"errors": [{"status": 404, "title": "Not Found", "detail": "The resource could not be found.\n\n No resource provider with uuid c9e8b963-0fae-4a43-be47-c20cdc563530 found for delete ", "request_id": "req-3fbd5156-d8ca-4a5d-aa4e-c7ac23c6a5df"}]}
2026-05-08 19:28:07.606 9 INFO neutron.api.wsgi [None req-c1f22504-f703-49ff-a920-342cebb1f10b adb97ff98a81444a86830e8de97d6947 5a7b02ab22e94979b760bd9eea46d75d - - default default] 10.0.0.232 "DELETE /v2.0/security-groups/2517cac4-2bba-4901-89db-2b47156e0d62 HTTP/1.1" status: 204 len: 168 time: 0.3022592
2026-05-08 19:28:07.609 10 INFO neutron.services.segments.plugin [-] Segment c9e8b963-0fae-4a43-be47-c20cdc563530 resource provider not found; error: Placement Client Error (4xx): {"errors": [{"status": 404, "title": "Not Found", "detail": "The resource could not be found.\n\n No resource provider with uuid c9e8b963-0fae-4a43-be47-c20cdc563530 found for delete ", "request_id": "req-e4d9a883-bd38-469f-a492-76f2df311f84"}]}
2026-05-08 19:28:07.727 9 INFO neutron.api.wsgi [None req-939b5bd3-3585-40ef-a5c9-9b343104c5ec adb97ff98a81444a86830e8de97d6947 5a7b02ab22e94979b760bd9eea46d75d - - default default] 10.0.0.232 "DELETE /v2.0/networks/5613429f-0c3a-4b7e-85cd-09d0acf1c254 HTTP/1.1" status: 204 len: 168 time: 0.4435570
2026-05-08 19:28:07.921 10 INFO neutron.api.wsgi [None req-fd018e8a-dbf1-4887-bb89-40f970ee455e adb97ff98a81444a86830e8de97d6947 5a7b02ab22e94979b760bd9eea46d75d - - default default] 10.0.0.232 "GET /v2.0/security-groups?tenant_id=67007b8288ca45a695aa4eef19584dd8&name=default HTTP/1.1" status: 200 len: 3116 time: 0.0300579
2026-05-08 19:28:08.127 10 INFO neutron.api.wsgi [None req-e043019a-bcdc-4c5a-89aa-42c10ed0a944 adb97ff98a81444a86830e8de97d6947 5a7b02ab22e94979b760bd9eea46d75d - - default default] 10.0.0.232 "DELETE /v2.0/security-groups/3a008510-4c7e-49f5-95de-9d653edb55f3 HTTP/1.1" status: 204 len: 168 time: 0.2022567
2026-05-08 19:28:08.128 9 INFO neutron.api.wsgi [-] 10.0.0.22 "GET / HTTP/1.1" status: 200 len: 247 time: 0.0020375
2026-05-08 19:28:08.131 9 INFO neutron.api.wsgi [-] 10.0.0.22 "GET / HTTP/1.1" status: 200 len: 247 time: 0.0013199
2026-05-08 19:28:08.171 9 INFO neutron.services.segments.plugin [-] Segment c52068a8-f508-4641-ba82-297b1df8ed9b resource provider aggregate not found
2026-05-08 19:28:08.173 10 INFO neutron.api.wsgi [req-5983ddc7-e91f-4412-91fa-8b5fd2a41d26 req-e584a47f-b8b1-4304-b664-cdb633168a30 2c78819d01bf4a808442f730b32a06ba 278aeb4b2f0f4b1282efe846aa1d41a2 - - default default] 10.0.0.212 "GET /v2.0/ports?device_id=72e628a9-6fcb-4ef9-b197-1cfb3793b318 HTTP/1.1" status: 200 len: 210 time: 0.0213356
2026-05-08 19:28:08.178 9 INFO neutron.services.segments.plugin [-] Segment c52068a8-f508-4641-ba82-297b1df8ed9b resource provider aggregate not found
2026-05-08 19:28:08.191 9 INFO neutron.services.segments.plugin [-] Segment c52068a8-f508-4641-ba82-297b1df8ed9b resource provider not found; error: Placement Client Error (4xx): {"errors": [{"status": 404, "title": "Not Found", "detail": "The resource could not be found.\n\n No resource provider with uuid c52068a8-f508-4641-ba82-297b1df8ed9b found for delete ", "request_id": "req-bb2c0d78-4b9d-4fd6-bea7-c10ccf87f7da"}]}
2026-05-08 19:28:08.197 9 INFO neutron.services.segments.plugin [-] Segment c52068a8-f508-4641-ba82-297b1df8ed9b resource provider not found; error: Placement Client Error (4xx): {"errors": [{"status": 404, "title": "Not Found", "detail": "The resource could not be found.\n\n No resource provider with uuid c52068a8-f508-4641-ba82-297b1df8ed9b found for delete ", "request_id": "req-629eca7f-316e-43be-816e-860bd828cc8d"}]}
2026-05-08 19:28:08.749 9 INFO neutron.api.wsgi [req-e0670d77-902f-4d2a-8462-69fe3d4ce93d req-9b0e7512-6bb2-4d60-b165-ab2d4d36d14d 2c78819d01bf4a808442f730b32a06ba 278aeb4b2f0f4b1282efe846aa1d41a2 - - default default] 199.204.45.78 "GET /v2.0/networks?id=53290fb0-ed43-4402-a87c-3b0319bd83c2 HTTP/1.1" status: 200 len: 875 time: 0.2568781
2026-05-08 19:28:08.810 9 INFO neutron.api.wsgi [req-e0670d77-902f-4d2a-8462-69fe3d4ce93d req-f9562207-6be4-44e2-a404-a026e1bad233 2c78819d01bf4a808442f730b32a06ba 278aeb4b2f0f4b1282efe846aa1d41a2 - - default default] 199.204.45.78 "GET /v2.0/security-groups?fields=id&fields=name&tenant_id=278aeb4b2f0f4b1282efe846aa1d41a2 HTTP/1.1" status: 200 len: 379 time: 0.0405700
