2026-05-08 19:28:08.819 9 WARNING neutron_lib.context [req-e0670d77-902f-4d2a-8462-69fe3d4ce93d req-1749cb43-0dfa-47a3-bc86-3269f217c251 2c78819d01bf4a808442f730b32a06ba 278aeb4b2f0f4b1282efe846aa1d41a2 - - default default] Method 'is_advsvc' is deprecated since 2023.2 release (neutron-lib 3.8.0) and will be removed once support for the old RBAC API policies will be removed from Neutron. Please use method 'is_service_role' instead.
2026-05-08 19:28:09.105 9 WARNING neutron.scheduler.dhcp_agent_scheduler [req-e0670d77-902f-4d2a-8462-69fe3d4ce93d req-1749cb43-0dfa-47a3-bc86-3269f217c251 2c78819d01bf4a808442f730b32a06ba 278aeb4b2f0f4b1282efe846aa1d41a2 - - default default] No more DHCP agents
2026-05-08 19:28:09.107 9 WARNING neutron.api.rpc.agentnotifiers.dhcp_rpc_agent_api [req-e0670d77-902f-4d2a-8462-69fe3d4ce93d req-1749cb43-0dfa-47a3-bc86-3269f217c251 2c78819d01bf4a808442f730b32a06ba 278aeb4b2f0f4b1282efe846aa1d41a2 - - default default] Unable to schedule network 53290fb0-ed43-4402-a87c-3b0319bd83c2: no agents available; will retry on subsequent port and subnet creation events.
2026-05-08 19:28:09.222 9 INFO neutron.db.ovn_revision_numbers_db [req-e0670d77-902f-4d2a-8462-69fe3d4ce93d req-1749cb43-0dfa-47a3-bc86-3269f217c251 2c78819d01bf4a808442f730b32a06ba 278aeb4b2f0f4b1282efe846aa1d41a2 - - default default] Successfully bumped revision number for resource bbca45df-1f29-4b48-b286-0febe99dd3c8 (type: ports) to 1
2026-05-08 19:28:09.257 9 INFO neutron.api.wsgi [req-e0670d77-902f-4d2a-8462-69fe3d4ce93d req-1749cb43-0dfa-47a3-bc86-3269f217c251 2c78819d01bf4a808442f730b32a06ba 278aeb4b2f0f4b1282efe846aa1d41a2 - - default default] 199.204.45.78 "POST /v2.0/ports HTTP/1.1" status: 201 len: 1162 time: 0.4425690 /var/lib/openstack/lib/python3.12/site-packages/pycadf/identifier.py:71: UserWarning: Invalid uuid: neutron. To ensure interoperability, identifiers should be a valid uuid. warnings.warn(('Invalid uuid: %s. To ensure interoperability, '
2026-05-08 19:28:09.270 9 INFO neutron.api.wsgi [req-e0670d77-902f-4d2a-8462-69fe3d4ce93d req-8b8d905c-70fa-4fdd-86ae-91e50bd522c1 2c78819d01bf4a808442f730b32a06ba 278aeb4b2f0f4b1282efe846aa1d41a2 - - default default] 199.204.45.78 "GET /v2.0/extensions HTTP/1.1" status: 200 len: 19298 time: 0.0063820
2026-05-08 19:28:09.347 10 INFO neutron.api.wsgi [req-58eec2ef-94be-40dd-93c6-7e78839203ff req-da01f64a-bb68-4661-b0a7-08161729ab30 2c78819d01bf4a808442f730b32a06ba 278aeb4b2f0f4b1282efe846aa1d41a2 - - default default] 10.0.0.212 "GET /v2.0/ports?device_id=72e628a9-6fcb-4ef9-b197-1cfb3793b318 HTTP/1.1" status: 200 len: 1160 time: 0.0942397
2026-05-08 19:28:09.386 10 INFO neutron.api.wsgi [req-58eec2ef-94be-40dd-93c6-7e78839203ff req-867dc7da-428a-4301-8140-87cc77a57dd7 2c78819d01bf4a808442f730b32a06ba 278aeb4b2f0f4b1282efe846aa1d41a2 - - default default] 10.0.0.212 "GET /v2.0/security-groups?id=8802e754-3940-4ea4-83ca-7288d6a1dc9f&fields=id&fields=name HTTP/1.1" status: 200 len: 312 time: 0.0330429
2026-05-08 19:28:09.528 9 INFO neutron.db.ovn_revision_numbers_db [None req-e852bccc-1d08-4e0f-a65d-0e9cee4e7063 adb97ff98a81444a86830e8de97d6947 5a7b02ab22e94979b760bd9eea46d75d - - default default] Successfully bumped revision number for resource 0038b114-405f-4020-a66f-5edecd8dbfdc (type: security_groups) to 1
2026-05-08 19:28:09.538 9 INFO neutron.db.ovn_revision_numbers_db [None req-e852bccc-1d08-4e0f-a65d-0e9cee4e7063 adb97ff98a81444a86830e8de97d6947 5a7b02ab22e94979b760bd9eea46d75d - - default default] Successfully bumped revision number for resource 3d6e308f-1a09-40c2-8270-2948228eface (type: security_group_rules) to 0
2026-05-08 19:28:09.552 9 INFO neutron.db.ovn_revision_numbers_db [None req-e852bccc-1d08-4e0f-a65d-0e9cee4e7063 adb97ff98a81444a86830e8de97d6947 5a7b02ab22e94979b760bd9eea46d75d - - default default] Successfully bumped revision number for resource b2e22ae0-d341-4f65-b68e-d3ad56228bf7 (type: security_group_rules) to 0
2026-05-08 19:28:09.564 9 INFO neutron.db.ovn_revision_numbers_db [None req-e852bccc-1d08-4e0f-a65d-0e9cee4e7063 adb97ff98a81444a86830e8de97d6947 5a7b02ab22e94979b760bd9eea46d75d - - default default] Successfully bumped revision number for resource b7a1f22f-f43b-4207-a5e6-ce167d06c90a (type: security_group_rules) to 0
2026-05-08 19:28:09.577 9 INFO neutron.db.ovn_revision_numbers_db [None req-e852bccc-1d08-4e0f-a65d-0e9cee4e7063 adb97ff98a81444a86830e8de97d6947 5a7b02ab22e94979b760bd9eea46d75d - - default default] Successfully bumped revision number for resource e1a36d29-fd45-4b88-9eb6-5774728d438b (type: security_group_rules) to 0
2026-05-08 19:28:09.655 9 INFO neutron.db.segments_db [None req-e852bccc-1d08-4e0f-a65d-0e9cee4e7063 adb97ff98a81444a86830e8de97d6947 5a7b02ab22e94979b760bd9eea46d75d - - default default] Added segment 33b565f9-6d7f-4ce4-8bd9-c6f8c035b3e6 of type geneve for network a79d8d00-bce3-4817-a32e-e598f52982b4
2026-05-08 19:28:09.800 9 INFO neutron.db.ovn_revision_numbers_db [None req-e852bccc-1d08-4e0f-a65d-0e9cee4e7063 adb97ff98a81444a86830e8de97d6947 5a7b02ab22e94979b760bd9eea46d75d - - default default] Successfully bumped revision number for resource a79d8d00-bce3-4817-a32e-e598f52982b4 (type: networks) to 1
2026-05-08 19:28:09.962 9 WARNING neutron.scheduler.dhcp_agent_scheduler [None req-e852bccc-1d08-4e0f-a65d-0e9cee4e7063 adb97ff98a81444a86830e8de97d6947 5a7b02ab22e94979b760bd9eea46d75d - - default default] No more DHCP agents
2026-05-08 19:28:09.964 9 WARNING neutron.api.rpc.agentnotifiers.dhcp_rpc_agent_api [None req-e852bccc-1d08-4e0f-a65d-0e9cee4e7063 adb97ff98a81444a86830e8de97d6947 5a7b02ab22e94979b760bd9eea46d75d - - default default] Unable to schedule network a79d8d00-bce3-4817-a32e-e598f52982b4: no agents available; will retry on subsequent port and subnet creation events.
2026-05-08 19:28:10.032 9 INFO neutron.db.ovn_revision_numbers_db [None req-e852bccc-1d08-4e0f-a65d-0e9cee4e7063 adb97ff98a81444a86830e8de97d6947 5a7b02ab22e94979b760bd9eea46d75d - - default default] Successfully bumped revision number for resource 6949ae36-950f-4f18-940c-af209fcf25ad (type: ports) to 1
2026-05-08 19:28:10.052 9 INFO neutron.api.wsgi [None req-e852bccc-1d08-4e0f-a65d-0e9cee4e7063 adb97ff98a81444a86830e8de97d6947 5a7b02ab22e94979b760bd9eea46d75d - - default default] 10.0.0.232 "POST /v2.0/networks HTTP/1.1" status: 201 len: 954 time: 0.7700365
2026-05-08 19:28:10.080 9 INFO neutron.db.ovn_revision_numbers_db [req-e0670d77-902f-4d2a-8462-69fe3d4ce93d req-1eec42a2-a97e-4f51-ba79-adccfadde383 85de8ff95b9347d9ae0110dc25057c9c 5797e5a055f342c092b3d99bea4bd5e6 - - 53ecfd3c19f44e4cbbdb025a05856ba3 53ecfd3c19f44e4cbbdb025a05856ba3] Successfully bumped revision number for resource bbca45df-1f29-4b48-b286-0febe99dd3c8 (type: ports) to 2
2026-05-08 19:28:10.087 10 INFO neutron.db.ovn_revision_numbers_db [None req-1c01762c-63ff-4348-a66d-d51e5913bfd9 adb97ff98a81444a86830e8de97d6947 5a7b02ab22e94979b760bd9eea46d75d - - default default] Successfully bumped revision number for resource 14ec4dd2-bbd5-476a-a841-bbecfbdaae83 (type: security_groups) to 1
2026-05-08 19:28:10.113 10 INFO neutron.db.ovn_revision_numbers_db [None req-1c01762c-63ff-4348-a66d-d51e5913bfd9 adb97ff98a81444a86830e8de97d6947 5a7b02ab22e94979b760bd9eea46d75d - - default default] Successfully bumped revision number for resource 18621e1e-7aa1-4175-a5a4-e280876c932d (type: security_group_rules) to 0
2026-05-08 19:28:10.133 10 INFO neutron.db.ovn_revision_numbers_db [None req-1c01762c-63ff-4348-a66d-d51e5913bfd9 adb97ff98a81444a86830e8de97d6947 5a7b02ab22e94979b760bd9eea46d75d - - default default] Successfully bumped revision number for resource 40776e5b-878e-49a8-84c2-d44640d74ba2 (type: security_group_rules) to 0
2026-05-08 19:28:10.147 10 INFO neutron.db.ovn_revision_numbers_db [None req-1c01762c-63ff-4348-a66d-d51e5913bfd9 adb97ff98a81444a86830e8de97d6947 5a7b02ab22e94979b760bd9eea46d75d - - default default] Successfully bumped revision number for resource 8dc4219c-1507-483d-ac3f-f4ff14096f68 (type: security_group_rules) to 0
2026-05-08 19:28:10.160 10 INFO neutron.db.ovn_revision_numbers_db [None req-1c01762c-63ff-4348-a66d-d51e5913bfd9 adb97ff98a81444a86830e8de97d6947 5a7b02ab22e94979b760bd9eea46d75d - - default default] Successfully bumped revision number for resource 8fe8faec-2ab5-4c42-8ede-14297155bddb (type: security_group_rules) to 0
2026-05-08 19:28:10.234 10 WARNING neutron.scheduler.dhcp_agent_scheduler [None req-a913430a-922d-42e9-a89f-d4f7ebeb4358 adb97ff98a81444a86830e8de97d6947 5a7b02ab22e94979b760bd9eea46d75d - - default default] No more DHCP agents
2026-05-08 19:28:10.235 10 WARNING neutron.api.rpc.agentnotifiers.dhcp_rpc_agent_api [None req-a913430a-922d-42e9-a89f-d4f7ebeb4358 adb97ff98a81444a86830e8de97d6947 5a7b02ab22e94979b760bd9eea46d75d - - default default] Unable to schedule network a79d8d00-bce3-4817-a32e-e598f52982b4: no agents available; will retry on subsequent port and subnet creation events.
2026-05-08 19:28:10.266 10 INFO neutron.db.segments_db [None req-1c01762c-63ff-4348-a66d-d51e5913bfd9 adb97ff98a81444a86830e8de97d6947 5a7b02ab22e94979b760bd9eea46d75d - - default default] Added segment 3ae73ebb-38b1-4d41-8463-3a5b00052272 of type geneve for network 6dd6b242-2d88-4b01-ac82-af9d624ceaca
2026-05-08 19:28:10.276 9 INFO neutron.db.ovn_revision_numbers_db [req-e0670d77-902f-4d2a-8462-69fe3d4ce93d req-1eec42a2-a97e-4f51-ba79-adccfadde383 85de8ff95b9347d9ae0110dc25057c9c 5797e5a055f342c092b3d99bea4bd5e6 - - 53ecfd3c19f44e4cbbdb025a05856ba3 53ecfd3c19f44e4cbbdb025a05856ba3] Successfully bumped revision number for resource bbca45df-1f29-4b48-b286-0febe99dd3c8 (type: ports) to 4
2026-05-08 19:28:10.292 9 INFO neutron.api.wsgi [req-e0670d77-902f-4d2a-8462-69fe3d4ce93d req-1eec42a2-a97e-4f51-ba79-adccfadde383 85de8ff95b9347d9ae0110dc25057c9c 5797e5a055f342c092b3d99bea4bd5e6 - - 53ecfd3c19f44e4cbbdb025a05856ba3 53ecfd3c19f44e4cbbdb025a05856ba3] 199.204.45.78 "PUT /v2.0/ports/bbca45df-1f29-4b48-b286-0febe99dd3c8 HTTP/1.1" status: 200 len: 1408 time: 0.6511519
2026-05-08 19:28:10.306 10 INFO neutron.api.wsgi [req-d7a23e98-07fd-4fb8-9759-d3b3ee722ef3 req-f250962d-2e22-4974-a207-d442d296301e 6a02e455ad104d4ab98f0d71c5025e81 b47e351a959a4a5e806beb27fdd2dcb7 - - default default] 10.0.0.212 "GET /v2.0/security-groups?name=tempest-securitygroup--1011662860&fields=id&tenant_id=b47e351a959a4a5e806beb27fdd2dcb7 HTTP/1.1" status: 200 len: 267 time: 0.0558057
2026-05-08 19:28:10.400 10 INFO neutron.api.wsgi [req-d7a23e98-07fd-4fb8-9759-d3b3ee722ef3 req-8872e5fb-8f2f-4450-81aa-d8f11f59db99 6a02e455ad104d4ab98f0d71c5025e81 b47e351a959a4a5e806beb27fdd2dcb7 - - default default] 10.0.0.212 "GET /v2.0/networks?id=cffbfc7c-1c7d-4b98-ac1f-aa71cfe0cfdd HTTP/1.1" status: 200 len: 879 time: 0.0870359
2026-05-08 19:28:10.421 10 INFO neutron.api.wsgi [req-d7a23e98-07fd-4fb8-9759-d3b3ee722ef3 req-cdb11c3e-a18b-4f07-af25-0177a04b7d86 6a02e455ad104d4ab98f0d71c5025e81 b47e351a959a4a5e806beb27fdd2dcb7 - - default default] 10.0.0.212 "GET /v2.0/quotas/b47e351a959a4a5e806beb27fdd2dcb7 HTTP/1.1" status: 200 len: 491 time: 0.0133185
2026-05-08 19:28:10.487 10 INFO neutron.db.ovn_revision_numbers_db [None req-1c01762c-63ff-4348-a66d-d51e5913bfd9 adb97ff98a81444a86830e8de97d6947 5a7b02ab22e94979b760bd9eea46d75d - - default default] Successfully bumped revision number for resource 6dd6b242-2d88-4b01-ac82-af9d624ceaca (type: networks) to 1
2026-05-08 19:28:10.522 10 INFO neutron.api.wsgi [req-e07b72b4-4757-4360-804c-448bef177040 req-8c0db1fb-76d3-4bd7-859a-19926488a709 2c78819d01bf4a808442f730b32a06ba 278aeb4b2f0f4b1282efe846aa1d41a2 - - default default] 10.0.0.212 "GET /v2.0/ports?device_id=72e628a9-6fcb-4ef9-b197-1cfb3793b318 HTTP/1.1" status: 200 len: 1172 time: 0.0543921
2026-05-08 19:28:10.578 10 INFO neutron.api.wsgi [req-d7a23e98-07fd-4fb8-9759-d3b3ee722ef3 req-c221e573-376a-406a-a086-b03494c689b9 6a02e455ad104d4ab98f0d71c5025e81 b47e351a959a4a5e806beb27fdd2dcb7 - - default default] 10.0.0.212 "GET /v2.0/ports?tenant_id=b47e351a959a4a5e806beb27fdd2dcb7&fields=id HTTP/1.1" status: 200 len: 302 time: 0.1497271
2026-05-08 19:28:10.607 10 INFO neutron.api.wsgi [req-e07b72b4-4757-4360-804c-448bef177040 req-f6422793-8f17-4508-8d8b-3935b5285b14 2c78819d01bf4a808442f730b32a06ba 278aeb4b2f0f4b1282efe846aa1d41a2 - - default default] 10.0.0.212 "GET /v2.0/security-groups?id=8802e754-3940-4ea4-83ca-7288d6a1dc9f&fields=id&fields=name HTTP/1.1" status: 200 len: 312 time: 0.0736268
2026-05-08 19:28:10.704 10 WARNING neutron.scheduler.dhcp_agent_scheduler [None req-1c01762c-63ff-4348-a66d-d51e5913bfd9 adb97ff98a81444a86830e8de97d6947 5a7b02ab22e94979b760bd9eea46d75d - - default default] No more DHCP agents
2026-05-08 19:28:10.705 10 WARNING neutron.api.rpc.agentnotifiers.dhcp_rpc_agent_api [None req-1c01762c-63ff-4348-a66d-d51e5913bfd9 adb97ff98a81444a86830e8de97d6947 5a7b02ab22e94979b760bd9eea46d75d - - default default] Unable to schedule network 6dd6b242-2d88-4b01-ac82-af9d624ceaca: no agents available; will retry on subsequent port and subnet creation events.
2026-05-08 19:28:10.771 10 INFO neutron.db.ovn_revision_numbers_db [None req-1c01762c-63ff-4348-a66d-d51e5913bfd9 adb97ff98a81444a86830e8de97d6947 5a7b02ab22e94979b760bd9eea46d75d - - default default] Successfully bumped revision number for resource 46a65174-d178-4f30-80c2-e3ce4db1e6a3 (type: ports) to 1
2026-05-08 19:28:10.776 9 INFO neutron.notifiers.nova [-] Nova event matching ['req-934ea160-43e8-45b8-9e9a-ff265d4228d7'] response: {'name': 'network-changed', 'server_uuid': '72e628a9-6fcb-4ef9-b197-1cfb3793b318', 'tag': 'bbca45df-1f29-4b48-b286-0febe99dd3c8', 'status': 'completed', 'code': 200}
2026-05-08 19:28:10.790 10 INFO neutron.api.wsgi [None req-1c01762c-63ff-4348-a66d-d51e5913bfd9 adb97ff98a81444a86830e8de97d6947 5a7b02ab22e94979b760bd9eea46d75d - - default default] 10.0.0.232 "POST /v2.0/networks HTTP/1.1" status: 201 len: 940 time: 0.9017138 /var/lib/openstack/lib/python3.12/site-packages/pycadf/identifier.py:71: UserWarning: Invalid uuid: neutron. To ensure interoperability, identifiers should be a valid uuid. warnings.warn(('Invalid uuid: %s. To ensure interoperability, '
2026-05-08 19:28:10.880 10 INFO neutron.db.ovn_revision_numbers_db [None req-bd78c158-0e46-4449-aafc-b760d3ddc650 - - - - - -] Successfully bumped revision number for resource 6949ae36-950f-4f18-940c-af209fcf25ad (type: ports) to 2
2026-05-08 19:28:10.908 10 INFO neutron.db.ovn_revision_numbers_db [None req-bd78c158-0e46-4449-aafc-b760d3ddc650 - - - - - -] Successfully bumped revision number for resource 9fc42e52-bcd4-440d-a04a-e308d305fc89 (type: subnets) to 0
2026-05-08 19:28:10.923 10 INFO neutron.api.wsgi [None req-a913430a-922d-42e9-a89f-d4f7ebeb4358 adb97ff98a81444a86830e8de97d6947 5a7b02ab22e94979b760bd9eea46d75d - - default default] 10.0.0.232 "POST /v2.0/subnets HTTP/1.1" status: 201 len: 898 time: 0.8600626
2026-05-08 19:28:10.930 10 INFO neutron.api.wsgi [req-d7a23e98-07fd-4fb8-9759-d3b3ee722ef3 req-68120eb3-77e8-4630-af33-144b4807bada 85de8ff95b9347d9ae0110dc25057c9c 5797e5a055f342c092b3d99bea4bd5e6 - - 53ecfd3c19f44e4cbbdb025a05856ba3 53ecfd3c19f44e4cbbdb025a05856ba3] 10.0.0.212 "GET /v2.0/extensions HTTP/1.1" status: 200 len: 19298 time: 0.0370438
2026-05-08 19:28:10.939 9 WARNING neutron.scheduler.dhcp_agent_scheduler [None req-2d86d8e6-03ce-4efb-bc3e-5984330d7cfc adb97ff98a81444a86830e8de97d6947 5a7b02ab22e94979b760bd9eea46d75d - - default default] No more DHCP agents
2026-05-08 19:28:10.941 9 WARNING neutron.api.rpc.agentnotifiers.dhcp_rpc_agent_api [None req-2d86d8e6-03ce-4efb-bc3e-5984330d7cfc adb97ff98a81444a86830e8de97d6947 5a7b02ab22e94979b760bd9eea46d75d - - default default] Unable to schedule network 6dd6b242-2d88-4b01-ac82-af9d624ceaca: no agents available; will retry on subsequent port and subnet creation events.
2026-05-08 19:28:10.981 10 INFO neutron.api.wsgi [req-d7a23e98-07fd-4fb8-9759-d3b3ee722ef3 req-27fd1fa7-40f9-47a7-a032-19bdfdbc0824 85de8ff95b9347d9ae0110dc25057c9c 5797e5a055f342c092b3d99bea4bd5e6 - - 53ecfd3c19f44e4cbbdb025a05856ba3 53ecfd3c19f44e4cbbdb025a05856ba3] 10.0.0.212 "GET /v2.0/networks/cffbfc7c-1c7d-4b98-ac1f-aa71cfe0cfdd?fields=segments HTTP/1.1" status: 200 len: 212 time: 0.0455501
2026-05-08 19:28:11.028 10 INFO neutron.api.wsgi [req-d7a23e98-07fd-4fb8-9759-d3b3ee722ef3 req-299d9858-33cc-42d8-b55f-44fdbc7d5464 85de8ff95b9347d9ae0110dc25057c9c 5797e5a055f342c092b3d99bea4bd5e6 - - 53ecfd3c19f44e4cbbdb025a05856ba3 53ecfd3c19f44e4cbbdb025a05856ba3] 10.0.0.212 "GET /v2.0/networks/cffbfc7c-1c7d-4b98-ac1f-aa71cfe0cfdd?fields=provider%3Aphysical_network&fields=provider%3Anetwork_type HTTP/1.1" status: 200 len: 277 time: 0.0408792
2026-05-08 19:28:11.344 9 INFO neutron.api.wsgi [req-ce0ea6f6-570f-41b4-830a-0066e198e926 req-95626768-b7da-4996-b728-1b5db73d2bc6 85de8ff95b9347d9ae0110dc25057c9c 5797e5a055f342c092b3d99bea4bd5e6 - - 53ecfd3c19f44e4cbbdb025a05856ba3 53ecfd3c19f44e4cbbdb025a05856ba3] 199.204.45.78 "GET /v2.0/ports?tenant_id=278aeb4b2f0f4b1282efe846aa1d41a2&device_id=72e628a9-6fcb-4ef9-b197-1cfb3793b318 HTTP/1.1" status: 200 len: 1411 time: 0.0544333
2026-05-08 19:28:11.360 9 WARNING neutron.scheduler.dhcp_agent_scheduler [None req-bc5a7f1e-1761-4ec1-aaf5-f01b9c91436a adb97ff98a81444a86830e8de97d6947 5a7b02ab22e94979b760bd9eea46d75d - - default default] No more DHCP agents
2026-05-08 19:28:11.364 9 WARNING neutron.api.rpc.agentnotifiers.dhcp_rpc_agent_api [None req-bc5a7f1e-1761-4ec1-aaf5-f01b9c91436a adb97ff98a81444a86830e8de97d6947 5a7b02ab22e94979b760bd9eea46d75d - - default default] Unable to schedule network 92c0e985-9aa3-4b7e-b6ba-53df644b79f4: no agents available; will retry on subsequent port and subnet creation events.
2026-05-08 19:28:11.401 9 INFO neutron.api.wsgi [req-ce0ea6f6-570f-41b4-830a-0066e198e926 req-6ca2762f-b51f-45af-9f3b-aaeed59f9713 85de8ff95b9347d9ae0110dc25057c9c 5797e5a055f342c092b3d99bea4bd5e6 - - 53ecfd3c19f44e4cbbdb025a05856ba3 53ecfd3c19f44e4cbbdb025a05856ba3] 199.204.45.78 "GET /v2.0/networks?tenant_id=278aeb4b2f0f4b1282efe846aa1d41a2&shared=False HTTP/1.1" status: 200 len: 974 time: 0.0529208
2026-05-08 19:28:11.420 10 INFO neutron.api.wsgi [req-4b6828ec-afdd-4651-a75c-4310a16f06a1 req-281787d5-3978-42c4-a536-1702909d2ec3 6a02e455ad104d4ab98f0d71c5025e81 b47e351a959a4a5e806beb27fdd2dcb7 - - default default] 10.0.0.212 "GET /v2.0/ports?device_id=fec62059-3c7a-4ada-b179-cd0330de5b4b HTTP/1.1" status: 200 len: 210 time: 0.0205011
2026-05-08 19:28:11.476 9 INFO neutron.api.wsgi [req-ce0ea6f6-570f-41b4-830a-0066e198e926 req-95008972-752f-4330-8b9e-075d61f96c2e 85de8ff95b9347d9ae0110dc25057c9c 5797e5a055f342c092b3d99bea4bd5e6 - - 53ecfd3c19f44e4cbbdb025a05856ba3 53ecfd3c19f44e4cbbdb025a05856ba3] 199.204.45.78 "GET /v2.0/networks?shared=True HTTP/1.1" status: 200 len: 952 time: 0.0668781
2026-05-08 19:28:11.513 9 INFO neutron.db.ovn_revision_numbers_db [None req-f6707b4e-a994-4fb3-9e10-6cd6483773c3 - - - - - -] Successfully bumped revision number for resource 46a65174-d178-4f30-80c2-e3ce4db1e6a3 (type: ports) to 2
2026-05-08 19:28:11.553 9 INFO neutron.db.ovn_revision_numbers_db [None req-f6707b4e-a994-4fb3-9e10-6cd6483773c3 - - - - - -] Successfully bumped revision number for resource f828fba8-e323-4a6d-b9d1-311e7517c909 (type: subnets) to 0
2026-05-08 19:28:11.557 9 INFO neutron.db.ovn_revision_numbers_db [None req-bc5a7f1e-1761-4ec1-aaf5-f01b9c91436a adb97ff98a81444a86830e8de97d6947 5a7b02ab22e94979b760bd9eea46d75d - - default default] Successfully bumped revision number for resource 455ba62c-3ab8-4908-b232-1ea32c597fc0 (type: ports) to 1
2026-05-08 19:28:11.571 9 INFO neutron.api.wsgi [None req-2d86d8e6-03ce-4efb-bc3e-5984330d7cfc adb97ff98a81444a86830e8de97d6947 5a7b02ab22e94979b760bd9eea46d75d - - default default] 10.0.0.232 "POST /v2.0/subnets HTTP/1.1" status: 201 len: 884 time: 0.7749639
2026-05-08 19:28:11.709 10 INFO neutron.api.wsgi [req-415b2ee6-c73c-4641-ac3b-61c0cc87936b req-458ebbdc-ac09-494e-beea-42192943344c 2c78819d01bf4a808442f730b32a06ba 278aeb4b2f0f4b1282efe846aa1d41a2 - - default default] 10.0.0.212 "GET /v2.0/ports?device_id=72e628a9-6fcb-4ef9-b197-1cfb3793b318 HTTP/1.1" status: 200 len: 1172 time: 0.0402768
2026-05-08 19:28:11.773 10 INFO neutron.api.wsgi [req-415b2ee6-c73c-4641-ac3b-61c0cc87936b req-ceeb64a1-4a85-474f-a26c-c505726ce23b 2c78819d01bf4a808442f730b32a06ba 278aeb4b2f0f4b1282efe846aa1d41a2 - - default default] 10.0.0.212 "GET /v2.0/security-groups?id=8802e754-3940-4ea4-83ca-7288d6a1dc9f&fields=id&fields=name HTTP/1.1" status: 200 len: 312 time: 0.0591085
2026-05-08 19:28:11.977 10 WARNING neutron.scheduler.dhcp_agent_scheduler [None req-e2320810-8a87-400b-a977-45388549d0b2 adb97ff98a81444a86830e8de97d6947 5a7b02ab22e94979b760bd9eea46d75d - - default default] No more DHCP agents
2026-05-08 19:28:11.978 10 WARNING neutron.api.rpc.agentnotifiers.dhcp_rpc_agent_api [None req-e2320810-8a87-400b-a977-45388549d0b2 adb97ff98a81444a86830e8de97d6947 5a7b02ab22e94979b760bd9eea46d75d - - default default] Unable to schedule network 92c0e985-9aa3-4b7e-b6ba-53df644b79f4: no agents available; will retry on subsequent port and subnet creation events.
2026-05-08 19:28:12.091 10 WARNING neutron.plugins.ml2.drivers.ovn.mech_driver.ovsdb.ovn_client [None req-a954eeee-6b61-4029-85ed-17c9e5eab58c - - - - - -] No hosting information found for port b7d386fe-e0e1-4fba-9fe4-30fe1cdb72b0: RuntimeError: No hosting information found for port b7d386fe-e0e1-4fba-9fe4-30fe1cdb72b0
2026-05-08 19:28:12.162 10 INFO neutron.db.ovn_revision_numbers_db [None req-e2320810-8a87-400b-a977-45388549d0b2 adb97ff98a81444a86830e8de97d6947 5a7b02ab22e94979b760bd9eea46d75d - - default default] Successfully bumped revision number for resource 1e077fe9-dbb4-45b5-99b7-cc6222e4b4e0 (type: ports) to 1
2026-05-08 19:28:12.177 10 INFO neutron.db.ovn_revision_numbers_db [None req-a954eeee-6b61-4029-85ed-17c9e5eab58c - - - - - -] Successfully bumped revision number for resource b7d386fe-e0e1-4fba-9fe4-30fe1cdb72b0 (type: router_ports) to 2
2026-05-08 19:28:12.235 9 INFO neutron.plugins.ml2.drivers.ovn.mech_driver.ovsdb.commands [None req-807b7a76-6dbd-4825-8400-f580d384af34 - - - - - -] Schedule LRP lrp-455ba62c-3ab8-4908-b232-1ea32c597fc0 on gateway e5046f53-94f6-41a2-8ca0-4509bf8dd4b5 with priority 1
2026-05-08 19:28:12.251 10 INFO neutron.plugins.ml2.drivers.ovn.mech_driver.mech_driver [None req-a954eeee-6b61-4029-85ed-17c9e5eab58c - - - - - -] OVN reports status up for port: 455ba62c-3ab8-4908-b232-1ea32c597fc0
2026-05-08 19:28:12.262 9 INFO neutron.plugins.ml2.drivers.ovn.mech_driver.ovsdb.ovsdb_monitor [None req-0213d71a-1d8b-423b-883a-982d89d5e0e5 - - - - - -] Router abd7dffc-f47d-44c3-8169-ba050b34d322 is bound to host instance
2026-05-08 19:28:12.272 10 INFO neutron.plugins.ml2.plugin [None req-a954eeee-6b61-4029-85ed-17c9e5eab58c - - - - - -] Attempt 1 to provision port 455ba62c-3ab8-4908-b232-1ea32c597fc0
2026-05-08 19:28:12.295 9 INFO neutron.db.ovn_revision_numbers_db [None req-bc5a7f1e-1761-4ec1-aaf5-f01b9c91436a adb97ff98a81444a86830e8de97d6947 5a7b02ab22e94979b760bd9eea46d75d - - default default] Successfully bumped revision number for resource 455ba62c-3ab8-4908-b232-1ea32c597fc0 (type: router_ports) to 1
2026-05-08 19:28:12.369 9 INFO neutron.db.ovn_revision_numbers_db [None req-bc5a7f1e-1761-4ec1-aaf5-f01b9c91436a adb97ff98a81444a86830e8de97d6947 5a7b02ab22e94979b760bd9eea46d75d - - default default] Successfully bumped revision number for resource abd7dffc-f47d-44c3-8169-ba050b34d322 (type: routers) to 2
2026-05-08 19:28:12.397 9 INFO neutron.api.wsgi [None req-bc5a7f1e-1761-4ec1-aaf5-f01b9c91436a adb97ff98a81444a86830e8de97d6947 5a7b02ab22e94979b760bd9eea46d75d - - default default] 10.0.0.232 "POST /v2.0/routers HTTP/1.1" status: 201 len: 1176 time: 1.4690840
2026-05-08 19:28:12.502 10 INFO neutron.api.wsgi [req-06e925e5-5e93-43c9-8ec2-47070e661038 req-27da1ca0-690c-4cba-bf33-e54045937269 6a02e455ad104d4ab98f0d71c5025e81 b47e351a959a4a5e806beb27fdd2dcb7 - - default default] 10.0.0.212 "GET /v2.0/ports?device_id=fec62059-3c7a-4ada-b179-cd0330de5b4b HTTP/1.1" status: 200 len: 210 time: 0.0196493
2026-05-08 19:28:12.542 9 INFO neutron.api.wsgi [req-e0670d77-902f-4d2a-8462-69fe3d4ce93d req-075384aa-d8f8-4e9e-9c64-061b3fa6ab6a 85de8ff95b9347d9ae0110dc25057c9c 5797e5a055f342c092b3d99bea4bd5e6 - - 53ecfd3c19f44e4cbbdb025a05856ba3 53ecfd3c19f44e4cbbdb025a05856ba3] 199.204.45.78 "GET /v2.0/ports?tenant_id=278aeb4b2f0f4b1282efe846aa1d41a2&device_id=72e628a9-6fcb-4ef9-b197-1cfb3793b318 HTTP/1.1" status: 200 len: 1411 time: 0.0498848
2026-05-08 19:28:12.575 9 INFO neutron.api.wsgi [req-e0670d77-902f-4d2a-8462-69fe3d4ce93d req-2cd5ecfd-b2b4-47f4-9436-203475691881 85de8ff95b9347d9ae0110dc25057c9c 5797e5a055f342c092b3d99bea4bd5e6 - - 53ecfd3c19f44e4cbbdb025a05856ba3 53ecfd3c19f44e4cbbdb025a05856ba3] 199.204.45.78 "GET /v2.0/floatingips?fixed_ip_address=10.100.0.13&port_id=bbca45df-1f29-4b48-b286-0febe99dd3c8 HTTP/1.1" status: 200 len: 217 time: 0.0277576
2026-05-08 19:28:12.626 9 INFO neutron.api.wsgi [req-e0670d77-902f-4d2a-8462-69fe3d4ce93d req-2e0775ac-20e7-4c38-82da-2a46215ba764 85de8ff95b9347d9ae0110dc25057c9c 5797e5a055f342c092b3d99bea4bd5e6 - - 53ecfd3c19f44e4cbbdb025a05856ba3 53ecfd3c19f44e4cbbdb025a05856ba3] 199.204.45.78 "GET /v2.0/subnets?id=659f233f-ffc2-42cc-b54a-7b7b0a39d488 HTTP/1.1" status: 200 len: 893 time: 0.0410225
2026-05-08 19:28:12.664 9 INFO neutron.api.wsgi [req-e0670d77-902f-4d2a-8462-69fe3d4ce93d req-4b30e745-fa9f-4b58-8160-408a1ead7b54 85de8ff95b9347d9ae0110dc25057c9c 5797e5a055f342c092b3d99bea4bd5e6 - - 53ecfd3c19f44e4cbbdb025a05856ba3 53ecfd3c19f44e4cbbdb025a05856ba3] 199.204.45.78 "GET /v2.0/ports?network_id=53290fb0-ed43-4402-a87c-3b0319bd83c2&device_owner=network%3Adhcp HTTP/1.1" status: 200 len: 210 time: 0.0319850
2026-05-08 19:28:12.726 9 INFO neutron.api.wsgi [req-e0670d77-902f-4d2a-8462-69fe3d4ce93d req-2085d647-1424-42d5-99de-bb6c813f7691 85de8ff95b9347d9ae0110dc25057c9c 5797e5a055f342c092b3d99bea4bd5e6 - - 53ecfd3c19f44e4cbbdb025a05856ba3 53ecfd3c19f44e4cbbdb025a05856ba3] 199.204.45.78 "GET /v2.0/networks/53290fb0-ed43-4402-a87c-3b0319bd83c2?fields=segments HTTP/1.1" status: 200 len: 212 time: 0.0552046
2026-05-08 19:28:12.778 10 INFO neutron.plugins.ml2.drivers.ovn.mech_driver.ovsdb.commands [None req-2a953485-e201-44a8-92e5-0b16289b3785 - - - - - -] Schedule LRP lrp-1e077fe9-dbb4-45b5-99b7-cc6222e4b4e0 on gateway e5046f53-94f6-41a2-8ca0-4509bf8dd4b5 with priority 1
2026-05-08 19:28:12.807 10 INFO neutron.plugins.ml2.drivers.ovn.mech_driver.ovsdb.ovsdb_monitor [None req-d21be5c8-7ce0-4d47-bef5-918a09efb95e - - - - - -] Router 193f2ae3-0b19-4b1f-90d6-121f3277b74c is bound to host instance
2026-05-08 19:28:12.807 9 INFO neutron.api.wsgi [req-e0670d77-902f-4d2a-8462-69fe3d4ce93d req-ab1ffa7e-398b-4f71-9b9a-4dd72136588e 85de8ff95b9347d9ae0110dc25057c9c 5797e5a055f342c092b3d99bea4bd5e6 - - 53ecfd3c19f44e4cbbdb025a05856ba3 53ecfd3c19f44e4cbbdb025a05856ba3] 199.204.45.78 "GET /v2.0/networks/53290fb0-ed43-4402-a87c-3b0319bd83c2?fields=provider%3Aphysical_network&fields=provider%3Anetwork_type HTTP/1.1" status: 200 len: 277 time: 0.0663021
2026-05-08 19:28:12.854 10 INFO neutron.db.ovn_revision_numbers_db [None req-e2320810-8a87-400b-a977-45388549d0b2 adb97ff98a81444a86830e8de97d6947 5a7b02ab22e94979b760bd9eea46d75d - - default default] Successfully bumped revision number for resource 1e077fe9-dbb4-45b5-99b7-cc6222e4b4e0 (type: router_ports) to 1
2026-05-08 19:28:12.887 9 INFO neutron.db.ovn_revision_numbers_db [None req-0d744edb-2bc2-416d-85cd-7f115ecbd515 - - - - - -] Successfully bumped revision number for resource 455ba62c-3ab8-4908-b232-1ea32c597fc0 (type: ports) to 1
2026-05-08 19:28:12.888 10 INFO neutron.api.wsgi [req-7ea80094-7891-4789-bac2-01bbf27cd0a3 req-8cfa3308-4456-4d22-8dfb-647c429bd238 2c78819d01bf4a808442f730b32a06ba 278aeb4b2f0f4b1282efe846aa1d41a2 - - default default] 10.0.0.212 "GET /v2.0/ports?device_id=72e628a9-6fcb-4ef9-b197-1cfb3793b318 HTTP/1.1" status: 200 len: 1172 time: 0.0487821
2026-05-08 19:28:12.939 10 INFO neutron.db.ovn_revision_numbers_db [None req-e2320810-8a87-400b-a977-45388549d0b2 adb97ff98a81444a86830e8de97d6947 5a7b02ab22e94979b760bd9eea46d75d - - default default] Successfully bumped revision number for resource 193f2ae3-0b19-4b1f-90d6-121f3277b74c (type: routers) to 2
2026-05-08 19:28:12.943 10 INFO neutron.api.wsgi [req-7ea80094-7891-4789-bac2-01bbf27cd0a3 req-18e29c1f-d773-4214-8383-8bc9e3f3112e 2c78819d01bf4a808442f730b32a06ba 278aeb4b2f0f4b1282efe846aa1d41a2 - - default default] 10.0.0.212 "GET /v2.0/security-groups?id=8802e754-3940-4ea4-83ca-7288d6a1dc9f&fields=id&fields=name HTTP/1.1" status: 200 len: 312 time: 0.0479813
2026-05-08 19:28:12.955 10 INFO neutron.api.wsgi [None req-e2320810-8a87-400b-a977-45388549d0b2 adb97ff98a81444a86830e8de97d6947 5a7b02ab22e94979b760bd9eea46d75d - - default default] 10.0.0.232 "POST /v2.0/routers HTTP/1.1" status: 201 len: 1162 time: 1.3750002
2026-05-08 19:28:13.028 9 WARNING neutron.scheduler.dhcp_agent_scheduler [None req-2833435c-0260-4e56-9c18-eb5ff178596b adb97ff98a81444a86830e8de97d6947 5a7b02ab22e94979b760bd9eea46d75d - - default default] No more DHCP agents
2026-05-08 19:28:13.029 9 WARNING neutron.api.rpc.agentnotifiers.dhcp_rpc_agent_api [None req-2833435c-0260-4e56-9c18-eb5ff178596b adb97ff98a81444a86830e8de97d6947 5a7b02ab22e94979b760bd9eea46d75d - - default default] Unable to schedule network a79d8d00-bce3-4817-a32e-e598f52982b4: no agents available; will retry on subsequent port and subnet creation events.
2026-05-08 19:28:13.168 9 INFO neutron.db.ovn_revision_numbers_db [None req-2833435c-0260-4e56-9c18-eb5ff178596b adb97ff98a81444a86830e8de97d6947 5a7b02ab22e94979b760bd9eea46d75d - - default default] Successfully bumped revision number for resource 2ae62ee1-afd7-43b9-bb4e-c13e7c568c58 (type: ports) to 1
2026-05-08 19:28:13.288 9 INFO neutron.db.ovn_revision_numbers_db [None req-0d744edb-2bc2-416d-85cd-7f115ecbd515 - - - - - -] Successfully bumped revision number for resource 455ba62c-3ab8-4908-b232-1ea32c597fc0 (type: ports) to 4
2026-05-08 19:28:13.463 10 INFO neutron.db.ovn_revision_numbers_db [None req-b0f0b776-31ed-452c-8e73-0ba652d4f942 - - - - - -] Successfully bumped revision number for resource 1e077fe9-dbb4-45b5-99b7-cc6222e4b4e0 (type: ports) to 1
2026-05-08 19:28:13.551 10 WARNING neutron.scheduler.dhcp_agent_scheduler [None req-b409c154-fc32-44b3-9f09-80ed3e4e66ef adb97ff98a81444a86830e8de97d6947 5a7b02ab22e94979b760bd9eea46d75d - - default default] No more DHCP agents
2026-05-08 19:28:13.555 10 WARNING neutron.api.rpc.agentnotifiers.dhcp_rpc_agent_api [None req-b409c154-fc32-44b3-9f09-80ed3e4e66ef adb97ff98a81444a86830e8de97d6947 5a7b02ab22e94979b760bd9eea46d75d - - default default] Unable to schedule network 6dd6b242-2d88-4b01-ac82-af9d624ceaca: no agents available; will retry on subsequent port and subnet creation events.
2026-05-08 19:28:13.590 10 INFO neutron.api.wsgi [req-114f26d9-2a50-4f9d-bac6-0592f65a6ee7 req-2e98b3eb-9e14-4944-aba4-c8697489c01b 6a02e455ad104d4ab98f0d71c5025e81 b47e351a959a4a5e806beb27fdd2dcb7 - - default default] 10.0.0.212 "GET /v2.0/ports?device_id=fec62059-3c7a-4ada-b179-cd0330de5b4b HTTP/1.1" status: 200 len: 210 time: 0.0242784
2026-05-08 19:28:13.633 9 INFO neutron.db.ovn_revision_numbers_db [None req-0d744edb-2bc2-416d-85cd-7f115ecbd515 - - - - - -] Successfully bumped revision number for resource 455ba62c-3ab8-4908-b232-1ea32c597fc0 (type: ports) to 5
2026-05-08 19:28:13.730 10 INFO neutron.db.ovn_revision_numbers_db [None req-b409c154-fc32-44b3-9f09-80ed3e4e66ef adb97ff98a81444a86830e8de97d6947 5a7b02ab22e94979b760bd9eea46d75d - - default default] Successfully bumped revision number for resource ede7cd58-68ae-44c7-9279-38109dc91603 (type: ports) to 1
2026-05-08 19:28:13.783 9 INFO neutron.db.ovn_revision_numbers_db [None req-2833435c-0260-4e56-9c18-eb5ff178596b adb97ff98a81444a86830e8de97d6947 5a7b02ab22e94979b760bd9eea46d75d - - default default] Successfully bumped revision number for resource 2ae62ee1-afd7-43b9-bb4e-c13e7c568c58 (type: ports) to 1
2026-05-08 19:28:13.841 9 WARNING neutron.scheduler.dhcp_agent_scheduler [None req-2833435c-0260-4e56-9c18-eb5ff178596b adb97ff98a81444a86830e8de97d6947 5a7b02ab22e94979b760bd9eea46d75d - - default default] No more DHCP agents
2026-05-08 19:28:13.843 9 WARNING neutron.api.rpc.agentnotifiers.dhcp_rpc_agent_api [None req-2833435c-0260-4e56-9c18-eb5ff178596b adb97ff98a81444a86830e8de97d6947 5a7b02ab22e94979b760bd9eea46d75d - - default default] Unable to schedule network a79d8d00-bce3-4817-a32e-e598f52982b4: no agents available; will retry on subsequent port and subnet creation events.
2026-05-08 19:28:13.856 10 INFO neutron.db.ovn_revision_numbers_db [None req-b0f0b776-31ed-452c-8e73-0ba652d4f942 - - - - - -] Successfully bumped revision number for resource 1e077fe9-dbb4-45b5-99b7-cc6222e4b4e0 (type: ports) to 4
2026-05-08 19:28:14.060 10 INFO neutron.api.wsgi [req-5b001b0c-6907-49ff-9ee1-ac6246d8bfe0 req-bcccb075-9c45-45c3-bfbd-eb747c0a0f40 2c78819d01bf4a808442f730b32a06ba 278aeb4b2f0f4b1282efe846aa1d41a2 - - default default] 10.0.0.212 "GET /v2.0/ports?device_id=72e628a9-6fcb-4ef9-b197-1cfb3793b318 HTTP/1.1" status: 200 len: 1172 time: 0.0375926
2026-05-08 19:28:14.120 10 INFO neutron.api.wsgi [req-5b001b0c-6907-49ff-9ee1-ac6246d8bfe0 req-dbc4cac1-1975-4c55-906e-72b9bead08e9 2c78819d01bf4a808442f730b32a06ba 278aeb4b2f0f4b1282efe846aa1d41a2 - - default default] 10.0.0.212 "GET /v2.0/security-groups?id=8802e754-3940-4ea4-83ca-7288d6a1dc9f&fields=id&fields=name HTTP/1.1" status: 200 len: 312 time: 0.0542481
2026-05-08 19:28:14.241 10 INFO neutron.db.ovn_revision_numbers_db [None req-b0f0b776-31ed-452c-8e73-0ba652d4f942 - - - - - -] Successfully bumped revision number for resource 1e077fe9-dbb4-45b5-99b7-cc6222e4b4e0 (type: ports) to 5
2026-05-08 19:28:14.382 10 INFO neutron.db.ovn_revision_numbers_db [None req-b409c154-fc32-44b3-9f09-80ed3e4e66ef adb97ff98a81444a86830e8de97d6947 5a7b02ab22e94979b760bd9eea46d75d - - default default] Successfully bumped revision number for resource ede7cd58-68ae-44c7-9279-38109dc91603 (type: ports) to 1
2026-05-08 19:28:14.408 10 INFO neutron.plugins.ml2.drivers.ovn.mech_driver.mech_driver [None req-a954eeee-6b61-4029-85ed-17c9e5eab58c - - - - - -] OVN reports status up for port: 1e077fe9-dbb4-45b5-99b7-cc6222e4b4e0
2026-05-08 19:28:14.425 10 INFO neutron.plugins.ml2.plugin [None req-a954eeee-6b61-4029-85ed-17c9e5eab58c - - - - - -] Attempt 1 to provision port 1e077fe9-dbb4-45b5-99b7-cc6222e4b4e0
2026-05-08 19:28:14.439 10 WARNING neutron.scheduler.dhcp_agent_scheduler [None req-b409c154-fc32-44b3-9f09-80ed3e4e66ef adb97ff98a81444a86830e8de97d6947 5a7b02ab22e94979b760bd9eea46d75d - - default default] No more DHCP agents
2026-05-08 19:28:14.441 10 WARNING neutron.api.rpc.agentnotifiers.dhcp_rpc_agent_api [None req-b409c154-fc32-44b3-9f09-80ed3e4e66ef adb97ff98a81444a86830e8de97d6947 5a7b02ab22e94979b760bd9eea46d75d - - default default] Unable to schedule network 6dd6b242-2d88-4b01-ac82-af9d624ceaca: no agents available; will retry on subsequent port and subnet creation events.
2026-05-08 19:28:14.516 10 INFO neutron.plugins.ml2.drivers.ovn.mech_driver.mech_driver [None req-a954eeee-6b61-4029-85ed-17c9e5eab58c - - - - - -] OVN reports status up for port: 2ae62ee1-afd7-43b9-bb4e-c13e7c568c58
2026-05-08 19:28:14.525 10 INFO neutron.plugins.ml2.plugin [None req-a954eeee-6b61-4029-85ed-17c9e5eab58c - - - - - -] Attempt 1 to provision port 2ae62ee1-afd7-43b9-bb4e-c13e7c568c58
2026-05-08 19:28:14.576 9 INFO neutron.db.ovn_revision_numbers_db [None req-2833435c-0260-4e56-9c18-eb5ff178596b adb97ff98a81444a86830e8de97d6947 5a7b02ab22e94979b760bd9eea46d75d - - default default] Successfully bumped revision number for resource 2ae62ee1-afd7-43b9-bb4e-c13e7c568c58 (type: router_ports) to 1
2026-05-08 19:28:14.581 9 INFO neutron.api.wsgi [None req-2833435c-0260-4e56-9c18-eb5ff178596b adb97ff98a81444a86830e8de97d6947 5a7b02ab22e94979b760bd9eea46d75d - - default default] 10.0.0.232 "PUT /v2.0/routers/abd7dffc-f47d-44c3-8169-ba050b34d322/add_router_interface HTTP/1.1" status: 200 len: 503 time: 2.1725349
2026-05-08 19:28:14.701 10 INFO neutron.api.wsgi [req-839b489c-cd9f-49f6-9d70-3f4d7851e465 req-a01cab77-31a0-4044-8ab3-4a29637b5c5a 6a02e455ad104d4ab98f0d71c5025e81 b47e351a959a4a5e806beb27fdd2dcb7 - - default default] 10.0.0.212 "GET /v2.0/ports?device_id=fec62059-3c7a-4ada-b179-cd0330de5b4b HTTP/1.1" status: 200 len: 210 time: 0.0218554
2026-05-08 19:28:14.993 10 INFO neutron.db.ovn_revision_numbers_db [None req-a954eeee-6b61-4029-85ed-17c9e5eab58c - - - - - -] Successfully bumped revision number for resource 2ae62ee1-afd7-43b9-bb4e-c13e7c568c58 (type: ports) to 2
2026-05-08 19:28:15.095 9 WARNING neutron_lib.context [None req-2517ac18-0aa0-42da-a478-96c87660e571 494980db994043e6a632448739bdce07 95f0bcadc64e49b0addf5622c0e7e2f8 - - default default] Method 'is_advsvc' is deprecated since 2023.2 release (neutron-lib 3.8.0) and will be removed once support for the old RBAC API policies will be removed from Neutron. Please use method 'is_service_role' instead.
2026-05-08 19:28:15.262 9 INFO neutron.db.ovn_revision_numbers_db [None req-2517ac18-0aa0-42da-a478-96c87660e571 494980db994043e6a632448739bdce07 95f0bcadc64e49b0addf5622c0e7e2f8 - - default default] Successfully bumped revision number for resource 812a942f-025c-4f00-a2e4-fa781b9cf517 (type: security_groups) to 1
2026-05-08 19:28:15.274 9 INFO neutron.db.ovn_revision_numbers_db [None req-2517ac18-0aa0-42da-a478-96c87660e571 494980db994043e6a632448739bdce07 95f0bcadc64e49b0addf5622c0e7e2f8 - - default default] Successfully bumped revision number for resource 1b3073cc-e46b-486b-8c66-e318f8b26085 (type: security_group_rules) to 0
2026-05-08 19:28:15.280 10 INFO neutron.api.wsgi [req-f339195a-3459-4b5c-9432-970daff5184f req-00e7a1c3-3989-47dc-b5cf-de1dede6b959 2c78819d01bf4a808442f730b32a06ba 278aeb4b2f0f4b1282efe846aa1d41a2 - - default default] 10.0.0.212 "GET /v2.0/ports?device_id=72e628a9-6fcb-4ef9-b197-1cfb3793b318 HTTP/1.1" status: 200 len: 1172 time: 0.0838146
2026-05-08 19:28:15.292 9 INFO neutron.db.ovn_revision_numbers_db [None req-2517ac18-0aa0-42da-a478-96c87660e571 494980db994043e6a632448739bdce07 95f0bcadc64e49b0addf5622c0e7e2f8 - - default default] Successfully bumped revision number for resource a3e14940-fbdc-44de-bd79-39e97008daf8 (type: security_group_rules) to 0
2026-05-08 19:28:15.327 10 INFO neutron.api.wsgi [req-f339195a-3459-4b5c-9432-970daff5184f req-475a45e6-ebe5-4a61-8489-69d57ae25282 2c78819d01bf4a808442f730b32a06ba 278aeb4b2f0f4b1282efe846aa1d41a2 - - default default] 10.0.0.212 "GET /v2.0/security-groups?id=8802e754-3940-4ea4-83ca-7288d6a1dc9f&fields=id&fields=name HTTP/1.1" status: 200 len: 312 time: 0.0366387
2026-05-08 19:28:15.330 9 INFO neutron.api.wsgi [None req-2517ac18-0aa0-42da-a478-96c87660e571 494980db994043e6a632448739bdce07 95f0bcadc64e49b0addf5622c0e7e2f8 - - default default] 10.0.0.232 "POST /v2.0/security-groups HTTP/1.1" status: 201 len: 1861 time: 0.2407544
2026-05-08 19:28:15.347 10 WARNING neutron_lib.context [None req-62e004ef-0d3d-4afb-80fa-d9b198563161 494980db994043e6a632448739bdce07 95f0bcadc64e49b0addf5622c0e7e2f8 - - default default] Method 'is_advsvc' is deprecated since 2023.2 release (neutron-lib 3.8.0) and will be removed once support for the old RBAC API policies will be removed from Neutron. Please use method 'is_service_role' instead.
2026-05-08 19:28:15.381 10 INFO neutron.db.ovn_revision_numbers_db [None req-b409c154-fc32-44b3-9f09-80ed3e4e66ef adb97ff98a81444a86830e8de97d6947 5a7b02ab22e94979b760bd9eea46d75d - - default default] Successfully bumped revision number for resource ede7cd58-68ae-44c7-9279-38109dc91603 (type: router_ports) to 1
2026-05-08 19:28:15.387 10 INFO neutron.api.wsgi [None req-b409c154-fc32-44b3-9f09-80ed3e4e66ef adb97ff98a81444a86830e8de97d6947 5a7b02ab22e94979b760bd9eea46d75d - - default default] 10.0.0.232 "PUT /v2.0/routers/193f2ae3-0b19-4b1f-90d6-121f3277b74c/add_router_interface HTTP/1.1" status: 200 len: 503 time: 2.4259660
2026-05-08 19:28:15.488 10 INFO neutron.db.ovn_revision_numbers_db [None req-62e004ef-0d3d-4afb-80fa-d9b198563161 494980db994043e6a632448739bdce07 95f0bcadc64e49b0addf5622c0e7e2f8 - - default default] Successfully bumped revision number for resource 16c494e1-e685-420d-a3c5-daa76d3598b6 (type: security_group_rules) to 0
2026-05-08 19:28:15.536 10 INFO neutron.api.wsgi [None req-62e004ef-0d3d-4afb-80fa-d9b198563161 494980db994043e6a632448739bdce07 95f0bcadc64e49b0addf5622c0e7e2f8 - - default default] 10.0.0.232 "POST /v2.0/security-group-rules HTTP/1.1" status: 201 len: 796 time: 0.1929476
2026-05-08 19:28:15.547 10 WARNING neutron_lib.context [None req-a0e59a87-1016-4f4b-9c13-9dc7aa04c0cf 494980db994043e6a632448739bdce07 95f0bcadc64e49b0addf5622c0e7e2f8 - - default default] Method 'is_advsvc' is deprecated since 2023.2 release (neutron-lib 3.8.0) and will be removed once support for the old RBAC API policies will be removed from Neutron. Please use method 'is_service_role' instead.
2026-05-08 19:28:15.655 10 INFO neutron.db.ovn_revision_numbers_db [None req-a0e59a87-1016-4f4b-9c13-9dc7aa04c0cf 494980db994043e6a632448739bdce07 95f0bcadc64e49b0addf5622c0e7e2f8 - - default default] Successfully bumped revision number for resource a2893a1f-520f-401c-941e-33f82454c115 (type: security_group_rules) to 0
2026-05-08 19:28:15.750 10 INFO neutron.api.wsgi [None req-a0e59a87-1016-4f4b-9c13-9dc7aa04c0cf 494980db994043e6a632448739bdce07 95f0bcadc64e49b0addf5622c0e7e2f8 - - default default] 10.0.0.232 "POST /v2.0/security-group-rules HTTP/1.1" status: 201 len: 801 time: 0.2074811
2026-05-08 19:28:15.759 10 WARNING neutron_lib.context [None req-60b291f1-7a02-41cd-befa-bb9ac4f423ed 494980db994043e6a632448739bdce07 95f0bcadc64e49b0addf5622c0e7e2f8 - - default default] Method 'is_advsvc' is deprecated since 2023.2 release (neutron-lib 3.8.0) and will be removed once support for the old RBAC API policies will be removed from Neutron. Please use method 'is_service_role' instead.
2026-05-08 19:28:15.784 10 INFO neutron.api.wsgi [req-dd2c8da6-3647-485d-bab4-97c62d24a380 req-5999fa84-23fc-49a5-a4a9-d1ce611c80d9 6a02e455ad104d4ab98f0d71c5025e81 b47e351a959a4a5e806beb27fdd2dcb7 - - default default] 10.0.0.212 "GET /v2.0/ports?device_id=fec62059-3c7a-4ada-b179-cd0330de5b4b HTTP/1.1" status: 200 len: 210 time: 0.0150259
2026-05-08 19:28:15.905 9 WARNING neutron_lib.context [None req-1305b6f2-c7aa-41e8-9e43-7d42b27600b9 3d7bd3a67605474386ec8f1585f9bf02 f1bc286b40c84cacbab3f97e40b86f64 - - default default] Method 'is_advsvc' is deprecated since 2023.2 release (neutron-lib 3.8.0) and will be removed once support for the old RBAC API policies will be removed from Neutron. Please use method 'is_service_role' instead.
2026-05-08 19:28:15.967 10 WARNING neutron.scheduler.dhcp_agent_scheduler [None req-60b291f1-7a02-41cd-befa-bb9ac4f423ed 494980db994043e6a632448739bdce07 95f0bcadc64e49b0addf5622c0e7e2f8 - - default default] No more DHCP agents
2026-05-08 19:28:15.970 10 WARNING neutron.api.rpc.agentnotifiers.dhcp_rpc_agent_api [None req-60b291f1-7a02-41cd-befa-bb9ac4f423ed 494980db994043e6a632448739bdce07 95f0bcadc64e49b0addf5622c0e7e2f8 - - default default] Unable to schedule network 92c0e985-9aa3-4b7e-b6ba-53df644b79f4: no agents available; will retry on subsequent port and subnet creation events.
2026-05-08 19:28:15.995 9 INFO neutron.api.wsgi [req-d7a23e98-07fd-4fb8-9759-d3b3ee722ef3 req-34315a19-2a13-4fb5-8c20-cde428e57286 6a02e455ad104d4ab98f0d71c5025e81 b47e351a959a4a5e806beb27fdd2dcb7 - - default default] 199.204.45.78 "GET /v2.0/networks?id=cffbfc7c-1c7d-4b98-ac1f-aa71cfe0cfdd HTTP/1.1" status: 200 len: 879 time: 0.0474162
2026-05-08 19:28:16.025 9 INFO neutron.db.ovn_revision_numbers_db [None req-1305b6f2-c7aa-41e8-9e43-7d42b27600b9 3d7bd3a67605474386ec8f1585f9bf02 f1bc286b40c84cacbab3f97e40b86f64 - - default default] Successfully bumped revision number for resource b3224568-3189-43dc-a3a4-1f08dac23d5c (type: security_groups) to 1
2026-05-08 19:28:16.038 9 INFO neutron.api.wsgi [req-d7a23e98-07fd-4fb8-9759-d3b3ee722ef3 req-eb2b19e9-dd97-4029-becd-abae6da6b232 6a02e455ad104d4ab98f0d71c5025e81 b47e351a959a4a5e806beb27fdd2dcb7 - - default default] 199.204.45.78 "GET /v2.0/security-groups?fields=id&fields=name&tenant_id=b47e351a959a4a5e806beb27fdd2dcb7 HTTP/1.1" status: 200 len: 380 time: 0.0364420
2026-05-08 19:28:16.038 9 INFO neutron.db.ovn_revision_numbers_db [None req-1305b6f2-c7aa-41e8-9e43-7d42b27600b9 3d7bd3a67605474386ec8f1585f9bf02 f1bc286b40c84cacbab3f97e40b86f64 - - default default] Successfully bumped revision number for resource 42b1cf31-b09b-4c62-b110-4fbf67da6a79 (type: security_group_rules) to 0
2026-05-08 19:28:16.048 9 WARNING neutron_lib.context [req-d7a23e98-07fd-4fb8-9759-d3b3ee722ef3 req-48446eaf-73a5-4cd9-ab8d-902bd6aa94cc 6a02e455ad104d4ab98f0d71c5025e81 b47e351a959a4a5e806beb27fdd2dcb7 - - default default] Method 'is_advsvc' is deprecated since 2023.2 release (neutron-lib 3.8.0) and will be removed once support for the old RBAC API policies will be removed from Neutron. Please use method 'is_service_role' instead.
2026-05-08 19:28:16.055 9 INFO neutron.db.ovn_revision_numbers_db [None req-1305b6f2-c7aa-41e8-9e43-7d42b27600b9 3d7bd3a67605474386ec8f1585f9bf02 f1bc286b40c84cacbab3f97e40b86f64 - - default default] Successfully bumped revision number for resource 9b7c0341-da8f-4c00-82fc-16803f07542b (type: security_group_rules) to 0
2026-05-08 19:28:16.098 9 INFO neutron.api.wsgi [None req-1305b6f2-c7aa-41e8-9e43-7d42b27600b9 3d7bd3a67605474386ec8f1585f9bf02 f1bc286b40c84cacbab3f97e40b86f64 - - default default] 10.0.0.232 "POST /v2.0/security-groups HTTP/1.1" status: 201 len: 1861 time: 0.1980767
2026-05-08 19:28:16.107 9 WARNING neutron_lib.context [None req-4805e0ea-49c0-484a-9c0b-738dace022de 3d7bd3a67605474386ec8f1585f9bf02 f1bc286b40c84cacbab3f97e40b86f64 - - default default] Method 'is_advsvc' is deprecated since 2023.2 release (neutron-lib 3.8.0) and will be removed once support for the old RBAC API policies will be removed from Neutron. Please use method 'is_service_role' instead.
2026-05-08 19:28:16.260 10 INFO neutron.api.wsgi [None req-60b291f1-7a02-41cd-befa-bb9ac4f423ed 494980db994043e6a632448739bdce07 95f0bcadc64e49b0addf5622c0e7e2f8 - - default default] 10.0.0.232 "POST /v2.0/floatingips HTTP/1.1" status: 201 len: 751 time: 0.5050354
2026-05-08 19:28:16.264 9 INFO neutron.db.ovn_revision_numbers_db [None req-4805e0ea-49c0-484a-9c0b-738dace022de 3d7bd3a67605474386ec8f1585f9bf02 f1bc286b40c84cacbab3f97e40b86f64 - - default default] Successfully bumped revision number for resource 6c33eeae-c509-421b-85c6-6de67fe840c9 (type: security_group_rules) to 0
2026-05-08 19:28:16.299 9 INFO neutron.api.wsgi [None req-4805e0ea-49c0-484a-9c0b-738dace022de 3d7bd3a67605474386ec8f1585f9bf02 f1bc286b40c84cacbab3f97e40b86f64 - - default default] 10.0.0.232 "POST /v2.0/security-group-rules HTTP/1.1" status: 201 len: 796 time: 0.1952710 /var/lib/openstack/lib/python3.12/site-packages/pycadf/identifier.py:71: UserWarning: Invalid uuid: neutron. To ensure interoperability, identifiers should be a valid uuid. warnings.warn(('Invalid uuid: %s. To ensure interoperability, '
2026-05-08 19:28:16.325 9 WARNING neutron_lib.context [None req-2a90be92-f2ba-453f-b931-0134ef659868 3d7bd3a67605474386ec8f1585f9bf02 f1bc286b40c84cacbab3f97e40b86f64 - - default default] Method 'is_advsvc' is deprecated since 2023.2 release (neutron-lib 3.8.0) and will be removed once support for the old RBAC API policies will be removed from Neutron. Please use method 'is_service_role' instead.
2026-05-08 19:28:16.371 9 WARNING neutron.scheduler.dhcp_agent_scheduler [req-d7a23e98-07fd-4fb8-9759-d3b3ee722ef3 req-48446eaf-73a5-4cd9-ab8d-902bd6aa94cc 6a02e455ad104d4ab98f0d71c5025e81 b47e351a959a4a5e806beb27fdd2dcb7 - - default default] No more DHCP agents
2026-05-08 19:28:16.374 9 WARNING neutron.api.rpc.agentnotifiers.dhcp_rpc_agent_api [req-d7a23e98-07fd-4fb8-9759-d3b3ee722ef3 req-48446eaf-73a5-4cd9-ab8d-902bd6aa94cc 6a02e455ad104d4ab98f0d71c5025e81 b47e351a959a4a5e806beb27fdd2dcb7 - - default default] Unable to schedule network cffbfc7c-1c7d-4b98-ac1f-aa71cfe0cfdd: no agents available; will retry on subsequent port and subnet creation events.
2026-05-08 19:28:16.433 10 INFO neutron.api.wsgi [req-b12dc8fb-ac8d-4416-acef-66bc79f53ff5 req-245548b9-8553-467f-95c9-355b506eec42 2c78819d01bf4a808442f730b32a06ba 278aeb4b2f0f4b1282efe846aa1d41a2 - - default default] 10.0.0.212 "GET /v2.0/ports?device_id=72e628a9-6fcb-4ef9-b197-1cfb3793b318 HTTP/1.1" status: 200 len: 1172 time: 0.0414162
2026-05-08 19:28:16.451 9 INFO neutron.db.ovn_revision_numbers_db [None req-2a90be92-f2ba-453f-b931-0134ef659868 3d7bd3a67605474386ec8f1585f9bf02 f1bc286b40c84cacbab3f97e40b86f64 - - default default] Successfully bumped revision number for resource 59a8fbcf-b292-4e84-b7bc-976a4556f8bb (type: security_group_rules) to 0
2026-05-08 19:28:16.469 10 INFO neutron.api.wsgi [req-b12dc8fb-ac8d-4416-acef-66bc79f53ff5 req-16741f45-61c9-4781-b020-cf9a097f27a4 2c78819d01bf4a808442f730b32a06ba 278aeb4b2f0f4b1282efe846aa1d41a2 - - default default] 10.0.0.212 "GET /v2.0/security-groups?id=8802e754-3940-4ea4-83ca-7288d6a1dc9f&fields=id&fields=name HTTP/1.1" status: 200 len: 312 time: 0.0302703
2026-05-08 19:28:16.499 9 INFO neutron.api.wsgi [None req-2a90be92-f2ba-453f-b931-0134ef659868 3d7bd3a67605474386ec8f1585f9bf02 f1bc286b40c84cacbab3f97e40b86f64 - - default default] 10.0.0.232 "POST /v2.0/security-group-rules HTTP/1.1" status: 201 len: 801 time: 0.1775780
