2026-05-08 19:28:56.214 9 INFO neutron.db.ovn_revision_numbers_db [None req-3d46acf2-9110-4fd1-a88f-b8f33ccef6f2 adb97ff98a81444a86830e8de97d6947 5a7b02ab22e94979b760bd9eea46d75d - - default default] Successfully bumped revision number for resource 3a9fde13-a7ab-4840-9b9e-289b62b0fa01 (type: security_groups) to 1
2026-05-08 19:28:56.225 9 INFO neutron.db.ovn_revision_numbers_db [None req-3d46acf2-9110-4fd1-a88f-b8f33ccef6f2 adb97ff98a81444a86830e8de97d6947 5a7b02ab22e94979b760bd9eea46d75d - - default default] Successfully bumped revision number for resource 2f027bfe-bf42-449f-83c6-460449bbd93d (type: security_group_rules) to 0
2026-05-08 19:28:56.241 9 INFO neutron.db.ovn_revision_numbers_db [None req-3d46acf2-9110-4fd1-a88f-b8f33ccef6f2 adb97ff98a81444a86830e8de97d6947 5a7b02ab22e94979b760bd9eea46d75d - - default default] Successfully bumped revision number for resource 4724ada2-2911-4499-92f7-9761db59cf69 (type: security_group_rules) to 0
2026-05-08 19:28:56.254 9 INFO neutron.db.ovn_revision_numbers_db [None req-3d46acf2-9110-4fd1-a88f-b8f33ccef6f2 adb97ff98a81444a86830e8de97d6947 5a7b02ab22e94979b760bd9eea46d75d - - default default] Successfully bumped revision number for resource dc5319c2-d9c7-4fbe-9592-75d8bf8bc07a (type: security_group_rules) to 0
2026-05-08 19:28:56.266 9 INFO neutron.db.ovn_revision_numbers_db [None req-3d46acf2-9110-4fd1-a88f-b8f33ccef6f2 adb97ff98a81444a86830e8de97d6947 5a7b02ab22e94979b760bd9eea46d75d - - default default] Successfully bumped revision number for resource de990650-6c1a-44ad-8188-cfeca73e2351 (type: security_group_rules) to 0
2026-05-08 19:28:56.298 10 WARNING neutron.scheduler.dhcp_agent_scheduler [req-d2c710d0-2470-4364-bd03-3d7f8a933952 req-17efc54f-69ff-48c9-90be-71ace30b9e96 30e59913094244e7814976ad4872b377 afff69e10eb1437292a31dd29e5eea8a - - default default] No more DHCP agents
2026-05-08 19:28:56.300 10 WARNING neutron.api.rpc.agentnotifiers.dhcp_rpc_agent_api [req-d2c710d0-2470-4364-bd03-3d7f8a933952 req-17efc54f-69ff-48c9-90be-71ace30b9e96 30e59913094244e7814976ad4872b377 afff69e10eb1437292a31dd29e5eea8a - - default default] Unable to schedule network 2fd1a671-da05-4e5d-aa93-886f36eb7a0a: no agents available; will retry on subsequent port and subnet creation events.
2026-05-08 19:28:56.306 9 INFO neutron.api.wsgi [None req-3d46acf2-9110-4fd1-a88f-b8f33ccef6f2 adb97ff98a81444a86830e8de97d6947 5a7b02ab22e94979b760bd9eea46d75d - - default default] 10.0.0.232 "GET /v2.0/security-groups?tenant_id=1e64b9866d4e4a8ca9246b48ef4ee5fa&name=default HTTP/1.1" status: 200 len: 3120 time: 0.3769913
2026-05-08 19:28:56.416 10 INFO neutron.db.ovn_revision_numbers_db [req-d2c710d0-2470-4364-bd03-3d7f8a933952 req-17efc54f-69ff-48c9-90be-71ace30b9e96 30e59913094244e7814976ad4872b377 afff69e10eb1437292a31dd29e5eea8a - - default default] Successfully bumped revision number for resource c907ef21-0a52-47b8-986e-dfbc5afa4350 (type: ports) to 1
2026-05-08 19:28:56.438 10 WARNING neutron.plugins.ml2.drivers.ovn.mech_driver.ovsdb.ovn_client [None req-85983925-7313-42f6-8031-49c12a0756ea - - - - - -] No hosting information found for port 5a9a7e26-c93c-4639-a728-38097a2a26f9: RuntimeError: No hosting information found for port 5a9a7e26-c93c-4639-a728-38097a2a26f9
2026-05-08 19:28:56.442 10 INFO neutron.api.wsgi [req-d2c710d0-2470-4364-bd03-3d7f8a933952 req-17efc54f-69ff-48c9-90be-71ace30b9e96 30e59913094244e7814976ad4872b377 afff69e10eb1437292a31dd29e5eea8a - - default default] 199.204.45.78 "POST /v2.0/ports HTTP/1.1" status: 201 len: 1162 time: 0.4667637 /var/lib/openstack/lib/python3.12/site-packages/pycadf/identifier.py:71: UserWarning: Invalid uuid: neutron. To ensure interoperability, identifiers should be a valid uuid. warnings.warn(('Invalid uuid: %s. To ensure interoperability, '
2026-05-08 19:28:56.492 9 INFO neutron.api.wsgi [req-1013b0de-07a7-4499-8769-1973a3309f9b req-d72f0d98-bfe7-4914-af71-efba1d303306 85de8ff95b9347d9ae0110dc25057c9c 5797e5a055f342c092b3d99bea4bd5e6 - - 53ecfd3c19f44e4cbbdb025a05856ba3 53ecfd3c19f44e4cbbdb025a05856ba3] 199.204.45.78 "GET /v2.0/ports?tenant_id=105db2ec97184334b04dd74814d07ab1&device_id=4279a293-401a-452a-9be7-d9106f85f58b HTTP/1.1" status: 200 len: 1407 time: 0.0342906
2026-05-08 19:28:56.512 9 INFO neutron.api.wsgi [req-1013b0de-07a7-4499-8769-1973a3309f9b req-501c77c5-997f-49df-8300-c0dac6a08407 85de8ff95b9347d9ae0110dc25057c9c 5797e5a055f342c092b3d99bea4bd5e6 - - 53ecfd3c19f44e4cbbdb025a05856ba3 53ecfd3c19f44e4cbbdb025a05856ba3] 199.204.45.78 "GET /v2.0/floatingips?fixed_ip_address=10.100.0.9&port_id=d1c3a025-27db-4a09-83f7-4f0b1f0d4672 HTTP/1.1" status: 200 len: 217 time: 0.0139599
2026-05-08 19:28:56.518 9 INFO neutron.api.wsgi [None req-3136bf69-716f-48a4-bac4-4382385dc39a adb97ff98a81444a86830e8de97d6947 5a7b02ab22e94979b760bd9eea46d75d - - default default] 10.0.0.232 "DELETE /v2.0/security-groups/3a9fde13-a7ab-4840-9b9e-289b62b0fa01 HTTP/1.1" status: 204 len: 168 time: 0.2076199
2026-05-08 19:28:56.535 10 INFO neutron.db.ovn_revision_numbers_db [None req-85983925-7313-42f6-8031-49c12a0756ea - - - - - -] Successfully bumped revision number for resource 5a9a7e26-c93c-4639-a728-38097a2a26f9 (type: router_ports) to 2
2026-05-08 19:28:56.543 9 INFO neutron.api.wsgi [req-1013b0de-07a7-4499-8769-1973a3309f9b req-0382b095-b9a3-47ff-b421-9cd757c02ef3 85de8ff95b9347d9ae0110dc25057c9c 5797e5a055f342c092b3d99bea4bd5e6 - - 53ecfd3c19f44e4cbbdb025a05856ba3 53ecfd3c19f44e4cbbdb025a05856ba3] 199.204.45.78 "GET /v2.0/subnets?id=5fe9d313-6014-4869-b869-d3b8d312c4ac HTTP/1.1" status: 200 len: 893 time: 0.0243039
2026-05-08 19:28:56.565 9 INFO neutron.api.wsgi [req-1013b0de-07a7-4499-8769-1973a3309f9b req-94573151-2d40-40f7-a844-8b850a0bbbd8 85de8ff95b9347d9ae0110dc25057c9c 5797e5a055f342c092b3d99bea4bd5e6 - - 53ecfd3c19f44e4cbbdb025a05856ba3 53ecfd3c19f44e4cbbdb025a05856ba3] 199.204.45.78 "GET /v2.0/ports?network_id=88f3a121-814f-4897-8b1f-798268a7cf09&device_owner=network%3Adhcp HTTP/1.1" status: 200 len: 210 time: 0.0177941
2026-05-08 19:28:56.612 9 INFO neutron.api.wsgi [req-1013b0de-07a7-4499-8769-1973a3309f9b req-c5853f73-c9df-454b-bf57-c156983ce7e7 85de8ff95b9347d9ae0110dc25057c9c 5797e5a055f342c092b3d99bea4bd5e6 - - 53ecfd3c19f44e4cbbdb025a05856ba3 53ecfd3c19f44e4cbbdb025a05856ba3] 199.204.45.78 "GET /v2.0/networks/88f3a121-814f-4897-8b1f-798268a7cf09?fields=segments HTTP/1.1" status: 200 len: 212 time: 0.0407348
2026-05-08 19:28:56.662 9 INFO neutron.api.wsgi [req-1013b0de-07a7-4499-8769-1973a3309f9b req-35201d4b-9732-4f58-a218-de4cb0bdafc6 85de8ff95b9347d9ae0110dc25057c9c 5797e5a055f342c092b3d99bea4bd5e6 - - 53ecfd3c19f44e4cbbdb025a05856ba3 53ecfd3c19f44e4cbbdb025a05856ba3] 199.204.45.78 "GET /v2.0/networks/88f3a121-814f-4897-8b1f-798268a7cf09?fields=provider%3Aphysical_network&fields=provider%3Anetwork_type HTTP/1.1" status: 200 len: 277 time: 0.0415750
2026-05-08 19:28:56.848 10 INFO neutron.db.ovn_revision_numbers_db [req-d2c710d0-2470-4364-bd03-3d7f8a933952 req-173cfc2a-f019-4733-8172-94dc0b10c753 85de8ff95b9347d9ae0110dc25057c9c 5797e5a055f342c092b3d99bea4bd5e6 - - 53ecfd3c19f44e4cbbdb025a05856ba3 53ecfd3c19f44e4cbbdb025a05856ba3] Successfully bumped revision number for resource c907ef21-0a52-47b8-986e-dfbc5afa4350 (type: ports) to 2 /var/lib/openstack/lib/python3.12/site-packages/pycadf/identifier.py:71: UserWarning: Invalid uuid: neutron. To ensure interoperability, identifiers should be a valid uuid. warnings.warn(('Invalid uuid: %s. To ensure interoperability, '
2026-05-08 19:28:57.007 10 INFO neutron.api.wsgi [req-d84e3bb2-1d00-4285-a25e-46d41226626f req-add2a17c-f134-465b-99ef-f48d5efa6ffd 494980db994043e6a632448739bdce07 95f0bcadc64e49b0addf5622c0e7e2f8 - - default default] 10.0.0.212 "GET /v2.0/ports?device_id=56519b8d-a05e-427f-8053-8ff5c5951b7e HTTP/1.1" status: 200 len: 210 time: 0.0169814
2026-05-08 19:28:57.057 10 INFO neutron.db.ovn_revision_numbers_db [req-d2c710d0-2470-4364-bd03-3d7f8a933952 req-173cfc2a-f019-4733-8172-94dc0b10c753 85de8ff95b9347d9ae0110dc25057c9c 5797e5a055f342c092b3d99bea4bd5e6 - - 53ecfd3c19f44e4cbbdb025a05856ba3 53ecfd3c19f44e4cbbdb025a05856ba3] Successfully bumped revision number for resource c907ef21-0a52-47b8-986e-dfbc5afa4350 (type: ports) to 4
2026-05-08 19:28:57.084 10 INFO neutron.api.wsgi [req-d2c710d0-2470-4364-bd03-3d7f8a933952 req-173cfc2a-f019-4733-8172-94dc0b10c753 85de8ff95b9347d9ae0110dc25057c9c 5797e5a055f342c092b3d99bea4bd5e6 - - 53ecfd3c19f44e4cbbdb025a05856ba3 53ecfd3c19f44e4cbbdb025a05856ba3] 199.204.45.78 "PUT /v2.0/ports/c907ef21-0a52-47b8-986e-dfbc5afa4350 HTTP/1.1" status: 200 len: 1408 time: 0.6354942
2026-05-08 19:28:57.112 10 INFO neutron.notifiers.nova [-] Nova event matching ['req-8b4429dd-d573-47a5-88fb-4b6ee8521abb'] response: {'name': 'network-changed', 'server_uuid': '7267dc1e-2b79-4081-9445-70d217dd9cac', 'tag': 'c907ef21-0a52-47b8-986e-dfbc5afa4350', 'status': 'completed', 'code': 200}
2026-05-08 19:28:57.134 10 INFO neutron.api.wsgi [req-32aa7200-366b-4c4a-bbbe-1ab7499b0be7 req-63f14c8b-42b5-4d41-9d7f-752251d2d612 30e59913094244e7814976ad4872b377 afff69e10eb1437292a31dd29e5eea8a - - default default] 10.0.0.212 "GET /v2.0/ports?device_id=7267dc1e-2b79-4081-9445-70d217dd9cac HTTP/1.1" status: 200 len: 1172 time: 0.0747919
2026-05-08 19:28:57.167 10 INFO neutron.api.wsgi [req-32aa7200-366b-4c4a-bbbe-1ab7499b0be7 req-8c9fa6bf-b5b4-48cd-886a-7d0d9f18b034 30e59913094244e7814976ad4872b377 afff69e10eb1437292a31dd29e5eea8a - - default default] 10.0.0.212 "GET /v2.0/security-groups?id=d294acf6-12c5-4db1-b4a5-da67f45f9263&fields=id&fields=name HTTP/1.1" status: 200 len: 286 time: 0.0277867
2026-05-08 19:28:57.247 10 INFO neutron.api.wsgi [req-ba176f3d-a09e-4bfe-9fad-ce64d39dda5a req-f4e72b13-1b81-4094-8db9-ca288c186ed7 1e592c1a9c994f049b517df17f283fb1 105db2ec97184334b04dd74814d07ab1 - - default default] 10.0.0.212 "GET /v2.0/ports?device_id=4279a293-401a-452a-9be7-d9106f85f58b HTTP/1.1" status: 200 len: 1168 time: 0.0372851
2026-05-08 19:28:57.287 10 INFO neutron.api.wsgi [req-ba176f3d-a09e-4bfe-9fad-ce64d39dda5a req-32932510-5a5e-43ad-812a-868f1cccc874 1e592c1a9c994f049b517df17f283fb1 105db2ec97184334b04dd74814d07ab1 - - default default] 10.0.0.212 "GET /v2.0/security-groups?id=8e0bb23e-f164-49a3-a412-2e7436392f08&fields=id&fields=name HTTP/1.1" status: 200 len: 313 time: 0.0342247
2026-05-08 19:28:57.652 10 INFO neutron.api.wsgi [req-8673750e-bc23-4ae8-a24d-5595daae808d req-8e745157-327b-4de9-8e6f-da0be02f7ddd 85de8ff95b9347d9ae0110dc25057c9c 5797e5a055f342c092b3d99bea4bd5e6 - - 53ecfd3c19f44e4cbbdb025a05856ba3 53ecfd3c19f44e4cbbdb025a05856ba3] 199.204.45.78 "GET /v2.0/ports?tenant_id=afff69e10eb1437292a31dd29e5eea8a&device_id=7267dc1e-2b79-4081-9445-70d217dd9cac HTTP/1.1" status: 200 len: 1411 time: 0.0293832
2026-05-08 19:28:57.700 10 INFO neutron.api.wsgi [req-8673750e-bc23-4ae8-a24d-5595daae808d req-362333cb-1851-4eb7-a212-0a1e8566142a 85de8ff95b9347d9ae0110dc25057c9c 5797e5a055f342c092b3d99bea4bd5e6 - - 53ecfd3c19f44e4cbbdb025a05856ba3 53ecfd3c19f44e4cbbdb025a05856ba3] 199.204.45.78 "GET /v2.0/networks?tenant_id=afff69e10eb1437292a31dd29e5eea8a&shared=False HTTP/1.1" status: 200 len: 976 time: 0.0415144
2026-05-08 19:28:57.744 10 INFO neutron.api.wsgi [req-8673750e-bc23-4ae8-a24d-5595daae808d req-2665d0ab-5b2c-47a9-8e8a-65ed23e11ed8 85de8ff95b9347d9ae0110dc25057c9c 5797e5a055f342c092b3d99bea4bd5e6 - - 53ecfd3c19f44e4cbbdb025a05856ba3 53ecfd3c19f44e4cbbdb025a05856ba3] 199.204.45.78 "GET /v2.0/networks?shared=True HTTP/1.1" status: 200 len: 952 time: 0.0369251
2026-05-08 19:28:58.187 10 INFO neutron.api.wsgi [None req-9f85d277-c9b0-49f8-844a-e604a46a43f9 494980db994043e6a632448739bdce07 95f0bcadc64e49b0addf5622c0e7e2f8 - - default default] 10.0.0.232 "DELETE /v2.0/security-groups/812a942f-025c-4f00-a2e4-fa781b9cf517 HTTP/1.1" status: 204 len: 168 time: 0.1036017
2026-05-08 19:28:58.201 10 INFO neutron.api.v2.resource [None req-bd1722eb-e83a-4024-995e-caee5d0eea73 494980db994043e6a632448739bdce07 95f0bcadc64e49b0addf5622c0e7e2f8 - - default default] show failed (client error): The resource could not be found.
2026-05-08 19:28:58.202 10 INFO neutron.api.wsgi [None req-bd1722eb-e83a-4024-995e-caee5d0eea73 494980db994043e6a632448739bdce07 95f0bcadc64e49b0addf5622c0e7e2f8 - - default default] 10.0.0.232 "GET /v2.0/security-groups/812a942f-025c-4f00-a2e4-fa781b9cf517 HTTP/1.1" status: 404 len: 347 time: 0.0097961
2026-05-08 19:28:58.239 9 INFO neutron.api.wsgi [None req-acd74667-5567-4d35-bfdb-14f60c303685 5ebd1ae1c89b41449728bfdcf95f0c8a e399f693b9f2493897878de286aa0421 - - default default] 10.0.0.232 "GET /v2.0/extensions HTTP/1.1" status: 200 len: 19293 time: 0.1485794
2026-05-08 19:28:58.250 9 INFO neutron.api.wsgi [None req-9e845f12-8cbc-403a-928f-e43353ef5863 5ebd1ae1c89b41449728bfdcf95f0c8a e399f693b9f2493897878de286aa0421 - - default default] 10.0.0.232 "GET /v2.0/extensions/address-group HTTP/1.1" status: 200 len: 353 time: 0.0055785
2026-05-08 19:28:58.257 9 INFO neutron.api.wsgi [None req-a5bf7b24-25f5-40f4-93f0-d53f0738dbe0 5ebd1ae1c89b41449728bfdcf95f0c8a e399f693b9f2493897878de286aa0421 - - default default] 10.0.0.232 "GET /v2.0/extensions/address-scope HTTP/1.1" status: 200 len: 357 time: 0.0043893
2026-05-08 19:28:58.265 10 INFO neutron.api.wsgi [req-b2abeb8b-4562-44cb-9cfa-c9b9ece63f61 req-00ab3ded-f787-49ec-9370-4aa434d93f77 30e59913094244e7814976ad4872b377 afff69e10eb1437292a31dd29e5eea8a - - default default] 10.0.0.212 "GET /v2.0/ports?device_id=7267dc1e-2b79-4081-9445-70d217dd9cac HTTP/1.1" status: 200 len: 1172 time: 0.0372326
2026-05-08 19:28:58.265 9 INFO neutron.api.wsgi [None req-941ffeed-0dfb-4894-a62b-b4209b393ca6 5ebd1ae1c89b41449728bfdcf95f0c8a e399f693b9f2493897878de286aa0421 - - default default] 10.0.0.232 "GET /v2.0/extensions/agent HTTP/1.1" status: 200 len: 347 time: 0.0035329
2026-05-08 19:28:58.275 9 INFO neutron.api.wsgi [None req-49cc8413-fa62-45e0-a93b-1f76282495cb 5ebd1ae1c89b41449728bfdcf95f0c8a e399f693b9f2493897878de286aa0421 - - default default] 10.0.0.232 "GET /v2.0/extensions/allowed-address-pairs HTTP/1.1" status: 200 len: 378 time: 0.0066042
2026-05-08 19:28:58.287 9 INFO neutron.api.wsgi [None req-6e1ef987-5295-489f-a93f-c656e2e5cce7 5ebd1ae1c89b41449728bfdcf95f0c8a e399f693b9f2493897878de286aa0421 - - default default] 10.0.0.232 "GET /v2.0/extensions/auto-allocated-topology HTTP/1.1" status: 200 len: 394 time: 0.0077198
2026-05-08 19:28:58.294 9 INFO neutron.api.wsgi [None req-274275bc-b3ea-4c57-9d8e-5ed4b2508be2 5ebd1ae1c89b41449728bfdcf95f0c8a e399f693b9f2493897878de286aa0421 - - default default] 10.0.0.232 "GET /v2.0/extensions/availability_zone HTTP/1.1" status: 200 len: 372 time: 0.0042098
2026-05-08 19:28:58.304 9 INFO neutron.api.wsgi [None req-77c47b01-e1e7-4bb4-a222-afc1ad41ede5 5ebd1ae1c89b41449728bfdcf95f0c8a e399f693b9f2493897878de286aa0421 - - default default] 10.0.0.232 "GET /v2.0/extensions/default-subnetpools HTTP/1.1" status: 200 len: 405 time: 0.0044222
2026-05-08 19:28:58.312 9 INFO neutron.api.wsgi [None req-b0941224-4aa9-4894-a4d9-9ef6f1aa1c24 5ebd1ae1c89b41449728bfdcf95f0c8a e399f693b9f2493897878de286aa0421 - - default default] 10.0.0.232 "GET /v2.0/extensions/dhcp_agent_scheduler HTTP/1.1" status: 200 len: 381 time: 0.0037677
2026-05-08 19:28:58.314 10 INFO neutron.api.wsgi [req-b2abeb8b-4562-44cb-9cfa-c9b9ece63f61 req-9a0c154f-558a-426d-8e10-01dbdc09e263 30e59913094244e7814976ad4872b377 afff69e10eb1437292a31dd29e5eea8a - - default default] 10.0.0.212 "GET /v2.0/security-groups?id=d294acf6-12c5-4db1-b4a5-da67f45f9263&fields=id&fields=name HTTP/1.1" status: 200 len: 286 time: 0.0421870
2026-05-08 19:28:58.317 9 INFO neutron.api.wsgi [None req-92f49bf7-617d-47ef-a8bb-469e6b483732 5ebd1ae1c89b41449728bfdcf95f0c8a e399f693b9f2493897878de286aa0421 - - default default] 10.0.0.232 "GET /v2.0/extensions/dns-integration HTTP/1.1" status: 200 len: 366 time: 0.0027974
2026-05-08 19:28:58.325 9 INFO neutron.api.wsgi [None req-2d7ebfb2-2433-458b-be92-8081426ab9ee 5ebd1ae1c89b41449728bfdcf95f0c8a e399f693b9f2493897878de286aa0421 - - default default] 10.0.0.232 "GET /v2.0/extensions/dns-domain-ports HTTP/1.1" status: 200 len: 399 time: 0.0032990
2026-05-08 19:28:58.331 9 INFO neutron.api.wsgi [None req-2214bf4e-7b25-4fb0-be62-39ce74ff982e 5ebd1ae1c89b41449728bfdcf95f0c8a e399f693b9f2493897878de286aa0421 - - default default] 10.0.0.232 "GET /v2.0/extensions/dns-integration-domain-keywords HTTP/1.1" status: 200 len: 477 time: 0.0025427
2026-05-08 19:28:58.338 9 INFO neutron.api.wsgi [None req-5681818d-c77c-432c-84b7-04bacdfc2028 5ebd1ae1c89b41449728bfdcf95f0c8a e399f693b9f2493897878de286aa0421 - - default default] 10.0.0.232 "GET /v2.0/extensions/empty-string-filtering HTTP/1.1" status: 200 len: 413 time: 0.0028687
2026-05-08 19:28:58.345 9 INFO neutron.api.wsgi [None req-b3d6ff71-2f81-4aab-82b4-7a26c19b4dbd 5ebd1ae1c89b41449728bfdcf95f0c8a e399f693b9f2493897878de286aa0421 - - default default] 10.0.0.232 "GET /v2.0/extensions/external-net HTTP/1.1" status: 200 len: 394 time: 0.0027914
2026-05-08 19:28:58.352 9 INFO neutron.api.wsgi [None req-b6f81229-cba4-4309-b93f-767b43ce10b2 5ebd1ae1c89b41449728bfdcf95f0c8a e399f693b9f2493897878de286aa0421 - - default default] 10.0.0.232 "GET /v2.0/extensions/extra_dhcp_opt HTTP/1.1" status: 200 len: 498 time: 0.0035431
2026-05-08 19:28:58.367 9 INFO neutron.api.wsgi [None req-b1c39915-8e5c-4a27-bbca-c55315023ae9 5ebd1ae1c89b41449728bfdcf95f0c8a e399f693b9f2493897878de286aa0421 - - default default] 10.0.0.232 "GET /v2.0/extensions/extraroute HTTP/1.1" status: 200 len: 375 time: 0.0119047
2026-05-08 19:28:58.373 9 INFO neutron.api.wsgi [None req-89d4edd9-11b9-4950-be7f-4303334a2bf3 5ebd1ae1c89b41449728bfdcf95f0c8a e399f693b9f2493897878de286aa0421 - - default default] 10.0.0.232 "GET /v2.0/extensions/floating-ip-port-forwarding-detail HTTP/1.1" status: 200 len: 465 time: 0.0028994
2026-05-08 19:28:58.380 9 INFO neutron.api.wsgi [None req-7b3f88f4-9e17-4db1-8a4e-5f70086abf39 5ebd1ae1c89b41449728bfdcf95f0c8a e399f693b9f2493897878de286aa0421 - - default default] 10.0.0.232 "GET /v2.0/extensions/fip-port-details HTTP/1.1" status: 200 len: 406 time: 0.0034087
2026-05-08 19:28:58.387 9 INFO neutron.api.wsgi [None req-82697716-794f-497a-a5b0-ea817aab4375 5ebd1ae1c89b41449728bfdcf95f0c8a e399f693b9f2493897878de286aa0421 - - default default] 10.0.0.232 "GET /v2.0/extensions/flavors HTTP/1.1" status: 200 len: 387 time: 0.0033898
2026-05-08 19:28:58.395 9 INFO neutron.api.wsgi [None req-c8134174-bbc9-45a9-8b66-88b3b53778b9 5ebd1ae1c89b41449728bfdcf95f0c8a e399f693b9f2493897878de286aa0421 - - default default] 10.0.0.232 "GET /v2.0/extensions/floatingip-pools HTTP/1.1" status: 200 len: 382 time: 0.0033815
2026-05-08 19:28:58.402 9 INFO neutron.api.wsgi [None req-c0c20626-5a72-4468-bce4-4d867e7f5664 5ebd1ae1c89b41449728bfdcf95f0c8a e399f693b9f2493897878de286aa0421 - - default default] 10.0.0.232 "GET /v2.0/extensions/ip_allocation HTTP/1.1" status: 200 len: 356 time: 0.0038154
2026-05-08 19:28:58.403 10 INFO neutron.api.wsgi [req-03434ed7-cd9b-43f0-98b7-21d75f0698e1 req-1300b994-ac6c-46b7-9d7e-8c3beca00fa8 1e592c1a9c994f049b517df17f283fb1 105db2ec97184334b04dd74814d07ab1 - - default default] 10.0.0.212 "GET /v2.0/ports?device_id=4279a293-401a-452a-9be7-d9106f85f58b HTTP/1.1" status: 200 len: 1168 time: 0.0359292
2026-05-08 19:28:58.408 10 INFO neutron.api.wsgi [None req-c999c431-79d6-422b-83da-f4934de0ec10 5ebd1ae1c89b41449728bfdcf95f0c8a e399f693b9f2493897878de286aa0421 - - default default] 10.0.0.232 "GET /v2.0/extensions/l2_adjacency HTTP/1.1" status: 200 len: 372 time: 0.0029857
2026-05-08 19:28:58.418 9 INFO neutron.api.wsgi [None req-e0ac32d7-a1fd-405c-9dbb-909de964e23a 5ebd1ae1c89b41449728bfdcf95f0c8a e399f693b9f2493897878de286aa0421 - - default default] 10.0.0.232 "GET /v2.0/extensions/router HTTP/1.1" status: 200 len: 450 time: 0.0067074
2026-05-08 19:28:58.424 9 INFO neutron.api.wsgi [None req-84d74127-a4a4-46b5-be41-c55b9f3b950b 5ebd1ae1c89b41449728bfdcf95f0c8a e399f693b9f2493897878de286aa0421 - - default default] 10.0.0.232 "GET /v2.0/extensions/enable-default-route-bfd HTTP/1.1" status: 200 len: 406 time: 0.0024173
2026-05-08 19:28:58.430 9 INFO neutron.api.wsgi [None req-5cc1dfee-eba6-4646-ae5e-7d8d879c41ef 5ebd1ae1c89b41449728bfdcf95f0c8a e399f693b9f2493897878de286aa0421 - - default default] 10.0.0.232 "GET /v2.0/extensions/enable-default-route-ecmp HTTP/1.1" status: 200 len: 409 time: 0.0025930
2026-05-08 19:28:58.437 9 INFO neutron.api.wsgi [None req-ce6d6f09-664d-4318-8056-fd1463f74e97 5ebd1ae1c89b41449728bfdcf95f0c8a e399f693b9f2493897878de286aa0421 - - default default] 10.0.0.232 "GET /v2.0/extensions/ext-gw-mode HTTP/1.1" status: 200 len: 462 time: 0.0037875
2026-05-08 19:28:58.443 9 INFO neutron.api.wsgi [None req-f0f2a853-154c-4deb-9035-033bb653edd0 5ebd1ae1c89b41449728bfdcf95f0c8a e399f693b9f2493897878de286aa0421 - - default default] 10.0.0.232 "GET /v2.0/extensions/l3-ha HTTP/1.1" status: 200 len: 360 time: 0.0033643
2026-05-08 19:28:58.448 10 INFO neutron.api.wsgi [req-03434ed7-cd9b-43f0-98b7-21d75f0698e1 req-abbbb736-ab64-49b5-8038-0dd9df0aadb2 1e592c1a9c994f049b517df17f283fb1 105db2ec97184334b04dd74814d07ab1 - - default default] 10.0.0.212 "GET /v2.0/security-groups?id=8e0bb23e-f164-49a3-a412-2e7436392f08&fields=id&fields=name HTTP/1.1" status: 200 len: 313 time: 0.0392404
2026-05-08 19:28:58.450 9 INFO neutron.api.wsgi [None req-46404f79-2dd2-4618-8226-cf11ed23b068 5ebd1ae1c89b41449728bfdcf95f0c8a e399f693b9f2493897878de286aa0421 - - default default] 10.0.0.232 "GET /v2.0/extensions/external-gateway-multihoming HTTP/1.1" status: 200 len: 421 time: 0.0034084
2026-05-08 19:28:58.456 10 INFO neutron.api.wsgi [None req-0c1d1248-a8cf-4099-b848-792b14d2403e 5ebd1ae1c89b41449728bfdcf95f0c8a e399f693b9f2493897878de286aa0421 - - default default] 10.0.0.232 "GET /v2.0/extensions/l3-flavors HTTP/1.1" status: 200 len: 366 time: 0.0029154
2026-05-08 19:28:58.463 10 INFO neutron.api.wsgi [None req-23789c11-29fc-45fd-9ccd-6016dad752cf 5ebd1ae1c89b41449728bfdcf95f0c8a e399f693b9f2493897878de286aa0421 - - default default] 10.0.0.232 "GET /v2.0/extensions/logging HTTP/1.1" status: 200 len: 407 time: 0.0040374
2026-05-08 19:28:58.471 10 INFO neutron.api.wsgi [None req-d1fda3d0-8031-473f-8dc4-6bcf808eb328 5ebd1ae1c89b41449728bfdcf95f0c8a e399f693b9f2493897878de286aa0421 - - default default] 10.0.0.232 "GET /v2.0/extensions/multi-provider HTTP/1.1" status: 200 len: 406 time: 0.0034375
2026-05-08 19:28:58.482 9 INFO neutron.api.wsgi [None req-0f0740bb-a4ac-4935-a284-7b76769a3fd9 5ebd1ae1c89b41449728bfdcf95f0c8a e399f693b9f2493897878de286aa0421 - - default default] 10.0.0.232 "GET /v2.0/extensions/net-mtu HTTP/1.1" status: 200 len: 370 time: 0.0065539
2026-05-08 19:28:58.490 9 INFO neutron.api.wsgi [None req-fa6de007-93ce-460a-a33f-0084e31fd5cb 5ebd1ae1c89b41449728bfdcf95f0c8a e399f693b9f2493897878de286aa0421 - - default default] 10.0.0.232 "GET /v2.0/extensions/net-mtu-writable HTTP/1.1" status: 200 len: 401 time: 0.0047085
2026-05-08 19:28:58.498 9 INFO neutron.api.wsgi [None req-2847b384-de23-49e2-81f4-7280b4f69246 5ebd1ae1c89b41449728bfdcf95f0c8a e399f693b9f2493897878de286aa0421 - - default default] 10.0.0.232 "GET /v2.0/extensions/network_availability_zone HTTP/1.1" status: 200 len: 394 time: 0.0033734
2026-05-08 19:28:58.505 9 INFO neutron.api.wsgi [None req-096513b8-8668-4603-bb7b-cbd9df4fdd29 5ebd1ae1c89b41449728bfdcf95f0c8a e399f693b9f2493897878de286aa0421 - - default default] 10.0.0.232 "GET /v2.0/extensions/network-ip-availability HTTP/1.1" status: 200 len: 410 time: 0.0034027
2026-05-08 19:28:58.511 9 INFO neutron.api.wsgi [None req-bbd56e7d-30bf-46a8-a17b-d23d3e075bca 5ebd1ae1c89b41449728bfdcf95f0c8a e399f693b9f2493897878de286aa0421 - - default default] 10.0.0.232 "GET /v2.0/extensions/pagination HTTP/1.1" status: 200 len: 386 time: 0.0033305
2026-05-08 19:28:58.518 9 INFO neutron.api.wsgi [None req-48fc41d9-03ff-4526-976d-8544f9ae1c87 5ebd1ae1c89b41449728bfdcf95f0c8a e399f693b9f2493897878de286aa0421 - - default default] 10.0.0.232 "GET /v2.0/extensions/port-device-profile HTTP/1.1" status: 200 len: 383 time: 0.0040343
2026-05-08 19:28:58.524 9 INFO neutron.api.wsgi [None req-81665bba-0f65-4ffa-a511-60217887e807 5ebd1ae1c89b41449728bfdcf95f0c8a e399f693b9f2493897878de286aa0421 - - default default] 10.0.0.232 "GET /v2.0/extensions/port-mac-address-regenerate HTTP/1.1" status: 200 len: 403 time: 0.0032136
2026-05-08 19:28:58.530 9 INFO neutron.api.wsgi [None req-d7f2d60d-9c40-494e-bf10-500e1dbe8b0e 5ebd1ae1c89b41449728bfdcf95f0c8a e399f693b9f2493897878de286aa0421 - - default default] 10.0.0.232 "GET /v2.0/extensions/port-numa-affinity-policy HTTP/1.1" status: 200 len: 392 time: 0.0032055
2026-05-08 19:28:58.537 9 INFO neutron.api.wsgi [None req-2cc53201-a3a1-4d38-9e6a-467e4823e1e0 5ebd1ae1c89b41449728bfdcf95f0c8a e399f693b9f2493897878de286aa0421 - - default default] 10.0.0.232 "GET /v2.0/extensions/port-numa-affinity-policy-socket HTTP/1.1" status: 200 len: 434 time: 0.0033031
2026-05-08 19:28:58.544 10 INFO neutron.api.wsgi [None req-cbccecc8-38f1-4f60-9186-341e3e71e1d1 5ebd1ae1c89b41449728bfdcf95f0c8a e399f693b9f2493897878de286aa0421 - - default default] 10.0.0.232 "GET /v2.0/extensions/port-resource-request HTTP/1.1" status: 200 len: 379 time: 0.0042949
2026-05-08 19:28:58.547 10 INFO neutron.api.wsgi [None req-cd4a42ba-ff35-41be-af98-c2e910373b54 494980db994043e6a632448739bdce07 95f0bcadc64e49b0addf5622c0e7e2f8 - - default default] 10.0.0.232 "DELETE /v2.0/floatingips/36f6a65a-20d6-45b8-8a99-a8543b22f81a HTTP/1.1" status: 204 len: 168 time: 0.3400619
2026-05-08 19:28:58.553 9 INFO neutron.api.wsgi [None req-b0f2fa81-80db-4529-bd4f-f79c30eaafc1 5ebd1ae1c89b41449728bfdcf95f0c8a e399f693b9f2493897878de286aa0421 - - default default] 10.0.0.232 "GET /v2.0/extensions/port-resource-request-groups HTTP/1.1" status: 200 len: 465 time: 0.0056012
2026-05-08 19:28:58.559 9 INFO neutron.api.wsgi [None req-2c34643f-4600-43a1-90db-70be1cf83ed6 5ebd1ae1c89b41449728bfdcf95f0c8a e399f693b9f2493897878de286aa0421 - - default default] 10.0.0.232 "GET /v2.0/extensions/binding HTTP/1.1" status: 200 len: 387 time: 0.0033967
2026-05-08 19:28:58.567 10 INFO neutron.api.wsgi [None req-b4842b79-0e89-4f01-b314-5c41c2a931c6 5ebd1ae1c89b41449728bfdcf95f0c8a e399f693b9f2493897878de286aa0421 - - default default] 10.0.0.232 "GET /v2.0/extensions/binding-extended HTTP/1.1" status: 200 len: 406 time: 0.0038664
2026-05-08 19:28:58.574 9 INFO neutron.api.wsgi [None req-a0e3ef3d-3529-4680-848c-4ee9eb95c682 5ebd1ae1c89b41449728bfdcf95f0c8a e399f693b9f2493897878de286aa0421 - - default default] 10.0.0.232 "GET /v2.0/extensions/port-security HTTP/1.1" status: 200 len: 354 time: 0.0023417
2026-05-08 19:28:58.581 9 INFO neutron.api.wsgi [None req-a2558895-ae96-429e-90a8-371082004945 5ebd1ae1c89b41449728bfdcf95f0c8a e399f693b9f2493897878de286aa0421 - - default default] 10.0.0.232 "GET /v2.0/extensions/project-id HTTP/1.1" status: 200 len: 398 time: 0.0032039
2026-05-08 19:28:58.588 10 INFO neutron.api.wsgi [None req-9978a3e2-6dad-484d-bf3c-cf8f64787b70 5ebd1ae1c89b41449728bfdcf95f0c8a e399f693b9f2493897878de286aa0421 - - default default] 10.0.0.232 "GET /v2.0/extensions/provider HTTP/1.1" status: 200 len: 385 time: 0.0044432
2026-05-08 19:28:58.596 10 INFO neutron.api.wsgi [None req-a375be32-ed44-4b46-9383-618d25638865 5ebd1ae1c89b41449728bfdcf95f0c8a e399f693b9f2493897878de286aa0421 - - default default] 10.0.0.232 "GET /v2.0/extensions/qos HTTP/1.1" status: 200 len: 360 time: 0.0035207
2026-05-08 19:28:58.606 10 INFO neutron.api.wsgi [None req-ea251af0-422c-4a71-8dfb-a9ad28bb2277 5ebd1ae1c89b41449728bfdcf95f0c8a e399f693b9f2493897878de286aa0421 - - default default] 10.0.0.232 "GET /v2.0/extensions/qos-bw-limit-direction HTTP/1.1" status: 200 len: 452 time: 0.0065331
2026-05-08 19:28:58.612 10 INFO neutron.api.wsgi [None req-4de4ee86-23b9-4ffb-9c95-03be74fc704c 5ebd1ae1c89b41449728bfdcf95f0c8a e399f693b9f2493897878de286aa0421 - - default default] 10.0.0.232 "GET /v2.0/extensions/qos-bw-minimum-ingress HTTP/1.1" status: 200 len: 445 time: 0.0033519
2026-05-08 19:28:58.618 10 INFO neutron.api.wsgi [None req-1c26425a-59c5-451c-be6d-286c6c3dcbd8 5ebd1ae1c89b41449728bfdcf95f0c8a e399f693b9f2493897878de286aa0421 - - default default] 10.0.0.232 "GET /v2.0/extensions/qos-default HTTP/1.1" status: 200 len: 377 time: 0.0036798
2026-05-08 19:28:58.625 10 INFO neutron.api.wsgi [None req-22da3d90-1e6a-4517-9073-6f1202568633 5ebd1ae1c89b41449728bfdcf95f0c8a e399f693b9f2493897878de286aa0421 - - default default] 10.0.0.232 "GET /v2.0/extensions/qos-fip HTTP/1.1" status: 200 len: 372 time: 0.0033233
2026-05-08 19:28:58.630 10 INFO neutron.api.wsgi [None req-6e9b8ac5-1ec1-4c77-b13c-0adceb889469 5ebd1ae1c89b41449728bfdcf95f0c8a e399f693b9f2493897878de286aa0421 - - default default] 10.0.0.232 "GET /v2.0/extensions/qos-gateway-ip HTTP/1.1" status: 200 len: 391 time: 0.0030429
2026-05-08 19:28:58.636 10 INFO neutron.api.wsgi [None req-d89b2a6a-e284-414c-8e83-c94d1db81b47 5ebd1ae1c89b41449728bfdcf95f0c8a e399f693b9f2493897878de286aa0421 - - default default] 10.0.0.232 "GET /v2.0/extensions/qos-port-network-policy HTTP/1.1" status: 200 len: 403 time: 0.0031073
2026-05-08 19:28:58.646 10 INFO neutron.api.wsgi [None req-89c9eb16-e0dc-4faf-ad8b-07829b7cae4b 5ebd1ae1c89b41449728bfdcf95f0c8a e399f693b9f2493897878de286aa0421 - - default default] 10.0.0.232 "GET /v2.0/extensions/qos-pps-minimum HTTP/1.1" status: 200 len: 397 time: 0.0062447
2026-05-08 19:28:58.652 10 INFO neutron.api.wsgi [None req-ef11fad4-2f7a-4ae1-b6ae-40c5ffd1ffab 5ebd1ae1c89b41449728bfdcf95f0c8a e399f693b9f2493897878de286aa0421 - - default default] 10.0.0.232 "GET /v2.0/extensions/qos-pps-minimum-rule-alias HTTP/1.1" status: 200 len: 471 time: 0.0035231
2026-05-08 19:28:58.660 9 INFO neutron.api.wsgi [None req-32c3d6af-3b98-4f67-a706-425cb8d6e534 5ebd1ae1c89b41449728bfdcf95f0c8a e399f693b9f2493897878de286aa0421 - - default default] 10.0.0.232 "GET /v2.0/extensions/qos-pps HTTP/1.1" status: 200 len: 389 time: 0.0047188
2026-05-08 19:28:58.669 10 INFO neutron.api.wsgi [None req-7e4cf792-a791-4cf6-9782-b20622cdca8c 5ebd1ae1c89b41449728bfdcf95f0c8a e399f693b9f2493897878de286aa0421 - - default default] 10.0.0.232 "GET /v2.0/extensions/qos-rule-type-details HTTP/1.1" status: 200 len: 423 time: 0.0056603
2026-05-08 19:28:58.676 9 INFO neutron.api.wsgi [None req-401ba7a6-cd47-45c4-a0ea-c81b2d364086 5ebd1ae1c89b41449728bfdcf95f0c8a e399f693b9f2493897878de286aa0421 - - default default] 10.0.0.232 "GET /v2.0/extensions/qos-rule-type-filter HTTP/1.1" status: 200 len: 567 time: 0.0036440
2026-05-08 19:28:58.682 10 INFO neutron.api.wsgi [None req-a34597c3-5aeb-4993-a517-41abf2a162d8 5ebd1ae1c89b41449728bfdcf95f0c8a e399f693b9f2493897878de286aa0421 - - default default] 10.0.0.232 "GET /v2.0/extensions/qos-rules-alias HTTP/1.1" status: 200 len: 448 time: 0.0035732
2026-05-08 19:28:58.690 10 INFO neutron.api.wsgi [None req-6ac0082d-16ec-4cd1-9f89-f40873bb8a94 5ebd1ae1c89b41449728bfdcf95f0c8a e399f693b9f2493897878de286aa0421 - - default default] 10.0.0.232 "GET /v2.0/extensions/quota-check-limit HTTP/1.1" status: 200 len: 420 time: 0.0049613
2026-05-08 19:28:58.698 10 INFO neutron.api.wsgi [None req-7ae85931-4e6c-479e-baf5-0bf8a687b9da 5ebd1ae1c89b41449728bfdcf95f0c8a e399f693b9f2493897878de286aa0421 - - default default] 10.0.0.232 "GET /v2.0/extensions/quotas HTTP/1.1" status: 200 len: 386 time: 0.0038228
2026-05-08 19:28:58.707 10 INFO neutron.api.wsgi [None req-2ee957d7-56ab-4d11-bb26-c1dabe047cc0 5ebd1ae1c89b41449728bfdcf95f0c8a e399f693b9f2493897878de286aa0421 - - default default] 10.0.0.232 "GET /v2.0/extensions/quota_details HTTP/1.1" status: 200 len: 407 time: 0.0051148
2026-05-08 19:28:58.713 10 INFO neutron.api.wsgi [None req-3fda0213-78f5-4e89-abac-87487d705df2 5ebd1ae1c89b41449728bfdcf95f0c8a e399f693b9f2493897878de286aa0421 - - default default] 10.0.0.232 "GET /v2.0/extensions/rbac-policies HTTP/1.1" status: 200 len: 417 time: 0.0031722
2026-05-08 19:28:58.719 10 INFO neutron.api.wsgi [None req-3ca6a8d9-0a57-4941-ae20-e50d6eea3379 5ebd1ae1c89b41449728bfdcf95f0c8a e399f693b9f2493897878de286aa0421 - - default default] 10.0.0.232 "GET /v2.0/extensions/rbac-address-scope HTTP/1.1" status: 200 len: 384 time: 0.0031948
2026-05-08 19:28:58.726 10 INFO neutron.api.wsgi [None req-849623a6-6a2c-4b52-9009-947c90d7a867 5ebd1ae1c89b41449728bfdcf95f0c8a e399f693b9f2493897878de286aa0421 - - default default] 10.0.0.232 "GET /v2.0/extensions/rbac-security-groups HTTP/1.1" status: 200 len: 404 time: 0.0038564
2026-05-08 19:28:58.734 10 INFO neutron.api.wsgi [None req-f648bc81-4859-4ddc-9c4f-bdbfb5aa3a47 5ebd1ae1c89b41449728bfdcf95f0c8a e399f693b9f2493897878de286aa0421 - - default default] 10.0.0.232 "GET /v2.0/extensions/revision-if-match HTTP/1.1" status: 200 len: 441 time: 0.0048544
2026-05-08 19:28:58.740 10 INFO neutron.api.wsgi [None req-8e9a4e18-1c5f-49b3-b438-d3234562a9db 5ebd1ae1c89b41449728bfdcf95f0c8a e399f693b9f2493897878de286aa0421 - - default default] 10.0.0.232 "GET /v2.0/extensions/standard-attr-revisions HTTP/1.1" status: 200 len: 423 time: 0.0036147
2026-05-08 19:28:58.747 9 INFO neutron.api.wsgi [None req-368fd1c6-5284-469a-911d-87b7e8803f95 5ebd1ae1c89b41449728bfdcf95f0c8a e399f693b9f2493897878de286aa0421 - - default default] 10.0.0.232 "GET /v2.0/extensions/router_availability_zone HTTP/1.1" status: 200 len: 391 time: 0.0036471
2026-05-08 19:28:58.754 10 INFO neutron.api.wsgi [None req-2fd882dd-eb16-4add-9f94-4ee9e6ff2f60 5ebd1ae1c89b41449728bfdcf95f0c8a e399f693b9f2493897878de286aa0421 - - default default] 10.0.0.232 "GET /v2.0/extensions/security-groups-default-rules HTTP/1.1" status: 200 len: 456 time: 0.0038271
2026-05-08 19:28:58.761 10 INFO neutron.api.wsgi [None req-da1606cc-826b-40ec-aeae-b739a836fca6 5ebd1ae1c89b41449728bfdcf95f0c8a e399f693b9f2493897878de286aa0421 - - default default] 10.0.0.232 "GET /v2.0/extensions/security-groups-normalized-cidr HTTP/1.1" status: 200 len: 445 time: 0.0039294
2026-05-08 19:28:58.771 10 INFO neutron.api.wsgi [None req-4beb0cc9-56e3-4877-b6bf-80cb158da7a9 5ebd1ae1c89b41449728bfdcf95f0c8a e399f693b9f2493897878de286aa0421 - - default default] 10.0.0.232 "GET /v2.0/extensions/security-groups-remote-address-group HTTP/1.1" status: 200 len: 448 time: 0.0037448
2026-05-08 19:28:58.779 10 INFO neutron.api.wsgi [None req-ee0e1d29-ef5a-44a9-a7a7-bc6a251f3ed8 5ebd1ae1c89b41449728bfdcf95f0c8a e399f693b9f2493897878de286aa0421 - - default default] 10.0.0.232 "GET /v2.0/extensions/security-groups-rules-belongs-to-default-sg HTTP/1.1" status: 200 len: 508 time: 0.0027227
2026-05-08 19:28:58.786 10 INFO neutron.api.wsgi [None req-0935a251-4ce5-48ad-8f45-2e9bc58d6ffe 5ebd1ae1c89b41449728bfdcf95f0c8a e399f693b9f2493897878de286aa0421 - - default default] 10.0.0.232 "GET /v2.0/extensions/security-groups-shared-filtering HTTP/1.1" status: 200 len: 435 time: 0.0031028
2026-05-08 19:28:58.795 10 INFO neutron.api.wsgi [req-d2c710d0-2470-4364-bd03-3d7f8a933952 req-efac8665-9cdb-4506-896b-a0ddf2416c0d 85de8ff95b9347d9ae0110dc25057c9c 5797e5a055f342c092b3d99bea4bd5e6 - - 53ecfd3c19f44e4cbbdb025a05856ba3 53ecfd3c19f44e4cbbdb025a05856ba3] 199.204.45.78 "GET /v2.0/ports?tenant_id=afff69e10eb1437292a31dd29e5eea8a&device_id=7267dc1e-2b79-4081-9445-70d217dd9cac HTTP/1.1" status: 200 len: 1411 time: 0.0394156
2026-05-08 19:28:58.797 9 INFO neutron.api.wsgi [None req-fa87559d-fa5f-4d3b-8341-f32b4946240c 5ebd1ae1c89b41449728bfdcf95f0c8a e399f693b9f2493897878de286aa0421 - - default default] 10.0.0.232 "GET /v2.0/extensions/security-group HTTP/1.1" status: 200 len: 364 time: 0.0056963
2026-05-08 19:28:58.803 10 INFO neutron.plugins.ml2.drivers.ovn.mech_driver.mech_driver [None req-85983925-7313-42f6-8031-49c12a0756ea - - - - - -] OVN reports status up for port: d1c3a025-27db-4a09-83f7-4f0b1f0d4672
2026-05-08 19:28:58.807 9 INFO neutron.api.wsgi [None req-7b57d6a5-e4b4-4374-a0be-0c03268befff 5ebd1ae1c89b41449728bfdcf95f0c8a e399f693b9f2493897878de286aa0421 - - default default] 10.0.0.232 "GET /v2.0/extensions/segment HTTP/1.1" status: 200 len: 339 time: 0.0058315
2026-05-08 19:28:58.814 10 INFO neutron.api.wsgi [None req-16022daf-3736-42da-9175-dc56daff7dc7 5ebd1ae1c89b41449728bfdcf95f0c8a e399f693b9f2493897878de286aa0421 - - default default] 10.0.0.232 "GET /v2.0/extensions/segments-peer-subnet-host-routes HTTP/1.1" status: 200 len: 427 time: 0.0031359
2026-05-08 19:28:58.820 9 INFO neutron.api.wsgi [None req-4dad70c5-1493-4bb2-8a85-304ed4d31713 5ebd1ae1c89b41449728bfdcf95f0c8a e399f693b9f2493897878de286aa0421 - - default default] 10.0.0.232 "GET /v2.0/extensions/service-type HTTP/1.1" status: 200 len: 415 time: 0.0044611
2026-05-08 19:28:58.824 10 INFO neutron.api.wsgi [req-d2c710d0-2470-4364-bd03-3d7f8a933952 req-6cb45eb8-c487-4d54-82cb-001aefba5657 85de8ff95b9347d9ae0110dc25057c9c 5797e5a055f342c092b3d99bea4bd5e6 - - 53ecfd3c19f44e4cbbdb025a05856ba3 53ecfd3c19f44e4cbbdb025a05856ba3] 199.204.45.78 "GET /v2.0/floatingips?fixed_ip_address=10.100.0.12&port_id=c907ef21-0a52-47b8-986e-dfbc5afa4350 HTTP/1.1" status: 200 len: 217 time: 0.0207906
2026-05-08 19:28:58.830 9 INFO neutron.api.wsgi [None req-035d3ff0-37d5-4ea0-9725-f708d2abdd1b 5ebd1ae1c89b41449728bfdcf95f0c8a e399f693b9f2493897878de286aa0421 - - default default] 10.0.0.232 "GET /v2.0/extensions/sorting HTTP/1.1" status: 200 len: 377 time: 0.0070686
2026-05-08 19:28:58.831 10 INFO neutron.plugins.ml2.plugin [None req-85983925-7313-42f6-8031-49c12a0756ea - - - - - -] Attempt 1 to provision port d1c3a025-27db-4a09-83f7-4f0b1f0d4672
2026-05-08 19:28:58.838 10 INFO neutron.api.wsgi [None req-0aa013dd-ba68-4e01-96d0-882b542d2257 5ebd1ae1c89b41449728bfdcf95f0c8a e399f693b9f2493897878de286aa0421 - - default default] 10.0.0.232 "GET /v2.0/extensions/standard-attr-segment HTTP/1.1" status: 200 len: 406 time: 0.0039759
2026-05-08 19:28:58.846 9 INFO neutron.api.wsgi [None req-bb36cf7c-a077-44b4-a3e1-df4610b78b50 5ebd1ae1c89b41449728bfdcf95f0c8a e399f693b9f2493897878de286aa0421 - - default default] 10.0.0.232 "GET /v2.0/extensions/standard-attr-description HTTP/1.1" status: 200 len: 408 time: 0.0046229
2026-05-08 19:28:58.853 10 INFO neutron.api.wsgi [None req-aea7103a-c353-47f9-936c-7054fc921fb3 5ebd1ae1c89b41449728bfdcf95f0c8a e399f693b9f2493897878de286aa0421 - - default default] 10.0.0.232 "GET /v2.0/extensions/stateful-security-group HTTP/1.1" status: 200 len: 402 time: 0.0036352
2026-05-08 19:28:58.863 10 INFO neutron.api.wsgi [req-d2c710d0-2470-4364-bd03-3d7f8a933952 req-28eb53b4-e6a5-4791-a077-8b45a9b27716 85de8ff95b9347d9ae0110dc25057c9c 5797e5a055f342c092b3d99bea4bd5e6 - - 53ecfd3c19f44e4cbbdb025a05856ba3 53ecfd3c19f44e4cbbdb025a05856ba3] 199.204.45.78 "GET /v2.0/subnets?id=1cb20e06-bf2e-41fe-809a-ac21fa641e4c HTTP/1.1" status: 200 len: 895 time: 0.0366454
2026-05-08 19:28:58.866 10 INFO neutron.api.wsgi [None req-fb0d137c-11d2-4408-8613-ccac5e9ae296 5ebd1ae1c89b41449728bfdcf95f0c8a e399f693b9f2493897878de286aa0421 - - default default] 10.0.0.232 "GET /v2.0/extensions/subnet-dns-publish-fixed-ip HTTP/1.1" status: 200 len: 421 time: 0.0057361
2026-05-08 19:28:58.875 9 INFO neutron.api.wsgi [None req-f0945aee-d376-41b0-9447-0fa73ccbc1d9 5ebd1ae1c89b41449728bfdcf95f0c8a e399f693b9f2493897878de286aa0421 - - default default] 10.0.0.232 "GET /v2.0/extensions/subnet-external-network HTTP/1.1" status: 200 len: 418 time: 0.0050948
2026-05-08 19:28:58.885 9 INFO neutron.api.wsgi [None req-9b2ba482-0c22-4cef-9b06-fc0c1c32a4b1 5ebd1ae1c89b41449728bfdcf95f0c8a e399f693b9f2493897878de286aa0421 - - default default] 10.0.0.232 "GET /v2.0/extensions/subnet-segmentid-writable HTTP/1.1" status: 200 len: 421 time: 0.0057607
2026-05-08 19:28:58.891 10 INFO neutron.api.wsgi [None req-d3504675-ba0e-42e6-b8b0-122381dd5fcd 5ebd1ae1c89b41449728bfdcf95f0c8a e399f693b9f2493897878de286aa0421 - - default default] 10.0.0.232 "GET /v2.0/extensions/subnet-service-types HTTP/1.1" status: 200 len: 400 time: 0.0030785
2026-05-08 19:28:58.892 10 INFO neutron.api.wsgi [req-d2c710d0-2470-4364-bd03-3d7f8a933952 req-14801616-7001-4093-9b63-d073ac699607 85de8ff95b9347d9ae0110dc25057c9c 5797e5a055f342c092b3d99bea4bd5e6 - - 53ecfd3c19f44e4cbbdb025a05856ba3 53ecfd3c19f44e4cbbdb025a05856ba3] 199.204.45.78 "GET /v2.0/ports?network_id=2fd1a671-da05-4e5d-aa93-886f36eb7a0a&device_owner=network%3Adhcp HTTP/1.1" status: 200 len: 210 time: 0.0185368
2026-05-08 19:28:58.896 10 INFO neutron.api.wsgi [None req-3b1637fc-09b8-48af-931b-3df9d2f406d6 5ebd1ae1c89b41449728bfdcf95f0c8a e399f693b9f2493897878de286aa0421 - - default default] 10.0.0.232 "GET /v2.0/extensions/subnet_allocation HTTP/1.1" status: 200 len: 388 time: 0.0027194
2026-05-08 19:28:58.903 9 INFO neutron.api.wsgi [None req-44e033aa-b1e2-4144-99cf-93644d4c7207 5ebd1ae1c89b41449728bfdcf95f0c8a e399f693b9f2493897878de286aa0421 - - default default] 10.0.0.232 "GET /v2.0/extensions/subnetpool-prefix-ops HTTP/1.1" status: 200 len: 418 time: 0.0038872
2026-05-08 19:28:58.908 10 INFO neutron.api.wsgi [None req-e4edb6ae-8e5a-4e3d-8c79-8ef22d621123 5ebd1ae1c89b41449728bfdcf95f0c8a e399f693b9f2493897878de286aa0421 - - default default] 10.0.0.232 "GET /v2.0/extensions/tag-creation HTTP/1.1" status: 200 len: 384 time: 0.0032117
2026-05-08 19:28:58.915 10 INFO neutron.api.wsgi [None req-c4641619-1e32-496a-8743-a68c7c63a09e 5ebd1ae1c89b41449728bfdcf95f0c8a e399f693b9f2493897878de286aa0421 - - default default] 10.0.0.232 "GET /v2.0/extensions/standard-attr-tag HTTP/1.1" status: 200 len: 537 time: 0.0043240
2026-05-08 19:28:58.922 9 INFO neutron.api.wsgi [None req-d45048d5-777c-4a17-afff-f5c125bbe4d2 5ebd1ae1c89b41449728bfdcf95f0c8a e399f693b9f2493897878de286aa0421 - - default default] 10.0.0.232 "GET /v2.0/extensions/standard-attr-timestamp HTTP/1.1" status: 200 len: 449 time: 0.0047989
2026-05-08 19:28:58.929 9 INFO neutron.api.wsgi [None req-b91e4dba-3add-4aab-8ad0-7de329808ea6 5ebd1ae1c89b41449728bfdcf95f0c8a e399f693b9f2493897878de286aa0421 - - default default] 10.0.0.232 "GET /v2.0/extensions/trunk HTTP/1.1" status: 200 len: 358 time: 0.0032558
2026-05-08 19:28:58.946 10 INFO neutron.api.wsgi [req-d2c710d0-2470-4364-bd03-3d7f8a933952 req-8184f538-71b8-429c-ac0c-2934dde3f9a6 85de8ff95b9347d9ae0110dc25057c9c 5797e5a055f342c092b3d99bea4bd5e6 - - 53ecfd3c19f44e4cbbdb025a05856ba3 53ecfd3c19f44e4cbbdb025a05856ba3] 199.204.45.78 "GET /v2.0/networks/2fd1a671-da05-4e5d-aa93-886f36eb7a0a?fields=segments HTTP/1.1" status: 200 len: 212 time: 0.0487685
2026-05-08 19:28:58.946 9 INFO neutron.api.wsgi [None req-ae357fe5-1d58-4984-996d-b206c7d10a2e 5ebd1ae1c89b41449728bfdcf95f0c8a e399f693b9f2493897878de286aa0421 - - default default] 10.0.0.232 "GET /v2.0/extensions/trunk-details HTTP/1.1" status: 200 len: 362 time: 0.0038242
2026-05-08 19:28:58.953 9 INFO neutron.api.wsgi [None req-fce2c576-e53e-416e-9b4e-8cb80ed2b868 5ebd1ae1c89b41449728bfdcf95f0c8a e399f693b9f2493897878de286aa0421 - - default default] 10.0.0.232 "GET /v2.0/extensions/vpn-agent-scheduler HTTP/1.1" status: 200 len: 393 time: 0.0031328
2026-05-08 19:28:58.960 9 INFO neutron.api.wsgi [None req-72bd9ef1-5cb6-4034-b5ab-2be59a20792e 5ebd1ae1c89b41449728bfdcf95f0c8a e399f693b9f2493897878de286aa0421 - - default default] 10.0.0.232 "GET /v2.0/extensions/vpn-endpoint-groups HTTP/1.1" status: 200 len: 371 time: 0.0031042
2026-05-08 19:28:58.967 9 INFO neutron.api.wsgi [None req-ba4f39cc-9104-4e43-a399-ad3871db396f 5ebd1ae1c89b41449728bfdcf95f0c8a e399f693b9f2493897878de286aa0421 - - default default] 10.0.0.232 "GET /v2.0/extensions/vpn-flavors HTTP/1.1" status: 200 len: 376 time: 0.0046635
2026-05-08 19:28:58.982 9 INFO neutron.api.wsgi [None req-19566956-d42d-4052-be7f-7c65953b53f9 5ebd1ae1c89b41449728bfdcf95f0c8a e399f693b9f2493897878de286aa0421 - - default default] 10.0.0.232 "GET /v2.0/extensions/vpnaas HTTP/1.1" status: 200 len: 348 time: 0.0118501
2026-05-08 19:28:59.205 10 INFO neutron.notifiers.nova [-] Nova event matching ['req-c819ce9d-26e6-49bb-bdfc-6c8c988cb4f4'] response: {'server_uuid': '4279a293-401a-452a-9be7-d9106f85f58b', 'name': 'network-vif-plugged', 'status': 'completed', 'tag': 'd1c3a025-27db-4a09-83f7-4f0b1f0d4672', 'code': 200}
2026-05-08 19:28:59.213 10 INFO neutron.api.wsgi [req-d2c710d0-2470-4364-bd03-3d7f8a933952 req-731aa018-fe2f-423d-98eb-68cd1d63dd75 85de8ff95b9347d9ae0110dc25057c9c 5797e5a055f342c092b3d99bea4bd5e6 - - 53ecfd3c19f44e4cbbdb025a05856ba3 53ecfd3c19f44e4cbbdb025a05856ba3] 199.204.45.78 "GET /v2.0/networks/2fd1a671-da05-4e5d-aa93-886f36eb7a0a?fields=provider%3Aphysical_network&fields=provider%3Anetwork_type HTTP/1.1" status: 200 len: 277 time: 0.2637258
2026-05-08 19:28:59.293 10 INFO neutron.db.ovn_revision_numbers_db [None req-85983925-7313-42f6-8031-49c12a0756ea - - - - - -] Successfully bumped revision number for resource d1c3a025-27db-4a09-83f7-4f0b1f0d4672 (type: ports) to 5 /var/lib/openstack/lib/python3.12/site-packages/pycadf/identifier.py:71: UserWarning: Invalid uuid: neutron. To ensure interoperability, identifiers should be a valid uuid. warnings.warn(('Invalid uuid: %s. To ensure interoperability, '
2026-05-08 19:28:59.432 10 INFO neutron.api.wsgi [req-33bc2b7e-7778-4375-b7fe-ebe4eb0b8a2b req-c7f8b143-d36c-4b8c-9db8-f62a7c8b0f12 30e59913094244e7814976ad4872b377 afff69e10eb1437292a31dd29e5eea8a - - default default] 10.0.0.212 "GET /v2.0/ports?device_id=7267dc1e-2b79-4081-9445-70d217dd9cac HTTP/1.1" status: 200 len: 1172 time: 0.0322056
2026-05-08 19:28:59.469 10 INFO neutron.api.wsgi [req-33bc2b7e-7778-4375-b7fe-ebe4eb0b8a2b req-be1bc02f-d9c8-420d-87b8-51c5d26afd34 30e59913094244e7814976ad4872b377 afff69e10eb1437292a31dd29e5eea8a - - default default] 10.0.0.212 "GET /v2.0/security-groups?id=d294acf6-12c5-4db1-b4a5-da67f45f9263&fields=id&fields=name HTTP/1.1" status: 200 len: 286 time: 0.0297496
2026-05-08 19:28:59.543 10 INFO neutron.api.wsgi [req-106e9502-2168-428f-846a-a4d4c4c477da req-71c23b59-7e85-43ce-8291-1ba7a98f9faa 1e592c1a9c994f049b517df17f283fb1 105db2ec97184334b04dd74814d07ab1 - - default default] 10.0.0.212 "GET /v2.0/ports?device_id=4279a293-401a-452a-9be7-d9106f85f58b HTTP/1.1" status: 200 len: 1170 time: 0.0284741
2026-05-08 19:28:59.582 10 INFO neutron.api.wsgi [req-106e9502-2168-428f-846a-a4d4c4c477da req-b23489e1-a2b8-4a17-b61a-b46aa14959ce 1e592c1a9c994f049b517df17f283fb1 105db2ec97184334b04dd74814d07ab1 - - default default] 10.0.0.212 "GET /v2.0/security-groups?id=8e0bb23e-f164-49a3-a412-2e7436392f08&fields=id&fields=name HTTP/1.1" status: 200 len: 313 time: 0.0318096
2026-05-08 19:28:59.686 9 INFO neutron.api.wsgi [None req-c3c842c5-cd5d-4dd1-ae16-a8aa85d1a419 adb97ff98a81444a86830e8de97d6947 5a7b02ab22e94979b760bd9eea46d75d - - default default] 10.0.0.232 "PUT /v2.0/routers/abd7dffc-f47d-44c3-8169-ba050b34d322/remove_router_interface HTTP/1.1" status: 200 len: 503 time: 1.0828118
2026-05-08 19:28:59.710 10 INFO neutron.db.ovn_revision_numbers_db [None req-283af5de-0cd9-4900-aabd-7e10f099b98a adb97ff98a81444a86830e8de97d6947 5a7b02ab22e94979b760bd9eea46d75d - - default default] Successfully bumped revision number for resource 94bc926a-f073-4aff-adbb-4c9e99aa1045 (type: security_groups) to 1
2026-05-08 19:28:59.726 10 INFO neutron.db.ovn_revision_numbers_db [None req-283af5de-0cd9-4900-aabd-7e10f099b98a adb97ff98a81444a86830e8de97d6947 5a7b02ab22e94979b760bd9eea46d75d - - default default] Successfully bumped revision number for resource 4215c84b-115f-4233-91c2-72cb1616c636 (type: security_group_rules) to 0
2026-05-08 19:28:59.744 10 INFO neutron.db.ovn_revision_numbers_db [None req-283af5de-0cd9-4900-aabd-7e10f099b98a adb97ff98a81444a86830e8de97d6947 5a7b02ab22e94979b760bd9eea46d75d - - default default] Successfully bumped revision number for resource 601bd6bf-e8cd-4f4c-974e-32cd3ddf5915 (type: security_group_rules) to 0
2026-05-08 19:28:59.757 10 INFO neutron.db.ovn_revision_numbers_db [None req-283af5de-0cd9-4900-aabd-7e10f099b98a adb97ff98a81444a86830e8de97d6947 5a7b02ab22e94979b760bd9eea46d75d - - default default] Successfully bumped revision number for resource 76664fee-b9c9-4885-a1b6-310c5d8cb485 (type: security_group_rules) to 0
2026-05-08 19:28:59.780 10 INFO neutron.db.ovn_revision_numbers_db [None req-283af5de-0cd9-4900-aabd-7e10f099b98a adb97ff98a81444a86830e8de97d6947 5a7b02ab22e94979b760bd9eea46d75d - - default default] Successfully bumped revision number for resource e320ac10-98b3-417f-b28b-8df85203a8e8 (type: security_group_rules) to 0
2026-05-08 19:28:59.823 10 INFO neutron.api.wsgi [None req-283af5de-0cd9-4900-aabd-7e10f099b98a adb97ff98a81444a86830e8de97d6947 5a7b02ab22e94979b760bd9eea46d75d - - default default] 10.0.0.232 "GET /v2.0/security-groups?tenant_id=e399f693b9f2493897878de286aa0421&name=default HTTP/1.1" status: 200 len: 3120 time: 0.3407123 /var/lib/openstack/lib/python3.12/site-packages/pycadf/identifier.py:71: UserWarning: Invalid uuid: neutron. To ensure interoperability, identifiers should be a valid uuid. warnings.warn(('Invalid uuid: %s. To ensure interoperability, '
2026-05-08 19:28:59.995 9 INFO neutron.api.wsgi [None req-b5720482-fdb6-4a7b-a5d7-26d1174f2b2a adb97ff98a81444a86830e8de97d6947 5a7b02ab22e94979b760bd9eea46d75d - - default default] 10.0.0.232 "DELETE /v2.0/security-groups/94bc926a-f073-4aff-adbb-4c9e99aa1045 HTTP/1.1" status: 204 len: 168 time: 0.1662142
2026-05-08 19:29:00.311 10 INFO neutron.api.wsgi [None req-dc4e9ca9-6d48-49d4-b0c3-cef09bf39911 adb97ff98a81444a86830e8de97d6947 5a7b02ab22e94979b760bd9eea46d75d - - default default] 10.0.0.232 "DELETE /v2.0/routers/abd7dffc-f47d-44c3-8169-ba050b34d322 HTTP/1.1" status: 204 len: 168 time: 0.6060262
2026-05-08 19:29:00.467 10 INFO neutron.api.wsgi [None req-c6fdb028-eacc-42d6-8511-6889f2fd4b14 adb97ff98a81444a86830e8de97d6947 5a7b02ab22e94979b760bd9eea46d75d - - default default] 10.0.0.232 "DELETE /v2.0/subnets/9fc42e52-bcd4-440d-a04a-e308d305fc89 HTTP/1.1" status: 204 len: 168 time: 0.1510832
