2026-05-08 19:29:18.927 9 INFO neutron.services.segments.plugin [-] Segment 1cbd6e68-7249-4b82-8ffa-07387053b6b1 resource provider not found; error: Placement Client Error (4xx): {"errors": [{"status": 404, "title": "Not Found", "detail": "The resource could not be found.\n\n No resource provider with uuid 1cbd6e68-7249-4b82-8ffa-07387053b6b1 found for delete ", "request_id": "req-c30a0570-59c0-4a53-b175-06602988be46"}]}
2026-05-08 19:29:19.101 10 INFO neutron.api.wsgi [req-f828c81c-31cd-456e-9926-f1e8fbdcaa01 req-cb4c1c45-269f-4558-a4f1-b635a4cd8a5a 1e592c1a9c994f049b517df17f283fb1 105db2ec97184334b04dd74814d07ab1 - - default default] 10.0.0.212 "GET /v2.0/ports?device_id=4279a293-401a-452a-9be7-d9106f85f58b HTTP/1.1" status: 200 len: 1170 time: 0.0397618
2026-05-08 19:29:19.138 10 INFO neutron.api.wsgi [req-f828c81c-31cd-456e-9926-f1e8fbdcaa01 req-00c802cc-aba7-481e-9364-525b0388a93d 1e592c1a9c994f049b517df17f283fb1 105db2ec97184334b04dd74814d07ab1 - - default default] 10.0.0.212 "GET /v2.0/security-groups?id=8e0bb23e-f164-49a3-a412-2e7436392f08&fields=id&fields=name HTTP/1.1" status: 200 len: 313 time: 0.0310180
2026-05-08 19:29:19.456 10 INFO neutron.api.wsgi [req-1fbf1718-de57-4d46-a582-af40dba5dbd4 req-6e5559b7-94cb-422c-b7e3-ea9c5c47e804 85de8ff95b9347d9ae0110dc25057c9c 5797e5a055f342c092b3d99bea4bd5e6 - - 53ecfd3c19f44e4cbbdb025a05856ba3 53ecfd3c19f44e4cbbdb025a05856ba3] 199.204.45.78 "GET /v2.0/ports?tenant_id=105db2ec97184334b04dd74814d07ab1&device_id=4279a293-401a-452a-9be7-d9106f85f58b HTTP/1.1" status: 200 len: 1409 time: 0.0369296
2026-05-08 19:29:19.506 10 INFO neutron.api.wsgi [req-1fbf1718-de57-4d46-a582-af40dba5dbd4 req-6baedd38-70a0-4601-b77a-ac30d1fdf68b 85de8ff95b9347d9ae0110dc25057c9c 5797e5a055f342c092b3d99bea4bd5e6 - - 53ecfd3c19f44e4cbbdb025a05856ba3 53ecfd3c19f44e4cbbdb025a05856ba3] 199.204.45.78 "GET /v2.0/networks?id=88f3a121-814f-4897-8b1f-798268a7cf09 HTTP/1.1" status: 200 len: 974 time: 0.0445170
2026-05-08 19:29:19.550 10 INFO neutron.api.wsgi [req-1fbf1718-de57-4d46-a582-af40dba5dbd4 req-17839f20-f7ae-4453-b442-980b6aadf8ff 85de8ff95b9347d9ae0110dc25057c9c 5797e5a055f342c092b3d99bea4bd5e6 - - 53ecfd3c19f44e4cbbdb025a05856ba3 53ecfd3c19f44e4cbbdb025a05856ba3] 199.204.45.78 "GET /v2.0/floatingips?fixed_ip_address=10.100.0.9&port_id=d1c3a025-27db-4a09-83f7-4f0b1f0d4672 HTTP/1.1" status: 200 len: 1059 time: 0.0397973
2026-05-08 19:29:19.576 10 INFO neutron.api.wsgi [req-1fbf1718-de57-4d46-a582-af40dba5dbd4 req-a14736fd-8e40-40a6-9e39-6a6c4c31e6ef 85de8ff95b9347d9ae0110dc25057c9c 5797e5a055f342c092b3d99bea4bd5e6 - - 53ecfd3c19f44e4cbbdb025a05856ba3 53ecfd3c19f44e4cbbdb025a05856ba3] 199.204.45.78 "GET /v2.0/subnets?id=5fe9d313-6014-4869-b869-d3b8d312c4ac HTTP/1.1" status: 200 len: 893 time: 0.0210755
2026-05-08 19:29:19.597 10 INFO neutron.api.wsgi [req-1fbf1718-de57-4d46-a582-af40dba5dbd4 req-13e931da-8c28-4928-9481-4fef11b42993 85de8ff95b9347d9ae0110dc25057c9c 5797e5a055f342c092b3d99bea4bd5e6 - - 53ecfd3c19f44e4cbbdb025a05856ba3 53ecfd3c19f44e4cbbdb025a05856ba3] 199.204.45.78 "GET /v2.0/ports?network_id=88f3a121-814f-4897-8b1f-798268a7cf09&device_owner=network%3Adhcp HTTP/1.1" status: 200 len: 210 time: 0.0166256
2026-05-08 19:29:19.639 10 INFO neutron.api.wsgi [req-1fbf1718-de57-4d46-a582-af40dba5dbd4 req-61061fe9-b000-4584-b98f-f84c1cd2647b 85de8ff95b9347d9ae0110dc25057c9c 5797e5a055f342c092b3d99bea4bd5e6 - - 53ecfd3c19f44e4cbbdb025a05856ba3 53ecfd3c19f44e4cbbdb025a05856ba3] 199.204.45.78 "GET /v2.0/networks/88f3a121-814f-4897-8b1f-798268a7cf09?fields=segments HTTP/1.1" status: 200 len: 212 time: 0.0378478
2026-05-08 19:29:19.685 10 INFO neutron.api.wsgi [req-1fbf1718-de57-4d46-a582-af40dba5dbd4 req-e3d363bf-14ce-4cfb-8ddc-903eaa4ee1f2 85de8ff95b9347d9ae0110dc25057c9c 5797e5a055f342c092b3d99bea4bd5e6 - - 53ecfd3c19f44e4cbbdb025a05856ba3 53ecfd3c19f44e4cbbdb025a05856ba3] 199.204.45.78 "GET /v2.0/networks/88f3a121-814f-4897-8b1f-798268a7cf09?fields=provider%3Aphysical_network&fields=provider%3Anetwork_type HTTP/1.1" status: 200 len: 277 time: 0.0394406
2026-05-08 19:29:20.261 10 INFO neutron.api.wsgi [req-2c7c3169-947f-4606-b463-e8cc274dd5c7 req-3fb9bdc4-240c-400b-b60e-ad71783f60de 1e592c1a9c994f049b517df17f283fb1 105db2ec97184334b04dd74814d07ab1 - - default default] 10.0.0.212 "GET /v2.0/ports?device_id=4279a293-401a-452a-9be7-d9106f85f58b HTTP/1.1" status: 200 len: 1170 time: 0.0513611
2026-05-08 19:29:20.315 10 INFO neutron.api.wsgi [req-2c7c3169-947f-4606-b463-e8cc274dd5c7 req-607e2dfa-843c-4cc8-b027-080815521a94 1e592c1a9c994f049b517df17f283fb1 105db2ec97184334b04dd74814d07ab1 - - default default] 10.0.0.212 "GET /v2.0/security-groups?id=8e0bb23e-f164-49a3-a412-2e7436392f08&fields=id&fields=name HTTP/1.1" status: 200 len: 313 time: 0.0461695
2026-05-08 19:29:20.751 10 WARNING neutron_lib.context [None req-5acc24e0-9640-4236-9508-100b951571e4 4b8a526ab2614b17b01186691e371e31 7a7087463dbc41f5a480240c89309829 - - default default] Method 'is_advsvc' is deprecated since 2023.2 release (neutron-lib 3.8.0) and will be removed once support for the old RBAC API policies will be removed from Neutron. Please use method 'is_service_role' instead.
2026-05-08 19:29:20.873 10 INFO neutron.db.ovn_revision_numbers_db [None req-5acc24e0-9640-4236-9508-100b951571e4 4b8a526ab2614b17b01186691e371e31 7a7087463dbc41f5a480240c89309829 - - default default] Successfully bumped revision number for resource d8f1dde4-7e03-4315-b2e6-d20491766310 (type: security_groups) to 1
2026-05-08 19:29:20.889 10 INFO neutron.db.ovn_revision_numbers_db [None req-5acc24e0-9640-4236-9508-100b951571e4 4b8a526ab2614b17b01186691e371e31 7a7087463dbc41f5a480240c89309829 - - default default] Successfully bumped revision number for resource 12819cd6-d620-44eb-aecb-1bbbeec25955 (type: security_group_rules) to 0
2026-05-08 19:29:20.899 10 INFO neutron.db.ovn_revision_numbers_db [None req-5acc24e0-9640-4236-9508-100b951571e4 4b8a526ab2614b17b01186691e371e31 7a7087463dbc41f5a480240c89309829 - - default default] Successfully bumped revision number for resource 41f9be0c-9f55-433f-b50b-834bd91884b1 (type: security_group_rules) to 0
2026-05-08 19:29:20.911 10 INFO neutron.db.ovn_revision_numbers_db [None req-5acc24e0-9640-4236-9508-100b951571e4 4b8a526ab2614b17b01186691e371e31 7a7087463dbc41f5a480240c89309829 - - default default] Successfully bumped revision number for resource 84358fbf-7991-4463-8349-0bb4c3396f66 (type: security_group_rules) to 0
2026-05-08 19:29:20.925 10 INFO neutron.db.ovn_revision_numbers_db [None req-5acc24e0-9640-4236-9508-100b951571e4 4b8a526ab2614b17b01186691e371e31 7a7087463dbc41f5a480240c89309829 - - default default] Successfully bumped revision number for resource e4f3f5ad-6120-4135-86ad-3a8821b99fb1 (type: security_group_rules) to 0
2026-05-08 19:29:20.992 10 INFO neutron.db.segments_db [None req-5acc24e0-9640-4236-9508-100b951571e4 4b8a526ab2614b17b01186691e371e31 7a7087463dbc41f5a480240c89309829 - - default default] Added segment 1261aff4-b702-4d14-b19d-95bbae69f4cd of type geneve for network 97b8a252-08f1-4cc1-9cbd-98a698b90779
2026-05-08 19:29:21.111 10 INFO neutron.db.ovn_revision_numbers_db [None req-5acc24e0-9640-4236-9508-100b951571e4 4b8a526ab2614b17b01186691e371e31 7a7087463dbc41f5a480240c89309829 - - default default] Successfully bumped revision number for resource 97b8a252-08f1-4cc1-9cbd-98a698b90779 (type: networks) to 1
2026-05-08 19:29:21.216 9 INFO neutron.db.ovn_revision_numbers_db [None req-344d1edc-f9c5-496c-b97c-91d20a3b0186 adb97ff98a81444a86830e8de97d6947 5a7b02ab22e94979b760bd9eea46d75d - - default default] Successfully bumped revision number for resource 269427e6-f57c-4328-8c9c-b9f3c4db7925 (type: security_groups) to 1
2026-05-08 19:29:21.230 9 INFO neutron.db.ovn_revision_numbers_db [None req-344d1edc-f9c5-496c-b97c-91d20a3b0186 adb97ff98a81444a86830e8de97d6947 5a7b02ab22e94979b760bd9eea46d75d - - default default] Successfully bumped revision number for resource 4517189d-0d5a-4d7e-83ab-23d8c6487d6e (type: security_group_rules) to 0
2026-05-08 19:29:21.244 9 INFO neutron.db.ovn_revision_numbers_db [None req-344d1edc-f9c5-496c-b97c-91d20a3b0186 adb97ff98a81444a86830e8de97d6947 5a7b02ab22e94979b760bd9eea46d75d - - default default] Successfully bumped revision number for resource 7c7bd16f-8ff5-4c77-a8ad-af371ce5e7f6 (type: security_group_rules) to 0
2026-05-08 19:29:21.255 9 INFO neutron.db.ovn_revision_numbers_db [None req-344d1edc-f9c5-496c-b97c-91d20a3b0186 adb97ff98a81444a86830e8de97d6947 5a7b02ab22e94979b760bd9eea46d75d - - default default] Successfully bumped revision number for resource 92ce7e17-009b-42eb-9ecd-1627075a0988 (type: security_group_rules) to 0
2026-05-08 19:29:21.266 10 WARNING neutron.scheduler.dhcp_agent_scheduler [None req-5acc24e0-9640-4236-9508-100b951571e4 4b8a526ab2614b17b01186691e371e31 7a7087463dbc41f5a480240c89309829 - - default default] No more DHCP agents
2026-05-08 19:29:21.267 10 WARNING neutron.api.rpc.agentnotifiers.dhcp_rpc_agent_api [None req-5acc24e0-9640-4236-9508-100b951571e4 4b8a526ab2614b17b01186691e371e31 7a7087463dbc41f5a480240c89309829 - - default default] Unable to schedule network 97b8a252-08f1-4cc1-9cbd-98a698b90779: no agents available; will retry on subsequent port and subnet creation events.
2026-05-08 19:29:21.268 9 INFO neutron.db.ovn_revision_numbers_db [None req-344d1edc-f9c5-496c-b97c-91d20a3b0186 adb97ff98a81444a86830e8de97d6947 5a7b02ab22e94979b760bd9eea46d75d - - default default] Successfully bumped revision number for resource ad509fbc-16e0-48fb-81da-2db6945ce316 (type: security_group_rules) to 0
2026-05-08 19:29:21.324 10 INFO neutron.db.ovn_revision_numbers_db [None req-269bfda6-43d2-4fcb-8082-03d4d17cd096 adb97ff98a81444a86830e8de97d6947 5a7b02ab22e94979b760bd9eea46d75d - - default default] Successfully bumped revision number for resource 82953a54-00b1-4d67-a7e2-79de5399ee0f (type: security_groups) to 1
2026-05-08 19:29:21.341 10 INFO neutron.plugins.ml2.drivers.ovn.mech_driver.mech_driver [None req-feae8c1a-812b-4b38-81ee-a0270009566c - - - - - -] OVN reports status down for port: d1c3a025-27db-4a09-83f7-4f0b1f0d4672
2026-05-08 19:29:21.343 9 INFO neutron.api.wsgi [None req-344d1edc-f9c5-496c-b97c-91d20a3b0186 adb97ff98a81444a86830e8de97d6947 5a7b02ab22e94979b760bd9eea46d75d - - default default] 10.0.0.232 "GET /v2.0/security-groups?tenant_id=295b0541c1114612ad59f84a850d6a36&name=default HTTP/1.1" status: 200 len: 3120 time: 0.3593950
2026-05-08 19:29:21.346 10 INFO neutron.db.ovn_revision_numbers_db [None req-269bfda6-43d2-4fcb-8082-03d4d17cd096 adb97ff98a81444a86830e8de97d6947 5a7b02ab22e94979b760bd9eea46d75d - - default default] Successfully bumped revision number for resource 5913d4e2-1eb9-4335-9320-eef31c5232d3 (type: security_group_rules) to 0
2026-05-08 19:29:21.354 10 INFO neutron.db.ovn_revision_numbers_db [None req-5acc24e0-9640-4236-9508-100b951571e4 4b8a526ab2614b17b01186691e371e31 7a7087463dbc41f5a480240c89309829 - - default default] Successfully bumped revision number for resource b536f37d-10b0-410f-8bd0-944a2d5f8028 (type: ports) to 1
2026-05-08 19:29:21.369 10 INFO neutron.db.ovn_revision_numbers_db [None req-269bfda6-43d2-4fcb-8082-03d4d17cd096 adb97ff98a81444a86830e8de97d6947 5a7b02ab22e94979b760bd9eea46d75d - - default default] Successfully bumped revision number for resource 8e6cfb6d-fec5-4e19-9e6b-5b8b0ddf8f3a (type: security_group_rules) to 0
2026-05-08 19:29:21.388 10 INFO neutron.api.wsgi [None req-5acc24e0-9640-4236-9508-100b951571e4 4b8a526ab2614b17b01186691e371e31 7a7087463dbc41f5a480240c89309829 - - default default] 10.0.0.232 "POST /v2.0/networks HTTP/1.1" status: 201 len: 846 time: 0.8665030
2026-05-08 19:29:21.397 10 INFO neutron.db.ovn_revision_numbers_db [None req-269bfda6-43d2-4fcb-8082-03d4d17cd096 adb97ff98a81444a86830e8de97d6947 5a7b02ab22e94979b760bd9eea46d75d - - default default] Successfully bumped revision number for resource 92471b5c-5540-4548-8a5d-c15bf3727f12 (type: security_group_rules) to 0
2026-05-08 19:29:21.432 10 INFO neutron.api.wsgi [req-110ce369-25cf-407f-96c2-b94d2c38088c req-a299d553-9bab-4122-ac01-bb2630f97be0 1e592c1a9c994f049b517df17f283fb1 105db2ec97184334b04dd74814d07ab1 - - default default] 10.0.0.212 "GET /v2.0/ports?device_id=4279a293-401a-452a-9be7-d9106f85f58b HTTP/1.1" status: 200 len: 1170 time: 0.0437057
2026-05-08 19:29:21.437 10 INFO neutron.db.ovn_revision_numbers_db [None req-269bfda6-43d2-4fcb-8082-03d4d17cd096 adb97ff98a81444a86830e8de97d6947 5a7b02ab22e94979b760bd9eea46d75d - - default default] Successfully bumped revision number for resource 9df030a2-dd5d-42bb-8b89-1c1b3026cac2 (type: security_group_rules) to 0
2026-05-08 19:29:21.478 10 INFO neutron.api.wsgi [None req-269bfda6-43d2-4fcb-8082-03d4d17cd096 adb97ff98a81444a86830e8de97d6947 5a7b02ab22e94979b760bd9eea46d75d - - default default] 10.0.0.232 "GET /v2.0/security-groups?tenant_id=1f2a09881ac94dafbec4ab060773d77c&name=default HTTP/1.1" status: 200 len: 3120 time: 0.4262383
2026-05-08 19:29:21.492 10 INFO neutron.api.wsgi [req-110ce369-25cf-407f-96c2-b94d2c38088c req-b9ab4804-98bb-475b-8b3c-413cc11acc02 1e592c1a9c994f049b517df17f283fb1 105db2ec97184334b04dd74814d07ab1 - - default default] 10.0.0.212 "GET /v2.0/security-groups?id=8e0bb23e-f164-49a3-a412-2e7436392f08&fields=id&fields=name HTTP/1.1" status: 200 len: 313 time: 0.0519478
2026-05-08 19:29:21.534 10 INFO neutron.notifiers.nova [-] Nova event matching ['req-bd29b62d-e50f-4321-8687-f2beff8b03b6'] response: {'server_uuid': '4279a293-401a-452a-9be7-d9106f85f58b', 'name': 'network-vif-unplugged', 'status': 'completed', 'tag': 'd1c3a025-27db-4a09-83f7-4f0b1f0d4672', 'code': 200}
2026-05-08 19:29:21.611 9 INFO neutron.api.wsgi [None req-c2caec44-7322-414f-bf6e-5a3df38dc5dc adb97ff98a81444a86830e8de97d6947 5a7b02ab22e94979b760bd9eea46d75d - - default default] 10.0.0.232 "DELETE /v2.0/security-groups/269427e6-f57c-4328-8c9c-b9f3c4db7925 HTTP/1.1" status: 204 len: 168 time: 0.2638354
2026-05-08 19:29:21.625 10 INFO neutron.db.ovn_revision_numbers_db [None req-feae8c1a-812b-4b38-81ee-a0270009566c - - - - - -] Successfully bumped revision number for resource d1c3a025-27db-4a09-83f7-4f0b1f0d4672 (type: ports) to 6
2026-05-08 19:29:21.692 9 INFO neutron.api.wsgi [None req-d544219f-7c7a-4767-bf87-0c02aeedb499 adb97ff98a81444a86830e8de97d6947 5a7b02ab22e94979b760bd9eea46d75d - - default default] 10.0.0.232 "DELETE /v2.0/security-groups/82953a54-00b1-4d67-a7e2-79de5399ee0f HTTP/1.1" status: 204 len: 168 time: 0.2089031
2026-05-08 19:29:21.761 9 WARNING neutron_lib.context [None req-09592c53-48f6-486b-b024-d2b707cd381f 4b8a526ab2614b17b01186691e371e31 7a7087463dbc41f5a480240c89309829 - - default default] Method 'is_advsvc' is deprecated since 2023.2 release (neutron-lib 3.8.0) and will be removed once support for the old RBAC API policies will be removed from Neutron. Please use method 'is_service_role' instead. /var/lib/openstack/lib/python3.12/site-packages/pycadf/identifier.py:71: UserWarning: Invalid uuid: neutron. To ensure interoperability, identifiers should be a valid uuid. warnings.warn(('Invalid uuid: %s. To ensure interoperability, '
2026-05-08 19:29:21.926 9 WARNING neutron.scheduler.dhcp_agent_scheduler [None req-09592c53-48f6-486b-b024-d2b707cd381f 4b8a526ab2614b17b01186691e371e31 7a7087463dbc41f5a480240c89309829 - - default default] No more DHCP agents
2026-05-08 19:29:21.927 9 WARNING neutron.api.rpc.agentnotifiers.dhcp_rpc_agent_api [None req-09592c53-48f6-486b-b024-d2b707cd381f 4b8a526ab2614b17b01186691e371e31 7a7087463dbc41f5a480240c89309829 - - default default] Unable to schedule network 97b8a252-08f1-4cc1-9cbd-98a698b90779: no agents available; will retry on subsequent port and subnet creation events.
2026-05-08 19:29:21.961 9 INFO neutron.db.ovn_revision_numbers_db [None req-09592c53-48f6-486b-b024-d2b707cd381f 4b8a526ab2614b17b01186691e371e31 7a7087463dbc41f5a480240c89309829 - - default default] Successfully bumped revision number for resource c0bce00a-6e5b-4eb8-85d3-526a55d89cc4 (type: subnets) to 0
2026-05-08 19:29:21.964 10 INFO neutron.db.ovn_revision_numbers_db [None req-15ca19ba-2d8e-4ec2-8be4-ec36cb364507 adb97ff98a81444a86830e8de97d6947 5a7b02ab22e94979b760bd9eea46d75d - - default default] Successfully bumped revision number for resource 66c17fee-aa09-4b01-bc38-e5484fa26b2f (type: security_groups) to 1
2026-05-08 19:29:21.978 10 INFO neutron.db.ovn_revision_numbers_db [None req-15ca19ba-2d8e-4ec2-8be4-ec36cb364507 adb97ff98a81444a86830e8de97d6947 5a7b02ab22e94979b760bd9eea46d75d - - default default] Successfully bumped revision number for resource 7ee0a252-77f3-45a4-8588-5049ba0d2420 (type: security_group_rules) to 0
2026-05-08 19:29:21.979 9 INFO neutron.api.wsgi [None req-09592c53-48f6-486b-b024-d2b707cd381f 4b8a526ab2614b17b01186691e371e31 7a7087463dbc41f5a480240c89309829 - - default default] 10.0.0.232 "POST /v2.0/subnets HTTP/1.1" status: 201 len: 872 time: 0.2218170
2026-05-08 19:29:21.987 9 WARNING neutron_lib.context [None req-f0ef1dac-482e-4a38-8423-a02db16219af 4b8a526ab2614b17b01186691e371e31 7a7087463dbc41f5a480240c89309829 - - default default] Method 'is_advsvc' is deprecated since 2023.2 release (neutron-lib 3.8.0) and will be removed once support for the old RBAC API policies will be removed from Neutron. Please use method 'is_service_role' instead.
2026-05-08 19:29:21.988 10 INFO neutron.db.ovn_revision_numbers_db [None req-15ca19ba-2d8e-4ec2-8be4-ec36cb364507 adb97ff98a81444a86830e8de97d6947 5a7b02ab22e94979b760bd9eea46d75d - - default default] Successfully bumped revision number for resource b6f8efc1-5e7a-4643-ad99-71fe8f8bcfed (type: security_group_rules) to 0
2026-05-08 19:29:22.002 10 INFO neutron.db.ovn_revision_numbers_db [None req-15ca19ba-2d8e-4ec2-8be4-ec36cb364507 adb97ff98a81444a86830e8de97d6947 5a7b02ab22e94979b760bd9eea46d75d - - default default] Successfully bumped revision number for resource c8413e32-ca15-4c62-a31a-4a1e0aeade44 (type: security_group_rules) to 0
2026-05-08 19:29:22.016 10 INFO neutron.db.ovn_revision_numbers_db [None req-15ca19ba-2d8e-4ec2-8be4-ec36cb364507 adb97ff98a81444a86830e8de97d6947 5a7b02ab22e94979b760bd9eea46d75d - - default default] Successfully bumped revision number for resource e8d93cb5-cecb-46a6-a9af-6cd540de5dcc (type: security_group_rules) to 0
2026-05-08 19:29:22.057 10 INFO neutron.api.wsgi [None req-15ca19ba-2d8e-4ec2-8be4-ec36cb364507 adb97ff98a81444a86830e8de97d6947 5a7b02ab22e94979b760bd9eea46d75d - - default default] 10.0.0.232 "GET /v2.0/security-groups?tenant_id=4188ae9ebb9d40a79d6c19823b181e9c&name=default HTTP/1.1" status: 200 len: 3120 time: 0.2087729
2026-05-08 19:29:22.066 9 INFO neutron.db.segments_db [None req-f0ef1dac-482e-4a38-8423-a02db16219af 4b8a526ab2614b17b01186691e371e31 7a7087463dbc41f5a480240c89309829 - - default default] Added segment 9cc62773-918a-4813-9478-6a3a5484693e of type geneve for network 21f6d597-a70c-4f84-9ec5-db5ce597c893
2026-05-08 19:29:22.164 9 INFO neutron.db.ovn_revision_numbers_db [None req-f0ef1dac-482e-4a38-8423-a02db16219af 4b8a526ab2614b17b01186691e371e31 7a7087463dbc41f5a480240c89309829 - - default default] Successfully bumped revision number for resource 21f6d597-a70c-4f84-9ec5-db5ce597c893 (type: networks) to 1
2026-05-08 19:29:22.260 10 INFO neutron.api.wsgi [None req-6f6c91da-008d-433b-8f55-f56457a302a0 adb97ff98a81444a86830e8de97d6947 5a7b02ab22e94979b760bd9eea46d75d - - default default] 10.0.0.232 "DELETE /v2.0/security-groups/66c17fee-aa09-4b01-bc38-e5484fa26b2f HTTP/1.1" status: 204 len: 168 time: 0.1978464
2026-05-08 19:29:22.303 9 WARNING neutron.scheduler.dhcp_agent_scheduler [None req-f0ef1dac-482e-4a38-8423-a02db16219af 4b8a526ab2614b17b01186691e371e31 7a7087463dbc41f5a480240c89309829 - - default default] No more DHCP agents
2026-05-08 19:29:22.304 9 WARNING neutron.api.rpc.agentnotifiers.dhcp_rpc_agent_api [None req-f0ef1dac-482e-4a38-8423-a02db16219af 4b8a526ab2614b17b01186691e371e31 7a7087463dbc41f5a480240c89309829 - - default default] Unable to schedule network 21f6d597-a70c-4f84-9ec5-db5ce597c893: no agents available; will retry on subsequent port and subnet creation events.
2026-05-08 19:29:22.382 9 INFO neutron.db.ovn_revision_numbers_db [None req-f0ef1dac-482e-4a38-8423-a02db16219af 4b8a526ab2614b17b01186691e371e31 7a7087463dbc41f5a480240c89309829 - - default default] Successfully bumped revision number for resource 7704acb5-e21e-41c6-8571-ae783795bd1f (type: ports) to 1
2026-05-08 19:29:22.405 9 INFO neutron.api.wsgi [None req-f0ef1dac-482e-4a38-8423-a02db16219af 4b8a526ab2614b17b01186691e371e31 7a7087463dbc41f5a480240c89309829 - - default default] 10.0.0.232 "POST /v2.0/networks HTTP/1.1" status: 201 len: 846 time: 0.4217665
2026-05-08 19:29:22.552 9 INFO neutron.db.ovn_revision_numbers_db [None req-a0bf3380-8827-4a7c-aaf8-78724ad0b401 4b8a526ab2614b17b01186691e371e31 7a7087463dbc41f5a480240c89309829 - - default default] Successfully bumped revision number for resource 21f6d597-a70c-4f84-9ec5-db5ce597c893 (type: networks) to 2
2026-05-08 19:29:22.556 9 INFO neutron.api.wsgi [None req-a0bf3380-8827-4a7c-aaf8-78724ad0b401 4b8a526ab2614b17b01186691e371e31 7a7087463dbc41f5a480240c89309829 - - default default] 10.0.0.232 "PUT /v2.0/networks/21f6d597-a70c-4f84-9ec5-db5ce597c893 HTTP/1.1" status: 200 len: 792 time: 0.1469257
2026-05-08 19:29:22.567 9 WARNING neutron_lib.context [None req-c6bf3d1f-d9b6-40e0-830e-c9a968d07e3a 4b8a526ab2614b17b01186691e371e31 7a7087463dbc41f5a480240c89309829 - - default default] Method 'is_advsvc' is deprecated since 2023.2 release (neutron-lib 3.8.0) and will be removed once support for the old RBAC API policies will be removed from Neutron. Please use method 'is_service_role' instead.
2026-05-08 19:29:22.631 10 INFO neutron.api.wsgi [req-5fc5c137-401a-4934-8f2c-a24d87c90dcf req-703a6932-3dfb-4e28-9759-27d3da18c50f 1e592c1a9c994f049b517df17f283fb1 105db2ec97184334b04dd74814d07ab1 - - default default] 10.0.0.212 "GET /v2.0/ports?device_id=4279a293-401a-452a-9be7-d9106f85f58b HTTP/1.1" status: 200 len: 1168 time: 0.0682671
2026-05-08 19:29:22.660 10 INFO neutron.api.wsgi [req-5fc5c137-401a-4934-8f2c-a24d87c90dcf req-dd912751-62b2-4dce-ba52-5c67d4aff87f 1e592c1a9c994f049b517df17f283fb1 105db2ec97184334b04dd74814d07ab1 - - default default] 10.0.0.212 "GET /v2.0/security-groups?id=8e0bb23e-f164-49a3-a412-2e7436392f08&fields=id&fields=name HTTP/1.1" status: 200 len: 313 time: 0.0233634
2026-05-08 19:29:22.711 9 WARNING neutron.scheduler.dhcp_agent_scheduler [None req-c6bf3d1f-d9b6-40e0-830e-c9a968d07e3a 4b8a526ab2614b17b01186691e371e31 7a7087463dbc41f5a480240c89309829 - - default default] No more DHCP agents
2026-05-08 19:29:22.712 9 WARNING neutron.api.rpc.agentnotifiers.dhcp_rpc_agent_api [None req-c6bf3d1f-d9b6-40e0-830e-c9a968d07e3a 4b8a526ab2614b17b01186691e371e31 7a7087463dbc41f5a480240c89309829 - - default default] Unable to schedule network 21f6d597-a70c-4f84-9ec5-db5ce597c893: no agents available; will retry on subsequent port and subnet creation events.
2026-05-08 19:29:22.732 9 INFO neutron.db.ovn_revision_numbers_db [None req-c6bf3d1f-d9b6-40e0-830e-c9a968d07e3a 4b8a526ab2614b17b01186691e371e31 7a7087463dbc41f5a480240c89309829 - - default default] Successfully bumped revision number for resource ec7ec447-a620-4bbc-89fb-09f8187477c1 (type: subnets) to 0
2026-05-08 19:29:22.744 9 INFO neutron.api.wsgi [None req-c6bf3d1f-d9b6-40e0-830e-c9a968d07e3a 4b8a526ab2614b17b01186691e371e31 7a7087463dbc41f5a480240c89309829 - - default default] 10.0.0.232 "POST /v2.0/subnets HTTP/1.1" status: 201 len: 845 time: 0.1805987
2026-05-08 19:29:23.128 10 INFO neutron.api.wsgi [-] 10.0.0.22 "GET / HTTP/1.1" status: 200 len: 247 time: 0.0012908
2026-05-08 19:29:23.129 10 INFO neutron.api.wsgi [-] 10.0.0.22 "GET / HTTP/1.1" status: 200 len: 247 time: 0.0009003
2026-05-08 19:29:23.244 9 INFO neutron.db.ovn_revision_numbers_db [None req-643513c9-f555-43c4-9f48-a951799cf2f9 - - - - - -] Successfully bumped revision number for resource 7704acb5-e21e-41c6-8571-ae783795bd1f (type: ports) to 2
2026-05-08 19:29:23.276 9 INFO neutron.db.ovn_revision_numbers_db [None req-643513c9-f555-43c4-9f48-a951799cf2f9 - - - - - -] Successfully bumped revision number for resource ec7ec447-a620-4bbc-89fb-09f8187477c1 (type: subnets) to 1
2026-05-08 19:29:23.278 9 INFO neutron.api.wsgi [None req-e03e14b8-b5b0-42b8-b0e9-6531da435149 4b8a526ab2614b17b01186691e371e31 7a7087463dbc41f5a480240c89309829 - - default default] 10.0.0.232 "PUT /v2.0/subnets/ec7ec447-a620-4bbc-89fb-09f8187477c1 HTTP/1.1" status: 200 len: 850 time: 0.5301225
2026-05-08 19:29:23.570 10 INFO neutron.notifiers.nova [-] Nova event matching ['req-8d889215-c75a-4243-9139-2177e0eb211c'] response: {'server_uuid': '4279a293-401a-452a-9be7-d9106f85f58b', 'name': 'network-vif-unplugged', 'status': 'completed', 'tag': 'd1c3a025-27db-4a09-83f7-4f0b1f0d4672', 'code': 200}
2026-05-08 19:29:23.678 9 INFO neutron.services.segments.plugin [-] Segment 9cc62773-918a-4813-9478-6a3a5484693e resource provider aggregate not found
2026-05-08 19:29:23.682 9 INFO neutron.services.segments.plugin [-] Segment 9cc62773-918a-4813-9478-6a3a5484693e resource provider aggregate not found
2026-05-08 19:29:23.698 9 INFO neutron.services.segments.plugin [-] Segment 9cc62773-918a-4813-9478-6a3a5484693e resource provider not found; error: Placement Client Error (4xx): {"errors": [{"status": 404, "title": "Not Found", "detail": "The resource could not be found.\n\n No resource provider with uuid 9cc62773-918a-4813-9478-6a3a5484693e found for delete ", "request_id": "req-f75b160e-dac6-4ab4-a2d9-f050227677a3"}]}
2026-05-08 19:29:23.704 9 INFO neutron.services.segments.plugin [-] Segment 9cc62773-918a-4813-9478-6a3a5484693e resource provider not found; error: Placement Client Error (4xx): {"errors": [{"status": 404, "title": "Not Found", "detail": "The resource could not be found.\n\n No resource provider with uuid 9cc62773-918a-4813-9478-6a3a5484693e found for delete ", "request_id": "req-fad763cf-7d22-438b-8d83-5cb59247ebe9"}]}
2026-05-08 19:29:23.712 9 INFO neutron.api.wsgi [None req-6b0450fa-8186-4846-8695-2869fdee0623 4b8a526ab2614b17b01186691e371e31 7a7087463dbc41f5a480240c89309829 - - default default] 10.0.0.232 "DELETE /v2.0/networks/21f6d597-a70c-4f84-9ec5-db5ce597c893 HTTP/1.1" status: 204 len: 168 time: 0.4287162
2026-05-08 19:29:23.725 9 INFO neutron.pecan_wsgi.hooks.translation [None req-9c4ceeeb-cab5-4c39-be3d-c42843b1b102 4b8a526ab2614b17b01186691e371e31 7a7087463dbc41f5a480240c89309829 - - default default] DELETE failed (client error): The resource could not be found.
2026-05-08 19:29:23.728 9 INFO neutron.api.wsgi [None req-9c4ceeeb-cab5-4c39-be3d-c42843b1b102 4b8a526ab2614b17b01186691e371e31 7a7087463dbc41f5a480240c89309829 - - default default] 10.0.0.232 "DELETE /v2.0/networks/21f6d597-a70c-4f84-9ec5-db5ce597c893 HTTP/1.1" status: 404 len: 339 time: 0.0113330
2026-05-08 19:29:23.758 10 INFO neutron.api.wsgi [req-ce29cf6e-02e1-48ea-bc6b-fa69fa567473 req-ff1a1b39-7996-4db1-810c-1f7a5646a617 1e592c1a9c994f049b517df17f283fb1 105db2ec97184334b04dd74814d07ab1 - - default default] 10.0.0.212 "GET /v2.0/ports?device_id=4279a293-401a-452a-9be7-d9106f85f58b HTTP/1.1" status: 200 len: 1168 time: 0.0339723
2026-05-08 19:29:23.778 9 INFO neutron.api.wsgi [None req-c2ce4ec2-e41a-48b0-8986-2a8d6fe97b9c 4b8a526ab2614b17b01186691e371e31 7a7087463dbc41f5a480240c89309829 - - default default] 10.0.0.232 "GET /v2.0/networks?router%3Aexternal=True HTTP/1.1" status: 200 len: 845 time: 0.0423074
2026-05-08 19:29:23.792 10 INFO neutron.api.wsgi [req-ce29cf6e-02e1-48ea-bc6b-fa69fa567473 req-c5d83b47-e5c5-4b76-b2d7-4a9899529730 1e592c1a9c994f049b517df17f283fb1 105db2ec97184334b04dd74814d07ab1 - - default default] 10.0.0.212 "GET /v2.0/security-groups?id=8e0bb23e-f164-49a3-a412-2e7436392f08&fields=id&fields=name HTTP/1.1" status: 200 len: 313 time: 0.0313139
2026-05-08 19:29:23.821 9 INFO neutron.api.wsgi [None req-1e5abdb5-0e84-4764-a426-34b069c81483 4b8a526ab2614b17b01186691e371e31 7a7087463dbc41f5a480240c89309829 - - default default] 10.0.0.232 "GET /v2.0/subnets?network_id=92c0e985-9aa3-4b7e-b6ba-53df644b79f4 HTTP/1.1" status: 200 len: 843 time: 0.0381038
2026-05-08 19:29:23.830 9 INFO neutron.api.wsgi [None req-6b884447-e07f-48fd-9f14-cf19e6655dd2 4b8a526ab2614b17b01186691e371e31 7a7087463dbc41f5a480240c89309829 - - default default] 10.0.0.232 "GET /v2.0/extensions HTTP/1.1" status: 200 len: 19293 time: 0.0048954
2026-05-08 19:29:23.879 9 INFO neutron.api.wsgi [None req-1b0db20e-a5bf-4b01-92a7-5d122dee94a1 4b8a526ab2614b17b01186691e371e31 7a7087463dbc41f5a480240c89309829 - - default default] 10.0.0.232 "GET /v2.0/networks HTTP/1.1" status: 200 len: 1507 time: 0.0446799
2026-05-08 19:29:23.910 9 INFO neutron.api.wsgi [None req-0a115a93-f841-4f11-8425-5fbd88f923a3 4b8a526ab2614b17b01186691e371e31 7a7087463dbc41f5a480240c89309829 - - default default] 10.0.0.232 "GET /v2.0/subnets HTTP/1.1" status: 200 len: 1507 time: 0.0249610
2026-05-08 19:29:23.963 9 INFO neutron.api.wsgi [None req-1d9d2294-f983-454a-89f7-13acffaf86af 4b8a526ab2614b17b01186691e371e31 7a7087463dbc41f5a480240c89309829 - - default default] 10.0.0.232 "GET /v2.0/networks/97b8a252-08f1-4cc1-9cbd-98a698b90779 HTTP/1.1" status: 200 len: 866 time: 0.0494673
2026-05-08 19:29:23.994 10 INFO neutron.api.wsgi [None req-04f4e23f-9454-4852-869d-26351e07c7e6 4b8a526ab2614b17b01186691e371e31 7a7087463dbc41f5a480240c89309829 - - default default] 10.0.0.232 "GET /v2.0/subnets/c0bce00a-6e5b-4eb8-85d3-526a55d89cc4 HTTP/1.1" status: 200 len: 867 time: 0.0235863
2026-05-08 19:29:24.016 10 INFO neutron.pecan_wsgi.hooks.translation [None req-b92b86f7-a660-4a89-94fa-a7b80c420477 4b8a526ab2614b17b01186691e371e31 7a7087463dbc41f5a480240c89309829 - - default default] DELETE failed (client error): The resource could not be found.
2026-05-08 19:29:24.019 10 INFO neutron.api.wsgi [None req-b92b86f7-a660-4a89-94fa-a7b80c420477 4b8a526ab2614b17b01186691e371e31 7a7087463dbc41f5a480240c89309829 - - default default] 10.0.0.232 "DELETE /v2.0/subnets/ec7ec447-a620-4bbc-89fb-09f8187477c1 HTTP/1.1" status: 404 len: 337 time: 0.0164497
2026-05-08 19:29:24.034 10 INFO neutron.pecan_wsgi.hooks.translation [None req-cfd00a7a-4f23-49f4-865d-18145ecc3865 4b8a526ab2614b17b01186691e371e31 7a7087463dbc41f5a480240c89309829 - - default default] DELETE failed (client error): The resource could not be found.
2026-05-08 19:29:24.038 10 INFO neutron.api.wsgi [None req-cfd00a7a-4f23-49f4-865d-18145ecc3865 4b8a526ab2614b17b01186691e371e31 7a7087463dbc41f5a480240c89309829 - - default default] 10.0.0.232 "DELETE /v2.0/networks/21f6d597-a70c-4f84-9ec5-db5ce597c893 HTTP/1.1" status: 404 len: 339 time: 0.0140038
2026-05-08 19:29:24.061 9 INFO neutron.db.ovn_revision_numbers_db [None req-cb5b9ba0-2cbd-4985-ab00-900add05e3bf adb97ff98a81444a86830e8de97d6947 5a7b02ab22e94979b760bd9eea46d75d - - default default] Successfully bumped revision number for resource 8a88072a-2c17-4736-be17-d77caac42f6c (type: security_groups) to 1
2026-05-08 19:29:24.073 9 INFO neutron.db.ovn_revision_numbers_db [None req-cb5b9ba0-2cbd-4985-ab00-900add05e3bf adb97ff98a81444a86830e8de97d6947 5a7b02ab22e94979b760bd9eea46d75d - - default default] Successfully bumped revision number for resource 1dfa57e7-21d4-45ba-9cdb-614001176f98 (type: security_group_rules) to 0
2026-05-08 19:29:24.087 9 INFO neutron.db.ovn_revision_numbers_db [None req-cb5b9ba0-2cbd-4985-ab00-900add05e3bf adb97ff98a81444a86830e8de97d6947 5a7b02ab22e94979b760bd9eea46d75d - - default default] Successfully bumped revision number for resource 24e3adfb-17a4-482d-9809-2597cfdad9fb (type: security_group_rules) to 0
2026-05-08 19:29:24.100 9 INFO neutron.db.ovn_revision_numbers_db [None req-cb5b9ba0-2cbd-4985-ab00-900add05e3bf adb97ff98a81444a86830e8de97d6947 5a7b02ab22e94979b760bd9eea46d75d - - default default] Successfully bumped revision number for resource 37ee7ec5-a99f-46f3-899d-50eef1f3d560 (type: security_group_rules) to 0
2026-05-08 19:29:24.111 9 INFO neutron.db.ovn_revision_numbers_db [None req-cb5b9ba0-2cbd-4985-ab00-900add05e3bf adb97ff98a81444a86830e8de97d6947 5a7b02ab22e94979b760bd9eea46d75d - - default default] Successfully bumped revision number for resource 44b1f4ca-c232-47d9-aa9d-8496dcf7468a (type: security_group_rules) to 0
2026-05-08 19:29:24.144 9 INFO neutron.api.wsgi [None req-cb5b9ba0-2cbd-4985-ab00-900add05e3bf adb97ff98a81444a86830e8de97d6947 5a7b02ab22e94979b760bd9eea46d75d - - default default] 10.0.0.232 "GET /v2.0/security-groups?tenant_id=9b45c8e06a694e32a57b4ac39e657b56&name=default HTTP/1.1" status: 200 len: 3120 time: 0.3650477
2026-05-08 19:29:24.174 10 INFO neutron.api.wsgi [None req-4e3dfe99-d617-4b3c-9e8c-60877be4858a 4b8a526ab2614b17b01186691e371e31 7a7087463dbc41f5a480240c89309829 - - default default] 10.0.0.232 "DELETE /v2.0/subnets/c0bce00a-6e5b-4eb8-85d3-526a55d89cc4 HTTP/1.1" status: 204 len: 168 time: 0.1294298
2026-05-08 19:29:24.343 9 INFO neutron.api.wsgi [None req-d9e071fe-f6d9-4737-82db-019dfbfc607c adb97ff98a81444a86830e8de97d6947 5a7b02ab22e94979b760bd9eea46d75d - - default default] 10.0.0.232 "DELETE /v2.0/security-groups/8a88072a-2c17-4736-be17-d77caac42f6c HTTP/1.1" status: 204 len: 168 time: 0.1950097
2026-05-08 19:29:24.377 10 INFO neutron.plugins.ml2.drivers.ovn.mech_driver.mech_driver [None req-56f1256d-10de-4783-bc88-9987c016d268 - - - - - -] OVN reports status up for port: d1c3a025-27db-4a09-83f7-4f0b1f0d4672
2026-05-08 19:29:24.398 10 INFO neutron.plugins.ml2.plugin [None req-56f1256d-10de-4783-bc88-9987c016d268 - - - - - -] Attempt 1 to provision port d1c3a025-27db-4a09-83f7-4f0b1f0d4672
2026-05-08 19:29:24.509 10 INFO neutron.services.segments.plugin [-] Segment 1261aff4-b702-4d14-b19d-95bbae69f4cd resource provider aggregate not found
2026-05-08 19:29:24.513 10 INFO neutron.services.segments.plugin [-] Segment 1261aff4-b702-4d14-b19d-95bbae69f4cd resource provider aggregate not found
2026-05-08 19:29:24.518 10 INFO neutron.services.segments.plugin [-] Segment 1261aff4-b702-4d14-b19d-95bbae69f4cd resource provider not found; error: Placement Client Error (4xx): {"errors": [{"status": 404, "title": "Not Found", "detail": "The resource could not be found.\n\n No resource provider with uuid 1261aff4-b702-4d14-b19d-95bbae69f4cd found for delete ", "request_id": "req-a8740875-5b1c-4aa9-9a58-5a7bccc2977d"}]}
2026-05-08 19:29:24.535 10 INFO neutron.services.segments.plugin [-] Segment 1261aff4-b702-4d14-b19d-95bbae69f4cd resource provider not found; error: Placement Client Error (4xx): {"errors": [{"status": 404, "title": "Not Found", "detail": "The resource could not be found.\n\n No resource provider with uuid 1261aff4-b702-4d14-b19d-95bbae69f4cd found for delete ", "request_id": "req-7af1b658-ae33-4d64-8210-091b10fe824a"}]}
2026-05-08 19:29:24.550 10 INFO neutron.api.wsgi [None req-51666fd0-2841-4134-a2b9-7375e70dc60f 4b8a526ab2614b17b01186691e371e31 7a7087463dbc41f5a480240c89309829 - - default default] 10.0.0.232 "DELETE /v2.0/networks/97b8a252-08f1-4cc1-9cbd-98a698b90779 HTTP/1.1" status: 204 len: 168 time: 0.3694887
2026-05-08 19:29:24.673 10 INFO neutron.db.ovn_revision_numbers_db [None req-56f1256d-10de-4783-bc88-9987c016d268 - - - - - -] Successfully bumped revision number for resource d1c3a025-27db-4a09-83f7-4f0b1f0d4672 (type: ports) to 7 /var/lib/openstack/lib/python3.12/site-packages/pycadf/identifier.py:71: UserWarning: Invalid uuid: neutron. To ensure interoperability, identifiers should be a valid uuid. warnings.warn(('Invalid uuid: %s. To ensure interoperability, '
2026-05-08 19:29:24.913 10 INFO neutron.api.wsgi [req-d5224f61-b5a0-4916-bed2-fcf721b01d32 req-f54d31ad-2fc9-4c3c-adb1-112330fbae1e 1e592c1a9c994f049b517df17f283fb1 105db2ec97184334b04dd74814d07ab1 - - default default] 10.0.0.212 "GET /v2.0/ports?device_id=4279a293-401a-452a-9be7-d9106f85f58b HTTP/1.1" status: 200 len: 1170 time: 0.0430295
2026-05-08 19:29:24.952 10 INFO neutron.api.wsgi [req-d5224f61-b5a0-4916-bed2-fcf721b01d32 req-957bcc5e-99eb-4f55-8e7c-69e791a760a1 1e592c1a9c994f049b517df17f283fb1 105db2ec97184334b04dd74814d07ab1 - - default default] 10.0.0.212 "GET /v2.0/security-groups?id=8e0bb23e-f164-49a3-a412-2e7436392f08&fields=id&fields=name HTTP/1.1" status: 200 len: 313 time: 0.0323274
2026-05-08 19:29:25.164 10 INFO neutron.api.wsgi [None req-2eeb48ac-8c7b-44aa-b3ed-fe6f40ffee9c adb97ff98a81444a86830e8de97d6947 5a7b02ab22e94979b760bd9eea46d75d - - default default] 10.0.0.232 "GET /v2.0/security-groups?tenant_id=7a7087463dbc41f5a480240c89309829&name=default HTTP/1.1" status: 200 len: 3120 time: 0.1527433
2026-05-08 19:29:25.406 10 INFO neutron.api.wsgi [None req-7427fc58-0977-40e3-bdc7-37c501313557 adb97ff98a81444a86830e8de97d6947 5a7b02ab22e94979b760bd9eea46d75d - - default default] 10.0.0.232 "DELETE /v2.0/security-groups/d8f1dde4-7e03-4315-b2e6-d20491766310 HTTP/1.1" status: 204 len: 168 time: 0.2368615
2026-05-08 19:29:25.597 10 INFO neutron.notifiers.nova [-] Nova event matching ['req-2901fc6c-a95c-4d19-8e53-8e8024911e84'] response: {'server_uuid': '4279a293-401a-452a-9be7-d9106f85f58b', 'name': 'network-vif-plugged', 'status': 'completed', 'tag': 'd1c3a025-27db-4a09-83f7-4f0b1f0d4672', 'code': 200}
2026-05-08 19:29:25.597 10 INFO neutron.notifiers.nova [-] Nova event matching ['req-2901fc6c-a95c-4d19-8e53-8e8024911e84'] response: {'server_uuid': '4279a293-401a-452a-9be7-d9106f85f58b', 'name': 'network-vif-plugged', 'status': 'completed', 'tag': 'd1c3a025-27db-4a09-83f7-4f0b1f0d4672', 'code': 200}
2026-05-08 19:29:26.041 10 INFO neutron.api.wsgi [req-2efddd9e-483f-4dcd-a696-c487a826ff8e req-5c7e465b-d275-4b7b-b518-e6f2d9cadc1b 1e592c1a9c994f049b517df17f283fb1 105db2ec97184334b04dd74814d07ab1 - - default default] 10.0.0.212 "GET /v2.0/ports?device_id=4279a293-401a-452a-9be7-d9106f85f58b HTTP/1.1" status: 200 len: 1170 time: 0.0328159
2026-05-08 19:29:26.078 10 INFO neutron.api.wsgi [req-2efddd9e-483f-4dcd-a696-c487a826ff8e req-4ae6456c-f90e-4a68-8ec4-16114850b685 1e592c1a9c994f049b517df17f283fb1 105db2ec97184334b04dd74814d07ab1 - - default default] 10.0.0.212 "GET /v2.0/security-groups?id=8e0bb23e-f164-49a3-a412-2e7436392f08&fields=id&fields=name HTTP/1.1" status: 200 len: 313 time: 0.0309167
2026-05-08 19:29:27.414 10 WARNING neutron_lib.context [None req-c885a840-7687-4bf9-b6b0-7e0971dc7e43 001b6e448cad43b6a1e519f38083a35e 0e7e7b402acf468b802f82e0bac6ea0a - - default default] Method 'is_advsvc' is deprecated since 2023.2 release (neutron-lib 3.8.0) and will be removed once support for the old RBAC API policies will be removed from Neutron. Please use method 'is_service_role' instead.
2026-05-08 19:29:27.461 9 INFO neutron.db.ovn_revision_numbers_db [None req-e477db51-91b0-4b59-97ba-28cbb4cfe52f adb97ff98a81444a86830e8de97d6947 5a7b02ab22e94979b760bd9eea46d75d - - default default] Successfully bumped revision number for resource 5e0eafb3-5c87-44e0-a64d-16a39ba577de (type: security_groups) to 1
2026-05-08 19:29:27.476 9 INFO neutron.db.ovn_revision_numbers_db [None req-e477db51-91b0-4b59-97ba-28cbb4cfe52f adb97ff98a81444a86830e8de97d6947 5a7b02ab22e94979b760bd9eea46d75d - - default default] Successfully bumped revision number for resource 93446365-b612-4d97-b11a-c7b802f8713f (type: security_group_rules) to 0
2026-05-08 19:29:27.489 9 INFO neutron.db.ovn_revision_numbers_db [None req-e477db51-91b0-4b59-97ba-28cbb4cfe52f adb97ff98a81444a86830e8de97d6947 5a7b02ab22e94979b760bd9eea46d75d - - default default] Successfully bumped revision number for resource b9a1e5e8-7cb8-40fc-9890-29a3bc1f28bb (type: security_group_rules) to 0
2026-05-08 19:29:27.501 9 INFO neutron.db.ovn_revision_numbers_db [None req-e477db51-91b0-4b59-97ba-28cbb4cfe52f adb97ff98a81444a86830e8de97d6947 5a7b02ab22e94979b760bd9eea46d75d - - default default] Successfully bumped revision number for resource c2985b25-4e54-45c0-b177-602c83cd015a (type: security_group_rules) to 0
2026-05-08 19:29:27.514 9 INFO neutron.db.ovn_revision_numbers_db [None req-e477db51-91b0-4b59-97ba-28cbb4cfe52f adb97ff98a81444a86830e8de97d6947 5a7b02ab22e94979b760bd9eea46d75d - - default default] Successfully bumped revision number for resource ea04c540-9adf-4d9f-9904-3cd52d89fd25 (type: security_group_rules) to 0
2026-05-08 19:29:27.538 10 INFO neutron.db.ovn_revision_numbers_db [None req-c885a840-7687-4bf9-b6b0-7e0971dc7e43 001b6e448cad43b6a1e519f38083a35e 0e7e7b402acf468b802f82e0bac6ea0a - - default default] Successfully bumped revision number for resource 09cc9588-003d-4dfd-9391-fd7a6a99ca01 (type: security_groups) to 1
2026-05-08 19:29:27.551 10 INFO neutron.db.ovn_revision_numbers_db [None req-c885a840-7687-4bf9-b6b0-7e0971dc7e43 001b6e448cad43b6a1e519f38083a35e 0e7e7b402acf468b802f82e0bac6ea0a - - default default] Successfully bumped revision number for resource 26642101-5000-4204-89b3-23d982509ce5 (type: security_group_rules) to 0
2026-05-08 19:29:27.555 9 INFO neutron.api.wsgi [None req-e477db51-91b0-4b59-97ba-28cbb4cfe52f adb97ff98a81444a86830e8de97d6947 5a7b02ab22e94979b760bd9eea46d75d - - default default] 10.0.0.232 "GET /v2.0/security-groups?tenant_id=c583a1bccc1f473cb578ea82d478048d&name=default HTTP/1.1" status: 200 len: 3120 time: 0.3562651
2026-05-08 19:29:27.562 10 INFO neutron.db.ovn_revision_numbers_db [None req-c885a840-7687-4bf9-b6b0-7e0971dc7e43 001b6e448cad43b6a1e519f38083a35e 0e7e7b402acf468b802f82e0bac6ea0a - - default default] Successfully bumped revision number for resource c289ee0c-134f-44b7-980b-60fd5cd059ab (type: security_group_rules) to 0
2026-05-08 19:29:27.583 10 INFO neutron.db.ovn_revision_numbers_db [None req-c885a840-7687-4bf9-b6b0-7e0971dc7e43 001b6e448cad43b6a1e519f38083a35e 0e7e7b402acf468b802f82e0bac6ea0a - - default default] Successfully bumped revision number for resource cd363562-bf3e-4dfe-a922-41a6f2aa627e (type: security_group_rules) to 0
2026-05-08 19:29:27.603 10 INFO neutron.db.ovn_revision_numbers_db [None req-c885a840-7687-4bf9-b6b0-7e0971dc7e43 001b6e448cad43b6a1e519f38083a35e 0e7e7b402acf468b802f82e0bac6ea0a - - default default] Successfully bumped revision number for resource ff91f6c3-b911-4221-8094-58e9f5e80eab (type: security_group_rules) to 0
2026-05-08 19:29:27.676 10 INFO neutron.db.segments_db [None req-c885a840-7687-4bf9-b6b0-7e0971dc7e43 001b6e448cad43b6a1e519f38083a35e 0e7e7b402acf468b802f82e0bac6ea0a - - default default] Added segment 4dbc72e5-e1da-41e8-8e57-505e4a5140fd of type geneve for network e9d13a64-9343-4fae-b503-eef14d1db778
2026-05-08 19:29:27.800 10 INFO neutron.api.wsgi [None req-190e08a3-14c9-4880-a6a7-02bc5106b9a4 adb97ff98a81444a86830e8de97d6947 5a7b02ab22e94979b760bd9eea46d75d - - default default] 10.0.0.232 "DELETE /v2.0/security-groups/5e0eafb3-5c87-44e0-a64d-16a39ba577de HTTP/1.1" status: 204 len: 168 time: 0.2373660
2026-05-08 19:29:27.804 10 INFO neutron.db.ovn_revision_numbers_db [None req-c885a840-7687-4bf9-b6b0-7e0971dc7e43 001b6e448cad43b6a1e519f38083a35e 0e7e7b402acf468b802f82e0bac6ea0a - - default default] Successfully bumped revision number for resource e9d13a64-9343-4fae-b503-eef14d1db778 (type: networks) to 1
2026-05-08 19:29:27.968 10 WARNING neutron.scheduler.dhcp_agent_scheduler [None req-c885a840-7687-4bf9-b6b0-7e0971dc7e43 001b6e448cad43b6a1e519f38083a35e 0e7e7b402acf468b802f82e0bac6ea0a - - default default] No more DHCP agents
2026-05-08 19:29:27.970 10 WARNING neutron.api.rpc.agentnotifiers.dhcp_rpc_agent_api [None req-c885a840-7687-4bf9-b6b0-7e0971dc7e43 001b6e448cad43b6a1e519f38083a35e 0e7e7b402acf468b802f82e0bac6ea0a - - default default] Unable to schedule network e9d13a64-9343-4fae-b503-eef14d1db778: no agents available; will retry on subsequent port and subnet creation events.
2026-05-08 19:29:28.030 10 INFO neutron.db.ovn_revision_numbers_db [None req-c885a840-7687-4bf9-b6b0-7e0971dc7e43 001b6e448cad43b6a1e519f38083a35e 0e7e7b402acf468b802f82e0bac6ea0a - - default default] Successfully bumped revision number for resource 2a482a5a-8102-432b-b875-8d2190938962 (type: ports) to 1
2026-05-08 19:29:28.051 10 INFO neutron.api.wsgi [None req-c885a840-7687-4bf9-b6b0-7e0971dc7e43 001b6e448cad43b6a1e519f38083a35e 0e7e7b402acf468b802f82e0bac6ea0a - - default default] 10.0.0.232 "POST /v2.0/networks HTTP/1.1" status: 201 len: 844 time: 0.7297995
2026-05-08 19:29:28.064 10 WARNING neutron_lib.context [None req-8c64438a-2606-411f-a616-3380c359d015 001b6e448cad43b6a1e519f38083a35e 0e7e7b402acf468b802f82e0bac6ea0a - - default default] Method 'is_advsvc' is deprecated since 2023.2 release (neutron-lib 3.8.0) and will be removed once support for the old RBAC API policies will be removed from Neutron. Please use method 'is_service_role' instead.
2026-05-08 19:29:28.071 9 INFO neutron.db.ovn_revision_numbers_db [None req-86dbfd9a-f2f2-475f-a431-3983d5bddf5e adb97ff98a81444a86830e8de97d6947 5a7b02ab22e94979b760bd9eea46d75d - - default default] Successfully bumped revision number for resource 4f7ff25f-f0a2-471e-944a-aa5060edbc5c (type: security_groups) to 1
2026-05-08 19:29:28.089 9 INFO neutron.db.ovn_revision_numbers_db [None req-86dbfd9a-f2f2-475f-a431-3983d5bddf5e adb97ff98a81444a86830e8de97d6947 5a7b02ab22e94979b760bd9eea46d75d - - default default] Successfully bumped revision number for resource 7689d7a7-56bd-47e3-836c-922706e41ecb (type: security_group_rules) to 0
2026-05-08 19:29:28.102 9 INFO neutron.db.ovn_revision_numbers_db [None req-86dbfd9a-f2f2-475f-a431-3983d5bddf5e adb97ff98a81444a86830e8de97d6947 5a7b02ab22e94979b760bd9eea46d75d - - default default] Successfully bumped revision number for resource 7c14cda0-b84d-4502-9f9b-0c19f019bdd7 (type: security_group_rules) to 0
2026-05-08 19:29:28.112 9 INFO neutron.db.ovn_revision_numbers_db [None req-86dbfd9a-f2f2-475f-a431-3983d5bddf5e adb97ff98a81444a86830e8de97d6947 5a7b02ab22e94979b760bd9eea46d75d - - default default] Successfully bumped revision number for resource 86fb27dd-90d7-4304-ae9a-0cc3c46642e8 (type: security_group_rules) to 0
2026-05-08 19:29:28.125 9 INFO neutron.db.ovn_revision_numbers_db [None req-86dbfd9a-f2f2-475f-a431-3983d5bddf5e adb97ff98a81444a86830e8de97d6947 5a7b02ab22e94979b760bd9eea46d75d - - default default] Successfully bumped revision number for resource b76b0cde-4d00-483c-a7af-64d0f277f30b (type: security_group_rules) to 0
2026-05-08 19:29:28.160 9 INFO neutron.api.wsgi [None req-86dbfd9a-f2f2-475f-a431-3983d5bddf5e adb97ff98a81444a86830e8de97d6947 5a7b02ab22e94979b760bd9eea46d75d - - default default] 10.0.0.232 "GET /v2.0/security-groups?tenant_id=046face2cd1342088872c773e1596e21&name=default HTTP/1.1" status: 200 len: 3120 time: 0.2177870
2026-05-08 19:29:28.329 10 WARNING neutron.scheduler.dhcp_agent_scheduler [None req-8c64438a-2606-411f-a616-3380c359d015 001b6e448cad43b6a1e519f38083a35e 0e7e7b402acf468b802f82e0bac6ea0a - - default default] No more DHCP agents
2026-05-08 19:29:28.334 10 WARNING neutron.api.rpc.agentnotifiers.dhcp_rpc_agent_api [None req-8c64438a-2606-411f-a616-3380c359d015 001b6e448cad43b6a1e519f38083a35e 0e7e7b402acf468b802f82e0bac6ea0a - - default default] Unable to schedule network e9d13a64-9343-4fae-b503-eef14d1db778: no agents available; will retry on subsequent port and subnet creation events.
2026-05-08 19:29:28.407 10 INFO neutron.db.ovn_revision_numbers_db [None req-8c64438a-2606-411f-a616-3380c359d015 001b6e448cad43b6a1e519f38083a35e 0e7e7b402acf468b802f82e0bac6ea0a - - default default] Successfully bumped revision number for resource 217bd411-1515-4f0b-b14b-6ec90d7e450d (type: ports) to 1
2026-05-08 19:29:28.433 10 INFO neutron.api.wsgi [None req-71148ea0-1392-4c39-9562-a98c626d6efd adb97ff98a81444a86830e8de97d6947 5a7b02ab22e94979b760bd9eea46d75d - - default default] 10.0.0.232 "DELETE /v2.0/security-groups/4f7ff25f-f0a2-471e-944a-aa5060edbc5c HTTP/1.1" status: 204 len: 168 time: 0.2683685
2026-05-08 19:29:28.436 10 INFO neutron.api.wsgi [None req-8c64438a-2606-411f-a616-3380c359d015 001b6e448cad43b6a1e519f38083a35e 0e7e7b402acf468b802f82e0bac6ea0a - - default default] 10.0.0.232 "POST /v2.0/ports HTTP/1.1" status: 201 len: 974 time: 0.3777230
2026-05-08 19:29:28.448 9 WARNING neutron_lib.context [None req-5a77ba90-f8fd-4611-a65e-64f9d37c6b1f 001b6e448cad43b6a1e519f38083a35e 0e7e7b402acf468b802f82e0bac6ea0a - - default default] Method 'is_advsvc' is deprecated since 2023.2 release (neutron-lib 3.8.0) and will be removed once support for the old RBAC API policies will be removed from Neutron. Please use method 'is_service_role' instead.
2026-05-08 19:29:28.526 9 INFO neutron.db.segments_db [None req-5a77ba90-f8fd-4611-a65e-64f9d37c6b1f 001b6e448cad43b6a1e519f38083a35e 0e7e7b402acf468b802f82e0bac6ea0a - - default default] Added segment d2f44f63-b2c0-438d-bf0b-a792682824fd of type geneve for network 43118cf0-f881-4435-ae52-f6a6d1ce71c4
2026-05-08 19:29:28.661 9 INFO neutron.db.ovn_revision_numbers_db [None req-5a77ba90-f8fd-4611-a65e-64f9d37c6b1f 001b6e448cad43b6a1e519f38083a35e 0e7e7b402acf468b802f82e0bac6ea0a - - default default] Successfully bumped revision number for resource 43118cf0-f881-4435-ae52-f6a6d1ce71c4 (type: networks) to 1 /var/lib/openstack/lib/python3.12/site-packages/pycadf/identifier.py:71: UserWarning: Invalid uuid: neutron. To ensure interoperability, identifiers should be a valid uuid. warnings.warn(('Invalid uuid: %s. To ensure interoperability, '
2026-05-08 19:29:28.739 10 WARNING neutron_lib.context [None req-a141d44d-b8ad-440a-a9ad-32e805bc524c 6db071b34c914284b13f5f9ef5b4877a 217dfbe7cfad489e946dfe38ec3f4d50 - - default default] Method 'is_advsvc' is deprecated since 2023.2 release (neutron-lib 3.8.0) and will be removed once support for the old RBAC API policies will be removed from Neutron. Please use method 'is_service_role' instead.
2026-05-08 19:29:28.805 9 WARNING neutron.scheduler.dhcp_agent_scheduler [None req-5a77ba90-f8fd-4611-a65e-64f9d37c6b1f 001b6e448cad43b6a1e519f38083a35e 0e7e7b402acf468b802f82e0bac6ea0a - - default default] No more DHCP agents
