2026-05-08 19:31:20.663 10 INFO neutron.api.wsgi [req-0174a72a-4792-40a2-be8e-830996cbccbd req-a073e8ee-2620-41f6-9e42-86865b999922 338d9a2aad8a40aea36fe679a88aefd7 de96782c10a54e56acb487cebde962e8 - - default default] 10.0.0.212 "GET /v2.0/security-groups?id=3ea24d47-b105-43cb-a0a1-b7db90d17d0f&fields=id&fields=name HTTP/1.1" status: 200 len: 313 time: 0.0340841
2026-05-08 19:31:20.743 9 INFO neutron.db.ovn_revision_numbers_db [None req-c45c59a8-dc66-4bf1-bdf7-2f00ead721a4 adb97ff98a81444a86830e8de97d6947 5a7b02ab22e94979b760bd9eea46d75d - - default default] Successfully bumped revision number for resource 4a60dd81-f291-49a2-8fdb-ea4d24355bcc (type: security_groups) to 1
2026-05-08 19:31:20.763 9 INFO neutron.db.ovn_revision_numbers_db [None req-c45c59a8-dc66-4bf1-bdf7-2f00ead721a4 adb97ff98a81444a86830e8de97d6947 5a7b02ab22e94979b760bd9eea46d75d - - default default] Successfully bumped revision number for resource 0b7d020a-9429-49e9-907b-72aa2945d57a (type: security_group_rules) to 0
2026-05-08 19:31:20.787 9 INFO neutron.db.ovn_revision_numbers_db [None req-c45c59a8-dc66-4bf1-bdf7-2f00ead721a4 adb97ff98a81444a86830e8de97d6947 5a7b02ab22e94979b760bd9eea46d75d - - default default] Successfully bumped revision number for resource 2d5501ad-10cb-4b6b-a113-d005e63839c9 (type: security_group_rules) to 0
2026-05-08 19:31:20.804 9 INFO neutron.db.ovn_revision_numbers_db [None req-c45c59a8-dc66-4bf1-bdf7-2f00ead721a4 adb97ff98a81444a86830e8de97d6947 5a7b02ab22e94979b760bd9eea46d75d - - default default] Successfully bumped revision number for resource 7be2c8df-4b6c-4885-8163-f16194173fc1 (type: security_group_rules) to 0
2026-05-08 19:31:20.821 9 INFO neutron.db.ovn_revision_numbers_db [None req-c45c59a8-dc66-4bf1-bdf7-2f00ead721a4 adb97ff98a81444a86830e8de97d6947 5a7b02ab22e94979b760bd9eea46d75d - - default default] Successfully bumped revision number for resource 885806af-3c2f-461e-9b96-342476ecbf94 (type: security_group_rules) to 0
2026-05-08 19:31:20.868 9 INFO neutron.api.wsgi [None req-c45c59a8-dc66-4bf1-bdf7-2f00ead721a4 adb97ff98a81444a86830e8de97d6947 5a7b02ab22e94979b760bd9eea46d75d - - default default] 10.0.0.232 "GET /v2.0/security-groups?tenant_id=534fa42118784f80ac6d9d3dd5428ad9&name=default HTTP/1.1" status: 200 len: 3120 time: 0.2973866
2026-05-08 19:31:21.079 10 INFO neutron.api.wsgi [None req-1c9a0df2-cb31-4647-95d7-f09e1d0897b5 adb97ff98a81444a86830e8de97d6947 5a7b02ab22e94979b760bd9eea46d75d - - default default] 10.0.0.232 "DELETE /v2.0/security-groups/4a60dd81-f291-49a2-8fdb-ea4d24355bcc HTTP/1.1" status: 204 len: 168 time: 0.2040229
2026-05-08 19:31:21.276 9 INFO neutron.api.wsgi [None req-f8bc5db6-acba-49b0-836a-8ea4c5741038 7686dc9ccd2c4324a0f7f07060db365f 8ef0b9dd02e44565b6374680c2d55835 - - default default] 10.0.0.232 "DELETE /v2.0/routers/64b8ba48-12e4-46f7-b6cc-9c58470f3673 HTTP/1.1" status: 204 len: 168 time: 0.7289526
2026-05-08 19:31:21.296 9 INFO neutron.api.v2.resource [None req-f8321273-de1c-465d-b76b-0e8ccc46268c 7686dc9ccd2c4324a0f7f07060db365f 8ef0b9dd02e44565b6374680c2d55835 - - default default] show failed (client error): The resource could not be found.
2026-05-08 19:31:21.297 9 INFO neutron.api.wsgi [None req-f8321273-de1c-465d-b76b-0e8ccc46268c 7686dc9ccd2c4324a0f7f07060db365f 8ef0b9dd02e44565b6374680c2d55835 - - default default] 10.0.0.232 "GET /v2.0/routers/b4a0d085-08be-47ab-b9bf-ab01aa85b29a HTTP/1.1" status: 404 len: 336 time: 0.0165358
2026-05-08 19:31:21.355 10 INFO neutron.db.ovn_revision_numbers_db [None req-98a3007a-3441-4886-ba47-b30637c3ee23 adb97ff98a81444a86830e8de97d6947 5a7b02ab22e94979b760bd9eea46d75d - - default default] Successfully bumped revision number for resource eb886f45-e646-4f73-baee-9c0f3e3b9d8e (type: security_groups) to 1
2026-05-08 19:31:21.369 10 INFO neutron.db.ovn_revision_numbers_db [None req-98a3007a-3441-4886-ba47-b30637c3ee23 adb97ff98a81444a86830e8de97d6947 5a7b02ab22e94979b760bd9eea46d75d - - default default] Successfully bumped revision number for resource 0443cece-6499-4390-8ced-a4fa5581b164 (type: security_group_rules) to 0
2026-05-08 19:31:21.382 10 INFO neutron.db.ovn_revision_numbers_db [None req-98a3007a-3441-4886-ba47-b30637c3ee23 adb97ff98a81444a86830e8de97d6947 5a7b02ab22e94979b760bd9eea46d75d - - default default] Successfully bumped revision number for resource 4daed370-5aee-4522-b308-92e06dab14fa (type: security_group_rules) to 0
2026-05-08 19:31:21.397 10 INFO neutron.db.ovn_revision_numbers_db [None req-98a3007a-3441-4886-ba47-b30637c3ee23 adb97ff98a81444a86830e8de97d6947 5a7b02ab22e94979b760bd9eea46d75d - - default default] Successfully bumped revision number for resource 575675b7-0cff-45df-9967-ebb8251f5ff1 (type: security_group_rules) to 0
2026-05-08 19:31:21.410 10 INFO neutron.db.ovn_revision_numbers_db [None req-98a3007a-3441-4886-ba47-b30637c3ee23 adb97ff98a81444a86830e8de97d6947 5a7b02ab22e94979b760bd9eea46d75d - - default default] Successfully bumped revision number for resource 956af06b-e53a-436d-87dc-1fed2ab77b91 (type: security_group_rules) to 0
2026-05-08 19:31:21.456 9 INFO neutron.api.wsgi [None req-e86888b8-3f2c-45f4-a8d6-a1a7336d9e58 7686dc9ccd2c4324a0f7f07060db365f 8ef0b9dd02e44565b6374680c2d55835 - - default default] 10.0.0.232 "DELETE /v2.0/subnets/2bd81e22-3d73-4298-a193-6b0cd6c60324 HTTP/1.1" status: 204 len: 168 time: 0.1527853
2026-05-08 19:31:21.456 10 INFO neutron.api.wsgi [None req-98a3007a-3441-4886-ba47-b30637c3ee23 adb97ff98a81444a86830e8de97d6947 5a7b02ab22e94979b760bd9eea46d75d - - default default] 10.0.0.232 "GET /v2.0/security-groups?tenant_id=4869cb6cf7d648e0a7ef6903f1e93b54&name=default HTTP/1.1" status: 200 len: 3120 time: 0.2264509
2026-05-08 19:31:21.537 10 INFO neutron.api.wsgi [req-a5d0fed4-a85f-4bd3-9e3f-bad7f16fd957 req-80f01867-40dd-4486-adb0-f1a9040c819a 85de8ff95b9347d9ae0110dc25057c9c 5797e5a055f342c092b3d99bea4bd5e6 - - 53ecfd3c19f44e4cbbdb025a05856ba3 53ecfd3c19f44e4cbbdb025a05856ba3] 199.204.45.78 "GET /v2.0/ports?tenant_id=de96782c10a54e56acb487cebde962e8&device_id=75e016c2-8eab-4007-b834-4146346a5a3a HTTP/1.1" status: 200 len: 1411 time: 0.0416701
2026-05-08 19:31:21.562 10 INFO neutron.api.wsgi [req-a5d0fed4-a85f-4bd3-9e3f-bad7f16fd957 req-1ec02b4a-e1c8-49fe-82af-811f632b573f 85de8ff95b9347d9ae0110dc25057c9c 5797e5a055f342c092b3d99bea4bd5e6 - - 53ecfd3c19f44e4cbbdb025a05856ba3 53ecfd3c19f44e4cbbdb025a05856ba3] 199.204.45.78 "GET /v2.0/floatingips?fixed_ip_address=10.100.0.10&port_id=c593c111-492c-4578-8f25-7652440c1420 HTTP/1.1" status: 200 len: 217 time: 0.0187204
2026-05-08 19:31:21.593 10 INFO neutron.api.wsgi [req-a5d0fed4-a85f-4bd3-9e3f-bad7f16fd957 req-9bf7d3a2-bf8d-4bba-8819-a74ec853f118 85de8ff95b9347d9ae0110dc25057c9c 5797e5a055f342c092b3d99bea4bd5e6 - - 53ecfd3c19f44e4cbbdb025a05856ba3 53ecfd3c19f44e4cbbdb025a05856ba3] 199.204.45.78 "GET /v2.0/subnets?id=65574441-738b-4a4b-96ff-c9699fc0ac59 HTTP/1.1" status: 200 len: 877 time: 0.0275078
2026-05-08 19:31:21.611 10 INFO neutron.api.wsgi [req-a5d0fed4-a85f-4bd3-9e3f-bad7f16fd957 req-d958d052-7cbb-4ab1-85d8-f1e12df0bf14 85de8ff95b9347d9ae0110dc25057c9c 5797e5a055f342c092b3d99bea4bd5e6 - - 53ecfd3c19f44e4cbbdb025a05856ba3 53ecfd3c19f44e4cbbdb025a05856ba3] 199.204.45.78 "GET /v2.0/ports?network_id=731cec31-2aed-4647-9361-83c35c188ec5&device_owner=network%3Adhcp HTTP/1.1" status: 200 len: 210 time: 0.0143211
2026-05-08 19:31:21.616 9 INFO neutron.api.wsgi [None req-4efc7a34-2b85-4d3a-ad3f-1c33386f4584 adb97ff98a81444a86830e8de97d6947 5a7b02ab22e94979b760bd9eea46d75d - - default default] 10.0.0.232 "DELETE /v2.0/security-groups/eb886f45-e646-4f73-baee-9c0f3e3b9d8e HTTP/1.1" status: 204 len: 168 time: 0.1554987
2026-05-08 19:31:21.652 10 INFO neutron.api.wsgi [req-a5d0fed4-a85f-4bd3-9e3f-bad7f16fd957 req-56a62d7c-f645-43eb-93cb-07da9bdf7309 85de8ff95b9347d9ae0110dc25057c9c 5797e5a055f342c092b3d99bea4bd5e6 - - 53ecfd3c19f44e4cbbdb025a05856ba3 53ecfd3c19f44e4cbbdb025a05856ba3] 199.204.45.78 "GET /v2.0/networks/731cec31-2aed-4647-9361-83c35c188ec5?fields=segments HTTP/1.1" status: 200 len: 212 time: 0.0379922
2026-05-08 19:31:21.657 10 INFO neutron.api.wsgi [None req-7bc60e17-c7a3-445a-b9ff-a1140787d007 7686dc9ccd2c4324a0f7f07060db365f 8ef0b9dd02e44565b6374680c2d55835 - - default default] 10.0.0.232 "DELETE /v2.0/subnets/c4151515-9547-4aa7-bbe2-1d663b232ff1 HTTP/1.1" status: 204 len: 168 time: 0.1975310
2026-05-08 19:31:21.685 10 INFO neutron.api.wsgi [req-a5d0fed4-a85f-4bd3-9e3f-bad7f16fd957 req-e18835af-7a93-4011-8b83-a8d5928b3260 85de8ff95b9347d9ae0110dc25057c9c 5797e5a055f342c092b3d99bea4bd5e6 - - 53ecfd3c19f44e4cbbdb025a05856ba3 53ecfd3c19f44e4cbbdb025a05856ba3] 199.204.45.78 "GET /v2.0/networks/731cec31-2aed-4647-9361-83c35c188ec5?fields=provider%3Aphysical_network&fields=provider%3Anetwork_type HTTP/1.1" status: 200 len: 277 time: 0.0268974
2026-05-08 19:31:21.778 10 INFO neutron.api.wsgi [req-ac2eed2e-fa56-456d-8d44-f729175e46ac req-2d6ee784-c461-4026-8eea-e888e0e6d335 338d9a2aad8a40aea36fe679a88aefd7 de96782c10a54e56acb487cebde962e8 - - default default] 10.0.0.212 "GET /v2.0/ports?device_id=75e016c2-8eab-4007-b834-4146346a5a3a HTTP/1.1" status: 200 len: 1172 time: 0.0484147
2026-05-08 19:31:21.819 10 INFO neutron.api.wsgi [req-ac2eed2e-fa56-456d-8d44-f729175e46ac req-2364aa73-a3e4-4091-898e-dee19cb64cdf 338d9a2aad8a40aea36fe679a88aefd7 de96782c10a54e56acb487cebde962e8 - - default default] 10.0.0.212 "GET /v2.0/security-groups?id=3ea24d47-b105-43cb-a0a1-b7db90d17d0f&fields=id&fields=name HTTP/1.1" status: 200 len: 313 time: 0.0351107
2026-05-08 19:31:22.068 9 INFO neutron.api.wsgi [None req-fdbed921-1b8e-4f0d-83c4-36e391e5103b 7686dc9ccd2c4324a0f7f07060db365f 8ef0b9dd02e44565b6374680c2d55835 - - default default] 10.0.0.232 "DELETE /v2.0/subnets/71b3bf06-3f78-4493-b07f-4b56a647af17 HTTP/1.1" status: 204 len: 168 time: 0.4060078
2026-05-08 19:31:22.085 10 INFO neutron.pecan_wsgi.hooks.translation [None req-98be24ef-b0d8-41b3-8d4a-b19e2a3d872b 7686dc9ccd2c4324a0f7f07060db365f 8ef0b9dd02e44565b6374680c2d55835 - - default default] DELETE failed (client error): The resource could not be found.
2026-05-08 19:31:22.087 10 INFO neutron.api.wsgi [None req-98be24ef-b0d8-41b3-8d4a-b19e2a3d872b 7686dc9ccd2c4324a0f7f07060db365f 8ef0b9dd02e44565b6374680c2d55835 - - default default] 10.0.0.232 "DELETE /v2.0/subnets/debdaff9-3d36-49dd-9df9-e9f898936d7b HTTP/1.1" status: 404 len: 337 time: 0.0132487
2026-05-08 19:31:22.420 9 INFO neutron.services.segments.plugin [-] Segment e153a591-578d-44a2-91de-1ce2f18081bf resource provider aggregate not found
2026-05-08 19:31:22.427 9 INFO neutron.services.segments.plugin [-] Segment e153a591-578d-44a2-91de-1ce2f18081bf resource provider aggregate not found
2026-05-08 19:31:22.436 9 INFO neutron.services.segments.plugin [-] Segment e153a591-578d-44a2-91de-1ce2f18081bf resource provider not found; error: Placement Client Error (4xx): {"errors": [{"status": 404, "title": "Not Found", "detail": "The resource could not be found.\n\n No resource provider with uuid e153a591-578d-44a2-91de-1ce2f18081bf found for delete ", "request_id": "req-a6b3b235-6a10-4a46-914e-98f3eaef9782"}]}
2026-05-08 19:31:22.446 9 INFO neutron.services.segments.plugin [-] Segment e153a591-578d-44a2-91de-1ce2f18081bf resource provider not found; error: Placement Client Error (4xx): {"errors": [{"status": 404, "title": "Not Found", "detail": "The resource could not be found.\n\n No resource provider with uuid e153a591-578d-44a2-91de-1ce2f18081bf found for delete ", "request_id": "req-c0c959af-8da8-4d58-9f5a-e18e233f7e62"}]}
2026-05-08 19:31:22.478 9 INFO neutron.api.wsgi [None req-0cf0b996-71ea-4a34-b4d7-2efb25d70395 7686dc9ccd2c4324a0f7f07060db365f 8ef0b9dd02e44565b6374680c2d55835 - - default default] 10.0.0.232 "DELETE /v2.0/networks/cb23a7c0-4db4-4019-b83c-52e48f3d833f HTTP/1.1" status: 204 len: 168 time: 0.3862350
2026-05-08 19:31:22.699 10 INFO neutron.api.wsgi [None req-d5fc74dc-c1a6-451c-b0b4-b0637c964566 adb97ff98a81444a86830e8de97d6947 5a7b02ab22e94979b760bd9eea46d75d - - default default] 10.0.0.232 "PUT /v2.0/routers/d851f403-f222-4740-9e9c-4a074653ec19/remove_router_interface HTTP/1.1" status: 200 len: 503 time: 0.9562924 /var/lib/openstack/lib/python3.12/site-packages/pycadf/identifier.py:71: UserWarning: Invalid uuid: neutron. To ensure interoperability, identifiers should be a valid uuid. warnings.warn(('Invalid uuid: %s. To ensure interoperability, '
2026-05-08 19:31:22.825 9 INFO neutron.api.wsgi [None req-1f623783-1032-4edd-9276-d2b58d4597c8 7686dc9ccd2c4324a0f7f07060db365f 8ef0b9dd02e44565b6374680c2d55835 - - default default] 10.0.0.232 "DELETE /v2.0/networks/aceab320-5fda-4426-b6ff-cdcdedc67947 HTTP/1.1" status: 204 len: 168 time: 0.3431585
2026-05-08 19:31:22.922 10 INFO neutron.api.wsgi [req-da422355-3f10-470d-a632-be51333be85b req-1a3d8b79-2ab4-4f2f-841f-d0566e2c1bfe 338d9a2aad8a40aea36fe679a88aefd7 de96782c10a54e56acb487cebde962e8 - - default default] 10.0.0.212 "GET /v2.0/ports?device_id=75e016c2-8eab-4007-b834-4146346a5a3a HTTP/1.1" status: 200 len: 1172 time: 0.0439177
2026-05-08 19:31:23.129 9 INFO neutron.api.wsgi [-] 10.0.0.22 "GET / HTTP/1.1" status: 200 len: 247 time: 0.0026519
2026-05-08 19:31:23.132 9 INFO neutron.api.wsgi [-] 10.0.0.22 "GET / HTTP/1.1" status: 200 len: 247 time: 0.0019786
2026-05-08 19:31:23.236 10 INFO neutron.api.wsgi [req-da422355-3f10-470d-a632-be51333be85b req-1746f752-bf02-47b9-b36a-451ed6b377f2 338d9a2aad8a40aea36fe679a88aefd7 de96782c10a54e56acb487cebde962e8 - - default default] 10.0.0.212 "GET /v2.0/security-groups?id=3ea24d47-b105-43cb-a0a1-b7db90d17d0f&fields=id&fields=name HTTP/1.1" status: 200 len: 313 time: 0.3053000
2026-05-08 19:31:23.478 10 INFO neutron.services.segments.plugin [-] Segment b035f4b8-b43e-4498-8d77-d9e8c823c060 resource provider aggregate not found
2026-05-08 19:31:23.482 10 INFO neutron.services.segments.plugin [-] Segment b035f4b8-b43e-4498-8d77-d9e8c823c060 resource provider aggregate not found
2026-05-08 19:31:23.499 10 INFO neutron.services.segments.plugin [-] Segment b035f4b8-b43e-4498-8d77-d9e8c823c060 resource provider not found; error: Placement Client Error (4xx): {"errors": [{"status": 404, "title": "Not Found", "detail": "The resource could not be found.\n\n No resource provider with uuid b035f4b8-b43e-4498-8d77-d9e8c823c060 found for delete ", "request_id": "req-b93be6c0-863e-4e7d-b97d-fd91fb169ece"}]}
2026-05-08 19:31:23.499 10 INFO neutron.services.segments.plugin [-] Segment b035f4b8-b43e-4498-8d77-d9e8c823c060 resource provider not found; error: Placement Client Error (4xx): {"errors": [{"status": 404, "title": "Not Found", "detail": "The resource could not be found.\n\n No resource provider with uuid b035f4b8-b43e-4498-8d77-d9e8c823c060 found for delete ", "request_id": "req-2f4a6d8d-f064-41a1-9aae-7259e9bad1e4"}]}
2026-05-08 19:31:23.518 10 INFO neutron.api.wsgi [None req-755834a4-f267-4b39-8cf2-c5e878e8f316 7686dc9ccd2c4324a0f7f07060db365f 8ef0b9dd02e44565b6374680c2d55835 - - default default] 10.0.0.232 "DELETE /v2.0/networks/43abb20b-3900-4fa6-86fb-6b4237b6bb90 HTTP/1.1" status: 204 len: 168 time: 0.6888707
2026-05-08 19:31:23.535 9 INFO neutron.pecan_wsgi.hooks.translation [None req-35f4f5a8-5a12-46a9-bf15-22fcb1559a5f 7686dc9ccd2c4324a0f7f07060db365f 8ef0b9dd02e44565b6374680c2d55835 - - default default] DELETE failed (client error): The resource could not be found.
2026-05-08 19:31:23.537 9 INFO neutron.api.wsgi [None req-35f4f5a8-5a12-46a9-bf15-22fcb1559a5f 7686dc9ccd2c4324a0f7f07060db365f 8ef0b9dd02e44565b6374680c2d55835 - - default default] 10.0.0.232 "DELETE /v2.0/networks/9a60cd7b-3d65-4398-b322-7aa9ea634888 HTTP/1.1" status: 404 len: 339 time: 0.0138652
2026-05-08 19:31:23.703 10 INFO neutron.api.wsgi [None req-2089644a-6f07-43cb-aeaf-06a47256bc9b adb97ff98a81444a86830e8de97d6947 5a7b02ab22e94979b760bd9eea46d75d - - default default] 10.0.0.232 "DELETE /v2.0/routers/d851f403-f222-4740-9e9c-4a074653ec19 HTTP/1.1" status: 204 len: 168 time: 0.9995031
2026-05-08 19:31:23.829 10 INFO neutron.plugins.ml2.drivers.ovn.mech_driver.mech_driver [None req-76232e43-2840-4b9c-81f5-30e002fbf0c8 - - - - - -] OVN reports status up for port: c593c111-492c-4578-8f25-7652440c1420
2026-05-08 19:31:23.840 10 INFO neutron.plugins.ml2.plugin [None req-76232e43-2840-4b9c-81f5-30e002fbf0c8 - - - - - -] Attempt 1 to provision port c593c111-492c-4578-8f25-7652440c1420
2026-05-08 19:31:23.865 10 INFO neutron.api.wsgi [None req-a9ef83cf-62c7-483e-8d71-48f3e4d649d9 adb97ff98a81444a86830e8de97d6947 5a7b02ab22e94979b760bd9eea46d75d - - default default] 10.0.0.232 "DELETE /v2.0/subnets/829bf2d0-6092-49cc-8613-db20bb3cbae2 HTTP/1.1" status: 204 len: 168 time: 0.1566279
2026-05-08 19:31:23.927 10 INFO neutron.notifiers.nova [-] Nova event matching ['req-be04a009-16af-414e-a35c-9a41188389ed'] response: {'server_uuid': '75e016c2-8eab-4007-b834-4146346a5a3a', 'name': 'network-vif-plugged', 'status': 'completed', 'tag': 'c593c111-492c-4578-8f25-7652440c1420', 'code': 200}
2026-05-08 19:31:24.047 10 INFO neutron.db.ovn_revision_numbers_db [None req-76232e43-2840-4b9c-81f5-30e002fbf0c8 - - - - - -] Successfully bumped revision number for resource c593c111-492c-4578-8f25-7652440c1420 (type: ports) to 5
2026-05-08 19:31:24.191 9 INFO neutron.api.wsgi [None req-4cf2a1dd-08e6-413b-96f1-db97f7f97a53 adb97ff98a81444a86830e8de97d6947 5a7b02ab22e94979b760bd9eea46d75d - - default default] 10.0.0.232 "DELETE /v2.0/networks/91c0c112-3c47-4b00-b0a9-63449ed5cc79 HTTP/1.1" status: 204 len: 168 time: 0.3221216 /var/lib/openstack/lib/python3.12/site-packages/pycadf/identifier.py:71: UserWarning: Invalid uuid: neutron. To ensure interoperability, identifiers should be a valid uuid. warnings.warn(('Invalid uuid: %s. To ensure interoperability, '
2026-05-08 19:31:24.308 9 INFO neutron.api.wsgi [None req-be6cac6f-c0b4-458e-afe4-f376f9305edb adb97ff98a81444a86830e8de97d6947 5a7b02ab22e94979b760bd9eea46d75d - - default default] 10.0.0.232 "GET /v2.0/security-groups?tenant_id=4661cbbd28e84a378b7691dd6fc70f3b&name=default HTTP/1.1" status: 200 len: 3120 time: 0.0269103
2026-05-08 19:31:24.332 10 INFO neutron.api.wsgi [req-3c237398-94f8-4ac3-b2bf-cb45b4737c38 req-bd652d5a-8bad-4a72-9875-7810de51b963 338d9a2aad8a40aea36fe679a88aefd7 de96782c10a54e56acb487cebde962e8 - - default default] 10.0.0.212 "GET /v2.0/ports?device_id=75e016c2-8eab-4007-b834-4146346a5a3a HTTP/1.1" status: 200 len: 1174 time: 0.0351052
2026-05-08 19:31:24.339 10 INFO neutron.api.wsgi [None req-80c23f0f-9993-4576-8160-8c2f043e396d adb97ff98a81444a86830e8de97d6947 5a7b02ab22e94979b760bd9eea46d75d - - default default] 10.0.0.232 "GET /v2.0/security-groups?tenant_id=8ef0b9dd02e44565b6374680c2d55835&name=default HTTP/1.1" status: 200 len: 3120 time: 0.1801817
2026-05-08 19:31:24.386 10 INFO neutron.api.wsgi [req-3c237398-94f8-4ac3-b2bf-cb45b4737c38 req-eb3e0847-6efd-45c2-b1fe-f24992d796c5 338d9a2aad8a40aea36fe679a88aefd7 de96782c10a54e56acb487cebde962e8 - - default default] 10.0.0.212 "GET /v2.0/security-groups?id=3ea24d47-b105-43cb-a0a1-b7db90d17d0f&fields=id&fields=name HTTP/1.1" status: 200 len: 313 time: 0.0458331
2026-05-08 19:31:24.452 9 INFO neutron.services.segments.plugin [-] Segment db114ca2-5dfe-427e-b5a4-f6e85dd962a5 resource provider aggregate not found
2026-05-08 19:31:24.464 9 INFO neutron.services.segments.plugin [-] Segment db114ca2-5dfe-427e-b5a4-f6e85dd962a5 resource provider aggregate not found
2026-05-08 19:31:24.468 9 INFO neutron.services.segments.plugin [-] Segment db114ca2-5dfe-427e-b5a4-f6e85dd962a5 resource provider not found; error: Placement Client Error (4xx): {"errors": [{"status": 404, "title": "Not Found", "detail": "The resource could not be found.\n\n No resource provider with uuid db114ca2-5dfe-427e-b5a4-f6e85dd962a5 found for delete ", "request_id": "req-a0af4da9-0972-45b1-9fe3-da118206baa5"}]}
2026-05-08 19:31:24.486 9 INFO neutron.services.segments.plugin [-] Segment db114ca2-5dfe-427e-b5a4-f6e85dd962a5 resource provider not found; error: Placement Client Error (4xx): {"errors": [{"status": 404, "title": "Not Found", "detail": "The resource could not be found.\n\n No resource provider with uuid db114ca2-5dfe-427e-b5a4-f6e85dd962a5 found for delete ", "request_id": "req-d694c6c4-0efd-4290-9a43-f5c7ce7c2c45"}]}
2026-05-08 19:31:24.489 9 INFO neutron.services.segments.plugin [-] Segment 500e2136-52d6-4c17-a8f8-076399df6049 resource provider aggregate not found
2026-05-08 19:31:24.500 9 INFO neutron.services.segments.plugin [-] Segment 500e2136-52d6-4c17-a8f8-076399df6049 resource provider aggregate not found
2026-05-08 19:31:24.505 9 INFO neutron.services.segments.plugin [-] Segment 500e2136-52d6-4c17-a8f8-076399df6049 resource provider not found; error: Placement Client Error (4xx): {"errors": [{"status": 404, "title": "Not Found", "detail": "The resource could not be found.\n\n No resource provider with uuid 500e2136-52d6-4c17-a8f8-076399df6049 found for delete ", "request_id": "req-84af0af7-61ae-4a5f-ba1d-c8d779405470"}]}
2026-05-08 19:31:24.515 9 INFO neutron.services.segments.plugin [-] Segment 500e2136-52d6-4c17-a8f8-076399df6049 resource provider not found; error: Placement Client Error (4xx): {"errors": [{"status": 404, "title": "Not Found", "detail": "The resource could not be found.\n\n No resource provider with uuid 500e2136-52d6-4c17-a8f8-076399df6049 found for delete ", "request_id": "req-eac943ac-7d5e-43f1-92fb-c1dcfbdf08d7"}]}
2026-05-08 19:31:24.535 9 INFO neutron.api.wsgi [None req-60c226a1-c20a-4640-862b-8062d29ca4ec adb97ff98a81444a86830e8de97d6947 5a7b02ab22e94979b760bd9eea46d75d - - default default] 10.0.0.232 "DELETE /v2.0/security-groups/251bb066-c481-49fc-92f5-03c3d20713d1 HTTP/1.1" status: 204 len: 168 time: 0.2232666
2026-05-08 19:31:24.562 10 INFO neutron.api.wsgi [None req-b7044ef8-20ee-4c90-96ef-72bbffe1b49e adb97ff98a81444a86830e8de97d6947 5a7b02ab22e94979b760bd9eea46d75d - - default default] 10.0.0.232 "DELETE /v2.0/security-groups/287e029c-9102-498a-ba44-c07cadedc524 HTTP/1.1" status: 204 len: 168 time: 0.2158544
2026-05-08 19:31:24.881 9 INFO neutron.db.ovn_revision_numbers_db [None req-d0bfde43-b2f5-488c-abb5-1749388d4b48 adb97ff98a81444a86830e8de97d6947 5a7b02ab22e94979b760bd9eea46d75d - - default default] Successfully bumped revision number for resource da395505-5243-4eee-8378-013e47edfc9d (type: security_groups) to 1
2026-05-08 19:31:24.892 9 INFO neutron.db.ovn_revision_numbers_db [None req-d0bfde43-b2f5-488c-abb5-1749388d4b48 adb97ff98a81444a86830e8de97d6947 5a7b02ab22e94979b760bd9eea46d75d - - default default] Successfully bumped revision number for resource 30180f3d-5ff6-4d77-8992-791f76648842 (type: security_group_rules) to 0
2026-05-08 19:31:24.907 9 INFO neutron.db.ovn_revision_numbers_db [None req-d0bfde43-b2f5-488c-abb5-1749388d4b48 adb97ff98a81444a86830e8de97d6947 5a7b02ab22e94979b760bd9eea46d75d - - default default] Successfully bumped revision number for resource 6cd2c4f5-d7c1-4429-93b2-a89c37ed9114 (type: security_group_rules) to 0
2026-05-08 19:31:24.920 9 INFO neutron.db.ovn_revision_numbers_db [None req-d0bfde43-b2f5-488c-abb5-1749388d4b48 adb97ff98a81444a86830e8de97d6947 5a7b02ab22e94979b760bd9eea46d75d - - default default] Successfully bumped revision number for resource 78148dca-25fc-46f1-9eaf-fa047a71acd5 (type: security_group_rules) to 0
2026-05-08 19:31:24.930 9 INFO neutron.db.ovn_revision_numbers_db [None req-d0bfde43-b2f5-488c-abb5-1749388d4b48 adb97ff98a81444a86830e8de97d6947 5a7b02ab22e94979b760bd9eea46d75d - - default default] Successfully bumped revision number for resource c481f85c-6e04-4786-a998-37d073ff8843 (type: security_group_rules) to 0
2026-05-08 19:31:24.969 9 INFO neutron.api.wsgi [None req-d0bfde43-b2f5-488c-abb5-1749388d4b48 adb97ff98a81444a86830e8de97d6947 5a7b02ab22e94979b760bd9eea46d75d - - default default] 10.0.0.232 "GET /v2.0/security-groups?tenant_id=2f87971a85754be09bdd9ea52832e10e&name=default HTTP/1.1" status: 200 len: 3120 time: 0.2287946
2026-05-08 19:31:25.072 10 WARNING neutron_lib.context [None req-38553f7c-e8a3-4d68-bf1e-8716ea7e868f 34f67c4d71324bf887134a18529908e2 b008a26148bf4605bf649330dfdc8a48 - - default default] Method 'is_advsvc' is deprecated since 2023.2 release (neutron-lib 3.8.0) and will be removed once support for the old RBAC API policies will be removed from Neutron. Please use method 'is_service_role' instead.
2026-05-08 19:31:25.194 9 INFO neutron.api.wsgi [None req-b3aed10d-cb13-4baf-a539-a299151d83a9 adb97ff98a81444a86830e8de97d6947 5a7b02ab22e94979b760bd9eea46d75d - - default default] 10.0.0.232 "DELETE /v2.0/security-groups/da395505-5243-4eee-8378-013e47edfc9d HTTP/1.1" status: 204 len: 168 time: 0.2185428
2026-05-08 19:31:25.220 10 INFO neutron.db.ovn_revision_numbers_db [None req-38553f7c-e8a3-4d68-bf1e-8716ea7e868f 34f67c4d71324bf887134a18529908e2 b008a26148bf4605bf649330dfdc8a48 - - default default] Successfully bumped revision number for resource c2dd7977-884e-4d44-9647-735c1010fe7a (type: security_groups) to 1
2026-05-08 19:31:25.235 10 INFO neutron.db.ovn_revision_numbers_db [None req-38553f7c-e8a3-4d68-bf1e-8716ea7e868f 34f67c4d71324bf887134a18529908e2 b008a26148bf4605bf649330dfdc8a48 - - default default] Successfully bumped revision number for resource 1bda5dc4-9b4d-4548-9ea4-31189404dcb9 (type: security_group_rules) to 0
2026-05-08 19:31:25.251 10 INFO neutron.db.ovn_revision_numbers_db [None req-38553f7c-e8a3-4d68-bf1e-8716ea7e868f 34f67c4d71324bf887134a18529908e2 b008a26148bf4605bf649330dfdc8a48 - - default default] Successfully bumped revision number for resource 398a5018-73ff-4a27-b3f4-e811a04de2c7 (type: security_group_rules) to 0
2026-05-08 19:31:25.263 10 INFO neutron.db.ovn_revision_numbers_db [None req-38553f7c-e8a3-4d68-bf1e-8716ea7e868f 34f67c4d71324bf887134a18529908e2 b008a26148bf4605bf649330dfdc8a48 - - default default] Successfully bumped revision number for resource 6f3fde13-ca64-4d5a-adf6-9251362b4627 (type: security_group_rules) to 0
2026-05-08 19:31:25.279 10 INFO neutron.db.ovn_revision_numbers_db [None req-38553f7c-e8a3-4d68-bf1e-8716ea7e868f 34f67c4d71324bf887134a18529908e2 b008a26148bf4605bf649330dfdc8a48 - - default default] Successfully bumped revision number for resource f7175bf2-07cb-4123-8172-c69bdf9a1553 (type: security_group_rules) to 0
2026-05-08 19:31:25.385 10 INFO neutron.db.ovn_revision_numbers_db [None req-38553f7c-e8a3-4d68-bf1e-8716ea7e868f 34f67c4d71324bf887134a18529908e2 b008a26148bf4605bf649330dfdc8a48 - - default default] Successfully bumped revision number for resource 7b93de4b-20d7-4f90-8233-4936060eb206 (type: security_groups) to 1
2026-05-08 19:31:25.400 10 INFO neutron.db.ovn_revision_numbers_db [None req-38553f7c-e8a3-4d68-bf1e-8716ea7e868f 34f67c4d71324bf887134a18529908e2 b008a26148bf4605bf649330dfdc8a48 - - default default] Successfully bumped revision number for resource 93554ef3-5e79-4057-a586-c0a680ce71a4 (type: security_group_rules) to 0
2026-05-08 19:31:25.416 10 INFO neutron.db.ovn_revision_numbers_db [None req-38553f7c-e8a3-4d68-bf1e-8716ea7e868f 34f67c4d71324bf887134a18529908e2 b008a26148bf4605bf649330dfdc8a48 - - default default] Successfully bumped revision number for resource f3e12299-e7b6-48a5-9231-219241429309 (type: security_group_rules) to 0
2026-05-08 19:31:25.459 10 INFO neutron.api.wsgi [None req-38553f7c-e8a3-4d68-bf1e-8716ea7e868f 34f67c4d71324bf887134a18529908e2 b008a26148bf4605bf649330dfdc8a48 - - default default] 10.0.0.232 "POST /v2.0/security-groups HTTP/1.1" status: 201 len: 1801 time: 0.6196523
2026-05-08 19:31:25.514 10 INFO neutron.api.wsgi [None req-74a09c94-45ee-4059-82d6-1472b1345076 34f67c4d71324bf887134a18529908e2 b008a26148bf4605bf649330dfdc8a48 - - default default] 10.0.0.232 "PUT /v2.0/security-groups/7b93de4b-20d7-4f90-8233-4936060eb206/tags HTTP/1.1" status: 200 len: 218 time: 0.0475047
2026-05-08 19:31:25.543 9 INFO neutron.api.wsgi [None req-da9cc03f-41e6-431c-8377-5b768b763efb 34f67c4d71324bf887134a18529908e2 b008a26148bf4605bf649330dfdc8a48 - - default default] 10.0.0.232 "GET /v2.0/security-groups/7b93de4b-20d7-4f90-8233-4936060eb206/tags HTTP/1.1" status: 200 len: 218 time: 0.0224719
2026-05-08 19:31:25.546 10 INFO neutron.api.wsgi [req-fb1e82bb-d860-45ce-8e12-0dd95c9cc473 req-9920427e-1d28-4a85-b82a-36075d6cc9d1 338d9a2aad8a40aea36fe679a88aefd7 de96782c10a54e56acb487cebde962e8 - - default default] 10.0.0.212 "GET /v2.0/ports?device_id=75e016c2-8eab-4007-b834-4146346a5a3a HTTP/1.1" status: 200 len: 1174 time: 0.0985186
2026-05-08 19:31:25.586 10 INFO neutron.api.wsgi [req-fb1e82bb-d860-45ce-8e12-0dd95c9cc473 req-85ee4348-9601-4e1f-829b-94a30df94542 338d9a2aad8a40aea36fe679a88aefd7 de96782c10a54e56acb487cebde962e8 - - default default] 10.0.0.212 "GET /v2.0/security-groups?id=3ea24d47-b105-43cb-a0a1-b7db90d17d0f&fields=id&fields=name HTTP/1.1" status: 200 len: 313 time: 0.0347285
2026-05-08 19:31:25.591 10 INFO neutron.api.wsgi [None req-02ed617d-9f4b-4713-804e-476b0600982f 34f67c4d71324bf887134a18529908e2 b008a26148bf4605bf649330dfdc8a48 - - default default] 10.0.0.232 "PUT /v2.0/security-groups/7b93de4b-20d7-4f90-8233-4936060eb206/tags/green HTTP/1.1" status: 201 len: 201 time: 0.0432916
2026-05-08 19:31:25.627 10 INFO neutron.api.wsgi [None req-2ef302b4-3346-44e3-8432-bd288c1eb68c 34f67c4d71324bf887134a18529908e2 b008a26148bf4605bf649330dfdc8a48 - - default default] 10.0.0.232 "GET /v2.0/security-groups/7b93de4b-20d7-4f90-8233-4936060eb206/tags HTTP/1.1" status: 200 len: 227 time: 0.0314071
2026-05-08 19:31:25.658 10 INFO neutron.api.wsgi [None req-0ee27806-2042-4f30-a404-d8ca2868f1c8 34f67c4d71324bf887134a18529908e2 b008a26148bf4605bf649330dfdc8a48 - - default default] 10.0.0.232 "PUT /v2.0/security-groups/7b93de4b-20d7-4f90-8233-4936060eb206/tags/red HTTP/1.1" status: 201 len: 201 time: 0.0256536
2026-05-08 19:31:25.681 10 INFO neutron.api.wsgi [None req-e7af93a3-9033-405a-87cc-432d0ce18d46 34f67c4d71324bf887134a18529908e2 b008a26148bf4605bf649330dfdc8a48 - - default default] 10.0.0.232 "GET /v2.0/security-groups/7b93de4b-20d7-4f90-8233-4936060eb206/tags HTTP/1.1" status: 200 len: 227 time: 0.0168405
2026-05-08 19:31:25.726 10 INFO neutron.api.wsgi [None req-756eff42-c0e2-4717-8d89-6a5081adbd36 34f67c4d71324bf887134a18529908e2 b008a26148bf4605bf649330dfdc8a48 - - default default] 10.0.0.232 "PUT /v2.0/security-groups/7b93de4b-20d7-4f90-8233-4936060eb206/tags/black.or.white HTTP/1.1" status: 201 len: 201 time: 0.0376713
2026-05-08 19:31:25.758 10 INFO neutron.api.wsgi [None req-4631da35-21e6-465c-8356-c01dcb4d43ce 34f67c4d71324bf887134a18529908e2 b008a26148bf4605bf649330dfdc8a48 - - default default] 10.0.0.232 "GET /v2.0/security-groups/7b93de4b-20d7-4f90-8233-4936060eb206/tags HTTP/1.1" status: 200 len: 245 time: 0.0223119
2026-05-08 19:31:25.806 10 INFO neutron.api.wsgi [None req-e9c668a1-1a11-4ba1-bc03-b17b59ae997e 34f67c4d71324bf887134a18529908e2 b008a26148bf4605bf649330dfdc8a48 - - default default] 10.0.0.232 "PUT /v2.0/security-groups/7b93de4b-20d7-4f90-8233-4936060eb206/tags HTTP/1.1" status: 200 len: 230 time: 0.0421896
2026-05-08 19:31:25.828 10 INFO neutron.api.wsgi [None req-887d2c1b-7915-4226-9d49-324cbf6367d5 34f67c4d71324bf887134a18529908e2 b008a26148bf4605bf649330dfdc8a48 - - default default] 10.0.0.232 "GET /v2.0/security-groups/7b93de4b-20d7-4f90-8233-4936060eb206/tags HTTP/1.1" status: 200 len: 230 time: 0.0175025
2026-05-08 19:31:25.853 10 INFO neutron.api.wsgi [None req-6bc17e46-5dd4-47e4-a1f1-87ffe1dbc65f 34f67c4d71324bf887134a18529908e2 b008a26148bf4605bf649330dfdc8a48 - - default default] 10.0.0.232 "GET /v2.0/security-groups/7b93de4b-20d7-4f90-8233-4936060eb206/tags/red HTTP/1.1" status: 204 len: 168 time: 0.0205464
2026-05-08 19:31:25.878 10 INFO neutron.api.v2.resource [None req-9429ea6f-9ec1-45f4-b5d4-200dd9d5cacc 34f67c4d71324bf887134a18529908e2 b008a26148bf4605bf649330dfdc8a48 - - default default] show failed (client error): The resource could not be found.
2026-05-08 19:31:25.879 10 INFO neutron.api.wsgi [None req-9429ea6f-9ec1-45f4-b5d4-200dd9d5cacc 34f67c4d71324bf887134a18529908e2 b008a26148bf4605bf649330dfdc8a48 - - default default] 10.0.0.232 "GET /v2.0/security-groups/7b93de4b-20d7-4f90-8233-4936060eb206/tags/green HTTP/1.1" status: 404 len: 299 time: 0.0214155
2026-05-08 19:31:25.930 10 INFO neutron.api.wsgi [None req-110f3a8f-814e-4928-aa08-b9ef648742fc 34f67c4d71324bf887134a18529908e2 b008a26148bf4605bf649330dfdc8a48 - - default default] 10.0.0.232 "DELETE /v2.0/security-groups/7b93de4b-20d7-4f90-8233-4936060eb206/tags/red HTTP/1.1" status: 204 len: 168 time: 0.0468247
2026-05-08 19:31:25.961 9 INFO neutron.api.wsgi [None req-d7534069-4755-427c-b54c-2aaeec253ba8 34f67c4d71324bf887134a18529908e2 b008a26148bf4605bf649330dfdc8a48 - - default default] 10.0.0.232 "GET /v2.0/security-groups/7b93de4b-20d7-4f90-8233-4936060eb206/tags HTTP/1.1" status: 200 len: 223 time: 0.0238228
2026-05-08 19:31:25.970 10 INFO neutron.notifiers.nova [-] Nova event matching ['req-44306eb8-7973-4ba0-a4b4-11e1751b46eb'] response: {'server_uuid': '75e016c2-8eab-4007-b834-4146346a5a3a', 'name': 'network-vif-plugged', 'status': 'completed', 'tag': 'c593c111-492c-4578-8f25-7652440c1420', 'code': 200}
2026-05-08 19:31:26.001 9 INFO neutron.api.v2.resource [None req-d7ff6fd7-9ad7-4211-9d07-2c36fdea8ab2 34f67c4d71324bf887134a18529908e2 b008a26148bf4605bf649330dfdc8a48 - - default default] delete failed (client error): The resource could not be found.
2026-05-08 19:31:26.002 9 INFO neutron.api.wsgi [None req-d7ff6fd7-9ad7-4211-9d07-2c36fdea8ab2 34f67c4d71324bf887134a18529908e2 b008a26148bf4605bf649330dfdc8a48 - - default default] 10.0.0.232 "DELETE /v2.0/security-groups/7b93de4b-20d7-4f90-8233-4936060eb206/tags/green HTTP/1.1" status: 404 len: 299 time: 0.0283790
2026-05-08 19:31:26.034 9 INFO neutron.api.wsgi [None req-db36ba92-91ae-4d48-80cd-af53c1943c80 34f67c4d71324bf887134a18529908e2 b008a26148bf4605bf649330dfdc8a48 - - default default] 10.0.0.232 "DELETE /v2.0/security-groups/7b93de4b-20d7-4f90-8233-4936060eb206/tags HTTP/1.1" status: 204 len: 168 time: 0.0281115
2026-05-08 19:31:26.056 9 INFO neutron.api.wsgi [None req-d8288feb-9374-418a-8d35-b5844c89b093 34f67c4d71324bf887134a18529908e2 b008a26148bf4605bf649330dfdc8a48 - - default default] 10.0.0.232 "GET /v2.0/security-groups/7b93de4b-20d7-4f90-8233-4936060eb206/tags HTTP/1.1" status: 200 len: 205 time: 0.0185378
2026-05-08 19:31:26.149 9 INFO neutron.api.wsgi [None req-e805684d-182f-4d36-ba89-436ac1bf2d41 34f67c4d71324bf887134a18529908e2 b008a26148bf4605bf649330dfdc8a48 - - default default] 10.0.0.232 "DELETE /v2.0/security-groups/7b93de4b-20d7-4f90-8233-4936060eb206 HTTP/1.1" status: 204 len: 168 time: 0.0852330
2026-05-08 19:31:26.703 10 INFO neutron.api.wsgi [req-6ad9bac7-c1f0-4a75-b5c5-2ea9aa76d706 req-7d6b8f9e-a2a4-4946-87ac-644b2f48d094 338d9a2aad8a40aea36fe679a88aefd7 de96782c10a54e56acb487cebde962e8 - - default default] 10.0.0.212 "GET /v2.0/ports?device_id=75e016c2-8eab-4007-b834-4146346a5a3a HTTP/1.1" status: 200 len: 1174 time: 0.0491126
2026-05-08 19:31:26.744 10 INFO neutron.api.wsgi [req-6ad9bac7-c1f0-4a75-b5c5-2ea9aa76d706 req-34889e69-17ae-4997-a758-180769a1eceb 338d9a2aad8a40aea36fe679a88aefd7 de96782c10a54e56acb487cebde962e8 - - default default] 10.0.0.212 "GET /v2.0/security-groups?id=3ea24d47-b105-43cb-a0a1-b7db90d17d0f&fields=id&fields=name HTTP/1.1" status: 200 len: 313 time: 0.0350783
2026-05-08 19:31:26.768 9 INFO neutron.db.ovn_revision_numbers_db [None req-ab82c1e0-7498-4750-991f-39debfc39932 adb97ff98a81444a86830e8de97d6947 5a7b02ab22e94979b760bd9eea46d75d - - default default] Successfully bumped revision number for resource d874cece-6847-4a58-87ba-2c6a74e36231 (type: security_groups) to 1
2026-05-08 19:31:26.789 9 INFO neutron.db.ovn_revision_numbers_db [None req-ab82c1e0-7498-4750-991f-39debfc39932 adb97ff98a81444a86830e8de97d6947 5a7b02ab22e94979b760bd9eea46d75d - - default default] Successfully bumped revision number for resource 2fc3f1d5-bd4b-4719-a1c2-5077b0462df4 (type: security_group_rules) to 0
2026-05-08 19:31:26.804 9 INFO neutron.db.ovn_revision_numbers_db [None req-ab82c1e0-7498-4750-991f-39debfc39932 adb97ff98a81444a86830e8de97d6947 5a7b02ab22e94979b760bd9eea46d75d - - default default] Successfully bumped revision number for resource 6bae718e-b3c3-487a-87b7-4ebd9d697fbe (type: security_group_rules) to 0
2026-05-08 19:31:26.817 9 INFO neutron.db.ovn_revision_numbers_db [None req-ab82c1e0-7498-4750-991f-39debfc39932 adb97ff98a81444a86830e8de97d6947 5a7b02ab22e94979b760bd9eea46d75d - - default default] Successfully bumped revision number for resource 8bf9c12a-5a9d-464b-be85-64fe9a0c5782 (type: security_group_rules) to 0
2026-05-08 19:31:26.830 9 INFO neutron.db.ovn_revision_numbers_db [None req-ab82c1e0-7498-4750-991f-39debfc39932 adb97ff98a81444a86830e8de97d6947 5a7b02ab22e94979b760bd9eea46d75d - - default default] Successfully bumped revision number for resource a7f3ee83-d789-40bb-a7d9-223662893284 (type: security_group_rules) to 0
2026-05-08 19:31:26.846 10 INFO neutron.api.wsgi [req-0f5b7837-c451-4704-a105-79f7a9f56fdb req-4edcc554-0f7b-4c22-a37c-28635e2827f7 338d9a2aad8a40aea36fe679a88aefd7 de96782c10a54e56acb487cebde962e8 - - default default] 10.0.0.212 "GET /v2.0/ports?device_id=75e016c2-8eab-4007-b834-4146346a5a3a HTTP/1.1" status: 200 len: 1174 time: 0.0407617
2026-05-08 19:31:26.892 10 INFO neutron.api.wsgi [req-0f5b7837-c451-4704-a105-79f7a9f56fdb req-85ed48f9-401b-449c-a34c-3f9c4e5056dd 338d9a2aad8a40aea36fe679a88aefd7 de96782c10a54e56acb487cebde962e8 - - default default] 10.0.0.212 "GET /v2.0/security-groups?id=3ea24d47-b105-43cb-a0a1-b7db90d17d0f&fields=id&fields=name HTTP/1.1" status: 200 len: 313 time: 0.0420244
2026-05-08 19:31:26.901 9 INFO neutron.db.segments_db [None req-ab82c1e0-7498-4750-991f-39debfc39932 adb97ff98a81444a86830e8de97d6947 5a7b02ab22e94979b760bd9eea46d75d - - default default] Added segment e8b99970-e2dc-4dd3-98bb-904140b2d3b8 of type geneve for network cf2a8fd9-0a10-48c2-9ab7-c6eb1bdb7606
2026-05-08 19:31:26.948 9 INFO neutron.api.wsgi [None req-9611126d-e899-4335-b6b2-1686e3f62a3f 5cc3484ae7ed49c997dce30dd2ba1330 6702afa77a6742508137450d396c7adc - - default default] 10.0.0.232 "GET /v2.0/ports?device_id=75e016c2-8eab-4007-b834-4146346a5a3a HTTP/1.1" status: 200 len: 1408 time: 0.0360813
2026-05-08 19:31:27.035 10 INFO neutron.db.ovn_revision_numbers_db [None req-3e326ef0-7aff-48e8-bd21-dd336ac3f479 adb97ff98a81444a86830e8de97d6947 5a7b02ab22e94979b760bd9eea46d75d - - default default] Successfully bumped revision number for resource 905bd1fa-6c43-403d-869c-31593c1204d6 (type: security_groups) to 1
2026-05-08 19:31:27.046 9 INFO neutron.db.ovn_revision_numbers_db [None req-ab82c1e0-7498-4750-991f-39debfc39932 adb97ff98a81444a86830e8de97d6947 5a7b02ab22e94979b760bd9eea46d75d - - default default] Successfully bumped revision number for resource cf2a8fd9-0a10-48c2-9ab7-c6eb1bdb7606 (type: networks) to 1
2026-05-08 19:31:27.049 10 INFO neutron.db.ovn_revision_numbers_db [None req-3e326ef0-7aff-48e8-bd21-dd336ac3f479 adb97ff98a81444a86830e8de97d6947 5a7b02ab22e94979b760bd9eea46d75d - - default default] Successfully bumped revision number for resource 364b2684-964a-4ae4-bd96-1039af2a7ad1 (type: security_group_rules) to 0
2026-05-08 19:31:27.067 10 INFO neutron.db.ovn_revision_numbers_db [None req-3e326ef0-7aff-48e8-bd21-dd336ac3f479 adb97ff98a81444a86830e8de97d6947 5a7b02ab22e94979b760bd9eea46d75d - - default default] Successfully bumped revision number for resource 57a2b943-77f7-42b9-98e8-9064d162919d (type: security_group_rules) to 0
2026-05-08 19:31:27.123 10 INFO neutron.db.ovn_revision_numbers_db [None req-3e326ef0-7aff-48e8-bd21-dd336ac3f479 adb97ff98a81444a86830e8de97d6947 5a7b02ab22e94979b760bd9eea46d75d - - default default] Successfully bumped revision number for resource b7d29ba3-8708-4c99-92c8-7e470941a215 (type: security_group_rules) to 0
2026-05-08 19:31:27.168 10 INFO neutron.db.ovn_revision_numbers_db [None req-3e326ef0-7aff-48e8-bd21-dd336ac3f479 adb97ff98a81444a86830e8de97d6947 5a7b02ab22e94979b760bd9eea46d75d - - default default] Successfully bumped revision number for resource f09a3ada-b302-455e-98e0-b40bb164e21c (type: security_group_rules) to 0
2026-05-08 19:31:27.199 9 WARNING neutron.scheduler.dhcp_agent_scheduler [None req-ab82c1e0-7498-4750-991f-39debfc39932 adb97ff98a81444a86830e8de97d6947 5a7b02ab22e94979b760bd9eea46d75d - - default default] No more DHCP agents
2026-05-08 19:31:27.200 9 WARNING neutron.api.rpc.agentnotifiers.dhcp_rpc_agent_api [None req-ab82c1e0-7498-4750-991f-39debfc39932 adb97ff98a81444a86830e8de97d6947 5a7b02ab22e94979b760bd9eea46d75d - - default default] Unable to schedule network cf2a8fd9-0a10-48c2-9ab7-c6eb1bdb7606: no agents available; will retry on subsequent port and subnet creation events.
2026-05-08 19:31:27.226 10 INFO neutron.api.wsgi [None req-3e326ef0-7aff-48e8-bd21-dd336ac3f479 adb97ff98a81444a86830e8de97d6947 5a7b02ab22e94979b760bd9eea46d75d - - default default] 10.0.0.232 "GET /v2.0/security-groups?tenant_id=6b38f417f3414bd08146521e454f6506&name=default HTTP/1.1" status: 200 len: 3120 time: 0.4696600
2026-05-08 19:31:27.273 9 INFO neutron.db.ovn_revision_numbers_db [None req-ab82c1e0-7498-4750-991f-39debfc39932 adb97ff98a81444a86830e8de97d6947 5a7b02ab22e94979b760bd9eea46d75d - - default default] Successfully bumped revision number for resource 7e25350f-5cc2-4214-bed6-c0a85b240a42 (type: ports) to 1
2026-05-08 19:31:27.295 9 INFO neutron.api.wsgi [None req-ab82c1e0-7498-4750-991f-39debfc39932 adb97ff98a81444a86830e8de97d6947 5a7b02ab22e94979b760bd9eea46d75d - - default default] 10.0.0.232 "POST /v2.0/networks HTTP/1.1" status: 201 len: 941 time: 0.9227014
2026-05-08 19:31:27.425 9 WARNING neutron.scheduler.dhcp_agent_scheduler [None req-fff38bfc-71d8-4c8e-b2cf-077597c49dac adb97ff98a81444a86830e8de97d6947 5a7b02ab22e94979b760bd9eea46d75d - - default default] No more DHCP agents
2026-05-08 19:31:27.426 9 WARNING neutron.api.rpc.agentnotifiers.dhcp_rpc_agent_api [None req-fff38bfc-71d8-4c8e-b2cf-077597c49dac adb97ff98a81444a86830e8de97d6947 5a7b02ab22e94979b760bd9eea46d75d - - default default] Unable to schedule network cf2a8fd9-0a10-48c2-9ab7-c6eb1bdb7606: no agents available; will retry on subsequent port and subnet creation events.
2026-05-08 19:31:27.558 10 INFO neutron.api.wsgi [None req-f534c80c-64fc-4fb8-a056-22cfd3ba2fd0 adb97ff98a81444a86830e8de97d6947 5a7b02ab22e94979b760bd9eea46d75d - - default default] 10.0.0.232 "DELETE /v2.0/security-groups/905bd1fa-6c43-403d-869c-31593c1204d6 HTTP/1.1" status: 204 len: 168 time: 0.3273699
2026-05-08 19:31:27.594 10 INFO neutron.db.ovn_revision_numbers_db [None req-2ba0c7d6-02e5-43a3-9453-ba6d2dc32a2e 338d9a2aad8a40aea36fe679a88aefd7 de96782c10a54e56acb487cebde962e8 - - default default] Successfully bumped revision number for resource 3f2a5026-0adf-405a-ade6-a69fb1fb6b86 (type: floatingips) to 4
2026-05-08 19:31:27.696 10 INFO neutron.api.wsgi [None req-53da1416-b442-4850-b3b2-0d469d858879 adb97ff98a81444a86830e8de97d6947 5a7b02ab22e94979b760bd9eea46d75d - - default default] 10.0.0.232 "GET /v2.0/security-groups?tenant_id=b008a26148bf4605bf649330dfdc8a48&name=default HTTP/1.1" status: 200 len: 3120 time: 0.0409038 /var/lib/openstack/lib/python3.12/site-packages/pycadf/identifier.py:71: UserWarning: Invalid uuid: neutron. To ensure interoperability, identifiers should be a valid uuid. warnings.warn(('Invalid uuid: %s. To ensure interoperability, '
2026-05-08 19:31:27.717 10 INFO neutron.db.ovn_revision_numbers_db [None req-2ba0c7d6-02e5-43a3-9453-ba6d2dc32a2e 338d9a2aad8a40aea36fe679a88aefd7 de96782c10a54e56acb487cebde962e8 - - default default] Successfully bumped revision number for resource 3f2a5026-0adf-405a-ade6-a69fb1fb6b86 (type: floatingips) to 5
2026-05-08 19:31:27.718 10 INFO neutron.db.l3_db [None req-2ba0c7d6-02e5-43a3-9453-ba6d2dc32a2e 338d9a2aad8a40aea36fe679a88aefd7 de96782c10a54e56acb487cebde962e8 - - default default] Floating IP 3f2a5026-0adf-405a-ade6-a69fb1fb6b86 associated. External IP: 10.96.250.203, port: c593c111-492c-4578-8f25-7652440c1420.
2026-05-08 19:31:27.748 10 INFO neutron.api.wsgi [None req-2ba0c7d6-02e5-43a3-9453-ba6d2dc32a2e 338d9a2aad8a40aea36fe679a88aefd7 de96782c10a54e56acb487cebde962e8 - - default default] 10.0.0.232 "PUT /v2.0/floatingips/3f2a5026-0adf-405a-ade6-a69fb1fb6b86 HTTP/1.1" status: 200 len: 1050 time: 0.7961247
2026-05-08 19:31:27.799 9 INFO neutron.api.wsgi [None req-4456e004-7080-4528-b2f7-48781281850e 338d9a2aad8a40aea36fe679a88aefd7 de96782c10a54e56acb487cebde962e8 - - default default] 10.0.0.232 "GET /v2.0/floatingips/3f2a5026-0adf-405a-ade6-a69fb1fb6b86 HTTP/1.1" status: 200 len: 1052 time: 0.0450826
2026-05-08 19:31:27.890 9 INFO neutron.db.ovn_revision_numbers_db [None req-19d85fdc-41e5-4c2f-baf3-800aecfae347 - - - - - -] Successfully bumped revision number for resource 7e25350f-5cc2-4214-bed6-c0a85b240a42 (type: ports) to 2
2026-05-08 19:31:27.924 9 INFO neutron.db.ovn_revision_numbers_db [None req-19d85fdc-41e5-4c2f-baf3-800aecfae347 - - - - - -] Successfully bumped revision number for resource ff0cf7dc-909b-4fe0-a7f0-e475c7e040fd (type: subnets) to 0
2026-05-08 19:31:27.932 9 INFO neutron.api.wsgi [None req-81a2813e-8341-4bcd-b4d7-efda02a88659 adb97ff98a81444a86830e8de97d6947 5a7b02ab22e94979b760bd9eea46d75d - - default default] 10.0.0.232 "DELETE /v2.0/security-groups/c2dd7977-884e-4d44-9647-735c1010fe7a HTTP/1.1" status: 204 len: 168 time: 0.2297997
2026-05-08 19:31:27.937 9 INFO neutron.api.wsgi [None req-fff38bfc-71d8-4c8e-b2cf-077597c49dac adb97ff98a81444a86830e8de97d6947 5a7b02ab22e94979b760bd9eea46d75d - - default default] 10.0.0.232 "POST /v2.0/subnets HTTP/1.1" status: 201 len: 886 time: 0.6371274
2026-05-08 19:31:28.005 10 INFO neutron.notifiers.nova [-] Nova event matching ['req-c318bf1c-f7ea-4aaa-a480-8f28b4dfb50f'] response: {'name': 'network-changed', 'server_uuid': '75e016c2-8eab-4007-b834-4146346a5a3a', 'tag': 'c593c111-492c-4578-8f25-7652440c1420', 'status': 'completed', 'code': 200}
2026-05-08 19:31:28.351 9 WARNING neutron.scheduler.dhcp_agent_scheduler [None req-96fd2f10-4dfb-48ab-ba51-35e0f9940155 adb97ff98a81444a86830e8de97d6947 5a7b02ab22e94979b760bd9eea46d75d - - default default] No more DHCP agents
2026-05-08 19:31:28.353 9 WARNING neutron.api.rpc.agentnotifiers.dhcp_rpc_agent_api [None req-96fd2f10-4dfb-48ab-ba51-35e0f9940155 adb97ff98a81444a86830e8de97d6947 5a7b02ab22e94979b760bd9eea46d75d - - default default] Unable to schedule network 92c0e985-9aa3-4b7e-b6ba-53df644b79f4: no agents available; will retry on subsequent port and subnet creation events.
2026-05-08 19:31:28.487 9 INFO neutron.db.ovn_revision_numbers_db [None req-96fd2f10-4dfb-48ab-ba51-35e0f9940155 adb97ff98a81444a86830e8de97d6947 5a7b02ab22e94979b760bd9eea46d75d - - default default] Successfully bumped revision number for resource 4648f20d-32b6-4ed4-a295-33179ab692f5 (type: ports) to 1
2026-05-08 19:31:28.543 10 INFO neutron.api.wsgi [req-f36eb4e3-28f2-4f14-bf08-0ba758ba4be8 req-1dd70e61-d0bc-4e3b-bea5-f128ac307095 85de8ff95b9347d9ae0110dc25057c9c 5797e5a055f342c092b3d99bea4bd5e6 - - 53ecfd3c19f44e4cbbdb025a05856ba3 53ecfd3c19f44e4cbbdb025a05856ba3] 199.204.45.78 "GET /v2.0/ports?tenant_id=de96782c10a54e56acb487cebde962e8&device_id=75e016c2-8eab-4007-b834-4146346a5a3a HTTP/1.1" status: 200 len: 1413 time: 0.0283976
2026-05-08 19:31:28.597 10 INFO neutron.api.wsgi [req-f36eb4e3-28f2-4f14-bf08-0ba758ba4be8 req-60e8d359-b90f-467a-817c-c6367690ea04 85de8ff95b9347d9ae0110dc25057c9c 5797e5a055f342c092b3d99bea4bd5e6 - - 53ecfd3c19f44e4cbbdb025a05856ba3 53ecfd3c19f44e4cbbdb025a05856ba3] 199.204.45.78 "GET /v2.0/networks?id=731cec31-2aed-4647-9361-83c35c188ec5 HTTP/1.1" status: 200 len: 957 time: 0.0452542
2026-05-08 19:31:28.638 10 INFO neutron.api.wsgi [req-f36eb4e3-28f2-4f14-bf08-0ba758ba4be8 req-b1d04741-6dc3-4b78-8eab-a90cd2d4f006 85de8ff95b9347d9ae0110dc25057c9c 5797e5a055f342c092b3d99bea4bd5e6 - - 53ecfd3c19f44e4cbbdb025a05856ba3 53ecfd3c19f44e4cbbdb025a05856ba3] 199.204.45.78 "GET /v2.0/floatingips?fixed_ip_address=10.100.0.10&port_id=c593c111-492c-4578-8f25-7652440c1420 HTTP/1.1" status: 200 len: 1060 time: 0.0377100
2026-05-08 19:31:28.671 10 INFO neutron.api.wsgi [req-f36eb4e3-28f2-4f14-bf08-0ba758ba4be8 req-6bf38262-83c0-4b61-a6a3-9f24b29b3e74 85de8ff95b9347d9ae0110dc25057c9c 5797e5a055f342c092b3d99bea4bd5e6 - - 53ecfd3c19f44e4cbbdb025a05856ba3 53ecfd3c19f44e4cbbdb025a05856ba3] 199.204.45.78 "GET /v2.0/subnets?id=65574441-738b-4a4b-96ff-c9699fc0ac59 HTTP/1.1" status: 200 len: 877 time: 0.0294333
2026-05-08 19:31:28.692 10 INFO neutron.api.wsgi [req-f36eb4e3-28f2-4f14-bf08-0ba758ba4be8 req-15707b90-06ec-4ab7-a944-c59ef9ab7bb8 85de8ff95b9347d9ae0110dc25057c9c 5797e5a055f342c092b3d99bea4bd5e6 - - 53ecfd3c19f44e4cbbdb025a05856ba3 53ecfd3c19f44e4cbbdb025a05856ba3] 199.204.45.78 "GET /v2.0/ports?network_id=731cec31-2aed-4647-9361-83c35c188ec5&device_owner=network%3Adhcp HTTP/1.1" status: 200 len: 210 time: 0.0152748
2026-05-08 19:31:28.738 10 INFO neutron.api.wsgi [req-f36eb4e3-28f2-4f14-bf08-0ba758ba4be8 req-e0ae78b8-3560-47cf-950d-4f6985be9437 85de8ff95b9347d9ae0110dc25057c9c 5797e5a055f342c092b3d99bea4bd5e6 - - 53ecfd3c19f44e4cbbdb025a05856ba3 53ecfd3c19f44e4cbbdb025a05856ba3] 199.204.45.78 "GET /v2.0/networks/731cec31-2aed-4647-9361-83c35c188ec5?fields=segments HTTP/1.1" status: 200 len: 212 time: 0.0410473
2026-05-08 19:31:28.777 10 INFO neutron.api.wsgi [req-f36eb4e3-28f2-4f14-bf08-0ba758ba4be8 req-c00a7d53-4bfe-4387-82c4-652a9d62d3e7 85de8ff95b9347d9ae0110dc25057c9c 5797e5a055f342c092b3d99bea4bd5e6 - - 53ecfd3c19f44e4cbbdb025a05856ba3 53ecfd3c19f44e4cbbdb025a05856ba3] 199.204.45.78 "GET /v2.0/networks/731cec31-2aed-4647-9361-83c35c188ec5?fields=provider%3Aphysical_network&fields=provider%3Anetwork_type HTTP/1.1" status: 200 len: 277 time: 0.0345478
