2026-05-08 19:28:46.577 9 INFO neutron.api.wsgi [None req-8dd3335d-998d-4fdf-80df-c3066fe9fd8d 1e592c1a9c994f049b517df17f283fb1 105db2ec97184334b04dd74814d07ab1 - - default default] 10.0.0.232 "POST /v2.0/floatingips HTTP/1.1" status: 201 len: 751 time: 0.5666423
2026-05-08 19:28:46.660 9 INFO neutron.api.wsgi [None req-50e76143-8c6c-44ee-a9f8-e9d5e6e0b7b4 adb97ff98a81444a86830e8de97d6947 5a7b02ab22e94979b760bd9eea46d75d - - default default] 10.0.0.232 "DELETE /v2.0/security-groups/763382d8-3a50-4825-88ff-815271a951e5 HTTP/1.1" status: 204 len: 168 time: 0.1966479
2026-05-08 19:28:46.678 10 INFO neutron.db.ovn_revision_numbers_db [None req-413941f5-7550-41ed-a3d1-76f38e9c3d82 - - - - - -] Successfully bumped revision number for resource 1d4a6f88-c091-4779-aa85-ebf3c0a79825 (type: ports) to 2
2026-05-08 19:28:46.726 10 INFO neutron.db.ovn_revision_numbers_db [None req-413941f5-7550-41ed-a3d1-76f38e9c3d82 - - - - - -] Successfully bumped revision number for resource 1cb20e06-bf2e-41fe-809a-ac21fa641e4c (type: subnets) to 0
2026-05-08 19:28:46.758 10 INFO neutron.api.wsgi [None req-be56ee62-bf1f-448e-b9e2-f9ee8a05cbc2 adb97ff98a81444a86830e8de97d6947 5a7b02ab22e94979b760bd9eea46d75d - - default default] 10.0.0.232 "POST /v2.0/subnets HTTP/1.1" status: 201 len: 892 time: 0.7016933
2026-05-08 19:28:47.000 10 INFO neutron.db.ovn_revision_numbers_db [req-c2e80466-b293-4708-ad78-82b2b0f77b7f req-077805ae-66c4-4102-9f29-dadd08f47874 494980db994043e6a632448739bdce07 95f0bcadc64e49b0addf5622c0e7e2f8 - - default default] Successfully bumped revision number for resource 3a2ef81d-d5aa-4b59-b2b6-f0cee0c7af41 (type: ports) to 6
2026-05-08 19:28:47.011 10 INFO neutron.api.wsgi [req-c2e80466-b293-4708-ad78-82b2b0f77b7f req-077805ae-66c4-4102-9f29-dadd08f47874 494980db994043e6a632448739bdce07 95f0bcadc64e49b0addf5622c0e7e2f8 - - default default] 199.204.45.78 "PUT /v2.0/ports/3a2ef81d-d5aa-4b59-b2b6-f0cee0c7af41 HTTP/1.1" status: 200 len: 1345 time: 0.5789323 /var/lib/openstack/lib/python3.12/site-packages/pycadf/identifier.py:71: UserWarning: Invalid uuid: neutron. To ensure interoperability, identifiers should be a valid uuid. warnings.warn(('Invalid uuid: %s. To ensure interoperability, '
2026-05-08 19:28:47.048 10 INFO neutron.api.wsgi [req-1013b0de-07a7-4499-8769-1973a3309f9b req-545b75a4-c7e6-4842-b420-095d63f911f9 1e592c1a9c994f049b517df17f283fb1 105db2ec97184334b04dd74814d07ab1 - - default default] 10.0.0.212 "GET /v2.0/security-groups?name=tempest-securitygroup--1719540594&fields=id&tenant_id=105db2ec97184334b04dd74814d07ab1 HTTP/1.1" status: 200 len: 267 time: 0.0323818
2026-05-08 19:28:47.051 10 INFO neutron.notifiers.nova [-] Nova event matching ['req-83bf4449-ad89-49da-8e9e-469aa5877a13'] response: {'name': 'network-changed', 'server_uuid': '56519b8d-a05e-427f-8053-8ff5c5951b7e', 'tag': '3a2ef81d-d5aa-4b59-b2b6-f0cee0c7af41', 'status': 'completed', 'code': 200}
2026-05-08 19:28:47.095 10 INFO neutron.api.wsgi [req-1013b0de-07a7-4499-8769-1973a3309f9b req-74c736b8-b6cc-4d2c-acec-cee9be4bc16a 1e592c1a9c994f049b517df17f283fb1 105db2ec97184334b04dd74814d07ab1 - - default default] 10.0.0.212 "GET /v2.0/networks?id=88f3a121-814f-4897-8b1f-798268a7cf09 HTTP/1.1" status: 200 len: 875 time: 0.0413311
2026-05-08 19:28:47.112 10 INFO neutron.api.wsgi [req-1013b0de-07a7-4499-8769-1973a3309f9b req-3029e0f2-7e8f-41df-b1d6-cbef8a6460e6 1e592c1a9c994f049b517df17f283fb1 105db2ec97184334b04dd74814d07ab1 - - default default] 10.0.0.212 "GET /v2.0/quotas/105db2ec97184334b04dd74814d07ab1 HTTP/1.1" status: 200 len: 491 time: 0.0088875
2026-05-08 19:28:47.151 9 WARNING neutron.scheduler.dhcp_agent_scheduler [None req-c525331b-2721-477c-ab5e-979ec42fbc91 adb97ff98a81444a86830e8de97d6947 5a7b02ab22e94979b760bd9eea46d75d - - default default] No more DHCP agents
2026-05-08 19:28:47.152 9 WARNING neutron.api.rpc.agentnotifiers.dhcp_rpc_agent_api [None req-c525331b-2721-477c-ab5e-979ec42fbc91 adb97ff98a81444a86830e8de97d6947 5a7b02ab22e94979b760bd9eea46d75d - - default default] Unable to schedule network 92c0e985-9aa3-4b7e-b6ba-53df644b79f4: no agents available; will retry on subsequent port and subnet creation events.
2026-05-08 19:28:47.179 10 INFO neutron.api.wsgi [req-1013b0de-07a7-4499-8769-1973a3309f9b req-0432788c-afce-424e-81d3-e0dfaf6e0a6a 1e592c1a9c994f049b517df17f283fb1 105db2ec97184334b04dd74814d07ab1 - - default default] 10.0.0.212 "GET /v2.0/ports?tenant_id=105db2ec97184334b04dd74814d07ab1&fields=id HTTP/1.1" status: 200 len: 302 time: 0.0616670
2026-05-08 19:28:47.226 10 INFO neutron.api.wsgi [req-1013b0de-07a7-4499-8769-1973a3309f9b req-97b1bbdf-6c29-4772-8ed4-774ecd50d639 85de8ff95b9347d9ae0110dc25057c9c 5797e5a055f342c092b3d99bea4bd5e6 - - 53ecfd3c19f44e4cbbdb025a05856ba3 53ecfd3c19f44e4cbbdb025a05856ba3] 10.0.0.212 "GET /v2.0/networks/88f3a121-814f-4897-8b1f-798268a7cf09?fields=segments HTTP/1.1" status: 200 len: 212 time: 0.0377896
2026-05-08 19:28:47.258 9 INFO neutron.db.ovn_revision_numbers_db [None req-c525331b-2721-477c-ab5e-979ec42fbc91 adb97ff98a81444a86830e8de97d6947 5a7b02ab22e94979b760bd9eea46d75d - - default default] Successfully bumped revision number for resource aae4dafd-90ce-4e4c-97a4-8e34214ed6f9 (type: ports) to 1
2026-05-08 19:28:47.266 10 INFO neutron.api.wsgi [req-1013b0de-07a7-4499-8769-1973a3309f9b req-622742a7-29f4-482d-858a-bb83ce52927f 85de8ff95b9347d9ae0110dc25057c9c 5797e5a055f342c092b3d99bea4bd5e6 - - 53ecfd3c19f44e4cbbdb025a05856ba3 53ecfd3c19f44e4cbbdb025a05856ba3] 10.0.0.212 "GET /v2.0/networks/88f3a121-814f-4897-8b1f-798268a7cf09?fields=provider%3Aphysical_network&fields=provider%3Anetwork_type HTTP/1.1" status: 200 len: 277 time: 0.0327852
2026-05-08 19:28:47.395 10 INFO neutron.api.wsgi [req-c7df7c84-8c3a-439b-b856-b7bc350cc38b req-e123e34f-9b12-454a-8fde-0d98efc1ab12 1e592c1a9c994f049b517df17f283fb1 105db2ec97184334b04dd74814d07ab1 - - default default] 10.0.0.212 "GET /v2.0/ports?device_id=4279a293-401a-452a-9be7-d9106f85f58b HTTP/1.1" status: 200 len: 210 time: 0.0183399
2026-05-08 19:28:47.559 10 INFO neutron.api.wsgi [req-c2e80466-b293-4708-ad78-82b2b0f77b7f req-a26ab03b-67ed-4e7a-9354-7ad47a3a3bdd 85de8ff95b9347d9ae0110dc25057c9c 5797e5a055f342c092b3d99bea4bd5e6 - - 53ecfd3c19f44e4cbbdb025a05856ba3 53ecfd3c19f44e4cbbdb025a05856ba3] 199.204.45.78 "GET /v2.0/ports?tenant_id=95f0bcadc64e49b0addf5622c0e7e2f8&device_id=56519b8d-a05e-427f-8053-8ff5c5951b7e HTTP/1.1" status: 200 len: 1586 time: 0.0378382
2026-05-08 19:28:47.611 10 INFO neutron.api.wsgi [req-c2e80466-b293-4708-ad78-82b2b0f77b7f req-7c4a57fb-c517-45ef-90f0-48e5433632ea 85de8ff95b9347d9ae0110dc25057c9c 5797e5a055f342c092b3d99bea4bd5e6 - - 53ecfd3c19f44e4cbbdb025a05856ba3 53ecfd3c19f44e4cbbdb025a05856ba3] 199.204.45.78 "GET /v2.0/networks?id=a79d8d00-bce3-4817-a32e-e598f52982b4 HTTP/1.1" status: 200 len: 982 time: 0.0456996
2026-05-08 19:28:47.654 10 INFO neutron.api.wsgi [req-c2e80466-b293-4708-ad78-82b2b0f77b7f req-4a8d0a05-9126-4e97-bc67-2e11a86e2955 85de8ff95b9347d9ae0110dc25057c9c 5797e5a055f342c092b3d99bea4bd5e6 - - 53ecfd3c19f44e4cbbdb025a05856ba3 53ecfd3c19f44e4cbbdb025a05856ba3] 199.204.45.78 "GET /v2.0/floatingips?fixed_ip_address=10.100.0.3&port_id=3a2ef81d-d5aa-4b59-b2b6-f0cee0c7af41 HTTP/1.1" status: 200 len: 1059 time: 0.0400515
2026-05-08 19:28:47.675 10 INFO neutron.api.wsgi [req-c2e80466-b293-4708-ad78-82b2b0f77b7f req-5d8ef8c6-e6ec-458b-ab80-2fb61bbcad98 85de8ff95b9347d9ae0110dc25057c9c 5797e5a055f342c092b3d99bea4bd5e6 - - 53ecfd3c19f44e4cbbdb025a05856ba3 53ecfd3c19f44e4cbbdb025a05856ba3] 199.204.45.78 "GET /v2.0/floatingips?fixed_ip_address=10.100.0.8&port_id=3a2ef81d-d5aa-4b59-b2b6-f0cee0c7af41 HTTP/1.1" status: 200 len: 217 time: 0.0153427
2026-05-08 19:28:47.705 10 INFO neutron.api.wsgi [req-c2e80466-b293-4708-ad78-82b2b0f77b7f req-1de1c325-f279-411c-bd22-313c9f32ed29 85de8ff95b9347d9ae0110dc25057c9c 5797e5a055f342c092b3d99bea4bd5e6 - - 53ecfd3c19f44e4cbbdb025a05856ba3 53ecfd3c19f44e4cbbdb025a05856ba3] 199.204.45.78 "GET /v2.0/subnets?id=9fc42e52-bcd4-440d-a04a-e308d305fc89 HTTP/1.1" status: 200 len: 901 time: 0.0250373
2026-05-08 19:28:47.724 10 INFO neutron.api.wsgi [req-c2e80466-b293-4708-ad78-82b2b0f77b7f req-4d7ae273-0fcb-4368-9513-8619ffb2f083 85de8ff95b9347d9ae0110dc25057c9c 5797e5a055f342c092b3d99bea4bd5e6 - - 53ecfd3c19f44e4cbbdb025a05856ba3 53ecfd3c19f44e4cbbdb025a05856ba3] 199.204.45.78 "GET /v2.0/ports?network_id=a79d8d00-bce3-4817-a32e-e598f52982b4&device_owner=network%3Adhcp HTTP/1.1" status: 200 len: 210 time: 0.0145063
2026-05-08 19:28:47.775 10 INFO neutron.api.wsgi [req-c2e80466-b293-4708-ad78-82b2b0f77b7f req-1b77aef1-40a0-4ad1-980f-980eae968d7c 85de8ff95b9347d9ae0110dc25057c9c 5797e5a055f342c092b3d99bea4bd5e6 - - 53ecfd3c19f44e4cbbdb025a05856ba3 53ecfd3c19f44e4cbbdb025a05856ba3] 199.204.45.78 "GET /v2.0/networks/a79d8d00-bce3-4817-a32e-e598f52982b4?fields=segments HTTP/1.1" status: 200 len: 212 time: 0.0462515
2026-05-08 19:28:47.815 10 INFO neutron.api.wsgi [req-c2e80466-b293-4708-ad78-82b2b0f77b7f req-5fd11e3b-07ef-43a4-89a2-f6df8fb2eb5b 85de8ff95b9347d9ae0110dc25057c9c 5797e5a055f342c092b3d99bea4bd5e6 - - 53ecfd3c19f44e4cbbdb025a05856ba3 53ecfd3c19f44e4cbbdb025a05856ba3] 199.204.45.78 "GET /v2.0/networks/a79d8d00-bce3-4817-a32e-e598f52982b4?fields=provider%3Aphysical_network&fields=provider%3Anetwork_type HTTP/1.1" status: 200 len: 277 time: 0.0361686
2026-05-08 19:28:47.832 9 INFO neutron.plugins.ml2.drivers.ovn.mech_driver.ovsdb.commands [None req-807b7a76-6dbd-4825-8400-f580d384af34 - - - - - -] Schedule LRP lrp-aae4dafd-90ce-4e4c-97a4-8e34214ed6f9 on gateway e5046f53-94f6-41a2-8ca0-4509bf8dd4b5 with priority 1
2026-05-08 19:28:47.863 10 INFO neutron.plugins.ml2.drivers.ovn.mech_driver.ovsdb.ovsdb_monitor [None req-aaeeea41-2d01-44c1-bafc-4b5f219acb82 - - - - - -] Router 8faca69a-cb16-460c-9bfc-a65de69793ea is bound to host instance
2026-05-08 19:28:47.870 9 INFO neutron.db.ovn_revision_numbers_db [None req-c525331b-2721-477c-ab5e-979ec42fbc91 adb97ff98a81444a86830e8de97d6947 5a7b02ab22e94979b760bd9eea46d75d - - default default] Successfully bumped revision number for resource aae4dafd-90ce-4e4c-97a4-8e34214ed6f9 (type: router_ports) to 1
2026-05-08 19:28:47.934 9 INFO neutron.db.ovn_revision_numbers_db [None req-c525331b-2721-477c-ab5e-979ec42fbc91 adb97ff98a81444a86830e8de97d6947 5a7b02ab22e94979b760bd9eea46d75d - - default default] Successfully bumped revision number for resource 8faca69a-cb16-460c-9bfc-a65de69793ea (type: routers) to 2
2026-05-08 19:28:47.971 9 INFO neutron.api.wsgi [None req-c525331b-2721-477c-ab5e-979ec42fbc91 adb97ff98a81444a86830e8de97d6947 5a7b02ab22e94979b760bd9eea46d75d - - default default] 10.0.0.232 "POST /v2.0/routers HTTP/1.1" status: 201 len: 1170 time: 1.2078054
2026-05-08 19:28:48.047 10 INFO neutron.api.wsgi [req-bf7c5e22-20aa-4b84-820c-ef72bf579042 req-e774c530-8ff1-46a7-91d6-024d662caf1b 494980db994043e6a632448739bdce07 95f0bcadc64e49b0addf5622c0e7e2f8 - - default default] 10.0.0.212 "GET /v2.0/ports?device_id=56519b8d-a05e-427f-8053-8ff5c5951b7e HTTP/1.1" status: 200 len: 1348 time: 0.0570571
2026-05-08 19:28:48.102 10 INFO neutron.api.wsgi [req-bf7c5e22-20aa-4b84-820c-ef72bf579042 req-470c4866-838c-4a49-97d9-f9eda37de84e 494980db994043e6a632448739bdce07 95f0bcadc64e49b0addf5622c0e7e2f8 - - default default] 10.0.0.212 "GET /v2.0/security-groups?id=812a942f-025c-4f00-a2e4-fa781b9cf517&fields=id&fields=name HTTP/1.1" status: 200 len: 313 time: 0.0499535
2026-05-08 19:28:48.394 10 INFO neutron.db.ovn_revision_numbers_db [None req-75f5d17d-4471-4a21-9126-771eb6bbf8f9 - - - - - -] Successfully bumped revision number for resource aae4dafd-90ce-4e4c-97a4-8e34214ed6f9 (type: ports) to 1
2026-05-08 19:28:48.481 10 INFO neutron.api.wsgi [req-799cc2ce-899a-4773-a080-8a807c0eacd8 req-ff6850c2-f8b7-4b3c-a64b-adedf2de6264 1e592c1a9c994f049b517df17f283fb1 105db2ec97184334b04dd74814d07ab1 - - default default] 10.0.0.212 "GET /v2.0/ports?device_id=4279a293-401a-452a-9be7-d9106f85f58b HTTP/1.1" status: 200 len: 210 time: 0.0226822
2026-05-08 19:28:48.517 10 WARNING neutron.scheduler.dhcp_agent_scheduler [None req-5ce860a4-4ecf-4e20-8d24-1ab261449330 adb97ff98a81444a86830e8de97d6947 5a7b02ab22e94979b760bd9eea46d75d - - default default] No more DHCP agents
2026-05-08 19:28:48.519 10 WARNING neutron.api.rpc.agentnotifiers.dhcp_rpc_agent_api [None req-5ce860a4-4ecf-4e20-8d24-1ab261449330 adb97ff98a81444a86830e8de97d6947 5a7b02ab22e94979b760bd9eea46d75d - - default default] Unable to schedule network 2fd1a671-da05-4e5d-aa93-886f36eb7a0a: no agents available; will retry on subsequent port and subnet creation events.
2026-05-08 19:28:48.646 10 INFO neutron.db.ovn_revision_numbers_db [None req-5ce860a4-4ecf-4e20-8d24-1ab261449330 adb97ff98a81444a86830e8de97d6947 5a7b02ab22e94979b760bd9eea46d75d - - default default] Successfully bumped revision number for resource 5a9a7e26-c93c-4639-a728-38097a2a26f9 (type: ports) to 1
2026-05-08 19:28:48.764 10 INFO neutron.db.ovn_revision_numbers_db [None req-75f5d17d-4471-4a21-9126-771eb6bbf8f9 - - - - - -] Successfully bumped revision number for resource aae4dafd-90ce-4e4c-97a4-8e34214ed6f9 (type: ports) to 4
2026-05-08 19:28:49.064 10 INFO neutron.api.wsgi [req-1aeb404a-2feb-451e-a394-7dda2739b935 req-2b5c992c-c8cd-4c3e-b958-0948bd57f745 85de8ff95b9347d9ae0110dc25057c9c 5797e5a055f342c092b3d99bea4bd5e6 - - 53ecfd3c19f44e4cbbdb025a05856ba3 53ecfd3c19f44e4cbbdb025a05856ba3] 199.204.45.78 "GET /v2.0/ports?tenant_id=95f0bcadc64e49b0addf5622c0e7e2f8&device_id=56519b8d-a05e-427f-8053-8ff5c5951b7e HTTP/1.1" status: 200 len: 1586 time: 0.2289011
2026-05-08 19:28:49.137 10 INFO neutron.api.wsgi [req-1aeb404a-2feb-451e-a394-7dda2739b935 req-d5c27966-f97e-46dd-a174-872aeb63d82f 85de8ff95b9347d9ae0110dc25057c9c 5797e5a055f342c092b3d99bea4bd5e6 - - 53ecfd3c19f44e4cbbdb025a05856ba3 53ecfd3c19f44e4cbbdb025a05856ba3] 199.204.45.78 "GET /v2.0/networks?id=a79d8d00-bce3-4817-a32e-e598f52982b4 HTTP/1.1" status: 200 len: 982 time: 0.0676639
2026-05-08 19:28:49.193 10 INFO neutron.api.wsgi [req-1aeb404a-2feb-451e-a394-7dda2739b935 req-6de29e56-fa0e-468c-a1fb-fc3a93c3e704 85de8ff95b9347d9ae0110dc25057c9c 5797e5a055f342c092b3d99bea4bd5e6 - - 53ecfd3c19f44e4cbbdb025a05856ba3 53ecfd3c19f44e4cbbdb025a05856ba3] 199.204.45.78 "GET /v2.0/floatingips?fixed_ip_address=10.100.0.3&port_id=3a2ef81d-d5aa-4b59-b2b6-f0cee0c7af41 HTTP/1.1" status: 200 len: 1059 time: 0.0481656
2026-05-08 19:28:49.224 10 INFO neutron.api.wsgi [req-1aeb404a-2feb-451e-a394-7dda2739b935 req-596bf31e-340e-4670-8049-524a34cbfc83 85de8ff95b9347d9ae0110dc25057c9c 5797e5a055f342c092b3d99bea4bd5e6 - - 53ecfd3c19f44e4cbbdb025a05856ba3 53ecfd3c19f44e4cbbdb025a05856ba3] 199.204.45.78 "GET /v2.0/floatingips?fixed_ip_address=10.100.0.8&port_id=3a2ef81d-d5aa-4b59-b2b6-f0cee0c7af41 HTTP/1.1" status: 200 len: 217 time: 0.0265548
2026-05-08 19:28:49.282 10 INFO neutron.api.wsgi [req-1aeb404a-2feb-451e-a394-7dda2739b935 req-860a7b32-43cf-4f05-b2f9-061907b12f71 85de8ff95b9347d9ae0110dc25057c9c 5797e5a055f342c092b3d99bea4bd5e6 - - 53ecfd3c19f44e4cbbdb025a05856ba3 53ecfd3c19f44e4cbbdb025a05856ba3] 199.204.45.78 "GET /v2.0/subnets?id=9fc42e52-bcd4-440d-a04a-e308d305fc89 HTTP/1.1" status: 200 len: 901 time: 0.0532911
2026-05-08 19:28:49.310 10 INFO neutron.api.wsgi [req-1aeb404a-2feb-451e-a394-7dda2739b935 req-b5d5ec1b-af41-4ad9-bc93-cb24666c69a6 85de8ff95b9347d9ae0110dc25057c9c 5797e5a055f342c092b3d99bea4bd5e6 - - 53ecfd3c19f44e4cbbdb025a05856ba3 53ecfd3c19f44e4cbbdb025a05856ba3] 199.204.45.78 "GET /v2.0/ports?network_id=a79d8d00-bce3-4817-a32e-e598f52982b4&device_owner=network%3Adhcp HTTP/1.1" status: 200 len: 210 time: 0.0180330
2026-05-08 19:28:49.385 10 INFO neutron.api.wsgi [req-1aeb404a-2feb-451e-a394-7dda2739b935 req-1ddaaa8c-734c-40a7-80b9-48d5e24647cd 85de8ff95b9347d9ae0110dc25057c9c 5797e5a055f342c092b3d99bea4bd5e6 - - 53ecfd3c19f44e4cbbdb025a05856ba3 53ecfd3c19f44e4cbbdb025a05856ba3] 199.204.45.78 "GET /v2.0/networks/a79d8d00-bce3-4817-a32e-e598f52982b4?fields=segments HTTP/1.1" status: 200 len: 212 time: 0.0682590
2026-05-08 19:28:49.398 10 INFO neutron.db.ovn_revision_numbers_db [None req-75f5d17d-4471-4a21-9126-771eb6bbf8f9 - - - - - -] Successfully bumped revision number for resource aae4dafd-90ce-4e4c-97a4-8e34214ed6f9 (type: ports) to 5
2026-05-08 19:28:49.448 10 INFO neutron.api.wsgi [req-1aeb404a-2feb-451e-a394-7dda2739b935 req-1f248589-6db7-4dfc-8b4f-3a058b4331ad 85de8ff95b9347d9ae0110dc25057c9c 5797e5a055f342c092b3d99bea4bd5e6 - - 53ecfd3c19f44e4cbbdb025a05856ba3 53ecfd3c19f44e4cbbdb025a05856ba3] 199.204.45.78 "GET /v2.0/networks/a79d8d00-bce3-4817-a32e-e598f52982b4?fields=provider%3Aphysical_network&fields=provider%3Anetwork_type HTTP/1.1" status: 200 len: 277 time: 0.0566843
2026-05-08 19:28:49.551 10 INFO neutron.db.ovn_revision_numbers_db [None req-5ce860a4-4ecf-4e20-8d24-1ab261449330 adb97ff98a81444a86830e8de97d6947 5a7b02ab22e94979b760bd9eea46d75d - - default default] Successfully bumped revision number for resource 5a9a7e26-c93c-4639-a728-38097a2a26f9 (type: ports) to 1
2026-05-08 19:28:49.558 10 INFO neutron.api.wsgi [req-36f7b0f2-c128-4110-9890-33398d6c177b req-300c4cb6-e70e-4a61-97fc-588c1e8ee14b 1e592c1a9c994f049b517df17f283fb1 105db2ec97184334b04dd74814d07ab1 - - default default] 10.0.0.212 "GET /v2.0/ports?device_id=4279a293-401a-452a-9be7-d9106f85f58b HTTP/1.1" status: 200 len: 210 time: 0.0140791
2026-05-08 19:28:49.594 10 WARNING neutron.scheduler.dhcp_agent_scheduler [None req-5ce860a4-4ecf-4e20-8d24-1ab261449330 adb97ff98a81444a86830e8de97d6947 5a7b02ab22e94979b760bd9eea46d75d - - default default] No more DHCP agents
2026-05-08 19:28:49.595 10 WARNING neutron.api.rpc.agentnotifiers.dhcp_rpc_agent_api [None req-5ce860a4-4ecf-4e20-8d24-1ab261449330 adb97ff98a81444a86830e8de97d6947 5a7b02ab22e94979b760bd9eea46d75d - - default default] Unable to schedule network 2fd1a671-da05-4e5d-aa93-886f36eb7a0a: no agents available; will retry on subsequent port and subnet creation events.
2026-05-08 19:28:50.014 10 INFO neutron.api.wsgi [req-0fd78aa6-f2d1-4cdf-9baa-9367b8d48104 req-4f696fc9-b8f0-4b2c-9579-44eefd69d7f8 494980db994043e6a632448739bdce07 95f0bcadc64e49b0addf5622c0e7e2f8 - - default default] 199.204.45.78 "GET /v2.0/ports?device_id=56519b8d-a05e-427f-8053-8ff5c5951b7e&device_owner=compute%3Anova&fixed_ips=ip_address%3D10.100.0.8 HTTP/1.1" status: 200 len: 1348 time: 0.0574615
2026-05-08 19:28:50.346 10 INFO neutron.db.ovn_revision_numbers_db [None req-5ce860a4-4ecf-4e20-8d24-1ab261449330 adb97ff98a81444a86830e8de97d6947 5a7b02ab22e94979b760bd9eea46d75d - - default default] Successfully bumped revision number for resource 5a9a7e26-c93c-4639-a728-38097a2a26f9 (type: router_ports) to 1
2026-05-08 19:28:50.351 10 INFO neutron.api.wsgi [None req-5ce860a4-4ecf-4e20-8d24-1ab261449330 adb97ff98a81444a86830e8de97d6947 5a7b02ab22e94979b760bd9eea46d75d - - default default] 10.0.0.232 "PUT /v2.0/routers/8faca69a-cb16-460c-9bfc-a65de69793ea/add_router_interface HTTP/1.1" status: 200 len: 503 time: 2.3730443
2026-05-08 19:28:50.378 10 WARNING neutron.plugins.ml2.drivers.ovn.mech_driver.ovsdb.ovn_client [None req-b6a39b68-74df-46b2-8f14-56c66626c968 - - - - - -] No hosting information found for port 8366f8ef-9cd6-4487-b889-c6259cca000a: RuntimeError: No hosting information found for port 8366f8ef-9cd6-4487-b889-c6259cca000a
2026-05-08 19:28:50.462 10 INFO neutron.db.ovn_revision_numbers_db [None req-b6a39b68-74df-46b2-8f14-56c66626c968 - - - - - -] Successfully bumped revision number for resource 8366f8ef-9cd6-4487-b889-c6259cca000a (type: router_ports) to 2
2026-05-08 19:28:50.508 10 INFO neutron.db.ovn_revision_numbers_db [req-0fd78aa6-f2d1-4cdf-9baa-9367b8d48104 req-aedcd3c0-041c-45f4-b1fd-cee3381acc51 494980db994043e6a632448739bdce07 95f0bcadc64e49b0addf5622c0e7e2f8 - - default default] Successfully bumped revision number for resource 3a2ef81d-d5aa-4b59-b2b6-f0cee0c7af41 (type: ports) to 7
2026-05-08 19:28:50.517 10 INFO neutron.plugins.ml2.drivers.ovn.mech_driver.mech_driver [None req-b6a39b68-74df-46b2-8f14-56c66626c968 - - - - - -] OVN reports status up for port: aae4dafd-90ce-4e4c-97a4-8e34214ed6f9
2026-05-08 19:28:50.523 10 INFO neutron.api.wsgi [req-0fd78aa6-f2d1-4cdf-9baa-9367b8d48104 req-aedcd3c0-041c-45f4-b1fd-cee3381acc51 494980db994043e6a632448739bdce07 95f0bcadc64e49b0addf5622c0e7e2f8 - - default default] 199.204.45.78 "PUT /v2.0/ports/3a2ef81d-d5aa-4b59-b2b6-f0cee0c7af41 HTTP/1.1" status: 200 len: 1167 time: 0.5039978
2026-05-08 19:28:50.536 10 INFO neutron.plugins.ml2.plugin [None req-b6a39b68-74df-46b2-8f14-56c66626c968 - - - - - -] Attempt 1 to provision port aae4dafd-90ce-4e4c-97a4-8e34214ed6f9
2026-05-08 19:28:50.560 10 INFO neutron.notifiers.nova [-] Nova event matching ['req-fd2a64bd-bcb0-41e0-9f03-38d2fb9edc7f'] response: {'name': 'network-changed', 'server_uuid': '56519b8d-a05e-427f-8053-8ff5c5951b7e', 'tag': '3a2ef81d-d5aa-4b59-b2b6-f0cee0c7af41', 'status': 'completed', 'code': 200} /var/lib/openstack/lib/python3.12/site-packages/pycadf/identifier.py:71: UserWarning: Invalid uuid: neutron. To ensure interoperability, identifiers should be a valid uuid. warnings.warn(('Invalid uuid: %s. To ensure interoperability, '
2026-05-08 19:28:50.619 10 INFO neutron.plugins.ml2.drivers.ovn.mech_driver.mech_driver [None req-b6a39b68-74df-46b2-8f14-56c66626c968 - - - - - -] OVN reports status up for port: 5a9a7e26-c93c-4639-a728-38097a2a26f9
2026-05-08 19:28:50.626 10 INFO neutron.api.wsgi [req-8956292c-87dd-44a7-89eb-b27a9c757910 req-be754137-c23d-48be-8615-a5e3248bb84f 1e592c1a9c994f049b517df17f283fb1 105db2ec97184334b04dd74814d07ab1 - - default default] 10.0.0.212 "GET /v2.0/ports?device_id=4279a293-401a-452a-9be7-d9106f85f58b HTTP/1.1" status: 200 len: 210 time: 0.0139194
2026-05-08 19:28:50.629 10 INFO neutron.plugins.ml2.plugin [None req-b6a39b68-74df-46b2-8f14-56c66626c968 - - - - - -] Attempt 1 to provision port 5a9a7e26-c93c-4639-a728-38097a2a26f9
2026-05-08 19:28:50.681 9 INFO neutron.db.ovn_revision_numbers_db [None req-ed0e9238-94ec-46e3-a36f-5fe33bd41394 adb97ff98a81444a86830e8de97d6947 5a7b02ab22e94979b760bd9eea46d75d - - default default] Successfully bumped revision number for resource 2720a076-361c-4dd2-98d7-d71ae1db5cc7 (type: security_groups) to 1
2026-05-08 19:28:50.691 9 INFO neutron.db.ovn_revision_numbers_db [None req-ed0e9238-94ec-46e3-a36f-5fe33bd41394 adb97ff98a81444a86830e8de97d6947 5a7b02ab22e94979b760bd9eea46d75d - - default default] Successfully bumped revision number for resource 3718cea9-2dcc-487e-a3f0-d3587966e23d (type: security_group_rules) to 0
2026-05-08 19:28:50.702 9 INFO neutron.db.ovn_revision_numbers_db [None req-ed0e9238-94ec-46e3-a36f-5fe33bd41394 adb97ff98a81444a86830e8de97d6947 5a7b02ab22e94979b760bd9eea46d75d - - default default] Successfully bumped revision number for resource 4d1065b1-302c-4d40-9b36-0cbc70e76756 (type: security_group_rules) to 0
2026-05-08 19:28:50.712 9 INFO neutron.db.ovn_revision_numbers_db [None req-ed0e9238-94ec-46e3-a36f-5fe33bd41394 adb97ff98a81444a86830e8de97d6947 5a7b02ab22e94979b760bd9eea46d75d - - default default] Successfully bumped revision number for resource ac7d8759-4efc-452a-bdaa-7dc8304126a4 (type: security_group_rules) to 0
2026-05-08 19:28:50.723 9 INFO neutron.db.ovn_revision_numbers_db [None req-ed0e9238-94ec-46e3-a36f-5fe33bd41394 adb97ff98a81444a86830e8de97d6947 5a7b02ab22e94979b760bd9eea46d75d - - default default] Successfully bumped revision number for resource fbddf694-59b1-4b72-963f-18a7545d0260 (type: security_group_rules) to 0
2026-05-08 19:28:50.755 9 INFO neutron.api.wsgi [None req-ed0e9238-94ec-46e3-a36f-5fe33bd41394 adb97ff98a81444a86830e8de97d6947 5a7b02ab22e94979b760bd9eea46d75d - - default default] 10.0.0.232 "GET /v2.0/security-groups?tenant_id=5448fe4b22104abab8eeece809887f88&name=default HTTP/1.1" status: 200 len: 3120 time: 0.3967392
2026-05-08 19:28:50.931 9 INFO neutron.api.wsgi [None req-8f065f2a-8581-4fc4-9962-7fb650b5acba adb97ff98a81444a86830e8de97d6947 5a7b02ab22e94979b760bd9eea46d75d - - default default] 10.0.0.232 "DELETE /v2.0/security-groups/2720a076-361c-4dd2-98d7-d71ae1db5cc7 HTTP/1.1" status: 204 len: 168 time: 0.1704259
2026-05-08 19:28:50.978 10 INFO neutron.db.ovn_revision_numbers_db [None req-b6a39b68-74df-46b2-8f14-56c66626c968 - - - - - -] Successfully bumped revision number for resource 5a9a7e26-c93c-4639-a728-38097a2a26f9 (type: ports) to 2
2026-05-08 19:28:51.063 10 INFO neutron.api.wsgi [req-0fd78aa6-f2d1-4cdf-9baa-9367b8d48104 req-73df5bd6-1194-4a5a-9645-5f1bcd690510 85de8ff95b9347d9ae0110dc25057c9c 5797e5a055f342c092b3d99bea4bd5e6 - - 53ecfd3c19f44e4cbbdb025a05856ba3 53ecfd3c19f44e4cbbdb025a05856ba3] 199.204.45.78 "GET /v2.0/ports?tenant_id=95f0bcadc64e49b0addf5622c0e7e2f8&device_id=56519b8d-a05e-427f-8053-8ff5c5951b7e HTTP/1.1" status: 200 len: 1409 time: 0.0289173
2026-05-08 19:28:51.101 10 INFO neutron.api.wsgi [req-0fd78aa6-f2d1-4cdf-9baa-9367b8d48104 req-47e74bb5-45d2-4b95-acc3-1a6bfdb3c7cd 85de8ff95b9347d9ae0110dc25057c9c 5797e5a055f342c092b3d99bea4bd5e6 - - 53ecfd3c19f44e4cbbdb025a05856ba3 53ecfd3c19f44e4cbbdb025a05856ba3] 199.204.45.78 "GET /v2.0/networks?id=a79d8d00-bce3-4817-a32e-e598f52982b4 HTTP/1.1" status: 200 len: 982 time: 0.0341525
2026-05-08 19:28:51.133 9 INFO neutron.db.ovn_revision_numbers_db [None req-d329e001-0301-4584-97bf-796ddda6029b adb97ff98a81444a86830e8de97d6947 5a7b02ab22e94979b760bd9eea46d75d - - default default] Successfully bumped revision number for resource 47c47fcd-f52d-4ada-bf4f-a5bdb87331b6 (type: security_groups) to 1
2026-05-08 19:28:51.138 10 INFO neutron.api.wsgi [req-0fd78aa6-f2d1-4cdf-9baa-9367b8d48104 req-dcb7b980-18b6-40d0-9008-422ceccb5144 85de8ff95b9347d9ae0110dc25057c9c 5797e5a055f342c092b3d99bea4bd5e6 - - 53ecfd3c19f44e4cbbdb025a05856ba3 53ecfd3c19f44e4cbbdb025a05856ba3] 199.204.45.78 "GET /v2.0/floatingips?fixed_ip_address=10.100.0.3&port_id=3a2ef81d-d5aa-4b59-b2b6-f0cee0c7af41 HTTP/1.1" status: 200 len: 1059 time: 0.0322349
2026-05-08 19:28:51.146 9 INFO neutron.db.ovn_revision_numbers_db [None req-d329e001-0301-4584-97bf-796ddda6029b adb97ff98a81444a86830e8de97d6947 5a7b02ab22e94979b760bd9eea46d75d - - default default] Successfully bumped revision number for resource 314cb886-2f65-419a-8818-e329cb316cb8 (type: security_group_rules) to 0
2026-05-08 19:28:51.160 9 INFO neutron.db.ovn_revision_numbers_db [None req-d329e001-0301-4584-97bf-796ddda6029b adb97ff98a81444a86830e8de97d6947 5a7b02ab22e94979b760bd9eea46d75d - - default default] Successfully bumped revision number for resource 4dcdbba2-f076-43dd-8a21-d328b25cf9fd (type: security_group_rules) to 0
2026-05-08 19:28:51.168 10 INFO neutron.api.wsgi [req-0fd78aa6-f2d1-4cdf-9baa-9367b8d48104 req-3f92434a-e277-4525-85f2-377a61d33f45 85de8ff95b9347d9ae0110dc25057c9c 5797e5a055f342c092b3d99bea4bd5e6 - - 53ecfd3c19f44e4cbbdb025a05856ba3 53ecfd3c19f44e4cbbdb025a05856ba3] 199.204.45.78 "GET /v2.0/subnets?id=9fc42e52-bcd4-440d-a04a-e308d305fc89 HTTP/1.1" status: 200 len: 901 time: 0.0232093
2026-05-08 19:28:51.173 9 INFO neutron.db.ovn_revision_numbers_db [None req-d329e001-0301-4584-97bf-796ddda6029b adb97ff98a81444a86830e8de97d6947 5a7b02ab22e94979b760bd9eea46d75d - - default default] Successfully bumped revision number for resource 9fcc2cf1-01eb-4f87-987e-0359d4bad943 (type: security_group_rules) to 0
2026-05-08 19:28:51.186 9 INFO neutron.db.ovn_revision_numbers_db [None req-d329e001-0301-4584-97bf-796ddda6029b adb97ff98a81444a86830e8de97d6947 5a7b02ab22e94979b760bd9eea46d75d - - default default] Successfully bumped revision number for resource bb86aa90-9621-4515-87c4-c9b761e364ba (type: security_group_rules) to 0
2026-05-08 19:28:51.188 10 INFO neutron.api.wsgi [req-0fd78aa6-f2d1-4cdf-9baa-9367b8d48104 req-d3f35017-ad98-4aca-9598-ee7acadcba6f 85de8ff95b9347d9ae0110dc25057c9c 5797e5a055f342c092b3d99bea4bd5e6 - - 53ecfd3c19f44e4cbbdb025a05856ba3 53ecfd3c19f44e4cbbdb025a05856ba3] 199.204.45.78 "GET /v2.0/ports?network_id=a79d8d00-bce3-4817-a32e-e598f52982b4&device_owner=network%3Adhcp HTTP/1.1" status: 200 len: 210 time: 0.0150533
2026-05-08 19:28:51.222 9 INFO neutron.api.wsgi [None req-d329e001-0301-4584-97bf-796ddda6029b adb97ff98a81444a86830e8de97d6947 5a7b02ab22e94979b760bd9eea46d75d - - default default] 10.0.0.232 "GET /v2.0/security-groups?tenant_id=4a5fc7e223f24c4c94ec4ba4f7d708d6&name=default HTTP/1.1" status: 200 len: 3120 time: 0.2008512
2026-05-08 19:28:51.235 10 INFO neutron.api.wsgi [req-0fd78aa6-f2d1-4cdf-9baa-9367b8d48104 req-ee68bd7f-aded-445a-97b6-0e3376eb2412 85de8ff95b9347d9ae0110dc25057c9c 5797e5a055f342c092b3d99bea4bd5e6 - - 53ecfd3c19f44e4cbbdb025a05856ba3 53ecfd3c19f44e4cbbdb025a05856ba3] 199.204.45.78 "GET /v2.0/networks/a79d8d00-bce3-4817-a32e-e598f52982b4?fields=segments HTTP/1.1" status: 200 len: 212 time: 0.0402596
2026-05-08 19:28:51.289 10 INFO neutron.api.wsgi [req-0fd78aa6-f2d1-4cdf-9baa-9367b8d48104 req-13007bc5-116f-42cf-9a88-b725a3ecda0f 85de8ff95b9347d9ae0110dc25057c9c 5797e5a055f342c092b3d99bea4bd5e6 - - 53ecfd3c19f44e4cbbdb025a05856ba3 53ecfd3c19f44e4cbbdb025a05856ba3] 199.204.45.78 "GET /v2.0/networks/a79d8d00-bce3-4817-a32e-e598f52982b4?fields=provider%3Aphysical_network&fields=provider%3Anetwork_type HTTP/1.1" status: 200 len: 277 time: 0.0482492
2026-05-08 19:28:51.353 10 INFO neutron.api.wsgi [req-d2c710d0-2470-4364-bd03-3d7f8a933952 req-450f1ee5-e999-4cf9-99c9-8a0025cf3ad9 30e59913094244e7814976ad4872b377 afff69e10eb1437292a31dd29e5eea8a - - default default] 10.0.0.212 "GET /v2.0/networks?id=2fd1a671-da05-4e5d-aa93-886f36eb7a0a HTTP/1.1" status: 200 len: 877 time: 0.0458355
2026-05-08 19:28:51.373 10 INFO neutron.api.wsgi [req-d2c710d0-2470-4364-bd03-3d7f8a933952 req-8254523b-8fb4-4e1c-9b03-17dccbf6637d 30e59913094244e7814976ad4872b377 afff69e10eb1437292a31dd29e5eea8a - - default default] 10.0.0.212 "GET /v2.0/quotas/afff69e10eb1437292a31dd29e5eea8a HTTP/1.1" status: 200 len: 491 time: 0.0137432
2026-05-08 19:28:51.442 10 INFO neutron.api.wsgi [req-d2c710d0-2470-4364-bd03-3d7f8a933952 req-917dfb53-7494-42e9-97c0-c8949403e3ab 30e59913094244e7814976ad4872b377 afff69e10eb1437292a31dd29e5eea8a - - default default] 10.0.0.212 "GET /v2.0/ports?tenant_id=afff69e10eb1437292a31dd29e5eea8a&fields=id HTTP/1.1" status: 200 len: 302 time: 0.0639026
2026-05-08 19:28:51.449 10 INFO neutron.api.wsgi [None req-589c522e-6643-4689-8b78-6badccc2d95e adb97ff98a81444a86830e8de97d6947 5a7b02ab22e94979b760bd9eea46d75d - - default default] 10.0.0.232 "DELETE /v2.0/security-groups/47c47fcd-f52d-4ada-bf4f-a5bdb87331b6 HTTP/1.1" status: 204 len: 168 time: 0.2220857
2026-05-08 19:28:51.487 10 INFO neutron.api.wsgi [req-d2c710d0-2470-4364-bd03-3d7f8a933952 req-c5089169-0968-433f-829b-650f9d6c36e6 85de8ff95b9347d9ae0110dc25057c9c 5797e5a055f342c092b3d99bea4bd5e6 - - 53ecfd3c19f44e4cbbdb025a05856ba3 53ecfd3c19f44e4cbbdb025a05856ba3] 10.0.0.212 "GET /v2.0/networks/2fd1a671-da05-4e5d-aa93-886f36eb7a0a?fields=segments HTTP/1.1" status: 200 len: 212 time: 0.0370481
2026-05-08 19:28:51.538 10 INFO neutron.api.wsgi [req-d2c710d0-2470-4364-bd03-3d7f8a933952 req-27b9198d-c09a-42cd-83a6-7d60274f6bdb 85de8ff95b9347d9ae0110dc25057c9c 5797e5a055f342c092b3d99bea4bd5e6 - - 53ecfd3c19f44e4cbbdb025a05856ba3 53ecfd3c19f44e4cbbdb025a05856ba3] 10.0.0.212 "GET /v2.0/networks/2fd1a671-da05-4e5d-aa93-886f36eb7a0a?fields=provider%3Aphysical_network&fields=provider%3Anetwork_type HTTP/1.1" status: 200 len: 277 time: 0.0446422
2026-05-08 19:28:51.660 10 INFO neutron.api.wsgi [req-d4d165ec-b354-4a2a-ac90-36c2a9edc9b4 req-2aeea718-73c7-4a31-a37b-189055bb3d4c 30e59913094244e7814976ad4872b377 afff69e10eb1437292a31dd29e5eea8a - - default default] 10.0.0.212 "GET /v2.0/ports?device_id=7267dc1e-2b79-4081-9445-70d217dd9cac HTTP/1.1" status: 200 len: 210 time: 0.0219817
2026-05-08 19:28:51.693 10 INFO neutron.api.wsgi [req-9fa9b360-cb76-46a3-ab56-b0b28d99595c req-b12e462e-e58d-4b61-b21c-36d19014d629 1e592c1a9c994f049b517df17f283fb1 105db2ec97184334b04dd74814d07ab1 - - default default] 10.0.0.212 "GET /v2.0/ports?device_id=4279a293-401a-452a-9be7-d9106f85f58b HTTP/1.1" status: 200 len: 210 time: 0.0177796
2026-05-08 19:28:52.333 10 INFO neutron.api.wsgi [req-5840018e-5288-4691-92b3-1baca8b1e73b req-0c190147-5df3-47a7-80b2-29710d89a74f 85de8ff95b9347d9ae0110dc25057c9c 5797e5a055f342c092b3d99bea4bd5e6 - - 53ecfd3c19f44e4cbbdb025a05856ba3 53ecfd3c19f44e4cbbdb025a05856ba3] 199.204.45.78 "GET /v2.0/ports?tenant_id=95f0bcadc64e49b0addf5622c0e7e2f8&device_id=56519b8d-a05e-427f-8053-8ff5c5951b7e HTTP/1.1" status: 200 len: 1409 time: 0.0311656
2026-05-08 19:28:52.372 10 INFO neutron.api.wsgi [req-5840018e-5288-4691-92b3-1baca8b1e73b req-07a7815d-4789-4ec2-b5a4-b80b75a8f846 85de8ff95b9347d9ae0110dc25057c9c 5797e5a055f342c092b3d99bea4bd5e6 - - 53ecfd3c19f44e4cbbdb025a05856ba3 53ecfd3c19f44e4cbbdb025a05856ba3] 199.204.45.78 "GET /v2.0/networks?id=a79d8d00-bce3-4817-a32e-e598f52982b4 HTTP/1.1" status: 200 len: 982 time: 0.0348182
2026-05-08 19:28:52.421 10 INFO neutron.api.wsgi [req-5840018e-5288-4691-92b3-1baca8b1e73b req-d1fede71-487f-4a9d-ad3d-4db2661a8d8b 85de8ff95b9347d9ae0110dc25057c9c 5797e5a055f342c092b3d99bea4bd5e6 - - 53ecfd3c19f44e4cbbdb025a05856ba3 53ecfd3c19f44e4cbbdb025a05856ba3] 199.204.45.78 "GET /v2.0/floatingips?fixed_ip_address=10.100.0.3&port_id=3a2ef81d-d5aa-4b59-b2b6-f0cee0c7af41 HTTP/1.1" status: 200 len: 1059 time: 0.0457745
2026-05-08 19:28:52.450 10 INFO neutron.api.wsgi [req-5840018e-5288-4691-92b3-1baca8b1e73b req-0dbbdc56-6d7a-4cd4-a275-b99fa2afa7a7 85de8ff95b9347d9ae0110dc25057c9c 5797e5a055f342c092b3d99bea4bd5e6 - - 53ecfd3c19f44e4cbbdb025a05856ba3 53ecfd3c19f44e4cbbdb025a05856ba3] 199.204.45.78 "GET /v2.0/subnets?id=9fc42e52-bcd4-440d-a04a-e308d305fc89 HTTP/1.1" status: 200 len: 901 time: 0.0241392
2026-05-08 19:28:52.488 10 INFO neutron.api.wsgi [req-5840018e-5288-4691-92b3-1baca8b1e73b req-6bf64daa-6638-4755-b441-f8adfef7acd1 85de8ff95b9347d9ae0110dc25057c9c 5797e5a055f342c092b3d99bea4bd5e6 - - 53ecfd3c19f44e4cbbdb025a05856ba3 53ecfd3c19f44e4cbbdb025a05856ba3] 199.204.45.78 "GET /v2.0/ports?network_id=a79d8d00-bce3-4817-a32e-e598f52982b4&device_owner=network%3Adhcp HTTP/1.1" status: 200 len: 210 time: 0.0286429
2026-05-08 19:28:52.539 10 INFO neutron.api.wsgi [req-5840018e-5288-4691-92b3-1baca8b1e73b req-9c848c3c-7833-488a-b0b0-d0311fa288bb 85de8ff95b9347d9ae0110dc25057c9c 5797e5a055f342c092b3d99bea4bd5e6 - - 53ecfd3c19f44e4cbbdb025a05856ba3 53ecfd3c19f44e4cbbdb025a05856ba3] 199.204.45.78 "GET /v2.0/networks/a79d8d00-bce3-4817-a32e-e598f52982b4?fields=segments HTTP/1.1" status: 200 len: 212 time: 0.0455368
2026-05-08 19:28:52.558 10 INFO neutron.api.wsgi [req-9b407e60-3528-4f47-849d-0f2b8756dac5 req-8e19578d-2e3c-4949-955b-20d41044827b 494980db994043e6a632448739bdce07 95f0bcadc64e49b0addf5622c0e7e2f8 - - default default] 10.0.0.212 "GET /v2.0/ports?device_id=56519b8d-a05e-427f-8053-8ff5c5951b7e HTTP/1.1" status: 200 len: 1170 time: 0.1007433
2026-05-08 19:28:52.596 10 INFO neutron.api.wsgi [req-5840018e-5288-4691-92b3-1baca8b1e73b req-478b603e-bb4e-4b37-a67b-d1e2d751640c 85de8ff95b9347d9ae0110dc25057c9c 5797e5a055f342c092b3d99bea4bd5e6 - - 53ecfd3c19f44e4cbbdb025a05856ba3 53ecfd3c19f44e4cbbdb025a05856ba3] 199.204.45.78 "GET /v2.0/networks/a79d8d00-bce3-4817-a32e-e598f52982b4?fields=provider%3Aphysical_network&fields=provider%3Anetwork_type HTTP/1.1" status: 200 len: 277 time: 0.0511441
2026-05-08 19:28:52.599 10 INFO neutron.api.wsgi [req-9b407e60-3528-4f47-849d-0f2b8756dac5 req-3c4e5738-bbdf-442d-973a-1dda75277ef9 494980db994043e6a632448739bdce07 95f0bcadc64e49b0addf5622c0e7e2f8 - - default default] 10.0.0.212 "GET /v2.0/security-groups?id=812a942f-025c-4f00-a2e4-fa781b9cf517&fields=id&fields=name HTTP/1.1" status: 200 len: 313 time: 0.0345206
2026-05-08 19:28:52.736 10 INFO neutron.api.wsgi [req-0b20e9ec-e1ba-4b85-a699-976f4abc9de1 req-e8a37715-20ba-4199-8c4b-4aacb03618d4 30e59913094244e7814976ad4872b377 afff69e10eb1437292a31dd29e5eea8a - - default default] 10.0.0.212 "GET /v2.0/ports?device_id=7267dc1e-2b79-4081-9445-70d217dd9cac HTTP/1.1" status: 200 len: 210 time: 0.0183480
2026-05-08 19:28:52.771 10 INFO neutron.api.wsgi [req-c331822b-3f23-4d14-ba20-3e8fb53a0095 req-9a17c6de-6734-4ac0-81bd-c5d41a61f92a 1e592c1a9c994f049b517df17f283fb1 105db2ec97184334b04dd74814d07ab1 - - default default] 10.0.0.212 "GET /v2.0/ports?device_id=4279a293-401a-452a-9be7-d9106f85f58b HTTP/1.1" status: 200 len: 210 time: 0.0214257
2026-05-08 19:28:53.005 9 INFO neutron.plugins.ml2.drivers.ovn.mech_driver.mech_driver [None req-71926a5a-143b-4da3-a013-a3f04e94d948 - - - - - -] OVN reports status down for port: 3a2ef81d-d5aa-4b59-b2b6-f0cee0c7af41
2026-05-08 19:28:53.128 9 INFO neutron.api.wsgi [-] 10.0.0.22 "GET / HTTP/1.1" status: 200 len: 247 time: 0.0012596
2026-05-08 19:28:53.128 10 INFO neutron.api.wsgi [-] 10.0.0.22 "GET / HTTP/1.1" status: 200 len: 247 time: 0.0016985
2026-05-08 19:28:53.134 9 INFO neutron.notifiers.nova [-] Nova event matching ['req-59ec2cc6-b0be-4012-b9d0-31d05bd417a6'] response: {'server_uuid': '56519b8d-a05e-427f-8053-8ff5c5951b7e', 'name': 'network-vif-unplugged', 'status': 'completed', 'tag': '3a2ef81d-d5aa-4b59-b2b6-f0cee0c7af41', 'code': 200}
2026-05-08 19:28:53.225 9 INFO neutron.db.ovn_revision_numbers_db [None req-71926a5a-143b-4da3-a013-a3f04e94d948 - - - - - -] Successfully bumped revision number for resource 3a2ef81d-d5aa-4b59-b2b6-f0cee0c7af41 (type: ports) to 8
2026-05-08 19:28:53.634 10 INFO neutron.api.wsgi [req-1013b0de-07a7-4499-8769-1973a3309f9b req-f8c14d7d-a3e7-4c0b-8cf8-dc85b3533a3a 1e592c1a9c994f049b517df17f283fb1 105db2ec97184334b04dd74814d07ab1 - - default default] 199.204.45.78 "GET /v2.0/networks?id=88f3a121-814f-4897-8b1f-798268a7cf09 HTTP/1.1" status: 200 len: 875 time: 0.0534201
2026-05-08 19:28:53.680 10 INFO neutron.api.wsgi [req-1013b0de-07a7-4499-8769-1973a3309f9b req-63e33ab3-fea6-4b29-949f-1e8f8728b581 1e592c1a9c994f049b517df17f283fb1 105db2ec97184334b04dd74814d07ab1 - - default default] 199.204.45.78 "GET /v2.0/security-groups?fields=id&fields=name&tenant_id=105db2ec97184334b04dd74814d07ab1 HTTP/1.1" status: 200 len: 380 time: 0.0408401
2026-05-08 19:28:53.691 10 WARNING neutron_lib.context [req-1013b0de-07a7-4499-8769-1973a3309f9b req-3f6e2fed-6795-4fe8-90eb-0c2485e646bf 1e592c1a9c994f049b517df17f283fb1 105db2ec97184334b04dd74814d07ab1 - - default default] Method 'is_advsvc' is deprecated since 2023.2 release (neutron-lib 3.8.0) and will be removed once support for the old RBAC API policies will be removed from Neutron. Please use method 'is_service_role' instead.
2026-05-08 19:28:53.707 10 INFO neutron.api.wsgi [req-63c31e4b-525b-4671-a998-c430d97d0c2b req-4e913cfc-24a7-4fb3-b52f-506d478e6fbd 494980db994043e6a632448739bdce07 95f0bcadc64e49b0addf5622c0e7e2f8 - - default default] 10.0.0.212 "GET /v2.0/ports?device_id=56519b8d-a05e-427f-8053-8ff5c5951b7e HTTP/1.1" status: 200 len: 1168 time: 0.0445898
2026-05-08 19:28:53.752 10 INFO neutron.api.wsgi [req-63c31e4b-525b-4671-a998-c430d97d0c2b req-4e057bd0-f7a9-4ca8-a155-99d4bcb77693 494980db994043e6a632448739bdce07 95f0bcadc64e49b0addf5622c0e7e2f8 - - default default] 10.0.0.212 "GET /v2.0/security-groups?id=812a942f-025c-4f00-a2e4-fa781b9cf517&fields=id&fields=name HTTP/1.1" status: 200 len: 313 time: 0.0393238
2026-05-08 19:28:53.823 10 INFO neutron.api.wsgi [req-1bcc23d7-03d0-44c0-86e8-1bb8d1090bda req-636a3cd8-1b1b-43b9-91ee-56f597ce3f5f 30e59913094244e7814976ad4872b377 afff69e10eb1437292a31dd29e5eea8a - - default default] 10.0.0.212 "GET /v2.0/ports?device_id=7267dc1e-2b79-4081-9445-70d217dd9cac HTTP/1.1" status: 200 len: 210 time: 0.0211768
2026-05-08 19:28:53.844 10 INFO neutron.api.wsgi [req-ec38be84-f8e5-45b3-b0ee-4871a4630ef7 req-2a66f357-329c-4f2d-958d-46330d6d08d9 1e592c1a9c994f049b517df17f283fb1 105db2ec97184334b04dd74814d07ab1 - - default default] 10.0.0.212 "GET /v2.0/ports?device_id=4279a293-401a-452a-9be7-d9106f85f58b HTTP/1.1" status: 200 len: 210 time: 0.0168464
2026-05-08 19:28:54.005 10 WARNING neutron.scheduler.dhcp_agent_scheduler [req-1013b0de-07a7-4499-8769-1973a3309f9b req-3f6e2fed-6795-4fe8-90eb-0c2485e646bf 1e592c1a9c994f049b517df17f283fb1 105db2ec97184334b04dd74814d07ab1 - - default default] No more DHCP agents
2026-05-08 19:28:54.006 10 WARNING neutron.api.rpc.agentnotifiers.dhcp_rpc_agent_api [req-1013b0de-07a7-4499-8769-1973a3309f9b req-3f6e2fed-6795-4fe8-90eb-0c2485e646bf 1e592c1a9c994f049b517df17f283fb1 105db2ec97184334b04dd74814d07ab1 - - default default] Unable to schedule network 88f3a121-814f-4897-8b1f-798268a7cf09: no agents available; will retry on subsequent port and subnet creation events.
2026-05-08 19:28:54.122 10 INFO neutron.db.ovn_revision_numbers_db [req-1013b0de-07a7-4499-8769-1973a3309f9b req-3f6e2fed-6795-4fe8-90eb-0c2485e646bf 1e592c1a9c994f049b517df17f283fb1 105db2ec97184334b04dd74814d07ab1 - - default default] Successfully bumped revision number for resource d1c3a025-27db-4a09-83f7-4f0b1f0d4672 (type: ports) to 1
2026-05-08 19:28:54.151 10 INFO neutron.api.wsgi [req-1013b0de-07a7-4499-8769-1973a3309f9b req-3f6e2fed-6795-4fe8-90eb-0c2485e646bf 1e592c1a9c994f049b517df17f283fb1 105db2ec97184334b04dd74814d07ab1 - - default default] 199.204.45.78 "POST /v2.0/ports HTTP/1.1" status: 201 len: 1158 time: 0.4649172 /var/lib/openstack/lib/python3.12/site-packages/pycadf/identifier.py:71: UserWarning: Invalid uuid: neutron. To ensure interoperability, identifiers should be a valid uuid. warnings.warn(('Invalid uuid: %s. To ensure interoperability, ' /var/lib/openstack/lib/python3.12/site-packages/pycadf/identifier.py:71: UserWarning: Invalid uuid: neutron. To ensure interoperability, identifiers should be a valid uuid. warnings.warn(('Invalid uuid: %s. To ensure interoperability, '
2026-05-08 19:28:54.263 9 INFO neutron.api.wsgi [req-a3c69c40-2cf3-47aa-bb69-f51891f7bb35 req-7a515fc2-8f2e-4a69-8dab-7cb27ad1c758 494980db994043e6a632448739bdce07 95f0bcadc64e49b0addf5622c0e7e2f8 - - default default] 199.204.45.78 "GET /v2.0/ports?device_id=56519b8d-a05e-427f-8053-8ff5c5951b7e HTTP/1.1" status: 200 len: 1168 time: 0.0605862
2026-05-08 19:28:54.527 10 INFO neutron.db.ovn_revision_numbers_db [req-1013b0de-07a7-4499-8769-1973a3309f9b req-5831e6d2-b430-4f60-b883-75c603115355 85de8ff95b9347d9ae0110dc25057c9c 5797e5a055f342c092b3d99bea4bd5e6 - - 53ecfd3c19f44e4cbbdb025a05856ba3 53ecfd3c19f44e4cbbdb025a05856ba3] Successfully bumped revision number for resource d1c3a025-27db-4a09-83f7-4f0b1f0d4672 (type: ports) to 2
2026-05-08 19:28:54.566 9 INFO neutron.db.l3_db [req-a3c69c40-2cf3-47aa-bb69-f51891f7bb35 req-71ae20b5-f3eb-4480-91ba-aa8650dfcc5b 494980db994043e6a632448739bdce07 95f0bcadc64e49b0addf5622c0e7e2f8 - - default default] Floating IP 36f6a65a-20d6-45b8-8a99-a8543b22f81a disassociated. External IP: 10.96.250.219, port: 3a2ef81d-d5aa-4b59-b2b6-f0cee0c7af41.
2026-05-08 19:28:54.673 9 INFO neutron.api.wsgi [req-a3c69c40-2cf3-47aa-bb69-f51891f7bb35 req-71ae20b5-f3eb-4480-91ba-aa8650dfcc5b 494980db994043e6a632448739bdce07 95f0bcadc64e49b0addf5622c0e7e2f8 - - default default] 199.204.45.78 "DELETE /v2.0/ports/3a2ef81d-d5aa-4b59-b2b6-f0cee0c7af41 HTTP/1.1" status: 204 len: 173 time: 0.4064362
2026-05-08 19:28:54.741 10 INFO neutron.db.ovn_revision_numbers_db [req-1013b0de-07a7-4499-8769-1973a3309f9b req-5831e6d2-b430-4f60-b883-75c603115355 85de8ff95b9347d9ae0110dc25057c9c 5797e5a055f342c092b3d99bea4bd5e6 - - 53ecfd3c19f44e4cbbdb025a05856ba3 53ecfd3c19f44e4cbbdb025a05856ba3] Successfully bumped revision number for resource d1c3a025-27db-4a09-83f7-4f0b1f0d4672 (type: ports) to 4
2026-05-08 19:28:54.762 10 INFO neutron.api.wsgi [req-1013b0de-07a7-4499-8769-1973a3309f9b req-5831e6d2-b430-4f60-b883-75c603115355 85de8ff95b9347d9ae0110dc25057c9c 5797e5a055f342c092b3d99bea4bd5e6 - - 53ecfd3c19f44e4cbbdb025a05856ba3 53ecfd3c19f44e4cbbdb025a05856ba3] 199.204.45.78 "PUT /v2.0/ports/d1c3a025-27db-4a09-83f7-4f0b1f0d4672 HTTP/1.1" status: 200 len: 1404 time: 0.6037006
2026-05-08 19:28:54.790 10 INFO neutron.notifiers.nova [-] Nova event matching ['req-dafda43b-c4f4-4159-bbed-c30ff589c1aa'] response: {'name': 'network-changed', 'server_uuid': '4279a293-401a-452a-9be7-d9106f85f58b', 'tag': 'd1c3a025-27db-4a09-83f7-4f0b1f0d4672', 'status': 'completed', 'code': 200} /var/lib/openstack/lib/python3.12/site-packages/pycadf/identifier.py:71: UserWarning: Invalid uuid: neutron. To ensure interoperability, identifiers should be a valid uuid. warnings.warn(('Invalid uuid: %s. To ensure interoperability, '
2026-05-08 19:28:54.828 10 INFO neutron.api.wsgi [req-569fdbe0-4b9a-43b7-a2c7-7d9d42f996b7 req-a8fc7f7a-66ab-4da3-8d26-c463cdef6566 494980db994043e6a632448739bdce07 95f0bcadc64e49b0addf5622c0e7e2f8 - - default default] 10.0.0.212 "GET /v2.0/ports?device_id=56519b8d-a05e-427f-8053-8ff5c5951b7e HTTP/1.1" status: 200 len: 210 time: 0.0162082
2026-05-08 19:28:54.899 10 INFO neutron.api.wsgi [req-9fe98706-fd5f-4428-9815-5ced6e6fbcf9 req-a62b2b3a-9b1c-40ad-acd6-d6a5c3e112c9 30e59913094244e7814976ad4872b377 afff69e10eb1437292a31dd29e5eea8a - - default default] 10.0.0.212 "GET /v2.0/ports?device_id=7267dc1e-2b79-4081-9445-70d217dd9cac HTTP/1.1" status: 200 len: 210 time: 0.0181584
2026-05-08 19:28:54.971 10 INFO neutron.api.wsgi [req-f8eb5129-3bc7-40f0-83d9-facbcf2d806f req-32d94f26-b175-4e59-900c-b2c2016b84b4 1e592c1a9c994f049b517df17f283fb1 105db2ec97184334b04dd74814d07ab1 - - default default] 10.0.0.212 "GET /v2.0/ports?device_id=4279a293-401a-452a-9be7-d9106f85f58b HTTP/1.1" status: 200 len: 1168 time: 0.0711160
2026-05-08 19:28:55.006 10 INFO neutron.api.wsgi [req-f8eb5129-3bc7-40f0-83d9-facbcf2d806f req-265b56ca-3069-480c-b659-060bcc3a678c 1e592c1a9c994f049b517df17f283fb1 105db2ec97184334b04dd74814d07ab1 - - default default] 10.0.0.212 "GET /v2.0/security-groups?id=8e0bb23e-f164-49a3-a412-2e7436392f08&fields=id&fields=name HTTP/1.1" status: 200 len: 313 time: 0.0279386
2026-05-08 19:28:55.165 9 INFO neutron.notifiers.nova [-] Nova event matching ['req-6595ace0-00b3-4359-8364-01791b16c66f'] response: {'server_uuid': '56519b8d-a05e-427f-8053-8ff5c5951b7e', 'name': 'network-vif-unplugged', 'status': 'completed', 'tag': '3a2ef81d-d5aa-4b59-b2b6-f0cee0c7af41', 'code': 200}
2026-05-08 19:28:55.165 9 INFO neutron.notifiers.nova [-] Nova event matching ['req-6595ace0-00b3-4359-8364-01791b16c66f'] response: {'server_uuid': '56519b8d-a05e-427f-8053-8ff5c5951b7e', 'name': 'network-vif-deleted', 'tag': '3a2ef81d-d5aa-4b59-b2b6-f0cee0c7af41', 'status': 'completed', 'code': 200}
2026-05-08 19:28:55.338 10 INFO neutron.api.wsgi [req-18b9275f-e142-42ff-b34e-9b58eb41cacb req-6c77f9ca-8e29-4d55-9869-82f1f905dbb5 85de8ff95b9347d9ae0110dc25057c9c 5797e5a055f342c092b3d99bea4bd5e6 - - 53ecfd3c19f44e4cbbdb025a05856ba3 53ecfd3c19f44e4cbbdb025a05856ba3] 199.204.45.78 "GET /v2.0/ports?tenant_id=105db2ec97184334b04dd74814d07ab1&device_id=4279a293-401a-452a-9be7-d9106f85f58b HTTP/1.1" status: 200 len: 1407 time: 0.0401094
2026-05-08 19:28:55.391 10 INFO neutron.api.wsgi [req-18b9275f-e142-42ff-b34e-9b58eb41cacb req-a80604b0-81d6-4fef-b651-bc5ef2bc2ce1 85de8ff95b9347d9ae0110dc25057c9c 5797e5a055f342c092b3d99bea4bd5e6 - - 53ecfd3c19f44e4cbbdb025a05856ba3 53ecfd3c19f44e4cbbdb025a05856ba3] 199.204.45.78 "GET /v2.0/networks?tenant_id=105db2ec97184334b04dd74814d07ab1&shared=False HTTP/1.1" status: 200 len: 974 time: 0.0449367
2026-05-08 19:28:55.446 10 INFO neutron.api.wsgi [req-18b9275f-e142-42ff-b34e-9b58eb41cacb req-02f4511e-cd25-4e6b-a6f0-e6984c8a9cd2 85de8ff95b9347d9ae0110dc25057c9c 5797e5a055f342c092b3d99bea4bd5e6 - - 53ecfd3c19f44e4cbbdb025a05856ba3 53ecfd3c19f44e4cbbdb025a05856ba3] 199.204.45.78 "GET /v2.0/networks?shared=True HTTP/1.1" status: 200 len: 952 time: 0.0493088
2026-05-08 19:28:55.923 10 INFO neutron.api.wsgi [req-e8d2663c-3dba-4675-b21a-c0d6a8a4be86 req-d9a5df83-4ece-48e2-8dc2-e53665388a40 494980db994043e6a632448739bdce07 95f0bcadc64e49b0addf5622c0e7e2f8 - - default default] 10.0.0.212 "GET /v2.0/ports?device_id=56519b8d-a05e-427f-8053-8ff5c5951b7e HTTP/1.1" status: 200 len: 210 time: 0.0172770
2026-05-08 19:28:55.971 10 INFO neutron.api.wsgi [req-d2c710d0-2470-4364-bd03-3d7f8a933952 req-c82b1ea4-f0f0-4c7d-9523-58f82c954ebf 30e59913094244e7814976ad4872b377 afff69e10eb1437292a31dd29e5eea8a - - default default] 199.204.45.78 "GET /v2.0/networks?id=2fd1a671-da05-4e5d-aa93-886f36eb7a0a HTTP/1.1" status: 200 len: 877 time: 0.0472393
2026-05-08 19:28:55.980 10 WARNING neutron_lib.context [req-d2c710d0-2470-4364-bd03-3d7f8a933952 req-17efc54f-69ff-48c9-90be-71ace30b9e96 30e59913094244e7814976ad4872b377 afff69e10eb1437292a31dd29e5eea8a - - default default] Method 'is_advsvc' is deprecated since 2023.2 release (neutron-lib 3.8.0) and will be removed once support for the old RBAC API policies will be removed from Neutron. Please use method 'is_service_role' instead.
2026-05-08 19:28:56.001 10 INFO neutron.api.wsgi [req-ff763c0f-5b96-4ca6-825b-1d025507d98d req-a6183b2c-f357-45c0-9819-f8f1dd4f2967 30e59913094244e7814976ad4872b377 afff69e10eb1437292a31dd29e5eea8a - - default default] 10.0.0.212 "GET /v2.0/ports?device_id=7267dc1e-2b79-4081-9445-70d217dd9cac HTTP/1.1" status: 200 len: 210 time: 0.0250916
2026-05-08 19:28:56.106 10 INFO neutron.api.wsgi [req-24de7b77-2149-434d-9479-d94e23ac8c0b req-9aa2c21f-3ba8-42ad-b4b0-06ca28772bf2 1e592c1a9c994f049b517df17f283fb1 105db2ec97184334b04dd74814d07ab1 - - default default] 10.0.0.212 "GET /v2.0/ports?device_id=4279a293-401a-452a-9be7-d9106f85f58b HTTP/1.1" status: 200 len: 1168 time: 0.0398595
2026-05-08 19:28:56.146 10 INFO neutron.api.wsgi [req-24de7b77-2149-434d-9479-d94e23ac8c0b req-767ff5e6-9b2f-466c-b705-692a996f1322 1e592c1a9c994f049b517df17f283fb1 105db2ec97184334b04dd74814d07ab1 - - default default] 10.0.0.212 "GET /v2.0/security-groups?id=8e0bb23e-f164-49a3-a412-2e7436392f08&fields=id&fields=name HTTP/1.1" status: 200 len: 313 time: 0.0366580
