2026-05-08 19:28:51.994 8 INFO placement.requestlog [req-1013b0de-07a7-4499-8769-1973a3309f9b req-a9b926a4-38cf-4744-ba7e-d3ec1bb40ac0 87bc9c8965b9456188cf93cff92656a0 5797e5a055f342c092b3d99bea4bd5e6 - - 53ecfd3c19f44e4cbbdb025a05856ba3 53ecfd3c19f44e4cbbdb025a05856ba3] 199.204.45.78 "GET /resource_providers/deab67dd-c477-4845-a772-4a011b6bd69f/allocations" status: 200 len: 352 microversion: 1.0 [pid: 8|app: 0|req: 330/662] 199.204.45.78 () {32 vars in 855 bytes} [Fri May 8 19:28:51 2026] GET /resource_providers/deab67dd-c477-4845-a772-4a011b6bd69f/allocations => generated 352 bytes in 11 msecs (HTTP/1.1 200) 6 headers in 224 bytes (1 switches on core 0)
2026-05-08 19:28:52.009 7 INFO placement.requestlog [req-1013b0de-07a7-4499-8769-1973a3309f9b req-41dcc09a-fcea-420f-8b10-676638dae868 87bc9c8965b9456188cf93cff92656a0 5797e5a055f342c092b3d99bea4bd5e6 - - 53ecfd3c19f44e4cbbdb025a05856ba3 53ecfd3c19f44e4cbbdb025a05856ba3] 199.204.45.78 "GET /allocations/7267dc1e-2b79-4081-9445-70d217dd9cac" status: 200 len: 257 microversion: 1.28 [pid: 7|app: 0|req: 333/663] 199.204.45.78 () {34 vars in 861 bytes} [Fri May 8 19:28:51 2026] GET /allocations/7267dc1e-2b79-4081-9445-70d217dd9cac => generated 257 bytes in 11 msecs (HTTP/1.1 200) 8 headers in 296 bytes (1 switches on core 0)
2026-05-08 19:28:52.030 8 INFO placement.requestlog [req-1013b0de-07a7-4499-8769-1973a3309f9b req-abf6b345-4b40-4c74-b22d-bc488b6811cd 87bc9c8965b9456188cf93cff92656a0 5797e5a055f342c092b3d99bea4bd5e6 - - 53ecfd3c19f44e4cbbdb025a05856ba3 53ecfd3c19f44e4cbbdb025a05856ba3] 199.204.45.78 "GET /allocations/56519b8d-a05e-427f-8053-8ff5c5951b7e" status: 200 len: 257 microversion: 1.28 [pid: 8|app: 0|req: 331/664] 199.204.45.78 () {34 vars in 861 bytes} [Fri May 8 19:28:52 2026] GET /allocations/56519b8d-a05e-427f-8053-8ff5c5951b7e => generated 257 bytes in 16 msecs (HTTP/1.1 200) 8 headers in 296 bytes (1 switches on core 0)
2026-05-08 19:28:52.048 7 INFO placement.requestlog [req-1013b0de-07a7-4499-8769-1973a3309f9b req-5777b486-ae7b-45f9-9b25-10ca49fe7a8f 87bc9c8965b9456188cf93cff92656a0 5797e5a055f342c092b3d99bea4bd5e6 - - 53ecfd3c19f44e4cbbdb025a05856ba3 53ecfd3c19f44e4cbbdb025a05856ba3] 199.204.45.78 "GET /allocations/4279a293-401a-452a-9be7-d9106f85f58b" status: 200 len: 257 microversion: 1.28 [pid: 7|app: 0|req: 334/665] 199.204.45.78 () {34 vars in 861 bytes} [Fri May 8 19:28:52 2026] GET /allocations/4279a293-401a-452a-9be7-d9106f85f58b => generated 257 bytes in 14 msecs (HTTP/1.1 200) 8 headers in 296 bytes (1 switches on core 0)
2026-05-08 19:28:52.626 8 INFO placement.requestlog [None req-7c615543-2af5-42c8-919d-5ef727025af5 - - - - - -] 10.0.0.22 "GET /" status: 200 len: 136 microversion: 1.0
2026-05-08 19:28:52.626 7 INFO placement.requestlog [None req-e5d4babe-bff1-4c0a-b7ef-561a34271527 - - - - - -] 10.0.0.22 "GET /" status: 200 len: 136 microversion: 1.0
2026-05-08 19:28:53.297 7 INFO placement.requestlog [req-d2c710d0-2470-4364-bd03-3d7f8a933952 req-6dce3549-a49e-48c3-829b-87541dcf2305 87bc9c8965b9456188cf93cff92656a0 5797e5a055f342c092b3d99bea4bd5e6 - - 53ecfd3c19f44e4cbbdb025a05856ba3 53ecfd3c19f44e4cbbdb025a05856ba3] 199.204.45.78 "GET /allocations/7267dc1e-2b79-4081-9445-70d217dd9cac" status: 200 len: 257 microversion: 1.28 [pid: 7|app: 0|req: 336/668] 199.204.45.78 () {34 vars in 861 bytes} [Fri May 8 19:28:53 2026] GET /allocations/7267dc1e-2b79-4081-9445-70d217dd9cac => generated 257 bytes in 16 msecs (HTTP/1.1 200) 8 headers in 296 bytes (1 switches on core 0)
2026-05-08 19:28:54.333 8 INFO placement.requestlog [req-d2c710d0-2470-4364-bd03-3d7f8a933952 req-cf0e5ecd-0ed9-4dc6-8f94-214dd016c985 87bc9c8965b9456188cf93cff92656a0 5797e5a055f342c092b3d99bea4bd5e6 - - 53ecfd3c19f44e4cbbdb025a05856ba3 53ecfd3c19f44e4cbbdb025a05856ba3] 199.204.45.78 "GET /resource_providers/deab67dd-c477-4845-a772-4a011b6bd69f/allocations" status: 200 len: 352 microversion: 1.0 [pid: 8|app: 0|req: 333/669] 199.204.45.78 () {32 vars in 855 bytes} [Fri May 8 19:28:54 2026] GET /resource_providers/deab67dd-c477-4845-a772-4a011b6bd69f/allocations => generated 352 bytes in 16 msecs (HTTP/1.1 200) 6 headers in 224 bytes (1 switches on core 0)
2026-05-08 19:28:54.350 7 INFO placement.requestlog [req-d2c710d0-2470-4364-bd03-3d7f8a933952 req-016d42ed-d45e-4e6d-b42a-9844f27c030a 87bc9c8965b9456188cf93cff92656a0 5797e5a055f342c092b3d99bea4bd5e6 - - 53ecfd3c19f44e4cbbdb025a05856ba3 53ecfd3c19f44e4cbbdb025a05856ba3] 199.204.45.78 "GET /allocations/7267dc1e-2b79-4081-9445-70d217dd9cac" status: 200 len: 257 microversion: 1.28 [pid: 7|app: 0|req: 337/670] 199.204.45.78 () {34 vars in 861 bytes} [Fri May 8 19:28:54 2026] GET /allocations/7267dc1e-2b79-4081-9445-70d217dd9cac => generated 257 bytes in 11 msecs (HTTP/1.1 200) 8 headers in 296 bytes (1 switches on core 0)
2026-05-08 19:28:54.377 8 INFO placement.requestlog [req-d2c710d0-2470-4364-bd03-3d7f8a933952 req-57e6ccb8-2899-41fb-b26a-5ec70aea1934 87bc9c8965b9456188cf93cff92656a0 5797e5a055f342c092b3d99bea4bd5e6 - - 53ecfd3c19f44e4cbbdb025a05856ba3 53ecfd3c19f44e4cbbdb025a05856ba3] 199.204.45.78 "GET /allocations/56519b8d-a05e-427f-8053-8ff5c5951b7e" status: 200 len: 257 microversion: 1.28 [pid: 8|app: 0|req: 334/671] 199.204.45.78 () {34 vars in 861 bytes} [Fri May 8 19:28:54 2026] GET /allocations/56519b8d-a05e-427f-8053-8ff5c5951b7e => generated 257 bytes in 18 msecs (HTTP/1.1 200) 8 headers in 296 bytes (1 switches on core 0)
2026-05-08 19:28:54.393 7 INFO placement.requestlog [req-d2c710d0-2470-4364-bd03-3d7f8a933952 req-bf8f1454-abc2-461a-98a4-4cad950b2937 87bc9c8965b9456188cf93cff92656a0 5797e5a055f342c092b3d99bea4bd5e6 - - 53ecfd3c19f44e4cbbdb025a05856ba3 53ecfd3c19f44e4cbbdb025a05856ba3] 199.204.45.78 "GET /allocations/4279a293-401a-452a-9be7-d9106f85f58b" status: 200 len: 257 microversion: 1.28 [pid: 7|app: 0|req: 338/672] 199.204.45.78 () {34 vars in 861 bytes} [Fri May 8 19:28:54 2026] GET /allocations/4279a293-401a-452a-9be7-d9106f85f58b => generated 257 bytes in 11 msecs (HTTP/1.1 200) 8 headers in 296 bytes (1 switches on core 0)
2026-05-08 19:28:56.215 8 INFO placement.requestlog [req-a3c69c40-2cf3-47aa-bb69-f51891f7bb35 req-83d79747-8d57-4060-8cd8-9c1514c100ff 87bc9c8965b9456188cf93cff92656a0 5797e5a055f342c092b3d99bea4bd5e6 - - 53ecfd3c19f44e4cbbdb025a05856ba3 53ecfd3c19f44e4cbbdb025a05856ba3] 199.204.45.78 "GET /resource_providers/deab67dd-c477-4845-a772-4a011b6bd69f/allocations" status: 200 len: 352 microversion: 1.0 [pid: 8|app: 0|req: 335/673] 199.204.45.78 () {32 vars in 855 bytes} [Fri May 8 19:28:56 2026] GET /resource_providers/deab67dd-c477-4845-a772-4a011b6bd69f/allocations => generated 352 bytes in 16 msecs (HTTP/1.1 200) 6 headers in 224 bytes (1 switches on core 0)
2026-05-08 19:28:56.233 7 INFO placement.requestlog [req-a3c69c40-2cf3-47aa-bb69-f51891f7bb35 req-9fb9f684-05cc-4d83-9659-47b055fbfab6 87bc9c8965b9456188cf93cff92656a0 5797e5a055f342c092b3d99bea4bd5e6 - - 53ecfd3c19f44e4cbbdb025a05856ba3 53ecfd3c19f44e4cbbdb025a05856ba3] 199.204.45.78 "GET /allocations/7267dc1e-2b79-4081-9445-70d217dd9cac" status: 200 len: 257 microversion: 1.28 [pid: 7|app: 0|req: 339/674] 199.204.45.78 () {34 vars in 861 bytes} [Fri May 8 19:28:56 2026] GET /allocations/7267dc1e-2b79-4081-9445-70d217dd9cac => generated 257 bytes in 11 msecs (HTTP/1.1 200) 8 headers in 296 bytes (1 switches on core 0)
2026-05-08 19:28:56.249 8 INFO placement.requestlog [req-a3c69c40-2cf3-47aa-bb69-f51891f7bb35 req-65821570-096c-4c7c-b575-0e3d8f2049cc 87bc9c8965b9456188cf93cff92656a0 5797e5a055f342c092b3d99bea4bd5e6 - - 53ecfd3c19f44e4cbbdb025a05856ba3 53ecfd3c19f44e4cbbdb025a05856ba3] 199.204.45.78 "GET /allocations/56519b8d-a05e-427f-8053-8ff5c5951b7e" status: 200 len: 257 microversion: 1.28 [pid: 8|app: 0|req: 336/675] 199.204.45.78 () {34 vars in 861 bytes} [Fri May 8 19:28:56 2026] GET /allocations/56519b8d-a05e-427f-8053-8ff5c5951b7e => generated 257 bytes in 9 msecs (HTTP/1.1 200) 8 headers in 296 bytes (1 switches on core 0)
2026-05-08 19:28:56.270 7 INFO placement.requestlog [req-a3c69c40-2cf3-47aa-bb69-f51891f7bb35 req-4a4e55ff-99d4-4c33-955c-97d17181dcc7 87bc9c8965b9456188cf93cff92656a0 5797e5a055f342c092b3d99bea4bd5e6 - - 53ecfd3c19f44e4cbbdb025a05856ba3 53ecfd3c19f44e4cbbdb025a05856ba3] 199.204.45.78 "GET /allocations/4279a293-401a-452a-9be7-d9106f85f58b" status: 200 len: 257 microversion: 1.28 [pid: 7|app: 0|req: 340/676] 199.204.45.78 () {34 vars in 861 bytes} [Fri May 8 19:28:56 2026] GET /allocations/4279a293-401a-452a-9be7-d9106f85f58b => generated 257 bytes in 13 msecs (HTTP/1.1 200) 8 headers in 296 bytes (1 switches on core 0)
2026-05-08 19:28:57.314 8 INFO placement.requestlog [req-a3c69c40-2cf3-47aa-bb69-f51891f7bb35 req-fb3b0bf7-e59c-4ea6-9ca9-7dcec940ce90 87bc9c8965b9456188cf93cff92656a0 5797e5a055f342c092b3d99bea4bd5e6 - - 53ecfd3c19f44e4cbbdb025a05856ba3 53ecfd3c19f44e4cbbdb025a05856ba3] 199.204.45.78 "DELETE /allocations/56519b8d-a05e-427f-8053-8ff5c5951b7e" status: 204 len: 0 microversion: 1.0 [pid: 8|app: 0|req: 337/677] 199.204.45.78 () {34 vars in 839 bytes} [Fri May 8 19:28:57 2026] DELETE /allocations/56519b8d-a05e-427f-8053-8ff5c5951b7e => generated 0 bytes in 22 msecs (HTTP/1.1 204) 5 headers in 198 bytes (1 switches on core 0)
2026-05-08 19:29:00.836 7 INFO placement.requestlog [None req-9cee2338-80c8-4eb9-8c9d-acd80433faf0 85de8ff95b9347d9ae0110dc25057c9c 5797e5a055f342c092b3d99bea4bd5e6 - - 53ecfd3c19f44e4cbbdb025a05856ba3 53ecfd3c19f44e4cbbdb025a05856ba3] 10.0.0.239 "GET /resource_providers/33b565f9-6d7f-4ce4-8bd9-c6f8c035b3e6/aggregates" status: 404 len: 235 microversion: 1.1 [pid: 7|app: 0|req: 341/678] 10.0.0.239 () {32 vars in 824 bytes} [Fri May 8 19:29:00 2026] GET /resource_providers/33b565f9-6d7f-4ce4-8bd9-c6f8c035b3e6/aggregates => generated 235 bytes in 11 msecs (HTTP/1.1 404) 5 headers in 202 bytes (1 switches on core 0)
2026-05-08 19:29:00.849 7 INFO placement.requestlog [None req-9de0124b-5f2f-4d15-86cc-aa884359de67 85de8ff95b9347d9ae0110dc25057c9c 5797e5a055f342c092b3d99bea4bd5e6 - - 53ecfd3c19f44e4cbbdb025a05856ba3 53ecfd3c19f44e4cbbdb025a05856ba3] 10.0.0.239 "DELETE /resource_providers/33b565f9-6d7f-4ce4-8bd9-c6f8c035b3e6" status: 404 len: 246 microversion: 1.1 [pid: 7|app: 0|req: 342/679] 10.0.0.239 () {34 vars in 824 bytes} [Fri May 8 19:29:00 2026] DELETE /resource_providers/33b565f9-6d7f-4ce4-8bd9-c6f8c035b3e6 => generated 246 bytes in 8 msecs (HTTP/1.1 404) 6 headers in 231 bytes (1 switches on core 0)
2026-05-08 19:29:00.855 8 INFO placement.requestlog [None req-e60771cb-acf2-4f98-a254-2230ca19002e 85de8ff95b9347d9ae0110dc25057c9c 5797e5a055f342c092b3d99bea4bd5e6 - - 53ecfd3c19f44e4cbbdb025a05856ba3 53ecfd3c19f44e4cbbdb025a05856ba3] 10.0.0.239 "GET /resource_providers/33b565f9-6d7f-4ce4-8bd9-c6f8c035b3e6/aggregates" status: 404 len: 235 microversion: 1.1 [pid: 8|app: 0|req: 338/680] 10.0.0.239 () {32 vars in 824 bytes} [Fri May 8 19:29:00 2026] GET /resource_providers/33b565f9-6d7f-4ce4-8bd9-c6f8c035b3e6/aggregates => generated 235 bytes in 27 msecs (HTTP/1.1 404) 5 headers in 202 bytes (1 switches on core 0)
2026-05-08 19:29:00.873 7 INFO placement.requestlog [None req-59266b02-c270-456f-9b24-ffcfd8c5cd8b 85de8ff95b9347d9ae0110dc25057c9c 5797e5a055f342c092b3d99bea4bd5e6 - - 53ecfd3c19f44e4cbbdb025a05856ba3 53ecfd3c19f44e4cbbdb025a05856ba3] 10.0.0.239 "DELETE /resource_providers/33b565f9-6d7f-4ce4-8bd9-c6f8c035b3e6" status: 404 len: 246 microversion: 1.1 [pid: 7|app: 0|req: 343/681] 10.0.0.239 () {34 vars in 824 bytes} [Fri May 8 19:29:00 2026] DELETE /resource_providers/33b565f9-6d7f-4ce4-8bd9-c6f8c035b3e6 => generated 246 bytes in 13 msecs (HTTP/1.1 404) 6 headers in 231 bytes (1 switches on core 0)
2026-05-08 19:29:02.625 8 INFO placement.requestlog [None req-bfdf217b-292c-46ce-9116-4cdae34163af - - - - - -] 10.0.0.22 "GET /" status: 200 len: 136 microversion: 1.0
2026-05-08 19:29:02.625 7 INFO placement.requestlog [None req-0df4ac3d-4f05-447b-bbfe-917d9a7b9aa5 - - - - - -] 10.0.0.22 "GET /" status: 200 len: 136 microversion: 1.0
2026-05-08 19:29:03.581 8 INFO placement.requestlog [None req-fe75594a-486e-4c49-87b0-d205e2f226c1 85de8ff95b9347d9ae0110dc25057c9c 5797e5a055f342c092b3d99bea4bd5e6 - - 53ecfd3c19f44e4cbbdb025a05856ba3 53ecfd3c19f44e4cbbdb025a05856ba3] 10.0.0.239 "GET /resource_providers/ddd6bc91-ee82-4875-8efb-99f5b80d3117/aggregates" status: 404 len: 235 microversion: 1.1 [pid: 8|app: 0|req: 340/684] 10.0.0.239 () {32 vars in 824 bytes} [Fri May 8 19:29:03 2026] GET /resource_providers/ddd6bc91-ee82-4875-8efb-99f5b80d3117/aggregates => generated 235 bytes in 12 msecs (HTTP/1.1 404) 5 headers in 202 bytes (1 switches on core 0)
2026-05-08 19:29:03.582 7 INFO placement.requestlog [None req-65083126-7ec0-45ac-bfca-7f277d40a6a3 85de8ff95b9347d9ae0110dc25057c9c 5797e5a055f342c092b3d99bea4bd5e6 - - 53ecfd3c19f44e4cbbdb025a05856ba3 53ecfd3c19f44e4cbbdb025a05856ba3] 10.0.0.239 "GET /resource_providers/ddd6bc91-ee82-4875-8efb-99f5b80d3117/aggregates" status: 404 len: 235 microversion: 1.1 [pid: 7|app: 0|req: 345/685] 10.0.0.239 () {32 vars in 824 bytes} [Fri May 8 19:29:03 2026] GET /resource_providers/ddd6bc91-ee82-4875-8efb-99f5b80d3117/aggregates => generated 235 bytes in 9 msecs (HTTP/1.1 404) 5 headers in 202 bytes (1 switches on core 0)
2026-05-08 19:29:03.601 8 INFO placement.requestlog [None req-82dc5cd4-ab85-4102-98c4-1baad437ed46 85de8ff95b9347d9ae0110dc25057c9c 5797e5a055f342c092b3d99bea4bd5e6 - - 53ecfd3c19f44e4cbbdb025a05856ba3 53ecfd3c19f44e4cbbdb025a05856ba3] 10.0.0.239 "DELETE /resource_providers/ddd6bc91-ee82-4875-8efb-99f5b80d3117" status: 404 len: 246 microversion: 1.1 [pid: 8|app: 0|req: 341/686] 10.0.0.239 () {34 vars in 824 bytes} [Fri May 8 19:29:03 2026] DELETE /resource_providers/ddd6bc91-ee82-4875-8efb-99f5b80d3117 => generated 246 bytes in 8 msecs (HTTP/1.1 404) 6 headers in 231 bytes (1 switches on core 0)
2026-05-08 19:29:03.602 7 INFO placement.requestlog [None req-746d777f-9600-4b53-9ffd-7c25e2f0f1ef 85de8ff95b9347d9ae0110dc25057c9c 5797e5a055f342c092b3d99bea4bd5e6 - - 53ecfd3c19f44e4cbbdb025a05856ba3 53ecfd3c19f44e4cbbdb025a05856ba3] 10.0.0.239 "DELETE /resource_providers/ddd6bc91-ee82-4875-8efb-99f5b80d3117" status: 404 len: 246 microversion: 1.1 [pid: 7|app: 0|req: 346/687] 10.0.0.239 () {34 vars in 824 bytes} [Fri May 8 19:29:03 2026] DELETE /resource_providers/ddd6bc91-ee82-4875-8efb-99f5b80d3117 => generated 246 bytes in 9 msecs (HTTP/1.1 404) 6 headers in 231 bytes (1 switches on core 0)
2026-05-08 19:29:03.977 8 INFO placement.requestlog [None req-96422beb-71fd-4ea1-beb2-8174b9f99558 85de8ff95b9347d9ae0110dc25057c9c 5797e5a055f342c092b3d99bea4bd5e6 - - 53ecfd3c19f44e4cbbdb025a05856ba3 53ecfd3c19f44e4cbbdb025a05856ba3] 10.0.0.239 "GET /resource_providers/f181d740-9755-4f74-8c52-866dcf05ba2b/aggregates" status: 404 len: 235 microversion: 1.1 [pid: 8|app: 0|req: 342/688] 10.0.0.239 () {32 vars in 824 bytes} [Fri May 8 19:29:03 2026] GET /resource_providers/f181d740-9755-4f74-8c52-866dcf05ba2b/aggregates => generated 235 bytes in 6 msecs (HTTP/1.1 404) 5 headers in 202 bytes (1 switches on core 0)
2026-05-08 19:29:03.983 7 INFO placement.requestlog [None req-523fc1b5-d2bf-4c58-a1de-abee0d72578c 85de8ff95b9347d9ae0110dc25057c9c 5797e5a055f342c092b3d99bea4bd5e6 - - 53ecfd3c19f44e4cbbdb025a05856ba3 53ecfd3c19f44e4cbbdb025a05856ba3] 10.0.0.239 "GET /resource_providers/f181d740-9755-4f74-8c52-866dcf05ba2b/aggregates" status: 404 len: 235 microversion: 1.1 [pid: 7|app: 0|req: 347/689] 10.0.0.239 () {32 vars in 824 bytes} [Fri May 8 19:29:03 2026] GET /resource_providers/f181d740-9755-4f74-8c52-866dcf05ba2b/aggregates => generated 235 bytes in 11 msecs (HTTP/1.1 404) 5 headers in 202 bytes (1 switches on core 0)
2026-05-08 19:29:03.996 7 INFO placement.requestlog [None req-5196c5ad-b492-4f01-ada5-17cfd9f4a7b0 85de8ff95b9347d9ae0110dc25057c9c 5797e5a055f342c092b3d99bea4bd5e6 - - 53ecfd3c19f44e4cbbdb025a05856ba3 53ecfd3c19f44e4cbbdb025a05856ba3] 10.0.0.239 "DELETE /resource_providers/f181d740-9755-4f74-8c52-866dcf05ba2b" status: 404 len: 246 microversion: 1.1 [pid: 7|app: 0|req: 348/690] 10.0.0.239 () {34 vars in 824 bytes} [Fri May 8 19:29:03 2026] DELETE /resource_providers/f181d740-9755-4f74-8c52-866dcf05ba2b => generated 246 bytes in 8 msecs (HTTP/1.1 404) 6 headers in 231 bytes (1 switches on core 0)
2026-05-08 19:29:03.997 8 INFO placement.requestlog [None req-84cd849a-1ccd-442d-a3a4-209fd7fcb884 85de8ff95b9347d9ae0110dc25057c9c 5797e5a055f342c092b3d99bea4bd5e6 - - 53ecfd3c19f44e4cbbdb025a05856ba3 53ecfd3c19f44e4cbbdb025a05856ba3] 10.0.0.239 "DELETE /resource_providers/f181d740-9755-4f74-8c52-866dcf05ba2b" status: 404 len: 246 microversion: 1.1 [pid: 8|app: 0|req: 343/691] 10.0.0.239 () {34 vars in 824 bytes} [Fri May 8 19:29:03 2026] DELETE /resource_providers/f181d740-9755-4f74-8c52-866dcf05ba2b => generated 246 bytes in 13 msecs (HTTP/1.1 404) 6 headers in 231 bytes (1 switches on core 0)
2026-05-08 19:29:07.988 7 INFO placement.requestlog [req-cb799606-50ee-4b91-b092-9b4041b248ed req-d4fb1654-6bc3-47f0-9338-da4766a197be 87bc9c8965b9456188cf93cff92656a0 5797e5a055f342c092b3d99bea4bd5e6 - - 53ecfd3c19f44e4cbbdb025a05856ba3 53ecfd3c19f44e4cbbdb025a05856ba3] 199.204.45.78 "GET /resource_providers/deab67dd-c477-4845-a772-4a011b6bd69f/allocations" status: 200 len: 252 microversion: 1.0 [pid: 7|app: 0|req: 349/692] 199.204.45.78 () {32 vars in 855 bytes} [Fri May 8 19:29:07 2026] GET /resource_providers/deab67dd-c477-4845-a772-4a011b6bd69f/allocations => generated 252 bytes in 18 msecs (HTTP/1.1 200) 6 headers in 224 bytes (1 switches on core 0)
2026-05-08 19:29:08.005 8 INFO placement.requestlog [req-cb799606-50ee-4b91-b092-9b4041b248ed req-935f6b51-838a-45ea-9f89-e001da5ea1c7 87bc9c8965b9456188cf93cff92656a0 5797e5a055f342c092b3d99bea4bd5e6 - - 53ecfd3c19f44e4cbbdb025a05856ba3 53ecfd3c19f44e4cbbdb025a05856ba3] 199.204.45.78 "GET /allocations/7267dc1e-2b79-4081-9445-70d217dd9cac" status: 200 len: 257 microversion: 1.28 [pid: 8|app: 0|req: 344/693] 199.204.45.78 () {34 vars in 861 bytes} [Fri May 8 19:29:07 2026] GET /allocations/7267dc1e-2b79-4081-9445-70d217dd9cac => generated 257 bytes in 12 msecs (HTTP/1.1 200) 8 headers in 296 bytes (1 switches on core 0)
2026-05-08 19:29:08.018 7 INFO placement.requestlog [req-cb799606-50ee-4b91-b092-9b4041b248ed req-475cae95-99c6-4610-9e5f-25e21fb50b9f 87bc9c8965b9456188cf93cff92656a0 5797e5a055f342c092b3d99bea4bd5e6 - - 53ecfd3c19f44e4cbbdb025a05856ba3 53ecfd3c19f44e4cbbdb025a05856ba3] 199.204.45.78 "GET /allocations/4279a293-401a-452a-9be7-d9106f85f58b" status: 200 len: 257 microversion: 1.28 [pid: 7|app: 0|req: 350/694] 199.204.45.78 () {34 vars in 861 bytes} [Fri May 8 19:29:08 2026] GET /allocations/4279a293-401a-452a-9be7-d9106f85f58b => generated 257 bytes in 9 msecs (HTTP/1.1 200) 8 headers in 296 bytes (1 switches on core 0)
2026-05-08 19:29:09.069 8 INFO placement.requestlog [req-cb799606-50ee-4b91-b092-9b4041b248ed req-895f1514-0ed1-47f1-adea-8cfe5e637d52 87bc9c8965b9456188cf93cff92656a0 5797e5a055f342c092b3d99bea4bd5e6 - - 53ecfd3c19f44e4cbbdb025a05856ba3 53ecfd3c19f44e4cbbdb025a05856ba3] 199.204.45.78 "DELETE /allocations/7267dc1e-2b79-4081-9445-70d217dd9cac" status: 204 len: 0 microversion: 1.0 [pid: 8|app: 0|req: 345/695] 199.204.45.78 () {34 vars in 839 bytes} [Fri May 8 19:29:09 2026] DELETE /allocations/7267dc1e-2b79-4081-9445-70d217dd9cac => generated 0 bytes in 19 msecs (HTTP/1.1 204) 5 headers in 198 bytes (1 switches on core 0)
2026-05-08 19:29:09.314 7 INFO placement.requestlog [None req-37b3e317-2e47-491f-84fa-1c1920f97a3a 85de8ff95b9347d9ae0110dc25057c9c 5797e5a055f342c092b3d99bea4bd5e6 - - 53ecfd3c19f44e4cbbdb025a05856ba3 53ecfd3c19f44e4cbbdb025a05856ba3] 10.0.0.239 "GET /resource_providers/a480417e-e07d-476f-a62c-f76d23d6276a/aggregates" status: 404 len: 235 microversion: 1.1 [pid: 7|app: 0|req: 351/696] 10.0.0.239 () {32 vars in 824 bytes} [Fri May 8 19:29:09 2026] GET /resource_providers/a480417e-e07d-476f-a62c-f76d23d6276a/aggregates => generated 235 bytes in 7 msecs (HTTP/1.1 404) 5 headers in 202 bytes (1 switches on core 0)
2026-05-08 19:29:09.317 8 INFO placement.requestlog [None req-5afed5c5-1e3f-4c38-a0a2-0d57688a724a 85de8ff95b9347d9ae0110dc25057c9c 5797e5a055f342c092b3d99bea4bd5e6 - - 53ecfd3c19f44e4cbbdb025a05856ba3 53ecfd3c19f44e4cbbdb025a05856ba3] 10.0.0.239 "GET /resource_providers/a480417e-e07d-476f-a62c-f76d23d6276a/aggregates" status: 404 len: 235 microversion: 1.1 [pid: 8|app: 0|req: 346/697] 10.0.0.239 () {32 vars in 824 bytes} [Fri May 8 19:29:09 2026] GET /resource_providers/a480417e-e07d-476f-a62c-f76d23d6276a/aggregates => generated 235 bytes in 10 msecs (HTTP/1.1 404) 5 headers in 202 bytes (1 switches on core 0)
2026-05-08 19:29:09.325 7 INFO placement.requestlog [None req-837af1f5-a90e-43d4-9ea2-34528b904525 85de8ff95b9347d9ae0110dc25057c9c 5797e5a055f342c092b3d99bea4bd5e6 - - 53ecfd3c19f44e4cbbdb025a05856ba3 53ecfd3c19f44e4cbbdb025a05856ba3] 10.0.0.239 "DELETE /resource_providers/a480417e-e07d-476f-a62c-f76d23d6276a" status: 404 len: 246 microversion: 1.1 [pid: 7|app: 0|req: 352/698] 10.0.0.239 () {34 vars in 824 bytes} [Fri May 8 19:29:09 2026] DELETE /resource_providers/a480417e-e07d-476f-a62c-f76d23d6276a => generated 246 bytes in 6 msecs (HTTP/1.1 404) 6 headers in 231 bytes (1 switches on core 0)
2026-05-08 19:29:09.330 8 INFO placement.requestlog [None req-fab1a68b-f136-42a5-8ea1-561f0e655f04 85de8ff95b9347d9ae0110dc25057c9c 5797e5a055f342c092b3d99bea4bd5e6 - - 53ecfd3c19f44e4cbbdb025a05856ba3 53ecfd3c19f44e4cbbdb025a05856ba3] 10.0.0.239 "DELETE /resource_providers/a480417e-e07d-476f-a62c-f76d23d6276a" status: 404 len: 246 microversion: 1.1 [pid: 8|app: 0|req: 347/699] 10.0.0.239 () {34 vars in 824 bytes} [Fri May 8 19:29:09 2026] DELETE /resource_providers/a480417e-e07d-476f-a62c-f76d23d6276a => generated 246 bytes in 8 msecs (HTTP/1.1 404) 6 headers in 231 bytes (1 switches on core 0)
2026-05-08 19:29:09.645 8 INFO placement.requestlog [None req-4020dd26-0801-4666-9e41-5507640f850f 85de8ff95b9347d9ae0110dc25057c9c 5797e5a055f342c092b3d99bea4bd5e6 - - 53ecfd3c19f44e4cbbdb025a05856ba3 53ecfd3c19f44e4cbbdb025a05856ba3] 10.0.0.239 "GET /resource_providers/5bbb7270-7136-450a-bf4c-75a2c37e839e/aggregates" status: 404 len: 235 microversion: 1.1 [pid: 8|app: 0|req: 348/700] 10.0.0.239 () {32 vars in 824 bytes} [Fri May 8 19:29:09 2026] GET /resource_providers/5bbb7270-7136-450a-bf4c-75a2c37e839e/aggregates => generated 235 bytes in 12 msecs (HTTP/1.1 404) 5 headers in 202 bytes (1 switches on core 0)
2026-05-08 19:29:09.652 7 INFO placement.requestlog [None req-ac1b6ee0-03bb-46c1-a811-1c67d3ee6af1 85de8ff95b9347d9ae0110dc25057c9c 5797e5a055f342c092b3d99bea4bd5e6 - - 53ecfd3c19f44e4cbbdb025a05856ba3 53ecfd3c19f44e4cbbdb025a05856ba3] 10.0.0.239 "GET /resource_providers/5bbb7270-7136-450a-bf4c-75a2c37e839e/aggregates" status: 404 len: 235 microversion: 1.1 [pid: 7|app: 0|req: 353/701] 10.0.0.239 () {32 vars in 824 bytes} [Fri May 8 19:29:09 2026] GET /resource_providers/5bbb7270-7136-450a-bf4c-75a2c37e839e/aggregates => generated 235 bytes in 19 msecs (HTTP/1.1 404) 5 headers in 202 bytes (1 switches on core 0)
2026-05-08 19:29:09.666 7 INFO placement.requestlog [None req-774b7d72-d33f-485a-854a-cbc739e3ca14 85de8ff95b9347d9ae0110dc25057c9c 5797e5a055f342c092b3d99bea4bd5e6 - - 53ecfd3c19f44e4cbbdb025a05856ba3 53ecfd3c19f44e4cbbdb025a05856ba3] 10.0.0.239 "DELETE /resource_providers/5bbb7270-7136-450a-bf4c-75a2c37e839e" status: 404 len: 246 microversion: 1.1 [pid: 7|app: 0|req: 354/702] 10.0.0.239 () {34 vars in 824 bytes} [Fri May 8 19:29:09 2026] DELETE /resource_providers/5bbb7270-7136-450a-bf4c-75a2c37e839e => generated 246 bytes in 9 msecs (HTTP/1.1 404) 6 headers in 231 bytes (1 switches on core 0)
2026-05-08 19:29:09.675 8 INFO placement.requestlog [None req-f83e2053-78b0-48fa-ac7d-583a073b1724 85de8ff95b9347d9ae0110dc25057c9c 5797e5a055f342c092b3d99bea4bd5e6 - - 53ecfd3c19f44e4cbbdb025a05856ba3 53ecfd3c19f44e4cbbdb025a05856ba3] 10.0.0.239 "DELETE /resource_providers/5bbb7270-7136-450a-bf4c-75a2c37e839e" status: 404 len: 246 microversion: 1.1 [pid: 8|app: 0|req: 349/703] 10.0.0.239 () {34 vars in 824 bytes} [Fri May 8 19:29:09 2026] DELETE /resource_providers/5bbb7270-7136-450a-bf4c-75a2c37e839e => generated 246 bytes in 25 msecs (HTTP/1.1 404) 6 headers in 231 bytes (1 switches on core 0)
2026-05-08 19:29:11.433 7 INFO placement.requestlog [None req-6bd90be3-dcaf-4bad-adb0-ffafb434ee87 85de8ff95b9347d9ae0110dc25057c9c 5797e5a055f342c092b3d99bea4bd5e6 - - 53ecfd3c19f44e4cbbdb025a05856ba3 53ecfd3c19f44e4cbbdb025a05856ba3] 10.0.0.239 "GET /resource_providers/2ebef21e-929a-4520-a368-b86a6cff090e/aggregates" status: 404 len: 235 microversion: 1.1 [pid: 7|app: 0|req: 355/704] 10.0.0.239 () {32 vars in 824 bytes} [Fri May 8 19:29:11 2026] GET /resource_providers/2ebef21e-929a-4520-a368-b86a6cff090e/aggregates => generated 235 bytes in 9 msecs (HTTP/1.1 404) 5 headers in 202 bytes (1 switches on core 0)
2026-05-08 19:29:11.437 8 INFO placement.requestlog [None req-b1e424b8-d1af-45d3-b176-1a1f2c1767ef 85de8ff95b9347d9ae0110dc25057c9c 5797e5a055f342c092b3d99bea4bd5e6 - - 53ecfd3c19f44e4cbbdb025a05856ba3 53ecfd3c19f44e4cbbdb025a05856ba3] 10.0.0.239 "GET /resource_providers/2ebef21e-929a-4520-a368-b86a6cff090e/aggregates" status: 404 len: 235 microversion: 1.1 [pid: 8|app: 0|req: 350/705] 10.0.0.239 () {32 vars in 824 bytes} [Fri May 8 19:29:11 2026] GET /resource_providers/2ebef21e-929a-4520-a368-b86a6cff090e/aggregates => generated 235 bytes in 14 msecs (HTTP/1.1 404) 5 headers in 202 bytes (1 switches on core 0)
2026-05-08 19:29:11.444 7 INFO placement.requestlog [None req-eaac6c1c-fdbd-4fd4-991b-247c757ae458 85de8ff95b9347d9ae0110dc25057c9c 5797e5a055f342c092b3d99bea4bd5e6 - - 53ecfd3c19f44e4cbbdb025a05856ba3 53ecfd3c19f44e4cbbdb025a05856ba3] 10.0.0.239 "DELETE /resource_providers/2ebef21e-929a-4520-a368-b86a6cff090e" status: 404 len: 246 microversion: 1.1 [pid: 7|app: 0|req: 356/706] 10.0.0.239 () {34 vars in 824 bytes} [Fri May 8 19:29:11 2026] DELETE /resource_providers/2ebef21e-929a-4520-a368-b86a6cff090e => generated 246 bytes in 7 msecs (HTTP/1.1 404) 6 headers in 231 bytes (1 switches on core 0)
2026-05-08 19:29:11.454 7 INFO placement.requestlog [None req-5cdb5a7a-c319-4d6b-b19a-6708566d9283 85de8ff95b9347d9ae0110dc25057c9c 5797e5a055f342c092b3d99bea4bd5e6 - - 53ecfd3c19f44e4cbbdb025a05856ba3 53ecfd3c19f44e4cbbdb025a05856ba3] 10.0.0.239 "GET /resource_providers/db734ec0-ab76-4ede-a1f0-9731897a33d3/aggregates" status: 404 len: 235 microversion: 1.1 [pid: 7|app: 0|req: 357/707] 10.0.0.239 () {32 vars in 824 bytes} [Fri May 8 19:29:11 2026] GET /resource_providers/db734ec0-ab76-4ede-a1f0-9731897a33d3/aggregates => generated 235 bytes in 8 msecs (HTTP/1.1 404) 5 headers in 202 bytes (1 switches on core 0)
2026-05-08 19:29:11.455 8 INFO placement.requestlog [None req-bd3662f1-a6b7-4437-b2fb-f6bc51748529 85de8ff95b9347d9ae0110dc25057c9c 5797e5a055f342c092b3d99bea4bd5e6 - - 53ecfd3c19f44e4cbbdb025a05856ba3 53ecfd3c19f44e4cbbdb025a05856ba3] 10.0.0.239 "DELETE /resource_providers/2ebef21e-929a-4520-a368-b86a6cff090e" status: 404 len: 246 microversion: 1.1 [pid: 8|app: 0|req: 351/708] 10.0.0.239 () {34 vars in 824 bytes} [Fri May 8 19:29:11 2026] DELETE /resource_providers/2ebef21e-929a-4520-a368-b86a6cff090e => generated 246 bytes in 14 msecs (HTTP/1.1 404) 6 headers in 231 bytes (1 switches on core 0)
2026-05-08 19:29:11.468 7 INFO placement.requestlog [None req-386e9e01-2789-49aa-ae60-ef7225df810c 85de8ff95b9347d9ae0110dc25057c9c 5797e5a055f342c092b3d99bea4bd5e6 - - 53ecfd3c19f44e4cbbdb025a05856ba3 53ecfd3c19f44e4cbbdb025a05856ba3] 10.0.0.239 "DELETE /resource_providers/db734ec0-ab76-4ede-a1f0-9731897a33d3" status: 404 len: 246 microversion: 1.1 [pid: 7|app: 0|req: 358/709] 10.0.0.239 () {34 vars in 824 bytes} [Fri May 8 19:29:11 2026] DELETE /resource_providers/db734ec0-ab76-4ede-a1f0-9731897a33d3 => generated 246 bytes in 7 msecs (HTTP/1.1 404) 6 headers in 231 bytes (1 switches on core 0)
2026-05-08 19:29:11.469 8 INFO placement.requestlog [None req-a7e175d4-67b2-48a9-8403-2e7fc608530c 85de8ff95b9347d9ae0110dc25057c9c 5797e5a055f342c092b3d99bea4bd5e6 - - 53ecfd3c19f44e4cbbdb025a05856ba3 53ecfd3c19f44e4cbbdb025a05856ba3] 10.0.0.239 "GET /resource_providers/db734ec0-ab76-4ede-a1f0-9731897a33d3/aggregates" status: 404 len: 235 microversion: 1.1 [pid: 8|app: 0|req: 352/710] 10.0.0.239 () {32 vars in 824 bytes} [Fri May 8 19:29:11 2026] GET /resource_providers/db734ec0-ab76-4ede-a1f0-9731897a33d3/aggregates => generated 235 bytes in 7 msecs (HTTP/1.1 404) 5 headers in 202 bytes (1 switches on core 0)
2026-05-08 19:29:11.482 7 INFO placement.requestlog [None req-56454f04-f017-4fe6-a225-fd03220aadcc 85de8ff95b9347d9ae0110dc25057c9c 5797e5a055f342c092b3d99bea4bd5e6 - - 53ecfd3c19f44e4cbbdb025a05856ba3 53ecfd3c19f44e4cbbdb025a05856ba3] 10.0.0.239 "DELETE /resource_providers/db734ec0-ab76-4ede-a1f0-9731897a33d3" status: 404 len: 246 microversion: 1.1 [pid: 7|app: 0|req: 359/711] 10.0.0.239 () {34 vars in 824 bytes} [Fri May 8 19:29:11 2026] DELETE /resource_providers/db734ec0-ab76-4ede-a1f0-9731897a33d3 => generated 246 bytes in 7 msecs (HTTP/1.1 404) 6 headers in 231 bytes (1 switches on core 0)
2026-05-08 19:29:11.860 8 INFO placement.requestlog [None req-a6120bd6-cecc-425d-b8d0-786a39cfb3a9 85de8ff95b9347d9ae0110dc25057c9c 5797e5a055f342c092b3d99bea4bd5e6 - - 53ecfd3c19f44e4cbbdb025a05856ba3 53ecfd3c19f44e4cbbdb025a05856ba3] 10.0.0.239 "GET /resource_providers/6afc22d8-9b39-44ed-9b57-8f8397f4a719/aggregates" status: 404 len: 235 microversion: 1.1 [pid: 8|app: 0|req: 353/712] 10.0.0.239 () {32 vars in 824 bytes} [Fri May 8 19:29:11 2026] GET /resource_providers/6afc22d8-9b39-44ed-9b57-8f8397f4a719/aggregates => generated 235 bytes in 13 msecs (HTTP/1.1 404) 5 headers in 202 bytes (1 switches on core 0)
2026-05-08 19:29:11.865 7 INFO placement.requestlog [None req-e15ceecb-9f2b-4de7-84ab-925f2a30996d 85de8ff95b9347d9ae0110dc25057c9c 5797e5a055f342c092b3d99bea4bd5e6 - - 53ecfd3c19f44e4cbbdb025a05856ba3 53ecfd3c19f44e4cbbdb025a05856ba3] 10.0.0.239 "GET /resource_providers/6afc22d8-9b39-44ed-9b57-8f8397f4a719/aggregates" status: 404 len: 235 microversion: 1.1 [pid: 7|app: 0|req: 360/713] 10.0.0.239 () {32 vars in 824 bytes} [Fri May 8 19:29:11 2026] GET /resource_providers/6afc22d8-9b39-44ed-9b57-8f8397f4a719/aggregates => generated 235 bytes in 16 msecs (HTTP/1.1 404) 5 headers in 202 bytes (1 switches on core 0)
2026-05-08 19:29:11.878 8 INFO placement.requestlog [None req-c2d25621-b385-4161-a2cc-be1030ce229c 85de8ff95b9347d9ae0110dc25057c9c 5797e5a055f342c092b3d99bea4bd5e6 - - 53ecfd3c19f44e4cbbdb025a05856ba3 53ecfd3c19f44e4cbbdb025a05856ba3] 10.0.0.239 "DELETE /resource_providers/6afc22d8-9b39-44ed-9b57-8f8397f4a719" status: 404 len: 246 microversion: 1.1 [pid: 8|app: 0|req: 354/714] 10.0.0.239 () {34 vars in 824 bytes} [Fri May 8 19:29:11 2026] DELETE /resource_providers/6afc22d8-9b39-44ed-9b57-8f8397f4a719 => generated 246 bytes in 13 msecs (HTTP/1.1 404) 6 headers in 231 bytes (1 switches on core 0)
2026-05-08 19:29:11.884 7 INFO placement.requestlog [None req-99af648f-3247-4db1-b9b5-ba4b920c57a1 85de8ff95b9347d9ae0110dc25057c9c 5797e5a055f342c092b3d99bea4bd5e6 - - 53ecfd3c19f44e4cbbdb025a05856ba3 53ecfd3c19f44e4cbbdb025a05856ba3] 10.0.0.239 "DELETE /resource_providers/6afc22d8-9b39-44ed-9b57-8f8397f4a719" status: 404 len: 246 microversion: 1.1 [pid: 7|app: 0|req: 361/715] 10.0.0.239 () {34 vars in 824 bytes} [Fri May 8 19:29:11 2026] DELETE /resource_providers/6afc22d8-9b39-44ed-9b57-8f8397f4a719 => generated 246 bytes in 11 msecs (HTTP/1.1 404) 6 headers in 231 bytes (1 switches on core 0)
2026-05-08 19:29:12.625 8 INFO placement.requestlog [None req-cd3e6ddb-30a2-48d5-9e95-ff9ce6c9a7a8 - - - - - -] 10.0.0.22 "GET /" status: 200 len: 136 microversion: 1.0
2026-05-08 19:29:12.625 7 INFO placement.requestlog [None req-128b8708-508b-4ba0-acce-917c22b02700 - - - - - -] 10.0.0.22 "GET /" status: 200 len: 136 microversion: 1.0
2026-05-08 19:29:13.483 8 INFO placement.requestlog [None req-33643f57-087e-4598-9abc-08723ac3a2d2 85de8ff95b9347d9ae0110dc25057c9c 5797e5a055f342c092b3d99bea4bd5e6 - - 53ecfd3c19f44e4cbbdb025a05856ba3 53ecfd3c19f44e4cbbdb025a05856ba3] 10.0.0.239 "GET /resource_providers/29307fd6-146e-45ae-9914-26e9af6a2cb9/aggregates" status: 404 len: 235 microversion: 1.1 [pid: 8|app: 0|req: 356/718] 10.0.0.239 () {32 vars in 824 bytes} [Fri May 8 19:29:13 2026] GET /resource_providers/29307fd6-146e-45ae-9914-26e9af6a2cb9/aggregates => generated 235 bytes in 8 msecs (HTTP/1.1 404) 5 headers in 202 bytes (1 switches on core 0)
2026-05-08 19:29:13.502 7 INFO placement.requestlog [None req-9f3f0383-7e93-45f2-aedd-da86730d4bbf 85de8ff95b9347d9ae0110dc25057c9c 5797e5a055f342c092b3d99bea4bd5e6 - - 53ecfd3c19f44e4cbbdb025a05856ba3 53ecfd3c19f44e4cbbdb025a05856ba3] 10.0.0.239 "GET /resource_providers/29307fd6-146e-45ae-9914-26e9af6a2cb9/aggregates" status: 404 len: 235 microversion: 1.1 [pid: 7|app: 0|req: 363/719] 10.0.0.239 () {32 vars in 824 bytes} [Fri May 8 19:29:13 2026] GET /resource_providers/29307fd6-146e-45ae-9914-26e9af6a2cb9/aggregates => generated 235 bytes in 11 msecs (HTTP/1.1 404) 5 headers in 202 bytes (1 switches on core 0)
2026-05-08 19:29:13.505 8 INFO placement.requestlog [None req-f06195ab-2d86-4a9a-91be-5d5d680395a8 85de8ff95b9347d9ae0110dc25057c9c 5797e5a055f342c092b3d99bea4bd5e6 - - 53ecfd3c19f44e4cbbdb025a05856ba3 53ecfd3c19f44e4cbbdb025a05856ba3] 10.0.0.239 "DELETE /resource_providers/29307fd6-146e-45ae-9914-26e9af6a2cb9" status: 404 len: 246 microversion: 1.1 [pid: 8|app: 0|req: 357/720] 10.0.0.239 () {34 vars in 824 bytes} [Fri May 8 19:29:13 2026] DELETE /resource_providers/29307fd6-146e-45ae-9914-26e9af6a2cb9 => generated 246 bytes in 13 msecs (HTTP/1.1 404) 6 headers in 231 bytes (1 switches on core 0)
2026-05-08 19:29:13.522 7 INFO placement.requestlog [None req-181d79eb-35b2-4492-af2c-3ea8bfdfc8c8 85de8ff95b9347d9ae0110dc25057c9c 5797e5a055f342c092b3d99bea4bd5e6 - - 53ecfd3c19f44e4cbbdb025a05856ba3 53ecfd3c19f44e4cbbdb025a05856ba3] 10.0.0.239 "DELETE /resource_providers/29307fd6-146e-45ae-9914-26e9af6a2cb9" status: 404 len: 246 microversion: 1.1 [pid: 7|app: 0|req: 364/721] 10.0.0.239 () {34 vars in 824 bytes} [Fri May 8 19:29:13 2026] DELETE /resource_providers/29307fd6-146e-45ae-9914-26e9af6a2cb9 => generated 246 bytes in 9 msecs (HTTP/1.1 404) 6 headers in 231 bytes (1 switches on core 0)
2026-05-08 19:29:13.522 8 INFO placement.requestlog [None req-00c7fc31-8614-4daf-81b1-18a717a03778 85de8ff95b9347d9ae0110dc25057c9c 5797e5a055f342c092b3d99bea4bd5e6 - - 53ecfd3c19f44e4cbbdb025a05856ba3 53ecfd3c19f44e4cbbdb025a05856ba3] 10.0.0.239 "GET /resource_providers/ae04455e-33c9-4f40-b374-014e8236a1c1/aggregates" status: 404 len: 235 microversion: 1.1 [pid: 8|app: 0|req: 358/722] 10.0.0.239 () {32 vars in 824 bytes} [Fri May 8 19:29:13 2026] GET /resource_providers/ae04455e-33c9-4f40-b374-014e8236a1c1/aggregates => generated 235 bytes in 10 msecs (HTTP/1.1 404) 5 headers in 202 bytes (1 switches on core 0)
2026-05-08 19:29:13.536 7 INFO placement.requestlog [None req-4759ffef-b0b2-4b6d-960e-ab94ca9759bc 85de8ff95b9347d9ae0110dc25057c9c 5797e5a055f342c092b3d99bea4bd5e6 - - 53ecfd3c19f44e4cbbdb025a05856ba3 53ecfd3c19f44e4cbbdb025a05856ba3] 10.0.0.239 "GET /resource_providers/ae04455e-33c9-4f40-b374-014e8236a1c1/aggregates" status: 404 len: 235 microversion: 1.1 [pid: 7|app: 0|req: 365/723] 10.0.0.239 () {32 vars in 824 bytes} [Fri May 8 19:29:13 2026] GET /resource_providers/ae04455e-33c9-4f40-b374-014e8236a1c1/aggregates => generated 235 bytes in 7 msecs (HTTP/1.1 404) 5 headers in 202 bytes (1 switches on core 0)
2026-05-08 19:29:13.542 8 INFO placement.requestlog [None req-5943bb9f-8313-4f7a-b0c9-3ffe192ecb8f 85de8ff95b9347d9ae0110dc25057c9c 5797e5a055f342c092b3d99bea4bd5e6 - - 53ecfd3c19f44e4cbbdb025a05856ba3 53ecfd3c19f44e4cbbdb025a05856ba3] 10.0.0.239 "DELETE /resource_providers/ae04455e-33c9-4f40-b374-014e8236a1c1" status: 404 len: 246 microversion: 1.1 [pid: 8|app: 0|req: 359/724] 10.0.0.239 () {34 vars in 824 bytes} [Fri May 8 19:29:13 2026] DELETE /resource_providers/ae04455e-33c9-4f40-b374-014e8236a1c1 => generated 246 bytes in 10 msecs (HTTP/1.1 404) 6 headers in 231 bytes (1 switches on core 0)
2026-05-08 19:29:13.546 7 INFO placement.requestlog [None req-75a921b4-c1bb-40dc-870b-6f4be0bfb580 85de8ff95b9347d9ae0110dc25057c9c 5797e5a055f342c092b3d99bea4bd5e6 - - 53ecfd3c19f44e4cbbdb025a05856ba3 53ecfd3c19f44e4cbbdb025a05856ba3] 10.0.0.239 "DELETE /resource_providers/ae04455e-33c9-4f40-b374-014e8236a1c1" status: 404 len: 246 microversion: 1.1 [pid: 7|app: 0|req: 366/725] 10.0.0.239 () {34 vars in 824 bytes} [Fri May 8 19:29:13 2026] DELETE /resource_providers/ae04455e-33c9-4f40-b374-014e8236a1c1 => generated 246 bytes in 6 msecs (HTTP/1.1 404) 6 headers in 231 bytes (1 switches on core 0)
2026-05-08 19:29:16.790 8 INFO placement.requestlog [None req-c611ec64-d569-44f7-a0c3-b994fbc637c1 85de8ff95b9347d9ae0110dc25057c9c 5797e5a055f342c092b3d99bea4bd5e6 - - 53ecfd3c19f44e4cbbdb025a05856ba3 53ecfd3c19f44e4cbbdb025a05856ba3] 10.0.0.239 "GET /resource_providers/cc18e9d4-d0de-4bab-bce0-585b5fc88cf8/aggregates" status: 404 len: 235 microversion: 1.1 [pid: 8|app: 0|req: 360/726] 10.0.0.239 () {32 vars in 824 bytes} [Fri May 8 19:29:16 2026] GET /resource_providers/cc18e9d4-d0de-4bab-bce0-585b5fc88cf8/aggregates => generated 235 bytes in 9 msecs (HTTP/1.1 404) 5 headers in 202 bytes (1 switches on core 0)
2026-05-08 19:29:16.793 7 INFO placement.requestlog [None req-d7fc6482-ae4d-456f-bcc0-ccbdafd23db3 85de8ff95b9347d9ae0110dc25057c9c 5797e5a055f342c092b3d99bea4bd5e6 - - 53ecfd3c19f44e4cbbdb025a05856ba3 53ecfd3c19f44e4cbbdb025a05856ba3] 10.0.0.239 "GET /resource_providers/cc18e9d4-d0de-4bab-bce0-585b5fc88cf8/aggregates" status: 404 len: 235 microversion: 1.1 [pid: 7|app: 0|req: 367/727] 10.0.0.239 () {32 vars in 824 bytes} [Fri May 8 19:29:16 2026] GET /resource_providers/cc18e9d4-d0de-4bab-bce0-585b5fc88cf8/aggregates => generated 235 bytes in 11 msecs (HTTP/1.1 404) 5 headers in 202 bytes (1 switches on core 0)
2026-05-08 19:29:16.802 8 INFO placement.requestlog [None req-6d5719e2-394c-4e1e-bc49-a1db0045ad7e 85de8ff95b9347d9ae0110dc25057c9c 5797e5a055f342c092b3d99bea4bd5e6 - - 53ecfd3c19f44e4cbbdb025a05856ba3 53ecfd3c19f44e4cbbdb025a05856ba3] 10.0.0.239 "DELETE /resource_providers/cc18e9d4-d0de-4bab-bce0-585b5fc88cf8" status: 404 len: 246 microversion: 1.1 [pid: 8|app: 0|req: 361/728] 10.0.0.239 () {34 vars in 824 bytes} [Fri May 8 19:29:16 2026] DELETE /resource_providers/cc18e9d4-d0de-4bab-bce0-585b5fc88cf8 => generated 246 bytes in 8 msecs (HTTP/1.1 404) 6 headers in 231 bytes (1 switches on core 0)
2026-05-08 19:29:16.814 7 INFO placement.requestlog [None req-b0195db3-fa5a-4c67-ba5a-7c1a00b4ba1e 85de8ff95b9347d9ae0110dc25057c9c 5797e5a055f342c092b3d99bea4bd5e6 - - 53ecfd3c19f44e4cbbdb025a05856ba3 53ecfd3c19f44e4cbbdb025a05856ba3] 10.0.0.239 "DELETE /resource_providers/cc18e9d4-d0de-4bab-bce0-585b5fc88cf8" status: 404 len: 246 microversion: 1.1 [pid: 7|app: 0|req: 368/729] 10.0.0.239 () {34 vars in 824 bytes} [Fri May 8 19:29:16 2026] DELETE /resource_providers/cc18e9d4-d0de-4bab-bce0-585b5fc88cf8 => generated 246 bytes in 18 msecs (HTTP/1.1 404) 6 headers in 231 bytes (1 switches on core 0)
2026-05-08 19:29:18.819 8 INFO placement.requestlog [None req-f0754f39-c7e1-476a-ab73-4cba6ede4098 85de8ff95b9347d9ae0110dc25057c9c 5797e5a055f342c092b3d99bea4bd5e6 - - 53ecfd3c19f44e4cbbdb025a05856ba3 53ecfd3c19f44e4cbbdb025a05856ba3] 10.0.0.239 "GET /resource_providers/243307bb-4d45-4943-90c1-499065694e70/aggregates" status: 404 len: 235 microversion: 1.1 [pid: 8|app: 0|req: 362/730] 10.0.0.239 () {32 vars in 824 bytes} [Fri May 8 19:29:18 2026] GET /resource_providers/243307bb-4d45-4943-90c1-499065694e70/aggregates => generated 235 bytes in 10 msecs (HTTP/1.1 404) 5 headers in 202 bytes (1 switches on core 0)
2026-05-08 19:29:18.831 8 INFO placement.requestlog [None req-9bfd38f8-6feb-47d3-8c4c-8e13af02a819 85de8ff95b9347d9ae0110dc25057c9c 5797e5a055f342c092b3d99bea4bd5e6 - - 53ecfd3c19f44e4cbbdb025a05856ba3 53ecfd3c19f44e4cbbdb025a05856ba3] 10.0.0.239 "DELETE /resource_providers/243307bb-4d45-4943-90c1-499065694e70" status: 404 len: 246 microversion: 1.1 [pid: 8|app: 0|req: 363/731] 10.0.0.239 () {34 vars in 824 bytes} [Fri May 8 19:29:18 2026] DELETE /resource_providers/243307bb-4d45-4943-90c1-499065694e70 => generated 246 bytes in 6 msecs (HTTP/1.1 404) 6 headers in 231 bytes (1 switches on core 0)
2026-05-08 19:29:18.833 7 INFO placement.requestlog [None req-151bf7c0-b1a8-43a7-9e06-d559d5ee56c5 85de8ff95b9347d9ae0110dc25057c9c 5797e5a055f342c092b3d99bea4bd5e6 - - 53ecfd3c19f44e4cbbdb025a05856ba3 53ecfd3c19f44e4cbbdb025a05856ba3] 10.0.0.239 "GET /resource_providers/243307bb-4d45-4943-90c1-499065694e70/aggregates" status: 404 len: 235 microversion: 1.1 [pid: 7|app: 0|req: 369/732] 10.0.0.239 () {32 vars in 824 bytes} [Fri May 8 19:29:18 2026] GET /resource_providers/243307bb-4d45-4943-90c1-499065694e70/aggregates => generated 235 bytes in 11 msecs (HTTP/1.1 404) 5 headers in 202 bytes (1 switches on core 0)
2026-05-08 19:29:18.846 8 INFO placement.requestlog [None req-6e68095f-47be-4e7a-b6b1-732db06b0a40 85de8ff95b9347d9ae0110dc25057c9c 5797e5a055f342c092b3d99bea4bd5e6 - - 53ecfd3c19f44e4cbbdb025a05856ba3 53ecfd3c19f44e4cbbdb025a05856ba3] 10.0.0.239 "GET /resource_providers/93d4f9ea-fd90-4bda-848f-d544f615f9dd/aggregates" status: 404 len: 235 microversion: 1.1 [pid: 8|app: 0|req: 364/733] 10.0.0.239 () {32 vars in 824 bytes} [Fri May 8 19:29:18 2026] GET /resource_providers/93d4f9ea-fd90-4bda-848f-d544f615f9dd/aggregates => generated 235 bytes in 8 msecs (HTTP/1.1 404) 5 headers in 202 bytes (1 switches on core 0)
2026-05-08 19:29:18.854 7 INFO placement.requestlog [None req-4d9b657e-e7c7-4731-86d7-bcb84f37a7f9 85de8ff95b9347d9ae0110dc25057c9c 5797e5a055f342c092b3d99bea4bd5e6 - - 53ecfd3c19f44e4cbbdb025a05856ba3 53ecfd3c19f44e4cbbdb025a05856ba3] 10.0.0.239 "DELETE /resource_providers/243307bb-4d45-4943-90c1-499065694e70" status: 404 len: 246 microversion: 1.1 [pid: 7|app: 0|req: 370/734] 10.0.0.239 () {34 vars in 824 bytes} [Fri May 8 19:29:18 2026] DELETE /resource_providers/243307bb-4d45-4943-90c1-499065694e70 => generated 246 bytes in 9 msecs (HTTP/1.1 404) 6 headers in 231 bytes (1 switches on core 0)
2026-05-08 19:29:18.855 8 INFO placement.requestlog [None req-083704d5-6c34-4e91-991d-d9d457e89b01 85de8ff95b9347d9ae0110dc25057c9c 5797e5a055f342c092b3d99bea4bd5e6 - - 53ecfd3c19f44e4cbbdb025a05856ba3 53ecfd3c19f44e4cbbdb025a05856ba3] 10.0.0.239 "DELETE /resource_providers/93d4f9ea-fd90-4bda-848f-d544f615f9dd" status: 404 len: 246 microversion: 1.1 [pid: 8|app: 0|req: 365/735] 10.0.0.239 () {34 vars in 824 bytes} [Fri May 8 19:29:18 2026] DELETE /resource_providers/93d4f9ea-fd90-4bda-848f-d544f615f9dd => generated 246 bytes in 5 msecs (HTTP/1.1 404) 6 headers in 231 bytes (1 switches on core 0)
2026-05-08 19:29:18.868 8 INFO placement.requestlog [None req-3590bfa2-ba36-4c18-aca3-8aad32692a04 85de8ff95b9347d9ae0110dc25057c9c 5797e5a055f342c092b3d99bea4bd5e6 - - 53ecfd3c19f44e4cbbdb025a05856ba3 53ecfd3c19f44e4cbbdb025a05856ba3] 10.0.0.239 "GET /resource_providers/1cbd6e68-7249-4b82-8ffa-07387053b6b1/aggregates" status: 404 len: 235 microversion: 1.1 [pid: 8|app: 0|req: 366/736] 10.0.0.239 () {32 vars in 824 bytes} [Fri May 8 19:29:18 2026] GET /resource_providers/1cbd6e68-7249-4b82-8ffa-07387053b6b1/aggregates => generated 235 bytes in 7 msecs (HTTP/1.1 404) 5 headers in 202 bytes (1 switches on core 0)
2026-05-08 19:29:18.870 7 INFO placement.requestlog [None req-e3860d5e-a5d6-4c6c-bf0f-aa5a5c8d8849 85de8ff95b9347d9ae0110dc25057c9c 5797e5a055f342c092b3d99bea4bd5e6 - - 53ecfd3c19f44e4cbbdb025a05856ba3 53ecfd3c19f44e4cbbdb025a05856ba3] 10.0.0.239 "GET /resource_providers/93d4f9ea-fd90-4bda-848f-d544f615f9dd/aggregates" status: 404 len: 235 microversion: 1.1 [pid: 7|app: 0|req: 371/737] 10.0.0.239 () {32 vars in 824 bytes} [Fri May 8 19:29:18 2026] GET /resource_providers/93d4f9ea-fd90-4bda-848f-d544f615f9dd/aggregates => generated 235 bytes in 8 msecs (HTTP/1.1 404) 5 headers in 202 bytes (1 switches on core 0)
2026-05-08 19:29:18.883 8 INFO placement.requestlog [None req-e6777708-927c-4151-be1a-a3abb2fd251f 85de8ff95b9347d9ae0110dc25057c9c 5797e5a055f342c092b3d99bea4bd5e6 - - 53ecfd3c19f44e4cbbdb025a05856ba3 53ecfd3c19f44e4cbbdb025a05856ba3] 10.0.0.239 "DELETE /resource_providers/1cbd6e68-7249-4b82-8ffa-07387053b6b1" status: 404 len: 246 microversion: 1.1 [pid: 8|app: 0|req: 367/738] 10.0.0.239 () {34 vars in 824 bytes} [Fri May 8 19:29:18 2026] DELETE /resource_providers/1cbd6e68-7249-4b82-8ffa-07387053b6b1 => generated 246 bytes in 8 msecs (HTTP/1.1 404) 6 headers in 231 bytes (1 switches on core 0)
2026-05-08 19:29:18.887 7 INFO placement.requestlog [None req-e5c6fa2c-0889-40c7-8c61-5493869754b8 85de8ff95b9347d9ae0110dc25057c9c 5797e5a055f342c092b3d99bea4bd5e6 - - 53ecfd3c19f44e4cbbdb025a05856ba3 53ecfd3c19f44e4cbbdb025a05856ba3] 10.0.0.239 "DELETE /resource_providers/93d4f9ea-fd90-4bda-848f-d544f615f9dd" status: 404 len: 246 microversion: 1.1 [pid: 7|app: 0|req: 372/739] 10.0.0.239 () {34 vars in 824 bytes} [Fri May 8 19:29:18 2026] DELETE /resource_providers/93d4f9ea-fd90-4bda-848f-d544f615f9dd => generated 246 bytes in 12 msecs (HTTP/1.1 404) 6 headers in 231 bytes (1 switches on core 0)
2026-05-08 19:29:18.907 8 INFO placement.requestlog [None req-697b39f4-6f39-4b36-bf8a-d3caa3ec64ff 85de8ff95b9347d9ae0110dc25057c9c 5797e5a055f342c092b3d99bea4bd5e6 - - 53ecfd3c19f44e4cbbdb025a05856ba3 53ecfd3c19f44e4cbbdb025a05856ba3] 10.0.0.239 "GET /resource_providers/1cbd6e68-7249-4b82-8ffa-07387053b6b1/aggregates" status: 404 len: 235 microversion: 1.1 [pid: 8|app: 0|req: 368/740] 10.0.0.239 () {32 vars in 824 bytes} [Fri May 8 19:29:18 2026] GET /resource_providers/1cbd6e68-7249-4b82-8ffa-07387053b6b1/aggregates => generated 235 bytes in 12 msecs (HTTP/1.1 404) 5 headers in 202 bytes (1 switches on core 0)
2026-05-08 19:29:18.926 7 INFO placement.requestlog [None req-c30a0570-59c0-4a53-b175-06602988be46 85de8ff95b9347d9ae0110dc25057c9c 5797e5a055f342c092b3d99bea4bd5e6 - - 53ecfd3c19f44e4cbbdb025a05856ba3 53ecfd3c19f44e4cbbdb025a05856ba3] 10.0.0.239 "DELETE /resource_providers/1cbd6e68-7249-4b82-8ffa-07387053b6b1" status: 404 len: 246 microversion: 1.1 [pid: 7|app: 0|req: 373/741] 10.0.0.239 () {34 vars in 824 bytes} [Fri May 8 19:29:18 2026] DELETE /resource_providers/1cbd6e68-7249-4b82-8ffa-07387053b6b1 => generated 246 bytes in 13 msecs (HTTP/1.1 404) 6 headers in 231 bytes (1 switches on core 0)
2026-05-08 19:29:22.625 8 INFO placement.requestlog [None req-1a44cf9a-2c5d-4447-9ca1-9b126c316ff1 - - - - - -] 10.0.0.22 "GET /" status: 200 len: 136 microversion: 1.0
2026-05-08 19:29:22.625 7 INFO placement.requestlog [None req-725b673e-ef38-4a60-bcd5-0207a3dd7d94 - - - - - -] 10.0.0.22 "GET /" status: 200 len: 136 microversion: 1.0
2026-05-08 19:29:23.676 7 INFO placement.requestlog [None req-21091e48-1d3c-4a6b-b048-36905dde1905 85de8ff95b9347d9ae0110dc25057c9c 5797e5a055f342c092b3d99bea4bd5e6 - - 53ecfd3c19f44e4cbbdb025a05856ba3 53ecfd3c19f44e4cbbdb025a05856ba3] 10.0.0.239 "GET /resource_providers/9cc62773-918a-4813-9478-6a3a5484693e/aggregates" status: 404 len: 235 microversion: 1.1 [pid: 7|app: 0|req: 375/744] 10.0.0.239 () {32 vars in 824 bytes} [Fri May 8 19:29:23 2026] GET /resource_providers/9cc62773-918a-4813-9478-6a3a5484693e/aggregates => generated 235 bytes in 12 msecs (HTTP/1.1 404) 5 headers in 202 bytes (1 switches on core 0)
2026-05-08 19:29:23.678 8 INFO placement.requestlog [None req-03d4a8b5-2906-494a-acb3-383cfa122955 85de8ff95b9347d9ae0110dc25057c9c 5797e5a055f342c092b3d99bea4bd5e6 - - 53ecfd3c19f44e4cbbdb025a05856ba3 53ecfd3c19f44e4cbbdb025a05856ba3] 10.0.0.239 "GET /resource_providers/9cc62773-918a-4813-9478-6a3a5484693e/aggregates" status: 404 len: 235 microversion: 1.1 [pid: 8|app: 0|req: 370/745] 10.0.0.239 () {32 vars in 824 bytes} [Fri May 8 19:29:23 2026] GET /resource_providers/9cc62773-918a-4813-9478-6a3a5484693e/aggregates => generated 235 bytes in 14 msecs (HTTP/1.1 404) 5 headers in 202 bytes (1 switches on core 0)
2026-05-08 19:29:23.697 8 INFO placement.requestlog [None req-f75b160e-dac6-4ab4-a2d9-f050227677a3 85de8ff95b9347d9ae0110dc25057c9c 5797e5a055f342c092b3d99bea4bd5e6 - - 53ecfd3c19f44e4cbbdb025a05856ba3 53ecfd3c19f44e4cbbdb025a05856ba3] 10.0.0.239 "DELETE /resource_providers/9cc62773-918a-4813-9478-6a3a5484693e" status: 404 len: 246 microversion: 1.1 [pid: 8|app: 0|req: 371/746] 10.0.0.239 () {34 vars in 824 bytes} [Fri May 8 19:29:23 2026] DELETE /resource_providers/9cc62773-918a-4813-9478-6a3a5484693e => generated 246 bytes in 12 msecs (HTTP/1.1 404) 6 headers in 231 bytes (1 switches on core 0)
2026-05-08 19:29:23.703 7 INFO placement.requestlog [None req-fad763cf-7d22-438b-8d83-5cb59247ebe9 85de8ff95b9347d9ae0110dc25057c9c 5797e5a055f342c092b3d99bea4bd5e6 - - 53ecfd3c19f44e4cbbdb025a05856ba3 53ecfd3c19f44e4cbbdb025a05856ba3] 10.0.0.239 "DELETE /resource_providers/9cc62773-918a-4813-9478-6a3a5484693e" status: 404 len: 246 microversion: 1.1 [pid: 7|app: 0|req: 376/747] 10.0.0.239 () {34 vars in 824 bytes} [Fri May 8 19:29:23 2026] DELETE /resource_providers/9cc62773-918a-4813-9478-6a3a5484693e => generated 246 bytes in 18 msecs (HTTP/1.1 404) 6 headers in 231 bytes (1 switches on core 0)
