Aug 11 05:46:47.202229 np0000188427 devstack@n-api-meta.service[107388]: DEBUG nova.api.openstack.wsgi_app [None req-f346bb21-7567-482a-9742-14ef152a5685 None None] oslo_limit.connect_retry_delay = None {{(pid=107388) log_opt_values /opt/stack/data/venv/lib/python3.12/site-packages/oslo_config/cfg.py:3545}}
Aug 11 05:46:47.202576 np0000188427 devstack@n-api-meta.service[107388]: DEBUG nova.api.openstack.wsgi_app [None req-f346bb21-7567-482a-9742-14ef152a5685 None None] oslo_limit.endpoint_id = None {{(pid=107388) log_opt_values /opt/stack/data/venv/lib/python3.12/site-packages/oslo_config/cfg.py:3545}}
Aug 11 05:46:47.202879 np0000188427 devstack@n-api-meta.service[107388]: DEBUG nova.api.openstack.wsgi_app [None req-f346bb21-7567-482a-9742-14ef152a5685 None None] oslo_limit.endpoint_interface = public {{(pid=107388) log_opt_values /opt/stack/data/venv/lib/python3.12/site-packages/oslo_config/cfg.py:3545}}
Aug 11 05:46:47.203196 np0000188427 devstack@n-api-meta.service[107388]: DEBUG nova.api.openstack.wsgi_app [None req-f346bb21-7567-482a-9742-14ef152a5685 None None] oslo_limit.endpoint_override = None {{(pid=107388) log_opt_values /opt/stack/data/venv/lib/python3.12/site-packages/oslo_config/cfg.py:3545}}
Aug 11 05:46:47.203512 np0000188427 devstack@n-api-meta.service[107388]: DEBUG nova.api.openstack.wsgi_app [None req-f346bb21-7567-482a-9742-14ef152a5685 None None] oslo_limit.endpoint_region_name = None {{(pid=107388) log_opt_values /opt/stack/data/venv/lib/python3.12/site-packages/oslo_config/cfg.py:3545}}
Aug 11 05:46:47.203786 np0000188427 devstack@n-api-meta.service[107388]: DEBUG nova.api.openstack.wsgi_app [None req-f346bb21-7567-482a-9742-14ef152a5685 None None] oslo_limit.endpoint_service_name = None {{(pid=107388) log_opt_values /opt/stack/data/venv/lib/python3.12/site-packages/oslo_config/cfg.py:3545}}
Aug 11 05:46:47.204056 np0000188427 devstack@n-api-meta.service[107388]: DEBUG nova.api.openstack.wsgi_app [None req-f346bb21-7567-482a-9742-14ef152a5685 None None] oslo_limit.endpoint_service_type = None {{(pid=107388) log_opt_values /opt/stack/data/venv/lib/python3.12/site-packages/oslo_config/cfg.py:3545}}
Aug 11 05:46:47.204550 np0000188427 devstack@n-api-meta.service[107388]: DEBUG nova.api.openstack.wsgi_app [None req-f346bb21-7567-482a-9742-14ef152a5685 None None] oslo_limit.insecure = False {{(pid=107388) log_opt_values /opt/stack/data/venv/lib/python3.12/site-packages/oslo_config/cfg.py:3545}}
Aug 11 05:46:47.205070 np0000188427 devstack@n-api-meta.service[107388]: DEBUG nova.api.openstack.wsgi_app [None req-f346bb21-7567-482a-9742-14ef152a5685 None None] oslo_limit.keyfile = None {{(pid=107388) log_opt_values /opt/stack/data/venv/lib/python3.12/site-packages/oslo_config/cfg.py:3545}}
Aug 11 05:46:47.205070 np0000188427 devstack@n-api-meta.service[107388]: DEBUG nova.api.openstack.wsgi_app [None req-f346bb21-7567-482a-9742-14ef152a5685 None None] oslo_limit.max_version = None {{(pid=107388) log_opt_values /opt/stack/data/venv/lib/python3.12/site-packages/oslo_config/cfg.py:3545}}
Aug 11 05:46:47.205352 np0000188427 devstack@n-api-meta.service[107388]: DEBUG nova.api.openstack.wsgi_app [None req-f346bb21-7567-482a-9742-14ef152a5685 None None] oslo_limit.min_version = None {{(pid=107388) log_opt_values /opt/stack/data/venv/lib/python3.12/site-packages/oslo_config/cfg.py:3545}}
Aug 11 05:46:47.205622 np0000188427 devstack@n-api-meta.service[107388]: DEBUG nova.api.openstack.wsgi_app [None req-f346bb21-7567-482a-9742-14ef152a5685 None None] oslo_limit.region_name = None {{(pid=107388) log_opt_values /opt/stack/data/venv/lib/python3.12/site-packages/oslo_config/cfg.py:3545}}
Aug 11 05:46:47.205896 np0000188427 devstack@n-api-meta.service[107388]: DEBUG nova.api.openstack.wsgi_app [None req-f346bb21-7567-482a-9742-14ef152a5685 None None] oslo_limit.retriable_status_codes = None {{(pid=107388) log_opt_values /opt/stack/data/venv/lib/python3.12/site-packages/oslo_config/cfg.py:3545}}
Aug 11 05:46:47.206209 np0000188427 devstack@n-api-meta.service[107388]: DEBUG nova.api.openstack.wsgi_app [None req-f346bb21-7567-482a-9742-14ef152a5685 None None] oslo_limit.service_name = None {{(pid=107388) log_opt_values /opt/stack/data/venv/lib/python3.12/site-packages/oslo_config/cfg.py:3545}}
Aug 11 05:46:47.206481 np0000188427 devstack@n-api-meta.service[107388]: DEBUG nova.api.openstack.wsgi_app [None req-f346bb21-7567-482a-9742-14ef152a5685 None None] oslo_limit.service_type = None {{(pid=107388) log_opt_values /opt/stack/data/venv/lib/python3.12/site-packages/oslo_config/cfg.py:3545}}
Aug 11 05:46:47.206755 np0000188427 devstack@n-api-meta.service[107388]: DEBUG nova.api.openstack.wsgi_app [None req-f346bb21-7567-482a-9742-14ef152a5685 None None] oslo_limit.split_loggers = False {{(pid=107388) log_opt_values /opt/stack/data/venv/lib/python3.12/site-packages/oslo_config/cfg.py:3545}}
Aug 11 05:46:47.207027 np0000188427 devstack@n-api-meta.service[107388]: DEBUG nova.api.openstack.wsgi_app [None req-f346bb21-7567-482a-9742-14ef152a5685 None None] oslo_limit.status_code_retries = None {{(pid=107388) log_opt_values /opt/stack/data/venv/lib/python3.12/site-packages/oslo_config/cfg.py:3545}}
Aug 11 05:46:47.209143 np0000188427 devstack@n-api-meta.service[107388]: DEBUG nova.api.openstack.wsgi_app [None req-f346bb21-7567-482a-9742-14ef152a5685 None None] oslo_limit.status_code_retry_delay = None {{(pid=107388) log_opt_values /opt/stack/data/venv/lib/python3.12/site-packages/oslo_config/cfg.py:3545}}
Aug 11 05:46:47.209143 np0000188427 devstack@n-api-meta.service[107388]: DEBUG nova.api.openstack.wsgi_app [None req-f346bb21-7567-482a-9742-14ef152a5685 None None] oslo_limit.timeout = None {{(pid=107388) log_opt_values /opt/stack/data/venv/lib/python3.12/site-packages/oslo_config/cfg.py:3545}}
Aug 11 05:46:47.209143 np0000188427 devstack@n-api-meta.service[107388]: DEBUG nova.api.openstack.wsgi_app [None req-f346bb21-7567-482a-9742-14ef152a5685 None None] oslo_limit.valid_interfaces = None {{(pid=107388) log_opt_values /opt/stack/data/venv/lib/python3.12/site-packages/oslo_config/cfg.py:3545}}
Aug 11 05:46:47.209143 np0000188427 devstack@n-api-meta.service[107388]: DEBUG nova.api.openstack.wsgi_app [None req-f346bb21-7567-482a-9742-14ef152a5685 None None] oslo_limit.version = None {{(pid=107388) log_opt_values /opt/stack/data/venv/lib/python3.12/site-packages/oslo_config/cfg.py:3545}}
Aug 11 05:46:47.209143 np0000188427 devstack@n-api-meta.service[107388]: DEBUG nova.api.openstack.wsgi_app [None req-f346bb21-7567-482a-9742-14ef152a5685 None None] oslo_messaging_rabbit.amqp_auto_delete = False {{(pid=107388) log_opt_values /opt/stack/data/venv/lib/python3.12/site-packages/oslo_config/cfg.py:3545}}
Aug 11 05:46:47.209143 np0000188427 devstack@n-api-meta.service[107388]: DEBUG nova.api.openstack.wsgi_app [None req-f346bb21-7567-482a-9742-14ef152a5685 None None] oslo_messaging_rabbit.amqp_durable_queues = False {{(pid=107388) log_opt_values /opt/stack/data/venv/lib/python3.12/site-packages/oslo_config/cfg.py:3545}}
Aug 11 05:46:47.209143 np0000188427 devstack@n-api-meta.service[107388]: DEBUG nova.api.openstack.wsgi_app [None req-f346bb21-7567-482a-9742-14ef152a5685 None None] oslo_messaging_rabbit.conn_pool_min_size = 2 {{(pid=107388) log_opt_values /opt/stack/data/venv/lib/python3.12/site-packages/oslo_config/cfg.py:3545}}
Aug 11 05:46:47.209456 np0000188427 devstack@n-api-meta.service[107388]: DEBUG nova.api.openstack.wsgi_app [None req-f346bb21-7567-482a-9742-14ef152a5685 None None] oslo_messaging_rabbit.conn_pool_ttl = 1200 {{(pid=107388) log_opt_values /opt/stack/data/venv/lib/python3.12/site-packages/oslo_config/cfg.py:3545}}
Aug 11 05:46:47.209456 np0000188427 devstack@n-api-meta.service[107388]: DEBUG nova.api.openstack.wsgi_app [None req-f346bb21-7567-482a-9742-14ef152a5685 None None] oslo_messaging_rabbit.direct_mandatory_flag = True {{(pid=107388) log_opt_values /opt/stack/data/venv/lib/python3.12/site-packages/oslo_config/cfg.py:3545}}
Aug 11 05:46:47.209456 np0000188427 devstack@n-api-meta.service[107388]: DEBUG nova.api.openstack.wsgi_app [None req-f346bb21-7567-482a-9742-14ef152a5685 None None] oslo_messaging_rabbit.enable_cancel_on_failover = False {{(pid=107388) log_opt_values /opt/stack/data/venv/lib/python3.12/site-packages/oslo_config/cfg.py:3545}}
Aug 11 05:46:47.209456 np0000188427 devstack@n-api-meta.service[107388]: DEBUG nova.api.openstack.wsgi_app [None req-f346bb21-7567-482a-9742-14ef152a5685 None None] oslo_messaging_rabbit.heartbeat_rate = 3 {{(pid=107388) log_opt_values /opt/stack/data/venv/lib/python3.12/site-packages/oslo_config/cfg.py:3545}}
Aug 11 05:46:47.209456 np0000188427 devstack@n-api-meta.service[107388]: DEBUG nova.api.openstack.wsgi_app [None req-f346bb21-7567-482a-9742-14ef152a5685 None None] oslo_messaging_rabbit.heartbeat_timeout_threshold = 60 {{(pid=107388) log_opt_values /opt/stack/data/venv/lib/python3.12/site-packages/oslo_config/cfg.py:3545}}
Aug 11 05:46:47.209569 np0000188427 devstack@n-api-meta.service[107388]: DEBUG nova.api.openstack.wsgi_app [None req-f346bb21-7567-482a-9742-14ef152a5685 None None] oslo_messaging_rabbit.hostname = np0000188427 {{(pid=107388) log_opt_values /opt/stack/data/venv/lib/python3.12/site-packages/oslo_config/cfg.py:3545}}
Aug 11 05:46:47.209687 np0000188427 devstack@n-api-meta.service[107388]: DEBUG nova.api.openstack.wsgi_app [None req-f346bb21-7567-482a-9742-14ef152a5685 None None] oslo_messaging_rabbit.kombu_compression = None {{(pid=107388) log_opt_values /opt/stack/data/venv/lib/python3.12/site-packages/oslo_config/cfg.py:3545}}
Aug 11 05:46:47.209822 np0000188427 devstack@n-api-meta.service[107388]: DEBUG nova.api.openstack.wsgi_app [None req-f346bb21-7567-482a-9742-14ef152a5685 None None] oslo_messaging_rabbit.kombu_failover_strategy = round-robin {{(pid=107388) log_opt_values /opt/stack/data/venv/lib/python3.12/site-packages/oslo_config/cfg.py:3545}}
Aug 11 05:46:47.209958 np0000188427 devstack@n-api-meta.service[107388]: DEBUG nova.api.openstack.wsgi_app [None req-f346bb21-7567-482a-9742-14ef152a5685 None None] oslo_messaging_rabbit.kombu_missing_consumer_retry_timeout = 60 {{(pid=107388) log_opt_values /opt/stack/data/venv/lib/python3.12/site-packages/oslo_config/cfg.py:3545}}
Aug 11 05:46:47.210109 np0000188427 devstack@n-api-meta.service[107388]: DEBUG nova.api.openstack.wsgi_app [None req-f346bb21-7567-482a-9742-14ef152a5685 None None] oslo_messaging_rabbit.kombu_reconnect_delay = 1.0 {{(pid=107388) log_opt_values /opt/stack/data/venv/lib/python3.12/site-packages/oslo_config/cfg.py:3545}}
Aug 11 05:46:47.210249 np0000188427 devstack@n-api-meta.service[107388]: DEBUG nova.api.openstack.wsgi_app [None req-f346bb21-7567-482a-9742-14ef152a5685 None None] oslo_messaging_rabbit.kombu_reconnect_splay = 0.0 {{(pid=107388) log_opt_values /opt/stack/data/venv/lib/python3.12/site-packages/oslo_config/cfg.py:3545}}
Aug 11 05:46:47.210383 np0000188427 devstack@n-api-meta.service[107388]: DEBUG nova.api.openstack.wsgi_app [None req-f346bb21-7567-482a-9742-14ef152a5685 None None] oslo_messaging_rabbit.processname = uwsgi {{(pid=107388) log_opt_values /opt/stack/data/venv/lib/python3.12/site-packages/oslo_config/cfg.py:3545}}
Aug 11 05:46:47.210511 np0000188427 devstack@n-api-meta.service[107388]: DEBUG nova.api.openstack.wsgi_app [None req-f346bb21-7567-482a-9742-14ef152a5685 None None] oslo_messaging_rabbit.rabbit_ha_queues = False {{(pid=107388) log_opt_values /opt/stack/data/venv/lib/python3.12/site-packages/oslo_config/cfg.py:3545}}
Aug 11 05:46:47.210641 np0000188427 devstack@n-api-meta.service[107388]: DEBUG nova.api.openstack.wsgi_app [None req-f346bb21-7567-482a-9742-14ef152a5685 None None] oslo_messaging_rabbit.rabbit_interval_max = 30 {{(pid=107388) log_opt_values /opt/stack/data/venv/lib/python3.12/site-packages/oslo_config/cfg.py:3545}}
Aug 11 05:46:47.210775 np0000188427 devstack@n-api-meta.service[107388]: DEBUG nova.api.openstack.wsgi_app [None req-f346bb21-7567-482a-9742-14ef152a5685 None None] oslo_messaging_rabbit.rabbit_login_method = AMQPLAIN {{(pid=107388) log_opt_values /opt/stack/data/venv/lib/python3.12/site-packages/oslo_config/cfg.py:3545}}
Aug 11 05:46:47.210905 np0000188427 devstack@n-api-meta.service[107388]: DEBUG nova.api.openstack.wsgi_app [None req-f346bb21-7567-482a-9742-14ef152a5685 None None] oslo_messaging_rabbit.rabbit_qos_prefetch_count = 0 {{(pid=107388) log_opt_values /opt/stack/data/venv/lib/python3.12/site-packages/oslo_config/cfg.py:3545}}
Aug 11 05:46:47.211033 np0000188427 devstack@n-api-meta.service[107388]: DEBUG nova.api.openstack.wsgi_app [None req-f346bb21-7567-482a-9742-14ef152a5685 None None] oslo_messaging_rabbit.rabbit_quorum_delivery_limit = 0 {{(pid=107388) log_opt_values /opt/stack/data/venv/lib/python3.12/site-packages/oslo_config/cfg.py:3545}}
Aug 11 05:46:47.211179 np0000188427 devstack@n-api-meta.service[107388]: DEBUG nova.api.openstack.wsgi_app [None req-f346bb21-7567-482a-9742-14ef152a5685 None None] oslo_messaging_rabbit.rabbit_quorum_max_memory_bytes = 0 {{(pid=107388) log_opt_values /opt/stack/data/venv/lib/python3.12/site-packages/oslo_config/cfg.py:3545}}
Aug 11 05:46:47.211356 np0000188427 devstack@n-api-meta.service[107388]: DEBUG nova.api.openstack.wsgi_app [None req-f346bb21-7567-482a-9742-14ef152a5685 None None] oslo_messaging_rabbit.rabbit_quorum_max_memory_length = 0 {{(pid=107388) log_opt_values /opt/stack/data/venv/lib/python3.12/site-packages/oslo_config/cfg.py:3545}}
Aug 11 05:46:47.211486 np0000188427 devstack@n-api-meta.service[107388]: DEBUG nova.api.openstack.wsgi_app [None req-f346bb21-7567-482a-9742-14ef152a5685 None None] oslo_messaging_rabbit.rabbit_quorum_queue = False {{(pid=107388) log_opt_values /opt/stack/data/venv/lib/python3.12/site-packages/oslo_config/cfg.py:3545}}
Aug 11 05:46:47.211616 np0000188427 devstack@n-api-meta.service[107388]: DEBUG nova.api.openstack.wsgi_app [None req-f346bb21-7567-482a-9742-14ef152a5685 None None] oslo_messaging_rabbit.rabbit_retry_backoff = 2 {{(pid=107388) log_opt_values /opt/stack/data/venv/lib/python3.12/site-packages/oslo_config/cfg.py:3545}}
Aug 11 05:46:47.211744 np0000188427 devstack@n-api-meta.service[107388]: DEBUG nova.api.openstack.wsgi_app [None req-f346bb21-7567-482a-9742-14ef152a5685 None None] oslo_messaging_rabbit.rabbit_retry_interval = 1 {{(pid=107388) log_opt_values /opt/stack/data/venv/lib/python3.12/site-packages/oslo_config/cfg.py:3545}}
Aug 11 05:46:47.211872 np0000188427 devstack@n-api-meta.service[107388]: DEBUG nova.api.openstack.wsgi_app [None req-f346bb21-7567-482a-9742-14ef152a5685 None None] oslo_messaging_rabbit.rabbit_stream_fanout = False {{(pid=107388) log_opt_values /opt/stack/data/venv/lib/python3.12/site-packages/oslo_config/cfg.py:3545}}
Aug 11 05:46:47.212000 np0000188427 devstack@n-api-meta.service[107388]: DEBUG nova.api.openstack.wsgi_app [None req-f346bb21-7567-482a-9742-14ef152a5685 None None] oslo_messaging_rabbit.rabbit_transient_queues_ttl = 1800 {{(pid=107388) log_opt_values /opt/stack/data/venv/lib/python3.12/site-packages/oslo_config/cfg.py:3545}}
Aug 11 05:46:47.212145 np0000188427 devstack@n-api-meta.service[107388]: DEBUG nova.api.openstack.wsgi_app [None req-f346bb21-7567-482a-9742-14ef152a5685 None None] oslo_messaging_rabbit.rabbit_transient_quorum_queue = False {{(pid=107388) log_opt_values /opt/stack/data/venv/lib/python3.12/site-packages/oslo_config/cfg.py:3545}}
Aug 11 05:46:47.212274 np0000188427 devstack@n-api-meta.service[107388]: DEBUG nova.api.openstack.wsgi_app [None req-f346bb21-7567-482a-9742-14ef152a5685 None None] oslo_messaging_rabbit.rpc_conn_pool_size = 30 {{(pid=107388) log_opt_values /opt/stack/data/venv/lib/python3.12/site-packages/oslo_config/cfg.py:3545}}
Aug 11 05:46:47.212407 np0000188427 devstack@n-api-meta.service[107388]: DEBUG nova.api.openstack.wsgi_app [None req-f346bb21-7567-482a-9742-14ef152a5685 None None] oslo_messaging_rabbit.ssl = False {{(pid=107388) log_opt_values /opt/stack/data/venv/lib/python3.12/site-packages/oslo_config/cfg.py:3545}}
Aug 11 05:46:47.212597 np0000188427 devstack@n-api-meta.service[107388]: DEBUG nova.api.openstack.wsgi_app [None req-f346bb21-7567-482a-9742-14ef152a5685 None None] oslo_messaging_rabbit.ssl_ca_file = {{(pid=107388) log_opt_values /opt/stack/data/venv/lib/python3.12/site-packages/oslo_config/cfg.py:3545}}
Aug 11 05:46:47.212731 np0000188427 devstack@n-api-meta.service[107388]: DEBUG nova.api.openstack.wsgi_app [None req-f346bb21-7567-482a-9742-14ef152a5685 None None] oslo_messaging_rabbit.ssl_cert_file = {{(pid=107388) log_opt_values /opt/stack/data/venv/lib/python3.12/site-packages/oslo_config/cfg.py:3545}}
Aug 11 05:46:47.212858 np0000188427 devstack@n-api-meta.service[107388]: DEBUG nova.api.openstack.wsgi_app [None req-f346bb21-7567-482a-9742-14ef152a5685 None None] oslo_messaging_rabbit.ssl_enforce_fips_mode = False {{(pid=107388) log_opt_values /opt/stack/data/venv/lib/python3.12/site-packages/oslo_config/cfg.py:3545}}
Aug 11 05:46:47.212984 np0000188427 devstack@n-api-meta.service[107388]: DEBUG nova.api.openstack.wsgi_app [None req-f346bb21-7567-482a-9742-14ef152a5685 None None] oslo_messaging_rabbit.ssl_enforce_hostname_verification = True {{(pid=107388) log_opt_values /opt/stack/data/venv/lib/python3.12/site-packages/oslo_config/cfg.py:3545}}
Aug 11 05:46:47.213135 np0000188427 devstack@n-api-meta.service[107388]: DEBUG nova.api.openstack.wsgi_app [None req-f346bb21-7567-482a-9742-14ef152a5685 None None] oslo_messaging_rabbit.ssl_key_file = {{(pid=107388) log_opt_values /opt/stack/data/venv/lib/python3.12/site-packages/oslo_config/cfg.py:3545}}
Aug 11 05:46:47.213272 np0000188427 devstack@n-api-meta.service[107388]: DEBUG nova.api.openstack.wsgi_app [None req-f346bb21-7567-482a-9742-14ef152a5685 None None] oslo_messaging_rabbit.ssl_version = {{(pid=107388) log_opt_values /opt/stack/data/venv/lib/python3.12/site-packages/oslo_config/cfg.py:3545}}
Aug 11 05:46:47.213402 np0000188427 devstack@n-api-meta.service[107388]: DEBUG nova.api.openstack.wsgi_app [None req-f346bb21-7567-482a-9742-14ef152a5685 None None] oslo_messaging_rabbit.use_queue_manager = False {{(pid=107388) log_opt_values /opt/stack/data/venv/lib/python3.12/site-packages/oslo_config/cfg.py:3545}}
Aug 11 05:46:47.213554 np0000188427 devstack@n-api-meta.service[107388]: DEBUG nova.api.openstack.wsgi_app [None req-f346bb21-7567-482a-9742-14ef152a5685 None None] oslo_messaging_notifications.driver = ['messagingv2'] {{(pid=107388) log_opt_values /opt/stack/data/venv/lib/python3.12/site-packages/oslo_config/cfg.py:3545}}
Aug 11 05:46:47.213685 np0000188427 devstack@n-api-meta.service[107388]: DEBUG nova.api.openstack.wsgi_app [None req-f346bb21-7567-482a-9742-14ef152a5685 None None] oslo_messaging_notifications.retry = -1 {{(pid=107388) log_opt_values /opt/stack/data/venv/lib/python3.12/site-packages/oslo_config/cfg.py:3545}}
Aug 11 05:46:47.213832 np0000188427 devstack@n-api-meta.service[107388]: DEBUG nova.api.openstack.wsgi_app [None req-f346bb21-7567-482a-9742-14ef152a5685 None None] oslo_messaging_notifications.topics = ['notifications'] {{(pid=107388) log_opt_values /opt/stack/data/venv/lib/python3.12/site-packages/oslo_config/cfg.py:3545}}
Aug 11 05:46:47.213969 np0000188427 devstack@n-api-meta.service[107388]: DEBUG nova.api.openstack.wsgi_app [None req-f346bb21-7567-482a-9742-14ef152a5685 None None] oslo_messaging_notifications.transport_url = **** {{(pid=107388) log_opt_values /opt/stack/data/venv/lib/python3.12/site-packages/oslo_config/cfg.py:3545}}
Aug 11 05:46:47.214195 np0000188427 devstack@n-api-meta.service[107388]: DEBUG nova.api.openstack.wsgi_app [None req-f346bb21-7567-482a-9742-14ef152a5685 None None] oslo_reports.file_event_handler = None {{(pid=107388) log_opt_values /opt/stack/data/venv/lib/python3.12/site-packages/oslo_config/cfg.py:3545}}
Aug 11 05:46:47.214251 np0000188427 devstack@n-api-meta.service[107388]: DEBUG nova.api.openstack.wsgi_app [None req-f346bb21-7567-482a-9742-14ef152a5685 None None] oslo_reports.file_event_handler_interval = 1 {{(pid=107388) log_opt_values /opt/stack/data/venv/lib/python3.12/site-packages/oslo_config/cfg.py:3545}}
Aug 11 05:46:47.214378 np0000188427 devstack@n-api-meta.service[107388]: DEBUG nova.api.openstack.wsgi_app [None req-f346bb21-7567-482a-9742-14ef152a5685 None None] oslo_reports.log_dir = None {{(pid=107388) log_opt_values /opt/stack/data/venv/lib/python3.12/site-packages/oslo_config/cfg.py:3545}}
Aug 11 05:46:47.214484 np0000188427 devstack@n-api-meta.service[107388]: DEBUG nova.api.openstack.wsgi_app [None req-f346bb21-7567-482a-9742-14ef152a5685 None None] ******************************************************************************** {{(pid=107388) log_opt_values /opt/stack/data/venv/lib/python3.12/site-packages/oslo_config/cfg.py:3552}}
Aug 11 05:46:47.214593 np0000188427 devstack@n-api-meta.service[107388]: WSGI app 0 (mountpoint='') ready in 3 seconds on interpreter 0x7703fbca4668 pid: 107388 (default app)
Aug 11 05:46:56.661425 np0000188427 devstack@n-api-meta.service[107390]: DEBUG dbcounter [-] [107390] Writing DB stats nova_api:SELECT=1 {{(pid=107390) stat_writer /opt/stack/data/venv/lib/python3.12/site-packages/dbcounter.py:115}}
Aug 11 05:46:56.679232 np0000188427 devstack@n-api-meta.service[107389]: DEBUG dbcounter [-] [107389] Writing DB stats nova_api:SELECT=1 {{(pid=107389) stat_writer /opt/stack/data/venv/lib/python3.12/site-packages/dbcounter.py:115}}
Aug 11 05:46:56.690354 np0000188427 devstack@n-api-meta.service[107391]: DEBUG dbcounter [-] [107391] Writing DB stats nova_api:SELECT=1 {{(pid=107391) stat_writer /opt/stack/data/venv/lib/python3.12/site-packages/dbcounter.py:115}}
Aug 11 05:46:56.811053 np0000188427 devstack@n-api-meta.service[107388]: DEBUG dbcounter [-] [107388] Writing DB stats nova_api:SELECT=1 {{(pid=107388) stat_writer /opt/stack/data/venv/lib/python3.12/site-packages/dbcounter.py:115}}
Aug 11 05:46:56.850755 np0000188427 devstack@n-api-meta.service[107390]: DEBUG dbcounter [-] [107390] Writing DB stats nova_cell0:SELECT=1 {{(pid=107390) stat_writer /opt/stack/data/venv/lib/python3.12/site-packages/dbcounter.py:115}}
Aug 11 05:46:56.854511 np0000188427 devstack@n-api-meta.service[107390]: DEBUG dbcounter [-] [107390] Writing DB stats nova_cell1:SELECT=1 {{(pid=107390) stat_writer /opt/stack/data/venv/lib/python3.12/site-packages/dbcounter.py:115}}
Aug 11 05:46:56.864487 np0000188427 devstack@n-api-meta.service[107391]: DEBUG dbcounter [-] [107391] Writing DB stats nova_cell0:SELECT=1 {{(pid=107391) stat_writer /opt/stack/data/venv/lib/python3.12/site-packages/dbcounter.py:115}}
Aug 11 05:46:56.867589 np0000188427 devstack@n-api-meta.service[107389]: DEBUG dbcounter [-] [107389] Writing DB stats nova_cell1:SELECT=1 {{(pid=107389) stat_writer /opt/stack/data/venv/lib/python3.12/site-packages/dbcounter.py:115}}
Aug 11 05:46:56.868659 np0000188427 devstack@n-api-meta.service[107389]: DEBUG dbcounter [-] [107389] Writing DB stats nova_cell0:SELECT=1 {{(pid=107389) stat_writer /opt/stack/data/venv/lib/python3.12/site-packages/dbcounter.py:115}}
Aug 11 05:46:56.869570 np0000188427 devstack@n-api-meta.service[107391]: DEBUG dbcounter [-] [107391] Writing DB stats nova_cell1:SELECT=1 {{(pid=107391) stat_writer /opt/stack/data/venv/lib/python3.12/site-packages/dbcounter.py:115}}
Aug 11 05:46:56.921009 np0000188427 devstack@n-api-meta.service[107390]: DEBUG dbcounter [-] [107390] Writing DB stats nova_cell0:SELECT=2,nova_cell0:INSERT=1 {{(pid=107390) stat_writer /opt/stack/data/venv/lib/python3.12/site-packages/dbcounter.py:115}}
Aug 11 05:46:56.930592 np0000188427 devstack@n-api-meta.service[107389]: DEBUG dbcounter [-] [107389] Writing DB stats nova_cell0:SELECT=1 {{(pid=107389) stat_writer /opt/stack/data/venv/lib/python3.12/site-packages/dbcounter.py:115}}
Aug 11 05:46:56.934411 np0000188427 devstack@n-api-meta.service[107391]: DEBUG dbcounter [-] [107391] Writing DB stats nova_cell0:SELECT=1 {{(pid=107391) stat_writer /opt/stack/data/venv/lib/python3.12/site-packages/dbcounter.py:115}}
Aug 11 05:46:56.986600 np0000188427 devstack@n-api-meta.service[107388]: DEBUG dbcounter [-] [107388] Writing DB stats nova_cell0:SELECT=1 {{(pid=107388) stat_writer /opt/stack/data/venv/lib/python3.12/site-packages/dbcounter.py:115}}
Aug 11 05:46:56.993603 np0000188427 devstack@n-api-meta.service[107388]: DEBUG dbcounter [-] [107388] Writing DB stats nova_cell1:SELECT=1 {{(pid=107388) stat_writer /opt/stack/data/venv/lib/python3.12/site-packages/dbcounter.py:115}}
Aug 11 05:46:57.050206 np0000188427 devstack@n-api-meta.service[107388]: DEBUG dbcounter [-] [107388] Writing DB stats nova_cell0:SELECT=1 {{(pid=107388) stat_writer /opt/stack/data/venv/lib/python3.12/site-packages/dbcounter.py:115}}
Aug 11 05:52:49.085159 np0000188427 devstack@n-api-meta.service[107389]: DEBUG nova.api.metadata.handler [None req-1c214878-2840-44df-b18a-9fe38073f019 None None] Metadata request headers: {'Host': '199.204.45.77:8775', 'User-Agent': 'python-requests/2.34.2', 'Accept-Encoding': 'gzip, deflate', 'Accept': '*/*', 'Connection': 'keep-alive', 'X-Forwarded-For': '192.168.24.221', 'X-Instance-Id': '81623edf-30c4-439d-844f-8a6a960b4f89', 'X-Tenant-Id': '1139f35c09e3481088b283c6e0cc67e1', 'X-Instance-Id-Signature': '4af716fd9040f09b71652339d3b55625eda97cc78d6dd515ed28b6447229953a'} {{(pid=107389) __call__ /opt/stack/nova/nova/api/metadata/handler.py:109}}
Aug 11 05:52:49.097865 np0000188427 devstack@n-api-meta.service[107389]: DEBUG oslo_concurrency.lockutils [None req-7052dbdd-c500-4dd4-8e4a-36ee273dfb20 None None] Acquiring lock "d36bb7f4-d56b-4da6-bac3-1d4333cbe404" by "nova.context.set_target_cell..get_or_set_cached_cell_and_set_connections" {{(pid=107389) inner /opt/stack/data/venv/lib/python3.12/site-packages/oslo_concurrency/lockutils.py:512}}
Aug 11 05:52:49.098006 np0000188427 devstack@n-api-meta.service[107389]: DEBUG oslo_concurrency.lockutils [None req-7052dbdd-c500-4dd4-8e4a-36ee273dfb20 None None] Lock "d36bb7f4-d56b-4da6-bac3-1d4333cbe404" acquired by "nova.context.set_target_cell..get_or_set_cached_cell_and_set_connections" :: waited 0.000s {{(pid=107389) inner /opt/stack/data/venv/lib/python3.12/site-packages/oslo_concurrency/lockutils.py:525}}
Aug 11 05:52:49.098124 np0000188427 devstack@n-api-meta.service[107389]: DEBUG oslo_concurrency.lockutils [None req-7052dbdd-c500-4dd4-8e4a-36ee273dfb20 None None] Lock "d36bb7f4-d56b-4da6-bac3-1d4333cbe404" "released" by "nova.context.set_target_cell..get_or_set_cached_cell_and_set_connections" :: held 0.000s {{(pid=107389) inner /opt/stack/data/venv/lib/python3.12/site-packages/oslo_concurrency/lockutils.py:544}}
Aug 11 05:52:49.146531 np0000188427 devstack@n-api-meta.service[107389]: WARNING neutronclient.v2_0.client [None req-7052dbdd-c500-4dd4-8e4a-36ee273dfb20 None None] The python binding code in neutronclient is deprecated in favor of OpenstackSDK, please use that as this will be removed in a future release.
Aug 11 05:52:49.516011 np0000188427 devstack@n-api-meta.service[107389]: [pid: 107389|app: 0|req: 1/1] 199.204.45.77 () {40 vars in 641 bytes} [Tue Aug 11 05:52:49 2026] GET /openstack => generated 116 bytes in 432 msecs (HTTP/1.1 200) 3 headers in 100 bytes (1 switches on core 0)
Aug 11 05:52:49.530837 np0000188427 devstack@n-api-meta.service[107390]: DEBUG nova.api.metadata.handler [None req-eea8446d-0cb9-45ca-8601-cbb4c9a1819f None None] Metadata request headers: {'Host': '199.204.45.77:8775', 'User-Agent': 'python-requests/2.34.2', 'Accept-Encoding': 'gzip, deflate', 'Accept': '*/*', 'Connection': 'keep-alive', 'X-Forwarded-For': '192.168.24.221', 'X-Instance-Id': '81623edf-30c4-439d-844f-8a6a960b4f89', 'X-Tenant-Id': '1139f35c09e3481088b283c6e0cc67e1', 'X-Instance-Id-Signature': '4af716fd9040f09b71652339d3b55625eda97cc78d6dd515ed28b6447229953a'} {{(pid=107390) __call__ /opt/stack/nova/nova/api/metadata/handler.py:109}}
Aug 11 05:52:49.535079 np0000188427 devstack@n-api-meta.service[107390]: DEBUG nova.api.metadata.handler [None req-eea8446d-0cb9-45ca-8601-cbb4c9a1819f None None] Using cached metadata for instance 81623edf-30c4-439d-844f-8a6a960b4f89 {{(pid=107390) get_metadata_by_instance_id /opt/stack/nova/nova/api/metadata/handler.py:84}}
Aug 11 05:52:49.535571 np0000188427 devstack@n-api-meta.service[107390]: [pid: 107390|app: 0|req: 1/2] 199.204.45.77 () {40 vars in 641 bytes} [Tue Aug 11 05:52:49 2026] GET /openstack => generated 116 bytes in 6 msecs (HTTP/1.1 200) 3 headers in 100 bytes (1 switches on core 0)
Aug 11 05:52:49.545065 np0000188427 devstack@n-api-meta.service[107391]: DEBUG nova.api.metadata.handler [None req-cfd28eb5-80cc-47e8-bbac-087e3f522f5d None None] Metadata request headers: {'Host': '199.204.45.77:8775', 'User-Agent': 'python-requests/2.34.2', 'Accept-Encoding': 'gzip, deflate', 'Accept': '*/*', 'Connection': 'keep-alive', 'X-Forwarded-For': '192.168.24.221', 'X-Instance-Id': '81623edf-30c4-439d-844f-8a6a960b4f89', 'X-Tenant-Id': '1139f35c09e3481088b283c6e0cc67e1', 'X-Instance-Id-Signature': '4af716fd9040f09b71652339d3b55625eda97cc78d6dd515ed28b6447229953a'} {{(pid=107391) __call__ /opt/stack/nova/nova/api/metadata/handler.py:109}}
Aug 11 05:52:49.549359 np0000188427 devstack@n-api-meta.service[107391]: DEBUG nova.api.metadata.handler [None req-cfd28eb5-80cc-47e8-bbac-087e3f522f5d None None] Using cached metadata for instance 81623edf-30c4-439d-844f-8a6a960b4f89 {{(pid=107391) get_metadata_by_instance_id /opt/stack/nova/nova/api/metadata/handler.py:84}}
Aug 11 05:52:49.550020 np0000188427 devstack@n-api-meta.service[107391]: [pid: 107391|app: 0|req: 1/3] 199.204.45.77 () {40 vars in 693 bytes} [Tue Aug 11 05:52:49 2026] GET /openstack/2018-08-27/meta_data.json => generated 946 bytes in 6 msecs (HTTP/1.1 200) 3 headers in 91 bytes (1 switches on core 0)
Aug 11 05:52:49.558969 np0000188427 devstack@n-api-meta.service[107388]: DEBUG nova.api.metadata.handler [None req-f346bb21-7567-482a-9742-14ef152a5685 None None] Metadata request headers: {'Host': '199.204.45.77:8775', 'User-Agent': 'python-requests/2.34.2', 'Accept-Encoding': 'gzip, deflate', 'Accept': '*/*', 'Connection': 'keep-alive', 'X-Forwarded-For': '192.168.24.221', 'X-Instance-Id': '81623edf-30c4-439d-844f-8a6a960b4f89', 'X-Tenant-Id': '1139f35c09e3481088b283c6e0cc67e1', 'X-Instance-Id-Signature': '4af716fd9040f09b71652339d3b55625eda97cc78d6dd515ed28b6447229953a'} {{(pid=107388) __call__ /opt/stack/nova/nova/api/metadata/handler.py:109}}
Aug 11 05:52:49.562801 np0000188427 devstack@n-api-meta.service[107388]: DEBUG nova.api.metadata.handler [None req-f346bb21-7567-482a-9742-14ef152a5685 None None] Using cached metadata for instance 81623edf-30c4-439d-844f-8a6a960b4f89 {{(pid=107388) get_metadata_by_instance_id /opt/stack/nova/nova/api/metadata/handler.py:84}}
Aug 11 05:52:49.564297 np0000188427 devstack@n-api-meta.service[107388]: [pid: 107388|app: 0|req: 1/4] 199.204.45.77 () {40 vars in 683 bytes} [Tue Aug 11 05:52:49 2026] GET /openstack/2018-08-27/user_data => generated 26370 bytes in 6 msecs (HTTP/1.1 200) 3 headers in 102 bytes (1 switches on core 0)
Aug 11 05:52:49.573240 np0000188427 devstack@n-api-meta.service[107389]: DEBUG nova.api.metadata.handler [None req-7052dbdd-c500-4dd4-8e4a-36ee273dfb20 None None] Metadata request headers: {'Host': '199.204.45.77:8775', 'User-Agent': 'python-requests/2.34.2', 'Accept-Encoding': 'gzip, deflate', 'Accept': '*/*', 'Connection': 'keep-alive', 'X-Forwarded-For': '192.168.24.221', 'X-Instance-Id': '81623edf-30c4-439d-844f-8a6a960b4f89', 'X-Tenant-Id': '1139f35c09e3481088b283c6e0cc67e1', 'X-Instance-Id-Signature': '4af716fd9040f09b71652339d3b55625eda97cc78d6dd515ed28b6447229953a'} {{(pid=107389) __call__ /opt/stack/nova/nova/api/metadata/handler.py:109}}
Aug 11 05:52:49.576387 np0000188427 devstack@n-api-meta.service[107389]: DEBUG nova.api.metadata.handler [None req-7052dbdd-c500-4dd4-8e4a-36ee273dfb20 None None] Using cached metadata for instance 81623edf-30c4-439d-844f-8a6a960b4f89 {{(pid=107389) get_metadata_by_instance_id /opt/stack/nova/nova/api/metadata/handler.py:84}}
Aug 11 05:52:49.577241 np0000188427 devstack@n-api-meta.service[107389]: [pid: 107389|app: 0|req: 2/5] 199.204.45.77 () {40 vars in 697 bytes} [Tue Aug 11 05:52:49 2026] GET /openstack/2018-08-27/vendor_data.json => generated 2 bytes in 5 msecs (HTTP/1.1 200) 3 headers in 89 bytes (1 switches on core 0)
Aug 11 05:52:49.585057 np0000188427 devstack@n-api-meta.service[107390]: DEBUG nova.api.metadata.handler [None req-eea8446d-0cb9-45ca-8601-cbb4c9a1819f None None] Metadata request headers: {'Host': '199.204.45.77:8775', 'User-Agent': 'python-requests/2.34.2', 'Accept-Encoding': 'gzip, deflate', 'Accept': '*/*', 'Connection': 'keep-alive', 'X-Forwarded-For': '192.168.24.221', 'X-Instance-Id': '81623edf-30c4-439d-844f-8a6a960b4f89', 'X-Tenant-Id': '1139f35c09e3481088b283c6e0cc67e1', 'X-Instance-Id-Signature': '4af716fd9040f09b71652339d3b55625eda97cc78d6dd515ed28b6447229953a'} {{(pid=107390) __call__ /opt/stack/nova/nova/api/metadata/handler.py:109}}
Aug 11 05:52:49.588023 np0000188427 devstack@n-api-meta.service[107390]: DEBUG nova.api.metadata.handler [None req-eea8446d-0cb9-45ca-8601-cbb4c9a1819f None None] Using cached metadata for instance 81623edf-30c4-439d-844f-8a6a960b4f89 {{(pid=107390) get_metadata_by_instance_id /opt/stack/nova/nova/api/metadata/handler.py:84}}
Aug 11 05:52:49.588954 np0000188427 devstack@n-api-meta.service[107390]: [pid: 107390|app: 0|req: 2/6] 199.204.45.77 () {40 vars in 699 bytes} [Tue Aug 11 05:52:49 2026] GET /openstack/2018-08-27/vendor_data2.json => generated 14 bytes in 4 msecs (HTTP/1.1 200) 3 headers in 90 bytes (1 switches on core 0)
Aug 11 05:52:49.599073 np0000188427 devstack@n-api-meta.service[107391]: DEBUG nova.api.metadata.handler [None req-cfd28eb5-80cc-47e8-bbac-087e3f522f5d None None] Metadata request headers: {'Host': '199.204.45.77:8775', 'User-Agent': 'python-requests/2.34.2', 'Accept-Encoding': 'gzip, deflate', 'Accept': '*/*', 'Connection': 'keep-alive', 'X-Forwarded-For': '192.168.24.221', 'X-Instance-Id': '81623edf-30c4-439d-844f-8a6a960b4f89', 'X-Tenant-Id': '1139f35c09e3481088b283c6e0cc67e1', 'X-Instance-Id-Signature': '4af716fd9040f09b71652339d3b55625eda97cc78d6dd515ed28b6447229953a'} {{(pid=107391) __call__ /opt/stack/nova/nova/api/metadata/handler.py:109}}
Aug 11 05:52:49.604053 np0000188427 devstack@n-api-meta.service[107391]: DEBUG nova.api.metadata.handler [None req-cfd28eb5-80cc-47e8-bbac-087e3f522f5d None None] Using cached metadata for instance 81623edf-30c4-439d-844f-8a6a960b4f89 {{(pid=107391) get_metadata_by_instance_id /opt/stack/nova/nova/api/metadata/handler.py:84}}
Aug 11 05:52:49.605226 np0000188427 devstack@n-api-meta.service[107391]: [pid: 107391|app: 0|req: 2/7] 199.204.45.77 () {40 vars in 699 bytes} [Tue Aug 11 05:52:49 2026] GET /openstack/2018-08-27/network_data.json => generated 348 bytes in 7 msecs (HTTP/1.1 200) 3 headers in 100 bytes (1 switches on core 0)
Aug 11 05:52:49.617046 np0000188427 devstack@n-api-meta.service[107388]: DEBUG nova.api.metadata.handler [None req-f346bb21-7567-482a-9742-14ef152a5685 None None] Metadata request headers: {'Host': '199.204.45.77:8775', 'User-Agent': 'python-requests/2.34.2', 'Accept-Encoding': 'gzip, deflate', 'Accept': '*/*', 'Connection': 'keep-alive', 'X-Forwarded-For': '192.168.24.221', 'X-Instance-Id': '81623edf-30c4-439d-844f-8a6a960b4f89', 'X-Tenant-Id': '1139f35c09e3481088b283c6e0cc67e1', 'X-Instance-Id-Signature': '4af716fd9040f09b71652339d3b55625eda97cc78d6dd515ed28b6447229953a'} {{(pid=107388) __call__ /opt/stack/nova/nova/api/metadata/handler.py:109}}
Aug 11 05:52:49.619108 np0000188427 devstack@n-api-meta.service[107388]: DEBUG nova.api.metadata.handler [None req-f346bb21-7567-482a-9742-14ef152a5685 None None] Using cached metadata for instance 81623edf-30c4-439d-844f-8a6a960b4f89 {{(pid=107388) get_metadata_by_instance_id /opt/stack/nova/nova/api/metadata/handler.py:84}}
Aug 11 05:52:49.619698 np0000188427 devstack@n-api-meta.service[107388]: [pid: 107388|app: 0|req: 2/8] 199.204.45.77 () {40 vars in 657 bytes} [Tue Aug 11 05:52:49 2026] GET /latest/meta-data/ => generated 210 bytes in 3 msecs (HTTP/1.1 200) 3 headers in 100 bytes (1 switches on core 0)
Aug 11 05:52:49.628929 np0000188427 devstack@n-api-meta.service[107389]: DEBUG nova.api.metadata.handler [None req-7052dbdd-c500-4dd4-8e4a-36ee273dfb20 None None] Metadata request headers: {'Host': '199.204.45.77:8775', 'User-Agent': 'python-requests/2.34.2', 'Accept-Encoding': 'gzip, deflate', 'Accept': '*/*', 'Connection': 'keep-alive', 'X-Forwarded-For': '192.168.24.221', 'X-Instance-Id': '81623edf-30c4-439d-844f-8a6a960b4f89', 'X-Tenant-Id': '1139f35c09e3481088b283c6e0cc67e1', 'X-Instance-Id-Signature': '4af716fd9040f09b71652339d3b55625eda97cc78d6dd515ed28b6447229953a'} {{(pid=107389) __call__ /opt/stack/nova/nova/api/metadata/handler.py:109}}
Aug 11 05:52:49.631969 np0000188427 devstack@n-api-meta.service[107389]: DEBUG nova.api.metadata.handler [None req-7052dbdd-c500-4dd4-8e4a-36ee273dfb20 None None] Using cached metadata for instance 81623edf-30c4-439d-844f-8a6a960b4f89 {{(pid=107389) get_metadata_by_instance_id /opt/stack/nova/nova/api/metadata/handler.py:84}}
Aug 11 05:52:49.632893 np0000188427 devstack@n-api-meta.service[107389]: [pid: 107389|app: 0|req: 3/9] 199.204.45.77 () {40 vars in 699 bytes} [Tue Aug 11 05:52:49 2026] GET /latest/meta-data/block-device-mapping/ => generated 8 bytes in 5 msecs (HTTP/1.1 200) 3 headers in 98 bytes (1 switches on core 0)
Aug 11 05:52:49.639252 np0000188427 devstack@n-api-meta.service[107390]: DEBUG nova.api.metadata.handler [None req-eea8446d-0cb9-45ca-8601-cbb4c9a1819f None None] Metadata request headers: {'Host': '199.204.45.77:8775', 'User-Agent': 'python-requests/2.34.2', 'Accept-Encoding': 'gzip, deflate', 'Accept': '*/*', 'Connection': 'keep-alive', 'X-Forwarded-For': '192.168.24.221', 'X-Instance-Id': '81623edf-30c4-439d-844f-8a6a960b4f89', 'X-Tenant-Id': '1139f35c09e3481088b283c6e0cc67e1', 'X-Instance-Id-Signature': '4af716fd9040f09b71652339d3b55625eda97cc78d6dd515ed28b6447229953a'} {{(pid=107390) __call__ /opt/stack/nova/nova/api/metadata/handler.py:109}}
Aug 11 05:52:49.641061 np0000188427 devstack@n-api-meta.service[107390]: DEBUG nova.api.metadata.handler [None req-eea8446d-0cb9-45ca-8601-cbb4c9a1819f None None] Using cached metadata for instance 81623edf-30c4-439d-844f-8a6a960b4f89 {{(pid=107390) get_metadata_by_instance_id /opt/stack/nova/nova/api/metadata/handler.py:84}}
Aug 11 05:52:49.641587 np0000188427 devstack@n-api-meta.service[107390]: [pid: 107390|app: 0|req: 3/10] 199.204.45.77 () {40 vars in 705 bytes} [Tue Aug 11 05:52:49 2026] GET /latest/meta-data/block-device-mapping/ami => generated 3 bytes in 3 msecs (HTTP/1.1 200) 3 headers in 98 bytes (1 switches on core 0)
Aug 11 05:52:49.649792 np0000188427 devstack@n-api-meta.service[107391]: DEBUG nova.api.metadata.handler [None req-cfd28eb5-80cc-47e8-bbac-087e3f522f5d None None] Metadata request headers: {'Host': '199.204.45.77:8775', 'User-Agent': 'python-requests/2.34.2', 'Accept-Encoding': 'gzip, deflate', 'Accept': '*/*', 'Connection': 'keep-alive', 'X-Forwarded-For': '192.168.24.221', 'X-Instance-Id': '81623edf-30c4-439d-844f-8a6a960b4f89', 'X-Tenant-Id': '1139f35c09e3481088b283c6e0cc67e1', 'X-Instance-Id-Signature': '4af716fd9040f09b71652339d3b55625eda97cc78d6dd515ed28b6447229953a'} {{(pid=107391) __call__ /opt/stack/nova/nova/api/metadata/handler.py:109}}
Aug 11 05:52:49.652664 np0000188427 devstack@n-api-meta.service[107391]: DEBUG nova.api.metadata.handler [None req-cfd28eb5-80cc-47e8-bbac-087e3f522f5d None None] Using cached metadata for instance 81623edf-30c4-439d-844f-8a6a960b4f89 {{(pid=107391) get_metadata_by_instance_id /opt/stack/nova/nova/api/metadata/handler.py:84}}
Aug 11 05:52:49.653293 np0000188427 devstack@n-api-meta.service[107391]: [pid: 107391|app: 0|req: 3/11] 199.204.45.77 () {40 vars in 707 bytes} [Tue Aug 11 05:52:49 2026] GET /latest/meta-data/block-device-mapping/root => generated 8 bytes in 4 msecs (HTTP/1.1 200) 3 headers in 98 bytes (1 switches on core 0)
Aug 11 05:52:49.663122 np0000188427 devstack@n-api-meta.service[107388]: DEBUG nova.api.metadata.handler [None req-f346bb21-7567-482a-9742-14ef152a5685 None None] Metadata request headers: {'Host': '199.204.45.77:8775', 'User-Agent': 'python-requests/2.34.2', 'Accept-Encoding': 'gzip, deflate', 'Accept': '*/*', 'Connection': 'keep-alive', 'X-Forwarded-For': '192.168.24.221', 'X-Instance-Id': '81623edf-30c4-439d-844f-8a6a960b4f89', 'X-Tenant-Id': '1139f35c09e3481088b283c6e0cc67e1', 'X-Instance-Id-Signature': '4af716fd9040f09b71652339d3b55625eda97cc78d6dd515ed28b6447229953a'} {{(pid=107388) __call__ /opt/stack/nova/nova/api/metadata/handler.py:109}}
Aug 11 05:52:49.665067 np0000188427 devstack@n-api-meta.service[107388]: DEBUG nova.api.metadata.handler [None req-f346bb21-7567-482a-9742-14ef152a5685 None None] Using cached metadata for instance 81623edf-30c4-439d-844f-8a6a960b4f89 {{(pid=107388) get_metadata_by_instance_id /opt/stack/nova/nova/api/metadata/handler.py:84}}
Aug 11 05:52:49.665544 np0000188427 devstack@n-api-meta.service[107388]: [pid: 107388|app: 0|req: 3/12] 199.204.45.77 () {40 vars in 676 bytes} [Tue Aug 11 05:52:49 2026] GET /latest/meta-data/placement/ => generated 17 bytes in 3 msecs (HTTP/1.1 200) 3 headers in 99 bytes (1 switches on core 0)
Aug 11 05:52:49.672545 np0000188427 devstack@n-api-meta.service[107389]: DEBUG nova.api.metadata.handler [None req-7052dbdd-c500-4dd4-8e4a-36ee273dfb20 None None] Metadata request headers: {'Host': '199.204.45.77:8775', 'User-Agent': 'python-requests/2.34.2', 'Accept-Encoding': 'gzip, deflate', 'Accept': '*/*', 'Connection': 'keep-alive', 'X-Forwarded-For': '192.168.24.221', 'X-Instance-Id': '81623edf-30c4-439d-844f-8a6a960b4f89', 'X-Tenant-Id': '1139f35c09e3481088b283c6e0cc67e1', 'X-Instance-Id-Signature': '4af716fd9040f09b71652339d3b55625eda97cc78d6dd515ed28b6447229953a'} {{(pid=107389) __call__ /opt/stack/nova/nova/api/metadata/handler.py:109}}
Aug 11 05:52:49.674422 np0000188427 devstack@n-api-meta.service[107389]: DEBUG nova.api.metadata.handler [None req-7052dbdd-c500-4dd4-8e4a-36ee273dfb20 None None] Using cached metadata for instance 81623edf-30c4-439d-844f-8a6a960b4f89 {{(pid=107389) get_metadata_by_instance_id /opt/stack/nova/nova/api/metadata/handler.py:84}}
Aug 11 05:52:49.674857 np0000188427 devstack@n-api-meta.service[107389]: [pid: 107389|app: 0|req: 4/13] 199.204.45.77 () {40 vars in 710 bytes} [Tue Aug 11 05:52:49 2026] GET /latest/meta-data/placement/availability-zone => generated 4 bytes in 3 msecs (HTTP/1.1 200) 3 headers in 98 bytes (1 switches on core 0)
Aug 11 05:52:49.684058 np0000188427 devstack@n-api-meta.service[107390]: DEBUG nova.api.metadata.handler [None req-eea8446d-0cb9-45ca-8601-cbb4c9a1819f None None] Metadata request headers: {'Host': '199.204.45.77:8775', 'User-Agent': 'python-requests/2.34.2', 'Accept-Encoding': 'gzip, deflate', 'Accept': '*/*', 'Connection': 'keep-alive', 'X-Forwarded-For': '192.168.24.221', 'X-Instance-Id': '81623edf-30c4-439d-844f-8a6a960b4f89', 'X-Tenant-Id': '1139f35c09e3481088b283c6e0cc67e1', 'X-Instance-Id-Signature': '4af716fd9040f09b71652339d3b55625eda97cc78d6dd515ed28b6447229953a'} {{(pid=107390) __call__ /opt/stack/nova/nova/api/metadata/handler.py:109}}
Aug 11 05:52:49.686836 np0000188427 devstack@n-api-meta.service[107390]: DEBUG nova.api.metadata.handler [None req-eea8446d-0cb9-45ca-8601-cbb4c9a1819f None None] Using cached metadata for instance 81623edf-30c4-439d-844f-8a6a960b4f89 {{(pid=107390) get_metadata_by_instance_id /opt/stack/nova/nova/api/metadata/handler.py:84}}
Aug 11 05:52:49.687558 np0000188427 devstack@n-api-meta.service[107390]: [pid: 107390|app: 0|req: 4/14] 199.204.45.77 () {40 vars in 668 bytes} [Tue Aug 11 05:52:49 2026] GET /latest/meta-data/ami-id => generated 12 bytes in 4 msecs (HTTP/1.1 200) 3 headers in 99 bytes (1 switches on core 0)
Aug 11 05:52:49.697442 np0000188427 devstack@n-api-meta.service[107391]: DEBUG nova.api.metadata.handler [None req-cfd28eb5-80cc-47e8-bbac-087e3f522f5d None None] Metadata request headers: {'Host': '199.204.45.77:8775', 'User-Agent': 'python-requests/2.34.2', 'Accept-Encoding': 'gzip, deflate', 'Accept': '*/*', 'Connection': 'keep-alive', 'X-Forwarded-For': '192.168.24.221', 'X-Instance-Id': '81623edf-30c4-439d-844f-8a6a960b4f89', 'X-Tenant-Id': '1139f35c09e3481088b283c6e0cc67e1', 'X-Instance-Id-Signature': '4af716fd9040f09b71652339d3b55625eda97cc78d6dd515ed28b6447229953a'} {{(pid=107391) __call__ /opt/stack/nova/nova/api/metadata/handler.py:109}}
Aug 11 05:52:49.699395 np0000188427 devstack@n-api-meta.service[107391]: DEBUG nova.api.metadata.handler [None req-cfd28eb5-80cc-47e8-bbac-087e3f522f5d None None] Using cached metadata for instance 81623edf-30c4-439d-844f-8a6a960b4f89 {{(pid=107391) get_metadata_by_instance_id /opt/stack/nova/nova/api/metadata/handler.py:84}}
Aug 11 05:52:49.699863 np0000188427 devstack@n-api-meta.service[107391]: [pid: 107391|app: 0|req: 4/15] 199.204.45.77 () {40 vars in 688 bytes} [Tue Aug 11 05:52:49 2026] GET /latest/meta-data/ami-launch-index => generated 1 bytes in 3 msecs (HTTP/1.1 200) 3 headers in 98 bytes (1 switches on core 0)
Aug 11 05:52:49.707257 np0000188427 devstack@n-api-meta.service[107388]: DEBUG nova.api.metadata.handler [None req-f346bb21-7567-482a-9742-14ef152a5685 None None] Metadata request headers: {'Host': '199.204.45.77:8775', 'User-Agent': 'python-requests/2.34.2', 'Accept-Encoding': 'gzip, deflate', 'Accept': '*/*', 'Connection': 'keep-alive', 'X-Forwarded-For': '192.168.24.221', 'X-Instance-Id': '81623edf-30c4-439d-844f-8a6a960b4f89', 'X-Tenant-Id': '1139f35c09e3481088b283c6e0cc67e1', 'X-Instance-Id-Signature': '4af716fd9040f09b71652339d3b55625eda97cc78d6dd515ed28b6447229953a'} {{(pid=107388) __call__ /opt/stack/nova/nova/api/metadata/handler.py:109}}
Aug 11 05:52:49.709080 np0000188427 devstack@n-api-meta.service[107388]: DEBUG nova.api.metadata.handler [None req-f346bb21-7567-482a-9742-14ef152a5685 None None] Using cached metadata for instance 81623edf-30c4-439d-844f-8a6a960b4f89 {{(pid=107388) get_metadata_by_instance_id /opt/stack/nova/nova/api/metadata/handler.py:84}}
Aug 11 05:52:49.709543 np0000188427 devstack@n-api-meta.service[107388]: [pid: 107388|app: 0|req: 4/16] 199.204.45.77 () {40 vars in 691 bytes} [Tue Aug 11 05:52:49 2026] GET /latest/meta-data/ami-manifest-path => generated 5 bytes in 3 msecs (HTTP/1.1 200) 3 headers in 98 bytes (1 switches on core 0)
Aug 11 05:52:49.717526 np0000188427 devstack@n-api-meta.service[107389]: DEBUG nova.api.metadata.handler [None req-7052dbdd-c500-4dd4-8e4a-36ee273dfb20 None None] Metadata request headers: {'Host': '199.204.45.77:8775', 'User-Agent': 'python-requests/2.34.2', 'Accept-Encoding': 'gzip, deflate', 'Accept': '*/*', 'Connection': 'keep-alive', 'X-Forwarded-For': '192.168.24.221', 'X-Instance-Id': '81623edf-30c4-439d-844f-8a6a960b4f89', 'X-Tenant-Id': '1139f35c09e3481088b283c6e0cc67e1', 'X-Instance-Id-Signature': '4af716fd9040f09b71652339d3b55625eda97cc78d6dd515ed28b6447229953a'} {{(pid=107389) __call__ /opt/stack/nova/nova/api/metadata/handler.py:109}}
Aug 11 05:52:49.719709 np0000188427 devstack@n-api-meta.service[107389]: DEBUG nova.api.metadata.handler [None req-7052dbdd-c500-4dd4-8e4a-36ee273dfb20 None None] Using cached metadata for instance 81623edf-30c4-439d-844f-8a6a960b4f89 {{(pid=107389) get_metadata_by_instance_id /opt/stack/nova/nova/api/metadata/handler.py:84}}
Aug 11 05:52:49.720297 np0000188427 devstack@n-api-meta.service[107389]: [pid: 107389|app: 0|req: 5/17] 199.204.45.77 () {40 vars in 673 bytes} [Tue Aug 11 05:52:49 2026] GET /latest/meta-data/hostname => generated 32 bytes in 3 msecs (HTTP/1.1 200) 3 headers in 99 bytes (1 switches on core 0)
Aug 11 05:52:49.726939 np0000188427 devstack@n-api-meta.service[107390]: DEBUG nova.api.metadata.handler [None req-eea8446d-0cb9-45ca-8601-cbb4c9a1819f None None] Metadata request headers: {'Host': '199.204.45.77:8775', 'User-Agent': 'python-requests/2.34.2', 'Accept-Encoding': 'gzip, deflate', 'Accept': '*/*', 'Connection': 'keep-alive', 'X-Forwarded-For': '192.168.24.221', 'X-Instance-Id': '81623edf-30c4-439d-844f-8a6a960b4f89', 'X-Tenant-Id': '1139f35c09e3481088b283c6e0cc67e1', 'X-Instance-Id-Signature': '4af716fd9040f09b71652339d3b55625eda97cc78d6dd515ed28b6447229953a'} {{(pid=107390) __call__ /opt/stack/nova/nova/api/metadata/handler.py:109}}
Aug 11 05:52:49.730005 np0000188427 devstack@n-api-meta.service[107390]: DEBUG nova.api.metadata.handler [None req-eea8446d-0cb9-45ca-8601-cbb4c9a1819f None None] Using cached metadata for instance 81623edf-30c4-439d-844f-8a6a960b4f89 {{(pid=107390) get_metadata_by_instance_id /opt/stack/nova/nova/api/metadata/handler.py:84}}
Aug 11 05:52:49.730939 np0000188427 devstack@n-api-meta.service[107390]: [pid: 107390|app: 0|req: 5/18] 199.204.45.77 () {40 vars in 687 bytes} [Tue Aug 11 05:52:49 2026] GET /latest/meta-data/instance-action => generated 4 bytes in 5 msecs (HTTP/1.1 200) 3 headers in 98 bytes (1 switches on core 0)
Aug 11 05:52:49.737854 np0000188427 devstack@n-api-meta.service[107391]: DEBUG nova.api.metadata.handler [None req-cfd28eb5-80cc-47e8-bbac-087e3f522f5d None None] Metadata request headers: {'Host': '199.204.45.77:8775', 'User-Agent': 'python-requests/2.34.2', 'Accept-Encoding': 'gzip, deflate', 'Accept': '*/*', 'Connection': 'keep-alive', 'X-Forwarded-For': '192.168.24.221', 'X-Instance-Id': '81623edf-30c4-439d-844f-8a6a960b4f89', 'X-Tenant-Id': '1139f35c09e3481088b283c6e0cc67e1', 'X-Instance-Id-Signature': '4af716fd9040f09b71652339d3b55625eda97cc78d6dd515ed28b6447229953a'} {{(pid=107391) __call__ /opt/stack/nova/nova/api/metadata/handler.py:109}}
