2026-08-11 19:28:49.826 8 INFO neutron.services.segments.plugin [-] Segment 57f9f460-d3da-4cc5-b115-be8adc7879c4 resource provider aggregate not found
2026-08-11 19:28:49.834 8 INFO neutron.services.segments.plugin [-] Segment 57f9f460-d3da-4cc5-b115-be8adc7879c4 resource provider aggregate not found
2026-08-11 19:28:49.852 8 INFO neutron.services.segments.plugin [-] Segment 57f9f460-d3da-4cc5-b115-be8adc7879c4 resource provider not found; error: Placement Client Error (4xx): {"errors": [{"status": 404, "title": "Not Found", "detail": "The resource could not be found.\n\n No resource provider with uuid 57f9f460-d3da-4cc5-b115-be8adc7879c4 found for delete ", "request_id": "req-a7ff650f-6967-45c8-8c08-7436129e2ce7"}]}
2026-08-11 19:28:49.853 8 INFO neutron.services.segments.plugin [-] Segment 57f9f460-d3da-4cc5-b115-be8adc7879c4 resource provider not found; error: Placement Client Error (4xx): {"errors": [{"status": 404, "title": "Not Found", "detail": "The resource could not be found.\n\n No resource provider with uuid 57f9f460-d3da-4cc5-b115-be8adc7879c4 found for delete ", "request_id": "req-a8bf01d6-5e37-4400-b2c2-d6ce84e72e20"}]}
2026-08-11 19:28:49.888 8 INFO neutron.plugins.ml2.drivers.ovn.mech_driver.mech_driver [None req-4b23fa3e-f994-469a-9027-bd93e520589f - - - - - -] OVN reports status down for port: 6735ed73-546e-4894-8e80-cf0766256f11
2026-08-11 19:28:49.915 7 INFO neutron.db.ovn_revision_numbers_db [None req-4ee39d1b-fbf7-4183-bd4f-9cea30ef92fd 873eb224f62d4610b8ff3cd811f8b2fb 0e208a9c9c414839acb674289caab553 - - default default] Successfully bumped revision number for resource 6735ed73-546e-4894-8e80-cf0766256f11 (type: ports) to 1 [pid: 8|app: 0|req: 659/1333] 10.0.0.117 () {32 vars in 725 bytes} [Tue Aug 11 19:28:49 2026] DELETE /v2.0/networks/f6f2bc67-f2ef-4461-aa97-1e4e7a025c1e => generated 0 bytes in 486 msecs (HTTP/1.1 204) 3 headers in 131 bytes (1 switches on core 0) [pid: 7|app: 0|req: 675/1334] 10.0.0.117 () {34 vars in 664 bytes} [Tue Aug 11 19:28:49 2026] POST /v2.0/ports => generated 949 bytes in 561 msecs (HTTP/1.1 201) 4 headers in 162 bytes (1 switches on core 0) /var/lib/openstack/lib/python3.12/site-packages/pycadf/identifier.py:70: UserWarning: Invalid uuid: neutron. To ensure interoperability, identifiers should be a valid uuid. warnings.warn(('Invalid uuid: %s. To ensure interoperability, '
2026-08-11 19:28:50.124 7 INFO neutron_taas.services.taas.taas_plugin [None req-bf84b035-b086-4ff9-ba5d-4dfa250c4749 873eb224f62d4610b8ff3cd811f8b2fb 0e208a9c9c414839acb674289caab553 - - default default] TaaS: Handle Delete Port: 6735ed73-546e-4894-8e80-cf0766256f11
2026-08-11 19:28:50.126 8 INFO neutron.db.ovn_revision_numbers_db [None req-418ab024-0cd1-4ea6-a065-77a9c1f314f4 5b3fd78f9b0f4b96b799af4b2a134483 f7c739b26379499e900e4a6c9db5b400 - - default default] Successfully bumped revision number for resource 67e6ca04-0bd7-478c-9a4f-172e58b7c462 (type: security_groups) to 1
2026-08-11 19:28:50.129 7 INFO neutron_taas.services.taas.tap_mirror_plugin [None req-bf84b035-b086-4ff9-ba5d-4dfa250c4749 873eb224f62d4610b8ff3cd811f8b2fb 0e208a9c9c414839acb674289caab553 - - default default] Tap Mirror: Handle Delete Port: 6735ed73-546e-4894-8e80-cf0766256f11
2026-08-11 19:28:50.140 8 INFO neutron.db.ovn_revision_numbers_db [None req-418ab024-0cd1-4ea6-a065-77a9c1f314f4 5b3fd78f9b0f4b96b799af4b2a134483 f7c739b26379499e900e4a6c9db5b400 - - default default] Successfully bumped revision number for resource 1539c49f-bfb3-455f-8629-b5792a83a4b3 (type: security_group_rules) to 0
2026-08-11 19:28:50.151 8 INFO neutron.db.ovn_revision_numbers_db [None req-418ab024-0cd1-4ea6-a065-77a9c1f314f4 5b3fd78f9b0f4b96b799af4b2a134483 f7c739b26379499e900e4a6c9db5b400 - - default default] Successfully bumped revision number for resource 3ecdfbb9-c0b2-4722-8539-f8f79615a5a1 (type: security_group_rules) to 0
2026-08-11 19:28:50.168 8 INFO neutron.db.ovn_revision_numbers_db [None req-418ab024-0cd1-4ea6-a065-77a9c1f314f4 5b3fd78f9b0f4b96b799af4b2a134483 f7c739b26379499e900e4a6c9db5b400 - - default default] Successfully bumped revision number for resource 9114e4e2-c77e-4d0c-9f66-d2fcfe3ba318 (type: security_group_rules) to 0
2026-08-11 19:28:50.181 8 INFO neutron.db.ovn_revision_numbers_db [None req-418ab024-0cd1-4ea6-a065-77a9c1f314f4 5b3fd78f9b0f4b96b799af4b2a134483 f7c739b26379499e900e4a6c9db5b400 - - default default] Successfully bumped revision number for resource cd6a4726-1de0-4c69-bba4-849d87399ed5 (type: security_group_rules) to 0 [pid: 8|app: 0|req: 660/1335] 10.0.0.117 () {32 vars in 773 bytes} [Tue Aug 11 19:28:49 2026] GET /v2.0/security-groups?tenant_id=29f74645b07e4e1ca6cb217dc2d98b98&name=default => generated 2925 bytes in 278 msecs (HTTP/1.1 200) 4 headers in 158 bytes (1 switches on core 0) [pid: 7|app: 0|req: 676/1336] 10.0.0.117 () {32 vars in 719 bytes} [Tue Aug 11 19:28:49 2026] DELETE /v2.0/ports/6735ed73-546e-4894-8e80-cf0766256f11 => generated 0 bytes in 331 msecs (HTTP/1.1 204) 3 headers in 131 bytes (1 switches on core 0)
2026-08-11 19:28:50.327 7 INFO neutron.pecan_wsgi.hooks.translation [None req-b0a656be-7411-42da-b8dd-931b645b73eb 873eb224f62d4610b8ff3cd811f8b2fb 0e208a9c9c414839acb674289caab553 - - default default] DELETE failed (client error): The resource could not be found. [pid: 7|app: 0|req: 677/1337] 10.0.0.117 () {32 vars in 719 bytes} [Tue Aug 11 19:28:50 2026] DELETE /v2.0/ports/6735ed73-546e-4894-8e80-cf0766256f11 => generated 132 bytes in 22 msecs (HTTP/1.1 404) 4 headers in 164 bytes (1 switches on core 0)
2026-08-11 19:28:50.354 7 INFO neutron.pecan_wsgi.hooks.translation [None req-9cb73844-a453-40ec-8ccc-1903c1596bf4 873eb224f62d4610b8ff3cd811f8b2fb 0e208a9c9c414839acb674289caab553 - - default default] GET failed (client error): The resource could not be found. [pid: 7|app: 0|req: 678/1338] 10.0.0.117 () {32 vars in 716 bytes} [Tue Aug 11 19:28:50 2026] GET /v2.0/ports/6735ed73-546e-4894-8e80-cf0766256f11 => generated 132 bytes in 21 msecs (HTTP/1.1 404) 4 headers in 164 bytes (1 switches on core 0) [pid: 8|app: 0|req: 661/1339] 10.0.0.117 () {32 vars in 739 bytes} [Tue Aug 11 19:28:50 2026] DELETE /v2.0/security-groups/67e6ca04-0bd7-478c-9a4f-172e58b7c462 => generated 0 bytes in 284 msecs (HTTP/1.1 204) 2 headers in 112 bytes (1 switches on core 0) [pid: 7|app: 0|req: 679/1340] 10.0.0.117 () {32 vars in 723 bytes} [Tue Aug 11 19:28:50 2026] DELETE /v2.0/subnets/8be899f1-e347-42d9-809c-2467d45edfc5 => generated 0 bytes in 211 msecs (HTTP/1.1 204) 3 headers in 131 bytes (1 switches on core 0)
2026-08-11 19:28:50.690 7 INFO neutron_taas.services.taas.taas_plugin [None req-fd8d492e-bb5f-4fdd-a15b-2f6edc690c7b 873eb224f62d4610b8ff3cd811f8b2fb 0e208a9c9c414839acb674289caab553 - - default default] TaaS: Handle Delete Port: 28272289-d8db-46c9-8454-9065fde8620b
2026-08-11 19:28:50.693 7 INFO neutron_taas.services.taas.tap_mirror_plugin [None req-fd8d492e-bb5f-4fdd-a15b-2f6edc690c7b 873eb224f62d4610b8ff3cd811f8b2fb 0e208a9c9c414839acb674289caab553 - - default default] Tap Mirror: Handle Delete Port: 28272289-d8db-46c9-8454-9065fde8620b [pid: 8|app: 0|req: 662/1341] 10.0.0.117 () {32 vars in 773 bytes} [Tue Aug 11 19:28:50 2026] GET /v2.0/security-groups?tenant_id=27605efea9b84b6f99197074c63e7897&name=default => generated 2925 bytes in 216 msecs (HTTP/1.1 200) 4 headers in 158 bytes (1 switches on core 0)
2026-08-11 19:28:50.879 7 INFO neutron.services.segments.plugin [-] Segment 4124385b-ff4c-4a6d-b8ee-1cbe97cf3223 resource provider aggregate not found
2026-08-11 19:28:50.884 7 INFO neutron.services.segments.plugin [-] Segment 4124385b-ff4c-4a6d-b8ee-1cbe97cf3223 resource provider aggregate not found
2026-08-11 19:28:50.901 7 INFO neutron.services.segments.plugin [-] Segment 4124385b-ff4c-4a6d-b8ee-1cbe97cf3223 resource provider not found; error: Placement Client Error (4xx): {"errors": [{"status": 404, "title": "Not Found", "detail": "The resource could not be found.\n\n No resource provider with uuid 4124385b-ff4c-4a6d-b8ee-1cbe97cf3223 found for delete ", "request_id": "req-644dad98-fc8e-4e8d-9844-8bda0f8389be"}]}
2026-08-11 19:28:50.918 7 INFO neutron.services.segments.plugin [-] Segment 4124385b-ff4c-4a6d-b8ee-1cbe97cf3223 resource provider not found; error: Placement Client Error (4xx): {"errors": [{"status": 404, "title": "Not Found", "detail": "The resource could not be found.\n\n No resource provider with uuid 4124385b-ff4c-4a6d-b8ee-1cbe97cf3223 found for delete ", "request_id": "req-82f1f817-9c5e-4565-b122-8a5c94da48df"}]} [pid: 7|app: 0|req: 680/1342] 10.0.0.117 () {32 vars in 725 bytes} [Tue Aug 11 19:28:50 2026] DELETE /v2.0/networks/f247b5a1-f1c8-4760-a194-83a2aa57da27 => generated 0 bytes in 361 msecs (HTTP/1.1 204) 3 headers in 131 bytes (1 switches on core 0)
2026-08-11 19:28:51.024 7 INFO neutron.db.segments_db [None req-b0053238-d7cb-411e-b477-e3da51507884 873eb224f62d4610b8ff3cd811f8b2fb 0e208a9c9c414839acb674289caab553 - - default default] Added segment bc7187ca-a20d-4543-a18d-901098a68002 of type geneve for network 816e3444-f6ec-4393-91a7-6d1f200e0b3b [pid: 8|app: 0|req: 663/1343] 10.0.0.117 () {32 vars in 739 bytes} [Tue Aug 11 19:28:50 2026] DELETE /v2.0/security-groups/102af17a-998e-4564-8771-7ab7cb9381f7 => generated 0 bytes in 302 msecs (HTTP/1.1 204) 2 headers in 112 bytes (1 switches on core 0)
2026-08-11 19:28:51.142 7 INFO neutron.db.ovn_revision_numbers_db [None req-b0053238-d7cb-411e-b477-e3da51507884 873eb224f62d4610b8ff3cd811f8b2fb 0e208a9c9c414839acb674289caab553 - - default default] Successfully bumped revision number for resource 816e3444-f6ec-4393-91a7-6d1f200e0b3b (type: networks) to 1
2026-08-11 19:28:51.331 7 WARNING neutron.scheduler.dhcp_agent_scheduler [None req-b0053238-d7cb-411e-b477-e3da51507884 873eb224f62d4610b8ff3cd811f8b2fb 0e208a9c9c414839acb674289caab553 - - default default] No more DHCP agents
2026-08-11 19:28:51.332 7 WARNING neutron.api.rpc.agentnotifiers.dhcp_rpc_agent_api [None req-b0053238-d7cb-411e-b477-e3da51507884 873eb224f62d4610b8ff3cd811f8b2fb 0e208a9c9c414839acb674289caab553 - - default default] Unable to schedule network 816e3444-f6ec-4393-91a7-6d1f200e0b3b: no agents available; will retry on subsequent port and subnet creation events.
2026-08-11 19:28:51.382 7 INFO neutron.plugins.ml2.drivers.ovn.mech_driver.mech_driver [None req-14a640fd-0f40-4119-ba85-5c060a668a90 - - - - - -] OVN reports status down for port: b2ee1cbd-8db0-42af-82c5-18524f92eab9
2026-08-11 19:28:51.463 7 INFO neutron.db.ovn_revision_numbers_db [None req-b0053238-d7cb-411e-b477-e3da51507884 873eb224f62d4610b8ff3cd811f8b2fb 0e208a9c9c414839acb674289caab553 - - default default] Successfully bumped revision number for resource b2ee1cbd-8db0-42af-82c5-18524f92eab9 (type: ports) to 1 [pid: 7|app: 0|req: 681/1344] 10.0.0.117 () {34 vars in 669 bytes} [Tue Aug 11 19:28:50 2026] POST /v2.0/networks => generated 650 bytes in 561 msecs (HTTP/1.1 201) 4 headers in 162 bytes (1 switches on core 0)
2026-08-11 19:28:51.720 8 WARNING neutron.scheduler.dhcp_agent_scheduler [None req-dd4ae108-335b-4175-98c3-39e6c5921eba 873eb224f62d4610b8ff3cd811f8b2fb 0e208a9c9c414839acb674289caab553 - - default default] No more DHCP agents
2026-08-11 19:28:51.722 8 WARNING neutron.api.rpc.agentnotifiers.dhcp_rpc_agent_api [None req-dd4ae108-335b-4175-98c3-39e6c5921eba 873eb224f62d4610b8ff3cd811f8b2fb 0e208a9c9c414839acb674289caab553 - - default default] Unable to schedule network 816e3444-f6ec-4393-91a7-6d1f200e0b3b: no agents available; will retry on subsequent port and subnet creation events.
2026-08-11 19:28:52.149 8 INFO neutron.db.ovn_revision_numbers_db [None req-95b0da7c-afb4-499c-8d29-ad2d25f0156a - - - - - -] Successfully bumped revision number for resource b2ee1cbd-8db0-42af-82c5-18524f92eab9 (type: ports) to 2
2026-08-11 19:28:52.179 8 INFO neutron.db.ovn_revision_numbers_db [None req-95b0da7c-afb4-499c-8d29-ad2d25f0156a - - - - - -] Successfully bumped revision number for resource 4f30572f-a4dc-4df5-8a87-9e42f63cefa3 (type: subnets) to 0 [pid: 8|app: 0|req: 664/1345] 10.0.0.117 () {34 vars in 668 bytes} [Tue Aug 11 19:28:51 2026] POST /v2.0/subnets => generated 626 bytes in 690 msecs (HTTP/1.1 201) 4 headers in 162 bytes (1 switches on core 0)
2026-08-11 19:28:52.465 7 WARNING neutron.scheduler.dhcp_agent_scheduler [None req-429b9899-dd8b-4515-b841-69239ba85ce7 873eb224f62d4610b8ff3cd811f8b2fb 0e208a9c9c414839acb674289caab553 - - default default] No more DHCP agents
2026-08-11 19:28:52.466 7 WARNING neutron.api.rpc.agentnotifiers.dhcp_rpc_agent_api [None req-429b9899-dd8b-4515-b841-69239ba85ce7 873eb224f62d4610b8ff3cd811f8b2fb 0e208a9c9c414839acb674289caab553 - - default default] Unable to schedule network 816e3444-f6ec-4393-91a7-6d1f200e0b3b: no agents available; will retry on subsequent port and subnet creation events.
2026-08-11 19:28:52.590 8 INFO neutron.plugins.ml2.drivers.ovn.mech_driver.mech_driver [None req-4b23fa3e-f994-469a-9027-bd93e520589f - - - - - -] OVN reports status down for port: 335ca652-5f3d-4f21-b753-ceb5bed85fb5
2026-08-11 19:28:52.647 7 INFO neutron.db.ovn_revision_numbers_db [None req-429b9899-dd8b-4515-b841-69239ba85ce7 873eb224f62d4610b8ff3cd811f8b2fb 0e208a9c9c414839acb674289caab553 - - default default] Successfully bumped revision number for resource 335ca652-5f3d-4f21-b753-ceb5bed85fb5 (type: ports) to 1
2026-08-11 19:28:52.656 8 INFO neutron.db.ovn_revision_numbers_db [None req-d1834e4d-7491-4654-bdb6-cfbf3b088c4e 5b3fd78f9b0f4b96b799af4b2a134483 f7c739b26379499e900e4a6c9db5b400 - - default default] Successfully bumped revision number for resource 6ebb7326-904c-455b-ba9b-5847ce31d513 (type: security_groups) to 1
2026-08-11 19:28:52.681 8 INFO neutron.db.ovn_revision_numbers_db [None req-d1834e4d-7491-4654-bdb6-cfbf3b088c4e 5b3fd78f9b0f4b96b799af4b2a134483 f7c739b26379499e900e4a6c9db5b400 - - default default] Successfully bumped revision number for resource 3b2e880f-4c01-4fda-a4b9-759821acb84f (type: security_group_rules) to 0
2026-08-11 19:28:52.700 8 INFO neutron.db.ovn_revision_numbers_db [None req-d1834e4d-7491-4654-bdb6-cfbf3b088c4e 5b3fd78f9b0f4b96b799af4b2a134483 f7c739b26379499e900e4a6c9db5b400 - - default default] Successfully bumped revision number for resource c5208610-2bca-4c2f-b0d7-b73d1e0f870c (type: security_group_rules) to 0 [pid: 7|app: 0|req: 682/1346] 10.0.0.117 () {34 vars in 664 bytes} [Tue Aug 11 19:28:52 2026] POST /v2.0/ports => generated 911 bytes in 516 msecs (HTTP/1.1 201) 4 headers in 162 bytes (1 switches on core 0)
2026-08-11 19:28:52.715 8 INFO neutron.db.ovn_revision_numbers_db [None req-d1834e4d-7491-4654-bdb6-cfbf3b088c4e 5b3fd78f9b0f4b96b799af4b2a134483 f7c739b26379499e900e4a6c9db5b400 - - default default] Successfully bumped revision number for resource d98dfe34-bc38-439f-9493-87fbdd6dfcb2 (type: security_group_rules) to 0
2026-08-11 19:28:52.727 8 INFO neutron.db.ovn_revision_numbers_db [None req-d1834e4d-7491-4654-bdb6-cfbf3b088c4e 5b3fd78f9b0f4b96b799af4b2a134483 f7c739b26379499e900e4a6c9db5b400 - - default default] Successfully bumped revision number for resource db230e7f-3961-4426-bb85-4635cc5d7a94 (type: security_group_rules) to 0 [pid: 8|app: 0|req: 665/1347] 10.0.0.117 () {32 vars in 773 bytes} [Tue Aug 11 19:28:52 2026] GET /v2.0/security-groups?tenant_id=686240a77c9e4aaab021f54ef349a466&name=default => generated 2925 bytes in 374 msecs (HTTP/1.1 200) 4 headers in 158 bytes (1 switches on core 0)
2026-08-11 19:28:52.843 7 INFO neutron_taas.services.taas.taas_plugin [None req-6835cb48-1d70-4139-8d1b-f8cd1dd8d6b4 873eb224f62d4610b8ff3cd811f8b2fb 0e208a9c9c414839acb674289caab553 - - default default] TaaS: Handle Delete Port: 335ca652-5f3d-4f21-b753-ceb5bed85fb5
2026-08-11 19:28:52.847 7 INFO neutron_taas.services.taas.tap_mirror_plugin [None req-6835cb48-1d70-4139-8d1b-f8cd1dd8d6b4 873eb224f62d4610b8ff3cd811f8b2fb 0e208a9c9c414839acb674289caab553 - - default default] Tap Mirror: Handle Delete Port: 335ca652-5f3d-4f21-b753-ceb5bed85fb5 [pid: 8|app: 0|req: 666/1348] 10.0.0.117 () {32 vars in 739 bytes} [Tue Aug 11 19:28:52 2026] DELETE /v2.0/security-groups/6ebb7326-904c-455b-ba9b-5847ce31d513 => generated 0 bytes in 245 msecs (HTTP/1.1 204) 2 headers in 112 bytes (1 switches on core 0) [pid: 7|app: 0|req: 683/1349] 10.0.0.117 () {32 vars in 719 bytes} [Tue Aug 11 19:28:52 2026] DELETE /v2.0/ports/335ca652-5f3d-4f21-b753-ceb5bed85fb5 => generated 0 bytes in 306 msecs (HTTP/1.1 204) 3 headers in 131 bytes (1 switches on core 0)
2026-08-11 19:28:53.047 8 INFO neutron.pecan_wsgi.hooks.translation [None req-326177eb-7e79-40fa-8b42-62e7807db9f9 873eb224f62d4610b8ff3cd811f8b2fb 0e208a9c9c414839acb674289caab553 - - default default] GET failed (client error): The resource could not be found. [pid: 8|app: 0|req: 667/1350] 10.0.0.117 () {32 vars in 716 bytes} [Tue Aug 11 19:28:53 2026] GET /v2.0/ports/335ca652-5f3d-4f21-b753-ceb5bed85fb5 => generated 132 bytes in 19 msecs (HTTP/1.1 404) 4 headers in 164 bytes (1 switches on core 0) [pid: 7|app: 0|req: 684/1351] 10.0.0.117 () {32 vars in 723 bytes} [Tue Aug 11 19:28:53 2026] DELETE /v2.0/subnets/4f30572f-a4dc-4df5-8a87-9e42f63cefa3 => generated 0 bytes in 177 msecs (HTTP/1.1 204) 3 headers in 131 bytes (1 switches on core 0)
2026-08-11 19:28:53.341 7 INFO neutron.db.ovn_revision_numbers_db [None req-c7b86f42-096d-4730-b1ca-09f46ca73403 5b3fd78f9b0f4b96b799af4b2a134483 f7c739b26379499e900e4a6c9db5b400 - - default default] Successfully bumped revision number for resource ba4cc6b3-0f30-4fc1-8663-4bea1170bbe2 (type: security_groups) to 1
2026-08-11 19:28:53.353 7 INFO neutron.db.ovn_revision_numbers_db [None req-c7b86f42-096d-4730-b1ca-09f46ca73403 5b3fd78f9b0f4b96b799af4b2a134483 f7c739b26379499e900e4a6c9db5b400 - - default default] Successfully bumped revision number for resource 61332a50-910a-44d9-a2e4-640a31c46bbf (type: security_group_rules) to 0
2026-08-11 19:28:53.364 7 INFO neutron.db.ovn_revision_numbers_db [None req-c7b86f42-096d-4730-b1ca-09f46ca73403 5b3fd78f9b0f4b96b799af4b2a134483 f7c739b26379499e900e4a6c9db5b400 - - default default] Successfully bumped revision number for resource 77870c0e-2822-49ce-867c-99b5d5bdd9ba (type: security_group_rules) to 0
2026-08-11 19:28:53.377 7 INFO neutron.db.ovn_revision_numbers_db [None req-c7b86f42-096d-4730-b1ca-09f46ca73403 5b3fd78f9b0f4b96b799af4b2a134483 f7c739b26379499e900e4a6c9db5b400 - - default default] Successfully bumped revision number for resource c97758aa-48d6-470b-a573-5e89db4c7a68 (type: security_group_rules) to 0
2026-08-11 19:28:53.389 7 INFO neutron.db.ovn_revision_numbers_db [None req-c7b86f42-096d-4730-b1ca-09f46ca73403 5b3fd78f9b0f4b96b799af4b2a134483 f7c739b26379499e900e4a6c9db5b400 - - default default] Successfully bumped revision number for resource e1b4a574-0f7f-45a2-bf9c-928234df2cff (type: security_group_rules) to 0 [pid: 7|app: 0|req: 685/1352] 10.0.0.117 () {32 vars in 773 bytes} [Tue Aug 11 19:28:53 2026] GET /v2.0/security-groups?tenant_id=083fd5b0596c4f859c395f627a973778&name=default => generated 2925 bytes in 201 msecs (HTTP/1.1 200) 4 headers in 158 bytes (1 switches on core 0)
2026-08-11 19:28:53.463 8 INFO neutron.db.ovn_revision_numbers_db [None req-2f727005-3075-42e4-8ff3-64d9f7ab790b 29276d76cf1149feb676e67c8119cdec f53a1facb614401996974e167152485a - - default default] Successfully bumped revision number for resource bc4d864a-1be3-439e-9d7d-21e10b13a5bc (type: security_groups) to 1
2026-08-11 19:28:53.476 8 INFO neutron.db.ovn_revision_numbers_db [None req-2f727005-3075-42e4-8ff3-64d9f7ab790b 29276d76cf1149feb676e67c8119cdec f53a1facb614401996974e167152485a - - default default] Successfully bumped revision number for resource 24bebcf8-4a2d-4fc1-9ef0-afa2af41bdcb (type: security_group_rules) to 0
2026-08-11 19:28:53.488 8 INFO neutron.db.ovn_revision_numbers_db [None req-2f727005-3075-42e4-8ff3-64d9f7ab790b 29276d76cf1149feb676e67c8119cdec f53a1facb614401996974e167152485a - - default default] Successfully bumped revision number for resource 4b12d21e-5473-45d7-9618-9a3c1d9b5dab (type: security_group_rules) to 0
2026-08-11 19:28:53.502 8 INFO neutron.db.ovn_revision_numbers_db [None req-2f727005-3075-42e4-8ff3-64d9f7ab790b 29276d76cf1149feb676e67c8119cdec f53a1facb614401996974e167152485a - - default default] Successfully bumped revision number for resource d3dd4a70-af7e-4a60-a494-e5f970171457 (type: security_group_rules) to 0
2026-08-11 19:28:53.519 8 INFO neutron.db.ovn_revision_numbers_db [None req-2f727005-3075-42e4-8ff3-64d9f7ab790b 29276d76cf1149feb676e67c8119cdec f53a1facb614401996974e167152485a - - default default] Successfully bumped revision number for resource eb1d5c97-49e7-4e2f-8cb3-fa0fd17d0f4a (type: security_group_rules) to 0
2026-08-11 19:28:53.563 7 INFO neutron_taas.services.taas.taas_plugin [None req-c536634b-5ddd-4549-bb64-4c055b8dc8ea 873eb224f62d4610b8ff3cd811f8b2fb 0e208a9c9c414839acb674289caab553 - - default default] TaaS: Handle Delete Port: b2ee1cbd-8db0-42af-82c5-18524f92eab9
2026-08-11 19:28:53.566 7 INFO neutron_taas.services.taas.tap_mirror_plugin [None req-c536634b-5ddd-4549-bb64-4c055b8dc8ea 873eb224f62d4610b8ff3cd811f8b2fb 0e208a9c9c414839acb674289caab553 - - default default] Tap Mirror: Handle Delete Port: b2ee1cbd-8db0-42af-82c5-18524f92eab9
2026-08-11 19:28:53.597 8 INFO neutron.db.segments_db [None req-2f727005-3075-42e4-8ff3-64d9f7ab790b 29276d76cf1149feb676e67c8119cdec f53a1facb614401996974e167152485a - - default default] Added segment cd22e7ba-729c-4b4a-aacb-acfb693fae79 of type geneve for network 2e37ebe3-bb27-4f4a-b230-4c7c86f38dfe
2026-08-11 19:28:53.751 8 INFO neutron.db.ovn_revision_numbers_db [None req-2f727005-3075-42e4-8ff3-64d9f7ab790b 29276d76cf1149feb676e67c8119cdec f53a1facb614401996974e167152485a - - default default] Successfully bumped revision number for resource 2e37ebe3-bb27-4f4a-b230-4c7c86f38dfe (type: networks) to 1
2026-08-11 19:28:53.800 7 INFO neutron.services.segments.plugin [-] Segment bc7187ca-a20d-4543-a18d-901098a68002 resource provider aggregate not found
2026-08-11 19:28:53.803 7 INFO neutron.services.segments.plugin [-] Segment bc7187ca-a20d-4543-a18d-901098a68002 resource provider aggregate not found
2026-08-11 19:28:53.821 7 INFO neutron.services.segments.plugin [-] Segment bc7187ca-a20d-4543-a18d-901098a68002 resource provider not found; error: Placement Client Error (4xx): {"errors": [{"status": 404, "title": "Not Found", "detail": "The resource could not be found.\n\n No resource provider with uuid bc7187ca-a20d-4543-a18d-901098a68002 found for delete ", "request_id": "req-2454368d-035c-4e12-9d66-62adc72c5416"}]}
2026-08-11 19:28:53.822 7 INFO neutron.services.segments.plugin [-] Segment bc7187ca-a20d-4543-a18d-901098a68002 resource provider not found; error: Placement Client Error (4xx): {"errors": [{"status": 404, "title": "Not Found", "detail": "The resource could not be found.\n\n No resource provider with uuid bc7187ca-a20d-4543-a18d-901098a68002 found for delete ", "request_id": "req-a7a73739-f7e9-4523-8e37-2d5570ee940b"}]} [pid: 7|app: 0|req: 686/1353] 10.0.0.117 () {32 vars in 725 bytes} [Tue Aug 11 19:28:53 2026] DELETE /v2.0/networks/816e3444-f6ec-4393-91a7-6d1f200e0b3b => generated 0 bytes in 413 msecs (HTTP/1.1 204) 3 headers in 131 bytes (1 switches on core 0)
2026-08-11 19:28:53.928 8 WARNING neutron.scheduler.dhcp_agent_scheduler [None req-2f727005-3075-42e4-8ff3-64d9f7ab790b 29276d76cf1149feb676e67c8119cdec f53a1facb614401996974e167152485a - - default default] No more DHCP agents
2026-08-11 19:28:53.929 8 WARNING neutron.api.rpc.agentnotifiers.dhcp_rpc_agent_api [None req-2f727005-3075-42e4-8ff3-64d9f7ab790b 29276d76cf1149feb676e67c8119cdec f53a1facb614401996974e167152485a - - default default] Unable to schedule network 2e37ebe3-bb27-4f4a-b230-4c7c86f38dfe: no agents available; will retry on subsequent port and subnet creation events.
2026-08-11 19:28:54.000 7 INFO neutron.plugins.ml2.drivers.ovn.mech_driver.mech_driver [None req-14a640fd-0f40-4119-ba85-5c060a668a90 - - - - - -] OVN reports status down for port: f25ac582-9276-4a50-a3c3-ca33af4ba989
2026-08-11 19:28:54.006 8 INFO neutron.db.ovn_revision_numbers_db [None req-2f727005-3075-42e4-8ff3-64d9f7ab790b 29276d76cf1149feb676e67c8119cdec f53a1facb614401996974e167152485a - - default default] Successfully bumped revision number for resource f25ac582-9276-4a50-a3c3-ca33af4ba989 (type: ports) to 1 [pid: 8|app: 0|req: 668/1354] 10.0.0.117 () {34 vars in 669 bytes} [Tue Aug 11 19:28:53 2026] POST /v2.0/networks => generated 663 bytes in 906 msecs (HTTP/1.1 201) 4 headers in 162 bytes (1 switches on core 0) [pid: 7|app: 0|req: 687/1355] 10.0.0.117 () {32 vars in 739 bytes} [Tue Aug 11 19:28:53 2026] DELETE /v2.0/security-groups/ba4cc6b3-0f30-4fc1-8663-4bea1170bbe2 => generated 0 bytes in 261 msecs (HTTP/1.1 204) 2 headers in 112 bytes (1 switches on core 0)
2026-08-11 19:28:54.278 8 WARNING neutron.scheduler.dhcp_agent_scheduler [None req-4dd27d84-3d43-4b77-840a-603761481cef 873eb224f62d4610b8ff3cd811f8b2fb 0e208a9c9c414839acb674289caab553 - - default default] No more DHCP agents
2026-08-11 19:28:54.279 8 WARNING neutron.api.rpc.agentnotifiers.dhcp_rpc_agent_api [None req-4dd27d84-3d43-4b77-840a-603761481cef 873eb224f62d4610b8ff3cd811f8b2fb 0e208a9c9c414839acb674289caab553 - - default default] Unable to schedule network 64dbb8d5-d877-42eb-a3a2-5b0fd25935bd: no agents available; will retry on subsequent port and subnet creation events.
2026-08-11 19:28:54.285 7 WARNING neutron.scheduler.dhcp_agent_scheduler [None req-e86d56d5-5ef3-4264-a7e6-fc6fdc2a0050 29276d76cf1149feb676e67c8119cdec f53a1facb614401996974e167152485a - - default default] No more DHCP agents
2026-08-11 19:28:54.286 7 WARNING neutron.api.rpc.agentnotifiers.dhcp_rpc_agent_api [None req-e86d56d5-5ef3-4264-a7e6-fc6fdc2a0050 29276d76cf1149feb676e67c8119cdec f53a1facb614401996974e167152485a - - default default] Unable to schedule network 2e37ebe3-bb27-4f4a-b230-4c7c86f38dfe: no agents available; will retry on subsequent port and subnet creation events.
2026-08-11 19:28:54.343 8 INFO neutron.plugins.ml2.drivers.ovn.mech_driver.mech_driver [None req-4b23fa3e-f994-469a-9027-bd93e520589f - - - - - -] OVN reports status down for port: c9d4cc44-0621-425f-bc34-780968c8dbf7
2026-08-11 19:28:54.409 8 INFO neutron.db.ovn_revision_numbers_db [None req-4dd27d84-3d43-4b77-840a-603761481cef 873eb224f62d4610b8ff3cd811f8b2fb 0e208a9c9c414839acb674289caab553 - - default default] Successfully bumped revision number for resource c9d4cc44-0621-425f-bc34-780968c8dbf7 (type: ports) to 1 [pid: 8|app: 0|req: 669/1356] 10.0.0.117 () {34 vars in 664 bytes} [Tue Aug 11 19:28:54 2026] POST /v2.0/ports => generated 774 bytes in 466 msecs (HTTP/1.1 201) 4 headers in 162 bytes (1 switches on core 0) /var/lib/openstack/lib/python3.12/site-packages/pycadf/identifier.py:70: UserWarning: Invalid uuid: neutron. To ensure interoperability, identifiers should be a valid uuid. warnings.warn(('Invalid uuid: %s. To ensure interoperability, '
2026-08-11 19:28:54.788 8 INFO neutron.plugins.ml2.drivers.ovn.mech_driver.mech_driver [None req-4b23fa3e-f994-469a-9027-bd93e520589f - - - - - -] OVN reports status down for port: c9d4cc44-0621-425f-bc34-780968c8dbf7
2026-08-11 19:28:54.801 7 INFO neutron.db.ovn_revision_numbers_db [None req-154faab3-d950-4117-8fc6-b4bd8d7192d9 - - - - - -] Successfully bumped revision number for resource f25ac582-9276-4a50-a3c3-ca33af4ba989 (type: ports) to 2
2026-08-11 19:28:54.832 7 INFO neutron.db.ovn_revision_numbers_db [None req-154faab3-d950-4117-8fc6-b4bd8d7192d9 - - - - - -] Successfully bumped revision number for resource 3491d897-8f19-42fc-a21b-8df031e06d2d (type: subnets) to 0
2026-08-11 19:28:54.838 8 INFO neutron.db.ovn_revision_numbers_db [None req-6c5fc6a6-9c3d-41e9-8234-71f242b7a1e6 873eb224f62d4610b8ff3cd811f8b2fb 0e208a9c9c414839acb674289caab553 - - default default] Successfully bumped revision number for resource c9d4cc44-0621-425f-bc34-780968c8dbf7 (type: ports) to 2 [pid: 7|app: 0|req: 688/1357] 10.0.0.117 () {34 vars in 668 bytes} [Tue Aug 11 19:28:54 2026] POST /v2.0/subnets => generated 641 bytes in 743 msecs (HTTP/1.1 201) 4 headers in 162 bytes (1 switches on core 0) [pid: 8|app: 0|req: 670/1358] 10.0.0.117 () {34 vars in 736 bytes} [Tue Aug 11 19:28:54 2026] PUT /v2.0/ports/c9d4cc44-0621-425f-bc34-780968c8dbf7 => generated 752 bytes in 387 msecs (HTTP/1.1 200) 4 headers in 157 bytes (1 switches on core 0) /var/lib/openstack/lib/python3.12/site-packages/pycadf/identifier.py:70: UserWarning: Invalid uuid: neutron. To ensure interoperability, identifiers should be a valid uuid. warnings.warn(('Invalid uuid: %s. To ensure interoperability, '
2026-08-11 19:28:54.949 7 INFO neutron.db.segments_db [None req-75b3e3c6-91bd-4605-9513-5e6e20ab33c3 29276d76cf1149feb676e67c8119cdec f53a1facb614401996974e167152485a - - default default] Added segment 67923b2f-e689-4d87-a9d7-d903050a44ef of type geneve for network 606b9e59-df74-45c9-ab0c-e279d51bb423
2026-08-11 19:28:55.010 8 INFO neutron_taas.services.taas.taas_plugin [None req-67ceb53c-ba4f-44aa-80d5-de91c3933593 873eb224f62d4610b8ff3cd811f8b2fb 0e208a9c9c414839acb674289caab553 - - default default] TaaS: Handle Delete Port: c9d4cc44-0621-425f-bc34-780968c8dbf7
2026-08-11 19:28:55.014 8 INFO neutron_taas.services.taas.tap_mirror_plugin [None req-67ceb53c-ba4f-44aa-80d5-de91c3933593 873eb224f62d4610b8ff3cd811f8b2fb 0e208a9c9c414839acb674289caab553 - - default default] Tap Mirror: Handle Delete Port: c9d4cc44-0621-425f-bc34-780968c8dbf7
2026-08-11 19:28:55.058 7 INFO neutron.db.ovn_revision_numbers_db [None req-75b3e3c6-91bd-4605-9513-5e6e20ab33c3 29276d76cf1149feb676e67c8119cdec f53a1facb614401996974e167152485a - - default default] Successfully bumped revision number for resource 606b9e59-df74-45c9-ab0c-e279d51bb423 (type: networks) to 1 [pid: 8|app: 0|req: 671/1359] 10.0.0.117 () {32 vars in 719 bytes} [Tue Aug 11 19:28:54 2026] DELETE /v2.0/ports/c9d4cc44-0621-425f-bc34-780968c8dbf7 => generated 0 bytes in 245 msecs (HTTP/1.1 204) 3 headers in 131 bytes (1 switches on core 0) [pid: 8|app: 0|req: 672/1360] 10.0.0.117 () {32 vars in 642 bytes} [Tue Aug 11 19:28:55 2026] GET /v2.0/ports => generated 1534 bytes in 42 msecs (HTTP/1.1 200) 4 headers in 158 bytes (1 switches on core 0)
2026-08-11 19:28:55.209 8 INFO neutron.pecan_wsgi.hooks.translation [None req-11faaf1e-4656-4c93-b7ab-d159a6f68ec8 873eb224f62d4610b8ff3cd811f8b2fb 0e208a9c9c414839acb674289caab553 - - default default] GET failed (client error): The resource could not be found. [pid: 8|app: 0|req: 673/1361] 10.0.0.117 () {32 vars in 716 bytes} [Tue Aug 11 19:28:55 2026] GET /v2.0/ports/c9d4cc44-0621-425f-bc34-780968c8dbf7 => generated 132 bytes in 16 msecs (HTTP/1.1 404) 4 headers in 164 bytes (1 switches on core 0)
2026-08-11 19:28:55.239 7 WARNING neutron.scheduler.dhcp_agent_scheduler [None req-75b3e3c6-91bd-4605-9513-5e6e20ab33c3 29276d76cf1149feb676e67c8119cdec f53a1facb614401996974e167152485a - - default default] No more DHCP agents
2026-08-11 19:28:55.240 7 WARNING neutron.api.rpc.agentnotifiers.dhcp_rpc_agent_api [None req-75b3e3c6-91bd-4605-9513-5e6e20ab33c3 29276d76cf1149feb676e67c8119cdec f53a1facb614401996974e167152485a - - default default] Unable to schedule network 606b9e59-df74-45c9-ab0c-e279d51bb423: no agents available; will retry on subsequent port and subnet creation events. [pid: 8|app: 0|req: 674/1362] 10.0.0.117 () {32 vars in 642 bytes} [Tue Aug 11 19:28:55 2026] GET /v2.0/ports => generated 1534 bytes in 43 msecs (HTTP/1.1 200) 4 headers in 158 bytes (1 switches on core 0)
2026-08-11 19:28:55.295 7 INFO neutron.plugins.ml2.drivers.ovn.mech_driver.mech_driver [None req-14a640fd-0f40-4119-ba85-5c060a668a90 - - - - - -] OVN reports status down for port: d0645440-d0b4-4f8d-bb56-2de7ddbd6826 [pid: 8|app: 0|req: 675/1363] 10.0.0.117 () {32 vars in 716 bytes} [Tue Aug 11 19:28:55 2026] GET /v2.0/ports/09e63407-06c0-4d08-a1f9-6ebc271bf6a9 => generated 775 bytes in 56 msecs (HTTP/1.1 200) 4 headers in 157 bytes (1 switches on core 0)
2026-08-11 19:28:55.342 8 INFO neutron.pecan_wsgi.hooks.translation [None req-777e1dbd-e704-4613-81d4-c91e020f3818 873eb224f62d4610b8ff3cd811f8b2fb 0e208a9c9c414839acb674289caab553 - - default default] DELETE failed (client error): The resource could not be found. [pid: 8|app: 0|req: 676/1364] 10.0.0.117 () {32 vars in 719 bytes} [Tue Aug 11 19:28:55 2026] DELETE /v2.0/ports/335ca652-5f3d-4f21-b753-ceb5bed85fb5 => generated 132 bytes in 21 msecs (HTTP/1.1 404) 4 headers in 164 bytes (1 switches on core 0)
2026-08-11 19:28:55.354 7 INFO neutron.db.ovn_revision_numbers_db [None req-75b3e3c6-91bd-4605-9513-5e6e20ab33c3 29276d76cf1149feb676e67c8119cdec f53a1facb614401996974e167152485a - - default default] Successfully bumped revision number for resource d0645440-d0b4-4f8d-bb56-2de7ddbd6826 (type: ports) to 1
2026-08-11 19:28:55.359 8 INFO neutron.pecan_wsgi.hooks.translation [None req-91d3703c-d171-4a5d-886e-159a7f527a31 873eb224f62d4610b8ff3cd811f8b2fb 0e208a9c9c414839acb674289caab553 - - default default] DELETE failed (client error): The resource could not be found. [pid: 8|app: 0|req: 677/1365] 10.0.0.117 () {32 vars in 723 bytes} [Tue Aug 11 19:28:55 2026] DELETE /v2.0/subnets/4f30572f-a4dc-4df5-8a87-9e42f63cefa3 => generated 136 bytes in 15 msecs (HTTP/1.1 404) 4 headers in 164 bytes (1 switches on core 0)
2026-08-11 19:28:55.387 8 INFO neutron.pecan_wsgi.hooks.translation [None req-ee3a79be-a890-4088-8f18-e97f1e3c7175 873eb224f62d4610b8ff3cd811f8b2fb 0e208a9c9c414839acb674289caab553 - - default default] DELETE failed (client error): The resource could not be found. [pid: 8|app: 0|req: 678/1366] 10.0.0.117 () {32 vars in 723 bytes} [Tue Aug 11 19:28:55 2026] DELETE /v2.0/subnets/8be899f1-e347-42d9-809c-2467d45edfc5 => generated 136 bytes in 22 msecs (HTTP/1.1 404) 4 headers in 164 bytes (1 switches on core 0) [pid: 7|app: 0|req: 689/1367] 10.0.0.117 () {34 vars in 669 bytes} [Tue Aug 11 19:28:54 2026] POST /v2.0/networks => generated 663 bytes in 536 msecs (HTTP/1.1 201) 4 headers in 162 bytes (1 switches on core 0)
2026-08-11 19:28:55.511 8 INFO neutron_taas.services.taas.taas_plugin [None req-1f36a447-1543-4300-86e7-2513c675c0ba 873eb224f62d4610b8ff3cd811f8b2fb 0e208a9c9c414839acb674289caab553 - - default default] TaaS: Handle Delete Port: 09e63407-06c0-4d08-a1f9-6ebc271bf6a9
2026-08-11 19:28:55.515 8 INFO neutron_taas.services.taas.tap_mirror_plugin [None req-1f36a447-1543-4300-86e7-2513c675c0ba 873eb224f62d4610b8ff3cd811f8b2fb 0e208a9c9c414839acb674289caab553 - - default default] Tap Mirror: Handle Delete Port: 09e63407-06c0-4d08-a1f9-6ebc271bf6a9
2026-08-11 19:28:55.577 7 INFO neutron.db.ovn_revision_numbers_db [None req-0046dbc7-19ff-406b-ae0d-9a0f655bab6b 29276d76cf1149feb676e67c8119cdec f53a1facb614401996974e167152485a - - default default] Successfully bumped revision number for resource 606b9e59-df74-45c9-ab0c-e279d51bb423 (type: networks) to 2 [pid: 7|app: 0|req: 690/1368] 10.0.0.117 () {34 vars in 742 bytes} [Tue Aug 11 19:28:55 2026] PUT /v2.0/networks/606b9e59-df74-45c9-ab0c-e279d51bb423 => generated 636 bytes in 183 msecs (HTTP/1.1 200) 4 headers in 157 bytes (1 switches on core 0) [pid: 8|app: 0|req: 679/1369] 10.0.0.117 () {32 vars in 719 bytes} [Tue Aug 11 19:28:55 2026] DELETE /v2.0/ports/09e63407-06c0-4d08-a1f9-6ebc271bf6a9 => generated 0 bytes in 275 msecs (HTTP/1.1 204) 3 headers in 131 bytes (1 switches on core 0)
2026-08-11 19:28:55.817 7 WARNING neutron.scheduler.dhcp_agent_scheduler [None req-c7e0cf8a-8667-4d88-ac0f-ee6755e10e84 29276d76cf1149feb676e67c8119cdec f53a1facb614401996974e167152485a - - default default] No more DHCP agents
2026-08-11 19:28:55.819 7 WARNING neutron.api.rpc.agentnotifiers.dhcp_rpc_agent_api [None req-c7e0cf8a-8667-4d88-ac0f-ee6755e10e84 29276d76cf1149feb676e67c8119cdec f53a1facb614401996974e167152485a - - default default] Unable to schedule network 606b9e59-df74-45c9-ab0c-e279d51bb423: no agents available; will retry on subsequent port and subnet creation events.
2026-08-11 19:28:55.830 8 INFO neutron_taas.services.taas.taas_plugin [None req-5b6eef01-2e05-4ea0-82e0-587aaff0da64 873eb224f62d4610b8ff3cd811f8b2fb 0e208a9c9c414839acb674289caab553 - - default default] TaaS: Handle Delete Port: 8f7d6c1c-f6f3-4a0b-aca2-f6f52dd66e8e
2026-08-11 19:28:55.833 8 INFO neutron_taas.services.taas.tap_mirror_plugin [None req-5b6eef01-2e05-4ea0-82e0-587aaff0da64 873eb224f62d4610b8ff3cd811f8b2fb 0e208a9c9c414839acb674289caab553 - - default default] Tap Mirror: Handle Delete Port: 8f7d6c1c-f6f3-4a0b-aca2-f6f52dd66e8e
2026-08-11 19:28:56.014 8 INFO neutron.services.segments.plugin [-] Segment 68e1360d-9427-4217-861a-5f37035e488a resource provider aggregate not found
2026-08-11 19:28:56.024 8 INFO neutron.services.segments.plugin [-] Segment 68e1360d-9427-4217-861a-5f37035e488a resource provider aggregate not found
2026-08-11 19:28:56.036 8 INFO neutron.services.segments.plugin [-] Segment 68e1360d-9427-4217-861a-5f37035e488a resource provider not found; error: Placement Client Error (4xx): {"errors": [{"status": 404, "title": "Not Found", "detail": "The resource could not be found.\n\n No resource provider with uuid 68e1360d-9427-4217-861a-5f37035e488a found for delete ", "request_id": "req-36c45e95-caa0-489b-8f85-c13fa9732266"}]}
2026-08-11 19:28:56.043 8 INFO neutron.services.segments.plugin [-] Segment 68e1360d-9427-4217-861a-5f37035e488a resource provider not found; error: Placement Client Error (4xx): {"errors": [{"status": 404, "title": "Not Found", "detail": "The resource could not be found.\n\n No resource provider with uuid 68e1360d-9427-4217-861a-5f37035e488a found for delete ", "request_id": "req-729e1e2b-0f60-48cb-960c-8d82eb6b907e"}]} [pid: 8|app: 0|req: 680/1370] 10.0.0.117 () {32 vars in 725 bytes} [Tue Aug 11 19:28:55 2026] DELETE /v2.0/networks/64dbb8d5-d877-42eb-a3a2-5b0fd25935bd => generated 0 bytes in 396 msecs (HTTP/1.1 204) 3 headers in 131 bytes (1 switches on core 0)
2026-08-11 19:28:56.336 7 INFO neutron.db.ovn_revision_numbers_db [None req-9a23baea-fd31-4f59-ac26-955072b2a1eb - - - - - -] Successfully bumped revision number for resource d0645440-d0b4-4f8d-bb56-2de7ddbd6826 (type: ports) to 2
2026-08-11 19:28:56.371 7 INFO neutron.db.ovn_revision_numbers_db [None req-9a23baea-fd31-4f59-ac26-955072b2a1eb - - - - - -] Successfully bumped revision number for resource f4ac14b3-51ee-4415-a493-05194c7828dd (type: subnets) to 0 [pid: 7|app: 0|req: 691/1371] 10.0.0.117 () {34 vars in 668 bytes} [Tue Aug 11 19:28:55 2026] POST /v2.0/subnets => generated 626 bytes in 798 msecs (HTTP/1.1 201) 4 headers in 162 bytes (1 switches on core 0)
2026-08-11 19:28:56.696 8 INFO neutron.db.ovn_revision_numbers_db [None req-11a86079-837d-4784-94f4-15cb5db5ef2e 29276d76cf1149feb676e67c8119cdec f53a1facb614401996974e167152485a - - default default] Successfully bumped revision number for resource f4ac14b3-51ee-4415-a493-05194c7828dd (type: subnets) to 1 [pid: 8|app: 0|req: 681/1372] 10.0.0.117 () {34 vars in 740 bytes} [Tue Aug 11 19:28:56 2026] PUT /v2.0/subnets/f4ac14b3-51ee-4415-a493-05194c7828dd => generated 636 bytes in 310 msecs (HTTP/1.1 200) 4 headers in 157 bytes (1 switches on core 0)
2026-08-11 19:28:56.855 8 INFO neutron_taas.services.taas.taas_plugin [None req-c968736b-15cc-42e6-8085-c65a1d6dc66d 29276d76cf1149feb676e67c8119cdec f53a1facb614401996974e167152485a - - default default] TaaS: Handle Delete Port: d0645440-d0b4-4f8d-bb56-2de7ddbd6826
2026-08-11 19:28:56.858 8 INFO neutron_taas.services.taas.tap_mirror_plugin [None req-c968736b-15cc-42e6-8085-c65a1d6dc66d 29276d76cf1149feb676e67c8119cdec f53a1facb614401996974e167152485a - - default default] Tap Mirror: Handle Delete Port: d0645440-d0b4-4f8d-bb56-2de7ddbd6826 [pid: 7|app: 0|req: 692/1373] 10.0.0.117 () {32 vars in 773 bytes} [Tue Aug 11 19:28:56 2026] GET /v2.0/security-groups?tenant_id=0e208a9c9c414839acb674289caab553&name=default => generated 2925 bytes in 274 msecs (HTTP/1.1 200) 4 headers in 158 bytes (1 switches on core 0) [pid: 8|app: 0|req: 682/1374] 10.0.0.117 () {32 vars in 725 bytes} [Tue Aug 11 19:28:56 2026] DELETE /v2.0/networks/606b9e59-df74-45c9-ab0c-e279d51bb423 => generated 0 bytes in 476 msecs (HTTP/1.1 204) 3 headers in 131 bytes (1 switches on core 0)
2026-08-11 19:28:57.209 8 INFO neutron.pecan_wsgi.hooks.translation [None req-d6c88953-8137-40bf-9aac-14e22ca632c4 29276d76cf1149feb676e67c8119cdec f53a1facb614401996974e167152485a - - default default] DELETE failed (client error): The resource could not be found. [pid: 8|app: 0|req: 683/1375] 10.0.0.117 () {32 vars in 725 bytes} [Tue Aug 11 19:28:57 2026] DELETE /v2.0/networks/606b9e59-df74-45c9-ab0c-e279d51bb423 => generated 138 bytes in 17 msecs (HTTP/1.1 404) 4 headers in 164 bytes (1 switches on core 0) [pid: 7|app: 0|req: 693/1376] 10.0.0.117 () {32 vars in 739 bytes} [Tue Aug 11 19:28:56 2026] DELETE /v2.0/security-groups/853e22dc-b215-4968-8618-709bec57de88 => generated 0 bytes in 241 msecs (HTTP/1.1 204) 2 headers in 112 bytes (1 switches on core 0) [pid: 8|app: 0|req: 684/1377] 10.0.0.117 () {32 vars in 693 bytes} [Tue Aug 11 19:28:57 2026] GET /v2.0/networks?router%3Aexternal=True => generated 689 bytes in 68 msecs (HTTP/1.1 200) 4 headers in 157 bytes (1 switches on core 0) [pid: 7|app: 0|req: 694/1378] 10.0.0.117 () {32 vars in 741 bytes} [Tue Aug 11 19:28:57 2026] GET /v2.0/subnets?network_id=9226d14e-4b39-4638-8221-9e84d0a45ea3 => generated 649 bytes in 26 msecs (HTTP/1.1 200) 4 headers in 157 bytes (1 switches on core 0) [pid: 8|app: 0|req: 685/1379] 10.0.0.117 () {32 vars in 652 bytes} [Tue Aug 11 19:28:57 2026] GET /v2.0/extensions => generated 20541 bytes in 8 msecs (HTTP/1.1 200) 4 headers in 159 bytes (1 switches on core 0) [pid: 7|app: 0|req: 695/1380] 10.0.0.117 () {32 vars in 648 bytes} [Tue Aug 11 19:28:57 2026] GET /v2.0/networks => generated 1385 bytes in 48 msecs (HTTP/1.1 200) 4 headers in 158 bytes (1 switches on core 0) [pid: 8|app: 0|req: 686/1381] 10.0.0.117 () {32 vars in 646 bytes} [Tue Aug 11 19:28:57 2026] GET /v2.0/subnets => generated 1280 bytes in 41 msecs (HTTP/1.1 200) 4 headers in 158 bytes (1 switches on core 0) [pid: 7|app: 0|req: 696/1382] 10.0.0.117 () {32 vars in 722 bytes} [Tue Aug 11 19:28:57 2026] GET /v2.0/networks/2e37ebe3-bb27-4f4a-b230-4c7c86f38dfe => generated 707 bytes in 34 msecs (HTTP/1.1 200) 4 headers in 157 bytes (1 switches on core 0) [pid: 8|app: 0|req: 687/1383] 10.0.0.117 () {32 vars in 720 bytes} [Tue Aug 11 19:28:57 2026] GET /v2.0/subnets/3491d897-8f19-42fc-a21b-8df031e06d2d => generated 641 bytes in 24 msecs (HTTP/1.1 200) 4 headers in 157 bytes (1 switches on core 0)
2026-08-11 19:28:57.529 7 INFO neutron.pecan_wsgi.hooks.translation [None req-b90333e8-2353-4187-bd66-663664566bc3 29276d76cf1149feb676e67c8119cdec f53a1facb614401996974e167152485a - - default default] DELETE failed (client error): The resource could not be found. [pid: 7|app: 0|req: 697/1384] 10.0.0.117 () {32 vars in 723 bytes} [Tue Aug 11 19:28:57 2026] DELETE /v2.0/subnets/f4ac14b3-51ee-4415-a493-05194c7828dd => generated 136 bytes in 18 msecs (HTTP/1.1 404) 4 headers in 164 bytes (1 switches on core 0)
2026-08-11 19:28:57.551 8 INFO neutron.pecan_wsgi.hooks.translation [None req-7dcb7601-d30e-44fb-9171-cf2695514eff 29276d76cf1149feb676e67c8119cdec f53a1facb614401996974e167152485a - - default default] DELETE failed (client error): The resource could not be found. [pid: 8|app: 0|req: 688/1385] 10.0.0.117 () {32 vars in 725 bytes} [Tue Aug 11 19:28:57 2026] DELETE /v2.0/networks/606b9e59-df74-45c9-ab0c-e279d51bb423 => generated 138 bytes in 16 msecs (HTTP/1.1 404) 4 headers in 164 bytes (1 switches on core 0) [pid: 7|app: 0|req: 698/1386] 10.0.0.117 () {32 vars in 723 bytes} [Tue Aug 11 19:28:57 2026] DELETE /v2.0/subnets/3491d897-8f19-42fc-a21b-8df031e06d2d => generated 0 bytes in 179 msecs (HTTP/1.1 204) 3 headers in 131 bytes (1 switches on core 0)
2026-08-11 19:28:57.848 7 INFO neutron_taas.services.taas.taas_plugin [None req-1f192d9f-5298-45ae-a7a6-03d65ce75f8f 29276d76cf1149feb676e67c8119cdec f53a1facb614401996974e167152485a - - default default] TaaS: Handle Delete Port: f25ac582-9276-4a50-a3c3-ca33af4ba989
2026-08-11 19:28:57.850 7 INFO neutron_taas.services.taas.tap_mirror_plugin [None req-1f192d9f-5298-45ae-a7a6-03d65ce75f8f 29276d76cf1149feb676e67c8119cdec f53a1facb614401996974e167152485a - - default default] Tap Mirror: Handle Delete Port: f25ac582-9276-4a50-a3c3-ca33af4ba989
2026-08-11 19:28:57.946 8 INFO neutron.db.ovn_revision_numbers_db [None req-6b820a0f-a78c-4be2-9532-3693f5c5fc51 5b3fd78f9b0f4b96b799af4b2a134483 f7c739b26379499e900e4a6c9db5b400 - - default default] Successfully bumped revision number for resource 7021bcb2-c539-4fdd-bac1-5ce3bc53e6c8 (type: security_groups) to 1
2026-08-11 19:28:57.972 8 INFO neutron.db.ovn_revision_numbers_db [None req-6b820a0f-a78c-4be2-9532-3693f5c5fc51 5b3fd78f9b0f4b96b799af4b2a134483 f7c739b26379499e900e4a6c9db5b400 - - default default] Successfully bumped revision number for resource 0d31d43c-337d-4c1b-b3e7-11d8cf21f953 (type: security_group_rules) to 0
2026-08-11 19:28:57.991 8 INFO neutron.db.ovn_revision_numbers_db [None req-6b820a0f-a78c-4be2-9532-3693f5c5fc51 5b3fd78f9b0f4b96b799af4b2a134483 f7c739b26379499e900e4a6c9db5b400 - - default default] Successfully bumped revision number for resource 51a539c8-e120-4126-a671-4a0addf23679 (type: security_group_rules) to 0
2026-08-11 19:28:58.001 8 INFO neutron.db.ovn_revision_numbers_db [None req-6b820a0f-a78c-4be2-9532-3693f5c5fc51 5b3fd78f9b0f4b96b799af4b2a134483 f7c739b26379499e900e4a6c9db5b400 - - default default] Successfully bumped revision number for resource 959bedf5-d5cc-4c8b-a767-869e9b94d993 (type: security_group_rules) to 0
2026-08-11 19:28:58.011 8 INFO neutron.db.ovn_revision_numbers_db [None req-6b820a0f-a78c-4be2-9532-3693f5c5fc51 5b3fd78f9b0f4b96b799af4b2a134483 f7c739b26379499e900e4a6c9db5b400 - - default default] Successfully bumped revision number for resource b02e282f-052f-4fb9-a369-c3dbdb589c8a (type: security_group_rules) to 0
2026-08-11 19:28:58.052 7 INFO neutron.services.segments.plugin [-] Segment cd22e7ba-729c-4b4a-aacb-acfb693fae79 resource provider aggregate not found [pid: 8|app: 0|req: 689/1387] 10.0.0.117 () {32 vars in 773 bytes} [Tue Aug 11 19:28:57 2026] GET /v2.0/security-groups?tenant_id=c3f57f0aac9f4bfbbdbf083de359035e&name=default => generated 2925 bytes in 362 msecs (HTTP/1.1 200) 4 headers in 158 bytes (1 switches on core 0)
2026-08-11 19:28:58.052 7 INFO neutron.services.segments.plugin [-] Segment cd22e7ba-729c-4b4a-aacb-acfb693fae79 resource provider aggregate not found
2026-08-11 19:28:58.062 8 INFO neutron.services.segments.plugin [-] Segment 67923b2f-e689-4d87-a9d7-d903050a44ef resource provider aggregate not found
2026-08-11 19:28:58.068 8 INFO neutron.services.segments.plugin [-] Segment 67923b2f-e689-4d87-a9d7-d903050a44ef resource provider aggregate not found
2026-08-11 19:28:58.084 7 INFO neutron.services.segments.plugin [-] Segment cd22e7ba-729c-4b4a-aacb-acfb693fae79 resource provider not found; error: Placement Client Error (4xx): {"errors": [{"status": 404, "title": "Not Found", "detail": "The resource could not be found.\n\n No resource provider with uuid cd22e7ba-729c-4b4a-aacb-acfb693fae79 found for delete ", "request_id": "req-4e23e8d2-59fc-494b-8727-6d63b4397fbc"}]}
2026-08-11 19:28:58.086 7 INFO neutron.services.segments.plugin [-] Segment cd22e7ba-729c-4b4a-aacb-acfb693fae79 resource provider not found; error: Placement Client Error (4xx): {"errors": [{"status": 404, "title": "Not Found", "detail": "The resource could not be found.\n\n No resource provider with uuid cd22e7ba-729c-4b4a-aacb-acfb693fae79 found for delete ", "request_id": "req-f89ee282-1da9-4411-9932-5da77822dfec"}]}
2026-08-11 19:28:58.090 8 INFO neutron.services.segments.plugin [-] Segment 67923b2f-e689-4d87-a9d7-d903050a44ef resource provider not found; error: Placement Client Error (4xx): {"errors": [{"status": 404, "title": "Not Found", "detail": "The resource could not be found.\n\n No resource provider with uuid 67923b2f-e689-4d87-a9d7-d903050a44ef found for delete ", "request_id": "req-8f5a89fa-0ce1-44db-88af-8463033f78c8"}]}
2026-08-11 19:28:58.099 8 INFO neutron.services.segments.plugin [-] Segment 67923b2f-e689-4d87-a9d7-d903050a44ef resource provider not found; error: Placement Client Error (4xx): {"errors": [{"status": 404, "title": "Not Found", "detail": "The resource could not be found.\n\n No resource provider with uuid 67923b2f-e689-4d87-a9d7-d903050a44ef found for delete ", "request_id": "req-86ad6252-9eaa-4400-bb7c-618896c9cddf"}]} [pid: 7|app: 0|req: 699/1388] 10.0.0.117 () {32 vars in 725 bytes} [Tue Aug 11 19:28:57 2026] DELETE /v2.0/networks/2e37ebe3-bb27-4f4a-b230-4c7c86f38dfe => generated 0 bytes in 371 msecs (HTTP/1.1 204) 3 headers in 131 bytes (1 switches on core 0) [pid: 8|app: 0|req: 690/1389] 10.0.0.117 () {32 vars in 739 bytes} [Tue Aug 11 19:28:58 2026] DELETE /v2.0/security-groups/7021bcb2-c539-4fdd-bac1-5ce3bc53e6c8 => generated 0 bytes in 285 msecs (HTTP/1.1 204) 2 headers in 112 bytes (1 switches on core 0)
2026-08-11 19:28:58.608 7 INFO neutron.db.ovn_revision_numbers_db [None req-2174d941-e6ab-4b6c-8057-9274de4ea40a 5b3fd78f9b0f4b96b799af4b2a134483 f7c739b26379499e900e4a6c9db5b400 - - default default] Successfully bumped revision number for resource 74707c83-4b84-48ac-bebe-03865a8bbc0e (type: security_groups) to 1
2026-08-11 19:28:58.626 7 INFO neutron.db.ovn_revision_numbers_db [None req-2174d941-e6ab-4b6c-8057-9274de4ea40a 5b3fd78f9b0f4b96b799af4b2a134483 f7c739b26379499e900e4a6c9db5b400 - - default default] Successfully bumped revision number for resource 77d06e5d-9b18-402e-ac3f-678aa39e7682 (type: security_group_rules) to 0
