2026-08-11 19:29:36.874 7 INFO neutron.db.ovn_revision_numbers_db [None req-5b016398-2a7b-4c3a-820a-d2b8d07e060a 9d0ed861d92845068bdb38790caba154 a6e662a7adeb41b5b8f788cb63ccbcc0 - - default default] Successfully bumped revision number for resource 441a8089-27df-412b-8ed6-0b5f36646b79 (type: networks) to 1
2026-08-11 19:29:36.882 8 INFO neutron.api.v2.resource [None req-d7f852e9-f179-42dd-88a5-05a1a17732bf c1be06f1fded4ad8b82240e432f0b0a3 15415ca08052477dae01b4f459981707 - - default default] delete failed (client error): The resource could not be found. [pid: 8|app: 0|req: 823/1693] 10.0.0.117 () {32 vars in 723 bytes} [Tue Aug 11 19:29:36 2026] DELETE /v2.0/routers/cd9e09f8-20c7-442d-9978-a178ca61db1a => generated 135 bytes in 20 msecs (HTTP/1.1 404) 4 headers in 164 bytes (1 switches on core 0) [pid: 8|app: 0|req: 824/1694] 10.0.0.117 () {32 vars in 735 bytes} [Tue Aug 11 19:29:36 2026] GET /v2.0/ports?device_id=0fea91bd-1219-40a4-873c-ebdc0683ccb4 => generated 12 bytes in 25 msecs (HTTP/1.1 200) 4 headers in 156 bytes (1 switches on core 0)
2026-08-11 19:29:36.936 8 INFO neutron.api.v2.resource [None req-ec7e4ef8-c7f3-4c2b-9c34-b8382b5908cb c1be06f1fded4ad8b82240e432f0b0a3 15415ca08052477dae01b4f459981707 - - default default] delete failed (client error): The resource could not be found. [pid: 8|app: 0|req: 825/1695] 10.0.0.117 () {32 vars in 723 bytes} [Tue Aug 11 19:29:36 2026] DELETE /v2.0/routers/0fea91bd-1219-40a4-873c-ebdc0683ccb4 => generated 135 bytes in 20 msecs (HTTP/1.1 404) 4 headers in 164 bytes (1 switches on core 0)
2026-08-11 19:29:36.957 8 INFO neutron.pecan_wsgi.hooks.translation [None req-1c158633-fa93-4115-8134-40cfae98d3ca c1be06f1fded4ad8b82240e432f0b0a3 15415ca08052477dae01b4f459981707 - - default default] DELETE failed (client error): The resource could not be found. [pid: 8|app: 0|req: 826/1696] 10.0.0.117 () {32 vars in 723 bytes} [Tue Aug 11 19:29:36 2026] DELETE /v2.0/subnets/23091d4e-e007-41c3-892a-707e614dcac4 => generated 136 bytes in 17 msecs (HTTP/1.1 404) 4 headers in 164 bytes (1 switches on core 0) [pid: 8|app: 0|req: 827/1697] 10.0.0.117 () {32 vars in 735 bytes} [Tue Aug 11 19:29:36 2026] GET /v2.0/ports?device_id=d25a97a9-e347-4b5a-8d2c-38860ca084a9 => generated 12 bytes in 19 msecs (HTTP/1.1 200) 4 headers in 156 bytes (1 switches on core 0)
2026-08-11 19:29:37.004 8 WARNING neutron.plugins.ml2.drivers.ovn.mech_driver.ovsdb.ovn_client [None req-065cf609-270e-44dd-8c95-61691e71dd56 - - - - - -] No port found with ID ecc0aa77-6d9a-47d1-abb7-3e359d1877bd: RuntimeError: No port found with ID ecc0aa77-6d9a-47d1-abb7-3e359d1877bd
2026-08-11 19:29:37.040 8 INFO neutron.plugins.ml2.drivers.ovn.mech_driver.mech_driver [None req-065cf609-270e-44dd-8c95-61691e71dd56 - - - - - -] OVN reports status down for port: 4554c62a-0991-40ab-9f41-7eccbd7253a1
2026-08-11 19:29:37.058 8 INFO neutron.plugins.ml2.drivers.ovn.mech_driver.mech_driver [None req-065cf609-270e-44dd-8c95-61691e71dd56 - - - - - -] OVN reports status up for port: 4554c62a-0991-40ab-9f41-7eccbd7253a1
2026-08-11 19:29:37.059 7 WARNING neutron.scheduler.dhcp_agent_scheduler [None req-5b016398-2a7b-4c3a-820a-d2b8d07e060a 9d0ed861d92845068bdb38790caba154 a6e662a7adeb41b5b8f788cb63ccbcc0 - - default default] No more DHCP agents
2026-08-11 19:29:37.060 7 WARNING neutron.api.rpc.agentnotifiers.dhcp_rpc_agent_api [None req-5b016398-2a7b-4c3a-820a-d2b8d07e060a 9d0ed861d92845068bdb38790caba154 a6e662a7adeb41b5b8f788cb63ccbcc0 - - default default] Unable to schedule network 441a8089-27df-412b-8ed6-0b5f36646b79: no agents available; will retry on subsequent port and subnet creation events.
2026-08-11 19:29:37.095 8 INFO neutron.plugins.ml2.drivers.ovn.mech_driver.mech_driver [None req-065cf609-270e-44dd-8c95-61691e71dd56 - - - - - -] OVN reports status down for port: cafd1748-aa3f-48c1-9cc5-786bb17916be
2026-08-11 19:29:37.110 7 INFO neutron.plugins.ml2.drivers.ovn.mech_driver.mech_driver [None req-3460f9a0-4206-45f0-b03e-023eadcb4fba - - - - - -] OVN reports status down for port: b37b4002-a53a-4c92-b9f8-2a34ca39603a
2026-08-11 19:29:37.126 8 INFO neutron.plugins.ml2.drivers.ovn.mech_driver.mech_driver [None req-065cf609-270e-44dd-8c95-61691e71dd56 - - - - - -] OVN reports status down for port: 95eea990-39eb-4fb3-b959-fa96bba4a885
2026-08-11 19:29:37.169 7 INFO neutron.db.ovn_revision_numbers_db [None req-5b016398-2a7b-4c3a-820a-d2b8d07e060a 9d0ed861d92845068bdb38790caba154 a6e662a7adeb41b5b8f788cb63ccbcc0 - - default default] Successfully bumped revision number for resource b37b4002-a53a-4c92-b9f8-2a34ca39603a (type: ports) to 1
2026-08-11 19:29:37.179 8 INFO neutron.db.ovn_revision_numbers_db [None req-c9349647-7703-443a-a88f-eb4932fad6fd 5b3fd78f9b0f4b96b799af4b2a134483 f7c739b26379499e900e4a6c9db5b400 - - default default] Successfully bumped revision number for resource f6ae4feb-e780-448f-bdd7-8f51e3bc67f1 (type: security_groups) to 1
2026-08-11 19:29:37.191 8 INFO neutron.db.ovn_revision_numbers_db [None req-c9349647-7703-443a-a88f-eb4932fad6fd 5b3fd78f9b0f4b96b799af4b2a134483 f7c739b26379499e900e4a6c9db5b400 - - default default] Successfully bumped revision number for resource 0121e52e-f382-4b48-90c6-f29e5a70fb9d (type: security_group_rules) to 0
2026-08-11 19:29:37.203 8 INFO neutron.db.ovn_revision_numbers_db [None req-c9349647-7703-443a-a88f-eb4932fad6fd 5b3fd78f9b0f4b96b799af4b2a134483 f7c739b26379499e900e4a6c9db5b400 - - default default] Successfully bumped revision number for resource 27df2389-3c95-41b0-9231-a9b2678adfee (type: security_group_rules) to 0 [pid: 7|app: 0|req: 871/1698] 10.0.0.117 () {34 vars in 669 bytes} [Tue Aug 11 19:29:36 2026] POST /v2.0/networks => generated 673 bytes in 575 msecs (HTTP/1.1 201) 4 headers in 162 bytes (1 switches on core 0)
2026-08-11 19:29:37.215 8 INFO neutron.db.ovn_revision_numbers_db [None req-c9349647-7703-443a-a88f-eb4932fad6fd 5b3fd78f9b0f4b96b799af4b2a134483 f7c739b26379499e900e4a6c9db5b400 - - default default] Successfully bumped revision number for resource 56c584c2-dbb7-4c37-8cd0-706d4354c249 (type: security_group_rules) to 0
2026-08-11 19:29:37.229 8 INFO neutron.db.ovn_revision_numbers_db [None req-c9349647-7703-443a-a88f-eb4932fad6fd 5b3fd78f9b0f4b96b799af4b2a134483 f7c739b26379499e900e4a6c9db5b400 - - default default] Successfully bumped revision number for resource 97f559e8-1129-48c9-a2c1-139b677cbb69 (type: security_group_rules) to 0
2026-08-11 19:29:37.242 7 INFO neutron.api.v2.resource [None req-5bbf6c65-b9e3-4b79-818a-856d525c8f69 c1be06f1fded4ad8b82240e432f0b0a3 15415ca08052477dae01b4f459981707 - - default default] delete failed (client error): The resource could not be found. [pid: 7|app: 0|req: 872/1699] 10.0.0.117 () {32 vars in 723 bytes} [Tue Aug 11 19:29:37 2026] DELETE /v2.0/routers/d25a97a9-e347-4b5a-8d2c-38860ca084a9 => generated 135 bytes in 37 msecs (HTTP/1.1 404) 4 headers in 164 bytes (1 switches on core 0) [pid: 8|app: 0|req: 828/1700] 10.0.0.117 () {32 vars in 773 bytes} [Tue Aug 11 19:29:36 2026] GET /v2.0/security-groups?tenant_id=256b83016f534680bf3ca068f9ae00a3&name=default => generated 2925 bytes in 274 msecs (HTTP/1.1 200) 4 headers in 158 bytes (1 switches on core 0)
2026-08-11 19:29:37.268 8 INFO neutron.pecan_wsgi.hooks.translation [None req-b534a1d7-d0b2-4874-9c09-1b134525f730 c1be06f1fded4ad8b82240e432f0b0a3 15415ca08052477dae01b4f459981707 - - default default] DELETE failed (client error): The resource could not be found. [pid: 8|app: 0|req: 829/1701] 10.0.0.117 () {32 vars in 723 bytes} [Tue Aug 11 19:29:37 2026] DELETE /v2.0/subnets/7f7962e6-1a2b-403b-83c8-fa1670a037bb => generated 136 bytes in 12 msecs (HTTP/1.1 404) 4 headers in 164 bytes (1 switches on core 0)
2026-08-11 19:29:37.336 7 INFO neutron.db.segments_db [None req-a97e4549-4d80-4633-bd03-3274f7b8d887 9d0ed861d92845068bdb38790caba154 a6e662a7adeb41b5b8f788cb63ccbcc0 - - default default] Added segment cd67f2ff-ec7d-4fe3-9fb1-de650f2cf305 of type geneve for network 6aa3bc3a-e9f4-4dca-9876-cd90341cb4ab
2026-08-11 19:29:37.448 7 INFO neutron.db.ovn_revision_numbers_db [None req-a97e4549-4d80-4633-bd03-3274f7b8d887 9d0ed861d92845068bdb38790caba154 a6e662a7adeb41b5b8f788cb63ccbcc0 - - default default] Successfully bumped revision number for resource 6aa3bc3a-e9f4-4dca-9876-cd90341cb4ab (type: networks) to 1 [pid: 8|app: 0|req: 830/1702] 10.0.0.117 () {32 vars in 739 bytes} [Tue Aug 11 19:29:37 2026] DELETE /v2.0/security-groups/f6ae4feb-e780-448f-bdd7-8f51e3bc67f1 => generated 0 bytes in 206 msecs (HTTP/1.1 204) 2 headers in 112 bytes (1 switches on core 0) [pid: 8|app: 0|req: 831/1703] 10.0.0.117 () {32 vars in 735 bytes} [Tue Aug 11 19:29:37 2026] GET /v2.0/ports?device_id=7787c582-1206-425b-b7c2-6564a0616e14 => generated 12 bytes in 14 msecs (HTTP/1.1 200) 4 headers in 156 bytes (1 switches on core 0)
2026-08-11 19:29:37.513 8 INFO neutron.api.v2.resource [None req-1f89f95e-a9c6-4dff-96ab-9efc650d9a88 c1be06f1fded4ad8b82240e432f0b0a3 15415ca08052477dae01b4f459981707 - - default default] delete failed (client error): The resource could not be found. [pid: 8|app: 0|req: 832/1704] 10.0.0.117 () {32 vars in 723 bytes} [Tue Aug 11 19:29:37 2026] DELETE /v2.0/routers/7787c582-1206-425b-b7c2-6564a0616e14 => generated 135 bytes in 16 msecs (HTTP/1.1 404) 4 headers in 164 bytes (1 switches on core 0)
2026-08-11 19:29:37.530 8 INFO neutron.pecan_wsgi.hooks.translation [None req-dba29ee2-f594-4b6a-a39c-418d454153dc c1be06f1fded4ad8b82240e432f0b0a3 15415ca08052477dae01b4f459981707 - - default default] DELETE failed (client error): The resource could not be found. [pid: 8|app: 0|req: 833/1705] 10.0.0.117 () {32 vars in 723 bytes} [Tue Aug 11 19:29:37 2026] DELETE /v2.0/subnets/436fd0ef-cf6f-420c-9793-94f2d545ba33 => generated 136 bytes in 14 msecs (HTTP/1.1 404) 4 headers in 164 bytes (1 switches on core 0)
2026-08-11 19:29:37.551 8 INFO neutron.pecan_wsgi.hooks.translation [None req-21d3a1ec-b64d-4780-b148-5925c0b7615a c1be06f1fded4ad8b82240e432f0b0a3 15415ca08052477dae01b4f459981707 - - default default] DELETE failed (client error): The resource could not be found. [pid: 8|app: 0|req: 834/1706] 10.0.0.117 () {32 vars in 723 bytes} [Tue Aug 11 19:29:37 2026] DELETE /v2.0/subnets/faeaefac-4d85-4e5a-a87a-fed8e5ba3416 => generated 136 bytes in 17 msecs (HTTP/1.1 404) 4 headers in 164 bytes (1 switches on core 0)
2026-08-11 19:29:37.697 7 WARNING neutron.scheduler.dhcp_agent_scheduler [None req-a97e4549-4d80-4633-bd03-3274f7b8d887 9d0ed861d92845068bdb38790caba154 a6e662a7adeb41b5b8f788cb63ccbcc0 - - default default] No more DHCP agents
2026-08-11 19:29:37.698 7 WARNING neutron.api.rpc.agentnotifiers.dhcp_rpc_agent_api [None req-a97e4549-4d80-4633-bd03-3274f7b8d887 9d0ed861d92845068bdb38790caba154 a6e662a7adeb41b5b8f788cb63ccbcc0 - - default default] Unable to schedule network 6aa3bc3a-e9f4-4dca-9876-cd90341cb4ab: no agents available; will retry on subsequent port and subnet creation events.
2026-08-11 19:29:37.762 8 INFO neutron.plugins.ml2.drivers.ovn.mech_driver.mech_driver [None req-065cf609-270e-44dd-8c95-61691e71dd56 - - - - - -] OVN reports status down for port: c60076e9-bbff-40c8-a4d1-032f4adb8894
2026-08-11 19:29:37.796 8 INFO neutron.services.segments.plugin [-] Segment a7910240-7460-4590-9d1a-ca2914222cdc resource provider aggregate not found
2026-08-11 19:29:37.798 8 INFO neutron.services.segments.plugin [-] Segment a7910240-7460-4590-9d1a-ca2914222cdc resource provider aggregate not found
2026-08-11 19:29:37.812 8 INFO neutron.services.segments.plugin [-] Segment a7910240-7460-4590-9d1a-ca2914222cdc resource provider not found; error: Placement Client Error (4xx): {"errors": [{"status": 404, "title": "Not Found", "detail": "The resource could not be found.\n\n No resource provider with uuid a7910240-7460-4590-9d1a-ca2914222cdc found for delete ", "request_id": "req-02dfdf7b-a26f-4513-a5ec-ec6e7818b7b6"}]}
2026-08-11 19:29:37.816 8 INFO neutron.services.segments.plugin [-] Segment a7910240-7460-4590-9d1a-ca2914222cdc resource provider not found; error: Placement Client Error (4xx): {"errors": [{"status": 404, "title": "Not Found", "detail": "The resource could not be found.\n\n No resource provider with uuid a7910240-7460-4590-9d1a-ca2914222cdc found for delete ", "request_id": "req-7821317c-13f7-4929-a7aa-6d81ef1feb81"}]}
2026-08-11 19:29:37.821 7 INFO neutron.db.ovn_revision_numbers_db [None req-a97e4549-4d80-4633-bd03-3274f7b8d887 9d0ed861d92845068bdb38790caba154 a6e662a7adeb41b5b8f788cb63ccbcc0 - - default default] Successfully bumped revision number for resource c60076e9-bbff-40c8-a4d1-032f4adb8894 (type: ports) to 1 [pid: 7|app: 0|req: 873/1707] 10.0.0.117 () {34 vars in 669 bytes} [Tue Aug 11 19:29:37 2026] POST /v2.0/networks => generated 673 bytes in 605 msecs (HTTP/1.1 201) 4 headers in 162 bytes (1 switches on core 0)
2026-08-11 19:29:38.207 8 WARNING neutron.scheduler.dhcp_agent_scheduler [None req-85f362f3-ad49-4b56-afea-f32dcffe8f9d 9d0ed861d92845068bdb38790caba154 a6e662a7adeb41b5b8f788cb63ccbcc0 - - default default] No more DHCP agents
2026-08-11 19:29:38.208 8 WARNING neutron.api.rpc.agentnotifiers.dhcp_rpc_agent_api [None req-85f362f3-ad49-4b56-afea-f32dcffe8f9d 9d0ed861d92845068bdb38790caba154 a6e662a7adeb41b5b8f788cb63ccbcc0 - - default default] Unable to schedule network 441a8089-27df-412b-8ed6-0b5f36646b79: no agents available; will retry on subsequent port and subnet creation events. [pid: 7|app: 0|req: 874/1708] 10.0.0.117 () {32 vars in 773 bytes} [Tue Aug 11 19:29:38 2026] GET /v2.0/security-groups?tenant_id=15415ca08052477dae01b4f459981707&name=default => generated 2925 bytes in 144 msecs (HTTP/1.1 200) 4 headers in 158 bytes (1 switches on core 0)
2026-08-11 19:29:38.264 7 INFO neutron.plugins.ml2.drivers.ovn.mech_driver.mech_driver [None req-3460f9a0-4206-45f0-b03e-023eadcb4fba - - - - - -] OVN reports status down for port: e6afc8ea-ba7e-4db5-940b-8937f255917a
2026-08-11 19:29:38.294 8 INFO neutron.db.ovn_revision_numbers_db [None req-85f362f3-ad49-4b56-afea-f32dcffe8f9d 9d0ed861d92845068bdb38790caba154 a6e662a7adeb41b5b8f788cb63ccbcc0 - - default default] Successfully bumped revision number for resource e6afc8ea-ba7e-4db5-940b-8937f255917a (type: ports) to 1
2026-08-11 19:29:38.344 8 WARNING neutron.scheduler.dhcp_agent_scheduler [None req-85f362f3-ad49-4b56-afea-f32dcffe8f9d 9d0ed861d92845068bdb38790caba154 a6e662a7adeb41b5b8f788cb63ccbcc0 - - default default] No more DHCP agents
2026-08-11 19:29:38.345 8 WARNING neutron.api.rpc.agentnotifiers.dhcp_rpc_agent_api [None req-85f362f3-ad49-4b56-afea-f32dcffe8f9d 9d0ed861d92845068bdb38790caba154 a6e662a7adeb41b5b8f788cb63ccbcc0 - - default default] Unable to schedule network 6aa3bc3a-e9f4-4dca-9876-cd90341cb4ab: no agents available; will retry on subsequent port and subnet creation events.
2026-08-11 19:29:38.416 7 INFO neutron.plugins.ml2.drivers.ovn.mech_driver.mech_driver [None req-3460f9a0-4206-45f0-b03e-023eadcb4fba - - - - - -] OVN reports status down for port: 1cca42fd-ae49-4a61-ae3e-a2a257e59493
2026-08-11 19:29:38.429 8 INFO neutron.db.ovn_revision_numbers_db [None req-85f362f3-ad49-4b56-afea-f32dcffe8f9d 9d0ed861d92845068bdb38790caba154 a6e662a7adeb41b5b8f788cb63ccbcc0 - - default default] Successfully bumped revision number for resource 1cca42fd-ae49-4a61-ae3e-a2a257e59493 (type: ports) to 1 [pid: 8|app: 0|req: 835/1709] 10.0.0.117 () {34 vars in 664 bytes} [Tue Aug 11 19:29:37 2026] POST /v2.0/ports => generated 1505 bytes in 701 msecs (HTTP/1.1 201) 4 headers in 163 bytes (1 switches on core 0) /var/lib/openstack/lib/python3.12/site-packages/pycadf/identifier.py:70: UserWarning: Invalid uuid: neutron. To ensure interoperability, identifiers should be a valid uuid. warnings.warn(('Invalid uuid: %s. To ensure interoperability, ' [pid: 7|app: 0|req: 875/1710] 10.0.0.117 () {32 vars in 739 bytes} [Tue Aug 11 19:29:38 2026] DELETE /v2.0/security-groups/e283b51d-8d39-4b23-9e78-fb75af0211ee => generated 0 bytes in 411 msecs (HTTP/1.1 204) 2 headers in 112 bytes (1 switches on core 0) [pid: 8|app: 0|req: 836/1711] 10.0.0.117 () {32 vars in 642 bytes} [Tue Aug 11 19:29:38 2026] GET /v2.0/ports => generated 3017 bytes in 72 msecs (HTTP/1.1 200) 4 headers in 158 bytes (1 switches on core 0)
2026-08-11 19:29:38.812 7 INFO neutron_taas.services.taas.taas_plugin [None req-033de49d-50a4-4e63-97fc-bed4ac4458a0 9d0ed861d92845068bdb38790caba154 a6e662a7adeb41b5b8f788cb63ccbcc0 - - default default] TaaS: Handle Delete Port: e6afc8ea-ba7e-4db5-940b-8937f255917a
2026-08-11 19:29:38.814 7 INFO neutron_taas.services.taas.tap_mirror_plugin [None req-033de49d-50a4-4e63-97fc-bed4ac4458a0 9d0ed861d92845068bdb38790caba154 a6e662a7adeb41b5b8f788cb63ccbcc0 - - default default] Tap Mirror: Handle Delete Port: e6afc8ea-ba7e-4db5-940b-8937f255917a [pid: 7|app: 0|req: 876/1712] 10.0.0.117 () {32 vars in 719 bytes} [Tue Aug 11 19:29:38 2026] DELETE /v2.0/ports/e6afc8ea-ba7e-4db5-940b-8937f255917a => generated 0 bytes in 275 msecs (HTTP/1.1 204) 3 headers in 131 bytes (1 switches on core 0)
2026-08-11 19:29:39.049 8 INFO neutron_taas.services.taas.taas_plugin [None req-023b483f-b410-46f0-afea-2e91a1ad4e9c 9d0ed861d92845068bdb38790caba154 a6e662a7adeb41b5b8f788cb63ccbcc0 - - default default] TaaS: Handle Delete Port: 1cca42fd-ae49-4a61-ae3e-a2a257e59493
2026-08-11 19:29:39.052 8 INFO neutron_taas.services.taas.tap_mirror_plugin [None req-023b483f-b410-46f0-afea-2e91a1ad4e9c 9d0ed861d92845068bdb38790caba154 a6e662a7adeb41b5b8f788cb63ccbcc0 - - default default] Tap Mirror: Handle Delete Port: 1cca42fd-ae49-4a61-ae3e-a2a257e59493 [pid: 8|app: 0|req: 837/1713] 10.0.0.117 () {32 vars in 719 bytes} [Tue Aug 11 19:29:38 2026] DELETE /v2.0/ports/1cca42fd-ae49-4a61-ae3e-a2a257e59493 => generated 0 bytes in 240 msecs (HTTP/1.1 204) 3 headers in 131 bytes (1 switches on core 0) [pid: 7|app: 0|req: 877/1714] 10.0.0.117 () {32 vars in 642 bytes} [Tue Aug 11 19:29:39 2026] GET /v2.0/ports => generated 1523 bytes in 65 msecs (HTTP/1.1 200) 4 headers in 158 bytes (1 switches on core 0)
2026-08-11 19:29:39.339 8 INFO neutron.db.segments_db [None req-12b1d855-3e7f-4e2f-b443-37c8eb57cfcc 9d0ed861d92845068bdb38790caba154 a6e662a7adeb41b5b8f788cb63ccbcc0 - - default default] Added segment 53ae52d3-af41-4064-bd17-a7fd040e3ef7 of type geneve for network 6bbb6647-1326-439d-9050-443fef3963a6
2026-08-11 19:29:39.441 8 INFO neutron.db.ovn_revision_numbers_db [None req-12b1d855-3e7f-4e2f-b443-37c8eb57cfcc 9d0ed861d92845068bdb38790caba154 a6e662a7adeb41b5b8f788cb63ccbcc0 - - default default] Successfully bumped revision number for resource 6bbb6647-1326-439d-9050-443fef3963a6 (type: networks) to 1
2026-08-11 19:29:39.581 7 INFO neutron.db.ovn_revision_numbers_db [None req-4308c043-8b5a-43ab-a883-4c06fa8047df 5b3fd78f9b0f4b96b799af4b2a134483 f7c739b26379499e900e4a6c9db5b400 - - default default] Successfully bumped revision number for resource 44423704-5f8e-49bf-9947-e9873cf19e96 (type: security_groups) to 1
2026-08-11 19:29:39.590 7 INFO neutron.db.ovn_revision_numbers_db [None req-4308c043-8b5a-43ab-a883-4c06fa8047df 5b3fd78f9b0f4b96b799af4b2a134483 f7c739b26379499e900e4a6c9db5b400 - - default default] Successfully bumped revision number for resource 0a842e7b-67fe-4b04-b461-577466fc9d0e (type: security_group_rules) to 0
2026-08-11 19:29:39.608 7 INFO neutron.db.ovn_revision_numbers_db [None req-4308c043-8b5a-43ab-a883-4c06fa8047df 5b3fd78f9b0f4b96b799af4b2a134483 f7c739b26379499e900e4a6c9db5b400 - - default default] Successfully bumped revision number for resource 1537748d-4180-4f34-88d4-20f321e575cd (type: security_group_rules) to 0
2026-08-11 19:29:39.619 8 WARNING neutron.scheduler.dhcp_agent_scheduler [None req-12b1d855-3e7f-4e2f-b443-37c8eb57cfcc 9d0ed861d92845068bdb38790caba154 a6e662a7adeb41b5b8f788cb63ccbcc0 - - default default] No more DHCP agents
2026-08-11 19:29:39.621 8 WARNING neutron.api.rpc.agentnotifiers.dhcp_rpc_agent_api [None req-12b1d855-3e7f-4e2f-b443-37c8eb57cfcc 9d0ed861d92845068bdb38790caba154 a6e662a7adeb41b5b8f788cb63ccbcc0 - - default default] Unable to schedule network 6bbb6647-1326-439d-9050-443fef3963a6: no agents available; will retry on subsequent port and subnet creation events.
2026-08-11 19:29:39.626 7 INFO neutron.db.ovn_revision_numbers_db [None req-4308c043-8b5a-43ab-a883-4c06fa8047df 5b3fd78f9b0f4b96b799af4b2a134483 f7c739b26379499e900e4a6c9db5b400 - - default default] Successfully bumped revision number for resource 1df43623-0986-44b3-9e80-0a38282ba310 (type: security_group_rules) to 0
2026-08-11 19:29:39.648 7 INFO neutron.db.ovn_revision_numbers_db [None req-4308c043-8b5a-43ab-a883-4c06fa8047df 5b3fd78f9b0f4b96b799af4b2a134483 f7c739b26379499e900e4a6c9db5b400 - - default default] Successfully bumped revision number for resource 49ad01f1-b077-4c7d-a143-527f9a0edf9a (type: security_group_rules) to 0
2026-08-11 19:29:39.655 8 INFO neutron.plugins.ml2.drivers.ovn.mech_driver.mech_driver [None req-065cf609-270e-44dd-8c95-61691e71dd56 - - - - - -] OVN reports status down for port: d3c793c9-cfe1-454a-a8ec-2d5c29ed1f22
2026-08-11 19:29:39.710 8 INFO neutron.db.ovn_revision_numbers_db [None req-12b1d855-3e7f-4e2f-b443-37c8eb57cfcc 9d0ed861d92845068bdb38790caba154 a6e662a7adeb41b5b8f788cb63ccbcc0 - - default default] Successfully bumped revision number for resource d3c793c9-cfe1-454a-a8ec-2d5c29ed1f22 (type: ports) to 1 [pid: 8|app: 0|req: 838/1715] 10.0.0.117 () {34 vars in 669 bytes} [Tue Aug 11 19:29:39 2026] POST /v2.0/networks => generated 672 bytes in 500 msecs (HTTP/1.1 201) 4 headers in 162 bytes (1 switches on core 0)
2026-08-11 19:29:39.741 7 INFO neutron.db.segments_db [None req-4308c043-8b5a-43ab-a883-4c06fa8047df 5b3fd78f9b0f4b96b799af4b2a134483 f7c739b26379499e900e4a6c9db5b400 - - default default] Added segment 8c539dfc-d6f5-44d1-aa3d-016ec3031432 of type geneve for network b51707c1-4f9e-4973-802b-7641d0ad4bc8
2026-08-11 19:29:39.838 7 INFO neutron.db.ovn_revision_numbers_db [None req-4308c043-8b5a-43ab-a883-4c06fa8047df 5b3fd78f9b0f4b96b799af4b2a134483 f7c739b26379499e900e4a6c9db5b400 - - default default] Successfully bumped revision number for resource b51707c1-4f9e-4973-802b-7641d0ad4bc8 (type: networks) to 1
2026-08-11 19:29:39.863 8 INFO neutron.db.segments_db [None req-2eadad0d-6e0b-4f66-8b63-697fb41dbf5a 9d0ed861d92845068bdb38790caba154 a6e662a7adeb41b5b8f788cb63ccbcc0 - - default default] Added segment 45d10b2d-8438-4fbc-9d84-cd527e599688 of type geneve for network 0ac4788c-c3e9-4db8-850c-06a65ad9aa6f
2026-08-11 19:29:39.977 8 INFO neutron.db.ovn_revision_numbers_db [None req-2eadad0d-6e0b-4f66-8b63-697fb41dbf5a 9d0ed861d92845068bdb38790caba154 a6e662a7adeb41b5b8f788cb63ccbcc0 - - default default] Successfully bumped revision number for resource 0ac4788c-c3e9-4db8-850c-06a65ad9aa6f (type: networks) to 1
2026-08-11 19:29:39.991 7 WARNING neutron.scheduler.dhcp_agent_scheduler [None req-4308c043-8b5a-43ab-a883-4c06fa8047df 5b3fd78f9b0f4b96b799af4b2a134483 f7c739b26379499e900e4a6c9db5b400 - - default default] No more DHCP agents
2026-08-11 19:29:39.993 7 WARNING neutron.api.rpc.agentnotifiers.dhcp_rpc_agent_api [None req-4308c043-8b5a-43ab-a883-4c06fa8047df 5b3fd78f9b0f4b96b799af4b2a134483 f7c739b26379499e900e4a6c9db5b400 - - default default] Unable to schedule network b51707c1-4f9e-4973-802b-7641d0ad4bc8: no agents available; will retry on subsequent port and subnet creation events.
2026-08-11 19:29:40.054 8 INFO neutron.plugins.ml2.drivers.ovn.mech_driver.mech_driver [None req-065cf609-270e-44dd-8c95-61691e71dd56 - - - - - -] OVN reports status down for port: 06b7581f-70b2-486a-b58b-891a61b559ae
2026-08-11 19:29:40.083 7 INFO neutron.db.ovn_revision_numbers_db [None req-4308c043-8b5a-43ab-a883-4c06fa8047df 5b3fd78f9b0f4b96b799af4b2a134483 f7c739b26379499e900e4a6c9db5b400 - - default default] Successfully bumped revision number for resource 06b7581f-70b2-486a-b58b-891a61b559ae (type: ports) to 1 [pid: 7|app: 0|req: 878/1716] 10.0.0.117 () {34 vars in 670 bytes} [Tue Aug 11 19:29:39 2026] POST /v2.0/networks => generated 761 bytes in 793 msecs (HTTP/1.1 201) 4 headers in 162 bytes (1 switches on core 0)
2026-08-11 19:29:40.200 8 WARNING neutron.scheduler.dhcp_agent_scheduler [None req-2eadad0d-6e0b-4f66-8b63-697fb41dbf5a 9d0ed861d92845068bdb38790caba154 a6e662a7adeb41b5b8f788cb63ccbcc0 - - default default] No more DHCP agents
2026-08-11 19:29:40.203 8 WARNING neutron.api.rpc.agentnotifiers.dhcp_rpc_agent_api [None req-2eadad0d-6e0b-4f66-8b63-697fb41dbf5a 9d0ed861d92845068bdb38790caba154 a6e662a7adeb41b5b8f788cb63ccbcc0 - - default default] Unable to schedule network 0ac4788c-c3e9-4db8-850c-06a65ad9aa6f: no agents available; will retry on subsequent port and subnet creation events.
2026-08-11 19:29:40.231 7 WARNING neutron.scheduler.dhcp_agent_scheduler [None req-ede718d9-7ba7-4dbd-898a-08af5cc8b22c 5b3fd78f9b0f4b96b799af4b2a134483 f7c739b26379499e900e4a6c9db5b400 - - default default] No more DHCP agents
2026-08-11 19:29:40.232 7 WARNING neutron.api.rpc.agentnotifiers.dhcp_rpc_agent_api [None req-ede718d9-7ba7-4dbd-898a-08af5cc8b22c 5b3fd78f9b0f4b96b799af4b2a134483 f7c739b26379499e900e4a6c9db5b400 - - default default] Unable to schedule network b51707c1-4f9e-4973-802b-7641d0ad4bc8: no agents available; will retry on subsequent port and subnet creation events.
2026-08-11 19:29:40.243 8 INFO neutron.plugins.ml2.drivers.ovn.mech_driver.mech_driver [None req-065cf609-270e-44dd-8c95-61691e71dd56 - - - - - -] OVN reports status down for port: 4317d588-e4e4-4a4f-b46f-be41d950b589
2026-08-11 19:29:40.303 8 INFO neutron.db.ovn_revision_numbers_db [None req-2eadad0d-6e0b-4f66-8b63-697fb41dbf5a 9d0ed861d92845068bdb38790caba154 a6e662a7adeb41b5b8f788cb63ccbcc0 - - default default] Successfully bumped revision number for resource 4317d588-e4e4-4a4f-b46f-be41d950b589 (type: ports) to 1 [pid: 8|app: 0|req: 839/1717] 10.0.0.117 () {34 vars in 669 bytes} [Tue Aug 11 19:29:39 2026] POST /v2.0/networks => generated 672 bytes in 600 msecs (HTTP/1.1 201) 4 headers in 162 bytes (1 switches on core 0)
2026-08-11 19:29:40.644 8 INFO neutron.db.ovn_revision_numbers_db [None req-ef9fe1bb-5a0a-4933-acd8-af35b399db10 b470067c11104200a70953195fd7aeb0 b77e0a5bc74f46cfb4ef22dd69210561 - - default default] Successfully bumped revision number for resource 9dd720df-ed6e-4a84-8963-7c05599c0da0 (type: security_groups) to 1
2026-08-11 19:29:40.650 7 INFO neutron.db.ovn_revision_numbers_db [None req-320b76fe-551c-465a-ab14-01a509c65957 - - - - - -] Successfully bumped revision number for resource 06b7581f-70b2-486a-b58b-891a61b559ae (type: ports) to 2
2026-08-11 19:29:40.657 8 INFO neutron.db.ovn_revision_numbers_db [None req-ef9fe1bb-5a0a-4933-acd8-af35b399db10 b470067c11104200a70953195fd7aeb0 b77e0a5bc74f46cfb4ef22dd69210561 - - default default] Successfully bumped revision number for resource 27baab43-e491-4d76-89ad-edb46eafc50a (type: security_group_rules) to 0
2026-08-11 19:29:40.667 8 INFO neutron.db.ovn_revision_numbers_db [None req-ef9fe1bb-5a0a-4933-acd8-af35b399db10 b470067c11104200a70953195fd7aeb0 b77e0a5bc74f46cfb4ef22dd69210561 - - default default] Successfully bumped revision number for resource 8fdbe960-db7a-4017-a452-ab02213e5e77 (type: security_group_rules) to 0
2026-08-11 19:29:40.678 8 INFO neutron.db.ovn_revision_numbers_db [None req-ef9fe1bb-5a0a-4933-acd8-af35b399db10 b470067c11104200a70953195fd7aeb0 b77e0a5bc74f46cfb4ef22dd69210561 - - default default] Successfully bumped revision number for resource a446178a-8e96-4d46-ad47-ff06e83aa544 (type: security_group_rules) to 0
2026-08-11 19:29:40.689 8 INFO neutron.db.ovn_revision_numbers_db [None req-ef9fe1bb-5a0a-4933-acd8-af35b399db10 b470067c11104200a70953195fd7aeb0 b77e0a5bc74f46cfb4ef22dd69210561 - - default default] Successfully bumped revision number for resource df1014af-e10c-406f-86da-4648917e78c2 (type: security_group_rules) to 0
2026-08-11 19:29:40.694 7 INFO neutron.db.ovn_revision_numbers_db [None req-320b76fe-551c-465a-ab14-01a509c65957 - - - - - -] Successfully bumped revision number for resource d913ce43-bfae-43cc-a7c5-3a847988aa13 (type: subnets) to 0 [pid: 7|app: 0|req: 879/1718] 10.0.0.117 () {34 vars in 668 bytes} [Tue Aug 11 19:29:40 2026] POST /v2.0/subnets => generated 686 bytes in 603 msecs (HTTP/1.1 201) 4 headers in 162 bytes (1 switches on core 0)
2026-08-11 19:29:40.797 8 INFO neutron.db.ovn_revision_numbers_db [None req-ef9fe1bb-5a0a-4933-acd8-af35b399db10 b470067c11104200a70953195fd7aeb0 b77e0a5bc74f46cfb4ef22dd69210561 - - default default] Successfully bumped revision number for resource fafb5bbc-beeb-4d8e-9f2c-7eb70f56dbce (type: security_groups) to 1
2026-08-11 19:29:40.818 8 INFO neutron.db.ovn_revision_numbers_db [None req-ef9fe1bb-5a0a-4933-acd8-af35b399db10 b470067c11104200a70953195fd7aeb0 b77e0a5bc74f46cfb4ef22dd69210561 - - default default] Successfully bumped revision number for resource 5aef62e8-2850-4540-b202-ec87c83715b3 (type: security_group_rules) to 0
2026-08-11 19:29:40.830 8 INFO neutron.db.ovn_revision_numbers_db [None req-ef9fe1bb-5a0a-4933-acd8-af35b399db10 b470067c11104200a70953195fd7aeb0 b77e0a5bc74f46cfb4ef22dd69210561 - - default default] Successfully bumped revision number for resource f2038e97-054f-4391-96f2-f2352b5025b6 (type: security_group_rules) to 0 [pid: 8|app: 0|req: 840/1719] 10.0.0.117 () {34 vars in 683 bytes} [Tue Aug 11 19:29:40 2026] POST /v2.0/security-groups => generated 1624 bytes in 472 msecs (HTTP/1.1 201) 4 headers in 163 bytes (1 switches on core 0)
2026-08-11 19:29:41.134 7 WARNING neutron.scheduler.dhcp_agent_scheduler [None req-8eedea8b-7a18-4063-a3d6-52c19d29497a 5b3fd78f9b0f4b96b799af4b2a134483 f7c739b26379499e900e4a6c9db5b400 - - default default] No more DHCP agents
2026-08-11 19:29:41.135 7 WARNING neutron.api.rpc.agentnotifiers.dhcp_rpc_agent_api [None req-8eedea8b-7a18-4063-a3d6-52c19d29497a 5b3fd78f9b0f4b96b799af4b2a134483 f7c739b26379499e900e4a6c9db5b400 - - default default] Unable to schedule network 9226d14e-4b39-4638-8221-9e84d0a45ea3: no agents available; will retry on subsequent port and subnet creation events.
2026-08-11 19:29:41.162 8 WARNING neutron.scheduler.dhcp_agent_scheduler [None req-2cb7c15f-e34e-4d57-a142-c2fed8132d83 9d0ed861d92845068bdb38790caba154 a6e662a7adeb41b5b8f788cb63ccbcc0 - - default default] No more DHCP agents
2026-08-11 19:29:41.163 8 WARNING neutron.api.rpc.agentnotifiers.dhcp_rpc_agent_api [None req-2cb7c15f-e34e-4d57-a142-c2fed8132d83 9d0ed861d92845068bdb38790caba154 a6e662a7adeb41b5b8f788cb63ccbcc0 - - default default] Unable to schedule network 6bbb6647-1326-439d-9050-443fef3963a6: no agents available; will retry on subsequent port and subnet creation events.
2026-08-11 19:29:41.192 8 INFO neutron.db.ovn_revision_numbers_db [None req-2cb7c15f-e34e-4d57-a142-c2fed8132d83 9d0ed861d92845068bdb38790caba154 a6e662a7adeb41b5b8f788cb63ccbcc0 - - default default] Successfully bumped revision number for resource 844ca907-ee36-430b-9366-3d2c3cef0cac (type: subnets) to 0
2026-08-11 19:29:41.217 8 WARNING neutron.scheduler.dhcp_agent_scheduler [None req-2cb7c15f-e34e-4d57-a142-c2fed8132d83 9d0ed861d92845068bdb38790caba154 a6e662a7adeb41b5b8f788cb63ccbcc0 - - default default] No more DHCP agents
2026-08-11 19:29:41.218 8 WARNING neutron.api.rpc.agentnotifiers.dhcp_rpc_agent_api [None req-2cb7c15f-e34e-4d57-a142-c2fed8132d83 9d0ed861d92845068bdb38790caba154 a6e662a7adeb41b5b8f788cb63ccbcc0 - - default default] Unable to schedule network 0ac4788c-c3e9-4db8-850c-06a65ad9aa6f: no agents available; will retry on subsequent port and subnet creation events.
2026-08-11 19:29:41.242 7 INFO neutron.plugins.ml2.drivers.ovn.mech_driver.mech_driver [None req-3460f9a0-4206-45f0-b03e-023eadcb4fba - - - - - -] OVN reports status down for port: dd577d67-5943-43ff-ba2c-1e0c958823e0
2026-08-11 19:29:41.253 8 INFO neutron.db.ovn_revision_numbers_db [None req-2cb7c15f-e34e-4d57-a142-c2fed8132d83 9d0ed861d92845068bdb38790caba154 a6e662a7adeb41b5b8f788cb63ccbcc0 - - default default] Successfully bumped revision number for resource bee97a75-0aa2-4139-a24c-40111c14ff17 (type: subnets) to 0 [pid: 8|app: 0|req: 841/1720] 10.0.0.117 () {34 vars in 668 bytes} [Tue Aug 11 19:29:40 2026] POST /v2.0/subnets => generated 1323 bytes in 412 msecs (HTTP/1.1 201) 4 headers in 163 bytes (1 switches on core 0)
2026-08-11 19:29:41.305 7 INFO neutron.db.ovn_revision_numbers_db [None req-8eedea8b-7a18-4063-a3d6-52c19d29497a 5b3fd78f9b0f4b96b799af4b2a134483 f7c739b26379499e900e4a6c9db5b400 - - default default] Successfully bumped revision number for resource dd577d67-5943-43ff-ba2c-1e0c958823e0 (type: ports) to 1 [pid: 8|app: 0|req: 842/1721] 10.0.0.117 () {32 vars in 662 bytes} [Tue Aug 11 19:29:41 2026] GET /v2.0/security-groups => generated 4529 bytes in 34 msecs (HTTP/1.1 200) 4 headers in 158 bytes (1 switches on core 0) [pid: 8|app: 0|req: 843/1722] 10.0.0.117 () {32 vars in 646 bytes} [Tue Aug 11 19:29:41 2026] GET /v2.0/subnets => generated 1959 bytes in 41 msecs (HTTP/1.1 200) 4 headers in 158 bytes (1 switches on core 0)
2026-08-11 19:29:41.404 8 INFO neutron.db.ovn_revision_numbers_db [None req-0562286e-3b8a-42ab-88fb-3fb7cfb06a8a b470067c11104200a70953195fd7aeb0 b77e0a5bc74f46cfb4ef22dd69210561 - - default default] Successfully bumped revision number for resource fafb5bbc-beeb-4d8e-9f2c-7eb70f56dbce (type: security_groups) to 2 [pid: 8|app: 0|req: 844/1723] 10.0.0.117 () {34 vars in 757 bytes} [Tue Aug 11 19:29:41 2026] PUT /v2.0/security-groups/fafb5bbc-beeb-4d8e-9f2c-7eb70f56dbce => generated 1662 bytes in 76 msecs (HTTP/1.1 200) 4 headers in 158 bytes (1 switches on core 0) [pid: 8|app: 0|req: 845/1724] 10.0.0.117 () {32 vars in 723 bytes} [Tue Aug 11 19:29:41 2026] DELETE /v2.0/subnets/844ca907-ee36-430b-9366-3d2c3cef0cac => generated 0 bytes in 146 msecs (HTTP/1.1 204) 3 headers in 131 bytes (1 switches on core 0) [pid: 8|app: 0|req: 846/1725] 10.0.0.117 () {32 vars in 736 bytes} [Tue Aug 11 19:29:41 2026] GET /v2.0/security-groups/fafb5bbc-beeb-4d8e-9f2c-7eb70f56dbce => generated 1662 bytes in 27 msecs (HTTP/1.1 200) 4 headers in 158 bytes (1 switches on core 0) [pid: 8|app: 0|req: 847/1726] 10.0.0.117 () {32 vars in 723 bytes} [Tue Aug 11 19:29:41 2026] DELETE /v2.0/subnets/bee97a75-0aa2-4139-a24c-40111c14ff17 => generated 0 bytes in 157 msecs (HTTP/1.1 204) 3 headers in 131 bytes (1 switches on core 0) [pid: 8|app: 0|req: 848/1727] 10.0.0.117 () {32 vars in 739 bytes} [Tue Aug 11 19:29:41 2026] DELETE /v2.0/security-groups/fafb5bbc-beeb-4d8e-9f2c-7eb70f56dbce => generated 0 bytes in 101 msecs (HTTP/1.1 204) 2 headers in 112 bytes (1 switches on core 0) [pid: 8|app: 0|req: 849/1728] 10.0.0.117 () {32 vars in 646 bytes} [Tue Aug 11 19:29:41 2026] GET /v2.0/subnets => generated 649 bytes in 24 msecs (HTTP/1.1 200) 4 headers in 157 bytes (1 switches on core 0) [pid: 8|app: 0|req: 850/1729] 10.0.0.117 () {32 vars in 662 bytes} [Tue Aug 11 19:29:41 2026] GET /v2.0/security-groups => generated 2925 bytes in 23 msecs (HTTP/1.1 200) 4 headers in 158 bytes (1 switches on core 0)
2026-08-11 19:29:41.986 7 INFO neutron.plugins.ml2.drivers.ovn.mech_driver.ovsdb.commands [None req-1986ace6-b3a5-406e-89f5-975bcbc86163 - - - - - -] Schedule LRP lrp-dd577d67-5943-43ff-ba2c-1e0c958823e0 on gateway b620ba61-5492-4326-892c-1e6c83a6f02b with priority 1
2026-08-11 19:29:42.005 7 INFO neutron.plugins.ml2.drivers.ovn.mech_driver.mech_driver [None req-3460f9a0-4206-45f0-b03e-023eadcb4fba - - - - - -] OVN reports status up for port: dd577d67-5943-43ff-ba2c-1e0c958823e0
2026-08-11 19:29:42.021 8 INFO neutron.plugins.ml2.drivers.ovn.mech_driver.ovsdb.ovsdb_monitor [None req-882c1a1d-8798-40d8-a057-bf8359bf88d8 - - - - - -] Router 9e47273d-2bbb-49fb-9649-8d3878770575 is bound to host instance
2026-08-11 19:29:42.042 7 INFO neutron.plugins.ml2.plugin [None req-3460f9a0-4206-45f0-b03e-023eadcb4fba - - - - - -] Attempt 1 to provision port dd577d67-5943-43ff-ba2c-1e0c958823e0
2026-08-11 19:29:42.064 7 INFO neutron.db.ovn_revision_numbers_db [None req-8eedea8b-7a18-4063-a3d6-52c19d29497a 5b3fd78f9b0f4b96b799af4b2a134483 f7c739b26379499e900e4a6c9db5b400 - - default default] Successfully bumped revision number for resource dd577d67-5943-43ff-ba2c-1e0c958823e0 (type: router_ports) to 1
2026-08-11 19:29:42.071 8 INFO neutron_taas.services.taas.taas_plugin [None req-3824ff6f-3f8d-4d82-afc9-89752f10c1ea 9d0ed861d92845068bdb38790caba154 a6e662a7adeb41b5b8f788cb63ccbcc0 - - default default] TaaS: Handle Delete Port: 4317d588-e4e4-4a4f-b46f-be41d950b589
2026-08-11 19:29:42.076 8 INFO neutron_taas.services.taas.tap_mirror_plugin [None req-3824ff6f-3f8d-4d82-afc9-89752f10c1ea 9d0ed861d92845068bdb38790caba154 a6e662a7adeb41b5b8f788cb63ccbcc0 - - default default] Tap Mirror: Handle Delete Port: 4317d588-e4e4-4a4f-b46f-be41d950b589
2026-08-11 19:29:42.182 7 INFO neutron.db.ovn_revision_numbers_db [None req-8eedea8b-7a18-4063-a3d6-52c19d29497a 5b3fd78f9b0f4b96b799af4b2a134483 f7c739b26379499e900e4a6c9db5b400 - - default default] Successfully bumped revision number for resource 9e47273d-2bbb-49fb-9649-8d3878770575 (type: routers) to 2 [pid: 7|app: 0|req: 880/1730] 10.0.0.117 () {34 vars in 668 bytes} [Tue Aug 11 19:29:40 2026] POST /v2.0/routers => generated 964 bytes in 1479 msecs (HTTP/1.1 201) 4 headers in 162 bytes (1 switches on core 0)
2026-08-11 19:29:42.213 7 INFO neutron.api.v2.resource [None req-32311f03-3257-4c65-8ad5-8682c2c0cb35 b470067c11104200a70953195fd7aeb0 b77e0a5bc74f46cfb4ef22dd69210561 - - default default] delete failed (client error): The resource could not be found. [pid: 7|app: 0|req: 881/1731] 10.0.0.117 () {32 vars in 739 bytes} [Tue Aug 11 19:29:42 2026] DELETE /v2.0/security-groups/fafb5bbc-beeb-4d8e-9f2c-7eb70f56dbce => generated 146 bytes in 14 msecs (HTTP/1.1 404) 4 headers in 164 bytes (1 switches on core 0)
2026-08-11 19:29:42.406 8 INFO neutron.services.segments.plugin [-] Segment 45d10b2d-8438-4fbc-9d84-cd527e599688 resource provider aggregate not found
2026-08-11 19:29:42.431 8 INFO neutron.services.segments.plugin [-] Segment 45d10b2d-8438-4fbc-9d84-cd527e599688 resource provider aggregate not found
2026-08-11 19:29:42.433 8 INFO neutron.services.segments.plugin [-] Segment 45d10b2d-8438-4fbc-9d84-cd527e599688 resource provider not found; error: Placement Client Error (4xx): {"errors": [{"status": 404, "title": "Not Found", "detail": "The resource could not be found.\n\n No resource provider with uuid 45d10b2d-8438-4fbc-9d84-cd527e599688 found for delete ", "request_id": "req-2041cc67-7a9e-47d1-9e22-7326478d142d"}]}
2026-08-11 19:29:42.458 8 INFO neutron.services.segments.plugin [-] Segment 45d10b2d-8438-4fbc-9d84-cd527e599688 resource provider not found; error: Placement Client Error (4xx): {"errors": [{"status": 404, "title": "Not Found", "detail": "The resource could not be found.\n\n No resource provider with uuid 45d10b2d-8438-4fbc-9d84-cd527e599688 found for delete ", "request_id": "req-7ac63d06-c43b-429a-bbca-e5b239469050"}]} [pid: 8|app: 0|req: 851/1732] 10.0.0.117 () {32 vars in 725 bytes} [Tue Aug 11 19:29:41 2026] DELETE /v2.0/networks/0ac4788c-c3e9-4db8-850c-06a65ad9aa6f => generated 0 bytes in 601 msecs (HTTP/1.1 204) 3 headers in 131 bytes (1 switches on core 0)
2026-08-11 19:29:42.733 8 INFO neutron.db.ovn_revision_numbers_db [None req-bc9532b4-1f11-4e40-a840-df7b323df14f b470067c11104200a70953195fd7aeb0 b77e0a5bc74f46cfb4ef22dd69210561 - - default default] Successfully bumped revision number for resource e6713adb-306a-4075-83fb-1fcb0363e723 (type: security_groups) to 1
2026-08-11 19:29:42.757 7 WARNING neutron.scheduler.dhcp_agent_scheduler [None req-bd4ebed2-72e3-478d-9e33-ed72b823f072 5b3fd78f9b0f4b96b799af4b2a134483 f7c739b26379499e900e4a6c9db5b400 - - default default] No more DHCP agents
2026-08-11 19:29:42.758 7 WARNING neutron.api.rpc.agentnotifiers.dhcp_rpc_agent_api [None req-bd4ebed2-72e3-478d-9e33-ed72b823f072 5b3fd78f9b0f4b96b799af4b2a134483 f7c739b26379499e900e4a6c9db5b400 - - default default] Unable to schedule network b51707c1-4f9e-4973-802b-7641d0ad4bc8: no agents available; will retry on subsequent port and subnet creation events.
2026-08-11 19:29:42.761 8 INFO neutron.db.ovn_revision_numbers_db [None req-bc9532b4-1f11-4e40-a840-df7b323df14f b470067c11104200a70953195fd7aeb0 b77e0a5bc74f46cfb4ef22dd69210561 - - default default] Successfully bumped revision number for resource 5728e055-09df-4b42-aba0-0eb5148fb63d (type: security_group_rules) to 0
2026-08-11 19:29:42.785 8 INFO neutron.db.ovn_revision_numbers_db [None req-bc9532b4-1f11-4e40-a840-df7b323df14f b470067c11104200a70953195fd7aeb0 b77e0a5bc74f46cfb4ef22dd69210561 - - default default] Successfully bumped revision number for resource f9dcda08-9064-4921-b9bb-078a8ecddce5 (type: security_group_rules) to 0
2026-08-11 19:29:42.866 8 INFO neutron.plugins.ml2.drivers.ovn.mech_driver.mech_driver [None req-065cf609-270e-44dd-8c95-61691e71dd56 - - - - - -] OVN reports status down for port: ee540d60-f982-4c8f-9589-762532482373
2026-08-11 19:29:42.883 7 INFO neutron.db.ovn_revision_numbers_db [None req-bd4ebed2-72e3-478d-9e33-ed72b823f072 5b3fd78f9b0f4b96b799af4b2a134483 f7c739b26379499e900e4a6c9db5b400 - - default default] Successfully bumped revision number for resource ee540d60-f982-4c8f-9589-762532482373 (type: ports) to 1 [pid: 8|app: 0|req: 852/1733] 10.0.0.117 () {34 vars in 683 bytes} [Tue Aug 11 19:29:42 2026] POST /v2.0/security-groups => generated 1624 bytes in 393 msecs (HTTP/1.1 201) 4 headers in 163 bytes (1 switches on core 0)
2026-08-11 19:29:43.193 8 INFO neutron_taas.services.taas.taas_plugin [None req-7d6c7288-19be-4791-8dd7-f03050cef887 9d0ed861d92845068bdb38790caba154 a6e662a7adeb41b5b8f788cb63ccbcc0 - - default default] TaaS: Handle Delete Port: d3c793c9-cfe1-454a-a8ec-2d5c29ed1f22
2026-08-11 19:29:43.198 8 INFO neutron_taas.services.taas.tap_mirror_plugin [None req-7d6c7288-19be-4791-8dd7-f03050cef887 9d0ed861d92845068bdb38790caba154 a6e662a7adeb41b5b8f788cb63ccbcc0 - - default default] Tap Mirror: Handle Delete Port: d3c793c9-cfe1-454a-a8ec-2d5c29ed1f22
2026-08-11 19:29:43.429 8 INFO neutron.plugins.ml2.drivers.ovn.mech_driver.mech_driver [None req-065cf609-270e-44dd-8c95-61691e71dd56 - - - - - -] OVN reports status up for port: ee540d60-f982-4c8f-9589-762532482373
2026-08-11 19:29:43.469 8 INFO neutron.plugins.ml2.plugin [None req-065cf609-270e-44dd-8c95-61691e71dd56 - - - - - -] Attempt 1 to provision port ee540d60-f982-4c8f-9589-762532482373
2026-08-11 19:29:43.486 7 WARNING neutron.scheduler.dhcp_agent_scheduler [None req-bd4ebed2-72e3-478d-9e33-ed72b823f072 5b3fd78f9b0f4b96b799af4b2a134483 f7c739b26379499e900e4a6c9db5b400 - - default default] No more DHCP agents
2026-08-11 19:29:43.487 7 WARNING neutron.api.rpc.agentnotifiers.dhcp_rpc_agent_api [None req-bd4ebed2-72e3-478d-9e33-ed72b823f072 5b3fd78f9b0f4b96b799af4b2a134483 f7c739b26379499e900e4a6c9db5b400 - - default default] Unable to schedule network b51707c1-4f9e-4973-802b-7641d0ad4bc8: no agents available; will retry on subsequent port and subnet creation events.
2026-08-11 19:29:43.933 7 INFO neutron.db.ovn_revision_numbers_db [None req-bd4ebed2-72e3-478d-9e33-ed72b823f072 5b3fd78f9b0f4b96b799af4b2a134483 f7c739b26379499e900e4a6c9db5b400 - - default default] Successfully bumped revision number for resource ee540d60-f982-4c8f-9589-762532482373 (type: router_ports) to 1 [pid: 7|app: 0|req: 882/1734] 10.0.0.117 () {34 vars in 782 bytes} [Tue Aug 11 19:29:42 2026] PUT /v2.0/routers/9e47273d-2bbb-49fb-9649-8d3878770575/add_router_interface => generated 309 bytes in 1723 msecs (HTTP/1.1 200) 4 headers in 157 bytes (1 switches on core 0)
2026-08-11 19:29:44.089 7 INFO neutron.db.ovn_revision_numbers_db [None req-0c1e249d-c837-4cee-bf43-5ae00663a716 b470067c11104200a70953195fd7aeb0 b77e0a5bc74f46cfb4ef22dd69210561 - - default default] Successfully bumped revision number for resource 328d688a-ffff-4298-abfe-9e516ee55d30 (type: security_group_rules) to 0 [pid: 7|app: 0|req: 883/1735] 10.0.0.117 () {34 vars in 694 bytes} [Tue Aug 11 19:29:43 2026] POST /v2.0/security-group-rules => generated 601 bytes in 182 msecs (HTTP/1.1 201) 4 headers in 162 bytes (1 switches on core 0) [pid: 7|app: 0|req: 884/1736] 10.0.0.117 () {32 vars in 746 bytes} [Tue Aug 11 19:29:44 2026] GET /v2.0/security-group-rules/328d688a-ffff-4298-abfe-9e516ee55d30 => generated 601 bytes in 31 msecs (HTTP/1.1 200) 4 headers in 157 bytes (1 switches on core 0) [pid: 7|app: 0|req: 885/1737] 10.0.0.117 () {32 vars in 672 bytes} [Tue Aug 11 19:29:44 2026] GET /v2.0/security-group-rules => generated 4138 bytes in 89 msecs (HTTP/1.1 200) 4 headers in 158 bytes (1 switches on core 0) [pid: 8|app: 0|req: 853/1738] 10.0.0.117 () {32 vars in 725 bytes} [Tue Aug 11 19:29:42 2026] DELETE /v2.0/networks/6bbb6647-1326-439d-9050-443fef3963a6 => generated 0 bytes in 1368 msecs (HTTP/1.1 204) 3 headers in 131 bytes (1 switches on core 0)
2026-08-11 19:29:44.292 8 INFO neutron.db.ovn_revision_numbers_db [None req-98a5107a-a088-4ff1-b5fe-eb77ca523239 - - - - - -] Successfully bumped revision number for resource dd577d67-5943-43ff-ba2c-1e0c958823e0 (type: ports) to 4 [pid: 7|app: 0|req: 886/1739] 10.0.0.117 () {32 vars in 749 bytes} [Tue Aug 11 19:29:44 2026] DELETE /v2.0/security-group-rules/328d688a-ffff-4298-abfe-9e516ee55d30 => generated 0 bytes in 114 msecs (HTTP/1.1 204) 2 headers in 112 bytes (1 switches on core 0) [pid: 7|app: 0|req: 887/1740] 10.0.0.117 () {32 vars in 672 bytes} [Tue Aug 11 19:29:44 2026] GET /v2.0/security-group-rules => generated 3560 bytes in 59 msecs (HTTP/1.1 200) 4 headers in 158 bytes (1 switches on core 0)
2026-08-11 19:29:44.468 8 INFO neutron.services.segments.plugin [-] Segment 53ae52d3-af41-4064-bd17-a7fd040e3ef7 resource provider aggregate not found
2026-08-11 19:29:44.488 8 INFO neutron.services.segments.plugin [-] Segment 53ae52d3-af41-4064-bd17-a7fd040e3ef7 resource provider aggregate not found
2026-08-11 19:29:44.501 8 INFO neutron.services.segments.plugin [-] Segment 53ae52d3-af41-4064-bd17-a7fd040e3ef7 resource provider not found; error: Placement Client Error (4xx): {"errors": [{"status": 404, "title": "Not Found", "detail": "The resource could not be found.\n\n No resource provider with uuid 53ae52d3-af41-4064-bd17-a7fd040e3ef7 found for delete ", "request_id": "req-ef8b9759-f3c5-431f-9323-ce2c1eb03f61"}]}
2026-08-11 19:29:44.511 8 INFO neutron.services.segments.plugin [-] Segment 53ae52d3-af41-4064-bd17-a7fd040e3ef7 resource provider not found; error: Placement Client Error (4xx): {"errors": [{"status": 404, "title": "Not Found", "detail": "The resource could not be found.\n\n No resource provider with uuid 53ae52d3-af41-4064-bd17-a7fd040e3ef7 found for delete ", "request_id": "req-2db348f7-0032-4ae4-8a12-743342b5511b"}]}
2026-08-11 19:29:44.557 7 INFO neutron.db.ovn_revision_numbers_db [None req-af631fff-36d0-424d-b046-5806de085128 b470067c11104200a70953195fd7aeb0 b77e0a5bc74f46cfb4ef22dd69210561 - - default default] Successfully bumped revision number for resource d81afdac-0369-4cc8-914a-4904a629c0f7 (type: security_group_rules) to 0 [pid: 7|app: 0|req: 888/1741] 10.0.0.117 () {34 vars in 694 bytes} [Tue Aug 11 19:29:44 2026] POST /v2.0/security-group-rules => generated 601 bytes in 156 msecs (HTTP/1.1 201) 4 headers in 162 bytes (1 switches on core 0) [pid: 7|app: 0|req: 889/1742] 10.0.0.117 () {32 vars in 746 bytes} [Tue Aug 11 19:29:44 2026] GET /v2.0/security-group-rules/d81afdac-0369-4cc8-914a-4904a629c0f7 => generated 601 bytes in 14 msecs (HTTP/1.1 200) 4 headers in 157 bytes (1 switches on core 0) [pid: 7|app: 0|req: 890/1743] 10.0.0.117 () {32 vars in 672 bytes} [Tue Aug 11 19:29:44 2026] GET /v2.0/security-group-rules => generated 4138 bytes in 65 msecs (HTTP/1.1 200) 4 headers in 158 bytes (1 switches on core 0)
2026-08-11 19:29:44.743 8 INFO neutron_taas.services.taas.taas_plugin [None req-56fb5e12-70eb-41a0-8c24-06832cad9ca3 9d0ed861d92845068bdb38790caba154 a6e662a7adeb41b5b8f788cb63ccbcc0 - - default default] TaaS: Handle Delete Port: c60076e9-bbff-40c8-a4d1-032f4adb8894
2026-08-11 19:29:44.753 8 INFO neutron_taas.services.taas.tap_mirror_plugin [None req-56fb5e12-70eb-41a0-8c24-06832cad9ca3 9d0ed861d92845068bdb38790caba154 a6e662a7adeb41b5b8f788cb63ccbcc0 - - default default] Tap Mirror: Handle Delete Port: c60076e9-bbff-40c8-a4d1-032f4adb8894 [pid: 7|app: 0|req: 891/1744] 10.0.0.117 () {32 vars in 749 bytes} [Tue Aug 11 19:29:44 2026] DELETE /v2.0/security-group-rules/d81afdac-0369-4cc8-914a-4904a629c0f7 => generated 0 bytes in 139 msecs (HTTP/1.1 204) 2 headers in 112 bytes (1 switches on core 0) [pid: 7|app: 0|req: 892/1745] 10.0.0.117 () {32 vars in 672 bytes} [Tue Aug 11 19:29:44 2026] GET /v2.0/security-group-rules => generated 3560 bytes in 59 msecs (HTTP/1.1 200) 4 headers in 158 bytes (1 switches on core 0)
2026-08-11 19:29:44.929 7 INFO neutron.db.securitygroups_db [None req-d309af97-79a5-46fe-a687-2fc9baa11e7a b470067c11104200a70953195fd7aeb0 b77e0a5bc74f46cfb4ef22dd69210561 - - default default] Project b77e0a5bc74f46cfb4ef22dd69210561 added a security group rule with legacy IPv6 ICMP protocol name icmp, ipv6-icmp should be used instead. It was automatically converted.
