May 29 00:14:50.562897 np0000177338 nova-scheduler[108318]: DEBUG cotyledon.oslo_config_glue [-] workarounds.never_download_image_if_on_rbd = False {{(pid=108318) log_opt_values /opt/stack/data/venv/lib/python3.12/site-packages/oslo_config/cfg.py:3256}}
May 29 00:14:50.562897 np0000177338 nova-scheduler[108318]: DEBUG cotyledon.oslo_config_glue [-] workarounds.qemu_monitor_announce_self_count = 3 {{(pid=108318) log_opt_values /opt/stack/data/venv/lib/python3.12/site-packages/oslo_config/cfg.py:3256}}
May 29 00:14:50.562897 np0000177338 nova-scheduler[108318]: DEBUG cotyledon.oslo_config_glue [-] workarounds.qemu_monitor_announce_self_interval = 1 {{(pid=108318) log_opt_values /opt/stack/data/venv/lib/python3.12/site-packages/oslo_config/cfg.py:3256}}
May 29 00:14:50.563110 np0000177338 nova-scheduler[108318]: DEBUG cotyledon.oslo_config_glue [-] workarounds.reserve_disk_resource_for_image_cache = False {{(pid=108318) log_opt_values /opt/stack/data/venv/lib/python3.12/site-packages/oslo_config/cfg.py:3256}}
May 29 00:14:50.563110 np0000177338 nova-scheduler[108318]: DEBUG cotyledon.oslo_config_glue [-] workarounds.skip_cpu_compare_at_startup = False {{(pid=108318) log_opt_values /opt/stack/data/venv/lib/python3.12/site-packages/oslo_config/cfg.py:3256}}
May 29 00:14:50.563110 np0000177338 nova-scheduler[108318]: DEBUG cotyledon.oslo_config_glue [-] workarounds.skip_cpu_compare_on_dest = False {{(pid=108318) log_opt_values /opt/stack/data/venv/lib/python3.12/site-packages/oslo_config/cfg.py:3256}}
May 29 00:14:50.563110 np0000177338 nova-scheduler[108318]: DEBUG cotyledon.oslo_config_glue [-] workarounds.skip_hypervisor_version_check_on_lm = False {{(pid=108318) log_opt_values /opt/stack/data/venv/lib/python3.12/site-packages/oslo_config/cfg.py:3256}}
May 29 00:14:50.563110 np0000177338 nova-scheduler[108318]: DEBUG cotyledon.oslo_config_glue [-] workarounds.skip_reserve_in_use_ironic_nodes = False {{(pid=108318) log_opt_values /opt/stack/data/venv/lib/python3.12/site-packages/oslo_config/cfg.py:3256}}
May 29 00:14:50.563110 np0000177338 nova-scheduler[108318]: DEBUG cotyledon.oslo_config_glue [-] workarounds.unified_limits_count_pcpu_as_vcpu = False {{(pid=108318) log_opt_values /opt/stack/data/venv/lib/python3.12/site-packages/oslo_config/cfg.py:3256}}
May 29 00:14:50.563110 np0000177338 nova-scheduler[108318]: DEBUG cotyledon.oslo_config_glue [-] workarounds.wait_for_vif_plugged_event_during_hard_reboot = [] {{(pid=108318) log_opt_values /opt/stack/data/venv/lib/python3.12/site-packages/oslo_config/cfg.py:3256}}
May 29 00:14:50.563110 np0000177338 nova-scheduler[108318]: DEBUG cotyledon.oslo_config_glue [-] wsgi.api_paste_config = /etc/nova/api-paste.ini {{(pid=108318) log_opt_values /opt/stack/data/venv/lib/python3.12/site-packages/oslo_config/cfg.py:3256}}
May 29 00:14:50.563548 np0000177338 nova-scheduler[108318]: DEBUG cotyledon.oslo_config_glue [-] wsgi.secure_proxy_ssl_header = None {{(pid=108318) log_opt_values /opt/stack/data/venv/lib/python3.12/site-packages/oslo_config/cfg.py:3256}}
May 29 00:14:50.563548 np0000177338 nova-scheduler[108318]: DEBUG cotyledon.oslo_config_glue [-] zvm.ca_file = None {{(pid=108318) log_opt_values /opt/stack/data/venv/lib/python3.12/site-packages/oslo_config/cfg.py:3256}}
May 29 00:14:50.563548 np0000177338 nova-scheduler[108318]: DEBUG cotyledon.oslo_config_glue [-] zvm.cloud_connector_url = None {{(pid=108318) log_opt_values /opt/stack/data/venv/lib/python3.12/site-packages/oslo_config/cfg.py:3256}}
May 29 00:14:50.563548 np0000177338 nova-scheduler[108318]: DEBUG cotyledon.oslo_config_glue [-] zvm.image_tmp_path = /opt/stack/data/nova/images {{(pid=108318) log_opt_values /opt/stack/data/venv/lib/python3.12/site-packages/oslo_config/cfg.py:3256}}
May 29 00:14:50.563548 np0000177338 nova-scheduler[108318]: DEBUG cotyledon.oslo_config_glue [-] zvm.reachable_timeout = 300 {{(pid=108318) log_opt_values /opt/stack/data/venv/lib/python3.12/site-packages/oslo_config/cfg.py:3256}}
May 29 00:14:50.563548 np0000177338 nova-scheduler[108318]: DEBUG cotyledon.oslo_config_glue [-] oslo_versionedobjects.fatal_exception_format_errors = False {{(pid=108318) log_opt_values /opt/stack/data/venv/lib/python3.12/site-packages/oslo_config/cfg.py:3256}}
May 29 00:14:50.563548 np0000177338 nova-scheduler[108318]: DEBUG cotyledon.oslo_config_glue [-] oslo_middleware.http_basic_auth_user_file = /etc/htpasswd {{(pid=108318) log_opt_values /opt/stack/data/venv/lib/python3.12/site-packages/oslo_config/cfg.py:3256}}
May 29 00:14:50.563548 np0000177338 nova-scheduler[108318]: DEBUG cotyledon.oslo_config_glue [-] oslo_messaging_metrics.metrics_buffer_size = 1000 {{(pid=108318) log_opt_values /opt/stack/data/venv/lib/python3.12/site-packages/oslo_config/cfg.py:3256}}
May 29 00:14:50.563548 np0000177338 nova-scheduler[108318]: DEBUG cotyledon.oslo_config_glue [-] oslo_messaging_metrics.metrics_enabled = False {{(pid=108318) log_opt_values /opt/stack/data/venv/lib/python3.12/site-packages/oslo_config/cfg.py:3256}}
May 29 00:14:50.563777 np0000177338 nova-scheduler[108318]: DEBUG cotyledon.oslo_config_glue [-] oslo_messaging_metrics.metrics_process_name = {{(pid=108318) log_opt_values /opt/stack/data/venv/lib/python3.12/site-packages/oslo_config/cfg.py:3256}}
May 29 00:14:50.563777 np0000177338 nova-scheduler[108318]: DEBUG cotyledon.oslo_config_glue [-] oslo_messaging_metrics.metrics_socket_file = /var/tmp/metrics_collector.sock {{(pid=108318) log_opt_values /opt/stack/data/venv/lib/python3.12/site-packages/oslo_config/cfg.py:3256}}
May 29 00:14:50.563777 np0000177338 nova-scheduler[108318]: DEBUG cotyledon.oslo_config_glue [-] oslo_messaging_metrics.metrics_thread_stop_timeout = 10 {{(pid=108318) log_opt_values /opt/stack/data/venv/lib/python3.12/site-packages/oslo_config/cfg.py:3256}}
May 29 00:14:50.563777 np0000177338 nova-scheduler[108318]: DEBUG cotyledon.oslo_config_glue [-] profiler.connection_string = messaging:// {{(pid=108318) log_opt_values /opt/stack/data/venv/lib/python3.12/site-packages/oslo_config/cfg.py:3256}}
May 29 00:14:50.563777 np0000177338 nova-scheduler[108318]: DEBUG cotyledon.oslo_config_glue [-] profiler.enabled = False {{(pid=108318) log_opt_values /opt/stack/data/venv/lib/python3.12/site-packages/oslo_config/cfg.py:3256}}
May 29 00:14:50.563777 np0000177338 nova-scheduler[108318]: DEBUG cotyledon.oslo_config_glue [-] profiler.es_doc_type = notification {{(pid=108318) log_opt_values /opt/stack/data/venv/lib/python3.12/site-packages/oslo_config/cfg.py:3256}}
May 29 00:14:50.563777 np0000177338 nova-scheduler[108318]: DEBUG cotyledon.oslo_config_glue [-] profiler.es_scroll_size = 10000 {{(pid=108318) log_opt_values /opt/stack/data/venv/lib/python3.12/site-packages/oslo_config/cfg.py:3256}}
May 29 00:14:50.563777 np0000177338 nova-scheduler[108318]: DEBUG cotyledon.oslo_config_glue [-] profiler.es_scroll_time = 2m {{(pid=108318) log_opt_values /opt/stack/data/venv/lib/python3.12/site-packages/oslo_config/cfg.py:3256}}
May 29 00:14:50.563777 np0000177338 nova-scheduler[108318]: DEBUG cotyledon.oslo_config_glue [-] profiler.filter_error_trace = False {{(pid=108318) log_opt_values /opt/stack/data/venv/lib/python3.12/site-packages/oslo_config/cfg.py:3256}}
May 29 00:14:50.564026 np0000177338 nova-scheduler[108318]: DEBUG cotyledon.oslo_config_glue [-] profiler.hmac_keys = **** {{(pid=108318) log_opt_values /opt/stack/data/venv/lib/python3.12/site-packages/oslo_config/cfg.py:3256}}
May 29 00:14:50.564026 np0000177338 nova-scheduler[108318]: DEBUG cotyledon.oslo_config_glue [-] profiler.sentinel_service_name = mymaster {{(pid=108318) log_opt_values /opt/stack/data/venv/lib/python3.12/site-packages/oslo_config/cfg.py:3256}}
May 29 00:14:50.564026 np0000177338 nova-scheduler[108318]: DEBUG cotyledon.oslo_config_glue [-] profiler.socket_timeout = 0.1 {{(pid=108318) log_opt_values /opt/stack/data/venv/lib/python3.12/site-packages/oslo_config/cfg.py:3256}}
May 29 00:14:50.564026 np0000177338 nova-scheduler[108318]: DEBUG cotyledon.oslo_config_glue [-] profiler.trace_requests = False {{(pid=108318) log_opt_values /opt/stack/data/venv/lib/python3.12/site-packages/oslo_config/cfg.py:3256}}
May 29 00:14:50.564026 np0000177338 nova-scheduler[108318]: DEBUG cotyledon.oslo_config_glue [-] profiler.trace_sqlalchemy = False {{(pid=108318) log_opt_values /opt/stack/data/venv/lib/python3.12/site-packages/oslo_config/cfg.py:3256}}
May 29 00:14:50.564026 np0000177338 nova-scheduler[108318]: DEBUG cotyledon.oslo_config_glue [-] profiler_jaeger.process_tags = {} {{(pid=108318) log_opt_values /opt/stack/data/venv/lib/python3.12/site-packages/oslo_config/cfg.py:3256}}
May 29 00:14:50.564026 np0000177338 nova-scheduler[108318]: DEBUG cotyledon.oslo_config_glue [-] profiler_jaeger.service_name_prefix = None {{(pid=108318) log_opt_values /opt/stack/data/venv/lib/python3.12/site-packages/oslo_config/cfg.py:3256}}
May 29 00:14:50.564026 np0000177338 nova-scheduler[108318]: DEBUG cotyledon.oslo_config_glue [-] profiler_otlp.service_name_prefix = None {{(pid=108318) log_opt_values /opt/stack/data/venv/lib/python3.12/site-packages/oslo_config/cfg.py:3256}}
May 29 00:14:50.564026 np0000177338 nova-scheduler[108318]: DEBUG cotyledon.oslo_config_glue [-] oslo_messaging_rabbit.amqp_auto_delete = False {{(pid=108318) log_opt_values /opt/stack/data/venv/lib/python3.12/site-packages/oslo_config/cfg.py:3256}}
May 29 00:14:50.564240 np0000177338 nova-scheduler[108318]: DEBUG cotyledon.oslo_config_glue [-] oslo_messaging_rabbit.amqp_durable_queues = False {{(pid=108318) log_opt_values /opt/stack/data/venv/lib/python3.12/site-packages/oslo_config/cfg.py:3256}}
May 29 00:14:50.564240 np0000177338 nova-scheduler[108318]: DEBUG cotyledon.oslo_config_glue [-] oslo_messaging_rabbit.conn_pool_min_size = 2 {{(pid=108318) log_opt_values /opt/stack/data/venv/lib/python3.12/site-packages/oslo_config/cfg.py:3256}}
May 29 00:14:50.564240 np0000177338 nova-scheduler[108318]: DEBUG cotyledon.oslo_config_glue [-] oslo_messaging_rabbit.conn_pool_ttl = 1200 {{(pid=108318) log_opt_values /opt/stack/data/venv/lib/python3.12/site-packages/oslo_config/cfg.py:3256}}
May 29 00:14:50.564240 np0000177338 nova-scheduler[108318]: DEBUG cotyledon.oslo_config_glue [-] oslo_messaging_rabbit.direct_mandatory_flag = True {{(pid=108318) log_opt_values /opt/stack/data/venv/lib/python3.12/site-packages/oslo_config/cfg.py:3256}}
May 29 00:14:50.564240 np0000177338 nova-scheduler[108318]: DEBUG cotyledon.oslo_config_glue [-] oslo_messaging_rabbit.enable_cancel_on_failover = False {{(pid=108318) log_opt_values /opt/stack/data/venv/lib/python3.12/site-packages/oslo_config/cfg.py:3256}}
May 29 00:14:50.564240 np0000177338 nova-scheduler[108318]: DEBUG cotyledon.oslo_config_glue [-] oslo_messaging_rabbit.heartbeat_rate = 3 {{(pid=108318) log_opt_values /opt/stack/data/venv/lib/python3.12/site-packages/oslo_config/cfg.py:3256}}
May 29 00:14:50.564240 np0000177338 nova-scheduler[108318]: DEBUG cotyledon.oslo_config_glue [-] oslo_messaging_rabbit.heartbeat_timeout_threshold = 60 {{(pid=108318) log_opt_values /opt/stack/data/venv/lib/python3.12/site-packages/oslo_config/cfg.py:3256}}
May 29 00:14:50.564240 np0000177338 nova-scheduler[108318]: DEBUG cotyledon.oslo_config_glue [-] oslo_messaging_rabbit.hostname = np0000177338 {{(pid=108318) log_opt_values /opt/stack/data/venv/lib/python3.12/site-packages/oslo_config/cfg.py:3256}}
May 29 00:14:50.564240 np0000177338 nova-scheduler[108318]: DEBUG cotyledon.oslo_config_glue [-] oslo_messaging_rabbit.kombu_compression = None {{(pid=108318) log_opt_values /opt/stack/data/venv/lib/python3.12/site-packages/oslo_config/cfg.py:3256}}
May 29 00:14:50.564497 np0000177338 nova-scheduler[108318]: DEBUG cotyledon.oslo_config_glue [-] oslo_messaging_rabbit.kombu_failover_strategy = round-robin {{(pid=108318) log_opt_values /opt/stack/data/venv/lib/python3.12/site-packages/oslo_config/cfg.py:3256}}
May 29 00:14:50.564497 np0000177338 nova-scheduler[108318]: DEBUG cotyledon.oslo_config_glue [-] oslo_messaging_rabbit.kombu_missing_consumer_retry_timeout = 60 {{(pid=108318) log_opt_values /opt/stack/data/venv/lib/python3.12/site-packages/oslo_config/cfg.py:3256}}
May 29 00:14:50.564497 np0000177338 nova-scheduler[108318]: DEBUG cotyledon.oslo_config_glue [-] oslo_messaging_rabbit.kombu_reconnect_delay = 1.0 {{(pid=108318) log_opt_values /opt/stack/data/venv/lib/python3.12/site-packages/oslo_config/cfg.py:3256}}
May 29 00:14:50.564497 np0000177338 nova-scheduler[108318]: DEBUG cotyledon.oslo_config_glue [-] oslo_messaging_rabbit.kombu_reconnect_splay = 0.0 {{(pid=108318) log_opt_values /opt/stack/data/venv/lib/python3.12/site-packages/oslo_config/cfg.py:3256}}
May 29 00:14:50.564497 np0000177338 nova-scheduler[108318]: DEBUG cotyledon.oslo_config_glue [-] oslo_messaging_rabbit.processname = nova-scheduler {{(pid=108318) log_opt_values /opt/stack/data/venv/lib/python3.12/site-packages/oslo_config/cfg.py:3256}}
May 29 00:14:50.564497 np0000177338 nova-scheduler[108318]: DEBUG cotyledon.oslo_config_glue [-] oslo_messaging_rabbit.rabbit_ha_queues = False {{(pid=108318) log_opt_values /opt/stack/data/venv/lib/python3.12/site-packages/oslo_config/cfg.py:3256}}
May 29 00:14:50.564497 np0000177338 nova-scheduler[108318]: DEBUG cotyledon.oslo_config_glue [-] oslo_messaging_rabbit.rabbit_interval_max = 30 {{(pid=108318) log_opt_values /opt/stack/data/venv/lib/python3.12/site-packages/oslo_config/cfg.py:3256}}
May 29 00:14:50.564497 np0000177338 nova-scheduler[108318]: DEBUG cotyledon.oslo_config_glue [-] oslo_messaging_rabbit.rabbit_login_method = AMQPLAIN {{(pid=108318) log_opt_values /opt/stack/data/venv/lib/python3.12/site-packages/oslo_config/cfg.py:3256}}
May 29 00:14:50.564715 np0000177338 nova-scheduler[108318]: DEBUG cotyledon.oslo_config_glue [-] oslo_messaging_rabbit.rabbit_qos_prefetch_count = 0 {{(pid=108318) log_opt_values /opt/stack/data/venv/lib/python3.12/site-packages/oslo_config/cfg.py:3256}}
May 29 00:14:50.564715 np0000177338 nova-scheduler[108318]: DEBUG cotyledon.oslo_config_glue [-] oslo_messaging_rabbit.rabbit_quorum_delivery_limit = 0 {{(pid=108318) log_opt_values /opt/stack/data/venv/lib/python3.12/site-packages/oslo_config/cfg.py:3256}}
May 29 00:14:50.564715 np0000177338 nova-scheduler[108318]: DEBUG cotyledon.oslo_config_glue [-] oslo_messaging_rabbit.rabbit_quorum_max_memory_bytes = 0 {{(pid=108318) log_opt_values /opt/stack/data/venv/lib/python3.12/site-packages/oslo_config/cfg.py:3256}}
May 29 00:14:50.564715 np0000177338 nova-scheduler[108318]: DEBUG cotyledon.oslo_config_glue [-] oslo_messaging_rabbit.rabbit_quorum_max_memory_length = 0 {{(pid=108318) log_opt_values /opt/stack/data/venv/lib/python3.12/site-packages/oslo_config/cfg.py:3256}}
May 29 00:14:50.564715 np0000177338 nova-scheduler[108318]: DEBUG cotyledon.oslo_config_glue [-] oslo_messaging_rabbit.rabbit_quorum_queue = False {{(pid=108318) log_opt_values /opt/stack/data/venv/lib/python3.12/site-packages/oslo_config/cfg.py:3256}}
May 29 00:14:50.564715 np0000177338 nova-scheduler[108318]: DEBUG cotyledon.oslo_config_glue [-] oslo_messaging_rabbit.rabbit_retry_backoff = 2 {{(pid=108318) log_opt_values /opt/stack/data/venv/lib/python3.12/site-packages/oslo_config/cfg.py:3256}}
May 29 00:14:50.564715 np0000177338 nova-scheduler[108318]: DEBUG cotyledon.oslo_config_glue [-] oslo_messaging_rabbit.rabbit_retry_interval = 1 {{(pid=108318) log_opt_values /opt/stack/data/venv/lib/python3.12/site-packages/oslo_config/cfg.py:3256}}
May 29 00:14:50.564715 np0000177338 nova-scheduler[108318]: DEBUG cotyledon.oslo_config_glue [-] oslo_messaging_rabbit.rabbit_stream_fanout = False {{(pid=108318) log_opt_values /opt/stack/data/venv/lib/python3.12/site-packages/oslo_config/cfg.py:3256}}
May 29 00:14:50.564925 np0000177338 nova-scheduler[108318]: DEBUG cotyledon.oslo_config_glue [-] oslo_messaging_rabbit.rabbit_transient_queues_ttl = 1800 {{(pid=108318) log_opt_values /opt/stack/data/venv/lib/python3.12/site-packages/oslo_config/cfg.py:3256}}
May 29 00:14:50.564925 np0000177338 nova-scheduler[108318]: DEBUG cotyledon.oslo_config_glue [-] oslo_messaging_rabbit.rabbit_transient_quorum_queue = False {{(pid=108318) log_opt_values /opt/stack/data/venv/lib/python3.12/site-packages/oslo_config/cfg.py:3256}}
May 29 00:14:50.564925 np0000177338 nova-scheduler[108318]: DEBUG cotyledon.oslo_config_glue [-] oslo_messaging_rabbit.rpc_conn_pool_size = 30 {{(pid=108318) log_opt_values /opt/stack/data/venv/lib/python3.12/site-packages/oslo_config/cfg.py:3256}}
May 29 00:14:50.564925 np0000177338 nova-scheduler[108318]: DEBUG cotyledon.oslo_config_glue [-] oslo_messaging_rabbit.ssl = False {{(pid=108318) log_opt_values /opt/stack/data/venv/lib/python3.12/site-packages/oslo_config/cfg.py:3256}}
May 29 00:14:50.564925 np0000177338 nova-scheduler[108318]: DEBUG cotyledon.oslo_config_glue [-] oslo_messaging_rabbit.ssl_ca_file = {{(pid=108318) log_opt_values /opt/stack/data/venv/lib/python3.12/site-packages/oslo_config/cfg.py:3256}}
May 29 00:14:50.564925 np0000177338 nova-scheduler[108318]: DEBUG cotyledon.oslo_config_glue [-] oslo_messaging_rabbit.ssl_cert_file = {{(pid=108318) log_opt_values /opt/stack/data/venv/lib/python3.12/site-packages/oslo_config/cfg.py:3256}}
May 29 00:14:50.564925 np0000177338 nova-scheduler[108318]: DEBUG cotyledon.oslo_config_glue [-] oslo_messaging_rabbit.ssl_enforce_fips_mode = False {{(pid=108318) log_opt_values /opt/stack/data/venv/lib/python3.12/site-packages/oslo_config/cfg.py:3256}}
May 29 00:14:50.564925 np0000177338 nova-scheduler[108318]: DEBUG cotyledon.oslo_config_glue [-] oslo_messaging_rabbit.ssl_enforce_hostname_verification = True {{(pid=108318) log_opt_values /opt/stack/data/venv/lib/python3.12/site-packages/oslo_config/cfg.py:3256}}
May 29 00:14:50.564925 np0000177338 nova-scheduler[108318]: DEBUG cotyledon.oslo_config_glue [-] oslo_messaging_rabbit.ssl_key_file = {{(pid=108318) log_opt_values /opt/stack/data/venv/lib/python3.12/site-packages/oslo_config/cfg.py:3256}}
May 29 00:14:50.565194 np0000177338 nova-scheduler[108318]: DEBUG cotyledon.oslo_config_glue [-] oslo_messaging_rabbit.ssl_version = {{(pid=108318) log_opt_values /opt/stack/data/venv/lib/python3.12/site-packages/oslo_config/cfg.py:3256}}
May 29 00:14:50.565194 np0000177338 nova-scheduler[108318]: DEBUG cotyledon.oslo_config_glue [-] oslo_messaging_rabbit.use_queue_manager = False {{(pid=108318) log_opt_values /opt/stack/data/venv/lib/python3.12/site-packages/oslo_config/cfg.py:3256}}
May 29 00:14:50.565194 np0000177338 nova-scheduler[108318]: DEBUG cotyledon.oslo_config_glue [-] oslo_messaging_notifications.driver = ['messagingv2'] {{(pid=108318) log_opt_values /opt/stack/data/venv/lib/python3.12/site-packages/oslo_config/cfg.py:3256}}
May 29 00:14:50.565194 np0000177338 nova-scheduler[108318]: DEBUG cotyledon.oslo_config_glue [-] oslo_messaging_notifications.retry = -1 {{(pid=108318) log_opt_values /opt/stack/data/venv/lib/python3.12/site-packages/oslo_config/cfg.py:3256}}
May 29 00:14:50.565194 np0000177338 nova-scheduler[108318]: DEBUG cotyledon.oslo_config_glue [-] oslo_messaging_notifications.topics = ['notifications'] {{(pid=108318) log_opt_values /opt/stack/data/venv/lib/python3.12/site-packages/oslo_config/cfg.py:3256}}
May 29 00:14:50.565194 np0000177338 nova-scheduler[108318]: DEBUG cotyledon.oslo_config_glue [-] oslo_messaging_notifications.transport_url = **** {{(pid=108318) log_opt_values /opt/stack/data/venv/lib/python3.12/site-packages/oslo_config/cfg.py:3256}}
May 29 00:14:50.565194 np0000177338 nova-scheduler[108318]: DEBUG cotyledon.oslo_config_glue [-] oslo_limit.auth_section = None {{(pid=108318) log_opt_values /opt/stack/data/venv/lib/python3.12/site-packages/oslo_config/cfg.py:3256}}
May 29 00:14:50.565194 np0000177338 nova-scheduler[108318]: DEBUG cotyledon.oslo_config_glue [-] oslo_limit.auth_type = None {{(pid=108318) log_opt_values /opt/stack/data/venv/lib/python3.12/site-packages/oslo_config/cfg.py:3256}}
May 29 00:14:50.565194 np0000177338 nova-scheduler[108318]: DEBUG cotyledon.oslo_config_glue [-] oslo_limit.cafile = None {{(pid=108318) log_opt_values /opt/stack/data/venv/lib/python3.12/site-packages/oslo_config/cfg.py:3256}}
May 29 00:14:50.565405 np0000177338 nova-scheduler[108318]: DEBUG cotyledon.oslo_config_glue [-] oslo_limit.certfile = None {{(pid=108318) log_opt_values /opt/stack/data/venv/lib/python3.12/site-packages/oslo_config/cfg.py:3256}}
May 29 00:14:50.565405 np0000177338 nova-scheduler[108318]: DEBUG cotyledon.oslo_config_glue [-] oslo_limit.collect_timing = False {{(pid=108318) log_opt_values /opt/stack/data/venv/lib/python3.12/site-packages/oslo_config/cfg.py:3256}}
May 29 00:14:50.565405 np0000177338 nova-scheduler[108318]: DEBUG cotyledon.oslo_config_glue [-] oslo_limit.connect_retries = None {{(pid=108318) log_opt_values /opt/stack/data/venv/lib/python3.12/site-packages/oslo_config/cfg.py:3256}}
May 29 00:14:50.565405 np0000177338 nova-scheduler[108318]: DEBUG cotyledon.oslo_config_glue [-] oslo_limit.connect_retry_delay = None {{(pid=108318) log_opt_values /opt/stack/data/venv/lib/python3.12/site-packages/oslo_config/cfg.py:3256}}
May 29 00:14:50.565405 np0000177338 nova-scheduler[108318]: DEBUG cotyledon.oslo_config_glue [-] oslo_limit.endpoint_id = None {{(pid=108318) log_opt_values /opt/stack/data/venv/lib/python3.12/site-packages/oslo_config/cfg.py:3256}}
May 29 00:14:50.565405 np0000177338 nova-scheduler[108318]: DEBUG cotyledon.oslo_config_glue [-] oslo_limit.endpoint_interface = public {{(pid=108318) log_opt_values /opt/stack/data/venv/lib/python3.12/site-packages/oslo_config/cfg.py:3256}}
May 29 00:14:50.565405 np0000177338 nova-scheduler[108318]: DEBUG cotyledon.oslo_config_glue [-] oslo_limit.endpoint_override = None {{(pid=108318) log_opt_values /opt/stack/data/venv/lib/python3.12/site-packages/oslo_config/cfg.py:3256}}
May 29 00:14:50.565405 np0000177338 nova-scheduler[108318]: DEBUG cotyledon.oslo_config_glue [-] oslo_limit.endpoint_region_name = None {{(pid=108318) log_opt_values /opt/stack/data/venv/lib/python3.12/site-packages/oslo_config/cfg.py:3256}}
May 29 00:14:50.565405 np0000177338 nova-scheduler[108318]: DEBUG cotyledon.oslo_config_glue [-] oslo_limit.endpoint_service_name = None {{(pid=108318) log_opt_values /opt/stack/data/venv/lib/python3.12/site-packages/oslo_config/cfg.py:3256}}
May 29 00:14:50.565648 np0000177338 nova-scheduler[108318]: DEBUG cotyledon.oslo_config_glue [-] oslo_limit.endpoint_service_type = None {{(pid=108318) log_opt_values /opt/stack/data/venv/lib/python3.12/site-packages/oslo_config/cfg.py:3256}}
May 29 00:14:50.565648 np0000177338 nova-scheduler[108318]: DEBUG cotyledon.oslo_config_glue [-] oslo_limit.insecure = False {{(pid=108318) log_opt_values /opt/stack/data/venv/lib/python3.12/site-packages/oslo_config/cfg.py:3256}}
May 29 00:14:50.565648 np0000177338 nova-scheduler[108318]: DEBUG cotyledon.oslo_config_glue [-] oslo_limit.keyfile = None {{(pid=108318) log_opt_values /opt/stack/data/venv/lib/python3.12/site-packages/oslo_config/cfg.py:3256}}
May 29 00:14:50.565648 np0000177338 nova-scheduler[108318]: DEBUG cotyledon.oslo_config_glue [-] oslo_limit.max_version = None {{(pid=108318) log_opt_values /opt/stack/data/venv/lib/python3.12/site-packages/oslo_config/cfg.py:3256}}
May 29 00:14:50.565648 np0000177338 nova-scheduler[108318]: DEBUG cotyledon.oslo_config_glue [-] oslo_limit.min_version = None {{(pid=108318) log_opt_values /opt/stack/data/venv/lib/python3.12/site-packages/oslo_config/cfg.py:3256}}
May 29 00:14:50.565648 np0000177338 nova-scheduler[108318]: DEBUG cotyledon.oslo_config_glue [-] oslo_limit.region_name = None {{(pid=108318) log_opt_values /opt/stack/data/venv/lib/python3.12/site-packages/oslo_config/cfg.py:3256}}
May 29 00:14:50.565648 np0000177338 nova-scheduler[108318]: DEBUG cotyledon.oslo_config_glue [-] oslo_limit.retriable_status_codes = None {{(pid=108318) log_opt_values /opt/stack/data/venv/lib/python3.12/site-packages/oslo_config/cfg.py:3256}}
May 29 00:14:50.565648 np0000177338 nova-scheduler[108318]: DEBUG cotyledon.oslo_config_glue [-] oslo_limit.service_name = None {{(pid=108318) log_opt_values /opt/stack/data/venv/lib/python3.12/site-packages/oslo_config/cfg.py:3256}}
May 29 00:14:50.565648 np0000177338 nova-scheduler[108318]: DEBUG cotyledon.oslo_config_glue [-] oslo_limit.service_type = None {{(pid=108318) log_opt_values /opt/stack/data/venv/lib/python3.12/site-packages/oslo_config/cfg.py:3256}}
May 29 00:14:50.565887 np0000177338 nova-scheduler[108318]: DEBUG cotyledon.oslo_config_glue [-] oslo_limit.split_loggers = False {{(pid=108318) log_opt_values /opt/stack/data/venv/lib/python3.12/site-packages/oslo_config/cfg.py:3256}}
May 29 00:14:50.565887 np0000177338 nova-scheduler[108318]: DEBUG cotyledon.oslo_config_glue [-] oslo_limit.status_code_retries = None {{(pid=108318) log_opt_values /opt/stack/data/venv/lib/python3.12/site-packages/oslo_config/cfg.py:3256}}
May 29 00:14:50.565887 np0000177338 nova-scheduler[108318]: DEBUG cotyledon.oslo_config_glue [-] oslo_limit.status_code_retry_delay = None {{(pid=108318) log_opt_values /opt/stack/data/venv/lib/python3.12/site-packages/oslo_config/cfg.py:3256}}
May 29 00:14:50.565887 np0000177338 nova-scheduler[108318]: DEBUG cotyledon.oslo_config_glue [-] oslo_limit.timeout = None {{(pid=108318) log_opt_values /opt/stack/data/venv/lib/python3.12/site-packages/oslo_config/cfg.py:3256}}
May 29 00:14:50.565887 np0000177338 nova-scheduler[108318]: DEBUG cotyledon.oslo_config_glue [-] oslo_limit.valid_interfaces = None {{(pid=108318) log_opt_values /opt/stack/data/venv/lib/python3.12/site-packages/oslo_config/cfg.py:3256}}
May 29 00:14:50.565887 np0000177338 nova-scheduler[108318]: DEBUG cotyledon.oslo_config_glue [-] oslo_limit.version = None {{(pid=108318) log_opt_values /opt/stack/data/venv/lib/python3.12/site-packages/oslo_config/cfg.py:3256}}
May 29 00:14:50.565887 np0000177338 nova-scheduler[108318]: DEBUG cotyledon.oslo_config_glue [-] oslo_reports.file_event_handler = None {{(pid=108318) log_opt_values /opt/stack/data/venv/lib/python3.12/site-packages/oslo_config/cfg.py:3256}}
May 29 00:14:50.565887 np0000177338 nova-scheduler[108318]: DEBUG cotyledon.oslo_config_glue [-] oslo_reports.file_event_handler_interval = 1 {{(pid=108318) log_opt_values /opt/stack/data/venv/lib/python3.12/site-packages/oslo_config/cfg.py:3256}}
May 29 00:14:50.565887 np0000177338 nova-scheduler[108318]: DEBUG cotyledon.oslo_config_glue [-] oslo_reports.log_dir = None {{(pid=108318) log_opt_values /opt/stack/data/venv/lib/python3.12/site-packages/oslo_config/cfg.py:3256}}
May 29 00:14:50.566100 np0000177338 nova-scheduler[108318]: DEBUG cotyledon.oslo_config_glue [-] ******************************************************************************** {{(pid=108318) log_opt_values /opt/stack/data/venv/lib/python3.12/site-packages/oslo_config/cfg.py:3263}}
May 29 00:14:50.566100 np0000177338 nova-scheduler[108318]: DEBUG cotyledon._service_worker [-] Run service ServiceWrapper(3) [108318] {{(pid=108318) wait_forever /opt/stack/data/venv/lib/python3.12/site-packages/cotyledon/_service_worker.py:218}}
May 29 00:14:50.566157 np0000177338 nova-scheduler[108310]: INFO dbcounter [None req-8433ecf8-01fe-4864-95ae-9e94335abfa8 None None] Registered counter for database nova_cell0
May 29 00:14:50.566187 np0000177338 nova-scheduler[108318]: INFO nova.service [-] Starting scheduler node (version 33.1.0)
May 29 00:14:50.566214 np0000177338 nova-scheduler[108295]: DEBUG oslo_db.sqlalchemy.engines [None req-a64e1df8-8438-4c2e-a6dc-cfe480cac855 None None] MySQL server mode set to STRICT_TRANS_TABLES,STRICT_ALL_TABLES,NO_ZERO_IN_DATE,NO_ZERO_DATE,ERROR_FOR_DIVISION_BY_ZERO,TRADITIONAL,NO_ENGINE_SUBSTITUTION {{(pid=108295) _check_effective_sql_mode /opt/stack/data/venv/lib/python3.12/site-packages/oslo_db/sqlalchemy/engines.py:325}}
May 29 00:14:50.566250 np0000177338 nova-scheduler[108318]: INFO dbcounter [None req-cddd79bb-a480-4060-83f0-a0276113fb14 None None] Registered counter for database nova_cell0
May 29 00:14:50.566277 np0000177338 nova-scheduler[108295]: DEBUG dbcounter [-] [108295] Writer thread running {{(pid=108295) stat_writer /opt/stack/data/venv/lib/python3.12/site-packages/dbcounter.py:102}}
May 29 00:14:50.566304 np0000177338 nova-scheduler[108303]: DEBUG oslo_db.sqlalchemy.engines [None req-624d4046-a588-4613-9c85-8f6f98f006f7 None None] MySQL server mode set to STRICT_TRANS_TABLES,STRICT_ALL_TABLES,NO_ZERO_IN_DATE,NO_ZERO_DATE,ERROR_FOR_DIVISION_BY_ZERO,TRADITIONAL,NO_ENGINE_SUBSTITUTION {{(pid=108303) _check_effective_sql_mode /opt/stack/data/venv/lib/python3.12/site-packages/oslo_db/sqlalchemy/engines.py:325}}
May 29 00:14:50.575430 np0000177338 nova-scheduler[108295]: DEBUG nova.service [None req-a64e1df8-8438-4c2e-a6dc-cfe480cac855 None None] Creating RPC server for service: nova-scheduler on topic: scheduler {{(pid=108295) start /opt/stack/nova/nova/service.py:195}}
May 29 00:14:50.579154 np0000177338 nova-scheduler[108303]: DEBUG dbcounter [-] [108303] Writer thread running {{(pid=108303) stat_writer /opt/stack/data/venv/lib/python3.12/site-packages/dbcounter.py:102}}
May 29 00:14:50.582422 np0000177338 nova-scheduler[108303]: DEBUG nova.service [None req-624d4046-a588-4613-9c85-8f6f98f006f7 None None] Creating RPC server for service: nova-scheduler on topic: scheduler {{(pid=108303) start /opt/stack/nova/nova/service.py:195}}
May 29 00:14:50.589515 np0000177338 nova-scheduler[108310]: DEBUG oslo_db.sqlalchemy.engines [None req-8433ecf8-01fe-4864-95ae-9e94335abfa8 None None] MySQL server mode set to STRICT_TRANS_TABLES,STRICT_ALL_TABLES,NO_ZERO_IN_DATE,NO_ZERO_DATE,ERROR_FOR_DIVISION_BY_ZERO,TRADITIONAL,NO_ENGINE_SUBSTITUTION {{(pid=108310) _check_effective_sql_mode /opt/stack/data/venv/lib/python3.12/site-packages/oslo_db/sqlalchemy/engines.py:325}}
May 29 00:14:50.599252 np0000177338 nova-scheduler[108318]: DEBUG oslo_db.sqlalchemy.engines [None req-cddd79bb-a480-4060-83f0-a0276113fb14 None None] MySQL server mode set to STRICT_TRANS_TABLES,STRICT_ALL_TABLES,NO_ZERO_IN_DATE,NO_ZERO_DATE,ERROR_FOR_DIVISION_BY_ZERO,TRADITIONAL,NO_ENGINE_SUBSTITUTION {{(pid=108318) _check_effective_sql_mode /opt/stack/data/venv/lib/python3.12/site-packages/oslo_db/sqlalchemy/engines.py:325}}
May 29 00:14:50.599559 np0000177338 nova-scheduler[108303]: DEBUG nova.service [None req-624d4046-a588-4613-9c85-8f6f98f006f7 None None] Join ServiceGroup membership for this service scheduler {{(pid=108303) start /opt/stack/nova/nova/service.py:221}}
May 29 00:14:50.599659 np0000177338 nova-scheduler[108295]: DEBUG nova.service [None req-a64e1df8-8438-4c2e-a6dc-cfe480cac855 None None] Join ServiceGroup membership for this service scheduler {{(pid=108295) start /opt/stack/nova/nova/service.py:221}}
May 29 00:14:50.599800 np0000177338 nova-scheduler[108303]: DEBUG nova.servicegroup.drivers.db [None req-624d4046-a588-4613-9c85-8f6f98f006f7 None None] DB_Driver: join new ServiceGroup member np0000177338 to the scheduler group, service = {{(pid=108303) join /opt/stack/nova/nova/servicegroup/drivers/db.py:44}}
May 29 00:14:50.600014 np0000177338 nova-scheduler[108295]: DEBUG nova.servicegroup.drivers.db [None req-a64e1df8-8438-4c2e-a6dc-cfe480cac855 None None] DB_Driver: join new ServiceGroup member np0000177338 to the scheduler group, service = {{(pid=108295) join /opt/stack/nova/nova/servicegroup/drivers/db.py:44}}
May 29 00:14:50.603045 np0000177338 nova-scheduler[108310]: DEBUG dbcounter [-] [108310] Writer thread running {{(pid=108310) stat_writer /opt/stack/data/venv/lib/python3.12/site-packages/dbcounter.py:102}}
May 29 00:14:50.605805 np0000177338 nova-scheduler[108310]: DEBUG nova.service [None req-8433ecf8-01fe-4864-95ae-9e94335abfa8 None None] Creating RPC server for service: nova-scheduler on topic: scheduler {{(pid=108310) start /opt/stack/nova/nova/service.py:195}}
May 29 00:14:50.610823 np0000177338 nova-scheduler[108318]: DEBUG dbcounter [-] [108318] Writer thread running {{(pid=108318) stat_writer /opt/stack/data/venv/lib/python3.12/site-packages/dbcounter.py:102}}
May 29 00:14:50.614301 np0000177338 nova-scheduler[108318]: DEBUG nova.service [None req-cddd79bb-a480-4060-83f0-a0276113fb14 None None] Creating RPC server for service: nova-scheduler on topic: scheduler {{(pid=108318) start /opt/stack/nova/nova/service.py:195}}
May 29 00:14:50.622673 np0000177338 nova-scheduler[108310]: DEBUG nova.service [None req-8433ecf8-01fe-4864-95ae-9e94335abfa8 None None] Join ServiceGroup membership for this service scheduler {{(pid=108310) start /opt/stack/nova/nova/service.py:221}}
May 29 00:14:50.622890 np0000177338 nova-scheduler[108310]: DEBUG nova.servicegroup.drivers.db [None req-8433ecf8-01fe-4864-95ae-9e94335abfa8 None None] DB_Driver: join new ServiceGroup member np0000177338 to the scheduler group, service = {{(pid=108310) join /opt/stack/nova/nova/servicegroup/drivers/db.py:44}}
May 29 00:14:50.631759 np0000177338 nova-scheduler[108318]: DEBUG nova.service [None req-cddd79bb-a480-4060-83f0-a0276113fb14 None None] Join ServiceGroup membership for this service scheduler {{(pid=108318) start /opt/stack/nova/nova/service.py:221}}
May 29 00:14:50.631981 np0000177338 nova-scheduler[108318]: DEBUG nova.servicegroup.drivers.db [None req-cddd79bb-a480-4060-83f0-a0276113fb14 None None] DB_Driver: join new ServiceGroup member np0000177338 to the scheduler group, service = {{(pid=108318) join /opt/stack/nova/nova/servicegroup/drivers/db.py:44}}
May 29 00:14:55.624193 np0000177338 nova-scheduler[108303]: DEBUG oslo.service.backend._threading.loopingcall [-] Fixed interval looping call 'nova.servicegroup.drivers.db.DbDriver._report_state' sleeping for 119.98 seconds {{(pid=108303) _run_loop /opt/stack/data/venv/lib/python3.12/site-packages/oslo_service/backend/_threading/loopingcall.py:125}}
May 29 00:14:55.624958 np0000177338 nova-scheduler[108295]: DEBUG oslo.service.backend._threading.loopingcall [-] Fixed interval looping call 'nova.servicegroup.drivers.db.DbDriver._report_state' sleeping for 119.98 seconds {{(pid=108295) _run_loop /opt/stack/data/venv/lib/python3.12/site-packages/oslo_service/backend/_threading/loopingcall.py:125}}
May 29 00:14:55.640805 np0000177338 nova-scheduler[108310]: DEBUG oslo.service.backend._threading.loopingcall [-] Fixed interval looping call 'nova.servicegroup.drivers.db.DbDriver._report_state' sleeping for 119.98 seconds {{(pid=108310) _run_loop /opt/stack/data/venv/lib/python3.12/site-packages/oslo_service/backend/_threading/loopingcall.py:125}}
May 29 00:14:55.644774 np0000177338 nova-scheduler[108318]: DEBUG oslo.service.backend._threading.loopingcall [-] Fixed interval looping call 'nova.servicegroup.drivers.db.DbDriver._report_state' sleeping for 119.99 seconds {{(pid=108318) _run_loop /opt/stack/data/venv/lib/python3.12/site-packages/oslo_service/backend/_threading/loopingcall.py:125}}
May 29 00:14:59.137980 np0000177338 nova-scheduler[107503]: DEBUG dbcounter [-] [107503] Writing DB stats nova_api:SELECT=3 {{(pid=107503) stat_writer /opt/stack/data/venv/lib/python3.12/site-packages/dbcounter.py:115}}
May 29 00:14:59.297002 np0000177338 nova-scheduler[107503]: DEBUG dbcounter [-] [107503] Writing DB stats nova_cell0:SELECT=1 {{(pid=107503) stat_writer /opt/stack/data/venv/lib/python3.12/site-packages/dbcounter.py:115}}
May 29 00:14:59.302901 np0000177338 nova-scheduler[107503]: DEBUG dbcounter [-] [107503] Writing DB stats nova_cell1:SELECT=1 {{(pid=107503) stat_writer /opt/stack/data/venv/lib/python3.12/site-packages/dbcounter.py:115}}
May 29 00:14:59.604135 np0000177338 nova-scheduler[108295]: DEBUG oslo.service.backend._threading.loopingcall [None req-d75ca89c-3200-4c2f-a314-5c0d453f954b None None] Dynamic interval looping call 'nova.service.Service.periodic_tasks' sleeping for 60.00 seconds {{(pid=108295) _run_loop /opt/stack/data/venv/lib/python3.12/site-packages/oslo_service/backend/_threading/loopingcall.py:125}}
May 29 00:15:05.618008 np0000177338 nova-scheduler[108303]: DEBUG dbcounter [-] [108303] Writing DB stats nova_cell0:SELECT=3,nova_cell0:UPDATE=1 {{(pid=108303) stat_writer /opt/stack/data/venv/lib/python3.12/site-packages/dbcounter.py:115}}
May 29 00:15:05.620190 np0000177338 nova-scheduler[108295]: DEBUG dbcounter [-] [108295] Writing DB stats nova_cell0:SELECT=4,nova_cell0:INSERT=1,nova_cell0:UPDATE=1 {{(pid=108295) stat_writer /opt/stack/data/venv/lib/python3.12/site-packages/dbcounter.py:115}}
May 29 00:15:05.637266 np0000177338 nova-scheduler[108310]: DEBUG dbcounter [-] [108310] Writing DB stats nova_cell0:SELECT=3 {{(pid=108310) stat_writer /opt/stack/data/venv/lib/python3.12/site-packages/dbcounter.py:115}}
May 29 00:15:05.642185 np0000177338 nova-scheduler[108318]: DEBUG dbcounter [-] [108318] Writing DB stats nova_cell0:SELECT=3 {{(pid=108318) stat_writer /opt/stack/data/venv/lib/python3.12/site-packages/dbcounter.py:115}}
May 29 00:15:21.625912 np0000177338 nova-scheduler[108310]: DEBUG oslo.service.backend._threading.loopingcall [None req-0a63b002-b5c2-4af6-a348-efc8bae51d97 None None] Dynamic interval looping call 'nova.service.Service.periodic_tasks' sleeping for 60.00 seconds {{(pid=108310) _run_loop /opt/stack/data/venv/lib/python3.12/site-packages/oslo_service/backend/_threading/loopingcall.py:125}}
May 29 00:15:41.636498 np0000177338 nova-scheduler[108318]: DEBUG oslo.service.backend._threading.loopingcall [None req-508cb31b-bce6-4744-8445-baa2537fc106 None None] Dynamic interval looping call 'nova.service.Service.periodic_tasks' sleeping for 60.00 seconds {{(pid=108318) _run_loop /opt/stack/data/venv/lib/python3.12/site-packages/oslo_service/backend/_threading/loopingcall.py:125}}
May 29 00:15:50.603305 np0000177338 nova-scheduler[108303]: DEBUG oslo.service.backend._threading.loopingcall [None req-b9785e7f-880d-40f0-98ed-d25817834ad8 None None] Dynamic interval looping call 'nova.service.Service.periodic_tasks' sleeping for 60.00 seconds {{(pid=108303) _run_loop /opt/stack/data/venv/lib/python3.12/site-packages/oslo_service/backend/_threading/loopingcall.py:125}}