2026-06-11 18:56:44.762 7 INFO placement.requestlog [req-58368be3-94e7-4fcd-b05f-f9638e75628d req-3c92d864-a0df-44e4-bf04-f00f4ccef36e 2e1f34d9d5b84c9ca34e0edb9d69ede8 39c0e94b8fc44593b7f707ec3fd6dddc - - 9d99dedad0d44c838744ac0ecf0c543a 9d99dedad0d44c838744ac0ecf0c543a] 199.204.45.162 "GET /allocations/4ce7e279-a721-41db-949a-11fb7ec79f01" status: 200 len: 258 microversion: 1.28 [pid: 7|app: 0|req: 605/1194] 199.204.45.162 () {34 vars in 862 bytes} [Thu Jun 11 18:56:44 2026] GET /allocations/4ce7e279-a721-41db-949a-11fb7ec79f01 => generated 258 bytes in 11 msecs (HTTP/1.1 200) 8 headers in 296 bytes (1 switches on core 0)
2026-06-11 18:56:45.336 8 INFO placement.requestlog [None req-c29ecc0f-d275-4287-a12e-fc263112da49 - - - - - -] 10.0.0.7 "GET /" status: 200 len: 136 microversion: 1.0
2026-06-11 18:56:50.428 7 INFO placement.requestlog [None req-2d8d0c6d-b6c0-461c-a1e0-3fd463dc91d2 - - - - - -] 10.0.0.7 "GET /" status: 200 len: 136 microversion: 1.0
2026-06-11 18:56:55.337 8 INFO placement.requestlog [None req-276d1e94-0cf1-40b7-986a-057a4510d2e4 - - - - - -] 10.0.0.7 "GET /" status: 200 len: 136 microversion: 1.0
2026-06-11 18:57:00.429 7 INFO placement.requestlog [None req-aa1a7c10-7bff-4c14-be65-7c5a84adf027 - - - - - -] 10.0.0.7 "GET /" status: 200 len: 136 microversion: 1.0
2026-06-11 18:57:01.325 8 INFO placement.requestlog [req-60432edc-5c5a-467f-9807-65477a34093c req-bc04843a-f9e9-4df2-bc0d-52c59605336e 2e1f34d9d5b84c9ca34e0edb9d69ede8 39c0e94b8fc44593b7f707ec3fd6dddc - - 9d99dedad0d44c838744ac0ecf0c543a 9d99dedad0d44c838744ac0ecf0c543a] 10.0.0.169 "GET /allocation_candidates?limit=1000&resources=MEMORY_MB%3A2048%2CVCPU%3A2&root_required=%21COMPUTE_STATUS_DISABLED" status: 200 len: 2771 microversion: 1.36 [pid: 8|app: 0|req: 592/1199] 10.0.0.169 () {34 vars in 985 bytes} [Thu Jun 11 18:57:01 2026] GET /allocation_candidates?limit=1000&resources=MEMORY_MB%3A2048%2CVCPU%3A2&root_required=%21COMPUTE_STATUS_DISABLED => generated 2771 bytes in 46 msecs (HTTP/1.1 200) 8 headers in 297 bytes (1 switches on core 0)
2026-06-11 18:57:01.360 7 INFO placement.requestlog [req-60432edc-5c5a-467f-9807-65477a34093c req-18d84094-5aad-496c-87b6-f8e5796d2109 2e1f34d9d5b84c9ca34e0edb9d69ede8 39c0e94b8fc44593b7f707ec3fd6dddc - - 9d99dedad0d44c838744ac0ecf0c543a 9d99dedad0d44c838744ac0ecf0c543a] 10.0.0.169 "GET /allocations/3dcae548-15f8-4c1c-a2da-3647aafaa0aa" status: 200 len: 19 microversion: 1.28 [pid: 7|app: 0|req: 608/1200] 10.0.0.169 () {34 vars in 860 bytes} [Thu Jun 11 18:57:01 2026] GET /allocations/3dcae548-15f8-4c1c-a2da-3647aafaa0aa => generated 19 bytes in 12 msecs (HTTP/1.1 200) 8 headers in 295 bytes (1 switches on core 0)
2026-06-11 18:57:01.440 8 INFO placement.requestlog [req-60432edc-5c5a-467f-9807-65477a34093c req-79da0e5f-f864-4c36-b03f-e7e2057e0a07 2e1f34d9d5b84c9ca34e0edb9d69ede8 39c0e94b8fc44593b7f707ec3fd6dddc - - 9d99dedad0d44c838744ac0ecf0c543a 9d99dedad0d44c838744ac0ecf0c543a] 10.0.0.169 "PUT /allocations/3dcae548-15f8-4c1c-a2da-3647aafaa0aa" status: 204 len: 0 microversion: 1.36 [pid: 8|app: 0|req: 593/1201] 10.0.0.169 () {38 vars in 913 bytes} [Thu Jun 11 18:57:01 2026] PUT /allocations/3dcae548-15f8-4c1c-a2da-3647aafaa0aa => generated 0 bytes in 72 msecs (HTTP/1.1 204) 5 headers in 199 bytes (1 switches on core 0)
2026-06-11 18:57:02.925 7 INFO placement.requestlog [req-60432edc-5c5a-467f-9807-65477a34093c req-376deb74-f80f-4701-a989-902734518853 2e1f34d9d5b84c9ca34e0edb9d69ede8 39c0e94b8fc44593b7f707ec3fd6dddc - - 9d99dedad0d44c838744ac0ecf0c543a 9d99dedad0d44c838744ac0ecf0c543a] 199.204.45.162 "GET /allocations/3dcae548-15f8-4c1c-a2da-3647aafaa0aa" status: 200 len: 245 microversion: 1.28 [pid: 7|app: 0|req: 609/1202] 199.204.45.162 () {34 vars in 862 bytes} [Thu Jun 11 18:57:02 2026] GET /allocations/3dcae548-15f8-4c1c-a2da-3647aafaa0aa => generated 245 bytes in 14 msecs (HTTP/1.1 200) 8 headers in 296 bytes (1 switches on core 0)
2026-06-11 18:57:03.972 8 INFO placement.requestlog [req-60432edc-5c5a-467f-9807-65477a34093c req-2e3623f0-a0f8-44c9-9907-e674e4783e52 2e1f34d9d5b84c9ca34e0edb9d69ede8 39c0e94b8fc44593b7f707ec3fd6dddc - - 9d99dedad0d44c838744ac0ecf0c543a 9d99dedad0d44c838744ac0ecf0c543a] 199.204.45.162 "GET /resource_providers/20f34ea2-ebac-4110-9f90-14662dc4c712/allocations" status: 200 len: 340 microversion: 1.0 [pid: 8|app: 0|req: 594/1203] 199.204.45.162 () {32 vars in 856 bytes} [Thu Jun 11 18:57:03 2026] GET /resource_providers/20f34ea2-ebac-4110-9f90-14662dc4c712/allocations => generated 340 bytes in 19 msecs (HTTP/1.1 200) 6 headers in 224 bytes (1 switches on core 0)
2026-06-11 18:57:03.993 7 INFO placement.requestlog [req-60432edc-5c5a-467f-9807-65477a34093c req-bb08441d-e225-4219-9211-1cbfd6715df5 2e1f34d9d5b84c9ca34e0edb9d69ede8 39c0e94b8fc44593b7f707ec3fd6dddc - - 9d99dedad0d44c838744ac0ecf0c543a 9d99dedad0d44c838744ac0ecf0c543a] 199.204.45.162 "GET /allocations/341a2bb8-a4c0-4555-947f-e9bc92546943" status: 200 len: 258 microversion: 1.28 [pid: 7|app: 0|req: 610/1204] 199.204.45.162 () {34 vars in 862 bytes} [Thu Jun 11 18:57:03 2026] GET /allocations/341a2bb8-a4c0-4555-947f-e9bc92546943 => generated 258 bytes in 14 msecs (HTTP/1.1 200) 8 headers in 296 bytes (1 switches on core 0)
2026-06-11 18:57:04.018 8 INFO placement.requestlog [req-60432edc-5c5a-467f-9807-65477a34093c req-bf26cc0d-9fd7-45c4-8de0-8fb8467950f7 2e1f34d9d5b84c9ca34e0edb9d69ede8 39c0e94b8fc44593b7f707ec3fd6dddc - - 9d99dedad0d44c838744ac0ecf0c543a 9d99dedad0d44c838744ac0ecf0c543a] 199.204.45.162 "GET /allocations/3dcae548-15f8-4c1c-a2da-3647aafaa0aa" status: 200 len: 245 microversion: 1.28 [pid: 8|app: 0|req: 595/1205] 199.204.45.162 () {34 vars in 862 bytes} [Thu Jun 11 18:57:04 2026] GET /allocations/3dcae548-15f8-4c1c-a2da-3647aafaa0aa => generated 245 bytes in 16 msecs (HTTP/1.1 200) 8 headers in 296 bytes (1 switches on core 0)
2026-06-11 18:57:04.039 7 INFO placement.requestlog [req-60432edc-5c5a-467f-9807-65477a34093c req-7b92cb46-b4e2-489c-a4be-22603fdda8c7 2e1f34d9d5b84c9ca34e0edb9d69ede8 39c0e94b8fc44593b7f707ec3fd6dddc - - 9d99dedad0d44c838744ac0ecf0c543a 9d99dedad0d44c838744ac0ecf0c543a] 199.204.45.162 "GET /allocations/4ce7e279-a721-41db-949a-11fb7ec79f01" status: 200 len: 258 microversion: 1.28 [pid: 7|app: 0|req: 611/1206] 199.204.45.162 () {34 vars in 862 bytes} [Thu Jun 11 18:57:04 2026] GET /allocations/4ce7e279-a721-41db-949a-11fb7ec79f01 => generated 258 bytes in 16 msecs (HTTP/1.1 200) 8 headers in 296 bytes (1 switches on core 0)
2026-06-11 18:57:05.337 8 INFO placement.requestlog [None req-dcb18629-8fe3-45a2-8156-36befa999779 - - - - - -] 10.0.0.7 "GET /" status: 200 len: 136 microversion: 1.0
2026-06-11 18:57:10.429 7 INFO placement.requestlog [None req-5cd0b525-eda3-4d32-b5fc-ee7ffa968eba - - - - - -] 10.0.0.7 "GET /" status: 200 len: 136 microversion: 1.0
2026-06-11 18:57:15.337 8 INFO placement.requestlog [None req-08819a87-f29c-4473-bec8-724c140efbdc - - - - - -] 10.0.0.7 "GET /" status: 200 len: 136 microversion: 1.0
2026-06-11 18:57:20.430 7 INFO placement.requestlog [None req-a988413e-e6b7-4ba9-99a4-4f7dbbc6f7e0 - - - - - -] 10.0.0.7 "GET /" status: 200 len: 136 microversion: 1.0
2026-06-11 18:57:25.336 8 INFO placement.requestlog [None req-df3405ac-1e73-4619-a761-acf5cd69d835 - - - - - -] 10.0.0.7 "GET /" status: 200 len: 136 microversion: 1.0
2026-06-11 18:57:30.429 7 INFO placement.requestlog [None req-7887782a-f0ba-4071-9cb7-cc3fff5adce1 - - - - - -] 10.0.0.7 "GET /" status: 200 len: 136 microversion: 1.0
2026-06-11 18:57:35.337 8 INFO placement.requestlog [None req-cb649338-7b6e-4727-98d9-642d75798232 - - - - - -] 10.0.0.7 "GET /" status: 200 len: 136 microversion: 1.0
2026-06-11 18:57:40.431 7 INFO placement.requestlog [None req-a1c2321a-3ce3-4bde-a42c-0f024fdbd5f8 - - - - - -] 10.0.0.7 "GET /" status: 200 len: 136 microversion: 1.0
2026-06-11 18:57:45.336 8 INFO placement.requestlog [None req-d50f15b1-dad7-4077-a636-37db89d7ef01 - - - - - -] 10.0.0.7 "GET /" status: 200 len: 136 microversion: 1.0
2026-06-11 18:57:47.324 7 INFO placement.requestlog [req-3fa303c2-3800-4639-99f2-b9169d19da32 req-d9c2cc9a-872d-4103-acb7-5b08c5eff5a4 2e1f34d9d5b84c9ca34e0edb9d69ede8 39c0e94b8fc44593b7f707ec3fd6dddc - - 9d99dedad0d44c838744ac0ecf0c543a 9d99dedad0d44c838744ac0ecf0c543a] 199.204.45.162 "GET /resource_providers/20f34ea2-ebac-4110-9f90-14662dc4c712/allocations" status: 200 len: 340 microversion: 1.0 [pid: 7|app: 0|req: 616/1216] 199.204.45.162 () {32 vars in 856 bytes} [Thu Jun 11 18:57:47 2026] GET /resource_providers/20f34ea2-ebac-4110-9f90-14662dc4c712/allocations => generated 340 bytes in 23 msecs (HTTP/1.1 200) 6 headers in 224 bytes (1 switches on core 0)
2026-06-11 18:57:47.347 8 INFO placement.requestlog [req-3fa303c2-3800-4639-99f2-b9169d19da32 req-b251a004-98ec-4a5c-ab95-14c89ce6f548 2e1f34d9d5b84c9ca34e0edb9d69ede8 39c0e94b8fc44593b7f707ec3fd6dddc - - 9d99dedad0d44c838744ac0ecf0c543a 9d99dedad0d44c838744ac0ecf0c543a] 199.204.45.162 "GET /resource_providers/20f34ea2-ebac-4110-9f90-14662dc4c712/allocations" status: 200 len: 340 microversion: 1.0 [pid: 8|app: 0|req: 601/1217] 199.204.45.162 () {32 vars in 856 bytes} [Thu Jun 11 18:57:47 2026] GET /resource_providers/20f34ea2-ebac-4110-9f90-14662dc4c712/allocations => generated 340 bytes in 18 msecs (HTTP/1.1 200) 6 headers in 224 bytes (1 switches on core 0)
2026-06-11 18:57:47.361 7 INFO placement.requestlog [req-3fa303c2-3800-4639-99f2-b9169d19da32 req-3d6d0a59-7618-46c9-bd2e-df289227747f 2e1f34d9d5b84c9ca34e0edb9d69ede8 39c0e94b8fc44593b7f707ec3fd6dddc - - 9d99dedad0d44c838744ac0ecf0c543a 9d99dedad0d44c838744ac0ecf0c543a] 199.204.45.162 "GET /allocations/341a2bb8-a4c0-4555-947f-e9bc92546943" status: 200 len: 258 microversion: 1.28 [pid: 7|app: 0|req: 617/1218] 199.204.45.162 () {34 vars in 862 bytes} [Thu Jun 11 18:57:47 2026] GET /allocations/341a2bb8-a4c0-4555-947f-e9bc92546943 => generated 258 bytes in 10 msecs (HTTP/1.1 200) 8 headers in 296 bytes (1 switches on core 0)
2026-06-11 18:57:47.376 8 INFO placement.requestlog [req-3fa303c2-3800-4639-99f2-b9169d19da32 req-b4231890-96dc-4c99-831d-6a4ffad4ad5c 2e1f34d9d5b84c9ca34e0edb9d69ede8 39c0e94b8fc44593b7f707ec3fd6dddc - - 9d99dedad0d44c838744ac0ecf0c543a 9d99dedad0d44c838744ac0ecf0c543a] 199.204.45.162 "GET /allocations/3dcae548-15f8-4c1c-a2da-3647aafaa0aa" status: 200 len: 245 microversion: 1.28 [pid: 8|app: 0|req: 602/1219] 199.204.45.162 () {34 vars in 862 bytes} [Thu Jun 11 18:57:47 2026] GET /allocations/3dcae548-15f8-4c1c-a2da-3647aafaa0aa => generated 245 bytes in 11 msecs (HTTP/1.1 200) 8 headers in 296 bytes (1 switches on core 0)
2026-06-11 18:57:47.390 7 INFO placement.requestlog [req-3fa303c2-3800-4639-99f2-b9169d19da32 req-c05ac304-3e6b-4be5-9a22-0d74485104ce 2e1f34d9d5b84c9ca34e0edb9d69ede8 39c0e94b8fc44593b7f707ec3fd6dddc - - 9d99dedad0d44c838744ac0ecf0c543a 9d99dedad0d44c838744ac0ecf0c543a] 199.204.45.162 "GET /allocations/4ce7e279-a721-41db-949a-11fb7ec79f01" status: 200 len: 258 microversion: 1.28 [pid: 7|app: 0|req: 618/1220] 199.204.45.162 () {34 vars in 862 bytes} [Thu Jun 11 18:57:47 2026] GET /allocations/4ce7e279-a721-41db-949a-11fb7ec79f01 => generated 258 bytes in 10 msecs (HTTP/1.1 200) 8 headers in 296 bytes (1 switches on core 0)
2026-06-11 18:57:50.430 8 INFO placement.requestlog [None req-86fc3936-c310-48a1-a3f1-e182792c46cb - - - - - -] 10.0.0.7 "GET /" status: 200 len: 136 microversion: 1.0
2026-06-11 18:57:55.336 7 INFO placement.requestlog [None req-e9fecb6f-4cd8-4f11-bdef-76f41299a609 - - - - - -] 10.0.0.7 "GET /" status: 200 len: 136 microversion: 1.0
2026-06-11 18:58:00.430 8 INFO placement.requestlog [None req-bb6cd282-9bf3-4c77-8c49-ee4e34c3a2e7 - - - - - -] 10.0.0.7 "GET /" status: 200 len: 136 microversion: 1.0
2026-06-11 18:58:05.337 7 INFO placement.requestlog [None req-da75c74a-0f23-4cd9-8d09-3fe9b682e8cb - - - - - -] 10.0.0.7 "GET /" status: 200 len: 136 microversion: 1.0
2026-06-11 18:58:10.429 8 INFO placement.requestlog [None req-f99c4d67-e050-461e-b5cd-095494f74ecb - - - - - -] 10.0.0.7 "GET /" status: 200 len: 136 microversion: 1.0
2026-06-11 18:58:15.336 7 INFO placement.requestlog [None req-5fa2323b-e90a-40ac-86a3-2dc8b7816d7b - - - - - -] 10.0.0.7 "GET /" status: 200 len: 136 microversion: 1.0
2026-06-11 18:58:20.429 8 INFO placement.requestlog [None req-6efcc63b-d5ba-41c6-b2c3-291a835e11d4 - - - - - -] 10.0.0.7 "GET /" status: 200 len: 136 microversion: 1.0
2026-06-11 18:58:25.337 7 INFO placement.requestlog [None req-647b00ee-0c39-40c8-9ddc-ed8e7a408aa3 - - - - - -] 10.0.0.7 "GET /" status: 200 len: 136 microversion: 1.0
2026-06-11 18:58:30.429 8 INFO placement.requestlog [None req-5468887c-35ae-4e4b-8cda-8ca0cf29f7ce - - - - - -] 10.0.0.7 "GET /" status: 200 len: 136 microversion: 1.0
2026-06-11 18:58:35.337 7 INFO placement.requestlog [None req-70225417-bb73-4ba5-8aae-079197d2fa28 - - - - - -] 10.0.0.7 "GET /" status: 200 len: 136 microversion: 1.0
2026-06-11 18:58:40.429 8 INFO placement.requestlog [None req-9bdb00ee-3c7b-4ae9-8424-f15be59326a4 - - - - - -] 10.0.0.7 "GET /" status: 200 len: 136 microversion: 1.0
2026-06-11 18:58:45.338 7 INFO placement.requestlog [None req-983c35f0-9a91-4bba-a2ed-4114190e17e0 - - - - - -] 10.0.0.7 "GET /" status: 200 len: 136 microversion: 1.0
2026-06-11 18:58:49.199 8 INFO placement.requestlog [req-f6d36073-a5d0-4117-a23b-18815bb397f9 req-40bca961-a4c8-44f3-8a19-f7336a6e46a7 2e1f34d9d5b84c9ca34e0edb9d69ede8 39c0e94b8fc44593b7f707ec3fd6dddc - - 9d99dedad0d44c838744ac0ecf0c543a 9d99dedad0d44c838744ac0ecf0c543a] 199.204.45.162 "GET /resource_providers/20f34ea2-ebac-4110-9f90-14662dc4c712/allocations" status: 200 len: 340 microversion: 1.0 [pid: 8|app: 0|req: 609/1233] 199.204.45.162 () {32 vars in 856 bytes} [Thu Jun 11 18:58:49 2026] GET /resource_providers/20f34ea2-ebac-4110-9f90-14662dc4c712/allocations => generated 340 bytes in 19 msecs (HTTP/1.1 200) 6 headers in 224 bytes (1 switches on core 0)
2026-06-11 18:58:49.226 7 INFO placement.requestlog [req-f6d36073-a5d0-4117-a23b-18815bb397f9 req-613fbbf4-7db5-41dc-acbf-aae0fe6cbe44 2e1f34d9d5b84c9ca34e0edb9d69ede8 39c0e94b8fc44593b7f707ec3fd6dddc - - 9d99dedad0d44c838744ac0ecf0c543a 9d99dedad0d44c838744ac0ecf0c543a] 199.204.45.162 "GET /resource_providers/20f34ea2-ebac-4110-9f90-14662dc4c712/allocations" status: 200 len: 340 microversion: 1.0 [pid: 7|app: 0|req: 625/1234] 199.204.45.162 () {32 vars in 856 bytes} [Thu Jun 11 18:58:49 2026] GET /resource_providers/20f34ea2-ebac-4110-9f90-14662dc4c712/allocations => generated 340 bytes in 20 msecs (HTTP/1.1 200) 6 headers in 224 bytes (1 switches on core 0)
2026-06-11 18:58:49.248 8 INFO placement.requestlog [req-f6d36073-a5d0-4117-a23b-18815bb397f9 req-d5926ecb-a377-433c-81a7-b9a80c571050 2e1f34d9d5b84c9ca34e0edb9d69ede8 39c0e94b8fc44593b7f707ec3fd6dddc - - 9d99dedad0d44c838744ac0ecf0c543a 9d99dedad0d44c838744ac0ecf0c543a] 199.204.45.162 "GET /allocations/341a2bb8-a4c0-4555-947f-e9bc92546943" status: 200 len: 258 microversion: 1.28 [pid: 8|app: 0|req: 610/1235] 199.204.45.162 () {34 vars in 862 bytes} [Thu Jun 11 18:58:49 2026] GET /allocations/341a2bb8-a4c0-4555-947f-e9bc92546943 => generated 258 bytes in 14 msecs (HTTP/1.1 200) 8 headers in 296 bytes (1 switches on core 0)
2026-06-11 18:58:49.273 7 INFO placement.requestlog [req-f6d36073-a5d0-4117-a23b-18815bb397f9 req-36dfd421-003f-4a99-a87d-6b4c0e77c9c2 2e1f34d9d5b84c9ca34e0edb9d69ede8 39c0e94b8fc44593b7f707ec3fd6dddc - - 9d99dedad0d44c838744ac0ecf0c543a 9d99dedad0d44c838744ac0ecf0c543a] 199.204.45.162 "GET /allocations/3dcae548-15f8-4c1c-a2da-3647aafaa0aa" status: 200 len: 245 microversion: 1.28 [pid: 7|app: 0|req: 626/1236] 199.204.45.162 () {34 vars in 862 bytes} [Thu Jun 11 18:58:49 2026] GET /allocations/3dcae548-15f8-4c1c-a2da-3647aafaa0aa => generated 245 bytes in 18 msecs (HTTP/1.1 200) 8 headers in 296 bytes (1 switches on core 0)
2026-06-11 18:58:49.297 8 INFO placement.requestlog [req-f6d36073-a5d0-4117-a23b-18815bb397f9 req-019f010b-1419-4f25-915d-e11072b5f6a2 2e1f34d9d5b84c9ca34e0edb9d69ede8 39c0e94b8fc44593b7f707ec3fd6dddc - - 9d99dedad0d44c838744ac0ecf0c543a 9d99dedad0d44c838744ac0ecf0c543a] 199.204.45.162 "GET /allocations/4ce7e279-a721-41db-949a-11fb7ec79f01" status: 200 len: 258 microversion: 1.28 [pid: 8|app: 0|req: 611/1237] 199.204.45.162 () {34 vars in 862 bytes} [Thu Jun 11 18:58:49 2026] GET /allocations/4ce7e279-a721-41db-949a-11fb7ec79f01 => generated 258 bytes in 19 msecs (HTTP/1.1 200) 8 headers in 296 bytes (1 switches on core 0)
2026-06-11 18:58:50.429 7 INFO placement.requestlog [None req-a8916a43-017d-4ab9-8832-23858508af04 - - - - - -] 10.0.0.7 "GET /" status: 200 len: 136 microversion: 1.0
2026-06-11 18:58:55.337 8 INFO placement.requestlog [None req-e0124c98-e242-43b1-9f56-36ea81590607 - - - - - -] 10.0.0.7 "GET /" status: 200 len: 136 microversion: 1.0
2026-06-11 18:59:00.429 7 INFO placement.requestlog [None req-b08545fe-904d-4e21-95ba-15a07c932d39 - - - - - -] 10.0.0.7 "GET /" status: 200 len: 136 microversion: 1.0
2026-06-11 18:59:05.336 8 INFO placement.requestlog [None req-c0f6c65e-704b-4bba-871a-a3d651c3068a - - - - - -] 10.0.0.7 "GET /" status: 200 len: 136 microversion: 1.0
2026-06-11 18:59:10.429 7 INFO placement.requestlog [None req-fff292b0-3aec-47c2-96ef-515c96092135 - - - - - -] 10.0.0.7 "GET /" status: 200 len: 136 microversion: 1.0
2026-06-11 18:59:15.336 8 INFO placement.requestlog [None req-367a3370-f543-499f-9fdf-475098e92825 - - - - - -] 10.0.0.7 "GET /" status: 200 len: 136 microversion: 1.0
2026-06-11 18:59:20.429 7 INFO placement.requestlog [None req-0154752c-92f6-4cc1-a347-ed348f6b3df9 - - - - - -] 10.0.0.7 "GET /" status: 200 len: 136 microversion: 1.0
2026-06-11 18:59:25.336 8 INFO placement.requestlog [None req-9efc1899-103c-4d41-abda-a25418827dcf - - - - - -] 10.0.0.7 "GET /" status: 200 len: 136 microversion: 1.0
2026-06-11 18:59:30.429 7 INFO placement.requestlog [None req-caf9c8e1-9f9c-428d-bb6d-59a235966380 - - - - - -] 10.0.0.7 "GET /" status: 200 len: 136 microversion: 1.0
2026-06-11 18:59:35.337 8 INFO placement.requestlog [None req-a8833820-3fbc-4512-849c-f39468a0fa64 - - - - - -] 10.0.0.7 "GET /" status: 200 len: 136 microversion: 1.0
2026-06-11 18:59:40.429 7 INFO placement.requestlog [None req-8550ae43-4412-47cf-943d-f5892f20bfdb - - - - - -] 10.0.0.7 "GET /" status: 200 len: 136 microversion: 1.0
2026-06-11 18:59:45.336 8 INFO placement.requestlog [None req-d31670aa-81ca-404c-a623-831b77c80a98 - - - - - -] 10.0.0.7 "GET /" status: 200 len: 136 microversion: 1.0
2026-06-11 18:59:50.194 7 INFO placement.requestlog [req-0cd3b3fc-215a-465f-b64f-ac162ccef5f5 req-8b3c95bb-e7ba-4a18-8b1d-b8824497ec3d 2e1f34d9d5b84c9ca34e0edb9d69ede8 39c0e94b8fc44593b7f707ec3fd6dddc - - 9d99dedad0d44c838744ac0ecf0c543a 9d99dedad0d44c838744ac0ecf0c543a] 199.204.45.162 "GET /resource_providers/20f34ea2-ebac-4110-9f90-14662dc4c712/allocations" status: 200 len: 340 microversion: 1.0 [pid: 7|app: 0|req: 633/1250] 199.204.45.162 () {32 vars in 856 bytes} [Thu Jun 11 18:59:50 2026] GET /resource_providers/20f34ea2-ebac-4110-9f90-14662dc4c712/allocations => generated 340 bytes in 21 msecs (HTTP/1.1 200) 6 headers in 224 bytes (1 switches on core 0)
2026-06-11 18:59:50.223 8 INFO placement.requestlog [req-0cd3b3fc-215a-465f-b64f-ac162ccef5f5 req-f53c9ea5-0f6e-4578-bf36-192a54dc315e 2e1f34d9d5b84c9ca34e0edb9d69ede8 39c0e94b8fc44593b7f707ec3fd6dddc - - 9d99dedad0d44c838744ac0ecf0c543a 9d99dedad0d44c838744ac0ecf0c543a] 199.204.45.162 "GET /resource_providers/20f34ea2-ebac-4110-9f90-14662dc4c712/allocations" status: 200 len: 340 microversion: 1.0 [pid: 8|app: 0|req: 618/1251] 199.204.45.162 () {32 vars in 856 bytes} [Thu Jun 11 18:59:50 2026] GET /resource_providers/20f34ea2-ebac-4110-9f90-14662dc4c712/allocations => generated 340 bytes in 22 msecs (HTTP/1.1 200) 6 headers in 224 bytes (1 switches on core 0)
2026-06-11 18:59:50.244 7 INFO placement.requestlog [req-0cd3b3fc-215a-465f-b64f-ac162ccef5f5 req-c92a1f39-24ee-4bc1-b241-c3923e1cffb3 2e1f34d9d5b84c9ca34e0edb9d69ede8 39c0e94b8fc44593b7f707ec3fd6dddc - - 9d99dedad0d44c838744ac0ecf0c543a 9d99dedad0d44c838744ac0ecf0c543a] 199.204.45.162 "GET /allocations/341a2bb8-a4c0-4555-947f-e9bc92546943" status: 200 len: 258 microversion: 1.28 [pid: 7|app: 0|req: 634/1252] 199.204.45.162 () {34 vars in 862 bytes} [Thu Jun 11 18:59:50 2026] GET /allocations/341a2bb8-a4c0-4555-947f-e9bc92546943 => generated 258 bytes in 15 msecs (HTTP/1.1 200) 8 headers in 296 bytes (1 switches on core 0)
2026-06-11 18:59:50.260 8 INFO placement.requestlog [req-0cd3b3fc-215a-465f-b64f-ac162ccef5f5 req-02d8acf9-9164-457d-9268-32f8bf183fce 2e1f34d9d5b84c9ca34e0edb9d69ede8 39c0e94b8fc44593b7f707ec3fd6dddc - - 9d99dedad0d44c838744ac0ecf0c543a 9d99dedad0d44c838744ac0ecf0c543a] 199.204.45.162 "GET /allocations/3dcae548-15f8-4c1c-a2da-3647aafaa0aa" status: 200 len: 245 microversion: 1.28 [pid: 8|app: 0|req: 619/1253] 199.204.45.162 () {34 vars in 862 bytes} [Thu Jun 11 18:59:50 2026] GET /allocations/3dcae548-15f8-4c1c-a2da-3647aafaa0aa => generated 245 bytes in 11 msecs (HTTP/1.1 200) 8 headers in 296 bytes (1 switches on core 0)
2026-06-11 18:59:50.282 7 INFO placement.requestlog [req-0cd3b3fc-215a-465f-b64f-ac162ccef5f5 req-0454a664-cd16-47f8-bfc1-e2036ddafef7 2e1f34d9d5b84c9ca34e0edb9d69ede8 39c0e94b8fc44593b7f707ec3fd6dddc - - 9d99dedad0d44c838744ac0ecf0c543a 9d99dedad0d44c838744ac0ecf0c543a] 199.204.45.162 "GET /allocations/4ce7e279-a721-41db-949a-11fb7ec79f01" status: 200 len: 258 microversion: 1.28 [pid: 7|app: 0|req: 635/1254] 199.204.45.162 () {34 vars in 862 bytes} [Thu Jun 11 18:59:50 2026] GET /allocations/4ce7e279-a721-41db-949a-11fb7ec79f01 => generated 258 bytes in 16 msecs (HTTP/1.1 200) 8 headers in 296 bytes (1 switches on core 0)
2026-06-11 18:59:50.429 8 INFO placement.requestlog [None req-fed37c85-897d-45f0-a11a-1b2b66fe51f1 - - - - - -] 10.0.0.7 "GET /" status: 200 len: 136 microversion: 1.0
2026-06-11 18:59:55.337 7 INFO placement.requestlog [None req-5bc7a481-4870-4969-b239-9b5f3396a680 - - - - - -] 10.0.0.7 "GET /" status: 200 len: 136 microversion: 1.0
2026-06-11 18:59:57.675 8 INFO placement.requestlog [req-46e16657-6fdf-4d03-8286-691352e959c0 req-ba696fe7-31f9-4abe-86a3-65741f9accd9 2e1f34d9d5b84c9ca34e0edb9d69ede8 39c0e94b8fc44593b7f707ec3fd6dddc - - 9d99dedad0d44c838744ac0ecf0c543a 9d99dedad0d44c838744ac0ecf0c543a] 199.204.45.162 "GET /resource_providers/20f34ea2-ebac-4110-9f90-14662dc4c712/allocations" status: 200 len: 340 microversion: 1.0 [pid: 8|app: 0|req: 621/1257] 199.204.45.162 () {32 vars in 856 bytes} [Thu Jun 11 18:59:57 2026] GET /resource_providers/20f34ea2-ebac-4110-9f90-14662dc4c712/allocations => generated 340 bytes in 16 msecs (HTTP/1.1 200) 6 headers in 224 bytes (1 switches on core 0)
2026-06-11 18:59:57.700 7 INFO placement.requestlog [req-46e16657-6fdf-4d03-8286-691352e959c0 req-1195cc2d-6afb-4c40-aec0-a4ee3abf83ec 2e1f34d9d5b84c9ca34e0edb9d69ede8 39c0e94b8fc44593b7f707ec3fd6dddc - - 9d99dedad0d44c838744ac0ecf0c543a 9d99dedad0d44c838744ac0ecf0c543a] 199.204.45.162 "GET /allocations/341a2bb8-a4c0-4555-947f-e9bc92546943" status: 200 len: 258 microversion: 1.28 [pid: 7|app: 0|req: 637/1258] 199.204.45.162 () {34 vars in 862 bytes} [Thu Jun 11 18:59:57 2026] GET /allocations/341a2bb8-a4c0-4555-947f-e9bc92546943 => generated 258 bytes in 19 msecs (HTTP/1.1 200) 8 headers in 296 bytes (1 switches on core 0)
2026-06-11 18:59:57.718 8 INFO placement.requestlog [req-46e16657-6fdf-4d03-8286-691352e959c0 req-77d0b071-c95c-4151-9229-f4d04da83d43 2e1f34d9d5b84c9ca34e0edb9d69ede8 39c0e94b8fc44593b7f707ec3fd6dddc - - 9d99dedad0d44c838744ac0ecf0c543a 9d99dedad0d44c838744ac0ecf0c543a] 199.204.45.162 "GET /allocations/3dcae548-15f8-4c1c-a2da-3647aafaa0aa" status: 200 len: 245 microversion: 1.28 [pid: 8|app: 0|req: 622/1259] 199.204.45.162 () {34 vars in 862 bytes} [Thu Jun 11 18:59:57 2026] GET /allocations/3dcae548-15f8-4c1c-a2da-3647aafaa0aa => generated 245 bytes in 10 msecs (HTTP/1.1 200) 8 headers in 296 bytes (1 switches on core 0)
2026-06-11 18:59:57.735 7 INFO placement.requestlog [req-46e16657-6fdf-4d03-8286-691352e959c0 req-08121ab0-e6c4-4d37-9800-f328bcd12faa 2e1f34d9d5b84c9ca34e0edb9d69ede8 39c0e94b8fc44593b7f707ec3fd6dddc - - 9d99dedad0d44c838744ac0ecf0c543a 9d99dedad0d44c838744ac0ecf0c543a] 199.204.45.162 "GET /allocations/4ce7e279-a721-41db-949a-11fb7ec79f01" status: 200 len: 258 microversion: 1.28 [pid: 7|app: 0|req: 638/1260] 199.204.45.162 () {34 vars in 862 bytes} [Thu Jun 11 18:59:57 2026] GET /allocations/4ce7e279-a721-41db-949a-11fb7ec79f01 => generated 258 bytes in 11 msecs (HTTP/1.1 200) 8 headers in 296 bytes (1 switches on core 0)
2026-06-11 18:59:58.782 8 INFO placement.requestlog [req-46e16657-6fdf-4d03-8286-691352e959c0 req-837e2a07-a33d-40c4-96d1-8669f9c88b48 2e1f34d9d5b84c9ca34e0edb9d69ede8 39c0e94b8fc44593b7f707ec3fd6dddc - - 9d99dedad0d44c838744ac0ecf0c543a 9d99dedad0d44c838744ac0ecf0c543a] 199.204.45.162 "DELETE /allocations/3dcae548-15f8-4c1c-a2da-3647aafaa0aa" status: 204 len: 0 microversion: 1.0 [pid: 8|app: 0|req: 623/1261] 199.204.45.162 () {34 vars in 840 bytes} [Thu Jun 11 18:59:58 2026] DELETE /allocations/3dcae548-15f8-4c1c-a2da-3647aafaa0aa => generated 0 bytes in 23 msecs (HTTP/1.1 204) 5 headers in 198 bytes (1 switches on core 0)
2026-06-11 19:00:00.428 7 INFO placement.requestlog [None req-75536b9c-96ba-4969-9168-5f88453dbc7b - - - - - -] 10.0.0.7 "GET /" status: 200 len: 136 microversion: 1.0
2026-06-11 19:00:00.998 8 INFO placement.requestlog [req-2a81b234-974a-4d7f-83ef-e6bcbe34c5e9 req-77952351-49df-4303-bdb2-54648a07961b 2e1f34d9d5b84c9ca34e0edb9d69ede8 39c0e94b8fc44593b7f707ec3fd6dddc - - 9d99dedad0d44c838744ac0ecf0c543a 9d99dedad0d44c838744ac0ecf0c543a] 199.204.45.162 "GET /resource_providers/20f34ea2-ebac-4110-9f90-14662dc4c712/allocations" status: 200 len: 253 microversion: 1.0 [pid: 8|app: 0|req: 624/1263] 199.204.45.162 () {32 vars in 856 bytes} [Thu Jun 11 19:00:00 2026] GET /resource_providers/20f34ea2-ebac-4110-9f90-14662dc4c712/allocations => generated 253 bytes in 15 msecs (HTTP/1.1 200) 6 headers in 224 bytes (1 switches on core 0)
2026-06-11 19:00:01.018 7 INFO placement.requestlog [req-2a81b234-974a-4d7f-83ef-e6bcbe34c5e9 req-cfd79716-d8ae-4e7f-8534-239bee4832be 2e1f34d9d5b84c9ca34e0edb9d69ede8 39c0e94b8fc44593b7f707ec3fd6dddc - - 9d99dedad0d44c838744ac0ecf0c543a 9d99dedad0d44c838744ac0ecf0c543a] 199.204.45.162 "GET /allocations/341a2bb8-a4c0-4555-947f-e9bc92546943" status: 200 len: 258 microversion: 1.28 [pid: 7|app: 0|req: 640/1264] 199.204.45.162 () {34 vars in 862 bytes} [Thu Jun 11 19:00:01 2026] GET /allocations/341a2bb8-a4c0-4555-947f-e9bc92546943 => generated 258 bytes in 15 msecs (HTTP/1.1 200) 8 headers in 296 bytes (1 switches on core 0)
2026-06-11 19:00:01.035 8 INFO placement.requestlog [req-2a81b234-974a-4d7f-83ef-e6bcbe34c5e9 req-c00b7ce1-a6fd-4e53-87e3-006716e77f76 2e1f34d9d5b84c9ca34e0edb9d69ede8 39c0e94b8fc44593b7f707ec3fd6dddc - - 9d99dedad0d44c838744ac0ecf0c543a 9d99dedad0d44c838744ac0ecf0c543a] 199.204.45.162 "GET /allocations/4ce7e279-a721-41db-949a-11fb7ec79f01" status: 200 len: 258 microversion: 1.28 [pid: 8|app: 0|req: 625/1265] 199.204.45.162 () {34 vars in 862 bytes} [Thu Jun 11 19:00:01 2026] GET /allocations/4ce7e279-a721-41db-949a-11fb7ec79f01 => generated 258 bytes in 11 msecs (HTTP/1.1 200) 8 headers in 296 bytes (1 switches on core 0)
2026-06-11 19:00:02.088 7 INFO placement.requestlog [req-2a81b234-974a-4d7f-83ef-e6bcbe34c5e9 req-61819058-eec5-4e45-aa90-bc4fa51efc6d 2e1f34d9d5b84c9ca34e0edb9d69ede8 39c0e94b8fc44593b7f707ec3fd6dddc - - 9d99dedad0d44c838744ac0ecf0c543a 9d99dedad0d44c838744ac0ecf0c543a] 199.204.45.162 "DELETE /allocations/4ce7e279-a721-41db-949a-11fb7ec79f01" status: 204 len: 0 microversion: 1.0 [pid: 7|app: 0|req: 641/1266] 199.204.45.162 () {34 vars in 840 bytes} [Thu Jun 11 19:00:02 2026] DELETE /allocations/4ce7e279-a721-41db-949a-11fb7ec79f01 => generated 0 bytes in 31 msecs (HTTP/1.1 204) 5 headers in 198 bytes (1 switches on core 0)
2026-06-11 19:00:05.336 8 INFO placement.requestlog [None req-3c5696c4-b49a-4369-a707-266f3fa4ffc4 - - - - - -] 10.0.0.7 "GET /" status: 200 len: 136 microversion: 1.0
2026-06-11 19:00:10.430 7 INFO placement.requestlog [None req-19d75a44-a3e0-49d8-acd8-a9b053e789da - - - - - -] 10.0.0.7 "GET /" status: 200 len: 136 microversion: 1.0
2026-06-11 19:00:12.445 8 INFO placement.requestlog [req-c99890f3-cd1f-4599-88a6-bf272458014e req-02f7ff74-3958-40c8-8a02-b638ddd5fc70 2e1f34d9d5b84c9ca34e0edb9d69ede8 39c0e94b8fc44593b7f707ec3fd6dddc - - 9d99dedad0d44c838744ac0ecf0c543a 9d99dedad0d44c838744ac0ecf0c543a] 199.204.45.162 "GET /resource_providers/20f34ea2-ebac-4110-9f90-14662dc4c712/allocations" status: 200 len: 153 microversion: 1.0 [pid: 8|app: 0|req: 627/1269] 199.204.45.162 () {32 vars in 856 bytes} [Thu Jun 11 19:00:12 2026] GET /resource_providers/20f34ea2-ebac-4110-9f90-14662dc4c712/allocations => generated 153 bytes in 14 msecs (HTTP/1.1 200) 6 headers in 224 bytes (1 switches on core 0)
2026-06-11 19:00:12.462 7 INFO placement.requestlog [req-c99890f3-cd1f-4599-88a6-bf272458014e req-fa8be6cb-09f3-4255-8730-f0e70494adfc 2e1f34d9d5b84c9ca34e0edb9d69ede8 39c0e94b8fc44593b7f707ec3fd6dddc - - 9d99dedad0d44c838744ac0ecf0c543a 9d99dedad0d44c838744ac0ecf0c543a] 199.204.45.162 "GET /allocations/341a2bb8-a4c0-4555-947f-e9bc92546943" status: 200 len: 258 microversion: 1.28 [pid: 7|app: 0|req: 643/1270] 199.204.45.162 () {34 vars in 862 bytes} [Thu Jun 11 19:00:12 2026] GET /allocations/341a2bb8-a4c0-4555-947f-e9bc92546943 => generated 258 bytes in 12 msecs (HTTP/1.1 200) 8 headers in 296 bytes (1 switches on core 0)
2026-06-11 19:00:13.510 8 INFO placement.requestlog [req-c99890f3-cd1f-4599-88a6-bf272458014e req-dc37ca23-2f1b-43dc-a7ac-b5adf5d8769a 2e1f34d9d5b84c9ca34e0edb9d69ede8 39c0e94b8fc44593b7f707ec3fd6dddc - - 9d99dedad0d44c838744ac0ecf0c543a 9d99dedad0d44c838744ac0ecf0c543a] 199.204.45.162 "DELETE /allocations/341a2bb8-a4c0-4555-947f-e9bc92546943" status: 204 len: 0 microversion: 1.0 [pid: 8|app: 0|req: 628/1271] 199.204.45.162 () {34 vars in 840 bytes} [Thu Jun 11 19:00:13 2026] DELETE /allocations/341a2bb8-a4c0-4555-947f-e9bc92546943 => generated 0 bytes in 25 msecs (HTTP/1.1 204) 5 headers in 198 bytes (1 switches on core 0)
2026-06-11 19:00:15.336 7 INFO placement.requestlog [None req-c3efa8c2-9b6d-41a4-aa2f-f0ea9561dbad - - - - - -] 10.0.0.7 "GET /" status: 200 len: 136 microversion: 1.0
2026-06-11 19:00:20.429 8 INFO placement.requestlog [None req-862851f0-06c1-451f-b1b9-6e857f640275 - - - - - -] 10.0.0.7 "GET /" status: 200 len: 136 microversion: 1.0
2026-06-11 19:00:23.827 8 INFO placement.requestlog [None req-1d4915fe-0f64-49df-bccc-31a909839590 2f2e2d4a851b459391c977b0790aee5d 39c0e94b8fc44593b7f707ec3fd6dddc - - 9d99dedad0d44c838744ac0ecf0c543a 9d99dedad0d44c838744ac0ecf0c543a] 10.0.0.180 "GET /resource_providers/9ad44b80-4d5c-4895-a7eb-f5d8bd3bb849/aggregates" status: 404 len: 235 microversion: 1.1 [pid: 8|app: 0|req: 630/1274] 10.0.0.180 () {32 vars in 815 bytes} [Thu Jun 11 19:00:23 2026] GET /resource_providers/9ad44b80-4d5c-4895-a7eb-f5d8bd3bb849/aggregates => generated 235 bytes in 48 msecs (HTTP/1.1 404) 5 headers in 202 bytes (1 switches on core 0)
2026-06-11 19:00:23.832 7 INFO placement.requestlog [None req-b3409853-831b-4590-a93f-0ad7d7562e03 2f2e2d4a851b459391c977b0790aee5d 39c0e94b8fc44593b7f707ec3fd6dddc - - 9d99dedad0d44c838744ac0ecf0c543a 9d99dedad0d44c838744ac0ecf0c543a] 10.0.0.180 "GET /resource_providers/9ad44b80-4d5c-4895-a7eb-f5d8bd3bb849/aggregates" status: 404 len: 235 microversion: 1.1 [pid: 7|app: 0|req: 645/1275] 10.0.0.180 () {32 vars in 815 bytes} [Thu Jun 11 19:00:23 2026] GET /resource_providers/9ad44b80-4d5c-4895-a7eb-f5d8bd3bb849/aggregates => generated 235 bytes in 52 msecs (HTTP/1.1 404) 5 headers in 202 bytes (1 switches on core 0)
2026-06-11 19:00:23.852 8 INFO placement.requestlog [None req-f581dde2-18b1-40e4-bd58-4ddc52dd48ab 2f2e2d4a851b459391c977b0790aee5d 39c0e94b8fc44593b7f707ec3fd6dddc - - 9d99dedad0d44c838744ac0ecf0c543a 9d99dedad0d44c838744ac0ecf0c543a] 10.0.0.180 "DELETE /resource_providers/9ad44b80-4d5c-4895-a7eb-f5d8bd3bb849" status: 404 len: 246 microversion: 1.1 [pid: 8|app: 0|req: 631/1276] 10.0.0.180 () {34 vars in 815 bytes} [Thu Jun 11 19:00:23 2026] DELETE /resource_providers/9ad44b80-4d5c-4895-a7eb-f5d8bd3bb849 => generated 246 bytes in 10 msecs (HTTP/1.1 404) 6 headers in 231 bytes (1 switches on core 0)
2026-06-11 19:00:23.865 7 INFO placement.requestlog [None req-de815596-e4f8-453d-99db-5dd1217036c8 2f2e2d4a851b459391c977b0790aee5d 39c0e94b8fc44593b7f707ec3fd6dddc - - 9d99dedad0d44c838744ac0ecf0c543a 9d99dedad0d44c838744ac0ecf0c543a] 10.0.0.180 "DELETE /resource_providers/9ad44b80-4d5c-4895-a7eb-f5d8bd3bb849" status: 404 len: 246 microversion: 1.1 [pid: 7|app: 0|req: 646/1277] 10.0.0.180 () {34 vars in 815 bytes} [Thu Jun 11 19:00:23 2026] DELETE /resource_providers/9ad44b80-4d5c-4895-a7eb-f5d8bd3bb849 => generated 246 bytes in 17 msecs (HTTP/1.1 404) 6 headers in 231 bytes (1 switches on core 0)
2026-06-11 19:00:25.336 8 INFO placement.requestlog [None req-ee9b2b20-6189-4f85-995e-79c182c05d28 - - - - - -] 10.0.0.7 "GET /" status: 200 len: 136 microversion: 1.0
2026-06-11 19:00:25.880 7 INFO placement.requestlog [None req-f6051fd1-91d0-41f2-864b-9c61ecc4472a 2f2e2d4a851b459391c977b0790aee5d 39c0e94b8fc44593b7f707ec3fd6dddc - - 9d99dedad0d44c838744ac0ecf0c543a 9d99dedad0d44c838744ac0ecf0c543a] 10.0.0.180 "GET /resource_providers/f9174039-3937-40fe-9fd7-37d64e72205d/aggregates" status: 404 len: 235 microversion: 1.1 [pid: 7|app: 0|req: 647/1279] 10.0.0.180 () {32 vars in 815 bytes} [Thu Jun 11 19:00:25 2026] GET /resource_providers/f9174039-3937-40fe-9fd7-37d64e72205d/aggregates => generated 235 bytes in 12 msecs (HTTP/1.1 404) 5 headers in 202 bytes (1 switches on core 0)
2026-06-11 19:00:25.891 8 INFO placement.requestlog [None req-45fa5fb2-7736-472c-a575-52d045693371 2f2e2d4a851b459391c977b0790aee5d 39c0e94b8fc44593b7f707ec3fd6dddc - - 9d99dedad0d44c838744ac0ecf0c543a 9d99dedad0d44c838744ac0ecf0c543a] 10.0.0.180 "GET /resource_providers/f9174039-3937-40fe-9fd7-37d64e72205d/aggregates" status: 404 len: 235 microversion: 1.1 [pid: 8|app: 0|req: 633/1280] 10.0.0.180 () {32 vars in 815 bytes} [Thu Jun 11 19:00:25 2026] GET /resource_providers/f9174039-3937-40fe-9fd7-37d64e72205d/aggregates => generated 235 bytes in 11 msecs (HTTP/1.1 404) 5 headers in 202 bytes (1 switches on core 0)
2026-06-11 19:00:25.899 7 INFO placement.requestlog [None req-7f29d5fb-0865-4c79-b86f-535084b30dbe 2f2e2d4a851b459391c977b0790aee5d 39c0e94b8fc44593b7f707ec3fd6dddc - - 9d99dedad0d44c838744ac0ecf0c543a 9d99dedad0d44c838744ac0ecf0c543a] 10.0.0.180 "DELETE /resource_providers/f9174039-3937-40fe-9fd7-37d64e72205d" status: 404 len: 246 microversion: 1.1 [pid: 7|app: 0|req: 648/1281] 10.0.0.180 () {34 vars in 815 bytes} [Thu Jun 11 19:00:25 2026] DELETE /resource_providers/f9174039-3937-40fe-9fd7-37d64e72205d => generated 246 bytes in 10 msecs (HTTP/1.1 404) 6 headers in 231 bytes (1 switches on core 0)
2026-06-11 19:00:25.910 8 INFO placement.requestlog [None req-25a2f733-c72c-4d73-96b6-cd1b23ea8fde 2f2e2d4a851b459391c977b0790aee5d 39c0e94b8fc44593b7f707ec3fd6dddc - - 9d99dedad0d44c838744ac0ecf0c543a 9d99dedad0d44c838744ac0ecf0c543a] 10.0.0.180 "DELETE /resource_providers/f9174039-3937-40fe-9fd7-37d64e72205d" status: 404 len: 246 microversion: 1.1 [pid: 8|app: 0|req: 634/1282] 10.0.0.180 () {34 vars in 815 bytes} [Thu Jun 11 19:00:25 2026] DELETE /resource_providers/f9174039-3937-40fe-9fd7-37d64e72205d => generated 246 bytes in 11 msecs (HTTP/1.1 404) 6 headers in 231 bytes (1 switches on core 0)
2026-06-11 19:00:25.915 7 INFO placement.requestlog [None req-c858be39-a2d5-4e90-883b-10c6d36635ee 2f2e2d4a851b459391c977b0790aee5d 39c0e94b8fc44593b7f707ec3fd6dddc - - 9d99dedad0d44c838744ac0ecf0c543a 9d99dedad0d44c838744ac0ecf0c543a] 10.0.0.180 "GET /resource_providers/c7ab4ad8-19bd-481f-a2df-256f34529889/aggregates" status: 404 len: 235 microversion: 1.1 [pid: 7|app: 0|req: 649/1283] 10.0.0.180 () {32 vars in 815 bytes} [Thu Jun 11 19:00:25 2026] GET /resource_providers/c7ab4ad8-19bd-481f-a2df-256f34529889/aggregates => generated 235 bytes in 10 msecs (HTTP/1.1 404) 5 headers in 202 bytes (1 switches on core 0)
2026-06-11 19:00:25.928 8 INFO placement.requestlog [None req-6663b209-c5d4-4543-97ba-ab021a860fcd 2f2e2d4a851b459391c977b0790aee5d 39c0e94b8fc44593b7f707ec3fd6dddc - - 9d99dedad0d44c838744ac0ecf0c543a 9d99dedad0d44c838744ac0ecf0c543a] 10.0.0.180 "GET /resource_providers/c7ab4ad8-19bd-481f-a2df-256f34529889/aggregates" status: 404 len: 235 microversion: 1.1 [pid: 8|app: 0|req: 635/1284] 10.0.0.180 () {32 vars in 815 bytes} [Thu Jun 11 19:00:25 2026] GET /resource_providers/c7ab4ad8-19bd-481f-a2df-256f34529889/aggregates => generated 235 bytes in 8 msecs (HTTP/1.1 404) 5 headers in 202 bytes (1 switches on core 0)
2026-06-11 19:00:25.930 7 INFO placement.requestlog [None req-898504b0-fe38-42dd-8abc-917214d03473 2f2e2d4a851b459391c977b0790aee5d 39c0e94b8fc44593b7f707ec3fd6dddc - - 9d99dedad0d44c838744ac0ecf0c543a 9d99dedad0d44c838744ac0ecf0c543a] 10.0.0.180 "DELETE /resource_providers/c7ab4ad8-19bd-481f-a2df-256f34529889" status: 404 len: 246 microversion: 1.1 [pid: 7|app: 0|req: 650/1285] 10.0.0.180 () {34 vars in 815 bytes} [Thu Jun 11 19:00:25 2026] DELETE /resource_providers/c7ab4ad8-19bd-481f-a2df-256f34529889 => generated 246 bytes in 8 msecs (HTTP/1.1 404) 6 headers in 231 bytes (1 switches on core 0)
2026-06-11 19:00:25.943 8 INFO placement.requestlog [None req-337300d6-0029-40f7-b4ee-e2d20b841fac 2f2e2d4a851b459391c977b0790aee5d 39c0e94b8fc44593b7f707ec3fd6dddc - - 9d99dedad0d44c838744ac0ecf0c543a 9d99dedad0d44c838744ac0ecf0c543a] 10.0.0.180 "DELETE /resource_providers/c7ab4ad8-19bd-481f-a2df-256f34529889" status: 404 len: 246 microversion: 1.1 [pid: 8|app: 0|req: 636/1286] 10.0.0.180 () {34 vars in 815 bytes} [Thu Jun 11 19:00:25 2026] DELETE /resource_providers/c7ab4ad8-19bd-481f-a2df-256f34529889 => generated 246 bytes in 6 msecs (HTTP/1.1 404) 6 headers in 231 bytes (1 switches on core 0)
2026-06-11 19:00:25.947 7 INFO placement.requestlog [None req-c4817a7d-a117-47a3-8614-36052ce470f5 2f2e2d4a851b459391c977b0790aee5d 39c0e94b8fc44593b7f707ec3fd6dddc - - 9d99dedad0d44c838744ac0ecf0c543a 9d99dedad0d44c838744ac0ecf0c543a] 10.0.0.180 "GET /resource_providers/0506d554-7821-4fa2-8489-925cc07fdf2f/aggregates" status: 404 len: 235 microversion: 1.1 [pid: 7|app: 0|req: 651/1287] 10.0.0.180 () {32 vars in 815 bytes} [Thu Jun 11 19:00:25 2026] GET /resource_providers/0506d554-7821-4fa2-8489-925cc07fdf2f/aggregates => generated 235 bytes in 8 msecs (HTTP/1.1 404) 5 headers in 202 bytes (1 switches on core 0)
2026-06-11 19:00:25.961 7 INFO placement.requestlog [None req-f30bbf5a-11ba-4deb-a6a5-d2c693960dbe 2f2e2d4a851b459391c977b0790aee5d 39c0e94b8fc44593b7f707ec3fd6dddc - - 9d99dedad0d44c838744ac0ecf0c543a 9d99dedad0d44c838744ac0ecf0c543a] 10.0.0.180 "DELETE /resource_providers/0506d554-7821-4fa2-8489-925cc07fdf2f" status: 404 len: 246 microversion: 1.1
2026-06-11 19:00:25.961 8 INFO placement.requestlog [None req-0e6b0553-3f6c-40a0-9290-9e3666454a92 2f2e2d4a851b459391c977b0790aee5d 39c0e94b8fc44593b7f707ec3fd6dddc - - 9d99dedad0d44c838744ac0ecf0c543a 9d99dedad0d44c838744ac0ecf0c543a] 10.0.0.180 "GET /resource_providers/0506d554-7821-4fa2-8489-925cc07fdf2f/aggregates" status: 404 len: 235 microversion: 1.1 [pid: 7|app: 0|req: 652/1288] 10.0.0.180 () {34 vars in 815 bytes} [Thu Jun 11 19:00:25 2026] DELETE /resource_providers/0506d554-7821-4fa2-8489-925cc07fdf2f => generated 246 bytes in 7 msecs (HTTP/1.1 404) 6 headers in 231 bytes (1 switches on core 0) [pid: 8|app: 0|req: 637/1289] 10.0.0.180 () {32 vars in 815 bytes} [Thu Jun 11 19:00:25 2026] GET /resource_providers/0506d554-7821-4fa2-8489-925cc07fdf2f/aggregates => generated 235 bytes in 10 msecs (HTTP/1.1 404) 5 headers in 202 bytes (1 switches on core 0)
2026-06-11 19:00:25.977 7 INFO placement.requestlog [None req-032df382-549e-433c-a80c-d3ededa12fd6 2f2e2d4a851b459391c977b0790aee5d 39c0e94b8fc44593b7f707ec3fd6dddc - - 9d99dedad0d44c838744ac0ecf0c543a 9d99dedad0d44c838744ac0ecf0c543a] 10.0.0.180 "DELETE /resource_providers/0506d554-7821-4fa2-8489-925cc07fdf2f" status: 404 len: 246 microversion: 1.1 [pid: 7|app: 0|req: 653/1290] 10.0.0.180 () {34 vars in 815 bytes} [Thu Jun 11 19:00:25 2026] DELETE /resource_providers/0506d554-7821-4fa2-8489-925cc07fdf2f => generated 246 bytes in 8 msecs (HTTP/1.1 404) 6 headers in 231 bytes (1 switches on core 0)
2026-06-11 19:00:30.429 8 INFO placement.requestlog [None req-55392043-fbdd-4e2e-a7e5-784a406063f3 - - - - - -] 10.0.0.7 "GET /" status: 200 len: 136 microversion: 1.0
2026-06-11 19:00:35.337 7 INFO placement.requestlog [None req-4aa125ba-e8a8-49b9-9aa2-94dec54cc1f8 - - - - - -] 10.0.0.7 "GET /" status: 200 len: 136 microversion: 1.0
2026-06-11 19:00:40.429 8 INFO placement.requestlog [None req-b7697bb6-dade-49fa-b43a-95f0a40ca1a2 - - - - - -] 10.0.0.7 "GET /" status: 200 len: 136 microversion: 1.0
2026-06-11 19:00:45.335 7 INFO placement.requestlog [None req-635bfe5b-2360-4769-b53e-c84aa37ec1d5 - - - - - -] 10.0.0.7 "GET /" status: 200 len: 136 microversion: 1.0
2026-06-11 19:00:50.428 7 INFO placement.requestlog [None req-af356684-e491-4b27-ae98-5ae5748069dd - - - - - -] 10.0.0.7 "GET /" status: 200 len: 136 microversion: 1.0
2026-06-11 19:00:50.558 8 INFO placement.requestlog [req-1bf236c2-1286-490a-bb78-886a96c9ab51 req-c46de8bc-4d49-479f-be59-2fa5dc636b12 2e1f34d9d5b84c9ca34e0edb9d69ede8 39c0e94b8fc44593b7f707ec3fd6dddc - - 9d99dedad0d44c838744ac0ecf0c543a 9d99dedad0d44c838744ac0ecf0c543a] 199.204.45.162 "GET /resource_providers/20f34ea2-ebac-4110-9f90-14662dc4c712/allocations" status: 200 len: 55 microversion: 1.0 [pid: 8|app: 0|req: 640/1296] 199.204.45.162 () {32 vars in 856 bytes} [Thu Jun 11 19:00:50 2026] GET /resource_providers/20f34ea2-ebac-4110-9f90-14662dc4c712/allocations => generated 55 bytes in 164 msecs (HTTP/1.1 200) 6 headers in 223 bytes (1 switches on core 0)
2026-06-11 19:00:50.578 7 INFO placement.requestlog [req-1bf236c2-1286-490a-bb78-886a96c9ab51 req-aff83d2c-d6a7-47ed-a5f9-665ab7488c8a 2e1f34d9d5b84c9ca34e0edb9d69ede8 39c0e94b8fc44593b7f707ec3fd6dddc - - 9d99dedad0d44c838744ac0ecf0c543a 9d99dedad0d44c838744ac0ecf0c543a] 199.204.45.162 "GET /resource_providers?in_tree=20f34ea2-ebac-4110-9f90-14662dc4c712" status: 200 len: 798 microversion: 1.14 [pid: 7|app: 0|req: 657/1297] 199.204.45.162 () {34 vars in 891 bytes} [Thu Jun 11 19:00:50 2026] GET /resource_providers?in_tree=20f34ea2-ebac-4110-9f90-14662dc4c712 => generated 798 bytes in 15 msecs (HTTP/1.1 200) 6 headers in 225 bytes (1 switches on core 0)
2026-06-11 19:00:50.619 8 INFO placement.requestlog [req-1bf236c2-1286-490a-bb78-886a96c9ab51 req-7b7ebe26-9225-4f80-b016-535b1dcac976 2e1f34d9d5b84c9ca34e0edb9d69ede8 39c0e94b8fc44593b7f707ec3fd6dddc - - 9d99dedad0d44c838744ac0ecf0c543a 9d99dedad0d44c838744ac0ecf0c543a] 199.204.45.162 "GET /resource_providers/20f34ea2-ebac-4110-9f90-14662dc4c712/inventories" status: 200 len: 401 microversion: 1.0 [pid: 8|app: 0|req: 641/1298] 199.204.45.162 () {32 vars in 856 bytes} [Thu Jun 11 19:00:50 2026] GET /resource_providers/20f34ea2-ebac-4110-9f90-14662dc4c712/inventories => generated 401 bytes in 35 msecs (HTTP/1.1 200) 6 headers in 224 bytes (1 switches on core 0)
2026-06-11 19:00:50.638 7 INFO placement.requestlog [req-1bf236c2-1286-490a-bb78-886a96c9ab51 req-75894b14-4b46-4fec-b7ff-8698fab3ab88 2e1f34d9d5b84c9ca34e0edb9d69ede8 39c0e94b8fc44593b7f707ec3fd6dddc - - 9d99dedad0d44c838744ac0ecf0c543a 9d99dedad0d44c838744ac0ecf0c543a] 199.204.45.162 "GET /resource_providers/20f34ea2-ebac-4110-9f90-14662dc4c712/aggregates" status: 200 len: 54 microversion: 1.19 [pid: 7|app: 0|req: 658/1299] 199.204.45.162 () {34 vars in 898 bytes} [Thu Jun 11 19:00:50 2026] GET /resource_providers/20f34ea2-ebac-4110-9f90-14662dc4c712/aggregates => generated 54 bytes in 10 msecs (HTTP/1.1 200) 8 headers in 295 bytes (1 switches on core 0)
2026-06-11 19:00:50.667 8 INFO placement.requestlog [req-1bf236c2-1286-490a-bb78-886a96c9ab51 req-53be2297-afcd-4de2-b17d-afef9024c708 2e1f34d9d5b84c9ca34e0edb9d69ede8 39c0e94b8fc44593b7f707ec3fd6dddc - - 9d99dedad0d44c838744ac0ecf0c543a 9d99dedad0d44c838744ac0ecf0c543a] 199.204.45.162 "GET /resource_providers/20f34ea2-ebac-4110-9f90-14662dc4c712/traits" status: 200 len: 2317 microversion: 1.6 [pid: 8|app: 0|req: 642/1300] 199.204.45.162 () {34 vars in 889 bytes} [Thu Jun 11 19:00:50 2026] GET /resource_providers/20f34ea2-ebac-4110-9f90-14662dc4c712/traits => generated 2317 bytes in 22 msecs (HTTP/1.1 200) 6 headers in 225 bytes (1 switches on core 0)
2026-06-11 19:00:50.688 7 INFO placement.requestlog [req-1bf236c2-1286-490a-bb78-886a96c9ab51 req-ed8e98c2-538c-4cec-89fa-dc033c8106ae 2e1f34d9d5b84c9ca34e0edb9d69ede8 39c0e94b8fc44593b7f707ec3fd6dddc - - 9d99dedad0d44c838744ac0ecf0c543a 9d99dedad0d44c838744ac0ecf0c543a] 199.204.45.162 "GET /resource_providers/20f34ea2-ebac-4110-9f90-14662dc4c712/allocations" status: 200 len: 55 microversion: 1.0 [pid: 7|app: 0|req: 659/1301] 199.204.45.162 () {32 vars in 856 bytes} [Thu Jun 11 19:00:50 2026] GET /resource_providers/20f34ea2-ebac-4110-9f90-14662dc4c712/allocations => generated 55 bytes in 14 msecs (HTTP/1.1 200) 6 headers in 223 bytes (1 switches on core 0)
2026-06-11 19:00:55.336 8 INFO placement.requestlog [None req-3aea9fee-4c60-4b1c-9b5c-a6f511619f6f - - - - - -] 10.0.0.7 "GET /" status: 200 len: 136 microversion: 1.0
2026-06-11 19:01:00.429 7 INFO placement.requestlog [None req-a4bb0909-93e9-4abc-8837-4161ea70e59b - - - - - -] 10.0.0.7 "GET /" status: 200 len: 136 microversion: 1.0
2026-06-11 19:01:05.336 8 INFO placement.requestlog [None req-5a2326e8-3029-45b1-8bde-0f0759cf9f38 - - - - - -] 10.0.0.7 "GET /" status: 200 len: 136 microversion: 1.0
2026-06-11 19:01:10.429 7 INFO placement.requestlog [None req-49f5244d-dcc9-4f55-a195-d3b3b662e820 - - - - - -] 10.0.0.7 "GET /" status: 200 len: 136 microversion: 1.0
2026-06-11 19:01:15.336 8 INFO placement.requestlog [None req-7fb00979-f484-4806-8d59-58cf6f3ee6c9 - - - - - -] 10.0.0.7 "GET /" status: 200 len: 136 microversion: 1.0
2026-06-11 19:01:20.429 7 INFO placement.requestlog [None req-0853b9c3-8a15-4c14-8397-26643cced76b - - - - - -] 10.0.0.7 "GET /" status: 200 len: 136 microversion: 1.0
2026-06-11 19:01:25.337 8 INFO placement.requestlog [None req-75c15846-daab-4dca-a697-ce46edc0dfe9 - - - - - -] 10.0.0.7 "GET /" status: 200 len: 136 microversion: 1.0
2026-06-11 19:01:30.428 7 INFO placement.requestlog [None req-fdac05b1-68f5-404e-b3e7-0b62642c1d05 - - - - - -] 10.0.0.7 "GET /" status: 200 len: 136 microversion: 1.0
2026-06-11 19:01:35.337 8 INFO placement.requestlog [None req-d095f81f-a1d9-4796-aa5b-053f02ef7340 - - - - - -] 10.0.0.7 "GET /" status: 200 len: 136 microversion: 1.0
2026-06-11 19:01:40.429 7 INFO placement.requestlog [None req-79855b52-a8bc-4940-9290-00411780d2d8 - - - - - -] 10.0.0.7 "GET /" status: 200 len: 136 microversion: 1.0
2026-06-11 19:01:45.336 8 INFO placement.requestlog [None req-bf07f035-e939-4b7f-b593-ac648754a160 - - - - - -] 10.0.0.7 "GET /" status: 200 len: 136 microversion: 1.0
2026-06-11 19:01:50.429 7 INFO placement.requestlog [None req-0f476d1b-3894-409d-a3f0-0432d561dac7 - - - - - -] 10.0.0.7 "GET /" status: 200 len: 136 microversion: 1.0
2026-06-11 19:01:50.917 8 INFO placement.requestlog [req-bdfa27f2-89ca-46e4-934a-2f17fecec623 req-4021d2e0-0881-42fa-9cef-22d3d6b58147 2e1f34d9d5b84c9ca34e0edb9d69ede8 39c0e94b8fc44593b7f707ec3fd6dddc - - 9d99dedad0d44c838744ac0ecf0c543a 9d99dedad0d44c838744ac0ecf0c543a] 199.204.45.162 "GET /resource_providers/20f34ea2-ebac-4110-9f90-14662dc4c712/allocations" status: 200 len: 55 microversion: 1.0 [pid: 8|app: 0|req: 649/1314] 199.204.45.162 () {32 vars in 856 bytes} [Thu Jun 11 19:01:50 2026] GET /resource_providers/20f34ea2-ebac-4110-9f90-14662dc4c712/allocations => generated 55 bytes in 26 msecs (HTTP/1.1 200) 6 headers in 223 bytes (1 switches on core 0)
2026-06-11 19:01:50.944 7 INFO placement.requestlog [req-bdfa27f2-89ca-46e4-934a-2f17fecec623 req-b6632de3-6c86-4166-b9f4-b83e3ebe278b 2e1f34d9d5b84c9ca34e0edb9d69ede8 39c0e94b8fc44593b7f707ec3fd6dddc - - 9d99dedad0d44c838744ac0ecf0c543a 9d99dedad0d44c838744ac0ecf0c543a] 199.204.45.162 "GET /resource_providers/20f34ea2-ebac-4110-9f90-14662dc4c712/allocations" status: 200 len: 55 microversion: 1.0 [pid: 7|app: 0|req: 666/1315] 199.204.45.162 () {32 vars in 856 bytes} [Thu Jun 11 19:01:50 2026] GET /resource_providers/20f34ea2-ebac-4110-9f90-14662dc4c712/allocations => generated 55 bytes in 23 msecs (HTTP/1.1 200) 6 headers in 223 bytes (1 switches on core 0)
2026-06-11 19:01:55.336 8 INFO placement.requestlog [None req-a0edb7d3-3258-4b56-9d08-d0a695ef511c - - - - - -] 10.0.0.7 "GET /" status: 200 len: 136 microversion: 1.0
2026-06-11 19:02:00.431 7 INFO placement.requestlog [None req-9b89460f-3196-4ad5-b358-cd39e4448a0c - - - - - -] 10.0.0.7 "GET /" status: 200 len: 136 microversion: 1.0
2026-06-11 19:02:05.336 8 INFO placement.requestlog [None req-540006f0-e66d-4a30-926b-51604c2382eb - - - - - -] 10.0.0.7 "GET /" status: 200 len: 136 microversion: 1.0
2026-06-11 19:02:10.429 7 INFO placement.requestlog [None req-bce2f446-f680-4b45-a021-e22aeb9b58b4 - - - - - -] 10.0.0.7 "GET /" status: 200 len: 136 microversion: 1.0
2026-06-11 19:02:15.337 8 INFO placement.requestlog [None req-3e6481ae-8a87-4516-9f58-d115d6159817 - - - - - -] 10.0.0.7 "GET /" status: 200 len: 136 microversion: 1.0
2026-06-11 19:02:20.430 7 INFO placement.requestlog [None req-1057a947-e834-4c30-9d63-f3fa6921417f - - - - - -] 10.0.0.7 "GET /" status: 200 len: 136 microversion: 1.0
2026-06-11 19:02:25.337 8 INFO placement.requestlog [None req-b26ca79e-edb0-4b09-8e81-5bfdfba465a5 - - - - - -] 10.0.0.7 "GET /" status: 200 len: 136 microversion: 1.0
