Aug 10 07:26:55.483190 np0000188306 devstack@neutron-api.service[101696]: DEBUG neutron_lib.callbacks.manager [None req-d2644d3c-499b-4b2a-b418-c8273f337b98 None None] Subscribe: > floatingip after_create 55550000, False {{(pid=101696) subscribe /opt/stack/data/venv/lib/python3.12/site-packages/neutron_lib/callbacks/manager.py:52}}
Aug 10 07:26:55.483190 np0000188306 devstack@neutron-api.service[101696]: DEBUG neutron_lib.callbacks.manager [None req-d2644d3c-499b-4b2a-b418-c8273f337b98 None None] Subscribe: > floatingip precommit_create 55550000, False {{(pid=101696) subscribe /opt/stack/data/venv/lib/python3.12/site-packages/neutron_lib/callbacks/manager.py:52}}
Aug 10 07:26:55.483454 np0000188306 devstack@neutron-api.service[101696]: DEBUG neutron_lib.callbacks.manager [None req-d2644d3c-499b-4b2a-b418-c8273f337b98 None None] Subscribe: > floatingip precommit_update 55550000, False {{(pid=101696) subscribe /opt/stack/data/venv/lib/python3.12/site-packages/neutron_lib/callbacks/manager.py:52}}
Aug 10 07:26:55.483454 np0000188306 devstack@neutron-api.service[101696]: DEBUG neutron_lib.callbacks.manager [None req-d2644d3c-499b-4b2a-b418-c8273f337b98 None None] Subscribe: > floatingip after_delete 55550000, False {{(pid=101696) subscribe /opt/stack/data/venv/lib/python3.12/site-packages/neutron_lib/callbacks/manager.py:52}}
Aug 10 07:26:55.483594 np0000188306 devstack@neutron-api.service[101696]: DEBUG neutron_lib.callbacks.manager [None req-d2644d3c-499b-4b2a-b418-c8273f337b98 None None] Subscribe: > floatingip after_status_update 55550000, False {{(pid=101696) subscribe /opt/stack/data/venv/lib/python3.12/site-packages/neutron_lib/callbacks/manager.py:52}}
Aug 10 07:26:55.483594 np0000188306 devstack@neutron-api.service[101696]: DEBUG neutron_lib.callbacks.manager [None req-d2644d3c-499b-4b2a-b418-c8273f337b98 None None] Subscribe: > floatingip after_update 55550000, False {{(pid=101696) subscribe /opt/stack/data/venv/lib/python3.12/site-packages/neutron_lib/callbacks/manager.py:52}}
Aug 10 07:26:55.483879 np0000188306 devstack@neutron-api.service[101696]: DEBUG neutron_lib.callbacks.manager [None req-d2644d3c-499b-4b2a-b418-c8273f337b98 None None] Subscribe: > port_forwarding after_create 55550000, False {{(pid=101696) subscribe /opt/stack/data/venv/lib/python3.12/site-packages/neutron_lib/callbacks/manager.py:52}}
Aug 10 07:26:55.483879 np0000188306 devstack@neutron-api.service[101696]: DEBUG neutron_lib.callbacks.manager [None req-d2644d3c-499b-4b2a-b418-c8273f337b98 None None] Subscribe: > router_interface after_delete 55550000, False {{(pid=101696) subscribe /opt/stack/data/venv/lib/python3.12/site-packages/neutron_lib/callbacks/manager.py:52}}
Aug 10 07:26:55.483879 np0000188306 devstack@neutron-api.service[101696]: DEBUG neutron_lib.callbacks.manager [None req-d2644d3c-499b-4b2a-b418-c8273f337b98 None None] Subscribe: > router after_create 55550000, False {{(pid=101696) subscribe /opt/stack/data/venv/lib/python3.12/site-packages/neutron_lib/callbacks/manager.py:52}}
Aug 10 07:26:55.484053 np0000188306 devstack@neutron-api.service[101696]: DEBUG neutron_lib.callbacks.manager [None req-d2644d3c-499b-4b2a-b418-c8273f337b98 None None] Subscribe: > router precommit_create 55550000, False {{(pid=101696) subscribe /opt/stack/data/venv/lib/python3.12/site-packages/neutron_lib/callbacks/manager.py:52}}
Aug 10 07:26:55.484053 np0000188306 devstack@neutron-api.service[101696]: DEBUG neutron_lib.callbacks.manager [None req-d2644d3c-499b-4b2a-b418-c8273f337b98 None None] Subscribe: > router after_delete 55550000, False {{(pid=101696) subscribe /opt/stack/data/venv/lib/python3.12/site-packages/neutron_lib/callbacks/manager.py:52}}
Aug 10 07:26:55.484235 np0000188306 devstack@neutron-api.service[101696]: DEBUG neutron_lib.callbacks.manager [None req-d2644d3c-499b-4b2a-b418-c8273f337b98 None None] Subscribe: > router after_update 55550000, False {{(pid=101696) subscribe /opt/stack/data/venv/lib/python3.12/site-packages/neutron_lib/callbacks/manager.py:52}}
Aug 10 07:26:55.484491 np0000188306 devstack@neutron-api.service[101696]: DEBUG neutron.services.service_base [None req-d2644d3c-499b-4b2a-b418-c8273f337b98 None None] Loaded 'neutron.services.ovn_l3.service_providers.ovn.OvnDriver' provider for service L3_ROUTER_NAT {{(pid=101696) load_drivers /opt/stack/neutron/neutron/services/service_base.py:49}}
Aug 10 07:26:55.484491 np0000188306 devstack@neutron-api.service[101696]: DEBUG neutron_lib.callbacks.manager [None req-d2644d3c-499b-4b2a-b418-c8273f337b98 None None] Subscribe: > process after_init 55550001, True {{(pid=101696) subscribe /opt/stack/data/venv/lib/python3.12/site-packages/neutron_lib/callbacks/manager.py:52}}
Aug 10 07:26:55.484684 np0000188306 devstack@neutron-api.service[101696]: DEBUG neutron.manager [None req-d2644d3c-499b-4b2a-b418-c8273f337b98 None None] Successfully loaded L3_ROUTER_NAT plugin. Description: L3 Router Service Plugin for basic L3 forwarding using OVN {{(pid=101696) _create_and_add_service_plugin /opt/stack/neutron/neutron/manager.py:236}}
Aug 10 07:26:55.484684 np0000188306 devstack@neutron-api.service[101696]: INFO neutron.manager [None req-d2644d3c-499b-4b2a-b418-c8273f337b98 None None] Loading Plugin: auto_allocate
Aug 10 07:26:55.485662 np0000188306 devstack@neutron-api.service[101696]: DEBUG neutron_lib.callbacks.manager [None req-d2644d3c-499b-4b2a-b418-c8273f337b98 None None] Subscribe: network precommit_update 55550000, False {{(pid=101696) subscribe /opt/stack/data/venv/lib/python3.12/site-packages/neutron_lib/callbacks/manager.py:52}}
Aug 10 07:26:55.485662 np0000188306 devstack@neutron-api.service[101696]: DEBUG neutron_lib.callbacks.manager [None req-d2644d3c-499b-4b2a-b418-c8273f337b98 None None] Subscribe: network precommit_create 55550000, False {{(pid=101696) subscribe /opt/stack/data/venv/lib/python3.12/site-packages/neutron_lib/callbacks/manager.py:52}}
Aug 10 07:26:55.485821 np0000188306 devstack@neutron-api.service[101696]: DEBUG neutron.manager [None req-d2644d3c-499b-4b2a-b418-c8273f337b98 None None] Successfully loaded auto-allocated-topology plugin. Description: Auto Allocated Topology - aka get me a network. {{(pid=101696) _create_and_add_service_plugin /opt/stack/neutron/neutron/manager.py:236}}
Aug 10 07:26:55.485886 np0000188306 devstack@neutron-api.service[101696]: INFO neutron.manager [None req-d2644d3c-499b-4b2a-b418-c8273f337b98 None None] Loading Plugin: tag
Aug 10 07:26:55.488497 np0000188306 devstack@neutron-api.service[101696]: DEBUG neutron.manager [None req-d2644d3c-499b-4b2a-b418-c8273f337b98 None None] Successfully loaded TAG plugin. Description: Tag support {{(pid=101696) _create_and_add_service_plugin /opt/stack/neutron/neutron/manager.py:236}}
Aug 10 07:26:55.488582 np0000188306 devstack@neutron-api.service[101696]: INFO neutron.manager [None req-d2644d3c-499b-4b2a-b418-c8273f337b98 None None] Loading Plugin: timestamp
Aug 10 07:26:55.489738 np0000188306 devstack@neutron-api.service[101696]: DEBUG neutron.manager [None req-d2644d3c-499b-4b2a-b418-c8273f337b98 None None] Successfully loaded timestamp plugin. Description: Adds timestamps to Neutron resources with standard attributes {{(pid=101696) _create_and_add_service_plugin /opt/stack/neutron/neutron/manager.py:236}}
Aug 10 07:26:55.489844 np0000188306 devstack@neutron-api.service[101696]: INFO neutron.manager [None req-d2644d3c-499b-4b2a-b418-c8273f337b98 None None] Loading Plugin: network_ip_availability
Aug 10 07:26:55.491390 np0000188306 devstack@neutron-api.service[101696]: DEBUG neutron.manager [None req-d2644d3c-499b-4b2a-b418-c8273f337b98 None None] Successfully loaded network-ip-availability plugin. Description: Provides IP availability data for each network and subnet. {{(pid=101696) _create_and_add_service_plugin /opt/stack/neutron/neutron/manager.py:236}}
Aug 10 07:26:55.491679 np0000188306 devstack@neutron-api.service[101696]: INFO neutron.manager [None req-d2644d3c-499b-4b2a-b418-c8273f337b98 None None] Loading Plugin: flavors
Aug 10 07:26:55.492447 np0000188306 devstack@neutron-api.service[101696]: DEBUG neutron.manager [None req-d2644d3c-499b-4b2a-b418-c8273f337b98 None None] Successfully loaded FLAVORS plugin. Description: Neutron Flavors and Service Profiles manager plugin {{(pid=101696) _create_and_add_service_plugin /opt/stack/neutron/neutron/manager.py:236}}
Aug 10 07:26:55.492561 np0000188306 devstack@neutron-api.service[101696]: INFO neutron.manager [None req-d2644d3c-499b-4b2a-b418-c8273f337b98 None None] Loading Plugin: revisions
Aug 10 07:26:55.493507 np0000188306 devstack@neutron-api.service[101696]: DEBUG neutron.manager [None req-d2644d3c-499b-4b2a-b418-c8273f337b98 None None] Successfully loaded revision_plugin plugin. Description: Adds revision numbers to resources. {{(pid=101696) _create_and_add_service_plugin /opt/stack/neutron/neutron/manager.py:236}}
Aug 10 07:26:55.493637 np0000188306 devstack@neutron-api.service[101696]: DEBUG oslo_concurrency.lockutils [None req-d2644d3c-499b-4b2a-b418-c8273f337b98 None None] Lock "manager" "released" by "neutron.manager.NeutronManager._create_instance" :: held 4.879s {{(pid=101696) inner /opt/stack/data/venv/lib/python3.12/site-packages/oslo_concurrency/lockutils.py:544}}
Aug 10 07:26:55.493855 np0000188306 devstack@neutron-api.service[101696]: DEBUG neutron.api.extensions [None req-d2644d3c-499b-4b2a-b418-c8273f337b98 None None] get_extension_paths = OrderedDict({'/opt/stack/neutron/neutron/extensions': 1}) {{(pid=101696) get_extensions_path /opt/stack/neutron/neutron/api/extensions.py:640}}
Aug 10 07:26:55.493910 np0000188306 devstack@neutron-api.service[101696]: INFO neutron.api.extensions [None req-d2644d3c-499b-4b2a-b418-c8273f337b98 None None] Initializing extension manager.
Aug 10 07:26:55.494246 np0000188306 devstack@neutron-api.service[101696]: DEBUG neutron.api.extensions [None req-d2644d3c-499b-4b2a-b418-c8273f337b98 None None] Loading extension file: __init__.py {{(pid=101696) _load_all_extensions_from_path /opt/stack/neutron/neutron/api/extensions.py:449}}
Aug 10 07:26:55.494246 np0000188306 devstack@neutron-api.service[101696]: DEBUG neutron.api.extensions [None req-d2644d3c-499b-4b2a-b418-c8273f337b98 None None] Loading extension file: __pycache__ {{(pid=101696) _load_all_extensions_from_path /opt/stack/neutron/neutron/api/extensions.py:449}}
Aug 10 07:26:55.494381 np0000188306 devstack@neutron-api.service[101696]: DEBUG neutron.api.extensions [None req-d2644d3c-499b-4b2a-b418-c8273f337b98 None None] Loading extension file: aap_reject_multicast.py {{(pid=101696) _load_all_extensions_from_path /opt/stack/neutron/neutron/api/extensions.py:449}}
Aug 10 07:26:55.494731 np0000188306 devstack@neutron-api.service[101696]: DEBUG neutron.api.extensions [None req-d2644d3c-499b-4b2a-b418-c8273f337b98 None None] Ext name="Allowed address pairs reject multicast extension" alias="aap-reject-multicast" description="Reject multicast addresses in Allowed Address Pairs" updated="2026-04-01T00:00:00-00:00" {{(pid=101696) _check_extension /opt/stack/neutron/neutron/api/extensions.py:415}}
Aug 10 07:26:55.494852 np0000188306 devstack@neutron-api.service[101696]: INFO neutron.api.extensions [None req-d2644d3c-499b-4b2a-b418-c8273f337b98 None None] Extension aap-reject-multicast not supported by any of loaded plugins
Aug 10 07:26:55.494937 np0000188306 devstack@neutron-api.service[101696]: DEBUG neutron.api.extensions [None req-d2644d3c-499b-4b2a-b418-c8273f337b98 None None] Loading extension file: address_group.py {{(pid=101696) _load_all_extensions_from_path /opt/stack/neutron/neutron/api/extensions.py:449}}
Aug 10 07:26:55.495146 np0000188306 devstack@neutron-api.service[101697]: INFO neutron.plugins.ml2.drivers.type_vlan [None req-35366e49-ee0d-442e-8e4c-48536ec2b065 None None] VlanTypeDriver initialization complete
Aug 10 07:26:55.495423 np0000188306 devstack@neutron-api.service[101697]: INFO neutron.plugins.ml2.managers [None req-35366e49-ee0d-442e-8e4c-48536ec2b065 None None] Initializing extension driver 'port_security'
Aug 10 07:26:55.495516 np0000188306 devstack@neutron-api.service[101696]: DEBUG neutron.api.extensions [None req-d2644d3c-499b-4b2a-b418-c8273f337b98 None None] Ext name="Address group" alias="address-group" description="Support address group" updated="2020-07-15T10:00:00-00:00" {{(pid=101696) _check_extension /opt/stack/neutron/neutron/api/extensions.py:415}}
Aug 10 07:26:55.495621 np0000188306 devstack@neutron-api.service[101697]: INFO neutron.plugins.ml2.extensions.port_security [None req-35366e49-ee0d-442e-8e4c-48536ec2b065 None None] PortSecurityExtensionDriver initialization complete
Aug 10 07:26:55.495621 np0000188306 devstack@neutron-api.service[101697]: INFO neutron.plugins.ml2.managers [None req-35366e49-ee0d-442e-8e4c-48536ec2b065 None None] Initializing extension driver 'qos'
Aug 10 07:26:55.495746 np0000188306 devstack@neutron-api.service[101696]: INFO neutron.api.extensions [None req-d2644d3c-499b-4b2a-b418-c8273f337b98 None None] Loaded extension: address-group
Aug 10 07:26:55.495746 np0000188306 devstack@neutron-api.service[101696]: DEBUG neutron.api.extensions [None req-d2644d3c-499b-4b2a-b418-c8273f337b98 None None] Loading extension file: address_scope.py {{(pid=101696) _load_all_extensions_from_path /opt/stack/neutron/neutron/api/extensions.py:449}}
Aug 10 07:26:55.495889 np0000188306 devstack@neutron-api.service[101697]: DEBUG neutron.plugins.ml2.extensions.qos [None req-35366e49-ee0d-442e-8e4c-48536ec2b065 None None] QosExtensionDriver initialization complete {{(pid=101697) initialize /opt/stack/neutron/neutron/plugins/ml2/extensions/qos.py:31}}
Aug 10 07:26:55.495889 np0000188306 devstack@neutron-api.service[101697]: INFO neutron.plugins.ml2.managers [None req-35366e49-ee0d-442e-8e4c-48536ec2b065 None None] Initializing mechanism driver 'ovn'
Aug 10 07:26:55.495889 np0000188306 devstack@neutron-api.service[101697]: INFO neutron.plugins.ml2.drivers.ovn.mech_driver.mech_driver [None req-35366e49-ee0d-442e-8e4c-48536ec2b065 None None] Starting OVNMechanismDriver
Aug 10 07:26:55.496021 np0000188306 devstack@neutron-api.service[101696]: DEBUG neutron.api.extensions [None req-d2644d3c-499b-4b2a-b418-c8273f337b98 None None] Ext name="Address scope" alias="address-scope" description="Address scopes extension." updated="2015-07-26T10:00:00-00:00" {{(pid=101696) _check_extension /opt/stack/neutron/neutron/api/extensions.py:415}}
Aug 10 07:26:55.496021 np0000188306 devstack@neutron-api.service[101696]: INFO neutron.api.extensions [None req-d2644d3c-499b-4b2a-b418-c8273f337b98 None None] Loaded extension: address-scope
Aug 10 07:26:55.496142 np0000188306 devstack@neutron-api.service[101696]: DEBUG neutron.api.extensions [None req-d2644d3c-499b-4b2a-b418-c8273f337b98 None None] Loading extension file: admin_state_down_before_update.py {{(pid=101696) _load_all_extensions_from_path /opt/stack/neutron/neutron/api/extensions.py:449}}
Aug 10 07:26:55.496365 np0000188306 devstack@neutron-api.service[101696]: DEBUG neutron.api.extensions [None req-d2644d3c-499b-4b2a-b418-c8273f337b98 None None] Ext name="Enforce Router's Admin State Down Before Update Extension" alias="router-admin-state-down-before-update" description="Ensure that the admin state of a router is DOWN (admin_state_up=False) before updating the distributed attribute" updated="2019-07-02T15:56:00" {{(pid=101696) _check_extension /opt/stack/neutron/neutron/api/extensions.py:415}}
Aug 10 07:26:55.496520 np0000188306 devstack@neutron-api.service[101696]: INFO neutron.api.extensions [None req-d2644d3c-499b-4b2a-b418-c8273f337b98 None None] Extension router-admin-state-down-before-update not supported by any of loaded plugins
Aug 10 07:26:55.496610 np0000188306 devstack@neutron-api.service[101696]: DEBUG neutron.api.extensions [None req-d2644d3c-499b-4b2a-b418-c8273f337b98 None None] Loading extension file: agent.py {{(pid=101696) _load_all_extensions_from_path /opt/stack/neutron/neutron/api/extensions.py:449}}
Aug 10 07:26:55.496883 np0000188306 devstack@neutron-api.service[101696]: DEBUG neutron.api.extensions [None req-d2644d3c-499b-4b2a-b418-c8273f337b98 None None] Ext name="agent" alias="agent" description="The agent management extension." updated="2013-02-03T10:00:00-00:00" {{(pid=101696) _check_extension /opt/stack/neutron/neutron/api/extensions.py:415}}
Aug 10 07:26:55.497155 np0000188306 devstack@neutron-api.service[101696]: INFO neutron.api.extensions [None req-d2644d3c-499b-4b2a-b418-c8273f337b98 None None] Loaded extension: agent
Aug 10 07:26:55.497155 np0000188306 devstack@neutron-api.service[101696]: DEBUG neutron.api.extensions [None req-d2644d3c-499b-4b2a-b418-c8273f337b98 None None] Loading extension file: agent_resources_synced.py {{(pid=101696) _load_all_extensions_from_path /opt/stack/neutron/neutron/api/extensions.py:449}}
Aug 10 07:26:55.497347 np0000188306 devstack@neutron-api.service[101697]: DEBUG neutron_lib.callbacks.manager [None req-35366e49-ee0d-442e-8e4c-48536ec2b065 None None] Subscribe: > process before_spawn 55550000, False {{(pid=101697) subscribe /opt/stack/data/venv/lib/python3.12/site-packages/neutron_lib/callbacks/manager.py:52}}
Aug 10 07:26:55.497454 np0000188306 devstack@neutron-api.service[101696]: DEBUG neutron.api.extensions [None req-d2644d3c-499b-4b2a-b418-c8273f337b98 None None] Ext name="Agent's Resource View Synced to Placement" alias="agent-resources-synced" description="Stores success/failure of last sync to Placement" updated="2018-12-19T00:00:00-00:00" {{(pid=101696) _check_extension /opt/stack/neutron/neutron/api/extensions.py:415}}
Aug 10 07:26:55.497512 np0000188306 devstack@neutron-api.service[101697]: DEBUG neutron_lib.callbacks.manager [None req-35366e49-ee0d-442e-8e4c-48536ec2b065 None None] Subscribe: > process after_init 55550000, True {{(pid=101697) subscribe /opt/stack/data/venv/lib/python3.12/site-packages/neutron_lib/callbacks/manager.py:52}}
Aug 10 07:26:55.497599 np0000188306 devstack@neutron-api.service[101696]: INFO neutron.api.extensions [None req-d2644d3c-499b-4b2a-b418-c8273f337b98 None None] Extension agent-resources-synced not supported by any of loaded plugins
Aug 10 07:26:55.497653 np0000188306 devstack@neutron-api.service[101697]: DEBUG neutron_lib.callbacks.manager [None req-35366e49-ee0d-442e-8e4c-48536ec2b065 None None] Subscribe: > segment after_create 55550000, False {{(pid=101697) subscribe /opt/stack/data/venv/lib/python3.12/site-packages/neutron_lib/callbacks/manager.py:52}}
Aug 10 07:26:55.497781 np0000188306 devstack@neutron-api.service[101696]: DEBUG neutron.api.extensions [None req-d2644d3c-499b-4b2a-b418-c8273f337b98 None None] Loading extension file: agent_sort_key.py {{(pid=101696) _load_all_extensions_from_path /opt/stack/neutron/neutron/api/extensions.py:449}}
Aug 10 07:26:55.497838 np0000188306 devstack@neutron-api.service[101697]: DEBUG neutron_lib.callbacks.manager [None req-35366e49-ee0d-442e-8e4c-48536ec2b065 None None] Subscribe: > segment after_create 55550000, False {{(pid=101697) subscribe /opt/stack/data/venv/lib/python3.12/site-packages/neutron_lib/callbacks/manager.py:52}}
Aug 10 07:26:55.497838 np0000188306 devstack@neutron-api.service[101697]: DEBUG neutron_lib.callbacks.manager [None req-35366e49-ee0d-442e-8e4c-48536ec2b065 None None] Subscribe: > segment after_delete 55550000, False {{(pid=101697) subscribe /opt/stack/data/venv/lib/python3.12/site-packages/neutron_lib/callbacks/manager.py:52}}
Aug 10 07:26:55.497973 np0000188306 devstack@neutron-api.service[101696]: DEBUG neutron.api.extensions [None req-d2644d3c-499b-4b2a-b418-c8273f337b98 None None] Ext name="Agents Sort Key" alias="agent_sort_key" description="Enabling the keyword sort_key for sorting in agents." updated="2013-02-03T10:00:00-00:00" {{(pid=101696) _check_extension /opt/stack/neutron/neutron/api/extensions.py:415}}
Aug 10 07:26:55.498038 np0000188306 devstack@neutron-api.service[101697]: DEBUG neutron_lib.callbacks.manager [None req-35366e49-ee0d-442e-8e4c-48536ec2b065 None None] Subscribe: > allowed_address_pair before_create 55550000, False {{(pid=101697) subscribe /opt/stack/data/venv/lib/python3.12/site-packages/neutron_lib/callbacks/manager.py:52}}
Aug 10 07:26:55.498141 np0000188306 devstack@neutron-api.service[101696]: INFO neutron.api.extensions [None req-d2644d3c-499b-4b2a-b418-c8273f337b98 None None] Extension agent_sort_key not supported by any of loaded plugins
Aug 10 07:26:55.498198 np0000188306 devstack@neutron-api.service[101697]: DEBUG neutron_lib.callbacks.manager [None req-35366e49-ee0d-442e-8e4c-48536ec2b065 None None] Subscribe: > security_group precommit_create 55550000, False {{(pid=101697) subscribe /opt/stack/data/venv/lib/python3.12/site-packages/neutron_lib/callbacks/manager.py:52}}
Aug 10 07:26:55.498259 np0000188306 devstack@neutron-api.service[101696]: DEBUG neutron.api.extensions [None req-d2644d3c-499b-4b2a-b418-c8273f337b98 None None] Loading extension file: allowedaddresspairs.py {{(pid=101696) _load_all_extensions_from_path /opt/stack/neutron/neutron/api/extensions.py:449}}
Aug 10 07:26:55.498322 np0000188306 devstack@neutron-api.service[101697]: DEBUG neutron_lib.callbacks.manager [None req-35366e49-ee0d-442e-8e4c-48536ec2b065 None None] Subscribe: > security_group after_update 55550000, False {{(pid=101697) subscribe /opt/stack/data/venv/lib/python3.12/site-packages/neutron_lib/callbacks/manager.py:52}}
Aug 10 07:26:55.498383 np0000188306 devstack@neutron-api.service[101698]: INFO neutron.plugins.ml2.drivers.type_vlan [None req-5ca1f685-2eec-4ec7-96f5-6c988728e3fe None None] VlanTypeDriver initialization complete
Aug 10 07:26:55.498784 np0000188306 devstack@neutron-api.service[101697]: DEBUG neutron_lib.callbacks.manager [None req-35366e49-ee0d-442e-8e4c-48536ec2b065 None None] Subscribe: > security_group after_create 55550000, False {{(pid=101697) subscribe /opt/stack/data/venv/lib/python3.12/site-packages/neutron_lib/callbacks/manager.py:52}}
Aug 10 07:26:55.498929 np0000188306 devstack@neutron-api.service[101698]: INFO neutron.plugins.ml2.managers [None req-5ca1f685-2eec-4ec7-96f5-6c988728e3fe None None] Initializing extension driver 'port_security'
Aug 10 07:26:55.499005 np0000188306 devstack@neutron-api.service[101697]: DEBUG neutron_lib.callbacks.manager [None req-35366e49-ee0d-442e-8e4c-48536ec2b065 None None] Subscribe: > security_group precommit_delete 55550000, False {{(pid=101697) subscribe /opt/stack/data/venv/lib/python3.12/site-packages/neutron_lib/callbacks/manager.py:52}}
Aug 10 07:26:55.499141 np0000188306 devstack@neutron-api.service[101698]: INFO neutron.plugins.ml2.extensions.port_security [None req-5ca1f685-2eec-4ec7-96f5-6c988728e3fe None None] PortSecurityExtensionDriver initialization complete
Aug 10 07:26:55.499192 np0000188306 devstack@neutron-api.service[101697]: DEBUG neutron_lib.callbacks.manager [None req-35366e49-ee0d-442e-8e4c-48536ec2b065 None None] Subscribe: > security_group after_delete 55550000, False {{(pid=101697) subscribe /opt/stack/data/venv/lib/python3.12/site-packages/neutron_lib/callbacks/manager.py:52}}
Aug 10 07:26:55.499320 np0000188306 devstack@neutron-api.service[101698]: INFO neutron.plugins.ml2.managers [None req-5ca1f685-2eec-4ec7-96f5-6c988728e3fe None None] Initializing extension driver 'qos'
Aug 10 07:26:55.499382 np0000188306 devstack@neutron-api.service[101697]: DEBUG neutron_lib.callbacks.manager [None req-35366e49-ee0d-442e-8e4c-48536ec2b065 None None] Subscribe: > security_group_rule precommit_create 55550000, False {{(pid=101697) subscribe /opt/stack/data/venv/lib/python3.12/site-packages/neutron_lib/callbacks/manager.py:52}}
Aug 10 07:26:55.499561 np0000188306 devstack@neutron-api.service[101698]: DEBUG neutron.plugins.ml2.extensions.qos [None req-5ca1f685-2eec-4ec7-96f5-6c988728e3fe None None] QosExtensionDriver initialization complete {{(pid=101698) initialize /opt/stack/neutron/neutron/plugins/ml2/extensions/qos.py:31}}
Aug 10 07:26:55.499624 np0000188306 devstack@neutron-api.service[101697]: DEBUG neutron_lib.callbacks.manager [None req-35366e49-ee0d-442e-8e4c-48536ec2b065 None None] Subscribe: > security_group_rule after_create 55550000, False {{(pid=101697) subscribe /opt/stack/data/venv/lib/python3.12/site-packages/neutron_lib/callbacks/manager.py:52}}
Aug 10 07:26:55.499624 np0000188306 devstack@neutron-api.service[101697]: DEBUG neutron_lib.callbacks.manager [None req-35366e49-ee0d-442e-8e4c-48536ec2b065 None None] Subscribe: > security_group_rule before_delete 55550000, False {{(pid=101697) subscribe /opt/stack/data/venv/lib/python3.12/site-packages/neutron_lib/callbacks/manager.py:52}}
Aug 10 07:26:55.499862 np0000188306 devstack@neutron-api.service[101696]: DEBUG neutron.api.extensions [None req-d2644d3c-499b-4b2a-b418-c8273f337b98 None None] Ext name="Allowed Address Pairs" alias="allowed-address-pairs" description="Provides allowed address pairs" updated="2013-07-23T10:00:00-00:00" {{(pid=101696) _check_extension /opt/stack/neutron/neutron/api/extensions.py:415}}
Aug 10 07:26:55.499918 np0000188306 devstack@neutron-api.service[101698]: INFO neutron.plugins.ml2.managers [None req-5ca1f685-2eec-4ec7-96f5-6c988728e3fe None None] Initializing mechanism driver 'ovn'
Aug 10 07:26:55.500072 np0000188306 devstack@neutron-api.service[101697]: DEBUG neutron_lib.callbacks.manager [None req-35366e49-ee0d-442e-8e4c-48536ec2b065 None None] Subscribe: > address_group after_create 55550000, False {{(pid=101697) subscribe /opt/stack/data/venv/lib/python3.12/site-packages/neutron_lib/callbacks/manager.py:52}}
Aug 10 07:26:55.500128 np0000188306 devstack@neutron-api.service[101698]: INFO neutron.plugins.ml2.drivers.ovn.mech_driver.mech_driver [None req-5ca1f685-2eec-4ec7-96f5-6c988728e3fe None None] Starting OVNMechanismDriver
Aug 10 07:26:55.500291 np0000188306 devstack@neutron-api.service[101696]: INFO neutron.api.extensions [None req-d2644d3c-499b-4b2a-b418-c8273f337b98 None None] Loaded extension: allowed-address-pairs
Aug 10 07:26:55.500347 np0000188306 devstack@neutron-api.service[101697]: DEBUG neutron_lib.callbacks.manager [None req-35366e49-ee0d-442e-8e4c-48536ec2b065 None None] Subscribe: > address_group after_update 55550000, False {{(pid=101697) subscribe /opt/stack/data/venv/lib/python3.12/site-packages/neutron_lib/callbacks/manager.py:52}}
Aug 10 07:26:55.500525 np0000188306 devstack@neutron-api.service[101696]: DEBUG neutron.api.extensions [None req-d2644d3c-499b-4b2a-b418-c8273f337b98 None None] Loading extension file: auto_allocated_topology.py {{(pid=101696) _load_all_extensions_from_path /opt/stack/neutron/neutron/api/extensions.py:449}}
Aug 10 07:26:55.500622 np0000188306 devstack@neutron-api.service[101697]: DEBUG neutron_lib.callbacks.manager [None req-35366e49-ee0d-442e-8e4c-48536ec2b065 None None] Subscribe: > address_group after_delete 55550000, False {{(pid=101697) subscribe /opt/stack/data/venv/lib/python3.12/site-packages/neutron_lib/callbacks/manager.py:52}}
Aug 10 07:26:55.500787 np0000188306 devstack@neutron-api.service[101696]: DEBUG neutron.api.extensions [None req-d2644d3c-499b-4b2a-b418-c8273f337b98 None None] Ext name="Auto Allocated Topology Services" alias="auto-allocated-topology" description="Auto Allocated Topology Services." updated="2016-01-01T00:00:00-00:00" {{(pid=101696) _check_extension /opt/stack/neutron/neutron/api/extensions.py:415}}
Aug 10 07:26:55.500879 np0000188306 devstack@neutron-api.service[101697]: DEBUG neutron_lib.callbacks.manager [None req-35366e49-ee0d-442e-8e4c-48536ec2b065 None None] Subscribe: > qos_plugin after_init 55550000, False {{(pid=101697) subscribe /opt/stack/data/venv/lib/python3.12/site-packages/neutron_lib/callbacks/manager.py:52}}
Aug 10 07:26:55.501139 np0000188306 devstack@neutron-api.service[101696]: INFO neutron.api.extensions [None req-d2644d3c-499b-4b2a-b418-c8273f337b98 None None] Loaded extension: auto-allocated-topology
Aug 10 07:26:55.501139 np0000188306 devstack@neutron-api.service[101696]: DEBUG neutron.api.extensions [None req-d2644d3c-499b-4b2a-b418-c8273f337b98 None None] Loading extension file: availability_zone.py {{(pid=101696) _load_all_extensions_from_path /opt/stack/neutron/neutron/api/extensions.py:449}}
Aug 10 07:26:55.501312 np0000188306 devstack@neutron-api.service[101697]: DEBUG neutron_lib.callbacks.manager [None req-35366e49-ee0d-442e-8e4c-48536ec2b065 None None] Subscribe: > trunk_plugin after_init 55550000, False {{(pid=101697) subscribe /opt/stack/data/venv/lib/python3.12/site-packages/neutron_lib/callbacks/manager.py:52}}
Aug 10 07:26:55.501454 np0000188306 devstack@neutron-api.service[101696]: DEBUG neutron.api.extensions [None req-d2644d3c-499b-4b2a-b418-c8273f337b98 None None] Ext name="Availability Zone" alias="availability_zone" description="The availability zone extension." updated="2015-01-01T10:00:00-00:00" {{(pid=101696) _check_extension /opt/stack/neutron/neutron/api/extensions.py:415}}
Aug 10 07:26:55.501552 np0000188306 devstack@neutron-api.service[101697]: DEBUG neutron_lib.callbacks.manager [None req-35366e49-ee0d-442e-8e4c-48536ec2b065 None None] Subscribe: > logging-plugin after_init 55550000, False {{(pid=101697) subscribe /opt/stack/data/venv/lib/python3.12/site-packages/neutron_lib/callbacks/manager.py:52}}
Aug 10 07:26:55.501672 np0000188306 devstack@neutron-api.service[101696]: INFO neutron.api.extensions [None req-d2644d3c-499b-4b2a-b418-c8273f337b98 None None] Loaded extension: availability_zone
Aug 10 07:26:55.501672 np0000188306 devstack@neutron-api.service[101696]: DEBUG neutron.api.extensions [None req-d2644d3c-499b-4b2a-b418-c8273f337b98 None None] Loading extension file: availability_zone_filter.py {{(pid=101696) _load_all_extensions_from_path /opt/stack/neutron/neutron/api/extensions.py:449}}
Aug 10 07:26:55.501672 np0000188306 devstack@neutron-api.service[101696]: DEBUG neutron.api.extensions [None req-d2644d3c-499b-4b2a-b418-c8273f337b98 None None] Ext name="Availability Zone Filter Extension" alias="availability_zone_filter" description="Add filter parameters to AvailabilityZone resource" updated="2018-06-22T10:00:00-00:00" {{(pid=101696) _check_extension /opt/stack/neutron/neutron/api/extensions.py:415}}
Aug 10 07:26:55.501819 np0000188306 devstack@neutron-api.service[101697]: INFO neutron.services.logapi.drivers.ovn.driver [None req-35366e49-ee0d-442e-8e4c-48536ec2b065 None None] OVN logging driver registered
Aug 10 07:26:55.501998 np0000188306 devstack@neutron-api.service[101698]: DEBUG neutron_lib.callbacks.manager [None req-5ca1f685-2eec-4ec7-96f5-6c988728e3fe None None] Subscribe: > process before_spawn 55550000, False {{(pid=101698) subscribe /opt/stack/data/venv/lib/python3.12/site-packages/neutron_lib/callbacks/manager.py:52}}
Aug 10 07:26:55.502100 np0000188306 devstack@neutron-api.service[101696]: INFO neutron.api.extensions [None req-d2644d3c-499b-4b2a-b418-c8273f337b98 None None] Extension availability_zone_filter not supported by any of loaded plugins
Aug 10 07:26:55.502477 np0000188306 devstack@neutron-api.service[101698]: DEBUG neutron_lib.callbacks.manager [None req-5ca1f685-2eec-4ec7-96f5-6c988728e3fe None None] Subscribe: > process after_init 55550000, True {{(pid=101698) subscribe /opt/stack/data/venv/lib/python3.12/site-packages/neutron_lib/callbacks/manager.py:52}}
Aug 10 07:26:55.502571 np0000188306 devstack@neutron-api.service[101697]: DEBUG neutron_lib.callbacks.manager [None req-35366e49-ee0d-442e-8e4c-48536ec2b065 None None] Subscribe: ._register_pvlan_driver at 0x748a24d23e20> pvlan_plugin before_spawn 55550000, False {{(pid=101697) subscribe /opt/stack/data/venv/lib/python3.12/site-packages/neutron_lib/callbacks/manager.py:52}}
Aug 10 07:26:55.502787 np0000188306 devstack@neutron-api.service[101696]: DEBUG neutron.api.extensions [None req-d2644d3c-499b-4b2a-b418-c8273f337b98 None None] Loading extension file: data_plane_status.py {{(pid=101696) _load_all_extensions_from_path /opt/stack/neutron/neutron/api/extensions.py:449}}
Aug 10 07:26:55.502884 np0000188306 devstack@neutron-api.service[101698]: DEBUG neutron_lib.callbacks.manager [None req-5ca1f685-2eec-4ec7-96f5-6c988728e3fe None None] Subscribe: > segment after_create 55550000, False {{(pid=101698) subscribe /opt/stack/data/venv/lib/python3.12/site-packages/neutron_lib/callbacks/manager.py:52}}
Aug 10 07:26:55.503071 np0000188306 devstack@neutron-api.service[101697]: DEBUG neutron_lib.callbacks.manager [None req-35366e49-ee0d-442e-8e4c-48536ec2b065 None None] Subscribe: process after_init 55550000, False {{(pid=101697) subscribe /opt/stack/data/venv/lib/python3.12/site-packages/neutron_lib/callbacks/manager.py:52}}
Aug 10 07:26:55.503174 np0000188306 devstack@neutron-api.service[101698]: DEBUG neutron_lib.callbacks.manager [None req-5ca1f685-2eec-4ec7-96f5-6c988728e3fe None None] Subscribe: > segment after_create 55550000, False {{(pid=101698) subscribe /opt/stack/data/venv/lib/python3.12/site-packages/neutron_lib/callbacks/manager.py:52}}
Aug 10 07:26:55.503335 np0000188306 devstack@neutron-api.service[101696]: DEBUG neutron.api.extensions [None req-d2644d3c-499b-4b2a-b418-c8273f337b98 None None] Ext name="Port data plane status extension" alias="data-plane-status" description="Expose status of underlying data plane" updated="2017-01-24T10:00:00-00:00" {{(pid=101696) _check_extension /opt/stack/neutron/neutron/api/extensions.py:415}}
Aug 10 07:26:55.503454 np0000188306 devstack@neutron-api.service[101698]: DEBUG neutron_lib.callbacks.manager [None req-5ca1f685-2eec-4ec7-96f5-6c988728e3fe None None] Subscribe: > segment after_delete 55550000, False {{(pid=101698) subscribe /opt/stack/data/venv/lib/python3.12/site-packages/neutron_lib/callbacks/manager.py:52}}
Aug 10 07:26:55.503547 np0000188306 devstack@neutron-api.service[101696]: INFO neutron.api.extensions [None req-d2644d3c-499b-4b2a-b418-c8273f337b98 None None] Extension data-plane-status not supported by any of loaded plugins
Aug 10 07:26:55.503654 np0000188306 devstack@neutron-api.service[101698]: DEBUG neutron_lib.callbacks.manager [None req-5ca1f685-2eec-4ec7-96f5-6c988728e3fe None None] Subscribe: > allowed_address_pair before_create 55550000, False {{(pid=101698) subscribe /opt/stack/data/venv/lib/python3.12/site-packages/neutron_lib/callbacks/manager.py:52}}
Aug 10 07:26:55.503839 np0000188306 devstack@neutron-api.service[101696]: DEBUG neutron.api.extensions [None req-d2644d3c-499b-4b2a-b418-c8273f337b98 None None] Loading extension file: default_subnetpools.py {{(pid=101696) _load_all_extensions_from_path /opt/stack/neutron/neutron/api/extensions.py:449}}
Aug 10 07:26:55.503927 np0000188306 devstack@neutron-api.service[101698]: DEBUG neutron_lib.callbacks.manager [None req-5ca1f685-2eec-4ec7-96f5-6c988728e3fe None None] Subscribe: > security_group precommit_create 55550000, False {{(pid=101698) subscribe /opt/stack/data/venv/lib/python3.12/site-packages/neutron_lib/callbacks/manager.py:52}}
Aug 10 07:26:55.503927 np0000188306 devstack@neutron-api.service[101698]: DEBUG neutron_lib.callbacks.manager [None req-5ca1f685-2eec-4ec7-96f5-6c988728e3fe None None] Subscribe: > security_group after_update 55550000, False {{(pid=101698) subscribe /opt/stack/data/venv/lib/python3.12/site-packages/neutron_lib/callbacks/manager.py:52}}
Aug 10 07:26:55.504083 np0000188306 devstack@neutron-api.service[101696]: DEBUG neutron.api.extensions [None req-d2644d3c-499b-4b2a-b418-c8273f337b98 None None] Ext name="Default Subnetpools" alias="default-subnetpools" description="Provides ability to mark and use a subnetpool as the default." updated="2016-02-18T18:00:00-00:00" {{(pid=101696) _check_extension /opt/stack/neutron/neutron/api/extensions.py:415}}
Aug 10 07:26:55.504144 np0000188306 devstack@neutron-api.service[101698]: DEBUG neutron_lib.callbacks.manager [None req-5ca1f685-2eec-4ec7-96f5-6c988728e3fe None None] Subscribe: > security_group after_create 55550000, False {{(pid=101698) subscribe /opt/stack/data/venv/lib/python3.12/site-packages/neutron_lib/callbacks/manager.py:52}}
Aug 10 07:26:55.504200 np0000188306 devstack@neutron-api.service[101696]: INFO neutron.api.extensions [None req-d2644d3c-499b-4b2a-b418-c8273f337b98 None None] Loaded extension: default-subnetpools
Aug 10 07:26:55.504278 np0000188306 devstack@neutron-api.service[101698]: DEBUG neutron_lib.callbacks.manager [None req-5ca1f685-2eec-4ec7-96f5-6c988728e3fe None None] Subscribe: > security_group precommit_delete 55550000, False {{(pid=101698) subscribe /opt/stack/data/venv/lib/python3.12/site-packages/neutron_lib/callbacks/manager.py:52}}
Aug 10 07:26:55.504360 np0000188306 devstack@neutron-api.service[101696]: DEBUG neutron.api.extensions [None req-d2644d3c-499b-4b2a-b418-c8273f337b98 None None] Loading extension file: dhcpagentscheduler.py {{(pid=101696) _load_all_extensions_from_path /opt/stack/neutron/neutron/api/extensions.py:449}}
Aug 10 07:26:55.504432 np0000188306 devstack@neutron-api.service[101698]: DEBUG neutron_lib.callbacks.manager [None req-5ca1f685-2eec-4ec7-96f5-6c988728e3fe None None] Subscribe: > security_group after_delete 55550000, False {{(pid=101698) subscribe /opt/stack/data/venv/lib/python3.12/site-packages/neutron_lib/callbacks/manager.py:52}}
Aug 10 07:26:55.504432 np0000188306 devstack@neutron-api.service[101698]: DEBUG neutron_lib.callbacks.manager [None req-5ca1f685-2eec-4ec7-96f5-6c988728e3fe None None] Subscribe: > security_group_rule precommit_create 55550000, False {{(pid=101698) subscribe /opt/stack/data/venv/lib/python3.12/site-packages/neutron_lib/callbacks/manager.py:52}}
Aug 10 07:26:55.504432 np0000188306 devstack@neutron-api.service[101698]: DEBUG neutron_lib.callbacks.manager [None req-5ca1f685-2eec-4ec7-96f5-6c988728e3fe None None] Subscribe: > security_group_rule after_create 55550000, False {{(pid=101698) subscribe /opt/stack/data/venv/lib/python3.12/site-packages/neutron_lib/callbacks/manager.py:52}}
Aug 10 07:26:55.504604 np0000188306 devstack@neutron-api.service[101696]: DEBUG neutron.api.extensions [None req-d2644d3c-499b-4b2a-b418-c8273f337b98 None None] Ext name="DHCP Agent Scheduler" alias="dhcp_agent_scheduler" description="Schedule networks among dhcp agents" updated="2013-02-07T10:00:00-00:00" {{(pid=101696) _check_extension /opt/stack/neutron/neutron/api/extensions.py:415}}
Aug 10 07:26:55.504661 np0000188306 devstack@neutron-api.service[101698]: DEBUG neutron_lib.callbacks.manager [None req-5ca1f685-2eec-4ec7-96f5-6c988728e3fe None None] Subscribe: > security_group_rule before_delete 55550000, False {{(pid=101698) subscribe /opt/stack/data/venv/lib/python3.12/site-packages/neutron_lib/callbacks/manager.py:52}}
Aug 10 07:26:55.504661 np0000188306 devstack@neutron-api.service[101698]: DEBUG neutron_lib.callbacks.manager [None req-5ca1f685-2eec-4ec7-96f5-6c988728e3fe None None] Subscribe: > address_group after_create 55550000, False {{(pid=101698) subscribe /opt/stack/data/venv/lib/python3.12/site-packages/neutron_lib/callbacks/manager.py:52}}
Aug 10 07:26:55.504809 np0000188306 devstack@neutron-api.service[101696]: INFO neutron.api.extensions [None req-d2644d3c-499b-4b2a-b418-c8273f337b98 None None] Loaded extension: dhcp_agent_scheduler
Aug 10 07:26:55.504866 np0000188306 devstack@neutron-api.service[101698]: DEBUG neutron_lib.callbacks.manager [None req-5ca1f685-2eec-4ec7-96f5-6c988728e3fe None None] Subscribe: > address_group after_update 55550000, False {{(pid=101698) subscribe /opt/stack/data/venv/lib/python3.12/site-packages/neutron_lib/callbacks/manager.py:52}}
Aug 10 07:26:55.505084 np0000188306 devstack@neutron-api.service[101696]: DEBUG neutron.api.extensions [None req-d2644d3c-499b-4b2a-b418-c8273f337b98 None None] Loading extension file: dns.py {{(pid=101696) _load_all_extensions_from_path /opt/stack/neutron/neutron/api/extensions.py:449}}
Aug 10 07:26:55.505134 np0000188306 devstack@neutron-api.service[101698]: DEBUG neutron_lib.callbacks.manager [None req-5ca1f685-2eec-4ec7-96f5-6c988728e3fe None None] Subscribe: > address_group after_delete 55550000, False {{(pid=101698) subscribe /opt/stack/data/venv/lib/python3.12/site-packages/neutron_lib/callbacks/manager.py:52}}
Aug 10 07:26:55.505298 np0000188306 devstack@neutron-api.service[101696]: DEBUG neutron.api.extensions [None req-d2644d3c-499b-4b2a-b418-c8273f337b98 None None] Ext name="DNS Integration" alias="dns-integration" description="Provides integration with DNS." updated="2015-08-15T18:00:00-00:00" {{(pid=101696) _check_extension /opt/stack/neutron/neutron/api/extensions.py:415}}
Aug 10 07:26:55.505352 np0000188306 devstack@neutron-api.service[101698]: DEBUG neutron_lib.callbacks.manager [None req-5ca1f685-2eec-4ec7-96f5-6c988728e3fe None None] Subscribe: > qos_plugin after_init 55550000, False {{(pid=101698) subscribe /opt/stack/data/venv/lib/python3.12/site-packages/neutron_lib/callbacks/manager.py:52}}
Aug 10 07:26:55.505452 np0000188306 devstack@neutron-api.service[101696]: INFO neutron.api.extensions [None req-d2644d3c-499b-4b2a-b418-c8273f337b98 None None] Loaded extension: dns-integration
Aug 10 07:26:55.505512 np0000188306 devstack@neutron-api.service[101698]: DEBUG neutron_lib.callbacks.manager [None req-5ca1f685-2eec-4ec7-96f5-6c988728e3fe None None] Subscribe: > trunk_plugin after_init 55550000, False {{(pid=101698) subscribe /opt/stack/data/venv/lib/python3.12/site-packages/neutron_lib/callbacks/manager.py:52}}
Aug 10 07:26:55.505645 np0000188306 devstack@neutron-api.service[101696]: DEBUG neutron.api.extensions [None req-d2644d3c-499b-4b2a-b418-c8273f337b98 None None] Loading extension file: dns_domain_ports.py {{(pid=101696) _load_all_extensions_from_path /opt/stack/neutron/neutron/api/extensions.py:449}}
Aug 10 07:26:55.505694 np0000188306 devstack@neutron-api.service[101697]: DEBUG neutron.plugins.ml2.plugin [None req-35366e49-ee0d-442e-8e4c-48536ec2b065 None None] neutron.plugins.ml2.plugin.Ml2Plugin method _start_rpc_notifiers called with arguments () {} {{(pid=101697) wrapper /opt/stack/data/venv/lib/python3.12/site-packages/oslo_log/helpers.py:77}}
Aug 10 07:26:55.505803 np0000188306 devstack@neutron-api.service[101698]: DEBUG neutron_lib.callbacks.manager [None req-5ca1f685-2eec-4ec7-96f5-6c988728e3fe None None] Subscribe: > logging-plugin after_init 55550000, False {{(pid=101698) subscribe /opt/stack/data/venv/lib/python3.12/site-packages/neutron_lib/callbacks/manager.py:52}}
Aug 10 07:26:55.505852 np0000188306 devstack@neutron-api.service[101696]: DEBUG neutron.api.extensions [None req-d2644d3c-499b-4b2a-b418-c8273f337b98 None None] Ext name="dns_domain for ports" alias="dns-domain-ports" description="Allows the DNS domain to be specified for a network port." updated="2017-04-24T10:00:00-00:00" {{(pid=101696) _check_extension /opt/stack/neutron/neutron/api/extensions.py:415}}
Aug 10 07:26:55.505978 np0000188306 devstack@neutron-api.service[101697]: DEBUG neutron_lib.callbacks.manager [None req-35366e49-ee0d-442e-8e4c-48536ec2b065 None None] Subscribe: > port after_create 55550000, False {{(pid=101697) subscribe /opt/stack/data/venv/lib/python3.12/site-packages/neutron_lib/callbacks/manager.py:52}}
Aug 10 07:26:55.506032 np0000188306 devstack@neutron-api.service[101696]: INFO neutron.api.extensions [None req-d2644d3c-499b-4b2a-b418-c8273f337b98 None None] Loaded extension: dns-domain-ports
Aug 10 07:26:55.506032 np0000188306 devstack@neutron-api.service[101696]: DEBUG neutron.api.extensions [None req-d2644d3c-499b-4b2a-b418-c8273f337b98 None None] Loading extension file: dns_integration_domain_keywords.py {{(pid=101696) _load_all_extensions_from_path /opt/stack/neutron/neutron/api/extensions.py:449}}
Aug 10 07:26:55.506186 np0000188306 devstack@neutron-api.service[101697]: DEBUG neutron_lib.callbacks.manager [None req-35366e49-ee0d-442e-8e4c-48536ec2b065 None None] Subscribe: > port after_update 55550000, False {{(pid=101697) subscribe /opt/stack/data/venv/lib/python3.12/site-packages/neutron_lib/callbacks/manager.py:52}}
Aug 10 07:26:55.506235 np0000188306 devstack@neutron-api.service[101698]: INFO neutron.services.logapi.drivers.ovn.driver [None req-5ca1f685-2eec-4ec7-96f5-6c988728e3fe None None] OVN logging driver registered
Aug 10 07:26:55.506411 np0000188306 devstack@neutron-api.service[101697]: DEBUG neutron_lib.callbacks.manager [None req-35366e49-ee0d-442e-8e4c-48536ec2b065 None None] Subscribe: > port after_delete 55550000, False {{(pid=101697) subscribe /opt/stack/data/venv/lib/python3.12/site-packages/neutron_lib/callbacks/manager.py:52}}
Aug 10 07:26:55.506463 np0000188306 devstack@neutron-api.service[101696]: DEBUG neutron.api.extensions [None req-d2644d3c-499b-4b2a-b418-c8273f337b98 None None] Ext name="DNS domain names with keywords allowed" alias="dns-integration-domain-keywords" description="Allows to use keywords like , , and as DNS domain name" updated="2020-06-15T18:00:00-00:00" {{(pid=101696) _check_extension /opt/stack/neutron/neutron/api/extensions.py:415}}
Aug 10 07:26:55.506730 np0000188306 devstack@neutron-api.service[101698]: DEBUG neutron_lib.callbacks.manager [None req-5ca1f685-2eec-4ec7-96f5-6c988728e3fe None None] Subscribe: ._register_pvlan_driver at 0x748a24d23740> pvlan_plugin before_spawn 55550000, False {{(pid=101698) subscribe /opt/stack/data/venv/lib/python3.12/site-packages/neutron_lib/callbacks/manager.py:52}}
Aug 10 07:26:55.506786 np0000188306 devstack@neutron-api.service[101697]: DEBUG neutron_lib.callbacks.manager [None req-35366e49-ee0d-442e-8e4c-48536ec2b065 None None] Subscribe: > subnet after_create 55550000, False {{(pid=101697) subscribe /opt/stack/data/venv/lib/python3.12/site-packages/neutron_lib/callbacks/manager.py:52}}
Aug 10 07:26:55.506842 np0000188306 devstack@neutron-api.service[101696]: INFO neutron.api.extensions [None req-d2644d3c-499b-4b2a-b418-c8273f337b98 None None] Loaded extension: dns-integration-domain-keywords
Aug 10 07:26:55.506915 np0000188306 devstack@neutron-api.service[101698]: DEBUG neutron_lib.callbacks.manager [None req-5ca1f685-2eec-4ec7-96f5-6c988728e3fe None None] Subscribe: process after_init 55550000, False {{(pid=101698) subscribe /opt/stack/data/venv/lib/python3.12/site-packages/neutron_lib/callbacks/manager.py:52}}
Aug 10 07:26:55.506990 np0000188306 devstack@neutron-api.service[101696]: DEBUG neutron.api.extensions [None req-d2644d3c-499b-4b2a-b418-c8273f337b98 None None] Loading extension file: dvr.py {{(pid=101696) _load_all_extensions_from_path /opt/stack/neutron/neutron/api/extensions.py:449}}
Aug 10 07:26:55.507070 np0000188306 devstack@neutron-api.service[101697]: DEBUG neutron_lib.callbacks.manager [None req-35366e49-ee0d-442e-8e4c-48536ec2b065 None None] Subscribe: > subnet after_update 55550000, False {{(pid=101697) subscribe /opt/stack/data/venv/lib/python3.12/site-packages/neutron_lib/callbacks/manager.py:52}}
Aug 10 07:26:55.507070 np0000188306 devstack@neutron-api.service[101697]: DEBUG neutron_lib.callbacks.manager [None req-35366e49-ee0d-442e-8e4c-48536ec2b065 None None] Subscribe: > subnet after_delete 55550000, False {{(pid=101697) subscribe /opt/stack/data/venv/lib/python3.12/site-packages/neutron_lib/callbacks/manager.py:52}}
Aug 10 07:26:55.507159 np0000188306 devstack@neutron-api.service[101696]: DEBUG neutron.api.extensions [None req-d2644d3c-499b-4b2a-b418-c8273f337b98 None None] Ext name="Distributed Virtual Router" alias="dvr" description="Enables configuration of Distributed Virtual Routers." updated="2014-06-1T10:00:00-00:00" {{(pid=101696) _check_extension /opt/stack/neutron/neutron/api/extensions.py:415}}
Aug 10 07:26:55.507372 np0000188306 devstack@neutron-api.service[101697]: DEBUG neutron_lib.callbacks.manager [None req-35366e49-ee0d-442e-8e4c-48536ec2b065 None None] Subscribe: > network after_create 55550000, False {{(pid=101697) subscribe /opt/stack/data/venv/lib/python3.12/site-packages/neutron_lib/callbacks/manager.py:52}}
Aug 10 07:26:55.507451 np0000188306 devstack@neutron-api.service[101696]: INFO neutron.api.extensions [None req-d2644d3c-499b-4b2a-b418-c8273f337b98 None None] Extension dvr not supported by any of loaded plugins
Aug 10 07:26:55.507613 np0000188306 devstack@neutron-api.service[101697]: DEBUG neutron_lib.callbacks.manager [None req-35366e49-ee0d-442e-8e4c-48536ec2b065 None None] Subscribe: > network after_update 55550000, False {{(pid=101697) subscribe /opt/stack/data/venv/lib/python3.12/site-packages/neutron_lib/callbacks/manager.py:52}}
Aug 10 07:26:55.507702 np0000188306 devstack@neutron-api.service[101696]: DEBUG neutron.api.extensions [None req-d2644d3c-499b-4b2a-b418-c8273f337b98 None None] Loading extension file: ecmp_routes.py {{(pid=101696) _load_all_extensions_from_path /opt/stack/neutron/neutron/api/extensions.py:449}}
Aug 10 07:26:55.507839 np0000188306 devstack@neutron-api.service[101697]: DEBUG neutron_lib.callbacks.manager [None req-35366e49-ee0d-442e-8e4c-48536ec2b065 None None] Subscribe: > network after_delete 55550000, False {{(pid=101697) subscribe /opt/stack/data/venv/lib/python3.12/site-packages/neutron_lib/callbacks/manager.py:52}}
Aug 10 07:26:55.507932 np0000188306 devstack@neutron-api.service[101696]: DEBUG neutron.api.extensions [None req-d2644d3c-499b-4b2a-b418-c8273f337b98 None None] Ext name="Equal Cost Multipath Routing" alias="ecmp_routes" description="Allows traffic to reach thesame destination via multiple different links " updated="2020-11-26T18:00:00-00:00" {{(pid=101696) _check_extension /opt/stack/neutron/neutron/api/extensions.py:415}}
Aug 10 07:26:55.508155 np0000188306 devstack@neutron-api.service[101697]: DEBUG neutron_lib.callbacks.manager [None req-35366e49-ee0d-442e-8e4c-48536ec2b065 None None] Subscribe: > security_group after_create 55550000, False {{(pid=101697) subscribe /opt/stack/data/venv/lib/python3.12/site-packages/neutron_lib/callbacks/manager.py:52}}
