Apr 27 13:31:11.174720 np0000170595 devstack@n-api-meta.service[109539]: DEBUG nova.api.openstack.wsgi_app [None req-6d8cd902-6115-467a-b08e-04cf69803365 None None] oslo_limit.endpoint_region_name = None {{(pid=109539) log_opt_values /opt/stack/data/venv/lib/python3.12/site-packages/oslo_config/cfg.py:3006}}
Apr 27 13:31:11.174844 np0000170595 devstack@n-api-meta.service[109539]: DEBUG nova.api.openstack.wsgi_app [None req-6d8cd902-6115-467a-b08e-04cf69803365 None None] oslo_limit.endpoint_service_name = None {{(pid=109539) log_opt_values /opt/stack/data/venv/lib/python3.12/site-packages/oslo_config/cfg.py:3006}}
Apr 27 13:31:11.174966 np0000170595 devstack@n-api-meta.service[109539]: DEBUG nova.api.openstack.wsgi_app [None req-6d8cd902-6115-467a-b08e-04cf69803365 None None] oslo_limit.endpoint_service_type = None {{(pid=109539) log_opt_values /opt/stack/data/venv/lib/python3.12/site-packages/oslo_config/cfg.py:3006}}
Apr 27 13:31:11.175093 np0000170595 devstack@n-api-meta.service[109539]: DEBUG nova.api.openstack.wsgi_app [None req-6d8cd902-6115-467a-b08e-04cf69803365 None None] oslo_limit.insecure = False {{(pid=109539) log_opt_values /opt/stack/data/venv/lib/python3.12/site-packages/oslo_config/cfg.py:3006}}
Apr 27 13:31:11.175215 np0000170595 devstack@n-api-meta.service[109539]: DEBUG nova.api.openstack.wsgi_app [None req-6d8cd902-6115-467a-b08e-04cf69803365 None None] oslo_limit.keyfile = None {{(pid=109539) log_opt_values /opt/stack/data/venv/lib/python3.12/site-packages/oslo_config/cfg.py:3006}}
Apr 27 13:31:11.175586 np0000170595 devstack@n-api-meta.service[109539]: DEBUG nova.api.openstack.wsgi_app [None req-6d8cd902-6115-467a-b08e-04cf69803365 None None] oslo_limit.max_version = None {{(pid=109539) log_opt_values /opt/stack/data/venv/lib/python3.12/site-packages/oslo_config/cfg.py:3006}}
Apr 27 13:31:11.175586 np0000170595 devstack@n-api-meta.service[109539]: DEBUG nova.api.openstack.wsgi_app [None req-6d8cd902-6115-467a-b08e-04cf69803365 None None] oslo_limit.min_version = None {{(pid=109539) log_opt_values /opt/stack/data/venv/lib/python3.12/site-packages/oslo_config/cfg.py:3006}}
Apr 27 13:31:11.175586 np0000170595 devstack@n-api-meta.service[109539]: DEBUG nova.api.openstack.wsgi_app [None req-6d8cd902-6115-467a-b08e-04cf69803365 None None] oslo_limit.region_name = None {{(pid=109539) log_opt_values /opt/stack/data/venv/lib/python3.12/site-packages/oslo_config/cfg.py:3006}}
Apr 27 13:31:11.175723 np0000170595 devstack@n-api-meta.service[109539]: DEBUG nova.api.openstack.wsgi_app [None req-6d8cd902-6115-467a-b08e-04cf69803365 None None] oslo_limit.retriable_status_codes = None {{(pid=109539) log_opt_values /opt/stack/data/venv/lib/python3.12/site-packages/oslo_config/cfg.py:3006}}
Apr 27 13:31:11.175848 np0000170595 devstack@n-api-meta.service[109539]: DEBUG nova.api.openstack.wsgi_app [None req-6d8cd902-6115-467a-b08e-04cf69803365 None None] oslo_limit.service_name = None {{(pid=109539) log_opt_values /opt/stack/data/venv/lib/python3.12/site-packages/oslo_config/cfg.py:3006}}
Apr 27 13:31:11.175985 np0000170595 devstack@n-api-meta.service[109539]: DEBUG nova.api.openstack.wsgi_app [None req-6d8cd902-6115-467a-b08e-04cf69803365 None None] oslo_limit.service_type = None {{(pid=109539) log_opt_values /opt/stack/data/venv/lib/python3.12/site-packages/oslo_config/cfg.py:3006}}
Apr 27 13:31:11.176112 np0000170595 devstack@n-api-meta.service[109539]: DEBUG nova.api.openstack.wsgi_app [None req-6d8cd902-6115-467a-b08e-04cf69803365 None None] oslo_limit.split_loggers = False {{(pid=109539) log_opt_values /opt/stack/data/venv/lib/python3.12/site-packages/oslo_config/cfg.py:3006}}
Apr 27 13:31:11.176237 np0000170595 devstack@n-api-meta.service[109539]: DEBUG nova.api.openstack.wsgi_app [None req-6d8cd902-6115-467a-b08e-04cf69803365 None None] oslo_limit.status_code_retries = None {{(pid=109539) log_opt_values /opt/stack/data/venv/lib/python3.12/site-packages/oslo_config/cfg.py:3006}}
Apr 27 13:31:11.176376 np0000170595 devstack@n-api-meta.service[109539]: DEBUG nova.api.openstack.wsgi_app [None req-6d8cd902-6115-467a-b08e-04cf69803365 None None] oslo_limit.status_code_retry_delay = None {{(pid=109539) log_opt_values /opt/stack/data/venv/lib/python3.12/site-packages/oslo_config/cfg.py:3006}}
Apr 27 13:31:11.176503 np0000170595 devstack@n-api-meta.service[109539]: DEBUG nova.api.openstack.wsgi_app [None req-6d8cd902-6115-467a-b08e-04cf69803365 None None] oslo_limit.timeout = None {{(pid=109539) log_opt_values /opt/stack/data/venv/lib/python3.12/site-packages/oslo_config/cfg.py:3006}}
Apr 27 13:31:11.176672 np0000170595 devstack@n-api-meta.service[109539]: DEBUG nova.api.openstack.wsgi_app [None req-6d8cd902-6115-467a-b08e-04cf69803365 None None] oslo_limit.valid_interfaces = None {{(pid=109539) log_opt_values /opt/stack/data/venv/lib/python3.12/site-packages/oslo_config/cfg.py:3006}}
Apr 27 13:31:11.176801 np0000170595 devstack@n-api-meta.service[109539]: DEBUG nova.api.openstack.wsgi_app [None req-6d8cd902-6115-467a-b08e-04cf69803365 None None] oslo_limit.version = None {{(pid=109539) log_opt_values /opt/stack/data/venv/lib/python3.12/site-packages/oslo_config/cfg.py:3006}}
Apr 27 13:31:11.176944 np0000170595 devstack@n-api-meta.service[109539]: DEBUG nova.api.openstack.wsgi_app [None req-6d8cd902-6115-467a-b08e-04cf69803365 None None] oslo_messaging_rabbit.amqp_auto_delete = False {{(pid=109539) log_opt_values /opt/stack/data/venv/lib/python3.12/site-packages/oslo_config/cfg.py:3006}}
Apr 27 13:31:11.177079 np0000170595 devstack@n-api-meta.service[109539]: DEBUG nova.api.openstack.wsgi_app [None req-6d8cd902-6115-467a-b08e-04cf69803365 None None] oslo_messaging_rabbit.amqp_durable_queues = False {{(pid=109539) log_opt_values /opt/stack/data/venv/lib/python3.12/site-packages/oslo_config/cfg.py:3006}}
Apr 27 13:31:11.177210 np0000170595 devstack@n-api-meta.service[109539]: DEBUG nova.api.openstack.wsgi_app [None req-6d8cd902-6115-467a-b08e-04cf69803365 None None] oslo_messaging_rabbit.conn_pool_min_size = 2 {{(pid=109539) log_opt_values /opt/stack/data/venv/lib/python3.12/site-packages/oslo_config/cfg.py:3006}}
Apr 27 13:31:11.177356 np0000170595 devstack@n-api-meta.service[109539]: DEBUG nova.api.openstack.wsgi_app [None req-6d8cd902-6115-467a-b08e-04cf69803365 None None] oslo_messaging_rabbit.conn_pool_ttl = 1200 {{(pid=109539) log_opt_values /opt/stack/data/venv/lib/python3.12/site-packages/oslo_config/cfg.py:3006}}
Apr 27 13:31:11.177488 np0000170595 devstack@n-api-meta.service[109539]: DEBUG nova.api.openstack.wsgi_app [None req-6d8cd902-6115-467a-b08e-04cf69803365 None None] oslo_messaging_rabbit.direct_mandatory_flag = True {{(pid=109539) log_opt_values /opt/stack/data/venv/lib/python3.12/site-packages/oslo_config/cfg.py:3006}}
Apr 27 13:31:11.177637 np0000170595 devstack@n-api-meta.service[109539]: DEBUG nova.api.openstack.wsgi_app [None req-6d8cd902-6115-467a-b08e-04cf69803365 None None] oslo_messaging_rabbit.enable_cancel_on_failover = False {{(pid=109539) log_opt_values /opt/stack/data/venv/lib/python3.12/site-packages/oslo_config/cfg.py:3006}}
Apr 27 13:31:11.177772 np0000170595 devstack@n-api-meta.service[109539]: DEBUG nova.api.openstack.wsgi_app [None req-6d8cd902-6115-467a-b08e-04cf69803365 None None] oslo_messaging_rabbit.heartbeat_in_pthread = False {{(pid=109539) log_opt_values /opt/stack/data/venv/lib/python3.12/site-packages/oslo_config/cfg.py:3006}}
Apr 27 13:31:11.177887 np0000170595 devstack@n-api-meta.service[109539]: DEBUG nova.api.openstack.wsgi_app [None req-6d8cd902-6115-467a-b08e-04cf69803365 None None] oslo_messaging_rabbit.heartbeat_rate = 3 {{(pid=109539) log_opt_values /opt/stack/data/venv/lib/python3.12/site-packages/oslo_config/cfg.py:3006}}
Apr 27 13:31:11.178022 np0000170595 devstack@n-api-meta.service[109539]: DEBUG nova.api.openstack.wsgi_app [None req-6d8cd902-6115-467a-b08e-04cf69803365 None None] oslo_messaging_rabbit.heartbeat_timeout_threshold = 60 {{(pid=109539) log_opt_values /opt/stack/data/venv/lib/python3.12/site-packages/oslo_config/cfg.py:3006}}
Apr 27 13:31:11.178156 np0000170595 devstack@n-api-meta.service[109539]: DEBUG nova.api.openstack.wsgi_app [None req-6d8cd902-6115-467a-b08e-04cf69803365 None None] oslo_messaging_rabbit.hostname = np0000170595 {{(pid=109539) log_opt_values /opt/stack/data/venv/lib/python3.12/site-packages/oslo_config/cfg.py:3006}}
Apr 27 13:31:11.178271 np0000170595 devstack@n-api-meta.service[109539]: DEBUG nova.api.openstack.wsgi_app [None req-6d8cd902-6115-467a-b08e-04cf69803365 None None] oslo_messaging_rabbit.kombu_compression = None {{(pid=109539) log_opt_values /opt/stack/data/venv/lib/python3.12/site-packages/oslo_config/cfg.py:3006}}
Apr 27 13:31:11.178434 np0000170595 devstack@n-api-meta.service[109539]: DEBUG nova.api.openstack.wsgi_app [None req-6d8cd902-6115-467a-b08e-04cf69803365 None None] oslo_messaging_rabbit.kombu_failover_strategy = round-robin {{(pid=109539) log_opt_values /opt/stack/data/venv/lib/python3.12/site-packages/oslo_config/cfg.py:3006}}
Apr 27 13:31:11.178563 np0000170595 devstack@n-api-meta.service[109539]: DEBUG nova.api.openstack.wsgi_app [None req-6d8cd902-6115-467a-b08e-04cf69803365 None None] oslo_messaging_rabbit.kombu_missing_consumer_retry_timeout = 60 {{(pid=109539) log_opt_values /opt/stack/data/venv/lib/python3.12/site-packages/oslo_config/cfg.py:3006}}
Apr 27 13:31:11.178696 np0000170595 devstack@n-api-meta.service[109539]: DEBUG nova.api.openstack.wsgi_app [None req-6d8cd902-6115-467a-b08e-04cf69803365 None None] oslo_messaging_rabbit.kombu_reconnect_delay = 1.0 {{(pid=109539) log_opt_values /opt/stack/data/venv/lib/python3.12/site-packages/oslo_config/cfg.py:3006}}
Apr 27 13:31:11.178822 np0000170595 devstack@n-api-meta.service[109539]: DEBUG nova.api.openstack.wsgi_app [None req-6d8cd902-6115-467a-b08e-04cf69803365 None None] oslo_messaging_rabbit.kombu_reconnect_splay = 0.0 {{(pid=109539) log_opt_values /opt/stack/data/venv/lib/python3.12/site-packages/oslo_config/cfg.py:3006}}
Apr 27 13:31:11.178953 np0000170595 devstack@n-api-meta.service[109539]: DEBUG nova.api.openstack.wsgi_app [None req-6d8cd902-6115-467a-b08e-04cf69803365 None None] oslo_messaging_rabbit.processname = uwsgi {{(pid=109539) log_opt_values /opt/stack/data/venv/lib/python3.12/site-packages/oslo_config/cfg.py:3006}}
Apr 27 13:31:11.179081 np0000170595 devstack@n-api-meta.service[109539]: DEBUG nova.api.openstack.wsgi_app [None req-6d8cd902-6115-467a-b08e-04cf69803365 None None] oslo_messaging_rabbit.rabbit_ha_queues = False {{(pid=109539) log_opt_values /opt/stack/data/venv/lib/python3.12/site-packages/oslo_config/cfg.py:3006}}
Apr 27 13:31:11.179222 np0000170595 devstack@n-api-meta.service[109539]: DEBUG nova.api.openstack.wsgi_app [None req-6d8cd902-6115-467a-b08e-04cf69803365 None None] oslo_messaging_rabbit.rabbit_interval_max = 30 {{(pid=109539) log_opt_values /opt/stack/data/venv/lib/python3.12/site-packages/oslo_config/cfg.py:3006}}
Apr 27 13:31:11.179384 np0000170595 devstack@n-api-meta.service[109539]: DEBUG nova.api.openstack.wsgi_app [None req-6d8cd902-6115-467a-b08e-04cf69803365 None None] oslo_messaging_rabbit.rabbit_login_method = AMQPLAIN {{(pid=109539) log_opt_values /opt/stack/data/venv/lib/python3.12/site-packages/oslo_config/cfg.py:3006}}
Apr 27 13:31:11.179514 np0000170595 devstack@n-api-meta.service[109539]: DEBUG nova.api.openstack.wsgi_app [None req-6d8cd902-6115-467a-b08e-04cf69803365 None None] oslo_messaging_rabbit.rabbit_qos_prefetch_count = 0 {{(pid=109539) log_opt_values /opt/stack/data/venv/lib/python3.12/site-packages/oslo_config/cfg.py:3006}}
Apr 27 13:31:11.179637 np0000170595 devstack@n-api-meta.service[109539]: DEBUG nova.api.openstack.wsgi_app [None req-6d8cd902-6115-467a-b08e-04cf69803365 None None] oslo_messaging_rabbit.rabbit_quorum_delivery_limit = 0 {{(pid=109539) log_opt_values /opt/stack/data/venv/lib/python3.12/site-packages/oslo_config/cfg.py:3006}}
Apr 27 13:31:11.179764 np0000170595 devstack@n-api-meta.service[109539]: DEBUG nova.api.openstack.wsgi_app [None req-6d8cd902-6115-467a-b08e-04cf69803365 None None] oslo_messaging_rabbit.rabbit_quorum_max_memory_bytes = 0 {{(pid=109539) log_opt_values /opt/stack/data/venv/lib/python3.12/site-packages/oslo_config/cfg.py:3006}}
Apr 27 13:31:11.179889 np0000170595 devstack@n-api-meta.service[109539]: DEBUG nova.api.openstack.wsgi_app [None req-6d8cd902-6115-467a-b08e-04cf69803365 None None] oslo_messaging_rabbit.rabbit_quorum_max_memory_length = 0 {{(pid=109539) log_opt_values /opt/stack/data/venv/lib/python3.12/site-packages/oslo_config/cfg.py:3006}}
Apr 27 13:31:11.180015 np0000170595 devstack@n-api-meta.service[109539]: DEBUG nova.api.openstack.wsgi_app [None req-6d8cd902-6115-467a-b08e-04cf69803365 None None] oslo_messaging_rabbit.rabbit_quorum_queue = False {{(pid=109539) log_opt_values /opt/stack/data/venv/lib/python3.12/site-packages/oslo_config/cfg.py:3006}}
Apr 27 13:31:11.180141 np0000170595 devstack@n-api-meta.service[109539]: DEBUG nova.api.openstack.wsgi_app [None req-6d8cd902-6115-467a-b08e-04cf69803365 None None] oslo_messaging_rabbit.rabbit_retry_backoff = 2 {{(pid=109539) log_opt_values /opt/stack/data/venv/lib/python3.12/site-packages/oslo_config/cfg.py:3006}}
Apr 27 13:31:11.180268 np0000170595 devstack@n-api-meta.service[109539]: DEBUG nova.api.openstack.wsgi_app [None req-6d8cd902-6115-467a-b08e-04cf69803365 None None] oslo_messaging_rabbit.rabbit_retry_interval = 1 {{(pid=109539) log_opt_values /opt/stack/data/venv/lib/python3.12/site-packages/oslo_config/cfg.py:3006}}
Apr 27 13:31:11.180425 np0000170595 devstack@n-api-meta.service[109539]: DEBUG nova.api.openstack.wsgi_app [None req-6d8cd902-6115-467a-b08e-04cf69803365 None None] oslo_messaging_rabbit.rabbit_stream_fanout = False {{(pid=109539) log_opt_values /opt/stack/data/venv/lib/python3.12/site-packages/oslo_config/cfg.py:3006}}
Apr 27 13:31:11.180554 np0000170595 devstack@n-api-meta.service[109539]: DEBUG nova.api.openstack.wsgi_app [None req-6d8cd902-6115-467a-b08e-04cf69803365 None None] oslo_messaging_rabbit.rabbit_transient_queues_ttl = 1800 {{(pid=109539) log_opt_values /opt/stack/data/venv/lib/python3.12/site-packages/oslo_config/cfg.py:3006}}
Apr 27 13:31:11.180723 np0000170595 devstack@n-api-meta.service[109539]: DEBUG nova.api.openstack.wsgi_app [None req-6d8cd902-6115-467a-b08e-04cf69803365 None None] oslo_messaging_rabbit.rabbit_transient_quorum_queue = False {{(pid=109539) log_opt_values /opt/stack/data/venv/lib/python3.12/site-packages/oslo_config/cfg.py:3006}}
Apr 27 13:31:11.180853 np0000170595 devstack@n-api-meta.service[109539]: DEBUG nova.api.openstack.wsgi_app [None req-6d8cd902-6115-467a-b08e-04cf69803365 None None] oslo_messaging_rabbit.rpc_conn_pool_size = 30 {{(pid=109539) log_opt_values /opt/stack/data/venv/lib/python3.12/site-packages/oslo_config/cfg.py:3006}}
Apr 27 13:31:11.180985 np0000170595 devstack@n-api-meta.service[109539]: DEBUG nova.api.openstack.wsgi_app [None req-6d8cd902-6115-467a-b08e-04cf69803365 None None] oslo_messaging_rabbit.ssl = False {{(pid=109539) log_opt_values /opt/stack/data/venv/lib/python3.12/site-packages/oslo_config/cfg.py:3006}}
Apr 27 13:31:11.181123 np0000170595 devstack@n-api-meta.service[109539]: DEBUG nova.api.openstack.wsgi_app [None req-6d8cd902-6115-467a-b08e-04cf69803365 None None] oslo_messaging_rabbit.ssl_ca_file = {{(pid=109539) log_opt_values /opt/stack/data/venv/lib/python3.12/site-packages/oslo_config/cfg.py:3006}}
Apr 27 13:31:11.181256 np0000170595 devstack@n-api-meta.service[109539]: DEBUG nova.api.openstack.wsgi_app [None req-6d8cd902-6115-467a-b08e-04cf69803365 None None] oslo_messaging_rabbit.ssl_cert_file = {{(pid=109539) log_opt_values /opt/stack/data/venv/lib/python3.12/site-packages/oslo_config/cfg.py:3006}}
Apr 27 13:31:11.181406 np0000170595 devstack@n-api-meta.service[109539]: DEBUG nova.api.openstack.wsgi_app [None req-6d8cd902-6115-467a-b08e-04cf69803365 None None] oslo_messaging_rabbit.ssl_enforce_fips_mode = False {{(pid=109539) log_opt_values /opt/stack/data/venv/lib/python3.12/site-packages/oslo_config/cfg.py:3006}}
Apr 27 13:31:11.181542 np0000170595 devstack@n-api-meta.service[109539]: DEBUG nova.api.openstack.wsgi_app [None req-6d8cd902-6115-467a-b08e-04cf69803365 None None] oslo_messaging_rabbit.ssl_key_file = {{(pid=109539) log_opt_values /opt/stack/data/venv/lib/python3.12/site-packages/oslo_config/cfg.py:3006}}
Apr 27 13:31:11.181677 np0000170595 devstack@n-api-meta.service[109539]: DEBUG nova.api.openstack.wsgi_app [None req-6d8cd902-6115-467a-b08e-04cf69803365 None None] oslo_messaging_rabbit.ssl_version = {{(pid=109539) log_opt_values /opt/stack/data/venv/lib/python3.12/site-packages/oslo_config/cfg.py:3006}}
Apr 27 13:31:11.181806 np0000170595 devstack@n-api-meta.service[109539]: DEBUG nova.api.openstack.wsgi_app [None req-6d8cd902-6115-467a-b08e-04cf69803365 None None] oslo_messaging_rabbit.use_queue_manager = False {{(pid=109539) log_opt_values /opt/stack/data/venv/lib/python3.12/site-packages/oslo_config/cfg.py:3006}}
Apr 27 13:31:11.181958 np0000170595 devstack@n-api-meta.service[109539]: DEBUG nova.api.openstack.wsgi_app [None req-6d8cd902-6115-467a-b08e-04cf69803365 None None] oslo_messaging_notifications.driver = ['messagingv2'] {{(pid=109539) log_opt_values /opt/stack/data/venv/lib/python3.12/site-packages/oslo_config/cfg.py:3006}}
Apr 27 13:31:11.182089 np0000170595 devstack@n-api-meta.service[109539]: DEBUG nova.api.openstack.wsgi_app [None req-6d8cd902-6115-467a-b08e-04cf69803365 None None] oslo_messaging_notifications.retry = -1 {{(pid=109539) log_opt_values /opt/stack/data/venv/lib/python3.12/site-packages/oslo_config/cfg.py:3006}}
Apr 27 13:31:11.182236 np0000170595 devstack@n-api-meta.service[109539]: DEBUG nova.api.openstack.wsgi_app [None req-6d8cd902-6115-467a-b08e-04cf69803365 None None] oslo_messaging_notifications.topics = ['notifications'] {{(pid=109539) log_opt_values /opt/stack/data/venv/lib/python3.12/site-packages/oslo_config/cfg.py:3006}}
Apr 27 13:31:11.182389 np0000170595 devstack@n-api-meta.service[109539]: DEBUG nova.api.openstack.wsgi_app [None req-6d8cd902-6115-467a-b08e-04cf69803365 None None] oslo_messaging_notifications.transport_url = **** {{(pid=109539) log_opt_values /opt/stack/data/venv/lib/python3.12/site-packages/oslo_config/cfg.py:3006}}
Apr 27 13:31:11.182527 np0000170595 devstack@n-api-meta.service[109539]: DEBUG nova.api.openstack.wsgi_app [None req-6d8cd902-6115-467a-b08e-04cf69803365 None None] oslo_reports.file_event_handler = None {{(pid=109539) log_opt_values /opt/stack/data/venv/lib/python3.12/site-packages/oslo_config/cfg.py:3006}}
Apr 27 13:31:11.182658 np0000170595 devstack@n-api-meta.service[109539]: DEBUG nova.api.openstack.wsgi_app [None req-6d8cd902-6115-467a-b08e-04cf69803365 None None] oslo_reports.file_event_handler_interval = 1 {{(pid=109539) log_opt_values /opt/stack/data/venv/lib/python3.12/site-packages/oslo_config/cfg.py:3006}}
Apr 27 13:31:11.182786 np0000170595 devstack@n-api-meta.service[109539]: DEBUG nova.api.openstack.wsgi_app [None req-6d8cd902-6115-467a-b08e-04cf69803365 None None] oslo_reports.log_dir = None {{(pid=109539) log_opt_values /opt/stack/data/venv/lib/python3.12/site-packages/oslo_config/cfg.py:3006}}
Apr 27 13:31:11.182892 np0000170595 devstack@n-api-meta.service[109539]: DEBUG nova.api.openstack.wsgi_app [None req-6d8cd902-6115-467a-b08e-04cf69803365 None None] ******************************************************************************** {{(pid=109539) log_opt_values /opt/stack/data/venv/lib/python3.12/site-packages/oslo_config/cfg.py:3013}}
Apr 27 13:31:11.183091 np0000170595 devstack@n-api-meta.service[109539]: WSGI app 0 (mountpoint='') ready in 5 seconds on interpreter 0x7b1731aa3668 pid: 109539 (default app)
Apr 27 13:31:20.290191 np0000170595 devstack@n-api-meta.service[109538]: DEBUG dbcounter [-] [109538] Writing DB stats nova_api:SELECT=1 {{(pid=109538) stat_writer /opt/stack/data/venv/lib/python3.12/site-packages/dbcounter.py:115}}
Apr 27 13:31:20.341136 np0000170595 devstack@n-api-meta.service[109537]: DEBUG dbcounter [-] [109537] Writing DB stats nova_api:SELECT=1 {{(pid=109537) stat_writer /opt/stack/data/venv/lib/python3.12/site-packages/dbcounter.py:115}}
Apr 27 13:31:20.487252 np0000170595 devstack@n-api-meta.service[109538]: DEBUG dbcounter [-] [109538] Writing DB stats nova_cell0:SELECT=1 {{(pid=109538) stat_writer /opt/stack/data/venv/lib/python3.12/site-packages/dbcounter.py:115}}
Apr 27 13:31:20.488784 np0000170595 devstack@n-api-meta.service[109538]: DEBUG dbcounter [-] [109538] Writing DB stats nova_cell1:SELECT=1 {{(pid=109538) stat_writer /opt/stack/data/venv/lib/python3.12/site-packages/dbcounter.py:115}}
Apr 27 13:31:20.504706 np0000170595 devstack@n-api-meta.service[109536]: DEBUG dbcounter [-] [109536] Writing DB stats nova_api:SELECT=1 {{(pid=109536) stat_writer /opt/stack/data/venv/lib/python3.12/site-packages/dbcounter.py:115}}
Apr 27 13:31:20.524675 np0000170595 devstack@n-api-meta.service[109538]: DEBUG dbcounter [-] [109538] Writing DB stats nova_cell0:SELECT=2,nova_cell0:INSERT=1 {{(pid=109538) stat_writer /opt/stack/data/venv/lib/python3.12/site-packages/dbcounter.py:115}}
Apr 27 13:31:20.567184 np0000170595 devstack@n-api-meta.service[109537]: DEBUG dbcounter [-] [109537] Writing DB stats nova_cell1:SELECT=1 {{(pid=109537) stat_writer /opt/stack/data/venv/lib/python3.12/site-packages/dbcounter.py:115}}
Apr 27 13:31:20.568100 np0000170595 devstack@n-api-meta.service[109537]: DEBUG dbcounter [-] [109537] Writing DB stats nova_cell0:SELECT=1 {{(pid=109537) stat_writer /opt/stack/data/venv/lib/python3.12/site-packages/dbcounter.py:115}}
Apr 27 13:31:20.618447 np0000170595 devstack@n-api-meta.service[109539]: DEBUG dbcounter [-] [109539] Writing DB stats nova_api:SELECT=1 {{(pid=109539) stat_writer /opt/stack/data/venv/lib/python3.12/site-packages/dbcounter.py:115}}
Apr 27 13:31:20.645334 np0000170595 devstack@n-api-meta.service[109537]: DEBUG dbcounter [-] [109537] Writing DB stats nova_cell0:SELECT=1 {{(pid=109537) stat_writer /opt/stack/data/venv/lib/python3.12/site-packages/dbcounter.py:115}}
Apr 27 13:31:20.684879 np0000170595 devstack@n-api-meta.service[109536]: DEBUG dbcounter [-] [109536] Writing DB stats nova_cell0:SELECT=1 {{(pid=109536) stat_writer /opt/stack/data/venv/lib/python3.12/site-packages/dbcounter.py:115}}
Apr 27 13:31:20.691242 np0000170595 devstack@n-api-meta.service[109536]: DEBUG dbcounter [-] [109536] Writing DB stats nova_cell1:SELECT=1 {{(pid=109536) stat_writer /opt/stack/data/venv/lib/python3.12/site-packages/dbcounter.py:115}}
Apr 27 13:31:20.719118 np0000170595 devstack@n-api-meta.service[109536]: DEBUG dbcounter [-] [109536] Writing DB stats nova_cell0:SELECT=1 {{(pid=109536) stat_writer /opt/stack/data/venv/lib/python3.12/site-packages/dbcounter.py:115}}
Apr 27 13:31:20.891451 np0000170595 devstack@n-api-meta.service[109539]: DEBUG dbcounter [-] [109539] Writing DB stats nova_cell0:SELECT=1 {{(pid=109539) stat_writer /opt/stack/data/venv/lib/python3.12/site-packages/dbcounter.py:115}}
Apr 27 13:31:20.892638 np0000170595 devstack@n-api-meta.service[109539]: DEBUG dbcounter [-] [109539] Writing DB stats nova_cell1:SELECT=1 {{(pid=109539) stat_writer /opt/stack/data/venv/lib/python3.12/site-packages/dbcounter.py:115}}
Apr 27 13:31:20.994550 np0000170595 devstack@n-api-meta.service[109539]: DEBUG dbcounter [-] [109539] Writing DB stats nova_cell0:SELECT=1 {{(pid=109539) stat_writer /opt/stack/data/venv/lib/python3.12/site-packages/dbcounter.py:115}}
Apr 27 13:38:38.104224 np0000170595 devstack@n-api-meta.service[109538]: DEBUG nova.api.metadata.handler [None req-459f3a85-7a77-4a3c-8899-ddaad42238ac None None] Metadata request headers: {'Host': '199.204.45.144:8775', 'User-Agent': 'python-requests/2.33.1', 'Accept-Encoding': 'gzip, deflate', 'Accept': '*/*', 'Connection': 'keep-alive', 'X-Forwarded-For': '192.168.24.237', 'X-Instance-Id': '22aaeb18-0ad0-4019-bc31-24500981259e', 'X-Tenant-Id': '1624db24550a4381ac21a9f80ef72495', 'X-Instance-Id-Signature': '92e4b12bac0253619a93eeb3c24854f5435e532cf081bf6696c9c40617edcfbe'} {{(pid=109538) __call__ /opt/stack/nova/nova/api/metadata/handler.py:109}}
Apr 27 13:38:38.125672 np0000170595 devstack@n-api-meta.service[109538]: DEBUG oslo_concurrency.lockutils [None req-3e40bd8e-8903-4b07-afad-79456789faad None None] Acquiring lock "cf8e3b61-7d53-4d7e-954f-ea0d019dccaf" by "nova.context.set_target_cell..get_or_set_cached_cell_and_set_connections" {{(pid=109538) inner /opt/stack/data/venv/lib/python3.12/site-packages/oslo_concurrency/lockutils.py:506}}
Apr 27 13:38:38.126087 np0000170595 devstack@n-api-meta.service[109538]: DEBUG oslo_concurrency.lockutils [None req-3e40bd8e-8903-4b07-afad-79456789faad None None] Lock "cf8e3b61-7d53-4d7e-954f-ea0d019dccaf" acquired by "nova.context.set_target_cell..get_or_set_cached_cell_and_set_connections" :: waited 0.000s {{(pid=109538) inner /opt/stack/data/venv/lib/python3.12/site-packages/oslo_concurrency/lockutils.py:519}}
Apr 27 13:38:38.126087 np0000170595 devstack@n-api-meta.service[109538]: DEBUG oslo_concurrency.lockutils [None req-3e40bd8e-8903-4b07-afad-79456789faad None None] Lock "cf8e3b61-7d53-4d7e-954f-ea0d019dccaf" "released" by "nova.context.set_target_cell..get_or_set_cached_cell_and_set_connections" :: held 0.000s {{(pid=109538) inner /opt/stack/data/venv/lib/python3.12/site-packages/oslo_concurrency/lockutils.py:538}}
Apr 27 13:38:38.191096 np0000170595 devstack@n-api-meta.service[109538]: WARNING neutronclient.v2_0.client [None req-3e40bd8e-8903-4b07-afad-79456789faad None None] The python binding code in neutronclient is deprecated in favor of OpenstackSDK, please use that as this will be removed in a future release.
Apr 27 13:38:38.676169 np0000170595 devstack@n-api-meta.service[109538]: [pid: 109538|app: 0|req: 1/1] 199.204.45.144 () {40 vars in 642 bytes} [Mon Apr 27 13:38:38 2026] GET /openstack => generated 116 bytes in 579 msecs (HTTP/1.1 200) 3 headers in 100 bytes (1 switches on core 0)
Apr 27 13:38:38.693654 np0000170595 devstack@n-api-meta.service[109537]: DEBUG nova.api.metadata.handler [None req-8fde7f58-c8f2-4c80-a195-6c7203aaae2e None None] Metadata request headers: {'Host': '199.204.45.144:8775', 'User-Agent': 'python-requests/2.33.1', 'Accept-Encoding': 'gzip, deflate', 'Accept': '*/*', 'Connection': 'keep-alive', 'X-Forwarded-For': '192.168.24.237', 'X-Instance-Id': '22aaeb18-0ad0-4019-bc31-24500981259e', 'X-Tenant-Id': '1624db24550a4381ac21a9f80ef72495', 'X-Instance-Id-Signature': '92e4b12bac0253619a93eeb3c24854f5435e532cf081bf6696c9c40617edcfbe'} {{(pid=109537) __call__ /opt/stack/nova/nova/api/metadata/handler.py:109}}
Apr 27 13:38:38.706236 np0000170595 devstack@n-api-meta.service[109537]: DEBUG nova.api.metadata.handler [None req-8fde7f58-c8f2-4c80-a195-6c7203aaae2e None None] Using cached metadata for instance 22aaeb18-0ad0-4019-bc31-24500981259e {{(pid=109537) get_metadata_by_instance_id /opt/stack/nova/nova/api/metadata/handler.py:84}}
Apr 27 13:38:38.707592 np0000170595 devstack@n-api-meta.service[109537]: [pid: 109537|app: 0|req: 1/2] 199.204.45.144 () {40 vars in 643 bytes} [Mon Apr 27 13:38:38 2026] GET /openstack => generated 116 bytes in 19 msecs (HTTP/1.1 200) 3 headers in 100 bytes (1 switches on core 0)
Apr 27 13:38:38.725126 np0000170595 devstack@n-api-meta.service[109536]: DEBUG nova.api.metadata.handler [None req-8022d9b4-fe3f-48d4-840b-fc2291d537b6 None None] Metadata request headers: {'Host': '199.204.45.144:8775', 'User-Agent': 'python-requests/2.33.1', 'Accept-Encoding': 'gzip, deflate', 'Accept': '*/*', 'Connection': 'keep-alive', 'X-Forwarded-For': '192.168.24.237', 'X-Instance-Id': '22aaeb18-0ad0-4019-bc31-24500981259e', 'X-Tenant-Id': '1624db24550a4381ac21a9f80ef72495', 'X-Instance-Id-Signature': '92e4b12bac0253619a93eeb3c24854f5435e532cf081bf6696c9c40617edcfbe'} {{(pid=109536) __call__ /opt/stack/nova/nova/api/metadata/handler.py:109}}
Apr 27 13:38:38.733788 np0000170595 devstack@n-api-meta.service[109536]: DEBUG nova.api.metadata.handler [None req-8022d9b4-fe3f-48d4-840b-fc2291d537b6 None None] Using cached metadata for instance 22aaeb18-0ad0-4019-bc31-24500981259e {{(pid=109536) get_metadata_by_instance_id /opt/stack/nova/nova/api/metadata/handler.py:84}}
Apr 27 13:38:38.735304 np0000170595 devstack@n-api-meta.service[109536]: [pid: 109536|app: 0|req: 1/3] 199.204.45.144 () {40 vars in 695 bytes} [Mon Apr 27 13:38:38 2026] GET /openstack/2018-08-27/meta_data.json => generated 946 bytes in 16 msecs (HTTP/1.1 200) 3 headers in 91 bytes (1 switches on core 0)
Apr 27 13:38:38.753617 np0000170595 devstack@n-api-meta.service[109539]: DEBUG nova.api.metadata.handler [None req-6d8cd902-6115-467a-b08e-04cf69803365 None None] Metadata request headers: {'Host': '199.204.45.144:8775', 'User-Agent': 'python-requests/2.33.1', 'Accept-Encoding': 'gzip, deflate', 'Accept': '*/*', 'Connection': 'keep-alive', 'X-Forwarded-For': '192.168.24.237', 'X-Instance-Id': '22aaeb18-0ad0-4019-bc31-24500981259e', 'X-Tenant-Id': '1624db24550a4381ac21a9f80ef72495', 'X-Instance-Id-Signature': '92e4b12bac0253619a93eeb3c24854f5435e532cf081bf6696c9c40617edcfbe'} {{(pid=109539) __call__ /opt/stack/nova/nova/api/metadata/handler.py:109}}
Apr 27 13:38:38.760798 np0000170595 devstack@n-api-meta.service[109539]: DEBUG nova.api.metadata.handler [None req-6d8cd902-6115-467a-b08e-04cf69803365 None None] Using cached metadata for instance 22aaeb18-0ad0-4019-bc31-24500981259e {{(pid=109539) get_metadata_by_instance_id /opt/stack/nova/nova/api/metadata/handler.py:84}}
Apr 27 13:38:38.761725 np0000170595 devstack@n-api-meta.service[109539]: [pid: 109539|app: 0|req: 1/4] 199.204.45.144 () {40 vars in 685 bytes} [Mon Apr 27 13:38:38 2026] GET /openstack/2018-08-27/user_data => generated 26435 bytes in 16 msecs (HTTP/1.1 200) 3 headers in 102 bytes (1 switches on core 0)
Apr 27 13:38:38.771521 np0000170595 devstack@n-api-meta.service[109538]: DEBUG nova.api.metadata.handler [None req-3e40bd8e-8903-4b07-afad-79456789faad None None] Metadata request headers: {'Host': '199.204.45.144:8775', 'User-Agent': 'python-requests/2.33.1', 'Accept-Encoding': 'gzip, deflate', 'Accept': '*/*', 'Connection': 'keep-alive', 'X-Forwarded-For': '192.168.24.237', 'X-Instance-Id': '22aaeb18-0ad0-4019-bc31-24500981259e', 'X-Tenant-Id': '1624db24550a4381ac21a9f80ef72495', 'X-Instance-Id-Signature': '92e4b12bac0253619a93eeb3c24854f5435e532cf081bf6696c9c40617edcfbe'} {{(pid=109538) __call__ /opt/stack/nova/nova/api/metadata/handler.py:109}}
Apr 27 13:38:38.773827 np0000170595 devstack@n-api-meta.service[109538]: DEBUG nova.api.metadata.handler [None req-3e40bd8e-8903-4b07-afad-79456789faad None None] Using cached metadata for instance 22aaeb18-0ad0-4019-bc31-24500981259e {{(pid=109538) get_metadata_by_instance_id /opt/stack/nova/nova/api/metadata/handler.py:84}}
Apr 27 13:38:38.774503 np0000170595 devstack@n-api-meta.service[109538]: [pid: 109538|app: 0|req: 2/5] 199.204.45.144 () {40 vars in 699 bytes} [Mon Apr 27 13:38:38 2026] GET /openstack/2018-08-27/vendor_data.json => generated 2 bytes in 4 msecs (HTTP/1.1 200) 3 headers in 89 bytes (1 switches on core 0)
Apr 27 13:38:38.784506 np0000170595 devstack@n-api-meta.service[109537]: DEBUG nova.api.metadata.handler [None req-8fde7f58-c8f2-4c80-a195-6c7203aaae2e None None] Metadata request headers: {'Host': '199.204.45.144:8775', 'User-Agent': 'python-requests/2.33.1', 'Accept-Encoding': 'gzip, deflate', 'Accept': '*/*', 'Connection': 'keep-alive', 'X-Forwarded-For': '192.168.24.237', 'X-Instance-Id': '22aaeb18-0ad0-4019-bc31-24500981259e', 'X-Tenant-Id': '1624db24550a4381ac21a9f80ef72495', 'X-Instance-Id-Signature': '92e4b12bac0253619a93eeb3c24854f5435e532cf081bf6696c9c40617edcfbe'} {{(pid=109537) __call__ /opt/stack/nova/nova/api/metadata/handler.py:109}}
Apr 27 13:38:38.787638 np0000170595 devstack@n-api-meta.service[109537]: DEBUG nova.api.metadata.handler [None req-8fde7f58-c8f2-4c80-a195-6c7203aaae2e None None] Using cached metadata for instance 22aaeb18-0ad0-4019-bc31-24500981259e {{(pid=109537) get_metadata_by_instance_id /opt/stack/nova/nova/api/metadata/handler.py:84}}
Apr 27 13:38:38.788727 np0000170595 devstack@n-api-meta.service[109537]: [pid: 109537|app: 0|req: 2/6] 199.204.45.144 () {40 vars in 701 bytes} [Mon Apr 27 13:38:38 2026] GET /openstack/2018-08-27/vendor_data2.json => generated 14 bytes in 6 msecs (HTTP/1.1 200) 3 headers in 90 bytes (1 switches on core 0)
Apr 27 13:38:38.798601 np0000170595 devstack@n-api-meta.service[109536]: DEBUG nova.api.metadata.handler [None req-8022d9b4-fe3f-48d4-840b-fc2291d537b6 None None] Metadata request headers: {'Host': '199.204.45.144:8775', 'User-Agent': 'python-requests/2.33.1', 'Accept-Encoding': 'gzip, deflate', 'Accept': '*/*', 'Connection': 'keep-alive', 'X-Forwarded-For': '192.168.24.237', 'X-Instance-Id': '22aaeb18-0ad0-4019-bc31-24500981259e', 'X-Tenant-Id': '1624db24550a4381ac21a9f80ef72495', 'X-Instance-Id-Signature': '92e4b12bac0253619a93eeb3c24854f5435e532cf081bf6696c9c40617edcfbe'} {{(pid=109536) __call__ /opt/stack/nova/nova/api/metadata/handler.py:109}}
Apr 27 13:38:38.800921 np0000170595 devstack@n-api-meta.service[109536]: DEBUG nova.api.metadata.handler [None req-8022d9b4-fe3f-48d4-840b-fc2291d537b6 None None] Using cached metadata for instance 22aaeb18-0ad0-4019-bc31-24500981259e {{(pid=109536) get_metadata_by_instance_id /opt/stack/nova/nova/api/metadata/handler.py:84}}
Apr 27 13:38:38.801637 np0000170595 devstack@n-api-meta.service[109536]: [pid: 109536|app: 0|req: 2/7] 199.204.45.144 () {40 vars in 701 bytes} [Mon Apr 27 13:38:38 2026] GET /openstack/2018-08-27/network_data.json => generated 348 bytes in 4 msecs (HTTP/1.1 200) 3 headers in 100 bytes (1 switches on core 0)
Apr 27 13:38:38.811857 np0000170595 devstack@n-api-meta.service[109539]: DEBUG nova.api.metadata.handler [None req-6d8cd902-6115-467a-b08e-04cf69803365 None None] Metadata request headers: {'Host': '199.204.45.144:8775', 'User-Agent': 'python-requests/2.33.1', 'Accept-Encoding': 'gzip, deflate', 'Accept': '*/*', 'Connection': 'keep-alive', 'X-Forwarded-For': '192.168.24.237', 'X-Instance-Id': '22aaeb18-0ad0-4019-bc31-24500981259e', 'X-Tenant-Id': '1624db24550a4381ac21a9f80ef72495', 'X-Instance-Id-Signature': '92e4b12bac0253619a93eeb3c24854f5435e532cf081bf6696c9c40617edcfbe'} {{(pid=109539) __call__ /opt/stack/nova/nova/api/metadata/handler.py:109}}
Apr 27 13:38:38.816014 np0000170595 devstack@n-api-meta.service[109539]: DEBUG nova.api.metadata.handler [None req-6d8cd902-6115-467a-b08e-04cf69803365 None None] Using cached metadata for instance 22aaeb18-0ad0-4019-bc31-24500981259e {{(pid=109539) get_metadata_by_instance_id /opt/stack/nova/nova/api/metadata/handler.py:84}}
Apr 27 13:38:38.817266 np0000170595 devstack@n-api-meta.service[109539]: [pid: 109539|app: 0|req: 2/8] 199.204.45.144 () {40 vars in 659 bytes} [Mon Apr 27 13:38:38 2026] GET /latest/meta-data/ => generated 210 bytes in 6 msecs (HTTP/1.1 200) 3 headers in 100 bytes (1 switches on core 0)
Apr 27 13:38:38.825226 np0000170595 devstack@n-api-meta.service[109538]: DEBUG nova.api.metadata.handler [None req-3e40bd8e-8903-4b07-afad-79456789faad None None] Metadata request headers: {'Host': '199.204.45.144:8775', 'User-Agent': 'python-requests/2.33.1', 'Accept-Encoding': 'gzip, deflate', 'Accept': '*/*', 'Connection': 'keep-alive', 'X-Forwarded-For': '192.168.24.237', 'X-Instance-Id': '22aaeb18-0ad0-4019-bc31-24500981259e', 'X-Tenant-Id': '1624db24550a4381ac21a9f80ef72495', 'X-Instance-Id-Signature': '92e4b12bac0253619a93eeb3c24854f5435e532cf081bf6696c9c40617edcfbe'} {{(pid=109538) __call__ /opt/stack/nova/nova/api/metadata/handler.py:109}}
Apr 27 13:38:38.827358 np0000170595 devstack@n-api-meta.service[109538]: DEBUG nova.api.metadata.handler [None req-3e40bd8e-8903-4b07-afad-79456789faad None None] Using cached metadata for instance 22aaeb18-0ad0-4019-bc31-24500981259e {{(pid=109538) get_metadata_by_instance_id /opt/stack/nova/nova/api/metadata/handler.py:84}}
Apr 27 13:38:38.828059 np0000170595 devstack@n-api-meta.service[109538]: [pid: 109538|app: 0|req: 3/9] 199.204.45.144 () {40 vars in 701 bytes} [Mon Apr 27 13:38:38 2026] GET /latest/meta-data/block-device-mapping/ => generated 8 bytes in 3 msecs (HTTP/1.1 200) 3 headers in 98 bytes (1 switches on core 0)
Apr 27 13:38:38.836716 np0000170595 devstack@n-api-meta.service[109537]: DEBUG nova.api.metadata.handler [None req-8fde7f58-c8f2-4c80-a195-6c7203aaae2e None None] Metadata request headers: {'Host': '199.204.45.144:8775', 'User-Agent': 'python-requests/2.33.1', 'Accept-Encoding': 'gzip, deflate', 'Accept': '*/*', 'Connection': 'keep-alive', 'X-Forwarded-For': '192.168.24.237', 'X-Instance-Id': '22aaeb18-0ad0-4019-bc31-24500981259e', 'X-Tenant-Id': '1624db24550a4381ac21a9f80ef72495', 'X-Instance-Id-Signature': '92e4b12bac0253619a93eeb3c24854f5435e532cf081bf6696c9c40617edcfbe'} {{(pid=109537) __call__ /opt/stack/nova/nova/api/metadata/handler.py:109}}
Apr 27 13:38:38.839750 np0000170595 devstack@n-api-meta.service[109537]: DEBUG nova.api.metadata.handler [None req-8fde7f58-c8f2-4c80-a195-6c7203aaae2e None None] Using cached metadata for instance 22aaeb18-0ad0-4019-bc31-24500981259e {{(pid=109537) get_metadata_by_instance_id /opt/stack/nova/nova/api/metadata/handler.py:84}}
Apr 27 13:38:38.840842 np0000170595 devstack@n-api-meta.service[109537]: [pid: 109537|app: 0|req: 3/10] 199.204.45.144 () {40 vars in 707 bytes} [Mon Apr 27 13:38:38 2026] GET /latest/meta-data/block-device-mapping/ami => generated 3 bytes in 5 msecs (HTTP/1.1 200) 3 headers in 98 bytes (1 switches on core 0)
Apr 27 13:38:38.851063 np0000170595 devstack@n-api-meta.service[109536]: DEBUG nova.api.metadata.handler [None req-8022d9b4-fe3f-48d4-840b-fc2291d537b6 None None] Metadata request headers: {'Host': '199.204.45.144:8775', 'User-Agent': 'python-requests/2.33.1', 'Accept-Encoding': 'gzip, deflate', 'Accept': '*/*', 'Connection': 'keep-alive', 'X-Forwarded-For': '192.168.24.237', 'X-Instance-Id': '22aaeb18-0ad0-4019-bc31-24500981259e', 'X-Tenant-Id': '1624db24550a4381ac21a9f80ef72495', 'X-Instance-Id-Signature': '92e4b12bac0253619a93eeb3c24854f5435e532cf081bf6696c9c40617edcfbe'} {{(pid=109536) __call__ /opt/stack/nova/nova/api/metadata/handler.py:109}}
Apr 27 13:38:38.854472 np0000170595 devstack@n-api-meta.service[109536]: DEBUG nova.api.metadata.handler [None req-8022d9b4-fe3f-48d4-840b-fc2291d537b6 None None] Using cached metadata for instance 22aaeb18-0ad0-4019-bc31-24500981259e {{(pid=109536) get_metadata_by_instance_id /opt/stack/nova/nova/api/metadata/handler.py:84}}
Apr 27 13:38:38.855620 np0000170595 devstack@n-api-meta.service[109536]: [pid: 109536|app: 0|req: 3/11] 199.204.45.144 () {40 vars in 709 bytes} [Mon Apr 27 13:38:38 2026] GET /latest/meta-data/block-device-mapping/root => generated 8 bytes in 5 msecs (HTTP/1.1 200) 3 headers in 98 bytes (1 switches on core 0)
Apr 27 13:38:38.863300 np0000170595 devstack@n-api-meta.service[109539]: DEBUG nova.api.metadata.handler [None req-6d8cd902-6115-467a-b08e-04cf69803365 None None] Metadata request headers: {'Host': '199.204.45.144:8775', 'User-Agent': 'python-requests/2.33.1', 'Accept-Encoding': 'gzip, deflate', 'Accept': '*/*', 'Connection': 'keep-alive', 'X-Forwarded-For': '192.168.24.237', 'X-Instance-Id': '22aaeb18-0ad0-4019-bc31-24500981259e', 'X-Tenant-Id': '1624db24550a4381ac21a9f80ef72495', 'X-Instance-Id-Signature': '92e4b12bac0253619a93eeb3c24854f5435e532cf081bf6696c9c40617edcfbe'} {{(pid=109539) __call__ /opt/stack/nova/nova/api/metadata/handler.py:109}}
Apr 27 13:38:38.865249 np0000170595 devstack@n-api-meta.service[109539]: DEBUG nova.api.metadata.handler [None req-6d8cd902-6115-467a-b08e-04cf69803365 None None] Using cached metadata for instance 22aaeb18-0ad0-4019-bc31-24500981259e {{(pid=109539) get_metadata_by_instance_id /opt/stack/nova/nova/api/metadata/handler.py:84}}
Apr 27 13:38:38.865756 np0000170595 devstack@n-api-meta.service[109539]: [pid: 109539|app: 0|req: 3/12] 199.204.45.144 () {40 vars in 679 bytes} [Mon Apr 27 13:38:38 2026] GET /latest/meta-data/placement/ => generated 17 bytes in 3 msecs (HTTP/1.1 200) 3 headers in 99 bytes (1 switches on core 0)
Apr 27 13:38:38.872818 np0000170595 devstack@n-api-meta.service[109538]: DEBUG nova.api.metadata.handler [None req-3e40bd8e-8903-4b07-afad-79456789faad None None] Metadata request headers: {'Host': '199.204.45.144:8775', 'User-Agent': 'python-requests/2.33.1', 'Accept-Encoding': 'gzip, deflate', 'Accept': '*/*', 'Connection': 'keep-alive', 'X-Forwarded-For': '192.168.24.237', 'X-Instance-Id': '22aaeb18-0ad0-4019-bc31-24500981259e', 'X-Tenant-Id': '1624db24550a4381ac21a9f80ef72495', 'X-Instance-Id-Signature': '92e4b12bac0253619a93eeb3c24854f5435e532cf081bf6696c9c40617edcfbe'} {{(pid=109538) __call__ /opt/stack/nova/nova/api/metadata/handler.py:109}}
Apr 27 13:38:38.875451 np0000170595 devstack@n-api-meta.service[109538]: DEBUG nova.api.metadata.handler [None req-3e40bd8e-8903-4b07-afad-79456789faad None None] Using cached metadata for instance 22aaeb18-0ad0-4019-bc31-24500981259e {{(pid=109538) get_metadata_by_instance_id /opt/stack/nova/nova/api/metadata/handler.py:84}}
Apr 27 13:38:38.876189 np0000170595 devstack@n-api-meta.service[109538]: [pid: 109538|app: 0|req: 4/13] 199.204.45.144 () {40 vars in 713 bytes} [Mon Apr 27 13:38:38 2026] GET /latest/meta-data/placement/availability-zone => generated 4 bytes in 4 msecs (HTTP/1.1 200) 3 headers in 98 bytes (1 switches on core 0)
Apr 27 13:38:38.884261 np0000170595 devstack@n-api-meta.service[109537]: DEBUG nova.api.metadata.handler [None req-8fde7f58-c8f2-4c80-a195-6c7203aaae2e None None] Metadata request headers: {'Host': '199.204.45.144:8775', 'User-Agent': 'python-requests/2.33.1', 'Accept-Encoding': 'gzip, deflate', 'Accept': '*/*', 'Connection': 'keep-alive', 'X-Forwarded-For': '192.168.24.237', 'X-Instance-Id': '22aaeb18-0ad0-4019-bc31-24500981259e', 'X-Tenant-Id': '1624db24550a4381ac21a9f80ef72495', 'X-Instance-Id-Signature': '92e4b12bac0253619a93eeb3c24854f5435e532cf081bf6696c9c40617edcfbe'} {{(pid=109537) __call__ /opt/stack/nova/nova/api/metadata/handler.py:109}}
Apr 27 13:38:38.887294 np0000170595 devstack@n-api-meta.service[109537]: DEBUG nova.api.metadata.handler [None req-8fde7f58-c8f2-4c80-a195-6c7203aaae2e None None] Using cached metadata for instance 22aaeb18-0ad0-4019-bc31-24500981259e {{(pid=109537) get_metadata_by_instance_id /opt/stack/nova/nova/api/metadata/handler.py:84}}
Apr 27 13:38:38.888365 np0000170595 devstack@n-api-meta.service[109537]: [pid: 109537|app: 0|req: 4/14] 199.204.45.144 () {40 vars in 671 bytes} [Mon Apr 27 13:38:38 2026] GET /latest/meta-data/ami-id => generated 12 bytes in 5 msecs (HTTP/1.1 200) 3 headers in 99 bytes (1 switches on core 0)
Apr 27 13:38:38.897067 np0000170595 devstack@n-api-meta.service[109536]: DEBUG nova.api.metadata.handler [None req-8022d9b4-fe3f-48d4-840b-fc2291d537b6 None None] Metadata request headers: {'Host': '199.204.45.144:8775', 'User-Agent': 'python-requests/2.33.1', 'Accept-Encoding': 'gzip, deflate', 'Accept': '*/*', 'Connection': 'keep-alive', 'X-Forwarded-For': '192.168.24.237', 'X-Instance-Id': '22aaeb18-0ad0-4019-bc31-24500981259e', 'X-Tenant-Id': '1624db24550a4381ac21a9f80ef72495', 'X-Instance-Id-Signature': '92e4b12bac0253619a93eeb3c24854f5435e532cf081bf6696c9c40617edcfbe'} {{(pid=109536) __call__ /opt/stack/nova/nova/api/metadata/handler.py:109}}
Apr 27 13:38:38.899963 np0000170595 devstack@n-api-meta.service[109536]: DEBUG nova.api.metadata.handler [None req-8022d9b4-fe3f-48d4-840b-fc2291d537b6 None None] Using cached metadata for instance 22aaeb18-0ad0-4019-bc31-24500981259e {{(pid=109536) get_metadata_by_instance_id /opt/stack/nova/nova/api/metadata/handler.py:84}}
Apr 27 13:38:38.901170 np0000170595 devstack@n-api-meta.service[109536]: [pid: 109536|app: 0|req: 4/15] 199.204.45.144 () {40 vars in 691 bytes} [Mon Apr 27 13:38:38 2026] GET /latest/meta-data/ami-launch-index => generated 1 bytes in 5 msecs (HTTP/1.1 200) 3 headers in 98 bytes (1 switches on core 0)
Apr 27 13:38:38.909746 np0000170595 devstack@n-api-meta.service[109539]: DEBUG nova.api.metadata.handler [None req-6d8cd902-6115-467a-b08e-04cf69803365 None None] Metadata request headers: {'Host': '199.204.45.144:8775', 'User-Agent': 'python-requests/2.33.1', 'Accept-Encoding': 'gzip, deflate', 'Accept': '*/*', 'Connection': 'keep-alive', 'X-Forwarded-For': '192.168.24.237', 'X-Instance-Id': '22aaeb18-0ad0-4019-bc31-24500981259e', 'X-Tenant-Id': '1624db24550a4381ac21a9f80ef72495', 'X-Instance-Id-Signature': '92e4b12bac0253619a93eeb3c24854f5435e532cf081bf6696c9c40617edcfbe'} {{(pid=109539) __call__ /opt/stack/nova/nova/api/metadata/handler.py:109}}
Apr 27 13:38:38.912273 np0000170595 devstack@n-api-meta.service[109539]: DEBUG nova.api.metadata.handler [None req-6d8cd902-6115-467a-b08e-04cf69803365 None None] Using cached metadata for instance 22aaeb18-0ad0-4019-bc31-24500981259e {{(pid=109539) get_metadata_by_instance_id /opt/stack/nova/nova/api/metadata/handler.py:84}}
Apr 27 13:38:38.912846 np0000170595 devstack@n-api-meta.service[109539]: [pid: 109539|app: 0|req: 4/16] 199.204.45.144 () {40 vars in 693 bytes} [Mon Apr 27 13:38:38 2026] GET /latest/meta-data/ami-manifest-path => generated 5 bytes in 3 msecs (HTTP/1.1 200) 3 headers in 98 bytes (1 switches on core 0)
Apr 27 13:38:38.921620 np0000170595 devstack@n-api-meta.service[109538]: DEBUG nova.api.metadata.handler [None req-3e40bd8e-8903-4b07-afad-79456789faad None None] Metadata request headers: {'Host': '199.204.45.144:8775', 'User-Agent': 'python-requests/2.33.1', 'Accept-Encoding': 'gzip, deflate', 'Accept': '*/*', 'Connection': 'keep-alive', 'X-Forwarded-For': '192.168.24.237', 'X-Instance-Id': '22aaeb18-0ad0-4019-bc31-24500981259e', 'X-Tenant-Id': '1624db24550a4381ac21a9f80ef72495', 'X-Instance-Id-Signature': '92e4b12bac0253619a93eeb3c24854f5435e532cf081bf6696c9c40617edcfbe'} {{(pid=109538) __call__ /opt/stack/nova/nova/api/metadata/handler.py:109}}
Apr 27 13:38:38.924682 np0000170595 devstack@n-api-meta.service[109538]: DEBUG nova.api.metadata.handler [None req-3e40bd8e-8903-4b07-afad-79456789faad None None] Using cached metadata for instance 22aaeb18-0ad0-4019-bc31-24500981259e {{(pid=109538) get_metadata_by_instance_id /opt/stack/nova/nova/api/metadata/handler.py:84}}
Apr 27 13:38:38.925513 np0000170595 devstack@n-api-meta.service[109538]: [pid: 109538|app: 0|req: 5/17] 199.204.45.144 () {40 vars in 675 bytes} [Mon Apr 27 13:38:38 2026] GET /latest/meta-data/hostname => generated 32 bytes in 5 msecs (HTTP/1.1 200) 3 headers in 99 bytes (1 switches on core 0)
Apr 27 13:38:38.933358 np0000170595 devstack@n-api-meta.service[109537]: DEBUG nova.api.metadata.handler [None req-8fde7f58-c8f2-4c80-a195-6c7203aaae2e None None] Metadata request headers: {'Host': '199.204.45.144:8775', 'User-Agent': 'python-requests/2.33.1', 'Accept-Encoding': 'gzip, deflate', 'Accept': '*/*', 'Connection': 'keep-alive', 'X-Forwarded-For': '192.168.24.237', 'X-Instance-Id': '22aaeb18-0ad0-4019-bc31-24500981259e', 'X-Tenant-Id': '1624db24550a4381ac21a9f80ef72495', 'X-Instance-Id-Signature': '92e4b12bac0253619a93eeb3c24854f5435e532cf081bf6696c9c40617edcfbe'} {{(pid=109537) __call__ /opt/stack/nova/nova/api/metadata/handler.py:109}}
Apr 27 13:38:38.936470 np0000170595 devstack@n-api-meta.service[109537]: DEBUG nova.api.metadata.handler [None req-8fde7f58-c8f2-4c80-a195-6c7203aaae2e None None] Using cached metadata for instance 22aaeb18-0ad0-4019-bc31-24500981259e {{(pid=109537) get_metadata_by_instance_id /opt/stack/nova/nova/api/metadata/handler.py:84}}
Apr 27 13:38:38.937195 np0000170595 devstack@n-api-meta.service[109537]: [pid: 109537|app: 0|req: 5/18] 199.204.45.144 () {40 vars in 689 bytes} [Mon Apr 27 13:38:38 2026] GET /latest/meta-data/instance-action => generated 4 bytes in 5 msecs (HTTP/1.1 200) 3 headers in 98 bytes (1 switches on core 0)
Apr 27 13:38:38.945511 np0000170595 devstack@n-api-meta.service[109536]: DEBUG nova.api.metadata.handler [None req-8022d9b4-fe3f-48d4-840b-fc2291d537b6 None None] Metadata request headers: {'Host': '199.204.45.144:8775', 'User-Agent': 'python-requests/2.33.1', 'Accept-Encoding': 'gzip, deflate', 'Accept': '*/*', 'Connection': 'keep-alive', 'X-Forwarded-For': '192.168.24.237', 'X-Instance-Id': '22aaeb18-0ad0-4019-bc31-24500981259e', 'X-Tenant-Id': '1624db24550a4381ac21a9f80ef72495', 'X-Instance-Id-Signature': '92e4b12bac0253619a93eeb3c24854f5435e532cf081bf6696c9c40617edcfbe'} {{(pid=109536) __call__ /opt/stack/nova/nova/api/metadata/handler.py:109}}
Apr 27 13:38:38.947792 np0000170595 devstack@n-api-meta.service[109536]: DEBUG nova.api.metadata.handler [None req-8022d9b4-fe3f-48d4-840b-fc2291d537b6 None None] Using cached metadata for instance 22aaeb18-0ad0-4019-bc31-24500981259e {{(pid=109536) get_metadata_by_instance_id /opt/stack/nova/nova/api/metadata/handler.py:84}}
Apr 27 13:38:38.948239 np0000170595 devstack@n-api-meta.service[109536]: [pid: 109536|app: 0|req: 5/19] 199.204.45.144 () {40 vars in 681 bytes} [Mon Apr 27 13:38:38 2026] GET /latest/meta-data/instance-id => generated 10 bytes in 3 msecs (HTTP/1.1 200) 3 headers in 99 bytes (1 switches on core 0)
Apr 27 13:38:38.958565 np0000170595 devstack@n-api-meta.service[109539]: DEBUG nova.api.metadata.handler [None req-6d8cd902-6115-467a-b08e-04cf69803365 None None] Metadata request headers: {'Host': '199.204.45.144:8775', 'User-Agent': 'python-requests/2.33.1', 'Accept-Encoding': 'gzip, deflate', 'Accept': '*/*', 'Connection': 'keep-alive', 'X-Forwarded-For': '192.168.24.237', 'X-Instance-Id': '22aaeb18-0ad0-4019-bc31-24500981259e', 'X-Tenant-Id': '1624db24550a4381ac21a9f80ef72495', 'X-Instance-Id-Signature': '92e4b12bac0253619a93eeb3c24854f5435e532cf081bf6696c9c40617edcfbe'} {{(pid=109539) __call__ /opt/stack/nova/nova/api/metadata/handler.py:109}}
