+ COMMAND=start + start + for KEYSTONE_WSGI_SCRIPT in keystone-wsgi-public ++ type -p keystone-wsgi-public + cp -a /var/lib/openstack/bin/keystone-wsgi-public /var/www/cgi-bin/keystone/ + '[' -f /etc/apache2/envvars ']' + source /etc/apache2/envvars ++ unset HOME ++ '[' '' '!=' '' ']' ++ SUFFIX= ++ export APACHE_RUN_USER=www-data ++ APACHE_RUN_USER=www-data ++ export APACHE_RUN_GROUP=www-data ++ APACHE_RUN_GROUP=www-data ++ export APACHE_PID_FILE=/var/run/apache2/apache2.pid ++ APACHE_PID_FILE=/var/run/apache2/apache2.pid ++ export APACHE_RUN_DIR=/var/run/apache2 ++ APACHE_RUN_DIR=/var/run/apache2 ++ export APACHE_LOCK_DIR=/var/lock/apache2 ++ APACHE_LOCK_DIR=/var/lock/apache2 ++ export APACHE_LOG_DIR=/var/log/apache2 ++ APACHE_LOG_DIR=/var/log/apache2 ++ export LANG=C ++ LANG=C ++ export LANG + '[' -f /var/run/apache2/apache2.pid ']' + exec apache2 -DFOREGROUND AH00558: apache2: Could not reliably determine the server's fully qualified domain name, using 10.0.0.249. Set the 'ServerName' directive globally to suppress this message AH00558: apache2: Could not reliably determine the server's fully qualified domain name, using 10.0.0.249. Set the 'ServerName' directive globally to suppress this message
[Mon May 11 10:58:04.320672 2026] [mpm_event:notice] [pid 1:tid 139787308742528] AH00489: Apache/2.4.58 (Ubuntu) mod_wsgi/5.0.0 Python/3.12 configured -- resuming normal operations
[Mon May 11 10:58:04.320787 2026] [core:notice] [pid 1:tid 139787308742528] AH00094: Command line: 'apache2 -D FOREGROUND'
[Mon May 11 10:59:05.103938 2026] [wsgi:error] [pid 11:tid 139786671969984] /var/lib/openstack/lib/python3.12/site-packages/oslo_utils/importutils.py:77: EventletDeprecationWarning:
[Mon May 11 10:59:05.103976 2026] [wsgi:error] [pid 11:tid 139786671969984] Eventlet is deprecated. It is currently being maintained in bugfix mode, and
[Mon May 11 10:59:05.103978 2026] [wsgi:error] [pid 11:tid 139786671969984] we strongly recommend against using it for new projects.
[Mon May 11 10:59:05.103979 2026] [wsgi:error] [pid 11:tid 139786671969984]
[Mon May 11 10:59:05.103980 2026] [wsgi:error] [pid 11:tid 139786671969984] If you are already using Eventlet, we recommend migrating to a different
[Mon May 11 10:59:05.103981 2026] [wsgi:error] [pid 11:tid 139786671969984] framework. For more detail see
[Mon May 11 10:59:05.103982 2026] [wsgi:error] [pid 11:tid 139786671969984] https://eventlet.readthedocs.io/en/latest/asyncio/migration.html
[Mon May 11 10:59:05.103984 2026] [wsgi:error] [pid 11:tid 139786671969984]
[Mon May 11 10:59:05.103985 2026] [wsgi:error] [pid 11:tid 139786671969984] __import__(import_str)
[Mon May 11 10:59:05.125167 2026] [wsgi:error] [pid 9:tid 139786671969984] /var/lib/openstack/lib/python3.12/site-packages/oslo_utils/importutils.py:77: EventletDeprecationWarning:
[Mon May 11 10:59:05.125234 2026] [wsgi:error] [pid 9:tid 139786671969984] Eventlet is deprecated. It is currently being maintained in bugfix mode, and
[Mon May 11 10:59:05.125236 2026] [wsgi:error] [pid 9:tid 139786671969984] we strongly recommend against using it for new projects.
[Mon May 11 10:59:05.125237 2026] [wsgi:error] [pid 9:tid 139786671969984]
[Mon May 11 10:59:05.125238 2026] [wsgi:error] [pid 9:tid 139786671969984] If you are already using Eventlet, we recommend migrating to a different
[Mon May 11 10:59:05.125240 2026] [wsgi:error] [pid 9:tid 139786671969984] framework. For more detail see
[Mon May 11 10:59:05.125241 2026] [wsgi:error] [pid 9:tid 139786671969984] https://eventlet.readthedocs.io/en/latest/asyncio/migration.html
[Mon May 11 10:59:05.125242 2026] [wsgi:error] [pid 9:tid 139786671969984]
[Mon May 11 10:59:05.125243 2026] [wsgi:error] [pid 9:tid 139786671969984] __import__(import_str) 10.0.0.221 - - [11/May/2026:10:59:04 +0000] "GET /v3/ HTTP/1.1" 200 250 10.0.0.221 - - [11/May/2026:10:59:04 +0000] "GET /v3/ HTTP/1.1" 200 250
[Mon May 11 10:59:17.667333 2026] [wsgi:error] [pid 10:tid 139786671969984] /var/lib/openstack/lib/python3.12/site-packages/oslo_utils/importutils.py:77: EventletDeprecationWarning:
[Mon May 11 10:59:17.667371 2026] [wsgi:error] [pid 10:tid 139786671969984] Eventlet is deprecated. It is currently being maintained in bugfix mode, and
[Mon May 11 10:59:17.667373 2026] [wsgi:error] [pid 10:tid 139786671969984] we strongly recommend against using it for new projects.
[Mon May 11 10:59:17.667374 2026] [wsgi:error] [pid 10:tid 139786671969984]
[Mon May 11 10:59:17.667375 2026] [wsgi:error] [pid 10:tid 139786671969984] If you are already using Eventlet, we recommend migrating to a different
[Mon May 11 10:59:17.667376 2026] [wsgi:error] [pid 10:tid 139786671969984] framework. For more detail see
[Mon May 11 10:59:17.667378 2026] [wsgi:error] [pid 10:tid 139786671969984] https://eventlet.readthedocs.io/en/latest/asyncio/migration.html
[Mon May 11 10:59:17.667379 2026] [wsgi:error] [pid 10:tid 139786671969984]
[Mon May 11 10:59:17.667380 2026] [wsgi:error] [pid 10:tid 139786671969984] __import__(import_str) 10.0.0.84 - - [11/May/2026:10:59:16 +0000] "GET / HTTP/1.1" 300 295
[Mon May 11 10:59:22.850913 2026] [wsgi:error] [pid 12:tid 139786671969984] /var/lib/openstack/lib/python3.12/site-packages/oslo_utils/importutils.py:77: EventletDeprecationWarning:
[Mon May 11 10:59:22.850946 2026] [wsgi:error] [pid 12:tid 139786671969984] Eventlet is deprecated. It is currently being maintained in bugfix mode, and
[Mon May 11 10:59:22.850948 2026] [wsgi:error] [pid 12:tid 139786671969984] we strongly recommend against using it for new projects.
[Mon May 11 10:59:22.850949 2026] [wsgi:error] [pid 12:tid 139786671969984]
[Mon May 11 10:59:22.850950 2026] [wsgi:error] [pid 12:tid 139786671969984] If you are already using Eventlet, we recommend migrating to a different
[Mon May 11 10:59:22.850952 2026] [wsgi:error] [pid 12:tid 139786671969984] framework. For more detail see
[Mon May 11 10:59:22.850953 2026] [wsgi:error] [pid 12:tid 139786671969984] https://eventlet.readthedocs.io/en/latest/asyncio/migration.html
[Mon May 11 10:59:22.850954 2026] [wsgi:error] [pid 12:tid 139786671969984]
[Mon May 11 10:59:22.850955 2026] [wsgi:error] [pid 12:tid 139786671969984] __import__(import_str)
[Mon May 11 10:59:27.394408 2026] [wsgi:error] [pid 12:tid 139786671969984] [remote 10.0.0.84:49224] 2026-05-11 10:59:27.391 12 WARNING keystone.identity.core [None req-36adece1-bfc4-4aac-bebd-a7aee7ffb36e - - - - - -] Invalid domain name (atmosphere) found in config file name: keystone.exception.DomainNotFound: Could not find domain: atmosphere.
[Mon May 11 10:59:27.439352 2026] [wsgi:error] [pid 12:tid 139786671969984] [remote 10.0.0.84:49224] 2026-05-11 10:59:27.439 12 WARNING keystone.common.password_hashing [None req-36adece1-bfc4-4aac-bebd-a7aee7ffb36e - - - - - -] Truncating password to algorithm specific maximum length 72 characters.
[Mon May 11 10:59:27.716653 2026] [wsgi:error] [pid 12:tid 139786671969984] [remote 10.0.0.84:49224] 2026-05-11 10:59:27.716 12 WARNING keystone.common.fernet_utils [None req-36adece1-bfc4-4aac-bebd-a7aee7ffb36e - - - - - -] key_repository is world readable: /etc/keystone/fernet-keys/ 10.0.0.84 - - [11/May/2026:10:59:22 +0000] "POST /v3/auth/tokens HTTP/1.1" 201 1359
[Mon May 11 10:59:28.043338 2026] [wsgi:error] [pid 11:tid 139786671969984] [remote 10.0.0.84:49224] 2026-05-11 10:59:28.039 11 WARNING keystone.identity.core [None req-3b5553f0-ff34-4435-a857-54c4c75bf5fa - - - - - -] Invalid domain name (atmosphere) found in config file name: keystone.exception.DomainNotFound: Could not find domain: atmosphere. 10.0.0.84 - - [11/May/2026:10:59:27 +0000] "POST /v3/domains HTTP/1.1" 201 261 10.0.0.11 - - [11/May/2026:10:59:40 +0000] "GET / HTTP/1.1" 300 295
[Mon May 11 10:59:40.442295 2026] [wsgi:error] [pid 10:tid 139786671969984] [remote 10.0.0.11:37046] 2026-05-11 10:59:40.441 10 WARNING keystone.common.password_hashing [None req-3157e628-7565-4889-9df3-fff1ac03f74c - - - - - -] Truncating password to algorithm specific maximum length 72 characters.
[Mon May 11 10:59:40.720200 2026] [wsgi:error] [pid 10:tid 139786671969984] [remote 10.0.0.11:37046] 2026-05-11 10:59:40.719 10 WARNING keystone.common.fernet_utils [None req-3157e628-7565-4889-9df3-fff1ac03f74c - - - - - -] key_repository is world readable: /etc/keystone/fernet-keys/ 10.0.0.11 - - [11/May/2026:10:59:40 +0000] "POST /v3/auth/tokens HTTP/1.1" 201 1359 10.0.0.11 - - [11/May/2026:10:59:40 +0000] "GET /v3/roles/admin HTTP/1.1" 404 83
[Mon May 11 10:59:40.925285 2026] [wsgi:error] [pid 11:tid 139786671969984] [remote 10.0.0.11:37046] 2026-05-11 10:59:40.925 11 WARNING keystone.common.rbac_enforcer.enforcer [None req-f07c782a-1a7f-495f-8027-822f2a36a7a8 f5f0fd02c94844be8022129538bfef28 8f7a330b13e044d08e3abeea40cb8693 - - default default] Deprecated policy rules found. Use oslopolicy-policy-generator and oslopolicy-policy-upgrade to detect and resolve deprecated policies in your configuration. 10.0.0.11 - - [11/May/2026:10:59:40 +0000] "GET /v3/roles?name=admin HTTP/1.1" 200 389
[Mon May 11 10:59:41.254562 2026] [wsgi:error] [pid 9:tid 139786671969984] [remote 10.0.0.11:37046] 2026-05-11 10:59:41.254 9 WARNING keystone.common.rbac_enforcer.enforcer [None req-dc959278-2c85-4853-8064-c23391e343d3 f5f0fd02c94844be8022129538bfef28 8f7a330b13e044d08e3abeea40cb8693 - - default default] Deprecated policy rules found. Use oslopolicy-policy-generator and oslopolicy-policy-upgrade to detect and resolve deprecated policies in your configuration. 10.0.0.11 - - [11/May/2026:10:59:40 +0000] "GET /v3/users/admin-RegionOne HTTP/1.1" 404 93
[Mon May 11 10:59:41.393670 2026] [wsgi:error] [pid 10:tid 139786671969984] [remote 10.0.0.11:37046] 2026-05-11 10:59:41.393 10 WARNING keystone.common.rbac_enforcer.enforcer [None req-9c1a567c-835e-4558-b5ba-feb4a33b3cb2 f5f0fd02c94844be8022129538bfef28 8f7a330b13e044d08e3abeea40cb8693 - - default default] Deprecated policy rules found. Use oslopolicy-policy-generator and oslopolicy-policy-upgrade to detect and resolve deprecated policies in your configuration. 10.0.0.11 - - [11/May/2026:10:59:41 +0000] "GET /v3/users?name=admin-RegionOne HTTP/1.1" 200 422
[Mon May 11 10:59:41.572590 2026] [wsgi:error] [pid 12:tid 139786671969984] [remote 10.0.0.11:37046] 2026-05-11 10:59:41.572 12 WARNING keystone.common.rbac_enforcer.enforcer [None req-4a06f8e1-1924-4561-91c8-aa7afc0989b5 f5f0fd02c94844be8022129538bfef28 8f7a330b13e044d08e3abeea40cb8693 - - default default] Deprecated policy rules found. Use oslopolicy-policy-generator and oslopolicy-policy-upgrade to detect and resolve deprecated policies in your configuration. 10.0.0.11 - - [11/May/2026:10:59:41 +0000] "GET /v3/domains/default HTTP/1.1" 200 224 10.0.0.11 - - [11/May/2026:10:59:41 +0000] "PUT /v3/domains/default/users/f5f0fd02c94844be8022129538bfef28/roles/c4d4d3d90bc1439ca7958215d293e2a0 HTTP/1.1" 204 - 10.0.0.221 - - [11/May/2026:10:59:51 +0000] "GET / HTTP/1.1" 300 280 10.0.0.221 - - [11/May/2026:10:59:53 +0000] "GET /v3 HTTP/1.1" 200 265
[Mon May 11 10:59:53.084182 2026] [wsgi:error] [pid 12:tid 139786671969984] [remote 10.0.0.221:49802] 2026-05-11 10:59:53.083 12 WARNING keystone.common.password_hashing [None req-80b1504e-64fa-4acb-9b71-8f38d01d7d00 - - - - - -] Truncating password to algorithm specific maximum length 72 characters.
[Mon May 11 10:59:53.357482 2026] [wsgi:error] [pid 12:tid 139786671969984] [remote 10.0.0.221:49802] 2026-05-11 10:59:53.357 12 WARNING keystone.common.fernet_utils [None req-80b1504e-64fa-4acb-9b71-8f38d01d7d00 - - - - - -] key_repository is world readable: /etc/keystone/fernet-keys/ 10.0.0.221 - - [11/May/2026:10:59:53 +0000] "POST /v3/auth/tokens HTTP/1.1" 201 1359 10.0.0.221 - - [11/May/2026:10:59:53 +0000] "GET / HTTP/1.1" 300 280 10.0.0.221 - - [11/May/2026:10:59:53 +0000] "GET /v3/domains/atmosphere HTTP/1.1" 404 90 10.0.0.221 - - [11/May/2026:10:59:53 +0000] "GET /v3/domains?name=atmosphere HTTP/1.1" 200 368 10.0.0.221 - - [11/May/2026:10:59:53 +0000] "GET /v3/domains/b14547a5c3ed46d2a5fbfad29755542d HTTP/1.1" 200 246 10.0.0.221 - - [11/May/2026:10:59:54 +0000] "GET /v3 HTTP/1.1" 200 265
[Mon May 11 10:59:54.431933 2026] [wsgi:error] [pid 9:tid 139786671969984] [remote 10.0.0.221:49802] 2026-05-11 10:59:54.431 9 WARNING keystone.common.password_hashing [None req-b9e39fce-ee75-4175-a247-4c7dc12c9e2d - - - - - -] Truncating password to algorithm specific maximum length 72 characters.
[Mon May 11 10:59:54.702030 2026] [wsgi:error] [pid 9:tid 139786671969984] [remote 10.0.0.221:49802] 2026-05-11 10:59:54.701 9 WARNING keystone.common.fernet_utils [None req-b9e39fce-ee75-4175-a247-4c7dc12c9e2d - - - - - -] key_repository is world readable: /etc/keystone/fernet-keys/ 10.0.0.221 - - [11/May/2026:10:59:54 +0000] "POST /v3/auth/tokens HTTP/1.1" 201 1359 10.0.0.221 - - [11/May/2026:10:59:54 +0000] "GET / HTTP/1.1" 300 280 10.0.0.221 - - [11/May/2026:10:59:54 +0000] "GET /v3/OS-FEDERATION/identity_providers/atmosphere HTTP/1.1" 404 101 10.0.0.221 - - [11/May/2026:10:59:54 +0000] "GET /v3/OS-FEDERATION/identity_providers HTTP/1.1" 200 155 10.0.0.221 - - [11/May/2026:10:59:54 +0000] "PUT /v3/OS-FEDERATION/identity_providers/atmosphere HTTP/1.1" 201 340 10.0.0.221 - - [11/May/2026:10:59:55 +0000] "GET /v3 HTTP/1.1" 200 265
[Mon May 11 10:59:55.559365 2026] [wsgi:error] [pid 12:tid 139786671969984] [remote 10.0.0.221:41882] 2026-05-11 10:59:55.559 12 WARNING keystone.common.password_hashing [None req-3c255bdf-b82d-4a48-b0f1-4e82eb4a44c7 - - - - - -] Truncating password to algorithm specific maximum length 72 characters.
[Mon May 11 10:59:55.831436 2026] [wsgi:error] [pid 12:tid 139786671969984] [remote 10.0.0.221:41882] 2026-05-11 10:59:55.831 12 WARNING keystone.common.fernet_utils [None req-3c255bdf-b82d-4a48-b0f1-4e82eb4a44c7 - - - - - -] key_repository is world readable: /etc/keystone/fernet-keys/ 10.0.0.221 - - [11/May/2026:10:59:55 +0000] "POST /v3/auth/tokens HTTP/1.1" 201 1359 10.0.0.221 - - [11/May/2026:10:59:55 +0000] "GET / HTTP/1.1" 300 280 10.0.0.221 - - [11/May/2026:10:59:55 +0000] "GET /v3/OS-FEDERATION/mappings/atmosphere-openid HTTP/1.1" 404 98 10.0.0.221 - - [11/May/2026:10:59:55 +0000] "GET /v3/OS-FEDERATION/mappings HTTP/1.1" 200 135 10.0.0.221 - - [11/May/2026:10:59:55 +0000] "PUT /v3/OS-FEDERATION/mappings/atmosphere-openid HTTP/1.1" 201 356 10.0.0.221 - - [11/May/2026:10:59:56 +0000] "GET /v3 HTTP/1.1" 200 265
[Mon May 11 10:59:56.660915 2026] [wsgi:error] [pid 9:tid 139786671969984] [remote 10.0.0.221:41882] 2026-05-11 10:59:56.660 9 WARNING keystone.common.password_hashing [None req-4ad0cbd5-4324-4bfd-97a5-689dcb681be7 - - - - - -] Truncating password to algorithm specific maximum length 72 characters.
[Mon May 11 10:59:56.929543 2026] [wsgi:error] [pid 9:tid 139786671969984] [remote 10.0.0.221:41882] 2026-05-11 10:59:56.929 9 WARNING keystone.common.fernet_utils [None req-4ad0cbd5-4324-4bfd-97a5-689dcb681be7 - - - - - -] key_repository is world readable: /etc/keystone/fernet-keys/ 10.0.0.221 - - [11/May/2026:10:59:56 +0000] "POST /v3/auth/tokens HTTP/1.1" 201 1359 10.0.0.221 - - [11/May/2026:10:59:56 +0000] "GET / HTTP/1.1" 300 280 10.0.0.221 - - [11/May/2026:10:59:56 +0000] "GET /v3/OS-FEDERATION/identity_providers/atmosphere/protocols/openid?idp_id=atmosphere HTTP/1.1" 404 131 10.0.0.221 - - [11/May/2026:10:59:56 +0000] "GET /v3/OS-FEDERATION/identity_providers/atmosphere/protocols HTTP/1.1" 200 167 10.0.0.221 - - [11/May/2026:10:59:56 +0000] "PUT /v3/OS-FEDERATION/identity_providers/atmosphere/protocols/openid HTTP/1.1" 201 222 10.0.0.221 - - [11/May/2026:11:00:04 +0000] "GET /v3/ HTTP/1.1" 200 250 10.0.0.221 - - [11/May/2026:11:00:04 +0000] "GET /v3/ HTTP/1.1" 200 250 10.0.0.221 - - [11/May/2026:11:01:04 +0000] "GET /v3/ HTTP/1.1" 200 250 10.0.0.221 - - [11/May/2026:11:01:04 +0000] "GET /v3/ HTTP/1.1" 200 250 10.0.0.140 - - [11/May/2026:11:02:01 +0000] "GET / HTTP/1.1" 300 295
[Mon May 11 11:02:01.245249 2026] [wsgi:error] [pid 10:tid 139786671969984] [remote 10.0.0.140:36216] 2026-05-11 11:02:01.245 10 WARNING keystone.common.password_hashing [None req-6d5889c7-f305-474f-bd8b-13a3238d8554 - - - - - -] Truncating password to algorithm specific maximum length 72 characters.
[Mon May 11 11:02:01.527595 2026] [wsgi:error] [pid 10:tid 139786671969984] [remote 10.0.0.140:36216] 2026-05-11 11:02:01.527 10 WARNING keystone.common.fernet_utils [None req-6d5889c7-f305-474f-bd8b-13a3238d8554 - - - - - -] key_repository is world readable: /etc/keystone/fernet-keys/ 10.0.0.140 - - [11/May/2026:11:02:01 +0000] "POST /v3/auth/tokens HTTP/1.1" 201 1359 10.0.0.140 - - [11/May/2026:11:02:01 +0000] "GET /v3/services HTTP/1.1" 200 355 10.0.0.221 - - [11/May/2026:11:02:04 +0000] "GET /v3/ HTTP/1.1" 200 250 10.0.0.221 - - [11/May/2026:11:02:04 +0000] "GET /v3/ HTTP/1.1" 200 250 10.0.0.140 - - [11/May/2026:11:02:04 +0000] "GET / HTTP/1.1" 300 295
[Mon May 11 11:02:04.938587 2026] [wsgi:error] [pid 9:tid 139786671969984] [remote 10.0.0.140:45326] 2026-05-11 11:02:04.938 9 WARNING keystone.common.password_hashing [None req-af96160b-9e9d-4626-b9d6-591e3ba2f55b - - - - - -] Truncating password to algorithm specific maximum length 72 characters.
[Mon May 11 11:02:05.204564 2026] [wsgi:error] [pid 9:tid 139786671969984] [remote 10.0.0.140:45326] 2026-05-11 11:02:05.204 9 WARNING keystone.common.fernet_utils [None req-af96160b-9e9d-4626-b9d6-591e3ba2f55b - - - - - -] key_repository is world readable: /etc/keystone/fernet-keys/ 10.0.0.140 - - [11/May/2026:11:02:04 +0000] "POST /v3/auth/tokens HTTP/1.1" 201 1359 10.0.0.140 - - [11/May/2026:11:02:05 +0000] "GET /v3/services HTTP/1.1" 200 355 10.0.0.140 - - [11/May/2026:11:02:08 +0000] "GET / HTTP/1.1" 300 295
[Mon May 11 11:02:08.610431 2026] [wsgi:error] [pid 10:tid 139786671969984] [remote 10.0.0.140:45340] 2026-05-11 11:02:08.610 10 WARNING keystone.common.password_hashing [None req-34da040e-6299-4989-86d0-f94cd5b4e8bf - - - - - -] Truncating password to algorithm specific maximum length 72 characters.
[Mon May 11 11:02:08.876419 2026] [wsgi:error] [pid 10:tid 139786671969984] [remote 10.0.0.140:45340] 2026-05-11 11:02:08.876 10 WARNING keystone.common.fernet_utils [None req-34da040e-6299-4989-86d0-f94cd5b4e8bf - - - - - -] key_repository is world readable: /etc/keystone/fernet-keys/ 10.0.0.140 - - [11/May/2026:11:02:08 +0000] "POST /v3/auth/tokens HTTP/1.1" 201 1359 10.0.0.140 - - [11/May/2026:11:02:08 +0000] "GET /v3/services HTTP/1.1" 200 355 10.0.0.140 - - [11/May/2026:11:02:12 +0000] "GET / HTTP/1.1" 300 295
[Mon May 11 11:02:12.277571 2026] [wsgi:error] [pid 11:tid 139786671969984] [remote 10.0.0.140:45350] 2026-05-11 11:02:12.276 11 WARNING keystone.common.password_hashing [None req-8a39f3d4-4a75-4004-b217-8ef6d3e26998 - - - - - -] Truncating password to algorithm specific maximum length 72 characters.
[Mon May 11 11:02:12.552886 2026] [wsgi:error] [pid 11:tid 139786671969984] [remote 10.0.0.140:45350] 2026-05-11 11:02:12.552 11 WARNING keystone.common.fernet_utils [None req-8a39f3d4-4a75-4004-b217-8ef6d3e26998 - - - - - -] key_repository is world readable: /etc/keystone/fernet-keys/ 10.0.0.140 - - [11/May/2026:11:02:12 +0000] "POST /v3/auth/tokens HTTP/1.1" 201 1359 10.0.0.140 - - [11/May/2026:11:02:12 +0000] "POST /v3/services HTTP/1.1" 201 296 10.0.0.177 - - [11/May/2026:11:02:23 +0000] "GET / HTTP/1.1" 300 295
[Mon May 11 11:02:23.520011 2026] [wsgi:error] [pid 9:tid 139786671969984] [remote 10.0.0.177:40168] 2026-05-11 11:02:23.519 9 WARNING keystone.common.password_hashing [None req-4d1adc86-b7e6-4f71-88f9-0f8f822f70fa - - - - - -] Truncating password to algorithm specific maximum length 72 characters. 10.0.0.177 - - [11/May/2026:11:02:23 +0000] "GET / HTTP/1.1" 300 295
[Mon May 11 11:02:23.634488 2026] [wsgi:error] [pid 12:tid 139786671969984] [remote 10.0.0.177:40170] 2026-05-11 11:02:23.634 12 WARNING keystone.common.password_hashing [None req-9729964f-a42f-43d9-8c5b-d90d2e2a79fa - - - - - -] Truncating password to algorithm specific maximum length 72 characters. 10.0.0.177 - - [11/May/2026:11:02:23 +0000] "GET / HTTP/1.1" 300 295
[Mon May 11 11:02:23.695174 2026] [wsgi:error] [pid 11:tid 139786671969984] [remote 10.0.0.177:40182] 2026-05-11 11:02:23.694 11 WARNING keystone.common.password_hashing [None req-91bd2094-52ba-4daa-9365-c35e242ef6a8 - - - - - -] Truncating password to algorithm specific maximum length 72 characters.
[Mon May 11 11:02:23.800985 2026] [wsgi:error] [pid 9:tid 139786671969984] [remote 10.0.0.177:40168] 2026-05-11 11:02:23.800 9 WARNING keystone.common.fernet_utils [None req-4d1adc86-b7e6-4f71-88f9-0f8f822f70fa - - - - - -] key_repository is world readable: /etc/keystone/fernet-keys/ 10.0.0.177 - - [11/May/2026:11:02:23 +0000] "POST /v3/auth/tokens HTTP/1.1" 201 1463
[Mon May 11 11:02:23.912181 2026] [wsgi:error] [pid 12:tid 139786671969984] [remote 10.0.0.177:40170] 2026-05-11 11:02:23.912 12 WARNING keystone.common.fernet_utils [None req-9729964f-a42f-43d9-8c5b-d90d2e2a79fa - - - - - -] key_repository is world readable: /etc/keystone/fernet-keys/ 10.0.0.177 - - [11/May/2026:11:02:23 +0000] "POST /v3/auth/tokens HTTP/1.1" 201 1463 10.0.0.177 - - [11/May/2026:11:02:23 +0000] "GET /v3/services HTTP/1.1" 200 639
[Mon May 11 11:02:23.979098 2026] [wsgi:error] [pid 11:tid 139786671969984] [remote 10.0.0.177:40182] 2026-05-11 11:02:23.978 11 WARNING keystone.common.fernet_utils [None req-91bd2094-52ba-4daa-9365-c35e242ef6a8 - - - - - -] key_repository is world readable: /etc/keystone/fernet-keys/ 10.0.0.177 - - [11/May/2026:11:02:23 +0000] "POST /v3/auth/tokens HTTP/1.1" 201 1463 10.0.0.177 - - [11/May/2026:11:02:24 +0000] "GET /v3/services HTTP/1.1" 200 639 10.0.0.177 - - [11/May/2026:11:02:24 +0000] "GET /v3/services HTTP/1.1" 200 639 10.0.0.177 - - [11/May/2026:11:02:25 +0000] "GET / HTTP/1.1" 300 295
[Mon May 11 11:02:25.372860 2026] [wsgi:error] [pid 11:tid 139786671969984] [remote 10.0.0.177:40186] 2026-05-11 11:02:25.372 11 WARNING keystone.common.password_hashing [None req-66aaaf0f-e91b-4d9b-894a-082c7ea7c393 - - - - - -] Truncating password to algorithm specific maximum length 72 characters. 10.0.0.177 - - [11/May/2026:11:02:25 +0000] "GET / HTTP/1.1" 300 295
[Mon May 11 11:02:25.396640 2026] [wsgi:error] [pid 12:tid 139786671969984] [remote 10.0.0.177:40190] 2026-05-11 11:02:25.396 12 WARNING keystone.common.password_hashing [None req-ee764403-2fd2-44f4-8fe7-537763b180d4 - - - - - -] Truncating password to algorithm specific maximum length 72 characters. 10.0.0.177 - - [11/May/2026:11:02:25 +0000] "GET / HTTP/1.1" 300 295
[Mon May 11 11:02:25.485227 2026] [wsgi:error] [pid 9:tid 139786671969984] [remote 10.0.0.177:40200] 2026-05-11 11:02:25.485 9 WARNING keystone.common.password_hashing [None req-d4abd102-401c-411f-bd7b-f058b4252a72 - - - - - -] Truncating password to algorithm specific maximum length 72 characters.
[Mon May 11 11:02:25.640676 2026] [wsgi:error] [pid 11:tid 139786671969984] [remote 10.0.0.177:40186] 2026-05-11 11:02:25.640 11 WARNING keystone.common.fernet_utils [None req-66aaaf0f-e91b-4d9b-894a-082c7ea7c393 - - - - - -] key_repository is world readable: /etc/keystone/fernet-keys/ 10.0.0.177 - - [11/May/2026:11:02:25 +0000] "POST /v3/auth/tokens HTTP/1.1" 201 1463
[Mon May 11 11:02:25.672624 2026] [wsgi:error] [pid 12:tid 139786671969984] [remote 10.0.0.177:40190] 2026-05-11 11:02:25.672 12 WARNING keystone.common.fernet_utils [None req-ee764403-2fd2-44f4-8fe7-537763b180d4 - - - - - -] key_repository is world readable: /etc/keystone/fernet-keys/ 10.0.0.177 - - [11/May/2026:11:02:25 +0000] "POST /v3/auth/tokens HTTP/1.1" 201 1463
[Mon May 11 11:02:25.752941 2026] [wsgi:error] [pid 9:tid 139786671969984] [remote 10.0.0.177:40200] 2026-05-11 11:02:25.752 9 WARNING keystone.common.fernet_utils [None req-d4abd102-401c-411f-bd7b-f058b4252a72 - - - - - -] key_repository is world readable: /etc/keystone/fernet-keys/ 10.0.0.177 - - [11/May/2026:11:02:25 +0000] "GET /v3/endpoints HTTP/1.1" 200 1226 10.0.0.177 - - [11/May/2026:11:02:25 +0000] "POST /v3/auth/tokens HTTP/1.1" 201 1463 10.0.0.177 - - [11/May/2026:11:02:25 +0000] "GET /v3/services/59c77d28adce43528014c3a3e0b5035f HTTP/1.1" 200 233 10.0.0.177 - - [11/May/2026:11:02:25 +0000] "GET /v3/services/59c77d28adce43528014c3a3e0b5035f HTTP/1.1" 200 233 10.0.0.177 - - [11/May/2026:11:02:25 +0000] "GET /v3/endpoints HTTP/1.1" 200 1226 10.0.0.177 - - [11/May/2026:11:02:25 +0000] "GET /v3/services/59c77d28adce43528014c3a3e0b5035f HTTP/1.1" 200 233 10.0.0.177 - - [11/May/2026:11:02:25 +0000] "GET /v3/services/59c77d28adce43528014c3a3e0b5035f HTTP/1.1" 200 233 10.0.0.177 - - [11/May/2026:11:02:25 +0000] "GET /v3/services/59c77d28adce43528014c3a3e0b5035f HTTP/1.1" 200 233 10.0.0.177 - - [11/May/2026:11:02:25 +0000] "GET /v3/services/59c77d28adce43528014c3a3e0b5035f HTTP/1.1" 200 233 10.0.0.177 - - [11/May/2026:11:02:25 +0000] "GET /v3/endpoints HTTP/1.1" 200 1226 10.0.0.177 - - [11/May/2026:11:02:25 +0000] "GET /v3/services/59c77d28adce43528014c3a3e0b5035f HTTP/1.1" 200 233 10.0.0.177 - - [11/May/2026:11:02:25 +0000] "GET /v3/services/59c77d28adce43528014c3a3e0b5035f HTTP/1.1" 200 233 10.0.0.177 - - [11/May/2026:11:02:25 +0000] "GET /v3/services/59c77d28adce43528014c3a3e0b5035f HTTP/1.1" 200 233 10.0.0.177 - - [11/May/2026:11:02:27 +0000] "GET / HTTP/1.1" 300 295
[Mon May 11 11:02:27.075102 2026] [wsgi:error] [pid 9:tid 139786671969984] [remote 10.0.0.177:40202] 2026-05-11 11:02:27.074 9 WARNING keystone.common.password_hashing [None req-94e741c2-dc4b-4b17-8d70-f31ec64d1ecf - - - - - -] Truncating password to algorithm specific maximum length 72 characters. 10.0.0.177 - - [11/May/2026:11:02:27 +0000] "GET / HTTP/1.1" 300 295
[Mon May 11 11:02:27.124934 2026] [wsgi:error] [pid 12:tid 139786671969984] [remote 10.0.0.177:40204] 2026-05-11 11:02:27.124 12 WARNING keystone.common.password_hashing [None req-c4139ee8-1926-46fb-ac8e-3c6a10371353 - - - - - -] Truncating password to algorithm specific maximum length 72 characters. 10.0.0.177 - - [11/May/2026:11:02:27 +0000] "GET / HTTP/1.1" 300 295
[Mon May 11 11:02:27.189370 2026] [wsgi:error] [pid 11:tid 139786671969984] [remote 10.0.0.177:40206] 2026-05-11 11:02:27.189 11 WARNING keystone.common.password_hashing [None req-7c82fdfb-8e64-4a3f-9f6f-a98a57c7bd44 - - - - - -] Truncating password to algorithm specific maximum length 72 characters.
[Mon May 11 11:02:27.346462 2026] [wsgi:error] [pid 9:tid 139786671969984] [remote 10.0.0.177:40202] 2026-05-11 11:02:27.346 9 WARNING keystone.common.fernet_utils [None req-94e741c2-dc4b-4b17-8d70-f31ec64d1ecf - - - - - -] key_repository is world readable: /etc/keystone/fernet-keys/ 10.0.0.177 - - [11/May/2026:11:02:27 +0000] "POST /v3/auth/tokens HTTP/1.1" 201 1463
[Mon May 11 11:02:27.395859 2026] [wsgi:error] [pid 12:tid 139786671969984] [remote 10.0.0.177:40204] 2026-05-11 11:02:27.395 12 WARNING keystone.common.fernet_utils [None req-c4139ee8-1926-46fb-ac8e-3c6a10371353 - - - - - -] key_repository is world readable: /etc/keystone/fernet-keys/ 10.0.0.177 - - [11/May/2026:11:02:27 +0000] "POST /v3/auth/tokens HTTP/1.1" 201 1463
[Mon May 11 11:02:27.466445 2026] [wsgi:error] [pid 11:tid 139786671969984] [remote 10.0.0.177:40206] 2026-05-11 11:02:27.466 11 WARNING keystone.common.fernet_utils [None req-7c82fdfb-8e64-4a3f-9f6f-a98a57c7bd44 - - - - - -] key_repository is world readable: /etc/keystone/fernet-keys/ 10.0.0.177 - - [11/May/2026:11:02:27 +0000] "GET /v3/services/1423877473644e7e86e44eb27c80cde2 HTTP/1.1" 200 296 10.0.0.177 - - [11/May/2026:11:02:27 +0000] "POST /v3/auth/tokens HTTP/1.1" 201 1463 10.0.0.177 - - [11/May/2026:11:02:27 +0000] "GET /v3/regions/RegionOne HTTP/1.1" 200 173 10.0.0.177 - - [11/May/2026:11:02:27 +0000] "POST /v3/endpoints HTTP/1.1" 201 383 10.0.0.177 - - [11/May/2026:11:02:27 +0000] "GET /v3/services/1423877473644e7e86e44eb27c80cde2 HTTP/1.1" 200 296 10.0.0.177 - - [11/May/2026:11:02:27 +0000] "GET /v3/regions/RegionOne HTTP/1.1" 200 173 10.0.0.177 - - [11/May/2026:11:02:27 +0000] "GET /v3/services/1423877473644e7e86e44eb27c80cde2 HTTP/1.1" 200 296 10.0.0.177 - - [11/May/2026:11:02:27 +0000] "GET /v3/regions/RegionOne HTTP/1.1" 200 173 10.0.0.177 - - [11/May/2026:11:02:27 +0000] "POST /v3/endpoints HTTP/1.1" 201 369 10.0.0.177 - - [11/May/2026:11:02:27 +0000] "POST /v3/endpoints HTTP/1.1" 201 380 10.0.0.177 - - [11/May/2026:11:02:28 +0000] "GET / HTTP/1.1" 300 295
[Mon May 11 11:02:28.839984 2026] [wsgi:error] [pid 10:tid 139786671969984] [remote 10.0.0.177:40216] 2026-05-11 11:02:28.839 10 WARNING keystone.common.password_hashing [None req-c60fff95-184d-4fd0-b394-9934ff16fbac - - - - - -] Truncating password to algorithm specific maximum length 72 characters. 10.0.0.177 - - [11/May/2026:11:02:28 +0000] "GET / HTTP/1.1" 300 295
[Mon May 11 11:02:28.876248 2026] [wsgi:error] [pid 11:tid 139786671969984] [remote 10.0.0.177:40222] 2026-05-11 11:02:28.876 11 WARNING keystone.common.password_hashing [None req-476b2d78-a195-45cd-95aa-4abf75becbb3 - - - - - -] Truncating password to algorithm specific maximum length 72 characters. 10.0.0.177 - - [11/May/2026:11:02:28 +0000] "GET / HTTP/1.1" 300 295
[Mon May 11 11:02:28.955787 2026] [wsgi:error] [pid 12:tid 139786671969984] [remote 10.0.0.177:40224] 2026-05-11 11:02:28.955 12 WARNING keystone.common.password_hashing [None req-3c804336-920a-45fa-a8e0-d5637ce92cfd - - - - - -] Truncating password to algorithm specific maximum length 72 characters.
[Mon May 11 11:02:29.125370 2026] [wsgi:error] [pid 10:tid 139786671969984] [remote 10.0.0.177:40216] 2026-05-11 11:02:29.125 10 WARNING keystone.common.fernet_utils [None req-c60fff95-184d-4fd0-b394-9934ff16fbac - - - - - -] key_repository is world readable: /etc/keystone/fernet-keys/ 10.0.0.177 - - [11/May/2026:11:02:28 +0000] "POST /v3/auth/tokens HTTP/1.1" 201 1990
[Mon May 11 11:02:29.157187 2026] [wsgi:error] [pid 11:tid 139786671969984] [remote 10.0.0.177:40222] 2026-05-11 11:02:29.157 11 WARNING keystone.common.fernet_utils [None req-476b2d78-a195-45cd-95aa-4abf75becbb3 - - - - - -] key_repository is world readable: /etc/keystone/fernet-keys/ 10.0.0.177 - - [11/May/2026:11:02:28 +0000] "POST /v3/auth/tokens HTTP/1.1" 201 1990
[Mon May 11 11:02:29.227839 2026] [wsgi:error] [pid 12:tid 139786671969984] [remote 10.0.0.177:40224] 2026-05-11 11:02:29.227 12 WARNING keystone.common.fernet_utils [None req-3c804336-920a-45fa-a8e0-d5637ce92cfd - - - - - -] key_repository is world readable: /etc/keystone/fernet-keys/ 10.0.0.177 - - [11/May/2026:11:02:28 +0000] "POST /v3/auth/tokens HTTP/1.1" 201 1990 10.0.0.177 - - [11/May/2026:11:02:29 +0000] "GET /v3/endpoints/aa1205218c6242de864fbc9b757a2895 HTTP/1.1" 200 383 10.0.0.177 - - [11/May/2026:11:02:29 +0000] "GET /v3/services/1423877473644e7e86e44eb27c80cde2 HTTP/1.1" 200 296 10.0.0.177 - - [11/May/2026:11:02:29 +0000] "GET /v3/endpoints/e454c69cd22847e484f0e19c072e3b6f HTTP/1.1" 200 369 10.0.0.177 - - [11/May/2026:11:02:29 +0000] "GET /v3/services/1423877473644e7e86e44eb27c80cde2 HTTP/1.1" 200 296 10.0.0.177 - - [11/May/2026:11:02:29 +0000] "GET /v3/endpoints/b08d56c46b264257ad09f4a5276c94e0 HTTP/1.1" 200 380 10.0.0.177 - - [11/May/2026:11:02:29 +0000] "GET /v3/services/1423877473644e7e86e44eb27c80cde2 HTTP/1.1" 200 296 10.0.0.72 - - [11/May/2026:11:02:39 +0000] "GET / HTTP/1.1" 300 295
[Mon May 11 11:02:39.604595 2026] [wsgi:error] [pid 12:tid 139786671969984] [remote 10.0.0.72:43436] 2026-05-11 11:02:39.604 12 WARNING keystone.common.password_hashing [None req-1e442b9b-5c80-4fb9-8429-27adaa7d347f - - - - - -] Truncating password to algorithm specific maximum length 72 characters.
[Mon May 11 11:02:39.887484 2026] [wsgi:error] [pid 12:tid 139786671969984] [remote 10.0.0.72:43436] 2026-05-11 11:02:39.887 12 WARNING keystone.common.fernet_utils [None req-1e442b9b-5c80-4fb9-8429-27adaa7d347f - - - - - -] key_repository is world readable: /etc/keystone/fernet-keys/ 10.0.0.72 - - [11/May/2026:11:02:39 +0000] "POST /v3/auth/tokens HTTP/1.1" 201 1990 10.0.0.72 - - [11/May/2026:11:02:39 +0000] "POST /v3/domains HTTP/1.1" 201 284 10.0.0.72 - - [11/May/2026:11:02:41 +0000] "GET / HTTP/1.1" 300 295
[Mon May 11 11:02:41.330047 2026] [wsgi:error] [pid 11:tid 139786671969984] [remote 10.0.0.72:43452] 2026-05-11 11:02:41.329 11 WARNING keystone.common.password_hashing [None req-a78f764e-f57b-4e3f-b6a1-d74dbb02ebb6 - - - - - -] Truncating password to algorithm specific maximum length 72 characters.
[Mon May 11 11:02:41.597030 2026] [wsgi:error] [pid 11:tid 139786671969984] [remote 10.0.0.72:43452] 2026-05-11 11:02:41.596 11 WARNING keystone.common.fernet_utils [None req-a78f764e-f57b-4e3f-b6a1-d74dbb02ebb6 - - - - - -] key_repository is world readable: /etc/keystone/fernet-keys/ 10.0.0.72 - - [11/May/2026:11:02:41 +0000] "POST /v3/auth/tokens HTTP/1.1" 201 1990
[Mon May 11 11:02:41.789123 2026] [wsgi:error] [pid 12:tid 139786671969984] [remote 10.0.0.72:43452] 2026-05-11 11:02:41.777 12 ERROR keystone.server.flask.application [None req-bfe7fffa-15cd-4b8b-b513-ac434950747c f5f0fd02c94844be8022129538bfef28 8f7a330b13e044d08e3abeea40cb8693 - - default default] Conflict occurred attempting to store project - it is not permitted to have two projects acting as domains with the same name: service.: keystone.exception.Conflict: Conflict occurred attempting to store project - it is not permitted to have two projects acting as domains with the same name: service.
[Mon May 11 11:02:41.789144 2026] [wsgi:error] [pid 12:tid 139786671969984] [remote 10.0.0.72:43452] 2026-05-11 11:02:41.777 12 ERROR keystone.server.flask.application
Traceback (most recent call last):
[Mon May 11 11:02:41.789146 2026] [wsgi:error] [pid 12:tid 139786671969984] [remote 10.0.0.72:43452] 2026-05-11 11:02:41.777 12 ERROR keystone.server.flask.application
File "/var/lib/openstack/lib/python3.12/site-packages/sqlalchemy/engine/base.py", line 1967, in _exec_single_context
[Mon May 11 11:02:41.789147 2026] [wsgi:error] [pid 12:tid 139786671969984] [remote 10.0.0.72:43452] 2026-05-11 11:02:41.777 12 ERROR keystone.server.flask.application self.dialect.do_execute(
[Mon May 11 11:02:41.789149 2026] [wsgi:error] [pid 12:tid 139786671969984] [remote 10.0.0.72:43452] 2026-05-11 11:02:41.777 12 ERROR keystone.server.flask.application
File "/var/lib/openstack/lib/python3.12/site-packages/sqlalchemy/engine/default.py", line 952, in do_execute
[Mon May 11 11:02:41.789151 2026] [wsgi:error] [pid 12:tid 139786671969984] [remote 10.0.0.72:43452] 2026-05-11 11:02:41.777 12 ERROR keystone.server.flask.application cursor.execute(statement, parameters)
[Mon May 11 11:02:41.789152 2026] [wsgi:error] [pid 12:tid 139786671969984] [remote 10.0.0.72:43452] 2026-05-11 11:02:41.777 12 ERROR keystone.server.flask.application
File "/var/lib/openstack/lib/python3.12/site-packages/pymysql/cursors.py", line 157, in execute
[Mon May 11 11:02:41.789154 2026] [wsgi:error] [pid 12:tid 139786671969984] [remote 10.0.0.72:43452] 2026-05-11 11:02:41.777 12 ERROR keystone.server.flask.application result = self._query(query)
[Mon May 11 11:02:41.789155 2026] [wsgi:error] [pid 12:tid 139786671969984] [remote 10.0.0.72:43452] 2026-05-11 11:02:41.777 12 ERROR keystone.server.flask.application ^^^^^^^^^^^^^^^^^^
[Mon May 11 11:02:41.789156 2026] [wsgi:error] [pid 12:tid 139786671969984] [remote 10.0.0.72:43452] 2026-05-11 11:02:41.777 12 ERROR keystone.server.flask.application
File "/var/lib/openstack/lib/python3.12/site-packages/pymysql/cursors.py", line 328, in _query
[Mon May 11 11:02:41.789158 2026] [wsgi:error] [pid 12:tid 139786671969984] [remote 10.0.0.72:43452] 2026-05-11 11:02:41.777 12 ERROR keystone.server.flask.application conn.query(q)
[Mon May 11 11:02:41.789159 2026] [wsgi:error] [pid 12:tid 139786671969984] [remote 10.0.0.72:43452] 2026-05-11 11:02:41.777 12 ERROR keystone.server.flask.application
File "/var/lib/openstack/lib/python3.12/site-packages/pymysql/connections.py", line 575, in query
[Mon May 11 11:02:41.789160 2026] [wsgi:error] [pid 12:tid 139786671969984] [remote 10.0.0.72:43452] 2026-05-11 11:02:41.777 12 ERROR keystone.server.flask.application self._affected_rows = self._read_query_result(unbuffered=unbuffered)
[Mon May 11 11:02:41.789162 2026] [wsgi:error] [pid 12:tid 139786671969984] [remote 10.0.0.72:43452] 2026-05-11 11:02:41.777 12 ERROR keystone.server.flask.application ^^^^^^^^^^^^^^^^^^^^^^^^^^^^^^^^^^^^^^^^^^^^^^
[Mon May 11 11:02:41.789164 2026] [wsgi:error] [pid 12:tid 139786671969984] [remote 10.0.0.72:43452] 2026-05-11 11:02:41.777 12 ERROR keystone.server.flask.application
File "/var/lib/openstack/lib/python3.12/site-packages/pymysql/connections.py", line 826, in _read_query_result
[Mon May 11 11:02:41.789165 2026] [wsgi:error] [pid 12:tid 139786671969984] [remote 10.0.0.72:43452] 2026-05-11 11:02:41.777 12 ERROR keystone.server.flask.application result.read()
[Mon May 11 11:02:41.789168 2026] [wsgi:error] [pid 12:tid 139786671969984] [remote 10.0.0.72:43452] 2026-05-11 11:02:41.777 12 ERROR keystone.server.flask.application
File "/var/lib/openstack/lib/python3.12/site-packages/pymysql/connections.py", line 1203, in read
[Mon May 11 11:02:41.789170 2026] [wsgi:error] [pid 12:tid 139786671969984] [remote 10.0.0.72:43452] 2026-05-11 11:02:41.777 12 ERROR keystone.server.flask.application first_packet = self.connection._read_packet()
[Mon May 11 11:02:41.789171 2026] [wsgi:error] [pid 12:tid 139786671969984] [remote 10.0.0.72:43452] 2026-05-11 11:02:41.777 12 ERROR keystone.server.flask.application ^^^^^^^^^^^^^^^^^^^^^^^^^^^^^^
[Mon May 11 11:02:41.789173 2026] [wsgi:error] [pid 12:tid 139786671969984] [remote 10.0.0.72:43452] 2026-05-11 11:02:41.777 12 ERROR keystone.server.flask.application
File "/var/lib/openstack/lib/python3.12/site-packages/pymysql/connections.py", line 782, in _read_packet
[Mon May 11 11:02:41.789174 2026] [wsgi:error] [pid 12:tid 139786671969984] [remote 10.0.0.72:43452] 2026-05-11 11:02:41.777 12 ERROR keystone.server.flask.application packet.raise_for_error()
[Mon May 11 11:02:41.789175 2026] [wsgi:error] [pid 12:tid 139786671969984] [remote 10.0.0.72:43452] 2026-05-11 11:02:41.777 12 ERROR keystone.server.flask.application
File "/var/lib/openstack/lib/python3.12/site-packages/pymysql/protocol.py", line 219, in raise_for_error
[Mon May 11 11:02:41.789177 2026] [wsgi:error] [pid 12:tid 139786671969984] [remote 10.0.0.72:43452] 2026-05-11 11:02:41.777 12 ERROR keystone.server.flask.application err.raise_mysql_exception(self._data)
[Mon May 11 11:02:41.789178 2026] [wsgi:error] [pid 12:tid 139786671969984] [remote 10.0.0.72:43452] 2026-05-11 11:02:41.777 12 ERROR keystone.server.flask.application
File "/var/lib/openstack/lib/python3.12/site-packages/pymysql/err.py", line 150, in raise_mysql_exception
[Mon May 11 11:02:41.789179 2026] [wsgi:error] [pid 12:tid 139786671969984] [remote 10.0.0.72:43452] 2026-05-11 11:02:41.777 12 ERROR keystone.server.flask.application raise errorclass(errno, errval)
[Mon May 11 11:02:41.789181 2026] [wsgi:error] [pid 12:tid 139786671969984] [remote 10.0.0.72:43452] 2026-05-11 11:02:41.777 12 ERROR keystone.server.flask.application pymysql.err.IntegrityError: (1062, "Duplicate entry '<>-service' for key 'project.ixu_project_name_domain_id'")
[Mon May 11 11:02:41.789182 2026] [wsgi:error] [pid 12:tid 139786671969984] [remote 10.0.0.72:43452] 2026-05-11 11:02:41.777 12 ERROR keystone.server.flask.application
[Mon May 11 11:02:41.789184 2026] [wsgi:error] [pid 12:tid 139786671969984] [remote 10.0.0.72:43452] 2026-05-11 11:02:41.777 12 ERROR keystone.server.flask.application The above exception was the direct cause of the following exception:
[Mon May 11 11:02:41.789185 2026] [wsgi:error] [pid 12:tid 139786671969984] [remote 10.0.0.72:43452] 2026-05-11 11:02:41.777 12 ERROR keystone.server.flask.application
[Mon May 11 11:02:41.789186 2026] [wsgi:error] [pid 12:tid 139786671969984] [remote 10.0.0.72:43452] 2026-05-11 11:02:41.777 12 ERROR keystone.server.flask.application
Traceback (most recent call last):
[Mon May 11 11:02:41.789188 2026] [wsgi:error] [pid 12:tid 139786671969984] [remote 10.0.0.72:43452] 2026-05-11 11:02:41.777 12 ERROR keystone.server.flask.application
File "/var/lib/openstack/lib/python3.12/site-packages/keystone/common/sql/core.py", line 575, in wrapper
[Mon May 11 11:02:41.789189 2026] [wsgi:error] [pid 12:tid 139786671969984] [remote 10.0.0.72:43452] 2026-05-11 11:02:41.777 12 ERROR keystone.server.flask.application return method(*args, **kwargs)
[Mon May 11 11:02:41.789198 2026] [wsgi:error] [pid 12:tid 139786671969984] [remote 10.0.0.72:43452] 2026-05-11 11:02:41.777 12 ERROR keystone.server.flask.application ^^^^^^^^^^^^^^^^^^^^^^^
[Mon May 11 11:02:41.789199 2026] [wsgi:error] [pid 12:tid 139786671969984] [remote 10.0.0.72:43452] 2026-05-11 11:02:41.777 12 ERROR keystone.server.flask.application
File "/var/lib/openstack/lib/python3.12/site-packages/keystone/resource/backends/sql.py", line 278, in create_project
[Mon May 11 11:02:41.789201 2026] [wsgi:error] [pid 12:tid 139786671969984] [remote 10.0.0.72:43452] 2026-05-11 11:02:41.777 12 ERROR keystone.server.flask.application with sql.session_for_write() as session:
[Mon May 11 11:02:41.789202 2026] [wsgi:error] [pid 12:tid 139786671969984] [remote 10.0.0.72:43452] 2026-05-11 11:02:41.777 12 ERROR keystone.server.flask.application
File "/usr/lib/python3.12/contextlib.py", line 144, in __exit__
[Mon May 11 11:02:41.789204 2026] [wsgi:error] [pid 12:tid 139786671969984] [remote 10.0.0.72:43452] 2026-05-11 11:02:41.777 12 ERROR keystone.server.flask.application next(self.gen)
[Mon May 11 11:02:41.789205 2026] [wsgi:error] [pid 12:tid 139786671969984] [remote 10.0.0.72:43452] 2026-05-11 11:02:41.777 12 ERROR keystone.server.flask.application
File "/var/lib/openstack/lib/python3.12/site-packages/oslo_db/sqlalchemy/enginefacade.py", line 1175, in _transaction_scope
[Mon May 11 11:02:41.789207 2026] [wsgi:error] [pid 12:tid 139786671969984] [remote 10.0.0.72:43452] 2026-05-11 11:02:41.777 12 ERROR keystone.server.flask.application with current._produce_block(
[Mon May 11 11:02:41.789208 2026] [wsgi:error] [pid 12:tid 139786671969984] [remote 10.0.0.72:43452] 2026-05-11 11:02:41.777 12 ERROR keystone.server.flask.application
File "/usr/lib/python3.12/contextlib.py", line 144, in __exit__
[Mon May 11 11:02:41.789210 2026] [wsgi:error] [pid 12:tid 139786671969984] [remote 10.0.0.72:43452] 2026-05-11 11:02:41.777 12 ERROR keystone.server.flask.application next(self.gen)
[Mon May 11 11:02:41.789211 2026] [wsgi:error] [pid 12:tid 139786671969984] [remote 10.0.0.72:43452] 2026-05-11 11:02:41.777 12 ERROR keystone.server.flask.application
File "/var/lib/openstack/lib/python3.12/site-packages/oslo_db/sqlalchemy/enginefacade.py", line 837, in _session
[Mon May 11 11:02:41.789213 2026] [wsgi:error] [pid 12:tid 139786671969984] [remote 10.0.0.72:43452] 2026-05-11 11:02:41.777 12 ERROR keystone.server.flask.application with excutils.save_and_reraise_exception():
[Mon May 11 11:02:41.789214 2026] [wsgi:error] [pid 12:tid 139786671969984] [remote 10.0.0.72:43452] 2026-05-11 11:02:41.777 12 ERROR keystone.server.flask.application
File "/var/lib/openstack/lib/python3.12/site-packages/oslo_utils/excutils.py", line 271, in __exit__
[Mon May 11 11:02:41.789216 2026] [wsgi:error] [pid 12:tid 139786671969984] [remote 10.0.0.72:43452] 2026-05-11 11:02:41.777 12 ERROR keystone.server.flask.application self.force_reraise()
[Mon May 11 11:02:41.789217 2026] [wsgi:error] [pid 12:tid 139786671969984] [remote 10.0.0.72:43452] 2026-05-11 11:02:41.777 12 ERROR keystone.server.flask.application
File "/var/lib/openstack/lib/python3.12/site-packages/oslo_utils/excutils.py", line 233, in force_reraise
[Mon May 11 11:02:41.789219 2026] [wsgi:error] [pid 12:tid 139786671969984] [remote 10.0.0.72:43452] 2026-05-11 11:02:41.777 12 ERROR keystone.server.flask.application raise self.value
[Mon May 11 11:02:41.789220 2026] [wsgi:error] [pid 12:tid 139786671969984] [remote 10.0.0.72:43452] 2026-05-11 11:02:41.777 12 ERROR keystone.server.flask.application
File "/var/lib/openstack/lib/python3.12/site-packages/oslo_db/sqlalchemy/enginefacade.py", line 835, in _session
[Mon May 11 11:02:41.789223 2026] [wsgi:error] [pid 12:tid 139786671969984] [remote 10.0.0.72:43452] 2026-05-11 11:02:41.777 12 ERROR keystone.server.flask.application self._end_session_transaction(self.session)
[Mon May 11 11:02:41.789224 2026] [wsgi:error] [pid 12:tid 139786671969984] [remote 10.0.0.72:43452] 2026-05-11 11:02:41.777 12 ERROR keystone.server.flask.application
File "/var/lib/openstack/lib/python3.12/site-packages/oslo_db/sqlalchemy/enginefacade.py", line 748, in _end_session_transaction
[Mon May 11 11:02:41.789226 2026] [wsgi:error] [pid 12:tid 139786671969984] [remote 10.0.0.72:43452] 2026-05-11 11:02:41.777 12 ERROR keystone.server.flask.application session.commit()
[Mon May 11 11:02:41.789228 2026] [wsgi:error] [pid 12:tid 139786671969984] [remote 10.0.0.72:43452] 2026-05-11 11:02:41.777 12 ERROR keystone.server.flask.application
File "/var/lib/openstack/lib/python3.12/site-packages/sqlalchemy/orm/session.py", line 2030, in commit
[Mon May 11 11:02:41.789230 2026] [wsgi:error] [pid 12:tid 139786671969984] [remote 10.0.0.72:43452] 2026-05-11 11:02:41.777 12 ERROR keystone.server.flask.application trans.commit(_to_root=True)
[Mon May 11 11:02:41.789231 2026] [wsgi:error] [pid 12:tid 139786671969984] [remote 10.0.0.72:43452] 2026-05-11 11:02:41.777 12 ERROR keystone.server.flask.application File "", line 2, in commit
[Mon May 11 11:02:41.789234 2026] [wsgi:error] [pid 12:tid 139786671969984] [remote 10.0.0.72:43452] 2026-05-11 11:02:41.777 12 ERROR keystone.server.flask.application
File "/var/lib/openstack/lib/python3.12/site-packages/sqlalchemy/orm/state_changes.py", line 137, in _go
[Mon May 11 11:02:41.789235 2026] [wsgi:error] [pid 12:tid 139786671969984] [remote 10.0.0.72:43452] 2026-05-11 11:02:41.777 12 ERROR keystone.server.flask.application ret_value = fn(self, *arg, **kw)
[Mon May 11 11:02:41.789238 2026] [wsgi:error] [pid 12:tid 139786671969984] [remote 10.0.0.72:43452] 2026-05-11 11:02:41.777 12 ERROR keystone.server.flask.application ^^^^^^^^^^^^^^^^^^^^
[Mon May 11 11:02:41.789239 2026] [wsgi:error] [pid 12:tid 139786671969984] [remote 10.0.0.72:43452] 2026-05-11 11:02:41.777 12 ERROR keystone.server.flask.application
File "/var/lib/openstack/lib/python3.12/site-packages/sqlalchemy/orm/session.py", line 1311, in commit
[Mon May 11 11:02:41.789241 2026] [wsgi:error] [pid 12:tid 139786671969984] [remote 10.0.0.72:43452] 2026-05-11 11:02:41.777 12 ERROR keystone.server.flask.application self._prepare_impl()
[Mon May 11 11:02:41.789242 2026] [wsgi:error] [pid 12:tid 139786671969984] [remote 10.0.0.72:43452] 2026-05-11 11:02:41.777 12 ERROR keystone.server.flask.application File "", line 2, in _prepare_impl
[Mon May 11 11:02:41.789243 2026] [wsgi:error] [pid 12:tid 139786671969984] [remote 10.0.0.72:43452] 2026-05-11 11:02:41.777 12 ERROR keystone.server.flask.application
File "/var/lib/openstack/lib/python3.12/site-packages/sqlalchemy/orm/state_changes.py", line 137, in _go
[Mon May 11 11:02:41.789245 2026] [wsgi:error] [pid 12:tid 139786671969984] [remote 10.0.0.72:43452] 2026-05-11 11:02:41.777 12 ERROR keystone.server.flask.application ret_value = fn(self, *arg, **kw)
[Mon May 11 11:02:41.789247 2026] [wsgi:error] [pid 12:tid 139786671969984] [remote 10.0.0.72:43452] 2026-05-11 11:02:41.777 12 ERROR keystone.server.flask.application ^^^^^^^^^^^^^^^^^^^^
[Mon May 11 11:02:41.789248 2026] [wsgi:error] [pid 12:tid 139786671969984] [remote 10.0.0.72:43452] 2026-05-11 11:02:41.777 12 ERROR keystone.server.flask.application
File "/var/lib/openstack/lib/python3.12/site-packages/sqlalchemy/orm/session.py", line 1286, in _prepare_impl
[Mon May 11 11:02:41.789250 2026] [wsgi:error] [pid 12:tid 139786671969984] [remote 10.0.0.72:43452] 2026-05-11 11:02:41.777 12 ERROR keystone.server.flask.application self.session.flush()
[Mon May 11 11:02:41.789252 2026] [wsgi:error] [pid 12:tid 139786671969984] [remote 10.0.0.72:43452] 2026-05-11 11:02:41.777 12 ERROR keystone.server.flask.application
File "/var/lib/openstack/lib/python3.12/site-packages/sqlalchemy/orm/session.py", line 4331, in flush
[Mon May 11 11:02:41.789254 2026] [wsgi:error] [pid 12:tid 139786671969984] [remote 10.0.0.72:43452] 2026-05-11 11:02:41.777 12 ERROR keystone.server.flask.application self._flush(objects)
[Mon May 11 11:02:41.789256 2026] [wsgi:error] [pid 12:tid 139786671969984] [remote 10.0.0.72:43452] 2026-05-11 11:02:41.777 12 ERROR keystone.server.flask.application
File "/var/lib/openstack/lib/python3.12/site-packages/sqlalchemy/orm/session.py", line 4466, in _flush
[Mon May 11 11:02:41.789258 2026] [wsgi:error] [pid 12:tid 139786671969984] [remote 10.0.0.72:43452] 2026-05-11 11:02:41.777 12 ERROR keystone.server.flask.application with util.safe_reraise():
[Mon May 11 11:02:41.789260 2026] [wsgi:error] [pid 12:tid 139786671969984] [remote 10.0.0.72:43452] 2026-05-11 11:02:41.777 12 ERROR keystone.server.flask.application
File "/var/lib/openstack/lib/python3.12/site-packages/sqlalchemy/util/langhelpers.py", line 121, in __exit__
[Mon May 11 11:02:41.789261 2026] [wsgi:error] [pid 12:tid 139786671969984] [remote 10.0.0.72:43452] 2026-05-11 11:02:41.777 12 ERROR keystone.server.flask.application raise exc_value.with_traceback(exc_tb)
[Mon May 11 11:02:41.789263 2026] [wsgi:error] [pid 12:tid 139786671969984] [remote 10.0.0.72:43452] 2026-05-11 11:02:41.777 12 ERROR keystone.server.flask.application
File "/var/lib/openstack/lib/python3.12/site-packages/sqlalchemy/orm/session.py", line 4427, in _flush
[Mon May 11 11:02:41.789265 2026] [wsgi:error] [pid 12:tid 139786671969984] [remote 10.0.0.72:43452] 2026-05-11 11:02:41.777 12 ERROR keystone.server.flask.application flush_context.execute()
[Mon May 11 11:02:41.789267 2026] [wsgi:error] [pid 12:tid 139786671969984] [remote 10.0.0.72:43452] 2026-05-11 11:02:41.777 12 ERROR keystone.server.flask.application
