2026-05-27 11:06:16.469 10 WARNING neutron_lib.context [None req-fbb507a3-15dc-4127-898a-8cd1447f73f7 a448f4e194cd4ed68377117628cfe78b 9f3e3981564f4273b34852c5c76bb948 - - default default] Method 'is_advsvc' is deprecated since 2023.2 release (neutron-lib 3.8.0) and will be removed once support for the old RBAC API policies will be removed from Neutron. Please use method 'is_service_role' instead.
2026-05-27 11:06:16.506 9 INFO neutron.wsgi [req-3988026b-b1d6-405c-bc80-b7bb6d8e72a9 req-d8acb9dd-a39e-4cc8-8967-b9c46aae4ff3 f156e727909243b9870968a868813e0c bd51ec6f0a414299a23fead25be06b7d - - default default] 10.0.0.56 "GET /v2.0/ports?device_id=90a47ae7-b981-4a4d-b473-33d40a97455d HTTP/1.1" status: 200 len: 1168 time: 0.1264668
2026-05-27 11:06:16.535 9 INFO neutron.wsgi [req-fbafa397-17c4-4167-8f64-8317397ddd47 req-7ab33895-c16c-425f-9af6-cf6ed2ee0765 6ad2f9c6bd58468b8972b32735195f49 b40dde6a184a4253b6b0776f9cd0ff14 - - 953328afc94a4e639b890b596b2a54aa 953328afc94a4e639b890b596b2a54aa] 199.204.45.162 "GET /v2.0/networks/08ce0114-6ed1-4898-89c9-69ac4f5887a8?fields=segments HTTP/1.1" status: 200 len: 212 time: 0.1624827
2026-05-27 11:06:16.619 9 INFO neutron.wsgi [req-443c449b-c4aa-4294-8bc6-c46e81ba9b8f req-7d38b3d8-84b3-4d67-9895-289523fc5c26 1067669bca86482b8a206d3bf42950b7 2dfbf97916e642eca0f5563d36360fed - - default default] 10.0.0.56 "GET /v2.0/ports?device_id=d3283c44-4bda-4f2a-92df-a9588646b412 HTTP/1.1" status: 200 len: 1172 time: 0.0785851
2026-05-27 11:06:16.631 9 INFO neutron.wsgi [req-3988026b-b1d6-405c-bc80-b7bb6d8e72a9 req-a0390c20-8ead-4912-a471-3a5f736a3301 f156e727909243b9870968a868813e0c bd51ec6f0a414299a23fead25be06b7d - - default default] 10.0.0.56 "GET /v2.0/security-groups?id=e0cda913-6e1c-4f84-a135-2beda8c657bd&fields=id&fields=name HTTP/1.1" status: 200 len: 313 time: 0.1179328
2026-05-27 11:06:16.642 9 ERROR ovsdbapp.backend.ovs_idl.command [None req-bca839eb-7b49-4d56-ae71-246ba6d6a609 c0691106f4444cb7adef7b06bf26702c 790fbbe6b6384654a65bb31eb4bfac6f - - default default] Error executing command (DbGetCommand): ovsdbapp.backend.ovs_idl.idlutils.RowNotFound: Cannot find Logical_Router_Port with name=lrp-bcd55354-8c00-47ef-ab6e-468d9415e8c3
2026-05-27 11:06:16.642 9 ERROR ovsdbapp.backend.ovs_idl.command
Traceback (most recent call last):
2026-05-27 11:06:16.642 9 ERROR ovsdbapp.backend.ovs_idl.command
File "/var/lib/openstack/lib/python3.10/site-packages/ovsdbapp/backend/ovs_idl/command.py", line 47, in execute
2026-05-27 11:06:16.642 9 ERROR ovsdbapp.backend.ovs_idl.command self.run_idl(None)
2026-05-27 11:06:16.642 9 ERROR ovsdbapp.backend.ovs_idl.command
File "/var/lib/openstack/lib/python3.10/site-packages/ovsdbapp/backend/ovs_idl/command.py", line 235, in run_idl
2026-05-27 11:06:16.642 9 ERROR ovsdbapp.backend.ovs_idl.command record = self.api.lookup(self.table, self.record)
2026-05-27 11:06:16.642 9 ERROR ovsdbapp.backend.ovs_idl.command
File "/var/lib/openstack/lib/python3.10/site-packages/ovsdbapp/backend/ovs_idl/__init__.py", line 184, in lookup
2026-05-27 11:06:16.642 9 ERROR ovsdbapp.backend.ovs_idl.command return self._lookup(table, record)
2026-05-27 11:06:16.642 9 ERROR ovsdbapp.backend.ovs_idl.command
File "/var/lib/openstack/lib/python3.10/site-packages/ovsdbapp/backend/ovs_idl/__init__.py", line 235, in _lookup
2026-05-27 11:06:16.642 9 ERROR ovsdbapp.backend.ovs_idl.command row = idlutils.row_by_value(self, rl.table, rl.column, record)
2026-05-27 11:06:16.642 9 ERROR ovsdbapp.backend.ovs_idl.command
File "/var/lib/openstack/lib/python3.10/site-packages/ovsdbapp/backend/ovs_idl/idlutils.py", line 114, in row_by_value
2026-05-27 11:06:16.642 9 ERROR ovsdbapp.backend.ovs_idl.command raise RowNotFound(table=table, col=column, match=match)
2026-05-27 11:06:16.642 9 ERROR ovsdbapp.backend.ovs_idl.command ovsdbapp.backend.ovs_idl.idlutils.RowNotFound: Cannot find Logical_Router_Port with name=lrp-bcd55354-8c00-47ef-ab6e-468d9415e8c3
2026-05-27 11:06:16.642 9 ERROR ovsdbapp.backend.ovs_idl.command 
2026-05-27 11:06:16.643 9 ERROR neutron_lib.callbacks.manager [None req-bca839eb-7b49-4d56-ae71-246ba6d6a609 c0691106f4444cb7adef7b06bf26702c 790fbbe6b6384654a65bb31eb4bfac6f - - default default] Error during notification for neutron.services.ovn_l3.plugin.OVNL3RouterPlugin._port_update-8782775636719 port, after_update: ovsdbapp.backend.ovs_idl.idlutils.RowNotFound: Cannot find Logical_Router_Port with name=lrp-bcd55354-8c00-47ef-ab6e-468d9415e8c3
2026-05-27 11:06:16.643 9 ERROR neutron_lib.callbacks.manager
Traceback (most recent call last):
2026-05-27 11:06:16.643 9 ERROR neutron_lib.callbacks.manager
File "/var/lib/openstack/lib/python3.10/site-packages/neutron_lib/callbacks/manager.py", line 189, in _notify_loop
2026-05-27 11:06:16.643 9 ERROR neutron_lib.callbacks.manager callback.method(resource, event, trigger, payload=payload)
2026-05-27 11:06:16.643 9 ERROR neutron_lib.callbacks.manager
File "/var/lib/openstack/lib/python3.10/site-packages/neutron/services/ovn_l3/plugin.py", line 391, in _port_update
2026-05-27 11:06:16.643 9 ERROR neutron_lib.callbacks.manager l3plugin._ovn_client.update_router_port(context,
2026-05-27 11:06:16.643 9 ERROR neutron_lib.callbacks.manager
File "/var/lib/openstack/lib/python3.10/site-packages/neutron/plugins/ml2/drivers/ovn/mech_driver/ovsdb/ovn_client.py", line 1878, in update_router_port
2026-05-27 11:06:16.643 9 ERROR neutron_lib.callbacks.manager self._update_lrouter_port(context, port, if_exists=if_exists,
2026-05-27 11:06:16.643 9 ERROR neutron_lib.callbacks.manager
File "/var/lib/openstack/lib/python3.10/site-packages/neutron/plugins/ml2/drivers/ovn/mech_driver/ovsdb/ovn_client.py", line 1855, in _update_lrouter_port
2026-05-27 11:06:16.643 9 ERROR neutron_lib.callbacks.manager external_ids = self._nb_idl.db_get(
2026-05-27 11:06:16.643 9 ERROR neutron_lib.callbacks.manager
File "/var/lib/openstack/lib/python3.10/site-packages/ovsdbapp/backend/ovs_idl/command.py", line 47, in execute
2026-05-27 11:06:16.643 9 ERROR neutron_lib.callbacks.manager self.run_idl(None)
2026-05-27 11:06:16.643 9 ERROR neutron_lib.callbacks.manager
File "/var/lib/openstack/lib/python3.10/site-packages/ovsdbapp/backend/ovs_idl/command.py", line 235, in run_idl
2026-05-27 11:06:16.643 9 ERROR neutron_lib.callbacks.manager record = self.api.lookup(self.table, self.record)
2026-05-27 11:06:16.643 9 ERROR neutron_lib.callbacks.manager
File "/var/lib/openstack/lib/python3.10/site-packages/ovsdbapp/backend/ovs_idl/__init__.py", line 184, in lookup
2026-05-27 11:06:16.643 9 ERROR neutron_lib.callbacks.manager return self._lookup(table, record)
2026-05-27 11:06:16.643 9 ERROR neutron_lib.callbacks.manager
File "/var/lib/openstack/lib/python3.10/site-packages/ovsdbapp/backend/ovs_idl/__init__.py", line 235, in _lookup
2026-05-27 11:06:16.643 9 ERROR neutron_lib.callbacks.manager row = idlutils.row_by_value(self, rl.table, rl.column, record)
2026-05-27 11:06:16.643 9 ERROR neutron_lib.callbacks.manager
File "/var/lib/openstack/lib/python3.10/site-packages/ovsdbapp/backend/ovs_idl/idlutils.py", line 114, in row_by_value
2026-05-27 11:06:16.643 9 ERROR neutron_lib.callbacks.manager raise RowNotFound(table=table, col=column, match=match)
2026-05-27 11:06:16.643 9 ERROR neutron_lib.callbacks.manager ovsdbapp.backend.ovs_idl.idlutils.RowNotFound: Cannot find Logical_Router_Port with name=lrp-bcd55354-8c00-47ef-ab6e-468d9415e8c3
2026-05-27 11:06:16.643 9 ERROR neutron_lib.callbacks.manager 
2026-05-27 11:06:16.679 9 INFO neutron.wsgi [req-fbafa397-17c4-4167-8f64-8317397ddd47 req-809996ff-3b34-4888-b0de-70023a143b6a 6ad2f9c6bd58468b8972b32735195f49 b40dde6a184a4253b6b0776f9cd0ff14 - - 953328afc94a4e639b890b596b2a54aa 953328afc94a4e639b890b596b2a54aa] 199.204.45.162 "GET /v2.0/networks/08ce0114-6ed1-4898-89c9-69ac4f5887a8?fields=provider%3Aphysical_network&fields=provider%3Anetwork_type HTTP/1.1" status: 200 len: 277 time: 0.1361630
2026-05-27 11:06:16.721 10 INFO neutron.db.ovn_revision_numbers_db [None req-fbb507a3-15dc-4127-898a-8cd1447f73f7 a448f4e194cd4ed68377117628cfe78b 9f3e3981564f4273b34852c5c76bb948 - - default default] Successfully bumped revision number for resource 619c3739-60ec-4709-91e3-c0d38ef02dfd (type: security_groups) to 1
2026-05-27 11:06:16.726 9 INFO neutron.wsgi [req-443c449b-c4aa-4294-8bc6-c46e81ba9b8f req-f7e1cb94-ee00-47a1-89a6-e26b84761342 1067669bca86482b8a206d3bf42950b7 2dfbf97916e642eca0f5563d36360fed - - default default] 10.0.0.56 "GET /v2.0/security-groups?id=9e652103-0ef2-456f-9931-6942cc9184a3&fields=id&fields=name HTTP/1.1" status: 200 len: 312 time: 0.0937767
2026-05-27 11:06:16.746 10 INFO neutron.db.ovn_revision_numbers_db [None req-fbb507a3-15dc-4127-898a-8cd1447f73f7 a448f4e194cd4ed68377117628cfe78b 9f3e3981564f4273b34852c5c76bb948 - - default default] Successfully bumped revision number for resource 2eedb9ad-309f-4956-8f2d-ba538b365861 (type: security_group_rules) to 0
2026-05-27 11:06:16.772 10 INFO neutron.db.ovn_revision_numbers_db [None req-fbb507a3-15dc-4127-898a-8cd1447f73f7 a448f4e194cd4ed68377117628cfe78b 9f3e3981564f4273b34852c5c76bb948 - - default default] Successfully bumped revision number for resource 9ebca1a5-e0e8-4239-a7d8-793ca51b171c (type: security_group_rules) to 0
2026-05-27 11:06:16.787 10 INFO neutron.db.ovn_revision_numbers_db [None req-fbb507a3-15dc-4127-898a-8cd1447f73f7 a448f4e194cd4ed68377117628cfe78b 9f3e3981564f4273b34852c5c76bb948 - - default default] Successfully bumped revision number for resource c3f852df-db05-42c0-927f-2b0c429fa170 (type: security_group_rules) to 0
2026-05-27 11:06:16.805 10 INFO neutron.db.ovn_revision_numbers_db [None req-fbb507a3-15dc-4127-898a-8cd1447f73f7 a448f4e194cd4ed68377117628cfe78b 9f3e3981564f4273b34852c5c76bb948 - - default default] Successfully bumped revision number for resource f02e1e98-6cfb-40fb-bb57-c9982e26d999 (type: security_group_rules) to 0
2026-05-27 11:06:16.887 10 INFO neutron.db.segments_db [None req-fbb507a3-15dc-4127-898a-8cd1447f73f7 a448f4e194cd4ed68377117628cfe78b 9f3e3981564f4273b34852c5c76bb948 - - default default] Added segment 0dc841b9-438e-45d0-acb1-8cc34a1bece4 of type geneve for network a3ee8540-47e3-48f2-b748-42333264c2e1
2026-05-27 11:06:16.915 9 INFO neutron.db.ovn_revision_numbers_db [None req-bca839eb-7b49-4d56-ae71-246ba6d6a609 c0691106f4444cb7adef7b06bf26702c 790fbbe6b6384654a65bb31eb4bfac6f - - default default] Successfully bumped revision number for resource bcd55354-8c00-47ef-ab6e-468d9415e8c3 (type: ports) to 1
2026-05-27 11:06:16.948 10 INFO neutron.db.ovn_revision_numbers_db [None req-5fa43fb0-42b9-4f88-96cc-5f39144a9cea - - - - - -] Successfully bumped revision number for resource 2189e989-a565-4192-adb3-a04e24871ece (type: ports) to 4
2026-05-27 11:06:16.978 9 INFO neutron.db.ovn_revision_numbers_db [None req-ee35cc8e-2494-4aec-bb7d-18c8763f3d77 - - - - - -] Successfully bumped revision number for resource e617eb50-2bed-432b-b27d-c3ee3b09e23a (type: ports) to 4
2026-05-27 11:06:17.022 9 WARNING neutron.scheduler.dhcp_agent_scheduler [None req-bca839eb-7b49-4d56-ae71-246ba6d6a609 c0691106f4444cb7adef7b06bf26702c 790fbbe6b6384654a65bb31eb4bfac6f - - default default] No more DHCP agents
2026-05-27 11:06:17.027 9 WARNING neutron.api.rpc.agentnotifiers.dhcp_rpc_agent_api [None req-bca839eb-7b49-4d56-ae71-246ba6d6a609 c0691106f4444cb7adef7b06bf26702c 790fbbe6b6384654a65bb31eb4bfac6f - - default default] Unable to schedule network 7ef8c253-7c9f-4530-8623-a96287912c5b: no agents available; will retry on subsequent port and subnet creation events.
2026-05-27 11:06:17.178 10 INFO neutron.db.ovn_revision_numbers_db [None req-fbb507a3-15dc-4127-898a-8cd1447f73f7 a448f4e194cd4ed68377117628cfe78b 9f3e3981564f4273b34852c5c76bb948 - - default default] Successfully bumped revision number for resource a3ee8540-47e3-48f2-b748-42333264c2e1 (type: networks) to 1
2026-05-27 11:06:17.365 10 INFO neutron.plugins.ml2.drivers.ovn.mech_driver.mech_driver [None req-f0e4303d-c993-4742-80bd-99375a17e647 - - - - - -] OVN reports status up for port: 0b016c4f-8f24-48df-9e8d-b27d213bfa82
2026-05-27 11:06:17.397 10 INFO neutron.plugins.ml2.plugin [None req-f0e4303d-c993-4742-80bd-99375a17e647 - - - - - -] Attempt 1 to provision port 0b016c4f-8f24-48df-9e8d-b27d213bfa82
2026-05-27 11:06:17.629 10 INFO neutron.db.ovn_revision_numbers_db [None req-5fa43fb0-42b9-4f88-96cc-5f39144a9cea - - - - - -] Successfully bumped revision number for resource 2189e989-a565-4192-adb3-a04e24871ece (type: router_ports) to 4
2026-05-27 11:06:17.654 10 WARNING neutron.scheduler.dhcp_agent_scheduler [None req-fbb507a3-15dc-4127-898a-8cd1447f73f7 a448f4e194cd4ed68377117628cfe78b 9f3e3981564f4273b34852c5c76bb948 - - default default] No more DHCP agents
2026-05-27 11:06:17.663 10 WARNING neutron.api.rpc.agentnotifiers.dhcp_rpc_agent_api [None req-fbb507a3-15dc-4127-898a-8cd1447f73f7 a448f4e194cd4ed68377117628cfe78b 9f3e3981564f4273b34852c5c76bb948 - - default default] Unable to schedule network a3ee8540-47e3-48f2-b748-42333264c2e1: no agents available; will retry on subsequent port and subnet creation events. /var/lib/openstack/lib/python3.10/site-packages/pycadf/identifier.py:71: UserWarning: Invalid uuid: neutron. To ensure interoperability, identifiers should be a valid uuid. warnings.warn(('Invalid uuid: %s. To ensure interoperability, '
2026-05-27 11:06:17.733 9 INFO neutron.wsgi [req-0e28f77f-1298-4cd2-afb8-177f77ceb444 req-19ef6fe1-ae5c-41cf-b81f-d6efa23a833d f156e727909243b9870968a868813e0c bd51ec6f0a414299a23fead25be06b7d - - default default] 10.0.0.56 "GET /v2.0/ports?device_id=90a47ae7-b981-4a4d-b473-33d40a97455d HTTP/1.1" status: 200 len: 1170 time: 0.0383749
2026-05-27 11:06:17.795 10 INFO neutron.db.ovn_revision_numbers_db [None req-fbb507a3-15dc-4127-898a-8cd1447f73f7 a448f4e194cd4ed68377117628cfe78b 9f3e3981564f4273b34852c5c76bb948 - - default default] Successfully bumped revision number for resource 28506fe0-7cce-46f3-9f61-a48e1b4f1eeb (type: ports) to 1
2026-05-27 11:06:17.822 9 INFO neutron.wsgi [req-0e28f77f-1298-4cd2-afb8-177f77ceb444 req-aab4ecdc-d24d-4baa-baa0-6c8fea92c0bf f156e727909243b9870968a868813e0c bd51ec6f0a414299a23fead25be06b7d - - default default] 10.0.0.56 "GET /v2.0/security-groups?id=e0cda913-6e1c-4f84-a135-2beda8c657bd&fields=id&fields=name HTTP/1.1" status: 200 len: 313 time: 0.0700161
2026-05-27 11:06:17.823 10 INFO neutron.wsgi [None req-fbb507a3-15dc-4127-898a-8cd1447f73f7 a448f4e194cd4ed68377117628cfe78b 9f3e3981564f4273b34852c5c76bb948 - - default default] 10.0.0.84 "POST /v2.0/networks HTTP/1.1" status: 201 len: 849 time: 1.6402347
2026-05-27 11:06:17.827 9 INFO neutron.wsgi [req-4cee57e6-1ccc-43c2-919d-417b3d1f4734 req-7d3d6f00-54d5-46c7-ba1e-65ff18044437 1067669bca86482b8a206d3bf42950b7 2dfbf97916e642eca0f5563d36360fed - - default default] 10.0.0.56 "GET /v2.0/ports?device_id=d3283c44-4bda-4f2a-92df-a9588646b412 HTTP/1.1" status: 200 len: 1174 time: 0.0399179
2026-05-27 11:06:17.833 9 WARNING neutron_lib.context [None req-fff385f9-23ff-41de-b276-5ad8a484e428 a448f4e194cd4ed68377117628cfe78b 9f3e3981564f4273b34852c5c76bb948 - - default default] Method 'is_advsvc' is deprecated since 2023.2 release (neutron-lib 3.8.0) and will be removed once support for the old RBAC API policies will be removed from Neutron. Please use method 'is_service_role' instead.
2026-05-27 11:06:17.911 9 INFO neutron.wsgi [req-4cee57e6-1ccc-43c2-919d-417b3d1f4734 req-3659d3cc-7ea9-4669-8653-09f398b5ab18 1067669bca86482b8a206d3bf42950b7 2dfbf97916e642eca0f5563d36360fed - - default default] 10.0.0.56 "GET /v2.0/security-groups?id=9e652103-0ef2-456f-9931-6942cc9184a3&fields=id&fields=name HTTP/1.1" status: 200 len: 312 time: 0.0739701
2026-05-27 11:06:17.941 10 INFO neutron.db.ovn_revision_numbers_db [None req-f0e4303d-c993-4742-80bd-99375a17e647 - - - - - -] Successfully bumped revision number for resource 0b016c4f-8f24-48df-9e8d-b27d213bfa82 (type: ports) to 4
2026-05-27 11:06:17.984 10 INFO neutron.plugins.ml2.drivers.ovn.mech_driver.mech_driver [None req-f0e4303d-c993-4742-80bd-99375a17e647 - - - - - -] OVN reports status up for port: bcd55354-8c00-47ef-ab6e-468d9415e8c3
2026-05-27 11:06:17.994 10 INFO neutron.plugins.ml2.plugin [None req-f0e4303d-c993-4742-80bd-99375a17e647 - - - - - -] Attempt 1 to provision port bcd55354-8c00-47ef-ab6e-468d9415e8c3
2026-05-27 11:06:18.069 9 INFO neutron.db.ovn_revision_numbers_db [None req-bca839eb-7b49-4d56-ae71-246ba6d6a609 c0691106f4444cb7adef7b06bf26702c 790fbbe6b6384654a65bb31eb4bfac6f - - default default] Successfully bumped revision number for resource bcd55354-8c00-47ef-ab6e-468d9415e8c3 (type: router_ports) to 1
2026-05-27 11:06:18.074 9 INFO neutron.wsgi [None req-bca839eb-7b49-4d56-ae71-246ba6d6a609 c0691106f4444cb7adef7b06bf26702c 790fbbe6b6384654a65bb31eb4bfac6f - - default default] 10.0.0.84 "PUT /v2.0/routers/34be48e5-2d48-45bb-9f32-68541c5de882/add_router_interface HTTP/1.1" status: 200 len: 503 time: 3.2031059
2026-05-27 11:06:18.077 9 INFO neutron.notifiers.nova [-] Nova event matching ['req-e8d3a406-bdb9-4923-b6ba-d81b6e7ab41a'] response: {'server_uuid': '90a47ae7-b981-4a4d-b473-33d40a97455d', 'name': 'network-vif-plugged', 'status': 'completed', 'tag': 'e617eb50-2bed-432b-b27d-c3ee3b09e23a', 'code': 200}
2026-05-27 11:06:18.077 9 INFO neutron.notifiers.nova [-] Nova event matching ['req-e8d3a406-bdb9-4923-b6ba-d81b6e7ab41a'] response: {'server_uuid': '90a47ae7-b981-4a4d-b473-33d40a97455d', 'name': 'network-vif-plugged', 'status': 'completed', 'tag': 'e617eb50-2bed-432b-b27d-c3ee3b09e23a', 'code': 200}
2026-05-27 11:06:18.140 9 WARNING neutron.scheduler.dhcp_agent_scheduler [None req-fff385f9-23ff-41de-b276-5ad8a484e428 a448f4e194cd4ed68377117628cfe78b 9f3e3981564f4273b34852c5c76bb948 - - default default] No more DHCP agents
2026-05-27 11:06:18.143 9 WARNING neutron.api.rpc.agentnotifiers.dhcp_rpc_agent_api [None req-fff385f9-23ff-41de-b276-5ad8a484e428 a448f4e194cd4ed68377117628cfe78b 9f3e3981564f4273b34852c5c76bb948 - - default default] Unable to schedule network a3ee8540-47e3-48f2-b748-42333264c2e1: no agents available; will retry on subsequent port and subnet creation events.
2026-05-27 11:06:18.176 9 INFO neutron.db.ovn_revision_numbers_db [None req-fff385f9-23ff-41de-b276-5ad8a484e428 a448f4e194cd4ed68377117628cfe78b 9f3e3981564f4273b34852c5c76bb948 - - default default] Successfully bumped revision number for resource e4009e37-8f92-460d-9d2d-807ef26e95e0 (type: subnets) to 0
2026-05-27 11:06:18.191 9 INFO neutron.wsgi [None req-fff385f9-23ff-41de-b276-5ad8a484e428 a448f4e194cd4ed68377117628cfe78b 9f3e3981564f4273b34852c5c76bb948 - - default default] 10.0.0.84 "POST /v2.0/subnets HTTP/1.1" status: 201 len: 802 time: 0.3623962
2026-05-27 11:06:18.204 9 WARNING neutron_lib.context [None req-28112740-775f-4153-a532-88a90ffceae4 a448f4e194cd4ed68377117628cfe78b 9f3e3981564f4273b34852c5c76bb948 - - default default] Method 'is_advsvc' is deprecated since 2023.2 release (neutron-lib 3.8.0) and will be removed once support for the old RBAC API policies will be removed from Neutron. Please use method 'is_service_role' instead.
2026-05-27 11:06:18.231 10 INFO neutron.notifiers.nova [-] Nova event matching ['req-8e10d773-e073-4c5a-9ad4-6248ca30ed30'] response: {'server_uuid': 'd3283c44-4bda-4f2a-92df-a9588646b412', 'name': 'network-vif-plugged', 'status': 'completed', 'tag': '0b016c4f-8f24-48df-9e8d-b27d213bfa82', 'code': 200}
2026-05-27 11:06:18.496 10 INFO neutron.db.ovn_revision_numbers_db [None req-f0e4303d-c993-4742-80bd-99375a17e647 - - - - - -] Successfully bumped revision number for resource bcd55354-8c00-47ef-ab6e-468d9415e8c3 (type: ports) to 2
2026-05-27 11:06:18.604 9 WARNING neutron_lib.context [req-338a1230-7f28-4324-86ff-264695bac12a req-e6e2bcd1-35e3-4f71-a908-c150ae06bd78 550f482140ce4d6ab55c9081d4d64491 e3e7820d399b43fbab0527e2cceae616 - - default default] Method 'is_advsvc' is deprecated since 2023.2 release (neutron-lib 3.8.0) and will be removed once support for the old RBAC API policies will be removed from Neutron. Please use method 'is_service_role' instead.
2026-05-27 11:06:18.654 10 INFO neutron.db.ovn_revision_numbers_db [None req-f0e4303d-c993-4742-80bd-99375a17e647 - - - - - -] Successfully bumped revision number for resource bcd55354-8c00-47ef-ab6e-468d9415e8c3 (type: router_ports) to 2
2026-05-27 11:06:18.783 9 WARNING neutron.scheduler.dhcp_agent_scheduler [None req-28112740-775f-4153-a532-88a90ffceae4 a448f4e194cd4ed68377117628cfe78b 9f3e3981564f4273b34852c5c76bb948 - - default default] No more DHCP agents
2026-05-27 11:06:18.787 9 WARNING neutron.api.rpc.agentnotifiers.dhcp_rpc_agent_api [None req-28112740-775f-4153-a532-88a90ffceae4 a448f4e194cd4ed68377117628cfe78b 9f3e3981564f4273b34852c5c76bb948 - - default default] Unable to schedule network 889b54fb-2d9e-49fa-a546-7ad775c9e91b: no agents available; will retry on subsequent port and subnet creation events.
2026-05-27 11:06:18.814 9 INFO neutron.db.ovn_revision_numbers_db [req-338a1230-7f28-4324-86ff-264695bac12a req-e6e2bcd1-35e3-4f71-a908-c150ae06bd78 550f482140ce4d6ab55c9081d4d64491 e3e7820d399b43fbab0527e2cceae616 - - default default] Successfully bumped revision number for resource 0ddd686e-3773-4703-9585-ae19c0f644dc (type: security_groups) to 1
2026-05-27 11:06:18.833 9 INFO neutron.db.ovn_revision_numbers_db [req-338a1230-7f28-4324-86ff-264695bac12a req-e6e2bcd1-35e3-4f71-a908-c150ae06bd78 550f482140ce4d6ab55c9081d4d64491 e3e7820d399b43fbab0527e2cceae616 - - default default] Successfully bumped revision number for resource 583128f2-9815-4ced-bfbf-d2e23d2b206b (type: security_group_rules) to 0
2026-05-27 11:06:18.862 9 INFO neutron.db.ovn_revision_numbers_db [req-338a1230-7f28-4324-86ff-264695bac12a req-e6e2bcd1-35e3-4f71-a908-c150ae06bd78 550f482140ce4d6ab55c9081d4d64491 e3e7820d399b43fbab0527e2cceae616 - - default default] Successfully bumped revision number for resource 77aca83d-b049-4168-8c7c-006badd32659 (type: security_group_rules) to 0
2026-05-27 11:06:18.901 9 INFO neutron.wsgi [req-338a1230-7f28-4324-86ff-264695bac12a req-e6e2bcd1-35e3-4f71-a908-c150ae06bd78 550f482140ce4d6ab55c9081d4d64491 e3e7820d399b43fbab0527e2cceae616 - - default default] 10.0.0.56 "POST /v2.0/security-groups HTTP/1.1" status: 201 len: 1886 time: 0.3046837
2026-05-27 11:06:18.932 9 WARNING neutron_lib.context [req-1996417e-269a-486e-8572-972d53ff759e req-9d278315-1dd0-465c-98c0-601dc9d0e9ae 550f482140ce4d6ab55c9081d4d64491 e3e7820d399b43fbab0527e2cceae616 - - default default] Method 'is_advsvc' is deprecated since 2023.2 release (neutron-lib 3.8.0) and will be removed once support for the old RBAC API policies will be removed from Neutron. Please use method 'is_service_role' instead.
2026-05-27 11:06:19.018 9 INFO neutron.db.ovn_revision_numbers_db [None req-28112740-775f-4153-a532-88a90ffceae4 a448f4e194cd4ed68377117628cfe78b 9f3e3981564f4273b34852c5c76bb948 - - default default] Successfully bumped revision number for resource 9ef595d0-4194-40cb-b9f5-aadb6e428cd0 (type: ports) to 1
2026-05-27 11:06:19.076 9 INFO neutron.wsgi [req-be19d2cf-e05c-42c1-bd3e-791ef2a772d8 req-dab82a3c-b306-47a8-b7d3-13661d17ca57 f156e727909243b9870968a868813e0c bd51ec6f0a414299a23fead25be06b7d - - default default] 10.0.0.56 "GET /v2.0/ports?device_id=90a47ae7-b981-4a4d-b473-33d40a97455d HTTP/1.1" status: 200 len: 1170 time: 0.1842618
2026-05-27 11:06:19.329 9 INFO neutron.wsgi [req-be19d2cf-e05c-42c1-bd3e-791ef2a772d8 req-aef9d435-db66-46e8-86f4-1d1549b13b0b f156e727909243b9870968a868813e0c bd51ec6f0a414299a23fead25be06b7d - - default default] 10.0.0.56 "GET /v2.0/security-groups?id=e0cda913-6e1c-4f84-a135-2beda8c657bd&fields=id&fields=name HTTP/1.1" status: 200 len: 313 time: 0.2445459
2026-05-27 11:06:19.409 9 INFO neutron.db.ovn_revision_numbers_db [req-1996417e-269a-486e-8572-972d53ff759e req-9d278315-1dd0-465c-98c0-601dc9d0e9ae 550f482140ce4d6ab55c9081d4d64491 e3e7820d399b43fbab0527e2cceae616 - - default default] Successfully bumped revision number for resource 776a5437-4071-4178-80e0-eeaf32dd9a5c (type: security_groups) to 1
2026-05-27 11:06:19.439 9 INFO neutron.db.ovn_revision_numbers_db [req-1996417e-269a-486e-8572-972d53ff759e req-9d278315-1dd0-465c-98c0-601dc9d0e9ae 550f482140ce4d6ab55c9081d4d64491 e3e7820d399b43fbab0527e2cceae616 - - default default] Successfully bumped revision number for resource eb6bf9ae-cc68-493b-87f1-79d3613b4923 (type: security_group_rules) to 0
2026-05-27 11:06:19.480 9 INFO neutron.db.ovn_revision_numbers_db [req-1996417e-269a-486e-8572-972d53ff759e req-9d278315-1dd0-465c-98c0-601dc9d0e9ae 550f482140ce4d6ab55c9081d4d64491 e3e7820d399b43fbab0527e2cceae616 - - default default] Successfully bumped revision number for resource ff9e21c9-1f10-4ce0-9637-3bfa08aacc37 (type: security_group_rules) to 0
2026-05-27 11:06:19.514 9 INFO neutron.wsgi [req-1996417e-269a-486e-8572-972d53ff759e req-9d278315-1dd0-465c-98c0-601dc9d0e9ae 550f482140ce4d6ab55c9081d4d64491 e3e7820d399b43fbab0527e2cceae616 - - default default] 10.0.0.56 "POST /v2.0/security-groups HTTP/1.1" status: 201 len: 1884 time: 0.5882289
2026-05-27 11:06:19.542 9 INFO neutron.wsgi [req-5f5b9868-06de-44b3-af4a-9d146222cda1 req-68f61ced-8d32-40c2-b01b-931d7fc43274 1067669bca86482b8a206d3bf42950b7 2dfbf97916e642eca0f5563d36360fed - - default default] 10.0.0.56 "GET /v2.0/ports?device_id=d3283c44-4bda-4f2a-92df-a9588646b412 HTTP/1.1" status: 200 len: 1174 time: 0.1603477
2026-05-27 11:06:19.638 9 INFO neutron.wsgi [req-5f5b9868-06de-44b3-af4a-9d146222cda1 req-a947e24b-7224-4b0b-bef4-8a907f06ad72 1067669bca86482b8a206d3bf42950b7 2dfbf97916e642eca0f5563d36360fed - - default default] 10.0.0.56 "GET /v2.0/security-groups?id=9e652103-0ef2-456f-9931-6942cc9184a3&fields=id&fields=name HTTP/1.1" status: 200 len: 312 time: 0.0856030
2026-05-27 11:06:19.644 9 INFO neutron.wsgi [req-47488be4-bd06-4bfd-8743-ebf62217f454 req-33572601-fb64-4819-8fd3-c3ccb2b1dd25 f156e727909243b9870968a868813e0c bd51ec6f0a414299a23fead25be06b7d - - default default] 10.0.0.56 "GET /v2.0/ports?device_id=90a47ae7-b981-4a4d-b473-33d40a97455d HTTP/1.1" status: 200 len: 1170 time: 0.0580480
2026-05-27 11:06:19.698 9 WARNING neutron_lib.context [req-c6a29f8d-f4f7-4c41-a876-8bf4de2f7c0c req-b53af21d-8ae6-4c5a-a720-3bec7e683dfd 550f482140ce4d6ab55c9081d4d64491 e3e7820d399b43fbab0527e2cceae616 - - default default] Method 'is_advsvc' is deprecated since 2023.2 release (neutron-lib 3.8.0) and will be removed once support for the old RBAC API policies will be removed from Neutron. Please use method 'is_service_role' instead.
2026-05-27 11:06:19.807 9 INFO neutron.wsgi [req-33a0a1c3-94e5-4fd9-881e-456eb647ccd0 req-c0abda79-e9bf-43cf-b160-c1bf55000ee0 1067669bca86482b8a206d3bf42950b7 2dfbf97916e642eca0f5563d36360fed - - default default] 10.0.0.56 "GET /v2.0/ports?device_id=d3283c44-4bda-4f2a-92df-a9588646b412 HTTP/1.1" status: 200 len: 1174 time: 0.0891030 /var/lib/openstack/lib/python3.10/site-packages/pycadf/identifier.py:71: UserWarning: Invalid uuid: neutron. To ensure interoperability, identifiers should be a valid uuid. warnings.warn(('Invalid uuid: %s. To ensure interoperability, '
2026-05-27 11:06:20.332 9 INFO neutron.db.ovn_revision_numbers_db [req-c6a29f8d-f4f7-4c41-a876-8bf4de2f7c0c req-b53af21d-8ae6-4c5a-a720-3bec7e683dfd 550f482140ce4d6ab55c9081d4d64491 e3e7820d399b43fbab0527e2cceae616 - - default default] Successfully bumped revision number for resource 29b33915-05cf-460a-9786-1373679423f1 (type: security_groups) to 1
2026-05-27 11:06:20.374 9 INFO neutron.db.ovn_revision_numbers_db [req-c6a29f8d-f4f7-4c41-a876-8bf4de2f7c0c req-b53af21d-8ae6-4c5a-a720-3bec7e683dfd 550f482140ce4d6ab55c9081d4d64491 e3e7820d399b43fbab0527e2cceae616 - - default default] Successfully bumped revision number for resource 43021d7a-321d-462a-a931-2d10ca10bb2b (type: security_group_rules) to 0
2026-05-27 11:06:20.417 9 INFO neutron.db.ovn_revision_numbers_db [req-c6a29f8d-f4f7-4c41-a876-8bf4de2f7c0c req-b53af21d-8ae6-4c5a-a720-3bec7e683dfd 550f482140ce4d6ab55c9081d4d64491 e3e7820d399b43fbab0527e2cceae616 - - default default] Successfully bumped revision number for resource ec2fa96e-63c9-4c92-8e4b-14f68b04ac4b (type: security_group_rules) to 0
2026-05-27 11:06:20.451 10 INFO neutron.notifiers.nova [-] Nova event matching ['req-71b856a6-c8b2-478b-a2b2-d929a97a8cd4'] response: {'server_uuid': 'd3283c44-4bda-4f2a-92df-a9588646b412', 'name': 'network-vif-plugged', 'status': 'completed', 'tag': '0b016c4f-8f24-48df-9e8d-b27d213bfa82', 'code': 200}
2026-05-27 11:06:20.473 9 INFO neutron.wsgi [req-c6a29f8d-f4f7-4c41-a876-8bf4de2f7c0c req-b53af21d-8ae6-4c5a-a720-3bec7e683dfd 550f482140ce4d6ab55c9081d4d64491 e3e7820d399b43fbab0527e2cceae616 - - default default] 10.0.0.56 "POST /v2.0/security-groups HTTP/1.1" status: 201 len: 1886 time: 0.7995536
2026-05-27 11:06:20.607 9 INFO neutron.wsgi [req-93f67b67-9840-4e8d-9e97-cb1eaa6a064f req-a3487c5f-8c0e-452d-9a39-bd2b5dec4454 550f482140ce4d6ab55c9081d4d64491 e3e7820d399b43fbab0527e2cceae616 - - default default] 10.0.0.56 "GET /v2.0/security-groups?tenant_id=e3e7820d399b43fbab0527e2cceae616 HTTP/1.1" status: 200 len: 8106 time: 0.1004741
2026-05-27 11:06:20.686 9 INFO neutron.wsgi [req-93f67b67-9840-4e8d-9e97-cb1eaa6a064f req-824d4c0b-3071-423c-bae3-417c5a6ea6ce 550f482140ce4d6ab55c9081d4d64491 e3e7820d399b43fbab0527e2cceae616 - - default default] 10.0.0.56 "GET /v2.0/security-groups/d968a61c-f5f8-4899-9835-6e524ff9cd9f HTTP/1.1" status: 200 len: 3122 time: 0.0710270
2026-05-27 11:06:20.720 9 INFO neutron.plugins.ml2.drivers.ovn.mech_driver.ovsdb.commands [None req-bf5d6d2d-0946-41cc-957f-e77579c016fd - - - - - -] Schedule LRP lrp-9ef595d0-4194-40cb-b9f5-aadb6e428cd0 on gateway 48f831bc-71ac-432d-a82d-4d8b8361e013 with priority 1
2026-05-27 11:06:20.760 9 INFO neutron.wsgi [req-93f67b67-9840-4e8d-9e97-cb1eaa6a064f req-c3af0a5f-ad67-487f-bfa7-529fdf94b838 550f482140ce4d6ab55c9081d4d64491 e3e7820d399b43fbab0527e2cceae616 - - default default] 10.0.0.56 "GET /v2.0/security-groups/d968a61c-f5f8-4899-9835-6e524ff9cd9f HTTP/1.1" status: 200 len: 3122 time: 0.0633628
2026-05-27 11:06:20.774 10 INFO neutron.db.ovn_revision_numbers_db [None req-7b674841-3da3-4d66-b0ec-097d39425ae1 1067669bca86482b8a206d3bf42950b7 2dfbf97916e642eca0f5563d36360fed - - default default] Successfully bumped revision number for resource 7a2e789b-4d20-425b-8929-3b9c3e2647f4 (type: floatingips) to 1
2026-05-27 11:06:20.783 9 INFO neutron.db.ovn_revision_numbers_db [None req-28112740-775f-4153-a532-88a90ffceae4 a448f4e194cd4ed68377117628cfe78b 9f3e3981564f4273b34852c5c76bb948 - - default default] Successfully bumped revision number for resource 9ef595d0-4194-40cb-b9f5-aadb6e428cd0 (type: router_ports) to 1
2026-05-27 11:06:20.882 9 INFO neutron.wsgi [req-a1c07ddb-b5dd-403c-8c93-1a161efe3af8 req-2c9a7ae0-9aaa-46f1-bc5f-f4ba95f4419b 550f482140ce4d6ab55c9081d4d64491 e3e7820d399b43fbab0527e2cceae616 - - default default] 10.0.0.56 "GET /v2.0/security-groups/0ddd686e-3773-4703-9585-ae19c0f644dc HTTP/1.1" status: 200 len: 1881 time: 0.0974557 /var/lib/openstack/lib/python3.10/site-packages/pycadf/identifier.py:71: UserWarning: Invalid uuid: neutron. To ensure interoperability, identifiers should be a valid uuid. warnings.warn(('Invalid uuid: %s. To ensure interoperability, '
2026-05-27 11:06:20.914 10 INFO neutron.db.ovn_revision_numbers_db [None req-7b674841-3da3-4d66-b0ec-097d39425ae1 1067669bca86482b8a206d3bf42950b7 2dfbf97916e642eca0f5563d36360fed - - default default] Successfully bumped revision number for resource 7a2e789b-4d20-425b-8929-3b9c3e2647f4 (type: floatingips) to 2
2026-05-27 11:06:20.914 10 INFO neutron.db.l3_db [None req-7b674841-3da3-4d66-b0ec-097d39425ae1 1067669bca86482b8a206d3bf42950b7 2dfbf97916e642eca0f5563d36360fed - - default default] Floating IP 7a2e789b-4d20-425b-8929-3b9c3e2647f4 associated. External IP: 10.96.250.214, port: 0b016c4f-8f24-48df-9e8d-b27d213bfa82.
2026-05-27 11:06:20.935 9 INFO neutron.db.ovn_revision_numbers_db [None req-0e10093d-a44d-4633-90e8-73488939be7c f156e727909243b9870968a868813e0c bd51ec6f0a414299a23fead25be06b7d - - default default] Successfully bumped revision number for resource 06b43ac0-27c9-4201-926d-823db85bce85 (type: floatingips) to 1
2026-05-27 11:06:20.946 10 INFO neutron.wsgi [None req-7b674841-3da3-4d66-b0ec-097d39425ae1 1067669bca86482b8a206d3bf42950b7 2dfbf97916e642eca0f5563d36360fed - - default default] 10.0.0.84 "PUT /v2.0/floatingips/7a2e789b-4d20-425b-8929-3b9c3e2647f4 HTTP/1.1" status: 200 len: 1050 time: 1.1268983
2026-05-27 11:06:20.960 9 INFO neutron.db.ovn_revision_numbers_db [None req-28112740-775f-4153-a532-88a90ffceae4 a448f4e194cd4ed68377117628cfe78b 9f3e3981564f4273b34852c5c76bb948 - - default default] Successfully bumped revision number for resource 57199080-7f4e-4a28-81c4-a5d53d3fbf0b (type: routers) to 2
2026-05-27 11:06:20.988 9 INFO neutron.wsgi [None req-28112740-775f-4153-a532-88a90ffceae4 a448f4e194cd4ed68377117628cfe78b 9f3e3981564f4273b34852c5c76bb948 - - default default] 10.0.0.84 "POST /v2.0/routers HTTP/1.1" status: 201 len: 1153 time: 2.7894282
2026-05-27 11:06:21.051 9 INFO neutron.wsgi [req-2a38b41d-720a-4a45-8603-d83d69c44611 req-ccbb0f62-c5e6-40ee-a212-b7006c933271 1067669bca86482b8a206d3bf42950b7 2dfbf97916e642eca0f5563d36360fed - - default default] 10.0.0.56 "GET /v2.0/ports?device_id=d3283c44-4bda-4f2a-92df-a9588646b412 HTTP/1.1" status: 200 len: 1174 time: 0.0504892
2026-05-27 11:06:21.106 9 INFO neutron.wsgi [req-2a38b41d-720a-4a45-8603-d83d69c44611 req-8c50d68d-7a65-4a14-a19f-36cf7cc30b73 1067669bca86482b8a206d3bf42950b7 2dfbf97916e642eca0f5563d36360fed - - default default] 10.0.0.56 "GET /v2.0/security-groups?id=9e652103-0ef2-456f-9931-6942cc9184a3&fields=id&fields=name HTTP/1.1" status: 200 len: 312 time: 0.0490775
2026-05-27 11:06:21.119 9 INFO neutron.wsgi [req-a1c07ddb-b5dd-403c-8c93-1a161efe3af8 req-b2a4f909-9ea6-4796-8cb2-e77494e87807 550f482140ce4d6ab55c9081d4d64491 e3e7820d399b43fbab0527e2cceae616 - - default default] 10.0.0.56 "DELETE /v2.0/security-groups/0ddd686e-3773-4703-9585-ae19c0f644dc HTTP/1.1" status: 204 len: 173 time: 0.2228785
2026-05-27 11:06:21.126 9 INFO neutron.db.ovn_revision_numbers_db [None req-0e10093d-a44d-4633-90e8-73488939be7c f156e727909243b9870968a868813e0c bd51ec6f0a414299a23fead25be06b7d - - default default] Successfully bumped revision number for resource 06b43ac0-27c9-4201-926d-823db85bce85 (type: floatingips) to 2
2026-05-27 11:06:21.127 9 INFO neutron.db.l3_db [None req-0e10093d-a44d-4633-90e8-73488939be7c f156e727909243b9870968a868813e0c bd51ec6f0a414299a23fead25be06b7d - - default default] Floating IP 06b43ac0-27c9-4201-926d-823db85bce85 associated. External IP: 10.96.250.207, port: e617eb50-2bed-432b-b27d-c3ee3b09e23a.
2026-05-27 11:06:21.156 9 INFO neutron.wsgi [None req-0e10093d-a44d-4633-90e8-73488939be7c f156e727909243b9870968a868813e0c bd51ec6f0a414299a23fead25be06b7d - - default default] 10.0.0.84 "PUT /v2.0/floatingips/06b43ac0-27c9-4201-926d-823db85bce85 HTTP/1.1" status: 200 len: 1049 time: 1.5004225
2026-05-27 11:06:21.161 9 INFO neutron.api.v2.resource [req-94190e61-961d-4463-afa9-11608595c2a0 req-78d7e79c-1ee0-4e08-b79d-855c129a27af 550f482140ce4d6ab55c9081d4d64491 e3e7820d399b43fbab0527e2cceae616 - - default default] show failed (client error): The resource could not be found.
2026-05-27 11:06:21.162 9 INFO neutron.wsgi [req-94190e61-961d-4463-afa9-11608595c2a0 req-78d7e79c-1ee0-4e08-b79d-855c129a27af 550f482140ce4d6ab55c9081d4d64491 e3e7820d399b43fbab0527e2cceae616 - - default default] 10.0.0.56 "GET /v2.0/security-groups/0ddd686e-3773-4703-9585-ae19c0f644dc HTTP/1.1" status: 404 len: 352 time: 0.0219917
2026-05-27 11:06:21.233 9 INFO neutron.wsgi [req-7e4ad782-5998-4451-87ac-1a74742d5ea0 req-b1c3a7fe-d939-4720-ba82-1025fdf447d4 f156e727909243b9870968a868813e0c bd51ec6f0a414299a23fead25be06b7d - - default default] 10.0.0.56 "GET /v2.0/ports?device_id=90a47ae7-b981-4a4d-b473-33d40a97455d HTTP/1.1" status: 200 len: 1170 time: 0.0325961
2026-05-27 11:06:21.274 9 INFO neutron.wsgi [req-7e4ad782-5998-4451-87ac-1a74742d5ea0 req-9e4a66f8-f673-40b7-a405-2a503c582d30 f156e727909243b9870968a868813e0c bd51ec6f0a414299a23fead25be06b7d - - default default] 10.0.0.56 "GET /v2.0/security-groups?id=e0cda913-6e1c-4f84-a135-2beda8c657bd&fields=id&fields=name HTTP/1.1" status: 200 len: 313 time: 0.0322316
2026-05-27 11:06:21.278 9 INFO neutron.notifiers.nova [-] Nova event matching ['req-a743f058-3a26-4ac9-8a82-36766eb194f8'] response: {'name': 'network-changed', 'server_uuid': '90a47ae7-b981-4a4d-b473-33d40a97455d', 'tag': 'e617eb50-2bed-432b-b27d-c3ee3b09e23a', 'status': 'completed', 'code': 200}
2026-05-27 11:06:21.316 9 INFO neutron.wsgi [req-75aaeadd-5e9e-4708-bb47-92ef664996b5 req-bd85825e-13e2-4643-9377-68b0fb077137 550f482140ce4d6ab55c9081d4d64491 e3e7820d399b43fbab0527e2cceae616 - - default default] 10.0.0.56 "GET /v2.0/security-groups/776a5437-4071-4178-80e0-eeaf32dd9a5c HTTP/1.1" status: 200 len: 1879 time: 0.0267115
2026-05-27 11:06:21.348 9 INFO neutron.wsgi [req-c18a075d-109c-4318-9e17-78fe150b6b73 req-0b9a5c6d-1cf5-49c6-bf88-3638a1fd8b79 6ad2f9c6bd58468b8972b32735195f49 b40dde6a184a4253b6b0776f9cd0ff14 - - 953328afc94a4e639b890b596b2a54aa 953328afc94a4e639b890b596b2a54aa] 199.204.45.162 "GET /v2.0/ports?tenant_id=bd51ec6f0a414299a23fead25be06b7d&device_id=90a47ae7-b981-4a4d-b473-33d40a97455d HTTP/1.1" status: 200 len: 1409 time: 0.0448220
2026-05-27 11:06:21.426 9 INFO neutron.wsgi [req-c18a075d-109c-4318-9e17-78fe150b6b73 req-4f39678b-80ae-469c-bfea-02193b0dd0f7 6ad2f9c6bd58468b8972b32735195f49 b40dde6a184a4253b6b0776f9cd0ff14 - - 953328afc94a4e639b890b596b2a54aa 953328afc94a4e639b890b596b2a54aa] 199.204.45.162 "GET /v2.0/networks?id=dff5079b-f08b-4172-b420-9d043fcf8807 HTTP/1.1" status: 200 len: 974 time: 0.0705686
2026-05-27 11:06:21.504 9 INFO neutron.wsgi [req-75aaeadd-5e9e-4708-bb47-92ef664996b5 req-534bf8a4-36a0-40b8-b5c6-2fcefcad112c 550f482140ce4d6ab55c9081d4d64491 e3e7820d399b43fbab0527e2cceae616 - - default default] 10.0.0.56 "DELETE /v2.0/security-groups/776a5437-4071-4178-80e0-eeaf32dd9a5c HTTP/1.1" status: 204 len: 173 time: 0.1793437
2026-05-27 11:06:21.520 9 INFO neutron.wsgi [req-c18a075d-109c-4318-9e17-78fe150b6b73 req-f68c4387-748a-43e8-8dad-bfc043a89319 6ad2f9c6bd58468b8972b32735195f49 b40dde6a184a4253b6b0776f9cd0ff14 - - 953328afc94a4e639b890b596b2a54aa 953328afc94a4e639b890b596b2a54aa] 199.204.45.162 "GET /v2.0/floatingips?fixed_ip_address=10.100.0.9&port_id=e617eb50-2bed-432b-b27d-c3ee3b09e23a HTTP/1.1" status: 200 len: 1059 time: 0.0862818
2026-05-27 11:06:21.561 9 INFO neutron.api.v2.resource [req-5fe5c8c6-7425-45f5-911b-87331382c901 req-09c7b211-5312-41af-8478-d932bcf6a98e 550f482140ce4d6ab55c9081d4d64491 e3e7820d399b43fbab0527e2cceae616 - - default default] show failed (client error): The resource could not be found.
2026-05-27 11:06:21.562 9 INFO neutron.wsgi [req-5fe5c8c6-7425-45f5-911b-87331382c901 req-09c7b211-5312-41af-8478-d932bcf6a98e 550f482140ce4d6ab55c9081d4d64491 e3e7820d399b43fbab0527e2cceae616 - - default default] 10.0.0.56 "GET /v2.0/security-groups/776a5437-4071-4178-80e0-eeaf32dd9a5c HTTP/1.1" status: 404 len: 352 time: 0.0218847
2026-05-27 11:06:21.580 9 INFO neutron.wsgi [req-c18a075d-109c-4318-9e17-78fe150b6b73 req-db4156dd-dca3-45aa-ad0c-88dcb72c3c77 6ad2f9c6bd58468b8972b32735195f49 b40dde6a184a4253b6b0776f9cd0ff14 - - 953328afc94a4e639b890b596b2a54aa 953328afc94a4e639b890b596b2a54aa] 199.204.45.162 "GET /v2.0/subnets?id=f3a3aa76-53b0-4328-8021-0c5c23f88f73 HTTP/1.1" status: 200 len: 869 time: 0.0524757
2026-05-27 11:06:21.620 9 INFO neutron.wsgi [req-c18a075d-109c-4318-9e17-78fe150b6b73 req-aea0917e-b2c3-46fc-a336-ed4ce818e86e 6ad2f9c6bd58468b8972b32735195f49 b40dde6a184a4253b6b0776f9cd0ff14 - - 953328afc94a4e639b890b596b2a54aa 953328afc94a4e639b890b596b2a54aa] 199.204.45.162 "GET /v2.0/ports?network_id=dff5079b-f08b-4172-b420-9d043fcf8807&device_owner=network%3Adhcp HTTP/1.1" status: 200 len: 210 time: 0.0249574
2026-05-27 11:06:21.639 9 INFO neutron.wsgi [req-776cd960-80fb-41f1-8eaa-405cd78dc387 req-cacb1d3e-475b-4802-8011-58fbb1041834 1067669bca86482b8a206d3bf42950b7 2dfbf97916e642eca0f5563d36360fed - - default default] 10.0.0.56 "GET /v2.0/ports?device_id=d3283c44-4bda-4f2a-92df-a9588646b412 HTTP/1.1" status: 200 len: 1174 time: 0.0758119
2026-05-27 11:06:21.747 9 INFO neutron.wsgi [req-776cd960-80fb-41f1-8eaa-405cd78dc387 req-c9101c12-d3dd-479f-a229-df7753dbbd74 1067669bca86482b8a206d3bf42950b7 2dfbf97916e642eca0f5563d36360fed - - default default] 10.0.0.56 "GET /v2.0/security-groups?id=9e652103-0ef2-456f-9931-6942cc9184a3&fields=id&fields=name HTTP/1.1" status: 200 len: 312 time: 0.0898533
2026-05-27 11:06:21.750 9 INFO neutron.wsgi [req-c18a075d-109c-4318-9e17-78fe150b6b73 req-8503b2ec-21f9-4f41-bc35-d608b77d2598 6ad2f9c6bd58468b8972b32735195f49 b40dde6a184a4253b6b0776f9cd0ff14 - - 953328afc94a4e639b890b596b2a54aa 953328afc94a4e639b890b596b2a54aa] 199.204.45.162 "GET /v2.0/networks/dff5079b-f08b-4172-b420-9d043fcf8807?fields=segments HTTP/1.1" status: 200 len: 212 time: 0.1236334
2026-05-27 11:06:21.758 9 INFO neutron.wsgi [req-5643dc43-e7c7-40fb-a13c-fd71100dc003 req-7c2895ff-a6d9-40d8-a49a-77c962d742fe 550f482140ce4d6ab55c9081d4d64491 e3e7820d399b43fbab0527e2cceae616 - - default default] 10.0.0.56 "GET /v2.0/security-groups/29b33915-05cf-460a-9786-1373679423f1 HTTP/1.1" status: 200 len: 1881 time: 0.0403655
2026-05-27 11:06:21.808 9 INFO neutron.plugins.ml2.drivers.ovn.mech_driver.mech_driver [None req-ee35cc8e-2494-4aec-bb7d-18c8763f3d77 - - - - - -] OVN reports status down for port: e617eb50-2bed-432b-b27d-c3ee3b09e23a
2026-05-27 11:06:21.844 10 WARNING neutron.scheduler.dhcp_agent_scheduler [None req-4f4773fb-5caf-4ad6-883a-0804716bf803 a448f4e194cd4ed68377117628cfe78b 9f3e3981564f4273b34852c5c76bb948 - - default default] No more DHCP agents
2026-05-27 11:06:21.845 10 WARNING neutron.api.rpc.agentnotifiers.dhcp_rpc_agent_api [None req-4f4773fb-5caf-4ad6-883a-0804716bf803 a448f4e194cd4ed68377117628cfe78b 9f3e3981564f4273b34852c5c76bb948 - - default default] Unable to schedule network a3ee8540-47e3-48f2-b748-42333264c2e1: no agents available; will retry on subsequent port and subnet creation events.
2026-05-27 11:06:21.907 9 INFO neutron.wsgi [req-6d502889-70a6-4405-b179-37e1a9c1ae37 req-de7fa509-92bf-46be-a7fd-3dcbba117386 1067669bca86482b8a206d3bf42950b7 2dfbf97916e642eca0f5563d36360fed - - default default] 199.204.45.162 "GET /v2.0/ports?device_id=d3283c44-4bda-4f2a-92df-a9588646b412 HTTP/1.1" status: 200 len: 1174 time: 0.0833588
2026-05-27 11:06:21.925 9 INFO neutron.wsgi [req-f1357885-5559-407e-8fef-2ce52a37915b req-477d8210-e8a8-4a76-881a-ba3514249e07 f156e727909243b9870968a868813e0c bd51ec6f0a414299a23fead25be06b7d - - default default] 10.0.0.56 "GET /v2.0/ports?device_id=90a47ae7-b981-4a4d-b473-33d40a97455d HTTP/1.1" status: 200 len: 1170 time: 0.1003692
2026-05-27 11:06:21.937 9 INFO neutron.wsgi [req-c18a075d-109c-4318-9e17-78fe150b6b73 req-67f14284-1f7f-4f44-98fc-5da21670a850 6ad2f9c6bd58468b8972b32735195f49 b40dde6a184a4253b6b0776f9cd0ff14 - - 953328afc94a4e639b890b596b2a54aa 953328afc94a4e639b890b596b2a54aa] 199.204.45.162 "GET /v2.0/networks/dff5079b-f08b-4172-b420-9d043fcf8807?fields=provider%3Aphysical_network&fields=provider%3Anetwork_type HTTP/1.1" status: 200 len: 277 time: 0.1777079
2026-05-27 11:06:22.089 9 INFO neutron.wsgi [req-f1357885-5559-407e-8fef-2ce52a37915b req-c6d9ba80-570f-46b4-8a4e-db58ad6da724 f156e727909243b9870968a868813e0c bd51ec6f0a414299a23fead25be06b7d - - default default] 10.0.0.56 "GET /v2.0/security-groups?id=e0cda913-6e1c-4f84-a135-2beda8c657bd&fields=id&fields=name HTTP/1.1" status: 200 len: 313 time: 0.1560040
2026-05-27 11:06:22.223 10 INFO neutron.db.ovn_revision_numbers_db [None req-4f4773fb-5caf-4ad6-883a-0804716bf803 a448f4e194cd4ed68377117628cfe78b 9f3e3981564f4273b34852c5c76bb948 - - default default] Successfully bumped revision number for resource d153da65-c97e-4b40-aaf9-a83913528eae (type: ports) to 1
2026-05-27 11:06:22.360 9 INFO neutron.wsgi [req-5643dc43-e7c7-40fb-a13c-fd71100dc003 req-3c5994b4-1e35-43d1-82b2-4e55e8d6eaaa 550f482140ce4d6ab55c9081d4d64491 e3e7820d399b43fbab0527e2cceae616 - - default default] 10.0.0.56 "DELETE /v2.0/security-groups/29b33915-05cf-460a-9786-1373679423f1 HTTP/1.1" status: 204 len: 173 time: 0.5908089
2026-05-27 11:06:22.407 9 INFO neutron.wsgi [req-d3c0cbe4-1ab5-4213-85f5-f8e6458d5a2f req-af5992a0-a246-4b38-91c2-911300e85ea6 f156e727909243b9870968a868813e0c bd51ec6f0a414299a23fead25be06b7d - - default default] 199.204.45.162 "GET /v2.0/ports?device_id=90a47ae7-b981-4a4d-b473-33d40a97455d HTTP/1.1" status: 200 len: 1168 time: 0.2833416
2026-05-27 11:06:22.415 9 INFO neutron.api.v2.resource [req-c030e360-ad9f-411f-9bf8-432690c14909 req-f2d0d1fc-dbff-497e-992c-f31969c2d154 550f482140ce4d6ab55c9081d4d64491 e3e7820d399b43fbab0527e2cceae616 - - default default] show failed (client error): The resource could not be found.
2026-05-27 11:06:22.415 9 INFO neutron.wsgi [req-c030e360-ad9f-411f-9bf8-432690c14909 req-f2d0d1fc-dbff-497e-992c-f31969c2d154 550f482140ce4d6ab55c9081d4d64491 e3e7820d399b43fbab0527e2cceae616 - - default default] 10.0.0.56 "GET /v2.0/security-groups/29b33915-05cf-460a-9786-1373679423f1 HTTP/1.1" status: 404 len: 352 time: 0.0295842
2026-05-27 11:06:22.489 10 INFO neutron.notifiers.nova [-] Nova event matching ['req-3a0d1a97-34bb-461c-aba7-3fa02cfbea69'] response: {'name': 'network-changed', 'server_uuid': 'd3283c44-4bda-4f2a-92df-a9588646b412', 'tag': '0b016c4f-8f24-48df-9e8d-b27d213bfa82', 'status': 'completed', 'code': 200}
2026-05-27 11:06:22.537 9 INFO neutron.wsgi [req-e912896b-bf24-4819-b43e-2c2220ee187b req-dfb91a66-19fb-498b-aa05-d342bee8be95 550f482140ce4d6ab55c9081d4d64491 e3e7820d399b43fbab0527e2cceae616 - - default default] 10.0.0.56 "GET /v2.0/security-groups?tenant_id=e3e7820d399b43fbab0527e2cceae616 HTTP/1.1" status: 200 len: 3125 time: 0.0980535
2026-05-27 11:06:22.591 10 INFO neutron.wsgi [req-afbea5bc-abda-4052-8132-cebba2eac5e3 req-6bfbe26c-075f-44ea-98dd-bc420a1af817 6ad2f9c6bd58468b8972b32735195f49 b40dde6a184a4253b6b0776f9cd0ff14 - - 953328afc94a4e639b890b596b2a54aa 953328afc94a4e639b890b596b2a54aa] 199.204.45.162 "GET /v2.0/ports?tenant_id=2dfbf97916e642eca0f5563d36360fed&device_id=d3283c44-4bda-4f2a-92df-a9588646b412 HTTP/1.1" status: 200 len: 1413 time: 0.0775573
2026-05-27 11:06:22.647 9 INFO neutron.wsgi [req-e912896b-bf24-4819-b43e-2c2220ee187b req-cae358be-2cc4-4b03-a6b5-9909a2e40eae 550f482140ce4d6ab55c9081d4d64491 e3e7820d399b43fbab0527e2cceae616 - - default default] 10.0.0.56 "GET /v2.0/security-groups/d968a61c-f5f8-4899-9835-6e524ff9cd9f HTTP/1.1" status: 200 len: 3122 time: 0.0949256
2026-05-27 11:06:22.688 10 INFO neutron.wsgi [req-afbea5bc-abda-4052-8132-cebba2eac5e3 req-ff24b811-a452-4a62-b21e-2186e6412dd0 6ad2f9c6bd58468b8972b32735195f49 b40dde6a184a4253b6b0776f9cd0ff14 - - 953328afc94a4e639b890b596b2a54aa 953328afc94a4e639b890b596b2a54aa] 199.204.45.162 "GET /v2.0/networks?id=08ce0114-6ed1-4898-89c9-69ac4f5887a8 HTTP/1.1" status: 200 len: 977 time: 0.0818307
2026-05-27 11:06:22.741 9 INFO neutron.wsgi [req-e912896b-bf24-4819-b43e-2c2220ee187b req-b416c894-bc8b-48ab-a39e-bb49bafd25a1 550f482140ce4d6ab55c9081d4d64491 e3e7820d399b43fbab0527e2cceae616 - - default default] 10.0.0.56 "GET /v2.0/security-groups/d968a61c-f5f8-4899-9835-6e524ff9cd9f HTTP/1.1" status: 200 len: 3122 time: 0.0788951
2026-05-27 11:06:22.754 9 INFO neutron.db.ovn_revision_numbers_db [None req-ee35cc8e-2494-4aec-bb7d-18c8763f3d77 - - - - - -] Successfully bumped revision number for resource e617eb50-2bed-432b-b27d-c3ee3b09e23a (type: ports) to 5
2026-05-27 11:06:22.771 10 INFO neutron.wsgi [req-afbea5bc-abda-4052-8132-cebba2eac5e3 req-729a676c-7d95-4b15-a340-b3fcd7e8ad42 6ad2f9c6bd58468b8972b32735195f49 b40dde6a184a4253b6b0776f9cd0ff14 - - 953328afc94a4e639b890b596b2a54aa 953328afc94a4e639b890b596b2a54aa] 199.204.45.162 "GET /v2.0/floatingips?fixed_ip_address=10.100.0.12&port_id=0b016c4f-8f24-48df-9e8d-b27d213bfa82 HTTP/1.1" status: 200 len: 1060 time: 0.0756512
2026-05-27 11:06:22.790 9 INFO neutron.api.v2.resource [req-47752459-0d43-4c5b-a8ee-3a9f5bf20b3e req-de0fddd3-f423-4082-874c-2d59acec1359 550f482140ce4d6ab55c9081d4d64491 e3e7820d399b43fbab0527e2cceae616 - - default default] show failed (client error): The resource could not be found.
2026-05-27 11:06:22.791 9 INFO neutron.wsgi [req-47752459-0d43-4c5b-a8ee-3a9f5bf20b3e req-de0fddd3-f423-4082-874c-2d59acec1359 550f482140ce4d6ab55c9081d4d64491 e3e7820d399b43fbab0527e2cceae616 - - default default] 10.0.0.56 "GET /v2.0/security-groups/29b33915-05cf-460a-9786-1373679423f1 HTTP/1.1" status: 404 len: 352 time: 0.0179930
2026-05-27 11:06:22.836 10 INFO neutron.wsgi [req-afbea5bc-abda-4052-8132-cebba2eac5e3 req-7c608c48-7a6b-4f0d-a447-72f896542820 6ad2f9c6bd58468b8972b32735195f49 b40dde6a184a4253b6b0776f9cd0ff14 - - 953328afc94a4e639b890b596b2a54aa 953328afc94a4e639b890b596b2a54aa] 199.204.45.162 "GET /v2.0/subnets?id=90a4b8a2-c5a8-4686-9427-b8107b0ac5e2 HTTP/1.1" status: 200 len: 872 time: 0.0569861
2026-05-27 11:06:22.857 9 INFO neutron.api.v2.resource [req-848e729d-d530-4efe-a610-d7594f03d35f req-80735b1b-831c-4f55-963f-0b3ce0996555 550f482140ce4d6ab55c9081d4d64491 e3e7820d399b43fbab0527e2cceae616 - - default default] show failed (client error): The resource could not be found.
2026-05-27 11:06:22.858 9 INFO neutron.wsgi [req-848e729d-d530-4efe-a610-d7594f03d35f req-80735b1b-831c-4f55-963f-0b3ce0996555 550f482140ce4d6ab55c9081d4d64491 e3e7820d399b43fbab0527e2cceae616 - - default default] 10.0.0.56 "GET /v2.0/security-groups/776a5437-4071-4178-80e0-eeaf32dd9a5c HTTP/1.1" status: 404 len: 352 time: 0.0403678
