2026-05-27 11:09:25.409 9 INFO neutron.services.segments.plugin [-] Segment 87b26103-c41a-4a96-a030-a4ba2a58e4e9 resource provider not found; error: Placement Client Error (4xx): {"errors": [{"status": 404, "title": "Not Found", "detail": "The resource could not be found.\n\n No resource provider with uuid 87b26103-c41a-4a96-a030-a4ba2a58e4e9 found for delete ", "request_id": "req-509fdc9e-b418-4bcd-8885-86d711080bb2"}]}
2026-05-27 11:09:25.432 10 WARNING neutron_lib.context [None req-8c9bd3ab-c55a-4240-b2f9-c35ebafd2121 42d58979056a4c399d328aa984a5714f 97eae360cafd4e929662b46e91c3ce66 - - default default] Method 'is_advsvc' is deprecated since 2023.2 release (neutron-lib 3.8.0) and will be removed once support for the old RBAC API policies will be removed from Neutron. Please use method 'is_service_role' instead.
2026-05-27 11:09:25.701 9 INFO neutron.db.ovn_revision_numbers_db [None req-f5b9896f-f1de-4793-98be-f66a30255010 c0691106f4444cb7adef7b06bf26702c 790fbbe6b6384654a65bb31eb4bfac6f - - default default] Successfully bumped revision number for resource 68267a45-560e-4363-9e18-b29c6c06a78f (type: security_groups) to 1
2026-05-27 11:09:25.718 9 INFO neutron.db.ovn_revision_numbers_db [None req-f5b9896f-f1de-4793-98be-f66a30255010 c0691106f4444cb7adef7b06bf26702c 790fbbe6b6384654a65bb31eb4bfac6f - - default default] Successfully bumped revision number for resource 20307e6a-328b-44ee-a7e9-91db638fae18 (type: security_group_rules) to 0
2026-05-27 11:09:25.737 9 INFO neutron.db.ovn_revision_numbers_db [None req-f5b9896f-f1de-4793-98be-f66a30255010 c0691106f4444cb7adef7b06bf26702c 790fbbe6b6384654a65bb31eb4bfac6f - - default default] Successfully bumped revision number for resource 45460c63-2c15-418d-bef0-8ffe93c8d867 (type: security_group_rules) to 0
2026-05-27 11:09:25.757 9 INFO neutron.db.ovn_revision_numbers_db [None req-f5b9896f-f1de-4793-98be-f66a30255010 c0691106f4444cb7adef7b06bf26702c 790fbbe6b6384654a65bb31eb4bfac6f - - default default] Successfully bumped revision number for resource 69699407-515c-4afa-ba9d-d89145d203bd (type: security_group_rules) to 0
2026-05-27 11:09:25.772 9 INFO neutron.db.ovn_revision_numbers_db [None req-f5b9896f-f1de-4793-98be-f66a30255010 c0691106f4444cb7adef7b06bf26702c 790fbbe6b6384654a65bb31eb4bfac6f - - default default] Successfully bumped revision number for resource e9b9be75-96b5-4a0c-9c63-585c06346b3f (type: security_group_rules) to 0
2026-05-27 11:09:25.797 9 INFO neutron.wsgi [None req-f5b9896f-f1de-4793-98be-f66a30255010 c0691106f4444cb7adef7b06bf26702c 790fbbe6b6384654a65bb31eb4bfac6f - - default default] 10.0.0.84 "GET /v2.0/security-groups?tenant_id=515f2a2ee1f2454194f9ba233f869e71&name=default HTTP/1.1" status: 200 len: 3120 time: 0.2588100
2026-05-27 11:09:26.041 9 INFO neutron.wsgi [None req-63452e4f-f2f4-4d6f-a36f-bc343e1af070 c0691106f4444cb7adef7b06bf26702c 790fbbe6b6384654a65bb31eb4bfac6f - - default default] 10.0.0.84 "DELETE /v2.0/security-groups/68267a45-560e-4363-9e18-b29c6c06a78f HTTP/1.1" status: 204 len: 168 time: 0.2209890
2026-05-27 11:09:26.125 10 WARNING neutron.scheduler.dhcp_agent_scheduler [None req-8c9bd3ab-c55a-4240-b2f9-c35ebafd2121 42d58979056a4c399d328aa984a5714f 97eae360cafd4e929662b46e91c3ce66 - - default default] No more DHCP agents
2026-05-27 11:09:26.129 10 WARNING neutron.api.rpc.agentnotifiers.dhcp_rpc_agent_api [None req-8c9bd3ab-c55a-4240-b2f9-c35ebafd2121 42d58979056a4c399d328aa984a5714f 97eae360cafd4e929662b46e91c3ce66 - - default default] Unable to schedule network 889b54fb-2d9e-49fa-a546-7ad775c9e91b: no agents available; will retry on subsequent port and subnet creation events.
2026-05-27 11:09:26.183 10 INFO neutron.db.ovn_revision_numbers_db [None req-f6aff9c4-0276-4c35-af73-f37c538a8ac6 3253375837f449538cfc4a3000815db8 6fed4c251ce045e3b2cc14029977f570 - - default default] Successfully bumped revision number for resource 08ee5fdc-9c43-4ebc-bd6d-8975d4b24f81 (type: ports) to 2
2026-05-27 11:09:26.236 10 INFO neutron.db.ovn_revision_numbers_db [None req-f6aff9c4-0276-4c35-af73-f37c538a8ac6 3253375837f449538cfc4a3000815db8 6fed4c251ce045e3b2cc14029977f570 - - default default] Successfully bumped revision number for resource f1f4a184-9347-457e-b6d7-acc0c2ee5c61 (type: subnets) to 0
2026-05-27 11:09:26.256 10 INFO neutron.wsgi [None req-f6aff9c4-0276-4c35-af73-f37c538a8ac6 3253375837f449538cfc4a3000815db8 6fed4c251ce045e3b2cc14029977f570 - - default default] 10.0.0.84 "POST /v2.0/subnets HTTP/1.1" status: 201 len: 804 time: 1.1598082
2026-05-27 11:09:26.270 9 WARNING neutron_lib.context [None req-2dd823b2-4571-4813-8b73-140f9548eabf 3253375837f449538cfc4a3000815db8 6fed4c251ce045e3b2cc14029977f570 - - default default] Method 'is_advsvc' is deprecated since 2023.2 release (neutron-lib 3.8.0) and will be removed once support for the old RBAC API policies will be removed from Neutron. Please use method 'is_service_role' instead.
2026-05-27 11:09:26.307 10 INFO neutron.db.ovn_revision_numbers_db [None req-8c9bd3ab-c55a-4240-b2f9-c35ebafd2121 42d58979056a4c399d328aa984a5714f 97eae360cafd4e929662b46e91c3ce66 - - default default] Successfully bumped revision number for resource c2293cfb-db94-459e-baa1-68501b99dc94 (type: ports) to 1
2026-05-27 11:09:26.364 9 INFO neutron.db.segments_db [None req-2dd823b2-4571-4813-8b73-140f9548eabf 3253375837f449538cfc4a3000815db8 6fed4c251ce045e3b2cc14029977f570 - - default default] Added segment 074dc84d-5f55-45e8-bba8-923d65838d36 of type geneve for network 6eb1eb4e-34a8-4b1a-b117-54c5c993e48c
2026-05-27 11:09:26.589 9 INFO neutron.db.ovn_revision_numbers_db [None req-2dd823b2-4571-4813-8b73-140f9548eabf 3253375837f449538cfc4a3000815db8 6fed4c251ce045e3b2cc14029977f570 - - default default] Successfully bumped revision number for resource 6eb1eb4e-34a8-4b1a-b117-54c5c993e48c (type: networks) to 1
2026-05-27 11:09:26.815 9 WARNING neutron.scheduler.dhcp_agent_scheduler [None req-2dd823b2-4571-4813-8b73-140f9548eabf 3253375837f449538cfc4a3000815db8 6fed4c251ce045e3b2cc14029977f570 - - default default] No more DHCP agents
2026-05-27 11:09:26.817 9 WARNING neutron.api.rpc.agentnotifiers.dhcp_rpc_agent_api [None req-2dd823b2-4571-4813-8b73-140f9548eabf 3253375837f449538cfc4a3000815db8 6fed4c251ce045e3b2cc14029977f570 - - default default] Unable to schedule network 6eb1eb4e-34a8-4b1a-b117-54c5c993e48c: no agents available; will retry on subsequent port and subnet creation events.
2026-05-27 11:09:26.906 9 INFO neutron.db.ovn_revision_numbers_db [None req-2dd823b2-4571-4813-8b73-140f9548eabf 3253375837f449538cfc4a3000815db8 6fed4c251ce045e3b2cc14029977f570 - - default default] Successfully bumped revision number for resource 09046237-5110-437f-8855-18c4f4da8778 (type: ports) to 1
2026-05-27 11:09:26.931 9 INFO neutron.wsgi [None req-2dd823b2-4571-4813-8b73-140f9548eabf 3253375837f449538cfc4a3000815db8 6fed4c251ce045e3b2cc14029977f570 - - default default] 10.0.0.84 "POST /v2.0/networks HTTP/1.1" status: 201 len: 831 time: 0.6689520
2026-05-27 11:09:26.942 9 WARNING neutron_lib.context [None req-ab01bf15-dfd0-4ac1-9b79-8ca2a1463d4a 3253375837f449538cfc4a3000815db8 6fed4c251ce045e3b2cc14029977f570 - - default default] Method 'is_advsvc' is deprecated since 2023.2 release (neutron-lib 3.8.0) and will be removed once support for the old RBAC API policies will be removed from Neutron. Please use method 'is_service_role' instead.
2026-05-27 11:09:27.175 9 WARNING neutron.scheduler.dhcp_agent_scheduler [None req-ab01bf15-dfd0-4ac1-9b79-8ca2a1463d4a 3253375837f449538cfc4a3000815db8 6fed4c251ce045e3b2cc14029977f570 - - default default] No more DHCP agents
2026-05-27 11:09:27.177 9 WARNING neutron.api.rpc.agentnotifiers.dhcp_rpc_agent_api [None req-ab01bf15-dfd0-4ac1-9b79-8ca2a1463d4a 3253375837f449538cfc4a3000815db8 6fed4c251ce045e3b2cc14029977f570 - - default default] Unable to schedule network 6eb1eb4e-34a8-4b1a-b117-54c5c993e48c: no agents available; will retry on subsequent port and subnet creation events.
2026-05-27 11:09:27.411 10 INFO neutron.plugins.ml2.drivers.ovn.mech_driver.ovsdb.commands [None req-175e2eae-dcfb-464b-996d-63bd75074605 - - - - - -] Schedule LRP lrp-c2293cfb-db94-459e-baa1-68501b99dc94 on gateway 48f831bc-71ac-432d-a82d-4d8b8361e013 with priority 1
2026-05-27 11:09:27.456 10 INFO neutron.db.ovn_revision_numbers_db [None req-8c9bd3ab-c55a-4240-b2f9-c35ebafd2121 42d58979056a4c399d328aa984a5714f 97eae360cafd4e929662b46e91c3ce66 - - default default] Successfully bumped revision number for resource c2293cfb-db94-459e-baa1-68501b99dc94 (type: router_ports) to 1
2026-05-27 11:09:27.532 10 INFO neutron.db.ovn_revision_numbers_db [None req-8c9bd3ab-c55a-4240-b2f9-c35ebafd2121 42d58979056a4c399d328aa984a5714f 97eae360cafd4e929662b46e91c3ce66 - - default default] Successfully bumped revision number for resource 6852d472-655f-4e1d-bf05-888891eba7f1 (type: routers) to 2
2026-05-27 11:09:27.551 10 INFO neutron.wsgi [None req-8c9bd3ab-c55a-4240-b2f9-c35ebafd2121 42d58979056a4c399d328aa984a5714f 97eae360cafd4e929662b46e91c3ce66 - - default default] 10.0.0.84 "POST /v2.0/routers HTTP/1.1" status: 201 len: 1146 time: 2.1279027
2026-05-27 11:09:27.625 10 INFO neutron.wsgi [None req-28b0ab30-2a31-4e91-b6eb-c32b6d0f94a9 42d58979056a4c399d328aa984a5714f 97eae360cafd4e929662b46e91c3ce66 - - default default] 10.0.0.84 "GET /v2.0/routers/6852d472-655f-4e1d-bf05-888891eba7f1 HTTP/1.1" status: 200 len: 1147 time: 0.0693836
2026-05-27 11:09:27.673 9 INFO neutron.db.ovn_revision_numbers_db [None req-ab01bf15-dfd0-4ac1-9b79-8ca2a1463d4a 3253375837f449538cfc4a3000815db8 6fed4c251ce045e3b2cc14029977f570 - - default default] Successfully bumped revision number for resource 09046237-5110-437f-8855-18c4f4da8778 (type: ports) to 2
2026-05-27 11:09:27.709 9 INFO neutron.db.ovn_revision_numbers_db [None req-ab01bf15-dfd0-4ac1-9b79-8ca2a1463d4a 3253375837f449538cfc4a3000815db8 6fed4c251ce045e3b2cc14029977f570 - - default default] Successfully bumped revision number for resource 85b191d1-1cd2-43ea-8cc3-96392bf7b6dc (type: subnets) to 0
2026-05-27 11:09:27.726 9 INFO neutron.wsgi [None req-ab01bf15-dfd0-4ac1-9b79-8ca2a1463d4a 3253375837f449538cfc4a3000815db8 6fed4c251ce045e3b2cc14029977f570 - - default default] 10.0.0.84 "POST /v2.0/subnets HTTP/1.1" status: 201 len: 804 time: 0.7893999
2026-05-27 11:09:27.757 10 INFO neutron.wsgi [None req-171dfd13-1688-4e98-87c6-ca52b0ac1d5c 42d58979056a4c399d328aa984a5714f 97eae360cafd4e929662b46e91c3ce66 - - default default] 10.0.0.84 "GET /v2.0/routers HTTP/1.1" status: 200 len: 1150 time: 0.1272192
2026-05-27 11:09:27.805 9 INFO neutron.wsgi [None req-d348da46-56cb-4c5c-b891-1a9616f12a32 3253375837f449538cfc4a3000815db8 6fed4c251ce045e3b2cc14029977f570 - - default default] 10.0.0.84 "PUT /v2.0/subnets/e785ca75-2587-4da0-be54-0cd45e55377a/tags HTTP/1.1" status: 200 len: 210 time: 0.0743463
2026-05-27 11:09:27.872 9 INFO neutron.wsgi [None req-728bcb94-abf9-4561-bbc3-fb177938469b 3253375837f449538cfc4a3000815db8 6fed4c251ce045e3b2cc14029977f570 - - default default] 10.0.0.84 "PUT /v2.0/subnets/804c048e-c1a9-4b24-95ee-13c687d815a6/tags HTTP/1.1" status: 200 len: 218 time: 0.0605044
2026-05-27 11:09:27.943 9 INFO neutron.wsgi [None req-96e95228-cb5e-4737-9076-da03061950b2 3253375837f449538cfc4a3000815db8 6fed4c251ce045e3b2cc14029977f570 - - default default] 10.0.0.84 "PUT /v2.0/subnets/7797e663-e867-430a-ac50-709fd3188bcf/tags HTTP/1.1" status: 200 len: 227 time: 0.0625546
2026-05-27 11:09:28.001 9 INFO neutron.wsgi [None req-a7cf9016-b274-428c-ab65-fb5c21178b79 3253375837f449538cfc4a3000815db8 6fed4c251ce045e3b2cc14029977f570 - - default default] 10.0.0.84 "PUT /v2.0/subnets/f1f4a184-9347-457e-b6d7-acc0c2ee5c61/tags HTTP/1.1" status: 200 len: 212 time: 0.0536349
2026-05-27 11:09:28.071 9 INFO neutron.wsgi [None req-eb553029-6d4d-4d00-ba1e-aee3fee6f713 3253375837f449538cfc4a3000815db8 6fed4c251ce045e3b2cc14029977f570 - - default default] 10.0.0.84 "GET /v2.0/subnets?tags=red HTTP/1.1" status: 200 len: 2027 time: 0.0641766
2026-05-27 11:09:28.375 10 INFO neutron.wsgi [None req-c9a9ff6e-03e6-4171-940c-c26f734831a8 3253375837f449538cfc4a3000815db8 6fed4c251ce045e3b2cc14029977f570 - - default default] 10.0.0.84 "GET /v2.0/subnets?tags=red%2Cblue HTTP/1.1" status: 200 len: 1430 time: 0.2980986
2026-05-27 11:09:28.420 10 WARNING neutron.plugins.ml2.drivers.ovn.mech_driver.ovsdb.ovn_client [None req-f0e4303d-c993-4742-80bd-99375a17e647 - - - - - -] No port found with ID 604671e4-0c06-427e-b9f8-471f790655ea: RuntimeError: No port found with ID 604671e4-0c06-427e-b9f8-471f790655ea
2026-05-27 11:09:28.421 10 INFO neutron.plugins.ml2.drivers.ovn.mech_driver.mech_driver [None req-f0e4303d-c993-4742-80bd-99375a17e647 - - - - - -] OVN reports status up for port: c2293cfb-db94-459e-baa1-68501b99dc94
2026-05-27 11:09:28.441 10 INFO neutron.plugins.ml2.plugin [None req-f0e4303d-c993-4742-80bd-99375a17e647 - - - - - -] Attempt 1 to provision port c2293cfb-db94-459e-baa1-68501b99dc94
2026-05-27 11:09:28.447 9 INFO neutron.wsgi [None req-f8b0dfac-bb3d-42a5-ac4d-02c0dde93ee0 3253375837f449538cfc4a3000815db8 6fed4c251ce045e3b2cc14029977f570 - - default default] 10.0.0.84 "GET /v2.0/subnets?tags-any=blue HTTP/1.1" status: 200 len: 1430 time: 0.0640986
2026-05-27 11:09:28.509 9 INFO neutron.wsgi [None req-6a1742ce-4ed8-468b-968f-235e0ea7c8e3 3253375837f449538cfc4a3000815db8 6fed4c251ce045e3b2cc14029977f570 - - default default] 10.0.0.84 "GET /v2.0/subnets?tags-any=red%2Cblue HTTP/1.1" status: 200 len: 2027 time: 0.0459130
2026-05-27 11:09:28.531 10 INFO neutron.db.ovn_revision_numbers_db [None req-83826321-71d3-4d30-8efd-8e13eb961d95 42d58979056a4c399d328aa984a5714f 97eae360cafd4e929662b46e91c3ce66 - - default default] Successfully bumped revision number for resource 6852d472-655f-4e1d-bf05-888891eba7f1 (type: routers) to 3
2026-05-27 11:09:28.547 10 INFO neutron.wsgi [None req-83826321-71d3-4d30-8efd-8e13eb961d95 42d58979056a4c399d328aa984a5714f 97eae360cafd4e929662b46e91c3ce66 - - default default] 10.0.0.84 "PUT /v2.0/routers/6852d472-655f-4e1d-bf05-888891eba7f1 HTTP/1.1" status: 200 len: 1154 time: 0.7853115
2026-05-27 11:09:28.585 10 INFO neutron.wsgi [None req-1bd82373-672e-4947-b164-68a592bf058a 3253375837f449538cfc4a3000815db8 6fed4c251ce045e3b2cc14029977f570 - - default default] 10.0.0.84 "GET /v2.0/subnets?not-tags=red HTTP/1.1" status: 200 len: 2018 time: 0.0701747
2026-05-27 11:09:28.651 9 INFO neutron.wsgi [None req-bc80f9f1-4711-407e-b122-e44be9312bc6 42d58979056a4c399d328aa984a5714f 97eae360cafd4e929662b46e91c3ce66 - - default default] 10.0.0.84 "GET /v2.0/routers/6852d472-655f-4e1d-bf05-888891eba7f1 HTTP/1.1" status: 200 len: 1154 time: 0.0933607
2026-05-27 11:09:28.659 10 INFO neutron.wsgi [None req-6021d898-5505-426d-9e44-4e5f1d81d157 3253375837f449538cfc4a3000815db8 6fed4c251ce045e3b2cc14029977f570 - - default default] 10.0.0.84 "GET /v2.0/subnets?not-tags=red%2Cblue HTTP/1.1" status: 200 len: 2615 time: 0.0687945
2026-05-27 11:09:28.678 9 INFO neutron.wsgi [None req-0deff0f4-d7bf-4659-b13f-378b07fa0c86 42d58979056a4c399d328aa984a5714f 97eae360cafd4e929662b46e91c3ce66 - - default default] 10.0.0.84 "GET /v2.0/ports?device_id=6852d472-655f-4e1d-bf05-888891eba7f1 HTTP/1.1" status: 200 len: 205 time: 0.0207539
2026-05-27 11:09:28.725 10 INFO neutron.wsgi [None req-068499a9-5b3b-4955-9f70-dd5d0755a2e6 3253375837f449538cfc4a3000815db8 6fed4c251ce045e3b2cc14029977f570 - - default default] 10.0.0.84 "GET /v2.0/subnets?not-tags-any=blue HTTP/1.1" status: 200 len: 2615 time: 0.0608866
2026-05-27 11:09:28.771 10 INFO neutron.wsgi [None req-ae28c249-c6c6-4d73-916d-952e895af014 3253375837f449538cfc4a3000815db8 6fed4c251ce045e3b2cc14029977f570 - - default default] 10.0.0.84 "GET /v2.0/subnets?not-tags-any=red%2Cblue HTTP/1.1" status: 200 len: 2018 time: 0.0400665
2026-05-27 11:09:28.990 10 INFO neutron.wsgi [None req-2fc2988d-a295-4762-be44-8543def16253 3253375837f449538cfc4a3000815db8 6fed4c251ce045e3b2cc14029977f570 - - default default] 10.0.0.84 "DELETE /v2.0/subnets/e785ca75-2587-4da0-be54-0cd45e55377a HTTP/1.1" status: 204 len: 168 time: 0.2119882
2026-05-27 11:09:29.279 9 INFO neutron.wsgi [None req-423a3a36-074c-4276-89a5-39e086574437 3253375837f449538cfc4a3000815db8 6fed4c251ce045e3b2cc14029977f570 - - default default] 10.0.0.84 "DELETE /v2.0/subnets/804c048e-c1a9-4b24-95ee-13c687d815a6 HTTP/1.1" status: 204 len: 168 time: 0.2833753
2026-05-27 11:09:29.471 10 WARNING neutron_lib.context [None req-5f82383c-045f-4604-9af2-7f084564d3ef 9b2b5ff7d4f9480aa6ba9a252138480f ecf6418a9cb14b52b629eacc7b657fc7 - - default default] Method 'is_advsvc' is deprecated since 2023.2 release (neutron-lib 3.8.0) and will be removed once support for the old RBAC API policies will be removed from Neutron. Please use method 'is_service_role' instead.
2026-05-27 11:09:29.584 9 INFO neutron.wsgi [None req-d32caf9d-459a-43e8-9d0f-792d42d86baf 3253375837f449538cfc4a3000815db8 6fed4c251ce045e3b2cc14029977f570 - - default default] 10.0.0.84 "DELETE /v2.0/subnets/7797e663-e867-430a-ac50-709fd3188bcf HTTP/1.1" status: 204 len: 168 time: 0.3003855
2026-05-27 11:09:29.659 10 INFO neutron.db.ovn_revision_numbers_db [None req-5f82383c-045f-4604-9af2-7f084564d3ef 9b2b5ff7d4f9480aa6ba9a252138480f ecf6418a9cb14b52b629eacc7b657fc7 - - default default] Successfully bumped revision number for resource 3f56c887-2935-48a7-8afb-5dad4a30bfcb (type: security_groups) to 1
2026-05-27 11:09:29.689 10 INFO neutron.db.ovn_revision_numbers_db [None req-5f82383c-045f-4604-9af2-7f084564d3ef 9b2b5ff7d4f9480aa6ba9a252138480f ecf6418a9cb14b52b629eacc7b657fc7 - - default default] Successfully bumped revision number for resource 19153d1b-1259-40ee-ace9-fd9e3f999c38 (type: security_group_rules) to 0
2026-05-27 11:09:29.727 10 INFO neutron.db.ovn_revision_numbers_db [None req-5f82383c-045f-4604-9af2-7f084564d3ef 9b2b5ff7d4f9480aa6ba9a252138480f ecf6418a9cb14b52b629eacc7b657fc7 - - default default] Successfully bumped revision number for resource 28c7136b-10f7-44f3-9c9b-9adce8cd8fbe (type: security_group_rules) to 0
2026-05-27 11:09:29.754 10 INFO neutron.db.ovn_revision_numbers_db [None req-5f82383c-045f-4604-9af2-7f084564d3ef 9b2b5ff7d4f9480aa6ba9a252138480f ecf6418a9cb14b52b629eacc7b657fc7 - - default default] Successfully bumped revision number for resource 9d2a495e-5f6c-4715-a8d3-299ee7d114b8 (type: security_group_rules) to 0
2026-05-27 11:09:29.789 10 INFO neutron.db.ovn_revision_numbers_db [None req-5f82383c-045f-4604-9af2-7f084564d3ef 9b2b5ff7d4f9480aa6ba9a252138480f ecf6418a9cb14b52b629eacc7b657fc7 - - default default] Successfully bumped revision number for resource fd89599b-79c2-47db-8ba2-9539ae74f8f9 (type: security_group_rules) to 0
2026-05-27 11:09:29.853 10 INFO neutron.db.segments_db [None req-5f82383c-045f-4604-9af2-7f084564d3ef 9b2b5ff7d4f9480aa6ba9a252138480f ecf6418a9cb14b52b629eacc7b657fc7 - - default default] Added segment 79dd8aaf-bcbc-461f-bbe2-ba7921bd01db of type geneve for network 17b56c07-235d-46f2-8b23-a0bb495e1bbf
2026-05-27 11:09:29.889 10 INFO neutron.wsgi [None req-d5c56197-81df-4e37-8f8a-c18a2cfd7464 3253375837f449538cfc4a3000815db8 6fed4c251ce045e3b2cc14029977f570 - - default default] 10.0.0.84 "DELETE /v2.0/subnets/f1f4a184-9347-457e-b6d7-acc0c2ee5c61 HTTP/1.1" status: 204 len: 168 time: 0.3002448
2026-05-27 11:09:30.031 9 INFO neutron.wsgi [None req-4e7de0a9-641e-4243-b10e-31b50e8ded3b 42d58979056a4c399d328aa984a5714f 97eae360cafd4e929662b46e91c3ce66 - - default default] 10.0.0.84 "DELETE /v2.0/routers/6852d472-655f-4e1d-bf05-888891eba7f1 HTTP/1.1" status: 204 len: 168 time: 1.3484352
2026-05-27 11:09:30.063 10 INFO neutron.db.ovn_revision_numbers_db [None req-5f82383c-045f-4604-9af2-7f084564d3ef 9b2b5ff7d4f9480aa6ba9a252138480f ecf6418a9cb14b52b629eacc7b657fc7 - - default default] Successfully bumped revision number for resource 17b56c07-235d-46f2-8b23-a0bb495e1bbf (type: networks) to 1
2026-05-27 11:09:30.067 10 INFO neutron.wsgi [None req-6aadf576-f474-4bf5-8950-ee3f67957a2a 42d58979056a4c399d328aa984a5714f 97eae360cafd4e929662b46e91c3ce66 - - default default] 10.0.0.84 "GET /v2.0/ports?device_id=6852d472-655f-4e1d-bf05-888891eba7f1 HTTP/1.1" status: 200 len: 205 time: 0.0288892
2026-05-27 11:09:30.102 9 INFO neutron.api.v2.resource [None req-6ce6d4ea-3b5f-4f87-8043-7024a8d65cbd 42d58979056a4c399d328aa984a5714f 97eae360cafd4e929662b46e91c3ce66 - - default default] delete failed (client error): The resource could not be found.
2026-05-27 11:09:30.104 9 INFO neutron.wsgi [None req-6ce6d4ea-3b5f-4f87-8043-7024a8d65cbd 42d58979056a4c399d328aa984a5714f 97eae360cafd4e929662b46e91c3ce66 - - default default] 10.0.0.84 "DELETE /v2.0/routers/6852d472-655f-4e1d-bf05-888891eba7f1 HTTP/1.1" status: 404 len: 336 time: 0.0309911
2026-05-27 11:09:30.131 9 INFO neutron.wsgi [None req-9d894bb1-d157-4dfd-af58-eae66f2c3bdf 42d58979056a4c399d328aa984a5714f 97eae360cafd4e929662b46e91c3ce66 - - default default] 10.0.0.84 "GET /v2.0/ports?device_id=3ff5c045-a950-44f9-b793-127714a4f752 HTTP/1.1" status: 200 len: 205 time: 0.0231056
2026-05-27 11:09:30.162 9 INFO neutron.api.v2.resource [None req-e2044634-d46e-40ee-aefb-ce838b81e5b3 42d58979056a4c399d328aa984a5714f 97eae360cafd4e929662b46e91c3ce66 - - default default] delete failed (client error): The resource could not be found.
2026-05-27 11:09:30.163 9 INFO neutron.wsgi [None req-e2044634-d46e-40ee-aefb-ce838b81e5b3 42d58979056a4c399d328aa984a5714f 97eae360cafd4e929662b46e91c3ce66 - - default default] 10.0.0.84 "DELETE /v2.0/routers/3ff5c045-a950-44f9-b793-127714a4f752 HTTP/1.1" status: 404 len: 336 time: 0.0247931
2026-05-27 11:09:30.184 9 INFO neutron.pecan_wsgi.hooks.translation [None req-3268f176-2df0-46da-83ee-a84688662bef 42d58979056a4c399d328aa984a5714f 97eae360cafd4e929662b46e91c3ce66 - - default default] DELETE failed (client error): The resource could not be found.
2026-05-27 11:09:30.186 9 INFO neutron.wsgi [None req-3268f176-2df0-46da-83ee-a84688662bef 42d58979056a4c399d328aa984a5714f 97eae360cafd4e929662b46e91c3ce66 - - default default] 10.0.0.84 "DELETE /v2.0/subnets/e404a444-df7d-4ec4-ae70-058a8b964367 HTTP/1.1" status: 404 len: 337 time: 0.0175478
2026-05-27 11:09:30.204 10 INFO neutron.wsgi [None req-0e795cae-42c4-43a6-96d1-4f57f97dfd20 3253375837f449538cfc4a3000815db8 6fed4c251ce045e3b2cc14029977f570 - - default default] 10.0.0.84 "DELETE /v2.0/subnets/85b191d1-1cd2-43ea-8cc3-96392bf7b6dc HTTP/1.1" status: 204 len: 168 time: 0.3101053
2026-05-27 11:09:30.211 9 INFO neutron.wsgi [None req-26d847cd-c216-413d-a803-4f6e3f9aa9f9 42d58979056a4c399d328aa984a5714f 97eae360cafd4e929662b46e91c3ce66 - - default default] 10.0.0.84 "GET /v2.0/ports?device_id=d39a1ee4-bd98-45db-8406-67d1f6ec862d HTTP/1.1" status: 200 len: 205 time: 0.0199232
2026-05-27 11:09:30.244 10 INFO neutron.api.v2.resource [None req-782d95c7-4b5c-4da4-ac58-3f375d993f81 42d58979056a4c399d328aa984a5714f 97eae360cafd4e929662b46e91c3ce66 - - default default] delete failed (client error): The resource could not be found.
2026-05-27 11:09:30.245 10 INFO neutron.wsgi [None req-782d95c7-4b5c-4da4-ac58-3f375d993f81 42d58979056a4c399d328aa984a5714f 97eae360cafd4e929662b46e91c3ce66 - - default default] 10.0.0.84 "DELETE /v2.0/routers/d39a1ee4-bd98-45db-8406-67d1f6ec862d HTTP/1.1" status: 404 len: 336 time: 0.0294983
2026-05-27 11:09:30.270 10 INFO neutron.pecan_wsgi.hooks.translation [None req-c7d341d7-6e68-46f0-afe4-edc63675cc61 42d58979056a4c399d328aa984a5714f 97eae360cafd4e929662b46e91c3ce66 - - default default] DELETE failed (client error): The resource could not be found.
2026-05-27 11:09:30.273 10 INFO neutron.wsgi [None req-c7d341d7-6e68-46f0-afe4-edc63675cc61 42d58979056a4c399d328aa984a5714f 97eae360cafd4e929662b46e91c3ce66 - - default default] 10.0.0.84 "DELETE /v2.0/subnets/8acb33a8-34d8-4982-8796-f7f309d77e1c HTTP/1.1" status: 404 len: 337 time: 0.0225768
2026-05-27 11:09:30.298 10 INFO neutron.wsgi [None req-09aa3016-a170-4825-897e-9b6a3c6610bb 42d58979056a4c399d328aa984a5714f 97eae360cafd4e929662b46e91c3ce66 - - default default] 10.0.0.84 "GET /v2.0/ports?device_id=e853638d-014c-4ce7-8aed-791f82ac3551 HTTP/1.1" status: 200 len: 205 time: 0.0197642
2026-05-27 11:09:30.313 10 WARNING neutron.scheduler.dhcp_agent_scheduler [None req-5f82383c-045f-4604-9af2-7f084564d3ef 9b2b5ff7d4f9480aa6ba9a252138480f ecf6418a9cb14b52b629eacc7b657fc7 - - default default] No more DHCP agents
2026-05-27 11:09:30.314 10 WARNING neutron.api.rpc.agentnotifiers.dhcp_rpc_agent_api [None req-5f82383c-045f-4604-9af2-7f084564d3ef 9b2b5ff7d4f9480aa6ba9a252138480f ecf6418a9cb14b52b629eacc7b657fc7 - - default default] Unable to schedule network 17b56c07-235d-46f2-8b23-a0bb495e1bbf: no agents available; will retry on subsequent port and subnet creation events.
2026-05-27 11:09:30.333 9 INFO neutron.api.v2.resource [None req-5af04afd-5ebf-484d-9f8f-9f482a27d6f8 42d58979056a4c399d328aa984a5714f 97eae360cafd4e929662b46e91c3ce66 - - default default] delete failed (client error): The resource could not be found.
2026-05-27 11:09:30.335 9 INFO neutron.wsgi [None req-5af04afd-5ebf-484d-9f8f-9f482a27d6f8 42d58979056a4c399d328aa984a5714f 97eae360cafd4e929662b46e91c3ce66 - - default default] 10.0.0.84 "DELETE /v2.0/routers/e853638d-014c-4ce7-8aed-791f82ac3551 HTTP/1.1" status: 404 len: 336 time: 0.0298655
2026-05-27 11:09:30.358 9 INFO neutron.pecan_wsgi.hooks.translation [None req-42fa50c3-ae39-454b-9043-d0ec9b1d3b22 42d58979056a4c399d328aa984a5714f 97eae360cafd4e929662b46e91c3ce66 - - default default] DELETE failed (client error): The resource could not be found.
2026-05-27 11:09:30.361 9 INFO neutron.wsgi [None req-42fa50c3-ae39-454b-9043-d0ec9b1d3b22 42d58979056a4c399d328aa984a5714f 97eae360cafd4e929662b46e91c3ce66 - - default default] 10.0.0.84 "DELETE /v2.0/subnets/81967635-8aec-4fe9-a0be-23ab81dc61eb HTTP/1.1" status: 404 len: 337 time: 0.0205390
2026-05-27 11:09:30.391 10 INFO neutron.pecan_wsgi.hooks.translation [None req-8a02fb97-8d4a-4e11-984a-069f27a515a0 42d58979056a4c399d328aa984a5714f 97eae360cafd4e929662b46e91c3ce66 - - default default] DELETE failed (client error): The resource could not be found.
2026-05-27 11:09:30.393 10 INFO neutron.wsgi [None req-8a02fb97-8d4a-4e11-984a-069f27a515a0 42d58979056a4c399d328aa984a5714f 97eae360cafd4e929662b46e91c3ce66 - - default default] 10.0.0.84 "DELETE /v2.0/subnets/c490b59b-0989-4ded-8c55-c9ab1e87e17d HTTP/1.1" status: 404 len: 337 time: 0.0267689
2026-05-27 11:09:30.412 10 INFO neutron.db.ovn_revision_numbers_db [None req-5f82383c-045f-4604-9af2-7f084564d3ef 9b2b5ff7d4f9480aa6ba9a252138480f ecf6418a9cb14b52b629eacc7b657fc7 - - default default] Successfully bumped revision number for resource 678315b1-2123-48ba-80d7-551b1e27fafb (type: ports) to 1
2026-05-27 11:09:30.434 10 INFO neutron.wsgi [None req-5f82383c-045f-4604-9af2-7f084564d3ef 9b2b5ff7d4f9480aa6ba9a252138480f ecf6418a9cb14b52b629eacc7b657fc7 - - default default] 10.0.0.84 "POST /v2.0/networks HTTP/1.1" status: 201 len: 830 time: 1.1542227
2026-05-27 11:09:30.517 9 INFO neutron.wsgi [None req-2553d91d-db5d-4c41-8ea6-766b2c8898e2 9b2b5ff7d4f9480aa6ba9a252138480f ecf6418a9cb14b52b629eacc7b657fc7 - - default default] 10.0.0.84 "PUT /v2.0/networks/17b56c07-235d-46f2-8b23-a0bb495e1bbf/tags HTTP/1.1" status: 200 len: 218 time: 0.0753963
2026-05-27 11:09:30.565 10 INFO neutron.wsgi [None req-ab576029-9e5d-4b52-a85d-84f3795eddc2 9b2b5ff7d4f9480aa6ba9a252138480f ecf6418a9cb14b52b629eacc7b657fc7 - - default default] 10.0.0.84 "GET /v2.0/networks/17b56c07-235d-46f2-8b23-a0bb495e1bbf/tags HTTP/1.1" status: 200 len: 218 time: 0.0426185
2026-05-27 11:09:30.629 10 INFO neutron.wsgi [None req-89fc04e5-46ac-4810-b1e0-ba74fe48c8e2 9b2b5ff7d4f9480aa6ba9a252138480f ecf6418a9cb14b52b629eacc7b657fc7 - - default default] 10.0.0.84 "PUT /v2.0/networks/17b56c07-235d-46f2-8b23-a0bb495e1bbf/tags/green HTTP/1.1" status: 201 len: 201 time: 0.0588484
2026-05-27 11:09:30.651 9 INFO neutron.services.segments.plugin [-] Segment 49235926-8b4a-45f5-a23b-a7e445513943 resource provider aggregate not found
2026-05-27 11:09:30.654 9 INFO neutron.services.segments.plugin [-] Segment 49235926-8b4a-45f5-a23b-a7e445513943 resource provider aggregate not found
2026-05-27 11:09:30.667 9 INFO neutron.services.segments.plugin [-] Segment 49235926-8b4a-45f5-a23b-a7e445513943 resource provider not found; error: Placement Client Error (4xx): {"errors": [{"status": 404, "title": "Not Found", "detail": "The resource could not be found.\n\n No resource provider with uuid 49235926-8b4a-45f5-a23b-a7e445513943 found for delete ", "request_id": "req-37f65546-be55-4be8-a975-ec6496851ef1"}]}
2026-05-27 11:09:30.677 9 INFO neutron.services.segments.plugin [-] Segment 49235926-8b4a-45f5-a23b-a7e445513943 resource provider not found; error: Placement Client Error (4xx): {"errors": [{"status": 404, "title": "Not Found", "detail": "The resource could not be found.\n\n No resource provider with uuid 49235926-8b4a-45f5-a23b-a7e445513943 found for delete ", "request_id": "req-d2151314-845a-41ed-8b00-98c6760660b7"}]}
2026-05-27 11:09:30.690 10 INFO neutron.wsgi [None req-6e3ad4c2-0001-451f-a997-ea3d81dd964d 9b2b5ff7d4f9480aa6ba9a252138480f ecf6418a9cb14b52b629eacc7b657fc7 - - default default] 10.0.0.84 "GET /v2.0/networks/17b56c07-235d-46f2-8b23-a0bb495e1bbf/tags HTTP/1.1" status: 200 len: 227 time: 0.0503051
2026-05-27 11:09:30.695 9 INFO neutron.wsgi [None req-26e42267-92ee-4e78-987c-7bcca36243c3 3253375837f449538cfc4a3000815db8 6fed4c251ce045e3b2cc14029977f570 - - default default] 10.0.0.84 "DELETE /v2.0/networks/b690d0f9-690a-44ce-b117-5031bbb8c29d HTTP/1.1" status: 204 len: 168 time: 0.4861829
2026-05-27 11:09:30.772 10 INFO neutron.wsgi [None req-ff646033-7727-46ae-a073-c23d21940a68 9b2b5ff7d4f9480aa6ba9a252138480f ecf6418a9cb14b52b629eacc7b657fc7 - - default default] 10.0.0.84 "PUT /v2.0/networks/17b56c07-235d-46f2-8b23-a0bb495e1bbf/tags/red HTTP/1.1" status: 201 len: 201 time: 0.0756686
2026-05-27 11:09:30.821 10 INFO neutron.wsgi [None req-8f36ef54-31a1-4a94-b0e5-4715d82c852e 9b2b5ff7d4f9480aa6ba9a252138480f ecf6418a9cb14b52b629eacc7b657fc7 - - default default] 10.0.0.84 "GET /v2.0/networks/17b56c07-235d-46f2-8b23-a0bb495e1bbf/tags HTTP/1.1" status: 200 len: 227 time: 0.0448148
2026-05-27 11:09:30.892 10 INFO neutron.wsgi [None req-3e125763-55a8-4112-967b-c2b86baf3f95 9b2b5ff7d4f9480aa6ba9a252138480f ecf6418a9cb14b52b629eacc7b657fc7 - - default default] 10.0.0.84 "PUT /v2.0/networks/17b56c07-235d-46f2-8b23-a0bb495e1bbf/tags/black.or.white HTTP/1.1" status: 201 len: 201 time: 0.0654950
2026-05-27 11:09:30.948 10 INFO neutron.wsgi [None req-ef4ccfef-498b-45d9-98b0-9b17f2682183 9b2b5ff7d4f9480aa6ba9a252138480f ecf6418a9cb14b52b629eacc7b657fc7 - - default default] 10.0.0.84 "GET /v2.0/networks/17b56c07-235d-46f2-8b23-a0bb495e1bbf/tags HTTP/1.1" status: 200 len: 245 time: 0.0517795
2026-05-27 11:09:31.024 10 INFO neutron.wsgi [None req-60bb7270-f7de-428b-b5fd-96c92a6300fa 9b2b5ff7d4f9480aa6ba9a252138480f ecf6418a9cb14b52b629eacc7b657fc7 - - default default] 10.0.0.84 "PUT /v2.0/networks/17b56c07-235d-46f2-8b23-a0bb495e1bbf/tags HTTP/1.1" status: 200 len: 230 time: 0.0696294
2026-05-27 11:09:31.035 10 INFO neutron.wsgi [None req-d68134ed-1b7d-48aa-9d00-0b763fc5bdab c0691106f4444cb7adef7b06bf26702c 790fbbe6b6384654a65bb31eb4bfac6f - - default default] 10.0.0.84 "GET /v2.0/security-groups?tenant_id=97eae360cafd4e929662b46e91c3ce66&name=default HTTP/1.1" status: 200 len: 3120 time: 0.1528509
2026-05-27 11:09:31.071 10 INFO neutron.wsgi [None req-e502a136-6119-4782-923c-e3262dd562f6 9b2b5ff7d4f9480aa6ba9a252138480f ecf6418a9cb14b52b629eacc7b657fc7 - - default default] 10.0.0.84 "GET /v2.0/networks/17b56c07-235d-46f2-8b23-a0bb495e1bbf/tags HTTP/1.1" status: 200 len: 230 time: 0.0425715
2026-05-27 11:09:31.121 9 INFO neutron.wsgi [None req-237ec090-3bdf-4176-9027-368626aebaa1 3253375837f449538cfc4a3000815db8 6fed4c251ce045e3b2cc14029977f570 - - default default] 10.0.0.84 "DELETE /v2.0/networks/ddf134f3-c1ce-4bcc-aafe-7efadc8f92b6 HTTP/1.1" status: 204 len: 168 time: 0.4207497
2026-05-27 11:09:31.126 10 INFO neutron.wsgi [None req-f94f473f-51d9-44af-9eb7-80e48b668004 9b2b5ff7d4f9480aa6ba9a252138480f ecf6418a9cb14b52b629eacc7b657fc7 - - default default] 10.0.0.84 "GET /v2.0/networks/17b56c07-235d-46f2-8b23-a0bb495e1bbf/tags/red HTTP/1.1" status: 204 len: 168 time: 0.0497451
2026-05-27 11:09:31.175 9 INFO neutron.api.v2.resource [None req-6353a2c6-4c4d-47df-8686-e39153c79eee 9b2b5ff7d4f9480aa6ba9a252138480f ecf6418a9cb14b52b629eacc7b657fc7 - - default default] show failed (client error): The resource could not be found.
2026-05-27 11:09:31.176 9 INFO neutron.wsgi [None req-6353a2c6-4c4d-47df-8686-e39153c79eee 9b2b5ff7d4f9480aa6ba9a252138480f ecf6418a9cb14b52b629eacc7b657fc7 - - default default] 10.0.0.84 "GET /v2.0/networks/17b56c07-235d-46f2-8b23-a0bb495e1bbf/tags/green HTTP/1.1" status: 404 len: 299 time: 0.0449913
2026-05-27 11:09:31.288 10 INFO neutron.wsgi [None req-284d6154-cf75-4cc8-bf25-540489f98298 c0691106f4444cb7adef7b06bf26702c 790fbbe6b6384654a65bb31eb4bfac6f - - default default] 10.0.0.26 "GET /v2.0/security-groups HTTP/1.1" status: 200 len: 26290 time: 0.1267869
2026-05-27 11:09:31.290 10 INFO neutron.wsgi [None req-c61825a3-dcd1-42fa-b8a7-6ea548b9e9de 9b2b5ff7d4f9480aa6ba9a252138480f ecf6418a9cb14b52b629eacc7b657fc7 - - default default] 10.0.0.84 "DELETE /v2.0/networks/17b56c07-235d-46f2-8b23-a0bb495e1bbf/tags/red HTTP/1.1" status: 204 len: 168 time: 0.1093519
2026-05-27 11:09:31.300 9 INFO neutron.wsgi [None req-e6b06f51-46fc-499b-8611-1a34d176353b c0691106f4444cb7adef7b06bf26702c 790fbbe6b6384654a65bb31eb4bfac6f - - default default] 10.0.0.84 "DELETE /v2.0/security-groups/e80f8135-f0a7-4a4f-8313-42e9cecf4298 HTTP/1.1" status: 204 len: 168 time: 0.2597754
2026-05-27 11:09:31.405 10 INFO neutron.wsgi [None req-683ac382-8f29-4ad4-a86a-7414b5584edb c0691106f4444cb7adef7b06bf26702c 790fbbe6b6384654a65bb31eb4bfac6f - - default default] 10.0.0.26 "GET /v2.0/ports HTTP/1.1" status: 200 len: 8855 time: 0.1015854
2026-05-27 11:09:31.415 10 INFO neutron.wsgi [None req-14ff6586-2643-43a8-963d-9a5039b68510 9b2b5ff7d4f9480aa6ba9a252138480f ecf6418a9cb14b52b629eacc7b657fc7 - - default default] 10.0.0.84 "GET /v2.0/networks/17b56c07-235d-46f2-8b23-a0bb495e1bbf/tags HTTP/1.1" status: 200 len: 223 time: 0.1178939
2026-05-27 11:09:31.457 10 INFO neutron.wsgi [None req-1293a923-628f-4150-8a2b-aa5a45b46634 c0691106f4444cb7adef7b06bf26702c 790fbbe6b6384654a65bb31eb4bfac6f - - default default] 10.0.0.26 "GET /v2.0/routers HTTP/1.1" status: 200 len: 189 time: 0.0322659
2026-05-27 11:09:31.464 9 INFO neutron.api.v2.resource [None req-67a359fe-97ed-4173-bed0-3b287dd7de4a 9b2b5ff7d4f9480aa6ba9a252138480f ecf6418a9cb14b52b629eacc7b657fc7 - - default default] delete failed (client error): The resource could not be found.
2026-05-27 11:09:31.466 9 INFO neutron.wsgi [None req-67a359fe-97ed-4173-bed0-3b287dd7de4a 9b2b5ff7d4f9480aa6ba9a252138480f ecf6418a9cb14b52b629eacc7b657fc7 - - default default] 10.0.0.84 "DELETE /v2.0/networks/17b56c07-235d-46f2-8b23-a0bb495e1bbf/tags/green HTTP/1.1" status: 404 len: 299 time: 0.0472288
2026-05-27 11:09:31.482 10 INFO neutron.wsgi [None req-06f9d4ef-97c2-4f3d-b40c-32cea237f479 c0691106f4444cb7adef7b06bf26702c 790fbbe6b6384654a65bb31eb4bfac6f - - default default] 10.0.0.26 "GET /v2.0/agents?binary=ovn-controller HTTP/1.1" status: 200 len: 591 time: 0.0243928
2026-05-27 11:09:31.505 10 INFO neutron.wsgi [None req-69b3adae-eea0-4874-b301-2a403cda168a c0691106f4444cb7adef7b06bf26702c 790fbbe6b6384654a65bb31eb4bfac6f - - default default] 10.0.0.26 "GET /v2.0/network-ip-availabilities HTTP/1.1" status: 200 len: 2349 time: 0.0191822
2026-05-27 11:09:31.533 9 INFO neutron.wsgi [None req-f03570bc-b60a-4006-be5d-b8465b4b5e78 9b2b5ff7d4f9480aa6ba9a252138480f ecf6418a9cb14b52b629eacc7b657fc7 - - default default] 10.0.0.84 "DELETE /v2.0/networks/17b56c07-235d-46f2-8b23-a0bb495e1bbf/tags HTTP/1.1" status: 204 len: 168 time: 0.0626402
2026-05-27 11:09:31.598 9 INFO neutron.wsgi [None req-7198bed6-b940-4d27-8dea-fe769648c304 9b2b5ff7d4f9480aa6ba9a252138480f ecf6418a9cb14b52b629eacc7b657fc7 - - default default] 10.0.0.84 "GET /v2.0/networks/17b56c07-235d-46f2-8b23-a0bb495e1bbf/tags HTTP/1.1" status: 200 len: 205 time: 0.0605395
2026-05-27 11:09:31.659 10 INFO neutron.wsgi [None req-0a761ea8-1d77-498d-871e-a4aa8fc3c876 c0691106f4444cb7adef7b06bf26702c 790fbbe6b6384654a65bb31eb4bfac6f - - default default] 10.0.0.26 "GET /v2.0/networks HTTP/1.1" status: 200 len: 5174 time: 0.1521168
2026-05-27 11:09:31.717 10 INFO neutron.wsgi [None req-14063bb0-8693-4d6c-8c27-b5c66bfb57f8 c0691106f4444cb7adef7b06bf26702c 790fbbe6b6384654a65bb31eb4bfac6f - - default default] 10.0.0.26 "GET /v2.0/subnets HTTP/1.1" status: 200 len: 1437 time: 0.0554092
2026-05-27 11:09:31.748 10 INFO neutron.wsgi [None req-947ce8ee-0923-4ac1-aade-a5501ad5ca2c c0691106f4444cb7adef7b06bf26702c 790fbbe6b6384654a65bb31eb4bfac6f - - default default] 10.0.0.26 "GET /v2.0/floatingips HTTP/1.1" status: 200 len: 193 time: 0.0290413
2026-05-27 11:09:31.765 10 INFO neutron.wsgi [None req-3c85caf6-1c50-44df-9847-fbf1e139c790 c0691106f4444cb7adef7b06bf26702c 790fbbe6b6384654a65bb31eb4bfac6f - - default default] 10.0.0.26 "GET /v2.0/agents HTTP/1.1" status: 200 len: 1390 time: 0.0141361
2026-05-27 11:09:31.804 10 INFO neutron.wsgi [None req-316a2152-6717-42f7-96ac-4bed6c17212b c0691106f4444cb7adef7b06bf26702c 790fbbe6b6384654a65bb31eb4bfac6f - - default default] 10.0.0.26 "GET /v2.0/subnets HTTP/1.1" status: 200 len: 1437 time: 0.0369804
2026-05-27 11:09:31.829 10 INFO neutron.wsgi [None req-b0614dcc-b69f-42bf-9a05-283073d601ae c0691106f4444cb7adef7b06bf26702c 790fbbe6b6384654a65bb31eb4bfac6f - - default default] 10.0.0.26 "GET /v2.0/subnetpools HTTP/1.1" status: 200 len: 193 time: 0.0236437
2026-05-27 11:09:31.862 10 INFO neutron.services.segments.plugin [-] Segment ed0c85a2-a208-40ac-b195-9863cff14255 resource provider aggregate not found
2026-05-27 11:09:31.873 10 INFO neutron.services.segments.plugin [-] Segment ed0c85a2-a208-40ac-b195-9863cff14255 resource provider aggregate not found
2026-05-27 11:09:31.883 10 INFO neutron.services.segments.plugin [-] Segment ed0c85a2-a208-40ac-b195-9863cff14255 resource provider not found; error: Placement Client Error (4xx): {"errors": [{"status": 404, "title": "Not Found", "detail": "The resource could not be found.\n\n No resource provider with uuid ed0c85a2-a208-40ac-b195-9863cff14255 found for delete ", "request_id": "req-fa643100-9def-4b37-bfa1-1376c0e2c60b"}]}
2026-05-27 11:09:31.893 10 INFO neutron.wsgi [None req-edb1d7c1-112b-41ea-8f1f-008add921275 3253375837f449538cfc4a3000815db8 6fed4c251ce045e3b2cc14029977f570 - - default default] 10.0.0.84 "DELETE /v2.0/networks/57900d0d-611f-4aae-b12a-5047f704718e HTTP/1.1" status: 204 len: 168 time: 0.7660189
2026-05-27 11:09:31.895 10 INFO neutron.services.segments.plugin [-] Segment ed0c85a2-a208-40ac-b195-9863cff14255 resource provider not found; error: Placement Client Error (4xx): {"errors": [{"status": 404, "title": "Not Found", "detail": "The resource could not be found.\n\n No resource provider with uuid ed0c85a2-a208-40ac-b195-9863cff14255 found for delete ", "request_id": "req-95b0db6d-e15c-40e9-9ed6-61d3877cf50b"}]}
2026-05-27 11:09:32.022 9 INFO neutron.wsgi [None req-eea162de-0fc9-488f-b385-a91adfef8344 9b2b5ff7d4f9480aa6ba9a252138480f ecf6418a9cb14b52b629eacc7b657fc7 - - default default] 10.0.0.84 "DELETE /v2.0/networks/17b56c07-235d-46f2-8b23-a0bb495e1bbf HTTP/1.1" status: 204 len: 168 time: 0.4190693
2026-05-27 11:09:32.534 10 INFO neutron.wsgi [None req-9f13f510-6c9f-4a5c-95eb-4fa2ce3362b5 3253375837f449538cfc4a3000815db8 6fed4c251ce045e3b2cc14029977f570 - - default default] 10.0.0.84 "DELETE /v2.0/networks/22c275e5-a92b-4842-ad88-3600635d9af4 HTTP/1.1" status: 204 len: 168 time: 0.6333227
2026-05-27 11:09:32.694 9 INFO neutron.services.segments.plugin [-] Segment ecc31447-1fbf-4e50-a066-4aaa5443c4c4 resource provider aggregate not found
2026-05-27 11:09:32.699 9 INFO neutron.services.segments.plugin [-] Segment ecc31447-1fbf-4e50-a066-4aaa5443c4c4 resource provider aggregate not found
2026-05-27 11:09:32.717 9 INFO neutron.services.segments.plugin [-] Segment ecc31447-1fbf-4e50-a066-4aaa5443c4c4 resource provider not found; error: Placement Client Error (4xx): {"errors": [{"status": 404, "title": "Not Found", "detail": "The resource could not be found.\n\n No resource provider with uuid ecc31447-1fbf-4e50-a066-4aaa5443c4c4 found for delete ", "request_id": "req-69c431c5-0087-4a38-80d6-e18346cb0058"}]}
2026-05-27 11:09:32.725 9 INFO neutron.services.segments.plugin [-] Segment ecc31447-1fbf-4e50-a066-4aaa5443c4c4 resource provider not found; error: Placement Client Error (4xx): {"errors": [{"status": 404, "title": "Not Found", "detail": "The resource could not be found.\n\n No resource provider with uuid ecc31447-1fbf-4e50-a066-4aaa5443c4c4 found for delete ", "request_id": "req-2e271f5b-563c-4b4f-a699-563403277c16"}]}
2026-05-27 11:09:32.737 9 INFO neutron.services.segments.plugin [-] Segment 79dd8aaf-bcbc-461f-bbe2-ba7921bd01db resource provider aggregate not found
2026-05-27 11:09:32.746 9 INFO neutron.services.segments.plugin [-] Segment 79dd8aaf-bcbc-461f-bbe2-ba7921bd01db resource provider aggregate not found
2026-05-27 11:09:32.754 9 INFO neutron.services.segments.plugin [-] Segment 79dd8aaf-bcbc-461f-bbe2-ba7921bd01db resource provider not found; error: Placement Client Error (4xx): {"errors": [{"status": 404, "title": "Not Found", "detail": "The resource could not be found.\n\n No resource provider with uuid 79dd8aaf-bcbc-461f-bbe2-ba7921bd01db found for delete ", "request_id": "req-f832e786-8455-43c1-a986-457afe0c1b78"}]}
2026-05-27 11:09:32.776 9 INFO neutron.services.segments.plugin [-] Segment 79dd8aaf-bcbc-461f-bbe2-ba7921bd01db resource provider not found; error: Placement Client Error (4xx): {"errors": [{"status": 404, "title": "Not Found", "detail": "The resource could not be found.\n\n No resource provider with uuid 79dd8aaf-bcbc-461f-bbe2-ba7921bd01db found for delete ", "request_id": "req-c645a392-d806-4392-984d-94ad895830d3"}]}
2026-05-27 11:09:32.816 9 INFO neutron.wsgi [None req-546689c7-2e48-4221-a579-38f9672088e2 c0691106f4444cb7adef7b06bf26702c 790fbbe6b6384654a65bb31eb4bfac6f - - default default] 10.0.0.84 "GET /v2.0/security-groups?tenant_id=ecf6418a9cb14b52b629eacc7b657fc7&name=default HTTP/1.1" status: 200 len: 3120 time: 0.2209957
2026-05-27 11:09:32.991 9 INFO neutron.wsgi [None req-6051482c-b59c-4543-bcfb-bf322f52d3b0 3253375837f449538cfc4a3000815db8 6fed4c251ce045e3b2cc14029977f570 - - default default] 10.0.0.84 "DELETE /v2.0/networks/6eb1eb4e-34a8-4b1a-b117-54c5c993e48c HTTP/1.1" status: 204 len: 168 time: 0.4508395
2026-05-27 11:09:33.041 10 INFO neutron.wsgi [None req-3d31219b-78ec-45ee-b520-d1278237bf33 c0691106f4444cb7adef7b06bf26702c 790fbbe6b6384654a65bb31eb4bfac6f - - default default] 10.0.0.84 "DELETE /v2.0/security-groups/3f56c887-2935-48a7-8afb-5dad4a30bfcb HTTP/1.1" status: 204 len: 168 time: 0.2187488
2026-05-27 11:09:33.369 9 WARNING neutron_lib.context [None req-dacb58e1-0bad-4d03-87c3-518d820209e8 c9d195076b034ad2a942e1f5797ebaa1 ef2f074527b44079867e3a5a97df7e24 - - default default] Method 'is_advsvc' is deprecated since 2023.2 release (neutron-lib 3.8.0) and will be removed once support for the old RBAC API policies will be removed from Neutron. Please use method 'is_service_role' instead.
2026-05-27 11:09:33.386 9 INFO neutron.db.ovn_revision_numbers_db [None req-7ee5e634-9065-47ac-951b-46e8423a7157 c0691106f4444cb7adef7b06bf26702c 790fbbe6b6384654a65bb31eb4bfac6f - - default default] Successfully bumped revision number for resource 6c082e0e-b7a6-4e34-ba5f-cc899e5bdc52 (type: security_groups) to 1
2026-05-27 11:09:33.400 9 INFO neutron.db.ovn_revision_numbers_db [None req-7ee5e634-9065-47ac-951b-46e8423a7157 c0691106f4444cb7adef7b06bf26702c 790fbbe6b6384654a65bb31eb4bfac6f - - default default] Successfully bumped revision number for resource b7160e17-4c4e-4a6a-8e9a-16fe1c833720 (type: security_group_rules) to 0
2026-05-27 11:09:33.421 9 INFO neutron.db.ovn_revision_numbers_db [None req-7ee5e634-9065-47ac-951b-46e8423a7157 c0691106f4444cb7adef7b06bf26702c 790fbbe6b6384654a65bb31eb4bfac6f - - default default] Successfully bumped revision number for resource c0d9a4a0-9195-4e7e-ba28-3bf992166733 (type: security_group_rules) to 0
2026-05-27 11:09:33.438 9 INFO neutron.db.ovn_revision_numbers_db [None req-7ee5e634-9065-47ac-951b-46e8423a7157 c0691106f4444cb7adef7b06bf26702c 790fbbe6b6384654a65bb31eb4bfac6f - - default default] Successfully bumped revision number for resource dd596c81-e452-43a7-8962-0fb43a823e80 (type: security_group_rules) to 0
2026-05-27 11:09:33.457 9 INFO neutron.db.ovn_revision_numbers_db [None req-7ee5e634-9065-47ac-951b-46e8423a7157 c0691106f4444cb7adef7b06bf26702c 790fbbe6b6384654a65bb31eb4bfac6f - - default default] Successfully bumped revision number for resource ecb0b449-7aed-42e5-a1d8-d88afe30a266 (type: security_group_rules) to 0
2026-05-27 11:09:33.483 9 INFO neutron.wsgi [None req-7ee5e634-9065-47ac-951b-46e8423a7157 c0691106f4444cb7adef7b06bf26702c 790fbbe6b6384654a65bb31eb4bfac6f - - default default] 10.0.0.84 "GET /v2.0/security-groups?tenant_id=08187a8d20044263aa0be21e808fb2c4&name=default HTTP/1.1" status: 200 len: 3120 time: 0.2184157
2026-05-27 11:09:33.512 9 INFO neutron.db.ovn_revision_numbers_db [None req-dacb58e1-0bad-4d03-87c3-518d820209e8 c9d195076b034ad2a942e1f5797ebaa1 ef2f074527b44079867e3a5a97df7e24 - - default default] Successfully bumped revision number for resource 2986e47b-b990-4d9a-8ef4-d515617239c9 (type: security_groups) to 1
2026-05-27 11:09:33.524 9 INFO neutron.db.ovn_revision_numbers_db [None req-dacb58e1-0bad-4d03-87c3-518d820209e8 c9d195076b034ad2a942e1f5797ebaa1 ef2f074527b44079867e3a5a97df7e24 - - default default] Successfully bumped revision number for resource 372f0c20-1023-4f22-a404-f6acce4e1f1d (type: security_group_rules) to 0
2026-05-27 11:09:33.538 9 INFO neutron.db.ovn_revision_numbers_db [None req-dacb58e1-0bad-4d03-87c3-518d820209e8 c9d195076b034ad2a942e1f5797ebaa1 ef2f074527b44079867e3a5a97df7e24 - - default default] Successfully bumped revision number for resource 7ddd8c48-be11-418a-98c5-90f6c8eae649 (type: security_group_rules) to 0
2026-05-27 11:09:33.565 9 INFO neutron.db.ovn_revision_numbers_db [None req-dacb58e1-0bad-4d03-87c3-518d820209e8 c9d195076b034ad2a942e1f5797ebaa1 ef2f074527b44079867e3a5a97df7e24 - - default default] Successfully bumped revision number for resource a90abdf5-f924-41ee-b71d-91e9b8beae97 (type: security_group_rules) to 0
2026-05-27 11:09:33.581 9 INFO neutron.db.ovn_revision_numbers_db [None req-dacb58e1-0bad-4d03-87c3-518d820209e8 c9d195076b034ad2a942e1f5797ebaa1 ef2f074527b44079867e3a5a97df7e24 - - default default] Successfully bumped revision number for resource f5cdac58-14bb-4c3f-b8e7-c16a136e0fa0 (type: security_group_rules) to 0
2026-05-27 11:09:33.682 9 INFO neutron.db.ovn_revision_numbers_db [None req-dacb58e1-0bad-4d03-87c3-518d820209e8 c9d195076b034ad2a942e1f5797ebaa1 ef2f074527b44079867e3a5a97df7e24 - - default default] Successfully bumped revision number for resource f233dde1-b1d4-4958-8dee-bc62f86d8e23 (type: security_groups) to 1
2026-05-27 11:09:33.697 9 INFO neutron.db.ovn_revision_numbers_db [None req-dacb58e1-0bad-4d03-87c3-518d820209e8 c9d195076b034ad2a942e1f5797ebaa1 ef2f074527b44079867e3a5a97df7e24 - - default default] Successfully bumped revision number for resource 95f83c4e-ce68-4acf-943e-69558c640d1a (type: security_group_rules) to 0
2026-05-27 11:09:33.714 9 INFO neutron.db.ovn_revision_numbers_db [None req-dacb58e1-0bad-4d03-87c3-518d820209e8 c9d195076b034ad2a942e1f5797ebaa1 ef2f074527b44079867e3a5a97df7e24 - - default default] Successfully bumped revision number for resource fd212aad-5a19-405c-b29a-dcb4107e3db3 (type: security_group_rules) to 0
2026-05-27 11:09:33.714 10 INFO neutron.wsgi [None req-1dab8435-c1d7-4b34-bad8-ed0be6b5dce5 c0691106f4444cb7adef7b06bf26702c 790fbbe6b6384654a65bb31eb4bfac6f - - default default] 10.0.0.84 "DELETE /v2.0/security-groups/6c082e0e-b7a6-4e34-ba5f-cc899e5bdc52 HTTP/1.1" status: 204 len: 168 time: 0.2256689
2026-05-27 11:09:33.734 9 INFO neutron.wsgi [None req-dacb58e1-0bad-4d03-87c3-518d820209e8 c9d195076b034ad2a942e1f5797ebaa1 ef2f074527b44079867e3a5a97df7e24 - - default default] 10.0.0.84 "POST /v2.0/security-groups HTTP/1.1" status: 201 len: 1824 time: 0.5710804
2026-05-27 11:09:33.790 10 INFO neutron.wsgi [None req-005e4a84-6e0d-41ae-a397-cc75f6e25f25 c9d195076b034ad2a942e1f5797ebaa1 ef2f074527b44079867e3a5a97df7e24 - - default default] 10.0.0.84 "GET /v2.0/security-groups HTTP/1.1" status: 200 len: 4724 time: 0.0513732
2026-05-27 11:09:33.841 10 WARNING neutron.plugins.ml2.drivers.ovn.mech_driver.ovsdb.ovn_client [None req-f0e4303d-c993-4742-80bd-99375a17e647 - - - - - -] No port found with ID c2293cfb-db94-459e-baa1-68501b99dc94: RuntimeError: No port found with ID c2293cfb-db94-459e-baa1-68501b99dc94
2026-05-27 11:09:33.906 10 INFO neutron.services.segments.plugin [-] Segment 0f58f9ab-7748-4207-b758-0150c4fc80f8 resource provider aggregate not found
2026-05-27 11:09:33.921 10 INFO neutron.services.segments.plugin [-] Segment 0f58f9ab-7748-4207-b758-0150c4fc80f8 resource provider not found; error: Placement Client Error (4xx): {"errors": [{"status": 404, "title": "Not Found", "detail": "The resource could not be found.\n\n No resource provider with uuid 0f58f9ab-7748-4207-b758-0150c4fc80f8 found for delete ", "request_id": "req-8ba7f4fb-c012-4c45-848c-ba4ecb19b6dd"}]}
2026-05-27 11:09:33.922 10 INFO neutron.db.ovn_revision_numbers_db [None req-d067d044-0805-4a75-a8e7-239d2d0c96c2 c9d195076b034ad2a942e1f5797ebaa1 ef2f074527b44079867e3a5a97df7e24 - - default default] Successfully bumped revision number for resource f233dde1-b1d4-4958-8dee-bc62f86d8e23 (type: security_groups) to 2
