2026-05-27 11:06:41.591 9 INFO neutron.db.ovn_revision_numbers_db [None req-130e64d2-328c-41fa-bfde-771b8271f263 c0691106f4444cb7adef7b06bf26702c 790fbbe6b6384654a65bb31eb4bfac6f - - default default] Successfully bumped revision number for resource 0dbb402b-85a3-483f-89b5-0b85ec20218d (type: security_group_rules) to 0
2026-05-27 11:06:41.596 9 INFO neutron.wsgi [None req-43862bf1-28a0-4a10-816a-e1fc7e87c7c0 74bc98f87fb24c8f9592393c72dd6896 3e3cf8ad759b4e74ba1518bb308ee7b7 - - default default] 10.0.0.84 "POST /v2.0/floatingips HTTP/1.1" status: 201 len: 751 time: 0.8266602
2026-05-27 11:06:41.621 9 INFO neutron.db.ovn_revision_numbers_db [None req-130e64d2-328c-41fa-bfde-771b8271f263 c0691106f4444cb7adef7b06bf26702c 790fbbe6b6384654a65bb31eb4bfac6f - - default default] Successfully bumped revision number for resource 44110642-0383-4569-86fe-ed62273113fc (type: security_group_rules) to 0
2026-05-27 11:06:41.655 9 INFO neutron.db.ovn_revision_numbers_db [None req-130e64d2-328c-41fa-bfde-771b8271f263 c0691106f4444cb7adef7b06bf26702c 790fbbe6b6384654a65bb31eb4bfac6f - - default default] Successfully bumped revision number for resource 56d673fc-89d4-4b7f-8d6e-94fbf086236f (type: security_group_rules) to 0
2026-05-27 11:06:41.683 9 INFO neutron.db.ovn_revision_numbers_db [None req-130e64d2-328c-41fa-bfde-771b8271f263 c0691106f4444cb7adef7b06bf26702c 790fbbe6b6384654a65bb31eb4bfac6f - - default default] Successfully bumped revision number for resource d20c22f7-da8b-4c3a-8cad-f6298423f6c2 (type: security_group_rules) to 0
2026-05-27 11:06:41.712 9 INFO neutron.wsgi [None req-130e64d2-328c-41fa-bfde-771b8271f263 c0691106f4444cb7adef7b06bf26702c 790fbbe6b6384654a65bb31eb4bfac6f - - default default] 10.0.0.84 "GET /v2.0/security-groups?tenant_id=a55f66397add4cc59637d0ffb6ea6ce4&name=default HTTP/1.1" status: 200 len: 3120 time: 0.5767689
2026-05-27 11:06:41.731 10 INFO neutron.db.ovn_revision_numbers_db [None req-5fa43fb0-42b9-4f88-96cc-5f39144a9cea - - - - - -] Successfully bumped revision number for resource df80018b-4aaf-4d61-b408-580bfd097cad (type: ports) to 2
2026-05-27 11:06:41.755 9 INFO neutron.db.ovn_revision_numbers_db [None req-ee35cc8e-2494-4aec-bb7d-18c8763f3d77 - - - - - -] Successfully bumped revision number for resource a3b3b190-63a8-4b52-a1ae-5f364be4fc46 (type: ports) to 2
2026-05-27 11:06:41.770 10 INFO neutron.db.ovn_revision_numbers_db [None req-a46c156b-a211-4ef8-b06e-2c1ed7f132d3 693091555f6740baafffaa2f7f4ea397 248d8773a23e46fa889f4d829e22ceae - - default default] Successfully bumped revision number for resource fd902e89-390d-47c5-97cd-3ff04331387c (type: security_group_rules) to 0
2026-05-27 11:06:41.821 10 INFO neutron.wsgi [None req-a46c156b-a211-4ef8-b06e-2c1ed7f132d3 693091555f6740baafffaa2f7f4ea397 248d8773a23e46fa889f4d829e22ceae - - default default] 10.0.0.84 "POST /v2.0/security-group-rules HTTP/1.1" status: 201 len: 796 time: 0.3197086
2026-05-27 11:06:41.833 9 WARNING neutron_lib.context [None req-a6858b07-0246-4b83-8d18-de21dc7f9561 693091555f6740baafffaa2f7f4ea397 248d8773a23e46fa889f4d829e22ceae - - default default] Method 'is_advsvc' is deprecated since 2023.2 release (neutron-lib 3.8.0) and will be removed once support for the old RBAC API policies will be removed from Neutron. Please use method 'is_service_role' instead.
2026-05-27 11:06:41.929 9 INFO neutron.db.ovn_revision_numbers_db [None req-ee35cc8e-2494-4aec-bb7d-18c8763f3d77 - - - - - -] Successfully bumped revision number for resource a3b3b190-63a8-4b52-a1ae-5f364be4fc46 (type: router_ports) to 2
2026-05-27 11:06:42.011 9 INFO neutron.db.ovn_revision_numbers_db [None req-a6858b07-0246-4b83-8d18-de21dc7f9561 693091555f6740baafffaa2f7f4ea397 248d8773a23e46fa889f4d829e22ceae - - default default] Successfully bumped revision number for resource 26c347e5-39ff-4aa2-9ee0-a0f9794b767a (type: security_group_rules) to 0
2026-05-27 11:06:42.033 9 WARNING neutron_lib.context [None req-3cb6e383-397a-4b08-8fdd-3e8e9f9830cd e380a0d07a9f4ad689f0afdbda852cfb dcbdc02cbf434f0ab120a3884de5c45d - - default default] Method 'is_advsvc' is deprecated since 2023.2 release (neutron-lib 3.8.0) and will be removed once support for the old RBAC API policies will be removed from Neutron. Please use method 'is_service_role' instead.
2026-05-27 11:06:42.034 9 WARNING neutron_lib.context [None req-3cb6e383-397a-4b08-8fdd-3e8e9f9830cd e380a0d07a9f4ad689f0afdbda852cfb dcbdc02cbf434f0ab120a3884de5c45d - - default default] Method 'is_advsvc' is deprecated since 2023.2 release (neutron-lib 3.8.0) and will be removed once support for the old RBAC API policies will be removed from Neutron. Please use method 'is_service_role' instead.
2026-05-27 11:06:42.057 9 INFO neutron.wsgi [None req-a6858b07-0246-4b83-8d18-de21dc7f9561 693091555f6740baafffaa2f7f4ea397 248d8773a23e46fa889f4d829e22ceae - - default default] 10.0.0.84 "POST /v2.0/security-group-rules HTTP/1.1" status: 201 len: 801 time: 0.2320666
2026-05-27 11:06:42.069 9 WARNING neutron_lib.context [None req-8aac9da6-3dc8-4cbd-b63b-b14e0e44b0d9 693091555f6740baafffaa2f7f4ea397 248d8773a23e46fa889f4d829e22ceae - - default default] Method 'is_advsvc' is deprecated since 2023.2 release (neutron-lib 3.8.0) and will be removed once support for the old RBAC API policies will be removed from Neutron. Please use method 'is_service_role' instead.
2026-05-27 11:06:42.106 9 INFO neutron.wsgi [req-1124ce7e-4974-4ca0-90ea-e7e557b80ba4 req-9bf4d4a3-3260-4cf8-9b00-371f4608664d 74bc98f87fb24c8f9592393c72dd6896 3e3cf8ad759b4e74ba1518bb308ee7b7 - - default default] 10.0.0.56 "GET /v2.0/security-groups?name=tempest-securitygroup--1627864591&fields=id&tenant_id=3e3cf8ad759b4e74ba1518bb308ee7b7 HTTP/1.1" status: 200 len: 267 time: 0.0683022
2026-05-27 11:06:42.232 9 INFO neutron.wsgi [req-1124ce7e-4974-4ca0-90ea-e7e557b80ba4 req-cfd02a18-540e-43d7-962e-b78a6e90586a 74bc98f87fb24c8f9592393c72dd6896 3e3cf8ad759b4e74ba1518bb308ee7b7 - - default default] 10.0.0.56 "GET /v2.0/networks?id=d690f945-97b0-4dfb-9144-88d3ec435be3 HTTP/1.1" status: 200 len: 869 time: 0.1121564
2026-05-27 11:06:42.259 9 INFO neutron.wsgi [req-1124ce7e-4974-4ca0-90ea-e7e557b80ba4 req-129d0287-237a-4479-a94a-24d08f1ab590 74bc98f87fb24c8f9592393c72dd6896 3e3cf8ad759b4e74ba1518bb308ee7b7 - - default default] 10.0.0.56 "GET /v2.0/quotas/3e3cf8ad759b4e74ba1518bb308ee7b7 HTTP/1.1" status: 200 len: 491 time: 0.0158927
2026-05-27 11:06:42.274 10 INFO neutron.wsgi [None req-403a86fd-24df-4e80-8dd1-a7c5bdd418d0 c0691106f4444cb7adef7b06bf26702c 790fbbe6b6384654a65bb31eb4bfac6f - - default default] 10.0.0.84 "DELETE /v2.0/security-groups/b7f2c53b-20eb-434f-bcb0-a8367f47e698 HTTP/1.1" status: 204 len: 168 time: 0.5566621
2026-05-27 11:06:42.381 9 INFO neutron.db.ovn_revision_numbers_db [None req-3cb6e383-397a-4b08-8fdd-3e8e9f9830cd e380a0d07a9f4ad689f0afdbda852cfb dcbdc02cbf434f0ab120a3884de5c45d - - default default] Successfully bumped revision number for resource e012b4b8-4c98-48a0-b3a4-a27f1fbc53ab (type: security_groups) to 1
2026-05-27 11:06:42.417 10 INFO neutron.db.ovn_revision_numbers_db [None req-5fa43fb0-42b9-4f88-96cc-5f39144a9cea - - - - - -] Successfully bumped revision number for resource df80018b-4aaf-4d61-b408-580bfd097cad (type: ports) to 4
2026-05-27 11:06:42.420 9 INFO neutron.db.ovn_revision_numbers_db [None req-3cb6e383-397a-4b08-8fdd-3e8e9f9830cd e380a0d07a9f4ad689f0afdbda852cfb dcbdc02cbf434f0ab120a3884de5c45d - - default default] Successfully bumped revision number for resource 8b8536db-6b4c-43d0-b436-aadd0ae3b2f7 (type: security_group_rules) to 0
2026-05-27 11:06:42.424 9 INFO neutron.wsgi [req-1124ce7e-4974-4ca0-90ea-e7e557b80ba4 req-9d92c366-8ab4-43f0-b9ef-b8c6eda40296 74bc98f87fb24c8f9592393c72dd6896 3e3cf8ad759b4e74ba1518bb308ee7b7 - - default default] 10.0.0.56 "GET /v2.0/ports?tenant_id=3e3cf8ad759b4e74ba1518bb308ee7b7&fields=id HTTP/1.1" status: 200 len: 302 time: 0.1578982
2026-05-27 11:06:42.448 9 INFO neutron.db.ovn_revision_numbers_db [None req-3cb6e383-397a-4b08-8fdd-3e8e9f9830cd e380a0d07a9f4ad689f0afdbda852cfb dcbdc02cbf434f0ab120a3884de5c45d - - default default] Successfully bumped revision number for resource afb0527f-72ce-40fb-9326-af927254cdd8 (type: security_group_rules) to 0
2026-05-27 11:06:42.489 9 INFO neutron.db.ovn_revision_numbers_db [None req-3cb6e383-397a-4b08-8fdd-3e8e9f9830cd e380a0d07a9f4ad689f0afdbda852cfb dcbdc02cbf434f0ab120a3884de5c45d - - default default] Successfully bumped revision number for resource b559da44-a710-4e4a-812c-58415b403eb2 (type: security_group_rules) to 0
2026-05-27 11:06:42.517 9 INFO neutron.db.ovn_revision_numbers_db [None req-3cb6e383-397a-4b08-8fdd-3e8e9f9830cd e380a0d07a9f4ad689f0afdbda852cfb dcbdc02cbf434f0ab120a3884de5c45d - - default default] Successfully bumped revision number for resource c8138ef5-4bb9-4efd-be95-73353642c123 (type: security_group_rules) to 0
2026-05-27 11:06:42.533 9 INFO neutron.wsgi [req-1124ce7e-4974-4ca0-90ea-e7e557b80ba4 req-94709a55-e51b-4750-b96d-4ab519e153e4 6ad2f9c6bd58468b8972b32735195f49 b40dde6a184a4253b6b0776f9cd0ff14 - - 953328afc94a4e639b890b596b2a54aa 953328afc94a4e639b890b596b2a54aa] 10.0.0.56 "GET /v2.0/networks/d690f945-97b0-4dfb-9144-88d3ec435be3?fields=segments HTTP/1.1" status: 200 len: 212 time: 0.0949779
2026-05-27 11:06:42.600 9 WARNING neutron.scheduler.dhcp_agent_scheduler [None req-8aac9da6-3dc8-4cbd-b63b-b14e0e44b0d9 693091555f6740baafffaa2f7f4ea397 248d8773a23e46fa889f4d829e22ceae - - default default] No more DHCP agents
2026-05-27 11:06:42.606 9 WARNING neutron.api.rpc.agentnotifiers.dhcp_rpc_agent_api [None req-8aac9da6-3dc8-4cbd-b63b-b14e0e44b0d9 693091555f6740baafffaa2f7f4ea397 248d8773a23e46fa889f4d829e22ceae - - default default] Unable to schedule network 889b54fb-2d9e-49fa-a546-7ad775c9e91b: no agents available; will retry on subsequent port and subnet creation events.
2026-05-27 11:06:42.645 9 INFO neutron.wsgi [req-1124ce7e-4974-4ca0-90ea-e7e557b80ba4 req-87a2e07f-289f-401a-8ad2-14602fcd9544 6ad2f9c6bd58468b8972b32735195f49 b40dde6a184a4253b6b0776f9cd0ff14 - - 953328afc94a4e639b890b596b2a54aa 953328afc94a4e639b890b596b2a54aa] 10.0.0.56 "GET /v2.0/networks/d690f945-97b0-4dfb-9144-88d3ec435be3?fields=provider%3Aphysical_network&fields=provider%3Anetwork_type HTTP/1.1" status: 200 len: 277 time: 0.1041334
2026-05-27 11:06:42.657 9 INFO neutron.db.segments_db [None req-3cb6e383-397a-4b08-8fdd-3e8e9f9830cd e380a0d07a9f4ad689f0afdbda852cfb dcbdc02cbf434f0ab120a3884de5c45d - - default default] Added segment 596e01b8-3a9a-4041-a6f0-1bb093ed215f of type geneve for network c6d70884-e7d7-4733-8649-3a228352a0b4
2026-05-27 11:06:42.662 10 INFO neutron.db.ovn_revision_numbers_db [None req-15033dbc-9d66-46f6-aa7e-45bacf0e9c98 c0691106f4444cb7adef7b06bf26702c 790fbbe6b6384654a65bb31eb4bfac6f - - default default] Successfully bumped revision number for resource 20a559a9-9356-4fd9-8b35-5ececbb63eab (type: security_groups) to 1
2026-05-27 11:06:42.692 10 INFO neutron.db.ovn_revision_numbers_db [None req-15033dbc-9d66-46f6-aa7e-45bacf0e9c98 c0691106f4444cb7adef7b06bf26702c 790fbbe6b6384654a65bb31eb4bfac6f - - default default] Successfully bumped revision number for resource 64d3ed6a-305b-432a-be95-de920c07783c (type: security_group_rules) to 0
2026-05-27 11:06:42.714 10 INFO neutron.db.ovn_revision_numbers_db [None req-15033dbc-9d66-46f6-aa7e-45bacf0e9c98 c0691106f4444cb7adef7b06bf26702c 790fbbe6b6384654a65bb31eb4bfac6f - - default default] Successfully bumped revision number for resource 6773979c-6128-41f7-989e-479ce7a87728 (type: security_group_rules) to 0
2026-05-27 11:06:42.744 10 INFO neutron.db.ovn_revision_numbers_db [None req-15033dbc-9d66-46f6-aa7e-45bacf0e9c98 c0691106f4444cb7adef7b06bf26702c 790fbbe6b6384654a65bb31eb4bfac6f - - default default] Successfully bumped revision number for resource 848d9280-9832-4801-8ebf-632d379abf57 (type: security_group_rules) to 0
2026-05-27 11:06:42.756 10 INFO neutron.db.ovn_revision_numbers_db [None req-5fa43fb0-42b9-4f88-96cc-5f39144a9cea - - - - - -] Successfully bumped revision number for resource df80018b-4aaf-4d61-b408-580bfd097cad (type: router_ports) to 4
2026-05-27 11:06:42.770 10 INFO neutron.db.ovn_revision_numbers_db [None req-15033dbc-9d66-46f6-aa7e-45bacf0e9c98 c0691106f4444cb7adef7b06bf26702c 790fbbe6b6384654a65bb31eb4bfac6f - - default default] Successfully bumped revision number for resource 9b72768d-a0de-43a7-b3a4-c37fcc030ec4 (type: security_group_rules) to 0
2026-05-27 11:06:42.797 10 INFO neutron.wsgi [None req-15033dbc-9d66-46f6-aa7e-45bacf0e9c98 c0691106f4444cb7adef7b06bf26702c 790fbbe6b6384654a65bb31eb4bfac6f - - default default] 10.0.0.84 "GET /v2.0/security-groups?tenant_id=9be74485c91e42d5a5c79262e6dcc77f&name=default HTTP/1.1" status: 200 len: 3120 time: 0.3395514
2026-05-27 11:06:42.996 9 INFO neutron.wsgi [req-f303d2b7-27e8-406f-af1d-d0eb584884b0 req-2bae7ae1-e819-4153-b593-f184addd1b6c 74bc98f87fb24c8f9592393c72dd6896 3e3cf8ad759b4e74ba1518bb308ee7b7 - - default default] 10.0.0.56 "GET /v2.0/ports?device_id=b7b6b035-ed2d-4efa-b54c-279cce639537 HTTP/1.1" status: 200 len: 210 time: 0.0372093
2026-05-27 11:06:43.034 10 INFO neutron.wsgi [None req-79a0987b-2dc1-4cbb-9e92-eca40e34dc5a c0691106f4444cb7adef7b06bf26702c 790fbbe6b6384654a65bb31eb4bfac6f - - default default] 10.0.0.84 "DELETE /v2.0/security-groups/20a559a9-9356-4fd9-8b35-5ececbb63eab HTTP/1.1" status: 204 len: 168 time: 0.2256086
2026-05-27 11:06:43.034 9 INFO neutron.db.segments_db [None req-3cb6e383-397a-4b08-8fdd-3e8e9f9830cd e380a0d07a9f4ad689f0afdbda852cfb dcbdc02cbf434f0ab120a3884de5c45d - - default default] Added segment 9de8b469-94ed-4f8f-9889-fa1b03b09d10 of type geneve for network f979af48-9d97-48b7-a2ce-e2e9dbbb4ba3
2026-05-27 11:06:43.230 9 INFO neutron.db.ovn_revision_numbers_db [None req-3cb6e383-397a-4b08-8fdd-3e8e9f9830cd e380a0d07a9f4ad689f0afdbda852cfb dcbdc02cbf434f0ab120a3884de5c45d - - default default] Successfully bumped revision number for resource c6d70884-e7d7-4733-8649-3a228352a0b4 (type: networks) to 1
2026-05-27 11:06:43.351 9 INFO neutron.wsgi [None req-8aac9da6-3dc8-4cbd-b63b-b14e0e44b0d9 693091555f6740baafffaa2f7f4ea397 248d8773a23e46fa889f4d829e22ceae - - default default] 10.0.0.84 "POST /v2.0/floatingips HTTP/1.1" status: 201 len: 751 time: 1.2873411
2026-05-27 11:06:43.550 9 WARNING neutron.scheduler.dhcp_agent_scheduler [None req-3cb6e383-397a-4b08-8fdd-3e8e9f9830cd e380a0d07a9f4ad689f0afdbda852cfb dcbdc02cbf434f0ab120a3884de5c45d - - default default] No more DHCP agents
2026-05-27 11:06:43.555 9 WARNING neutron.api.rpc.agentnotifiers.dhcp_rpc_agent_api [None req-3cb6e383-397a-4b08-8fdd-3e8e9f9830cd e380a0d07a9f4ad689f0afdbda852cfb dcbdc02cbf434f0ab120a3884de5c45d - - default default] Unable to schedule network c6d70884-e7d7-4733-8649-3a228352a0b4: no agents available; will retry on subsequent port and subnet creation events.
2026-05-27 11:06:43.569 9 INFO neutron.wsgi [req-1124ce7e-4974-4ca0-90ea-e7e557b80ba4 req-69783e2b-c8b9-4b9d-ad8d-f7b124f1aad2 74bc98f87fb24c8f9592393c72dd6896 3e3cf8ad759b4e74ba1518bb308ee7b7 - - default default] 199.204.45.162 "GET /v2.0/networks?id=d690f945-97b0-4dfb-9144-88d3ec435be3 HTTP/1.1" status: 200 len: 869 time: 0.0997438
2026-05-27 11:06:43.654 9 INFO neutron.wsgi [req-1124ce7e-4974-4ca0-90ea-e7e557b80ba4 req-757d679f-cdd4-47d8-b386-b452a3db4cfd 74bc98f87fb24c8f9592393c72dd6896 3e3cf8ad759b4e74ba1518bb308ee7b7 - - default default] 199.204.45.162 "GET /v2.0/security-groups?fields=id&fields=name&tenant_id=3e3cf8ad759b4e74ba1518bb308ee7b7 HTTP/1.1" status: 200 len: 380 time: 0.0790043
2026-05-27 11:06:43.668 9 WARNING neutron_lib.context [req-1124ce7e-4974-4ca0-90ea-e7e557b80ba4 req-e795ab55-afe0-4049-a485-764a99e7b531 74bc98f87fb24c8f9592393c72dd6896 3e3cf8ad759b4e74ba1518bb308ee7b7 - - default default] Method 'is_advsvc' is deprecated since 2023.2 release (neutron-lib 3.8.0) and will be removed once support for the old RBAC API policies will be removed from Neutron. Please use method 'is_service_role' instead.
2026-05-27 11:06:43.695 9 INFO neutron.db.ovn_revision_numbers_db [None req-3cb6e383-397a-4b08-8fdd-3e8e9f9830cd e380a0d07a9f4ad689f0afdbda852cfb dcbdc02cbf434f0ab120a3884de5c45d - - default default] Successfully bumped revision number for resource a143333e-3dbe-4471-8fe0-ff063da9fa29 (type: ports) to 1
2026-05-27 11:06:43.800 9 INFO neutron.db.ovn_revision_numbers_db [None req-3cb6e383-397a-4b08-8fdd-3e8e9f9830cd e380a0d07a9f4ad689f0afdbda852cfb dcbdc02cbf434f0ab120a3884de5c45d - - default default] Successfully bumped revision number for resource f979af48-9d97-48b7-a2ce-e2e9dbbb4ba3 (type: networks) to 1
2026-05-27 11:06:43.949 9 INFO neutron.wsgi [req-031af44c-b52d-479f-b6be-2a8db7a28f2f req-acc22620-ec22-46d9-af97-7746c2df156e 693091555f6740baafffaa2f7f4ea397 248d8773a23e46fa889f4d829e22ceae - - default default] 10.0.0.56 "GET /v2.0/security-groups?name=tempest-securitygroup--803865326&fields=id&tenant_id=248d8773a23e46fa889f4d829e22ceae HTTP/1.1" status: 200 len: 267 time: 0.1018705
2026-05-27 11:06:44.094 9 INFO neutron.wsgi [req-031af44c-b52d-479f-b6be-2a8db7a28f2f req-4ed2ad5f-4ae0-409f-aee8-10bf67acab91 693091555f6740baafffaa2f7f4ea397 248d8773a23e46fa889f4d829e22ceae - - default default] 10.0.0.56 "GET /v2.0/networks?id=32d828fd-b264-46a6-8063-fa0440024f74 HTTP/1.1" status: 200 len: 882 time: 0.1377566
2026-05-27 11:06:44.139 9 WARNING neutron.scheduler.dhcp_agent_scheduler [None req-3cb6e383-397a-4b08-8fdd-3e8e9f9830cd e380a0d07a9f4ad689f0afdbda852cfb dcbdc02cbf434f0ab120a3884de5c45d - - default default] No more DHCP agents
2026-05-27 11:06:44.141 9 INFO neutron.wsgi [req-031af44c-b52d-479f-b6be-2a8db7a28f2f req-f77246cf-1859-4562-8263-b5e873c60242 693091555f6740baafffaa2f7f4ea397 248d8773a23e46fa889f4d829e22ceae - - default default] 10.0.0.56 "GET /v2.0/quotas/248d8773a23e46fa889f4d829e22ceae HTTP/1.1" status: 200 len: 491 time: 0.0369246
2026-05-27 11:06:44.146 9 WARNING neutron.api.rpc.agentnotifiers.dhcp_rpc_agent_api [None req-3cb6e383-397a-4b08-8fdd-3e8e9f9830cd e380a0d07a9f4ad689f0afdbda852cfb dcbdc02cbf434f0ab120a3884de5c45d - - default default] Unable to schedule network f979af48-9d97-48b7-a2ce-e2e9dbbb4ba3: no agents available; will retry on subsequent port and subnet creation events.
2026-05-27 11:06:44.179 9 INFO neutron.wsgi [req-76a845bc-8ec0-4ae5-af18-6b30bc65b5fe req-38ad2cf7-1d6a-4155-87e7-0c458dd2d797 74bc98f87fb24c8f9592393c72dd6896 3e3cf8ad759b4e74ba1518bb308ee7b7 - - default default] 10.0.0.56 "GET /v2.0/ports?device_id=b7b6b035-ed2d-4efa-b54c-279cce639537 HTTP/1.1" status: 200 len: 210 time: 0.1097298
2026-05-27 11:06:44.319 9 INFO neutron.wsgi [req-031af44c-b52d-479f-b6be-2a8db7a28f2f req-41d7cab8-b597-41d5-a699-d9d3cdb180a0 693091555f6740baafffaa2f7f4ea397 248d8773a23e46fa889f4d829e22ceae - - default default] 10.0.0.56 "GET /v2.0/ports?tenant_id=248d8773a23e46fa889f4d829e22ceae&fields=id HTTP/1.1" status: 200 len: 302 time: 0.1662145
2026-05-27 11:06:44.324 9 INFO neutron.db.ovn_revision_numbers_db [None req-3cb6e383-397a-4b08-8fdd-3e8e9f9830cd e380a0d07a9f4ad689f0afdbda852cfb dcbdc02cbf434f0ab120a3884de5c45d - - default default] Successfully bumped revision number for resource d5f71b1e-c5b4-47f9-bb44-184e60417a6a (type: ports) to 1
2026-05-27 11:06:44.326 9 WARNING neutron.scheduler.dhcp_agent_scheduler [req-1124ce7e-4974-4ca0-90ea-e7e557b80ba4 req-e795ab55-afe0-4049-a485-764a99e7b531 74bc98f87fb24c8f9592393c72dd6896 3e3cf8ad759b4e74ba1518bb308ee7b7 - - default default] No more DHCP agents
2026-05-27 11:06:44.327 9 WARNING neutron.api.rpc.agentnotifiers.dhcp_rpc_agent_api [req-1124ce7e-4974-4ca0-90ea-e7e557b80ba4 req-e795ab55-afe0-4049-a485-764a99e7b531 74bc98f87fb24c8f9592393c72dd6896 3e3cf8ad759b4e74ba1518bb308ee7b7 - - default default] Unable to schedule network d690f945-97b0-4dfb-9144-88d3ec435be3: no agents available; will retry on subsequent port and subnet creation events. /var/lib/openstack/lib/python3.10/site-packages/pycadf/identifier.py:71: UserWarning: Invalid uuid: neutron. To ensure interoperability, identifiers should be a valid uuid. warnings.warn(('Invalid uuid: %s. To ensure interoperability, '
2026-05-27 11:06:44.378 9 INFO neutron.wsgi [None req-3cb6e383-397a-4b08-8fdd-3e8e9f9830cd e380a0d07a9f4ad689f0afdbda852cfb dcbdc02cbf434f0ab120a3884de5c45d - - default default] 10.0.0.84 "POST /v2.0/networks HTTP/1.1" status: 201 len: 1444 time: 2.4721000
2026-05-27 11:06:44.426 9 INFO neutron.wsgi [req-031af44c-b52d-479f-b6be-2a8db7a28f2f req-e277c97f-069f-4042-8eeb-e85fdb302dbd 6ad2f9c6bd58468b8972b32735195f49 b40dde6a184a4253b6b0776f9cd0ff14 - - 953328afc94a4e639b890b596b2a54aa 953328afc94a4e639b890b596b2a54aa] 10.0.0.56 "GET /v2.0/networks/32d828fd-b264-46a6-8063-fa0440024f74?fields=segments HTTP/1.1" status: 200 len: 212 time: 0.0909927
2026-05-27 11:06:44.494 10 INFO neutron.wsgi [None req-d8073c8a-e9f9-4bf4-ac3a-30b72f446949 e380a0d07a9f4ad689f0afdbda852cfb dcbdc02cbf434f0ab120a3884de5c45d - - default default] 10.0.0.84 "GET /v2.0/networks HTTP/1.1" status: 200 len: 2050 time: 0.1108723
2026-05-27 11:06:44.518 9 INFO neutron.wsgi [req-031af44c-b52d-479f-b6be-2a8db7a28f2f req-421debd4-26f2-4517-a160-84498d61cc28 6ad2f9c6bd58468b8972b32735195f49 b40dde6a184a4253b6b0776f9cd0ff14 - - 953328afc94a4e639b890b596b2a54aa 953328afc94a4e639b890b596b2a54aa] 10.0.0.56 "GET /v2.0/networks/32d828fd-b264-46a6-8063-fa0440024f74?fields=provider%3Aphysical_network&fields=provider%3Anetwork_type HTTP/1.1" status: 200 len: 277 time: 0.0865779
2026-05-27 11:06:44.572 9 INFO neutron.db.ovn_revision_numbers_db [req-1124ce7e-4974-4ca0-90ea-e7e557b80ba4 req-e795ab55-afe0-4049-a485-764a99e7b531 74bc98f87fb24c8f9592393c72dd6896 3e3cf8ad759b4e74ba1518bb308ee7b7 - - default default] Successfully bumped revision number for resource 820996eb-0e47-4d6c-b2d1-63a2cc9c1d05 (type: ports) to 1
2026-05-27 11:06:44.596 9 INFO neutron.wsgi [req-1124ce7e-4974-4ca0-90ea-e7e557b80ba4 req-e795ab55-afe0-4049-a485-764a99e7b531 74bc98f87fb24c8f9592393c72dd6896 3e3cf8ad759b4e74ba1518bb308ee7b7 - - default default] 199.204.45.162 "POST /v2.0/ports HTTP/1.1" status: 201 len: 1158 time: 0.9338069
2026-05-27 11:06:44.689 9 INFO neutron.wsgi [req-d7e0311f-92a8-4620-ae2d-8b8e37ec594c req-cfb6bbbb-c75d-4291-8744-1acc19779d4e 693091555f6740baafffaa2f7f4ea397 248d8773a23e46fa889f4d829e22ceae - - default default] 10.0.0.56 "GET /v2.0/ports?device_id=a3270047-0efe-4a94-8373-1358de09df2f HTTP/1.1" status: 200 len: 210 time: 0.0266469
2026-05-27 11:06:44.896 10 INFO neutron.services.segments.plugin [-] Segment 596e01b8-3a9a-4041-a6f0-1bb093ed215f resource provider aggregate not found
2026-05-27 11:06:44.903 10 INFO neutron.services.segments.plugin [-] Segment 596e01b8-3a9a-4041-a6f0-1bb093ed215f resource provider aggregate not found
2026-05-27 11:06:44.912 10 INFO neutron.services.segments.plugin [-] Segment 596e01b8-3a9a-4041-a6f0-1bb093ed215f resource provider not found; error: Placement Client Error (4xx): {"errors": [{"status": 404, "title": "Not Found", "detail": "The resource could not be found.\n\n No resource provider with uuid 596e01b8-3a9a-4041-a6f0-1bb093ed215f found for delete ", "request_id": "req-9a47a629-c21c-4869-9867-615f242e1873"}]}
2026-05-27 11:06:44.926 10 INFO neutron.wsgi [None req-c5d295bc-d7e8-4b64-a2c7-631284a0daa7 e380a0d07a9f4ad689f0afdbda852cfb dcbdc02cbf434f0ab120a3884de5c45d - - default default] 10.0.0.84 "DELETE /v2.0/networks/c6d70884-e7d7-4733-8649-3a228352a0b4 HTTP/1.1" status: 204 len: 168 time: 0.4264534
2026-05-27 11:06:44.928 10 INFO neutron.services.segments.plugin [-] Segment 596e01b8-3a9a-4041-a6f0-1bb093ed215f resource provider not found; error: Placement Client Error (4xx): {"errors": [{"status": 404, "title": "Not Found", "detail": "The resource could not be found.\n\n No resource provider with uuid 596e01b8-3a9a-4041-a6f0-1bb093ed215f found for delete ", "request_id": "req-2ca83b55-5027-4a5c-b55d-aa3c15f2c1f2"}]}
2026-05-27 11:06:45.197 9 INFO neutron.db.ovn_revision_numbers_db [req-1124ce7e-4974-4ca0-90ea-e7e557b80ba4 req-ba66b66c-6069-4bbf-b2c6-073b1aae9923 6ad2f9c6bd58468b8972b32735195f49 b40dde6a184a4253b6b0776f9cd0ff14 - - 953328afc94a4e639b890b596b2a54aa 953328afc94a4e639b890b596b2a54aa] Successfully bumped revision number for resource 820996eb-0e47-4d6c-b2d1-63a2cc9c1d05 (type: ports) to 2 /var/lib/openstack/lib/python3.10/site-packages/pycadf/identifier.py:71: UserWarning: Invalid uuid: neutron. To ensure interoperability, identifiers should be a valid uuid. warnings.warn(('Invalid uuid: %s. To ensure interoperability, '
2026-05-27 11:06:45.314 9 INFO neutron.wsgi [req-19db2821-8b6b-460a-8699-a827afe82524 req-f3eea631-a239-4f98-8ac2-65ee7deb4108 74bc98f87fb24c8f9592393c72dd6896 3e3cf8ad759b4e74ba1518bb308ee7b7 - - default default] 10.0.0.56 "GET /v2.0/ports?device_id=b7b6b035-ed2d-4efa-b54c-279cce639537 HTTP/1.1" status: 200 len: 1168 time: 0.0566120
2026-05-27 11:06:45.885 10 WARNING neutron.plugins.ml2.drivers.ovn.mech_driver.ovsdb.ovn_client [None req-f0e4303d-c993-4742-80bd-99375a17e647 - - - - - -] No hosting information found for port 56a29520-dcd8-4613-a91a-e8ab6182a5cb: RuntimeError: No hosting information found for port 56a29520-dcd8-4613-a91a-e8ab6182a5cb
2026-05-27 11:06:45.897 9 INFO neutron.wsgi [req-19db2821-8b6b-460a-8699-a827afe82524 req-e643281a-f6da-4b5a-9234-9dc1ed4f6d5c 74bc98f87fb24c8f9592393c72dd6896 3e3cf8ad759b4e74ba1518bb308ee7b7 - - default default] 10.0.0.56 "GET /v2.0/security-groups?id=d1e153a7-89ec-4013-a750-fb45ed934e1c&fields=id&fields=name HTTP/1.1" status: 200 len: 313 time: 0.5733545
2026-05-27 11:06:45.919 9 INFO neutron.wsgi [req-b916a2ed-cad5-4f37-88df-28697320175a req-818fa12d-400b-46d3-9e75-3f6d02fb37af 693091555f6740baafffaa2f7f4ea397 248d8773a23e46fa889f4d829e22ceae - - default default] 10.0.0.56 "GET /v2.0/ports?device_id=a3270047-0efe-4a94-8373-1358de09df2f HTTP/1.1" status: 200 len: 210 time: 0.0899031
2026-05-27 11:06:45.952 9 INFO neutron.wsgi [req-031af44c-b52d-479f-b6be-2a8db7a28f2f req-425b30b9-4fcf-4410-bb83-5d0c3f96d9f0 693091555f6740baafffaa2f7f4ea397 248d8773a23e46fa889f4d829e22ceae - - default default] 199.204.45.162 "GET /v2.0/networks?id=32d828fd-b264-46a6-8063-fa0440024f74 HTTP/1.1" status: 200 len: 882 time: 0.5846405 /var/lib/openstack/lib/python3.10/site-packages/pycadf/identifier.py:71: UserWarning: Invalid uuid: neutron. To ensure interoperability, identifiers should be a valid uuid. warnings.warn(('Invalid uuid: %s. To ensure interoperability, '
2026-05-27 11:06:45.995 9 INFO neutron.services.segments.plugin [-] Segment 9de8b469-94ed-4f8f-9889-fa1b03b09d10 resource provider aggregate not found
2026-05-27 11:06:46.005 9 INFO neutron.services.segments.plugin [-] Segment 9de8b469-94ed-4f8f-9889-fa1b03b09d10 resource provider aggregate not found
2026-05-27 11:06:46.023 9 INFO neutron.services.segments.plugin [-] Segment 9de8b469-94ed-4f8f-9889-fa1b03b09d10 resource provider not found; error: Placement Client Error (4xx): {"errors": [{"status": 404, "title": "Not Found", "detail": "The resource could not be found.\n\n No resource provider with uuid 9de8b469-94ed-4f8f-9889-fa1b03b09d10 found for delete ", "request_id": "req-8a7ef0d4-7f7b-4c6b-994e-b2cf5ff75603"}]}
2026-05-27 11:06:46.024 9 INFO neutron.services.segments.plugin [-] Segment 9de8b469-94ed-4f8f-9889-fa1b03b09d10 resource provider not found; error: Placement Client Error (4xx): {"errors": [{"status": 404, "title": "Not Found", "detail": "The resource could not be found.\n\n No resource provider with uuid 9de8b469-94ed-4f8f-9889-fa1b03b09d10 found for delete ", "request_id": "req-a4be212f-01fb-4c68-89e9-26423ef26646"}]}
2026-05-27 11:06:46.048 9 INFO neutron.wsgi [req-031af44c-b52d-479f-b6be-2a8db7a28f2f req-f6a6e832-6afb-4e6d-8ea5-9107cfacc647 693091555f6740baafffaa2f7f4ea397 248d8773a23e46fa889f4d829e22ceae - - default default] 199.204.45.162 "GET /v2.0/security-groups?fields=id&fields=name&tenant_id=248d8773a23e46fa889f4d829e22ceae HTTP/1.1" status: 200 len: 379 time: 0.0903530
2026-05-27 11:06:46.052 9 INFO neutron.db.ovn_revision_numbers_db [req-1124ce7e-4974-4ca0-90ea-e7e557b80ba4 req-ba66b66c-6069-4bbf-b2c6-073b1aae9923 6ad2f9c6bd58468b8972b32735195f49 b40dde6a184a4253b6b0776f9cd0ff14 - - 953328afc94a4e639b890b596b2a54aa 953328afc94a4e639b890b596b2a54aa] Successfully bumped revision number for resource 820996eb-0e47-4d6c-b2d1-63a2cc9c1d05 (type: ports) to 2
2026-05-27 11:06:46.057 9 INFO neutron.wsgi [None req-a4a1fd8c-2c3f-43ac-a80c-a21cb90a0e50 e380a0d07a9f4ad689f0afdbda852cfb dcbdc02cbf434f0ab120a3884de5c45d - - default default] 10.0.0.84 "DELETE /v2.0/networks/f979af48-9d97-48b7-a2ce-e2e9dbbb4ba3 HTTP/1.1" status: 204 len: 168 time: 1.1257048
2026-05-27 11:06:46.064 9 WARNING neutron_lib.context [req-031af44c-b52d-479f-b6be-2a8db7a28f2f req-dc6cc85b-0111-466a-8c38-24fe12f9bc0a 693091555f6740baafffaa2f7f4ea397 248d8773a23e46fa889f4d829e22ceae - - default default] Method 'is_advsvc' is deprecated since 2023.2 release (neutron-lib 3.8.0) and will be removed once support for the old RBAC API policies will be removed from Neutron. Please use method 'is_service_role' instead.
2026-05-27 11:06:46.098 9 INFO neutron.wsgi [req-1124ce7e-4974-4ca0-90ea-e7e557b80ba4 req-ba66b66c-6069-4bbf-b2c6-073b1aae9923 6ad2f9c6bd58468b8972b32735195f49 b40dde6a184a4253b6b0776f9cd0ff14 - - 953328afc94a4e639b890b596b2a54aa 953328afc94a4e639b890b596b2a54aa] 199.204.45.162 "PUT /v2.0/ports/820996eb-0e47-4d6c-b2d1-63a2cc9c1d05 HTTP/1.1" status: 200 len: 1376 time: 1.4956930
2026-05-27 11:06:46.159 9 INFO neutron.notifiers.nova [-] Nova event matching ['req-ccd7c66c-6e2e-4025-a192-3f40509921b9'] response: {'name': 'network-changed', 'server_uuid': 'b7b6b035-ed2d-4efa-b54c-279cce639537', 'tag': '820996eb-0e47-4d6c-b2d1-63a2cc9c1d05', 'status': 'completed', 'code': 200}
2026-05-27 11:06:46.176 10 INFO neutron.wsgi [None req-f27e4b1a-5fb7-43f2-ac33-8a42f8645d23 e380a0d07a9f4ad689f0afdbda852cfb dcbdc02cbf434f0ab120a3884de5c45d - - default default] 10.0.0.84 "GET /v2.0/networks HTTP/1.1" status: 200 len: 845 time: 0.1049695
2026-05-27 11:06:46.187 10 WARNING neutron_lib.context [None req-b1b400a0-5476-4ebe-b539-113efa1c766d e380a0d07a9f4ad689f0afdbda852cfb dcbdc02cbf434f0ab120a3884de5c45d - - default default] Method 'is_advsvc' is deprecated since 2023.2 release (neutron-lib 3.8.0) and will be removed once support for the old RBAC API policies will be removed from Neutron. Please use method 'is_service_role' instead.
2026-05-27 11:06:46.189 9 INFO neutron.wsgi [req-1124ce7e-4974-4ca0-90ea-e7e557b80ba4 req-2aad918e-fb8f-4d26-9ef7-bca9c4c2afee 6ad2f9c6bd58468b8972b32735195f49 b40dde6a184a4253b6b0776f9cd0ff14 - - 953328afc94a4e639b890b596b2a54aa 953328afc94a4e639b890b596b2a54aa] 199.204.45.162 "GET /v2.0/ports?tenant_id=3e3cf8ad759b4e74ba1518bb308ee7b7&device_id=b7b6b035-ed2d-4efa-b54c-279cce639537 HTTP/1.1" status: 200 len: 1407 time: 0.0572212
2026-05-27 11:06:46.223 9 INFO neutron.wsgi [req-1124ce7e-4974-4ca0-90ea-e7e557b80ba4 req-8dd82cbc-9fe7-455e-9937-0c830e20655a 6ad2f9c6bd58468b8972b32735195f49 b40dde6a184a4253b6b0776f9cd0ff14 - - 953328afc94a4e639b890b596b2a54aa 953328afc94a4e639b890b596b2a54aa] 199.204.45.162 "GET /v2.0/floatingips?fixed_ip_address=10.100.0.5&port_id=820996eb-0e47-4d6c-b2d1-63a2cc9c1d05 HTTP/1.1" status: 200 len: 217 time: 0.0249755
2026-05-27 11:06:46.270 9 INFO neutron.wsgi [req-1124ce7e-4974-4ca0-90ea-e7e557b80ba4 req-5ccb4d08-779c-41a4-8496-da45347f2cbd 6ad2f9c6bd58468b8972b32735195f49 b40dde6a184a4253b6b0776f9cd0ff14 - - 953328afc94a4e639b890b596b2a54aa 953328afc94a4e639b890b596b2a54aa] 199.204.45.162 "GET /v2.0/subnets?id=8b0efc9b-d083-4909-a07d-8e141517aed1 HTTP/1.1" status: 200 len: 863 time: 0.0413203
2026-05-27 11:06:46.284 10 INFO neutron.db.segments_db [None req-b1b400a0-5476-4ebe-b539-113efa1c766d e380a0d07a9f4ad689f0afdbda852cfb dcbdc02cbf434f0ab120a3884de5c45d - - default default] Added segment 19212c19-105a-4b83-b3eb-b8dbcd603038 of type geneve for network 91ed213b-0769-4705-9026-c75d79541424
2026-05-27 11:06:46.307 9 INFO neutron.wsgi [req-1124ce7e-4974-4ca0-90ea-e7e557b80ba4 req-44b9dab6-5af4-4341-9263-9eceb04a3ced 6ad2f9c6bd58468b8972b32735195f49 b40dde6a184a4253b6b0776f9cd0ff14 - - 953328afc94a4e639b890b596b2a54aa 953328afc94a4e639b890b596b2a54aa] 199.204.45.162 "GET /v2.0/ports?network_id=d690f945-97b0-4dfb-9144-88d3ec435be3&device_owner=network%3Adhcp HTTP/1.1" status: 200 len: 210 time: 0.0284839
2026-05-27 11:06:46.419 9 INFO neutron.wsgi [req-1124ce7e-4974-4ca0-90ea-e7e557b80ba4 req-8f9ee261-e737-4471-ada5-b37994d1842f 6ad2f9c6bd58468b8972b32735195f49 b40dde6a184a4253b6b0776f9cd0ff14 - - 953328afc94a4e639b890b596b2a54aa 953328afc94a4e639b890b596b2a54aa] 199.204.45.162 "GET /v2.0/networks/d690f945-97b0-4dfb-9144-88d3ec435be3?fields=segments HTTP/1.1" status: 200 len: 212 time: 0.1025116
2026-05-27 11:06:46.477 10 INFO neutron.db.ovn_revision_numbers_db [None req-b1b400a0-5476-4ebe-b539-113efa1c766d e380a0d07a9f4ad689f0afdbda852cfb dcbdc02cbf434f0ab120a3884de5c45d - - default default] Successfully bumped revision number for resource 91ed213b-0769-4705-9026-c75d79541424 (type: networks) to 1
2026-05-27 11:06:46.513 9 INFO neutron.wsgi [req-1124ce7e-4974-4ca0-90ea-e7e557b80ba4 req-78a6b0bc-50b9-4c0a-80d1-98be6443670e 6ad2f9c6bd58468b8972b32735195f49 b40dde6a184a4253b6b0776f9cd0ff14 - - 953328afc94a4e639b890b596b2a54aa 953328afc94a4e639b890b596b2a54aa] 199.204.45.162 "GET /v2.0/networks/d690f945-97b0-4dfb-9144-88d3ec435be3?fields=provider%3Aphysical_network&fields=provider%3Anetwork_type HTTP/1.1" status: 200 len: 277 time: 0.0895445 /var/lib/openstack/lib/python3.10/site-packages/pycadf/identifier.py:71: UserWarning: Invalid uuid: neutron. To ensure interoperability, identifiers should be a valid uuid. warnings.warn(('Invalid uuid: %s. To ensure interoperability, '
2026-05-27 11:06:46.600 9 WARNING neutron.scheduler.dhcp_agent_scheduler [req-031af44c-b52d-479f-b6be-2a8db7a28f2f req-dc6cc85b-0111-466a-8c38-24fe12f9bc0a 693091555f6740baafffaa2f7f4ea397 248d8773a23e46fa889f4d829e22ceae - - default default] No more DHCP agents
2026-05-27 11:06:46.604 9 WARNING neutron.api.rpc.agentnotifiers.dhcp_rpc_agent_api [req-031af44c-b52d-479f-b6be-2a8db7a28f2f req-dc6cc85b-0111-466a-8c38-24fe12f9bc0a 693091555f6740baafffaa2f7f4ea397 248d8773a23e46fa889f4d829e22ceae - - default default] Unable to schedule network 32d828fd-b264-46a6-8063-fa0440024f74: no agents available; will retry on subsequent port and subnet creation events.
2026-05-27 11:06:46.614 9 INFO neutron.wsgi [req-8e23d508-dc77-496b-8830-96434e3364c9 req-e94e3587-a05f-40ae-b171-234a2073489d 6ad2f9c6bd58468b8972b32735195f49 b40dde6a184a4253b6b0776f9cd0ff14 - - 953328afc94a4e639b890b596b2a54aa 953328afc94a4e639b890b596b2a54aa] 199.204.45.162 "GET /v2.0/ports?tenant_id=3e3cf8ad759b4e74ba1518bb308ee7b7&device_id=b7b6b035-ed2d-4efa-b54c-279cce639537 HTTP/1.1" status: 200 len: 1407 time: 0.0492158 /var/lib/openstack/lib/python3.10/site-packages/pycadf/identifier.py:71: UserWarning: Invalid uuid: neutron. To ensure interoperability, identifiers should be a valid uuid. warnings.warn(('Invalid uuid: %s. To ensure interoperability, '
2026-05-27 11:06:46.723 10 INFO neutron.plugins.ml2.drivers.ovn.mech_driver.mech_driver [None req-f0e4303d-c993-4742-80bd-99375a17e647 - - - - - -] OVN reports status up for port: 820996eb-0e47-4d6c-b2d1-63a2cc9c1d05
2026-05-27 11:06:46.729 9 INFO neutron.wsgi [req-8e23d508-dc77-496b-8830-96434e3364c9 req-de45be02-50ff-461d-b0e4-5b33c2a51e62 6ad2f9c6bd58468b8972b32735195f49 b40dde6a184a4253b6b0776f9cd0ff14 - - 953328afc94a4e639b890b596b2a54aa 953328afc94a4e639b890b596b2a54aa] 199.204.45.162 "GET /v2.0/networks?id=d690f945-97b0-4dfb-9144-88d3ec435be3 HTTP/1.1" status: 200 len: 968 time: 0.1095371
2026-05-27 11:06:46.743 10 INFO neutron.plugins.ml2.plugin [None req-f0e4303d-c993-4742-80bd-99375a17e647 - - - - - -] Attempt 1 to provision port 820996eb-0e47-4d6c-b2d1-63a2cc9c1d05
2026-05-27 11:06:46.761 9 INFO neutron.wsgi [req-8e23d508-dc77-496b-8830-96434e3364c9 req-1c187d34-a682-4555-9d36-f95e4ce3a1cf 6ad2f9c6bd58468b8972b32735195f49 b40dde6a184a4253b6b0776f9cd0ff14 - - 953328afc94a4e639b890b596b2a54aa 953328afc94a4e639b890b596b2a54aa] 199.204.45.162 "GET /v2.0/floatingips?fixed_ip_address=10.100.0.5&port_id=820996eb-0e47-4d6c-b2d1-63a2cc9c1d05 HTTP/1.1" status: 200 len: 217 time: 0.0232778
2026-05-27 11:06:46.787 10 WARNING neutron.scheduler.dhcp_agent_scheduler [None req-b1b400a0-5476-4ebe-b539-113efa1c766d e380a0d07a9f4ad689f0afdbda852cfb dcbdc02cbf434f0ab120a3884de5c45d - - default default] No more DHCP agents
2026-05-27 11:06:46.790 10 WARNING neutron.api.rpc.agentnotifiers.dhcp_rpc_agent_api [None req-b1b400a0-5476-4ebe-b539-113efa1c766d e380a0d07a9f4ad689f0afdbda852cfb dcbdc02cbf434f0ab120a3884de5c45d - - default default] Unable to schedule network 91ed213b-0769-4705-9026-c75d79541424: no agents available; will retry on subsequent port and subnet creation events.
2026-05-27 11:06:46.820 9 INFO neutron.wsgi [req-8e23d508-dc77-496b-8830-96434e3364c9 req-facfe5d2-927a-4b67-b24a-376785226137 6ad2f9c6bd58468b8972b32735195f49 b40dde6a184a4253b6b0776f9cd0ff14 - - 953328afc94a4e639b890b596b2a54aa 953328afc94a4e639b890b596b2a54aa] 199.204.45.162 "GET /v2.0/subnets?id=8b0efc9b-d083-4909-a07d-8e141517aed1 HTTP/1.1" status: 200 len: 863 time: 0.0507128
2026-05-27 11:06:46.849 9 INFO neutron.wsgi [req-8e23d508-dc77-496b-8830-96434e3364c9 req-40ee4b33-8824-48ba-9af6-fa82b19bfa7c 6ad2f9c6bd58468b8972b32735195f49 b40dde6a184a4253b6b0776f9cd0ff14 - - 953328afc94a4e639b890b596b2a54aa 953328afc94a4e639b890b596b2a54aa] 199.204.45.162 "GET /v2.0/ports?network_id=d690f945-97b0-4dfb-9144-88d3ec435be3&device_owner=network%3Adhcp HTTP/1.1" status: 200 len: 210 time: 0.0235851
2026-05-27 11:06:46.896 9 INFO neutron.db.ovn_revision_numbers_db [req-031af44c-b52d-479f-b6be-2a8db7a28f2f req-dc6cc85b-0111-466a-8c38-24fe12f9bc0a 693091555f6740baafffaa2f7f4ea397 248d8773a23e46fa889f4d829e22ceae - - default default] Successfully bumped revision number for resource e506e115-6b78-4a3d-92aa-b064e4fd94a6 (type: ports) to 1
2026-05-27 11:06:46.929 9 INFO neutron.wsgi [req-031af44c-b52d-479f-b6be-2a8db7a28f2f req-dc6cc85b-0111-466a-8c38-24fe12f9bc0a 693091555f6740baafffaa2f7f4ea397 248d8773a23e46fa889f4d829e22ceae - - default default] 199.204.45.162 "POST /v2.0/ports HTTP/1.1" status: 201 len: 1162 time: 0.8698206
2026-05-27 11:06:46.935 9 INFO neutron.wsgi [req-8e23d508-dc77-496b-8830-96434e3364c9 req-f73e2788-1b67-402a-959d-4dbbac8b9802 6ad2f9c6bd58468b8972b32735195f49 b40dde6a184a4253b6b0776f9cd0ff14 - - 953328afc94a4e639b890b596b2a54aa 953328afc94a4e639b890b596b2a54aa] 199.204.45.162 "GET /v2.0/networks/d690f945-97b0-4dfb-9144-88d3ec435be3?fields=segments HTTP/1.1" status: 200 len: 212 time: 0.0787861
2026-05-27 11:06:46.962 10 INFO neutron.db.ovn_revision_numbers_db [None req-b1b400a0-5476-4ebe-b539-113efa1c766d e380a0d07a9f4ad689f0afdbda852cfb dcbdc02cbf434f0ab120a3884de5c45d - - default default] Successfully bumped revision number for resource 5e92cc5d-492c-4f8c-82ff-8bc1212f8e78 (type: ports) to 1
2026-05-27 11:06:47.003 10 INFO neutron.wsgi [None req-b1b400a0-5476-4ebe-b539-113efa1c766d e380a0d07a9f4ad689f0afdbda852cfb dcbdc02cbf434f0ab120a3884de5c45d - - default default] 10.0.0.84 "POST /v2.0/networks HTTP/1.1" status: 201 len: 852 time: 0.8207726
2026-05-27 11:06:47.016 10 WARNING neutron_lib.context [None req-833294af-6a1b-4152-8dbf-c0208a40d3a9 e380a0d07a9f4ad689f0afdbda852cfb dcbdc02cbf434f0ab120a3884de5c45d - - default default] Method 'is_advsvc' is deprecated since 2023.2 release (neutron-lib 3.8.0) and will be removed once support for the old RBAC API policies will be removed from Neutron. Please use method 'is_service_role' instead.
2026-05-27 11:06:47.024 9 WARNING neutron.plugins.ml2.drivers.ovn.mech_driver.ovsdb.ovn_client [None req-ee35cc8e-2494-4aec-bb7d-18c8763f3d77 - - - - - -] No hosting information found for port a3b3b190-63a8-4b52-a1ae-5f364be4fc46: RuntimeError: No hosting information found for port a3b3b190-63a8-4b52-a1ae-5f364be4fc46
2026-05-27 11:06:47.065 9 INFO neutron.wsgi [req-c0f6d7b0-7ba8-4003-9b7a-4906d45f86ee req-37418a48-1e03-4e6a-a7f9-fd1c73cd60e5 74bc98f87fb24c8f9592393c72dd6896 3e3cf8ad759b4e74ba1518bb308ee7b7 - - default default] 10.0.0.56 "GET /v2.0/ports?device_id=b7b6b035-ed2d-4efa-b54c-279cce639537 HTTP/1.1" status: 200 len: 1170 time: 0.0900249
2026-05-27 11:06:47.072 9 INFO neutron.wsgi [req-f3eb8a0d-de93-4e0c-99dc-d8e8a869cdb2 req-dd38436d-a6a6-4b64-8f0f-c9db90c539ba 693091555f6740baafffaa2f7f4ea397 248d8773a23e46fa889f4d829e22ceae - - default default] 10.0.0.56 "GET /v2.0/ports?device_id=a3270047-0efe-4a94-8373-1358de09df2f HTTP/1.1" status: 200 len: 1160 time: 0.0862989
2026-05-27 11:06:47.098 9 INFO neutron.wsgi [req-8e23d508-dc77-496b-8830-96434e3364c9 req-37ffa452-9b5a-485c-af47-11c83b601058 6ad2f9c6bd58468b8972b32735195f49 b40dde6a184a4253b6b0776f9cd0ff14 - - 953328afc94a4e639b890b596b2a54aa 953328afc94a4e639b890b596b2a54aa] 199.204.45.162 "GET /v2.0/networks/d690f945-97b0-4dfb-9144-88d3ec435be3?fields=provider%3Aphysical_network&fields=provider%3Anetwork_type HTTP/1.1" status: 200 len: 277 time: 0.1574032
2026-05-27 11:06:47.120 10 INFO neutron.db.segments_db [None req-833294af-6a1b-4152-8dbf-c0208a40d3a9 e380a0d07a9f4ad689f0afdbda852cfb dcbdc02cbf434f0ab120a3884de5c45d - - default default] Added segment 411a8caf-82d8-4655-92b1-0cfa7b2f88ec of type geneve for network 3324cb5e-4493-4f93-90ab-e0ae0d75da48
2026-05-27 11:06:47.147 9 INFO neutron.wsgi [req-f3eb8a0d-de93-4e0c-99dc-d8e8a869cdb2 req-76d677bb-9d7f-4550-873d-c09476cce3d1 693091555f6740baafffaa2f7f4ea397 248d8773a23e46fa889f4d829e22ceae - - default default] 10.0.0.56 "GET /v2.0/security-groups?id=867c1288-e543-498f-8fe1-5585bfc14d06&fields=id&fields=name HTTP/1.1" status: 200 len: 312 time: 0.0679529
2026-05-27 11:06:47.156 9 INFO neutron.wsgi [req-c0f6d7b0-7ba8-4003-9b7a-4906d45f86ee req-68913a72-5820-404b-8440-61e54c4ceaf9 74bc98f87fb24c8f9592393c72dd6896 3e3cf8ad759b4e74ba1518bb308ee7b7 - - default default] 10.0.0.56 "GET /v2.0/security-groups?id=d1e153a7-89ec-4013-a750-fb45ed934e1c&fields=id&fields=name HTTP/1.1" status: 200 len: 313 time: 0.0813727
2026-05-27 11:06:47.187 10 INFO neutron.notifiers.nova [-] Nova event matching ['req-b4caaca2-8d2a-4ffa-9310-abacf3327b0c'] response: {'server_uuid': 'b7b6b035-ed2d-4efa-b54c-279cce639537', 'name': 'network-vif-plugged', 'status': 'completed', 'tag': '820996eb-0e47-4d6c-b2d1-63a2cc9c1d05', 'code': 200}
2026-05-27 11:06:47.208 10 INFO neutron.db.ovn_revision_numbers_db [None req-f0e4303d-c993-4742-80bd-99375a17e647 - - - - - -] Successfully bumped revision number for resource 820996eb-0e47-4d6c-b2d1-63a2cc9c1d05 (type: ports) to 4
2026-05-27 11:06:47.335 10 INFO neutron.db.ovn_revision_numbers_db [None req-833294af-6a1b-4152-8dbf-c0208a40d3a9 e380a0d07a9f4ad689f0afdbda852cfb dcbdc02cbf434f0ab120a3884de5c45d - - default default] Successfully bumped revision number for resource 3324cb5e-4493-4f93-90ab-e0ae0d75da48 (type: networks) to 1
2026-05-27 11:06:47.511 9 INFO neutron.db.ovn_revision_numbers_db [req-031af44c-b52d-479f-b6be-2a8db7a28f2f req-ffb769cc-278c-432a-9017-f92871a4e7ec 6ad2f9c6bd58468b8972b32735195f49 b40dde6a184a4253b6b0776f9cd0ff14 - - 953328afc94a4e639b890b596b2a54aa 953328afc94a4e639b890b596b2a54aa] Successfully bumped revision number for resource e506e115-6b78-4a3d-92aa-b064e4fd94a6 (type: ports) to 2 /var/lib/openstack/lib/python3.10/site-packages/pycadf/identifier.py:71: UserWarning: Invalid uuid: neutron. To ensure interoperability, identifiers should be a valid uuid. warnings.warn(('Invalid uuid: %s. To ensure interoperability, '
2026-05-27 11:06:47.545 10 WARNING neutron.scheduler.dhcp_agent_scheduler [None req-833294af-6a1b-4152-8dbf-c0208a40d3a9 e380a0d07a9f4ad689f0afdbda852cfb dcbdc02cbf434f0ab120a3884de5c45d - - default default] No more DHCP agents
2026-05-27 11:06:47.549 10 WARNING neutron.api.rpc.agentnotifiers.dhcp_rpc_agent_api [None req-833294af-6a1b-4152-8dbf-c0208a40d3a9 e380a0d07a9f4ad689f0afdbda852cfb dcbdc02cbf434f0ab120a3884de5c45d - - default default] Unable to schedule network 3324cb5e-4493-4f93-90ab-e0ae0d75da48: no agents available; will retry on subsequent port and subnet creation events.
2026-05-27 11:06:47.642 10 INFO neutron.db.ovn_revision_numbers_db [None req-833294af-6a1b-4152-8dbf-c0208a40d3a9 e380a0d07a9f4ad689f0afdbda852cfb dcbdc02cbf434f0ab120a3884de5c45d - - default default] Successfully bumped revision number for resource 24917a8b-06e4-4b5c-9c98-45c714608ab4 (type: ports) to 1
2026-05-27 11:06:47.669 10 INFO neutron.wsgi [None req-833294af-6a1b-4152-8dbf-c0208a40d3a9 e380a0d07a9f4ad689f0afdbda852cfb dcbdc02cbf434f0ab120a3884de5c45d - - default default] 10.0.0.84 "POST /v2.0/networks HTTP/1.1" status: 201 len: 853 time: 0.6577201 /var/lib/openstack/lib/python3.10/site-packages/pycadf/identifier.py:71: UserWarning: Invalid uuid: neutron. To ensure interoperability, identifiers should be a valid uuid. warnings.warn(('Invalid uuid: %s. To ensure interoperability, '
2026-05-27 11:06:47.680 10 WARNING neutron_lib.context [None req-54811043-5492-416d-b621-16280e0b2d16 e380a0d07a9f4ad689f0afdbda852cfb dcbdc02cbf434f0ab120a3884de5c45d - - default default] Method 'is_advsvc' is deprecated since 2023.2 release (neutron-lib 3.8.0) and will be removed once support for the old RBAC API policies will be removed from Neutron. Please use method 'is_service_role' instead.
2026-05-27 11:06:47.718 9 INFO neutron.db.ovn_revision_numbers_db [None req-14e304fc-298a-414f-a562-29dc43c9460e c0691106f4444cb7adef7b06bf26702c 790fbbe6b6384654a65bb31eb4bfac6f - - default default] Successfully bumped revision number for resource 21b57f9a-7419-47f4-a1d8-485836a87a23 (type: security_groups) to 1
2026-05-27 11:06:47.727 10 WARNING neutron_lib.context [None req-54811043-5492-416d-b621-16280e0b2d16 e380a0d07a9f4ad689f0afdbda852cfb dcbdc02cbf434f0ab120a3884de5c45d - - default default] Method 'is_advsvc' is deprecated since 2023.2 release (neutron-lib 3.8.0) and will be removed once support for the old RBAC API policies will be removed from Neutron. Please use method 'is_service_role' instead.
2026-05-27 11:06:47.748 9 INFO neutron.db.ovn_revision_numbers_db [None req-14e304fc-298a-414f-a562-29dc43c9460e c0691106f4444cb7adef7b06bf26702c 790fbbe6b6384654a65bb31eb4bfac6f - - default default] Successfully bumped revision number for resource 2b92e3b9-3e15-4942-a97d-724b2eb6fcf9 (type: security_group_rules) to 0
2026-05-27 11:06:47.764 9 INFO neutron.db.ovn_revision_numbers_db [None req-14e304fc-298a-414f-a562-29dc43c9460e c0691106f4444cb7adef7b06bf26702c 790fbbe6b6384654a65bb31eb4bfac6f - - default default] Successfully bumped revision number for resource 91925e41-f215-4de3-b732-4a2be2ba065f (type: security_group_rules) to 0
2026-05-27 11:06:47.769 9 INFO neutron.db.ovn_revision_numbers_db [req-031af44c-b52d-479f-b6be-2a8db7a28f2f req-ffb769cc-278c-432a-9017-f92871a4e7ec 6ad2f9c6bd58468b8972b32735195f49 b40dde6a184a4253b6b0776f9cd0ff14 - - 953328afc94a4e639b890b596b2a54aa 953328afc94a4e639b890b596b2a54aa] Successfully bumped revision number for resource e506e115-6b78-4a3d-92aa-b064e4fd94a6 (type: ports) to 2
2026-05-27 11:06:47.798 9 INFO neutron.db.ovn_revision_numbers_db [None req-14e304fc-298a-414f-a562-29dc43c9460e c0691106f4444cb7adef7b06bf26702c 790fbbe6b6384654a65bb31eb4bfac6f - - default default] Successfully bumped revision number for resource d29f3c88-1258-4dbe-b9d3-d4fcb778c86c (type: security_group_rules) to 0
2026-05-27 11:06:47.809 9 INFO neutron.wsgi [req-031af44c-b52d-479f-b6be-2a8db7a28f2f req-ffb769cc-278c-432a-9017-f92871a4e7ec 6ad2f9c6bd58468b8972b32735195f49 b40dde6a184a4253b6b0776f9cd0ff14 - - 953328afc94a4e639b890b596b2a54aa 953328afc94a4e639b890b596b2a54aa] 199.204.45.162 "PUT /v2.0/ports/e506e115-6b78-4a3d-92aa-b064e4fd94a6 HTTP/1.1" status: 200 len: 1380 time: 0.8673124
2026-05-27 11:06:47.818 9 INFO neutron.db.ovn_revision_numbers_db [None req-14e304fc-298a-414f-a562-29dc43c9460e c0691106f4444cb7adef7b06bf26702c 790fbbe6b6384654a65bb31eb4bfac6f - - default default] Successfully bumped revision number for resource f0c5bc94-19e8-496c-8076-698bd86dc22c (type: security_group_rules) to 0
2026-05-27 11:06:47.838 9 INFO neutron.wsgi [None req-14e304fc-298a-414f-a562-29dc43c9460e c0691106f4444cb7adef7b06bf26702c 790fbbe6b6384654a65bb31eb4bfac6f - - default default] 10.0.0.84 "GET /v2.0/security-groups?tenant_id=7c3e6f62f45146ffb03bbd7f9213c6e2&name=default HTTP/1.1" status: 200 len: 3120 time: 0.4639194 /var/lib/openstack/lib/python3.10/site-packages/pycadf/identifier.py:71: UserWarning: Invalid uuid: neutron. To ensure interoperability, identifiers should be a valid uuid. warnings.warn(('Invalid uuid: %s. To ensure interoperability, '
2026-05-27 11:06:47.897 9 INFO neutron.wsgi [req-031af44c-b52d-479f-b6be-2a8db7a28f2f req-e96d311a-eca7-495c-8c03-53780e0ab615 6ad2f9c6bd58468b8972b32735195f49 b40dde6a184a4253b6b0776f9cd0ff14 - - 953328afc94a4e639b890b596b2a54aa 953328afc94a4e639b890b596b2a54aa] 199.204.45.162 "GET /v2.0/ports?tenant_id=248d8773a23e46fa889f4d829e22ceae&device_id=a3270047-0efe-4a94-8373-1358de09df2f HTTP/1.1" status: 200 len: 1411 time: 0.0489838
2026-05-27 11:06:47.928 9 INFO neutron.wsgi [req-031af44c-b52d-479f-b6be-2a8db7a28f2f req-b2e08707-160f-49a5-85ae-9fb5feab7ce0 6ad2f9c6bd58468b8972b32735195f49 b40dde6a184a4253b6b0776f9cd0ff14 - - 953328afc94a4e639b890b596b2a54aa 953328afc94a4e639b890b596b2a54aa] 199.204.45.162 "GET /v2.0/floatingips?fixed_ip_address=10.100.0.12&port_id=e506e115-6b78-4a3d-92aa-b064e4fd94a6 HTTP/1.1" status: 200 len: 217 time: 0.0244625
2026-05-27 11:06:47.980 9 INFO neutron.wsgi [req-031af44c-b52d-479f-b6be-2a8db7a28f2f req-29aa4902-ea0f-4c7d-9c18-b05f85163708 6ad2f9c6bd58468b8972b32735195f49 b40dde6a184a4253b6b0776f9cd0ff14 - - 953328afc94a4e639b890b596b2a54aa 953328afc94a4e639b890b596b2a54aa] 199.204.45.162 "GET /v2.0/subnets?id=d9b8e115-6b85-429a-a471-dd6ade5ccc0f HTTP/1.1" status: 200 len: 876 time: 0.0464258
