2026-05-27 11:10:48.796 9 INFO neutron.wsgi [None req-55093e1e-95d4-4df6-9f87-db5770458ae1 c0691106f4444cb7adef7b06bf26702c 790fbbe6b6384654a65bb31eb4bfac6f - - default default] 10.0.0.84 "DELETE /v2.0/networks/89470e8d-4a33-4059-891e-4f0cfa223501 HTTP/1.1" status: 204 len: 168 time: 0.4159682
2026-05-27 11:10:48.804 9 INFO neutron.services.segments.plugin [-] Segment babff5a9-4a0a-4b78-8bbc-a3f76557d725 resource provider not found; error: Placement Client Error (4xx): {"errors": [{"status": 404, "title": "Not Found", "detail": "The resource could not be found.\n\n No resource provider with uuid babff5a9-4a0a-4b78-8bbc-a3f76557d725 found for delete ", "request_id": "req-eb5ca002-3cdc-4c03-b459-627c55aabd03"}]} /var/lib/openstack/lib/python3.10/site-packages/pycadf/identifier.py:71: UserWarning: Invalid uuid: neutron. To ensure interoperability, identifiers should be a valid uuid. warnings.warn(('Invalid uuid: %s. To ensure interoperability, '
2026-05-27 11:10:49.926 10 INFO neutron.wsgi [None req-8bd36092-c126-4513-901f-74265b1b8f0a c0691106f4444cb7adef7b06bf26702c 790fbbe6b6384654a65bb31eb4bfac6f - - default default] 10.0.0.84 "PUT /v2.0/routers/8281c7a5-2da1-4647-af9d-b58d1e62e53b/remove_router_interface HTTP/1.1" status: 200 len: 503 time: 1.1258669 /var/lib/openstack/lib/python3.10/site-packages/pycadf/identifier.py:71: UserWarning: Invalid uuid: neutron. To ensure interoperability, identifiers should be a valid uuid. warnings.warn(('Invalid uuid: %s. To ensure interoperability, '
2026-05-27 11:10:51.054 10 INFO neutron.wsgi [None req-7b66c33d-8a0d-4c27-8efb-6cf5b7c1ed7d c0691106f4444cb7adef7b06bf26702c 790fbbe6b6384654a65bb31eb4bfac6f - - default default] 10.0.0.84 "DELETE /v2.0/routers/8281c7a5-2da1-4647-af9d-b58d1e62e53b HTTP/1.1" status: 204 len: 168 time: 1.1208224
2026-05-27 11:10:51.275 10 INFO neutron.wsgi [None req-cdb404ff-6551-4a9d-af0f-f7da34baefa6 c0691106f4444cb7adef7b06bf26702c 790fbbe6b6384654a65bb31eb4bfac6f - - default default] 10.0.0.84 "DELETE /v2.0/subnets/7ac22711-6885-46c9-88bf-47f17abce417 HTTP/1.1" status: 204 len: 168 time: 0.2165043
2026-05-27 11:10:51.671 10 INFO neutron.services.segments.plugin [-] Segment cb98cda2-aa06-4793-a65b-c8ac3d057e5b resource provider aggregate not found
2026-05-27 11:10:51.678 10 INFO neutron.services.segments.plugin [-] Segment cb98cda2-aa06-4793-a65b-c8ac3d057e5b resource provider aggregate not found
2026-05-27 11:10:51.686 10 INFO neutron.services.segments.plugin [-] Segment cb98cda2-aa06-4793-a65b-c8ac3d057e5b resource provider not found; error: Placement Client Error (4xx): {"errors": [{"status": 404, "title": "Not Found", "detail": "The resource could not be found.\n\n No resource provider with uuid cb98cda2-aa06-4793-a65b-c8ac3d057e5b found for delete ", "request_id": "req-4b71a80f-4916-46e0-b237-78d7d54e02cb"}]}
2026-05-27 11:10:51.697 10 INFO neutron.wsgi [None req-529fb492-40ba-47d4-acd6-d6322311ea58 c0691106f4444cb7adef7b06bf26702c 790fbbe6b6384654a65bb31eb4bfac6f - - default default] 10.0.0.84 "DELETE /v2.0/networks/f73051ed-8c0c-450a-a3e4-effc858c1465 HTTP/1.1" status: 204 len: 168 time: 0.4182460
2026-05-27 11:10:51.704 10 INFO neutron.services.segments.plugin [-] Segment cb98cda2-aa06-4793-a65b-c8ac3d057e5b resource provider not found; error: Placement Client Error (4xx): {"errors": [{"status": 404, "title": "Not Found", "detail": "The resource could not be found.\n\n No resource provider with uuid cb98cda2-aa06-4793-a65b-c8ac3d057e5b found for delete ", "request_id": "req-6d1ebbcc-862a-4f30-9140-fcf91bdeb858"}]}
2026-05-27 11:10:51.972 10 INFO neutron.wsgi [None req-d5ca181c-3eae-4a32-9ed4-bb70f193c30c c0691106f4444cb7adef7b06bf26702c 790fbbe6b6384654a65bb31eb4bfac6f - - default default] 10.0.0.84 "GET /v2.0/security-groups?tenant_id=a5db6d0bb44849db826cae06ee6bf32a&name=default HTTP/1.1" status: 200 len: 3120 time: 0.0398521
2026-05-27 11:10:52.193 10 INFO neutron.wsgi [None req-474ef246-112e-41b0-acf1-c8bf474d96a7 c0691106f4444cb7adef7b06bf26702c 790fbbe6b6384654a65bb31eb4bfac6f - - default default] 10.0.0.84 "DELETE /v2.0/security-groups/71301b5b-6a5a-4152-a109-b5188d714d77 HTTP/1.1" status: 204 len: 168 time: 0.2163229
2026-05-27 11:10:52.394 9 INFO neutron.wsgi [None req-78bea969-895b-42f4-b803-50a1e1c3b17b c0691106f4444cb7adef7b06bf26702c 790fbbe6b6384654a65bb31eb4bfac6f - - default default] 10.0.0.84 "GET /v2.0/security-groups?tenant_id=dc0a6cd676494c97b5e5f11b419ed85c&name=default HTTP/1.1" status: 200 len: 3124 time: 0.0444529
2026-05-27 11:10:52.892 9 INFO neutron.wsgi [None req-28d10558-9534-4082-9499-1bc5d94528a3 c0691106f4444cb7adef7b06bf26702c 790fbbe6b6384654a65bb31eb4bfac6f - - default default] 10.0.0.84 "DELETE /v2.0/security-groups/464f0a9c-1578-4d35-8934-150a3baae723 HTTP/1.1" status: 204 len: 168 time: 0.4916954
2026-05-27 11:10:53.868 10 INFO neutron.wsgi [None req-69b61d0e-7dbb-49da-bae8-0cb80a24c6c0 cffd6a6712744bc18122bd9e734db9bc e1e3e8ff0c3a450287c4d5b86adde60f - - default default] 10.0.0.84 "GET /v2.0/subnets/ec1c0fb0-f652-45c2-b99c-60a192c6d4f3 HTTP/1.1" status: 200 len: 845 time: 0.0326805
2026-05-27 11:10:53.954 9 INFO neutron.wsgi [-] 10.0.0.52 "GET / HTTP/1.1" status: 200 len: 246 time: 0.0018401
2026-05-27 11:10:53.956 9 INFO neutron.wsgi [-] 10.0.0.52 "GET / HTTP/1.1" status: 200 len: 246 time: 0.0013030
2026-05-27 11:10:54.943 10 INFO neutron.wsgi [None req-2b3d5f03-8326-48a8-b91c-c6ea21ea2025 c0691106f4444cb7adef7b06bf26702c 790fbbe6b6384654a65bb31eb4bfac6f - - default default] 10.0.0.228 "GET /v2.0/extensions/security-group HTTP/1.1" status: 200 len: 369 time: 0.2116210
2026-05-27 11:10:54.960 10 INFO neutron.wsgi [None req-34957cd2-8922-4d37-aef8-c589c43a3c67 c0691106f4444cb7adef7b06bf26702c 790fbbe6b6384654a65bb31eb4bfac6f - - default default] 10.0.0.228 "GET /v2.0/extensions/dns-integration HTTP/1.1" status: 200 len: 371 time: 0.0071657
2026-05-27 11:10:54.973 10 INFO neutron.wsgi [None req-f0af76a5-a87c-411d-aa6e-a0c52fa01306 c0691106f4444cb7adef7b06bf26702c 790fbbe6b6384654a65bb31eb4bfac6f - - default default] 10.0.0.228 "GET /v2.0/extensions/qos HTTP/1.1" status: 200 len: 365 time: 0.0050514
2026-05-27 11:10:54.983 10 INFO neutron.wsgi [None req-869c56b7-34ba-40f7-84ba-1ea4340be0eb c0691106f4444cb7adef7b06bf26702c 790fbbe6b6384654a65bb31eb4bfac6f - - default default] 10.0.0.228 "GET /v2.0/extensions/allowed-address-pairs HTTP/1.1" status: 200 len: 383 time: 0.0054185
2026-05-27 11:10:55.576 9 INFO neutron.wsgi [-] 10.0.0.228 "GET / HTTP/1.1" status: 200 len: 284 time: 0.0017490
2026-05-27 11:10:55.630 9 INFO neutron.wsgi [None req-5c4cf8e7-52f5-4cc4-aeb4-3199445e3f56 a34686d43b8a4113985c2ea9cece35be 93ae98ff4d1b4d8c855eeb47325978fc - - default default] 10.0.0.228 "GET /v2.0/subnets/ec1c0fb0-f652-45c2-b99c-60a192c6d4f3 HTTP/1.1" status: 200 len: 832 time: 0.0369749
2026-05-27 11:10:55.643 10 INFO neutron.wsgi [None req-2ccda979-35b5-43c6-a262-7540ad63678c c0691106f4444cb7adef7b06bf26702c 790fbbe6b6384654a65bb31eb4bfac6f - - default default] 10.0.0.228 "GET /v2.0/extensions/security-group HTTP/1.1" status: 200 len: 369 time: 0.0067637
2026-05-27 11:10:55.654 10 INFO neutron.wsgi [None req-086f1c4e-59cd-4cd0-8b31-31c1865c9c08 c0691106f4444cb7adef7b06bf26702c 790fbbe6b6384654a65bb31eb4bfac6f - - default default] 10.0.0.228 "GET /v2.0/extensions/dns-integration HTTP/1.1" status: 200 len: 371 time: 0.0058558
2026-05-27 11:10:55.668 10 INFO neutron.wsgi [None req-d4447337-0c3c-4237-a2fe-b337d9a09893 c0691106f4444cb7adef7b06bf26702c 790fbbe6b6384654a65bb31eb4bfac6f - - default default] 10.0.0.228 "GET /v2.0/extensions/qos HTTP/1.1" status: 200 len: 365 time: 0.0052485
2026-05-27 11:10:55.676 10 INFO neutron.wsgi [None req-0a4a9c52-1ea2-4f44-8e74-ab4d5dfb9dba c0691106f4444cb7adef7b06bf26702c 790fbbe6b6384654a65bb31eb4bfac6f - - default default] 10.0.0.228 "GET /v2.0/extensions/allowed-address-pairs HTTP/1.1" status: 200 len: 383 time: 0.0047925
2026-05-27 11:10:55.720 10 INFO neutron.wsgi [None req-a4e5f8a8-f384-4647-9906-43cb3cc9b1e7 c0691106f4444cb7adef7b06bf26702c 790fbbe6b6384654a65bb31eb4bfac6f - - default default] 10.0.0.228 "GET /v2.0/subnets/ec1c0fb0-f652-45c2-b99c-60a192c6d4f3 HTTP/1.1" status: 200 len: 850 time: 0.0370011
2026-05-27 11:10:55.811 10 INFO neutron.wsgi [None req-ec147059-a03a-46fd-94e2-e1063dc07268 c0691106f4444cb7adef7b06bf26702c 790fbbe6b6384654a65bb31eb4bfac6f - - default default] 10.0.0.228 "GET /v2.0/extensions/security-group HTTP/1.1" status: 200 len: 369 time: 0.0057070
2026-05-27 11:10:55.823 10 INFO neutron.wsgi [None req-da00c5bb-0414-4eb9-b1dd-1c06c37626d1 c0691106f4444cb7adef7b06bf26702c 790fbbe6b6384654a65bb31eb4bfac6f - - default default] 10.0.0.228 "GET /v2.0/extensions/dns-integration HTTP/1.1" status: 200 len: 371 time: 0.0056412
2026-05-27 11:10:55.832 10 INFO neutron.wsgi [None req-97f3b730-a25c-4791-bb43-56c84ded0fed c0691106f4444cb7adef7b06bf26702c 790fbbe6b6384654a65bb31eb4bfac6f - - default default] 10.0.0.228 "GET /v2.0/extensions/qos HTTP/1.1" status: 200 len: 365 time: 0.0048499
2026-05-27 11:10:55.842 10 INFO neutron.wsgi [None req-f04ba194-b94e-414e-80ac-b158cae36016 c0691106f4444cb7adef7b06bf26702c 790fbbe6b6384654a65bb31eb4bfac6f - - default default] 10.0.0.228 "GET /v2.0/extensions/allowed-address-pairs HTTP/1.1" status: 200 len: 383 time: 0.0047157
2026-05-27 11:10:55.914 10 INFO neutron.wsgi [None req-9a5c3d16-0a89-4c2e-b337-ca79b9d85378 c0691106f4444cb7adef7b06bf26702c 790fbbe6b6384654a65bb31eb4bfac6f - - default default] 10.0.0.228 "GET /v2.0/networks/dc239c5f-4ff7-4081-b040-6b985334ad09 HTTP/1.1" status: 200 len: 1001 time: 0.0643475
2026-05-27 11:10:55.926 10 INFO neutron.wsgi [None req-458fe744-f286-4b54-a109-91b0dbba849e c0691106f4444cb7adef7b06bf26702c 790fbbe6b6384654a65bb31eb4bfac6f - - default default] 10.0.0.228 "GET /v2.0/extensions/project-id HTTP/1.1" status: 200 len: 403 time: 0.0046163
2026-05-27 11:10:56.312 10 WARNING neutron.scheduler.dhcp_agent_scheduler [None req-29684096-2b9b-4c50-8047-764004ff23d2 c0691106f4444cb7adef7b06bf26702c 790fbbe6b6384654a65bb31eb4bfac6f - - default default] No more DHCP agents
2026-05-27 11:10:56.314 10 WARNING neutron.api.rpc.agentnotifiers.dhcp_rpc_agent_api [None req-29684096-2b9b-4c50-8047-764004ff23d2 c0691106f4444cb7adef7b06bf26702c 790fbbe6b6384654a65bb31eb4bfac6f - - default default] Unable to schedule network dc239c5f-4ff7-4081-b040-6b985334ad09: no agents available; will retry on subsequent port and subnet creation events.
2026-05-27 11:10:56.547 10 INFO neutron.db.ovn_revision_numbers_db [None req-29684096-2b9b-4c50-8047-764004ff23d2 c0691106f4444cb7adef7b06bf26702c 790fbbe6b6384654a65bb31eb4bfac6f - - default default] Successfully bumped revision number for resource c00ea8d1-f77c-4fb5-a692-e84a77fac78a (type: ports) to 1
2026-05-27 11:10:56.580 10 INFO neutron.wsgi [None req-29684096-2b9b-4c50-8047-764004ff23d2 c0691106f4444cb7adef7b06bf26702c 790fbbe6b6384654a65bb31eb4bfac6f - - default default] 10.0.0.228 "POST /v2.0/ports HTTP/1.1" status: 201 len: 1333 time: 0.6478798
2026-05-27 11:10:57.218 9 WARNING neutron_lib.context [None req-11311e1a-c12e-4030-bcf5-f586a8f6fbfd 037feeaec6844f54bce0140608a3358f a103200bf463443b9f8da5e4a98bf8d3 - - default default] Method 'is_advsvc' is deprecated since 2023.2 release (neutron-lib 3.8.0) and will be removed once support for the old RBAC API policies will be removed from Neutron. Please use method 'is_service_role' instead.
2026-05-27 11:10:57.352 9 INFO neutron.db.ovn_revision_numbers_db [None req-11311e1a-c12e-4030-bcf5-f586a8f6fbfd 037feeaec6844f54bce0140608a3358f a103200bf463443b9f8da5e4a98bf8d3 - - default default] Successfully bumped revision number for resource aa6ca865-06c5-4048-830b-5e7e19e7a39d (type: security_groups) to 1
2026-05-27 11:10:57.366 9 INFO neutron.db.ovn_revision_numbers_db [None req-11311e1a-c12e-4030-bcf5-f586a8f6fbfd 037feeaec6844f54bce0140608a3358f a103200bf463443b9f8da5e4a98bf8d3 - - default default] Successfully bumped revision number for resource 04b72d8f-8241-4fec-bda1-5636bf24e3ef (type: security_group_rules) to 0
2026-05-27 11:10:57.380 9 INFO neutron.db.ovn_revision_numbers_db [None req-11311e1a-c12e-4030-bcf5-f586a8f6fbfd 037feeaec6844f54bce0140608a3358f a103200bf463443b9f8da5e4a98bf8d3 - - default default] Successfully bumped revision number for resource 2d51ce93-29d0-42bf-9902-4f8c5af0d1e1 (type: security_group_rules) to 0
2026-05-27 11:10:57.395 9 INFO neutron.db.ovn_revision_numbers_db [None req-11311e1a-c12e-4030-bcf5-f586a8f6fbfd 037feeaec6844f54bce0140608a3358f a103200bf463443b9f8da5e4a98bf8d3 - - default default] Successfully bumped revision number for resource 8bf38832-19e8-4460-86a6-dfa0703d9748 (type: security_group_rules) to 0
2026-05-27 11:10:57.409 9 INFO neutron.db.ovn_revision_numbers_db [None req-11311e1a-c12e-4030-bcf5-f586a8f6fbfd 037feeaec6844f54bce0140608a3358f a103200bf463443b9f8da5e4a98bf8d3 - - default default] Successfully bumped revision number for resource faaec377-897f-4aac-a9c3-42269025bb77 (type: security_group_rules) to 0
2026-05-27 11:10:57.518 9 INFO neutron.db.ovn_revision_numbers_db [None req-11311e1a-c12e-4030-bcf5-f586a8f6fbfd 037feeaec6844f54bce0140608a3358f a103200bf463443b9f8da5e4a98bf8d3 - - default default] Successfully bumped revision number for resource d6a86e4f-40b9-4b3c-a281-db28dfaa787e (type: security_groups) to 1
2026-05-27 11:10:57.533 9 INFO neutron.db.ovn_revision_numbers_db [None req-11311e1a-c12e-4030-bcf5-f586a8f6fbfd 037feeaec6844f54bce0140608a3358f a103200bf463443b9f8da5e4a98bf8d3 - - default default] Successfully bumped revision number for resource a5090aaf-37c4-42a2-a904-6833ec25fc84 (type: security_group_rules) to 0
2026-05-27 11:10:57.548 9 INFO neutron.db.ovn_revision_numbers_db [None req-11311e1a-c12e-4030-bcf5-f586a8f6fbfd 037feeaec6844f54bce0140608a3358f a103200bf463443b9f8da5e4a98bf8d3 - - default default] Successfully bumped revision number for resource b3156bb8-22cb-4df3-9fe1-0d393951d350 (type: security_group_rules) to 0
2026-05-27 11:10:57.573 9 INFO neutron.wsgi [None req-11311e1a-c12e-4030-bcf5-f586a8f6fbfd 037feeaec6844f54bce0140608a3358f a103200bf463443b9f8da5e4a98bf8d3 - - default default] 10.0.0.84 "POST /v2.0/security-groups HTTP/1.1" status: 201 len: 1803 time: 0.5206242
2026-05-27 11:10:57.583 9 WARNING neutron_lib.context [None req-b5609178-d7fd-4a68-80b7-55308af4fdfa 037feeaec6844f54bce0140608a3358f a103200bf463443b9f8da5e4a98bf8d3 - - default default] Method 'is_advsvc' is deprecated since 2023.2 release (neutron-lib 3.8.0) and will be removed once support for the old RBAC API policies will be removed from Neutron. Please use method 'is_service_role' instead.
2026-05-27 11:10:57.703 9 INFO neutron.db.ovn_revision_numbers_db [None req-b5609178-d7fd-4a68-80b7-55308af4fdfa 037feeaec6844f54bce0140608a3358f a103200bf463443b9f8da5e4a98bf8d3 - - default default] Successfully bumped revision number for resource 8713397f-e4ce-4957-8236-d51ec271fe91 (type: security_groups) to 1
2026-05-27 11:10:57.720 9 INFO neutron.db.ovn_revision_numbers_db [None req-b5609178-d7fd-4a68-80b7-55308af4fdfa 037feeaec6844f54bce0140608a3358f a103200bf463443b9f8da5e4a98bf8d3 - - default default] Successfully bumped revision number for resource 632e9ae7-c010-4984-9513-23d2cb5a8cf2 (type: security_group_rules) to 0
2026-05-27 11:10:57.734 9 INFO neutron.db.ovn_revision_numbers_db [None req-b5609178-d7fd-4a68-80b7-55308af4fdfa 037feeaec6844f54bce0140608a3358f a103200bf463443b9f8da5e4a98bf8d3 - - default default] Successfully bumped revision number for resource f417dd94-cb83-4e04-ba25-01272e84ca56 (type: security_group_rules) to 0
2026-05-27 11:10:57.758 9 INFO neutron.wsgi [None req-b5609178-d7fd-4a68-80b7-55308af4fdfa 037feeaec6844f54bce0140608a3358f a103200bf463443b9f8da5e4a98bf8d3 - - default default] 10.0.0.84 "POST /v2.0/security-groups HTTP/1.1" status: 201 len: 1803 time: 0.1795032
2026-05-27 11:10:57.767 9 WARNING neutron_lib.context [None req-0ea3b701-bf3a-4c15-a205-339191d0d907 037feeaec6844f54bce0140608a3358f a103200bf463443b9f8da5e4a98bf8d3 - - default default] Method 'is_advsvc' is deprecated since 2023.2 release (neutron-lib 3.8.0) and will be removed once support for the old RBAC API policies will be removed from Neutron. Please use method 'is_service_role' instead.
2026-05-27 11:10:57.881 9 INFO neutron.db.ovn_revision_numbers_db [None req-0ea3b701-bf3a-4c15-a205-339191d0d907 037feeaec6844f54bce0140608a3358f a103200bf463443b9f8da5e4a98bf8d3 - - default default] Successfully bumped revision number for resource 59898455-9687-4ccc-855a-30e7bcc36929 (type: security_groups) to 1
2026-05-27 11:10:57.894 9 INFO neutron.db.ovn_revision_numbers_db [None req-0ea3b701-bf3a-4c15-a205-339191d0d907 037feeaec6844f54bce0140608a3358f a103200bf463443b9f8da5e4a98bf8d3 - - default default] Successfully bumped revision number for resource 8012f43b-e95a-4e8c-9441-827b7a6fd347 (type: security_group_rules) to 0
2026-05-27 11:10:57.908 9 INFO neutron.db.ovn_revision_numbers_db [None req-0ea3b701-bf3a-4c15-a205-339191d0d907 037feeaec6844f54bce0140608a3358f a103200bf463443b9f8da5e4a98bf8d3 - - default default] Successfully bumped revision number for resource 9b77471e-7c35-4a8d-b972-e62aa7e193e6 (type: security_group_rules) to 0
2026-05-27 11:10:57.926 9 INFO neutron.wsgi [None req-0ea3b701-bf3a-4c15-a205-339191d0d907 037feeaec6844f54bce0140608a3358f a103200bf463443b9f8da5e4a98bf8d3 - - default default] 10.0.0.84 "POST /v2.0/security-groups HTTP/1.1" status: 201 len: 1803 time: 0.1641462 /var/lib/openstack/lib/python3.10/site-packages/pycadf/identifier.py:71: UserWarning: Invalid uuid: neutron. To ensure interoperability, identifiers should be a valid uuid. warnings.warn(('Invalid uuid: %s. To ensure interoperability, '
2026-05-27 11:10:57.939 10 WARNING neutron_lib.context [None req-81b1afa2-2e2a-4309-aa29-11a3f4036697 037feeaec6844f54bce0140608a3358f a103200bf463443b9f8da5e4a98bf8d3 - - default default] Method 'is_advsvc' is deprecated since 2023.2 release (neutron-lib 3.8.0) and will be removed once support for the old RBAC API policies will be removed from Neutron. Please use method 'is_service_role' instead.
2026-05-27 11:10:58.059 10 INFO neutron.db.ovn_revision_numbers_db [None req-81b1afa2-2e2a-4309-aa29-11a3f4036697 037feeaec6844f54bce0140608a3358f a103200bf463443b9f8da5e4a98bf8d3 - - default default] Successfully bumped revision number for resource b560614e-0f38-46bb-b897-35e4a29cf507 (type: security_groups) to 1
2026-05-27 11:10:58.074 10 INFO neutron.db.ovn_revision_numbers_db [None req-81b1afa2-2e2a-4309-aa29-11a3f4036697 037feeaec6844f54bce0140608a3358f a103200bf463443b9f8da5e4a98bf8d3 - - default default] Successfully bumped revision number for resource 80392d50-8d45-486f-a4cd-51fafb3e80af (type: security_group_rules) to 0
2026-05-27 11:10:58.088 10 INFO neutron.db.ovn_revision_numbers_db [None req-81b1afa2-2e2a-4309-aa29-11a3f4036697 037feeaec6844f54bce0140608a3358f a103200bf463443b9f8da5e4a98bf8d3 - - default default] Successfully bumped revision number for resource 9b9f5b82-f51d-4bdd-8dab-aa2d2cff33be (type: security_group_rules) to 0
2026-05-27 11:10:58.115 10 INFO neutron.wsgi [None req-81b1afa2-2e2a-4309-aa29-11a3f4036697 037feeaec6844f54bce0140608a3358f a103200bf463443b9f8da5e4a98bf8d3 - - default default] 10.0.0.84 "POST /v2.0/security-groups HTTP/1.1" status: 201 len: 1803 time: 0.1831958
2026-05-27 11:10:58.124 10 WARNING neutron_lib.context [None req-b54b88c8-4d20-4d8a-84d0-d029b8065127 037feeaec6844f54bce0140608a3358f a103200bf463443b9f8da5e4a98bf8d3 - - default default] Method 'is_advsvc' is deprecated since 2023.2 release (neutron-lib 3.8.0) and will be removed once support for the old RBAC API policies will be removed from Neutron. Please use method 'is_service_role' instead.
2026-05-27 11:10:58.259 10 INFO neutron.db.ovn_revision_numbers_db [None req-b54b88c8-4d20-4d8a-84d0-d029b8065127 037feeaec6844f54bce0140608a3358f a103200bf463443b9f8da5e4a98bf8d3 - - default default] Successfully bumped revision number for resource f2b02c02-af3e-4fc4-8b3e-45ee0c3fe9ee (type: security_groups) to 1
2026-05-27 11:10:58.275 10 INFO neutron.db.ovn_revision_numbers_db [None req-b54b88c8-4d20-4d8a-84d0-d029b8065127 037feeaec6844f54bce0140608a3358f a103200bf463443b9f8da5e4a98bf8d3 - - default default] Successfully bumped revision number for resource 5446a3bc-74c1-42c3-8823-8d33beb4f271 (type: security_group_rules) to 0
2026-05-27 11:10:58.290 10 INFO neutron.db.ovn_revision_numbers_db [None req-b54b88c8-4d20-4d8a-84d0-d029b8065127 037feeaec6844f54bce0140608a3358f a103200bf463443b9f8da5e4a98bf8d3 - - default default] Successfully bumped revision number for resource 927f2ee4-dfc8-4057-8c11-b63d46f48610 (type: security_group_rules) to 0
2026-05-27 11:10:58.310 10 INFO neutron.wsgi [None req-b54b88c8-4d20-4d8a-84d0-d029b8065127 037feeaec6844f54bce0140608a3358f a103200bf463443b9f8da5e4a98bf8d3 - - default default] 10.0.0.84 "POST /v2.0/security-groups HTTP/1.1" status: 201 len: 1803 time: 0.1909194
2026-05-27 11:10:58.352 10 INFO neutron.wsgi [None req-0a697149-b75f-4dfb-9588-fa3f4b672ce5 037feeaec6844f54bce0140608a3358f a103200bf463443b9f8da5e4a98bf8d3 - - default default] 10.0.0.84 "PUT /v2.0/security-groups/d6a86e4f-40b9-4b3c-a281-db28dfaa787e/tags HTTP/1.1" status: 200 len: 210 time: 0.0354106
2026-05-27 11:10:58.391 10 INFO neutron.wsgi [None req-0c4f641f-c8f9-418b-a60a-a7b29de16000 037feeaec6844f54bce0140608a3358f a103200bf463443b9f8da5e4a98bf8d3 - - default default] 10.0.0.84 "PUT /v2.0/security-groups/8713397f-e4ce-4957-8236-d51ec271fe91/tags HTTP/1.1" status: 200 len: 218 time: 0.0339065
2026-05-27 11:10:58.434 9 INFO neutron.wsgi [None req-4322095a-1dbd-46e2-961c-6e09c16ef1b0 037feeaec6844f54bce0140608a3358f a103200bf463443b9f8da5e4a98bf8d3 - - default default] 10.0.0.84 "PUT /v2.0/security-groups/59898455-9687-4ccc-855a-30e7bcc36929/tags HTTP/1.1" status: 200 len: 227 time: 0.0389035
2026-05-27 11:10:58.469 9 INFO neutron.wsgi [None req-03dc277a-f011-4545-bab9-ef8ea5d09f11 037feeaec6844f54bce0140608a3358f a103200bf463443b9f8da5e4a98bf8d3 - - default default] 10.0.0.84 "PUT /v2.0/security-groups/b560614e-0f38-46bb-b897-35e4a29cf507/tags HTTP/1.1" status: 200 len: 212 time: 0.0297790
2026-05-27 11:10:58.522 9 INFO neutron.wsgi [None req-186d67d6-f459-4bdb-a876-ceb95f4d8447 037feeaec6844f54bce0140608a3358f a103200bf463443b9f8da5e4a98bf8d3 - - default default] 10.0.0.84 "GET /v2.0/security-groups?tags=red HTTP/1.1" status: 200 len: 5005 time: 0.0467253
2026-05-27 11:10:58.572 9 INFO neutron.wsgi [None req-14109ea0-8b6b-45fa-8474-b7e3bd8cedab 037feeaec6844f54bce0140608a3358f a103200bf463443b9f8da5e4a98bf8d3 - - default default] 10.0.0.84 "GET /v2.0/security-groups?tags=red%2Cblue HTTP/1.1" status: 200 len: 3417 time: 0.0451405
2026-05-27 11:10:58.625 9 INFO neutron.wsgi [None req-9bc84926-395c-414b-b5a9-029c8030e90e 037feeaec6844f54bce0140608a3358f a103200bf463443b9f8da5e4a98bf8d3 - - default default] 10.0.0.84 "GET /v2.0/security-groups?tags-any=blue HTTP/1.1" status: 200 len: 3417 time: 0.0485275
2026-05-27 11:10:58.672 9 INFO neutron.wsgi [None req-7674a945-52f2-4aca-8c80-d1e41c12bf51 037feeaec6844f54bce0140608a3358f a103200bf463443b9f8da5e4a98bf8d3 - - default default] 10.0.0.84 "GET /v2.0/security-groups?tags-any=red%2Cblue HTTP/1.1" status: 200 len: 5005 time: 0.0413928
2026-05-27 11:10:58.715 9 INFO neutron.wsgi [None req-70f44c28-2864-42bb-bda3-333c037a8883 037feeaec6844f54bce0140608a3358f a103200bf463443b9f8da5e4a98bf8d3 - - default default] 10.0.0.84 "GET /v2.0/security-groups?not-tags=red HTTP/1.1" status: 200 len: 6297 time: 0.0389395
2026-05-27 11:10:58.770 9 INFO neutron.wsgi [None req-bcd614ba-7a86-40fc-875c-61c6b00e76d7 037feeaec6844f54bce0140608a3358f a103200bf463443b9f8da5e4a98bf8d3 - - default default] 10.0.0.84 "GET /v2.0/security-groups?not-tags=red%2Cblue HTTP/1.1" status: 200 len: 7885 time: 0.0495987
2026-05-27 11:10:58.821 9 INFO neutron.wsgi [None req-403f664f-a341-444c-ad41-a6ef7ae6541c 037feeaec6844f54bce0140608a3358f a103200bf463443b9f8da5e4a98bf8d3 - - default default] 10.0.0.84 "GET /v2.0/security-groups?not-tags-any=blue HTTP/1.1" status: 200 len: 7885 time: 0.0459948
2026-05-27 11:10:58.862 9 INFO neutron.wsgi [None req-77ff4a7e-4dfb-4dc4-acc4-5c6d0efaf691 037feeaec6844f54bce0140608a3358f a103200bf463443b9f8da5e4a98bf8d3 - - default default] 10.0.0.84 "GET /v2.0/security-groups?not-tags-any=red%2Cblue HTTP/1.1" status: 200 len: 6297 time: 0.0371516
2026-05-27 11:10:58.975 9 INFO neutron.wsgi [None req-df6e659a-7bf2-4701-8df5-f6979cfec494 037feeaec6844f54bce0140608a3358f a103200bf463443b9f8da5e4a98bf8d3 - - default default] 10.0.0.84 "DELETE /v2.0/security-groups/d6a86e4f-40b9-4b3c-a281-db28dfaa787e HTTP/1.1" status: 204 len: 168 time: 0.1070008
2026-05-27 11:10:58.993 10 INFO neutron.wsgi [None req-d02a3800-c5fb-4f34-8385-3022ec62dd80 c0691106f4444cb7adef7b06bf26702c 790fbbe6b6384654a65bb31eb4bfac6f - - default default] 199.204.45.162 "GET /v2.0/extensions/security-group HTTP/1.1" status: 200 len: 369 time: 0.0435920
2026-05-27 11:10:59.001 10 INFO neutron.wsgi [None req-a0dbf210-c5c0-419f-9b93-7d3d73cbba08 c0691106f4444cb7adef7b06bf26702c 790fbbe6b6384654a65bb31eb4bfac6f - - default default] 199.204.45.162 "GET /v2.0/extensions/dns-integration HTTP/1.1" status: 200 len: 371 time: 0.0036995
2026-05-27 11:10:59.010 10 INFO neutron.wsgi [None req-0dce7bfa-511a-4109-b003-3933ce062228 c0691106f4444cb7adef7b06bf26702c 790fbbe6b6384654a65bb31eb4bfac6f - - default default] 199.204.45.162 "GET /v2.0/extensions/qos HTTP/1.1" status: 200 len: 365 time: 0.0044632
2026-05-27 11:10:59.019 10 INFO neutron.wsgi [None req-f9a328bb-70ac-43ad-869d-6fa1e23ddcdd c0691106f4444cb7adef7b06bf26702c 790fbbe6b6384654a65bb31eb4bfac6f - - default default] 199.204.45.162 "GET /v2.0/extensions/allowed-address-pairs HTTP/1.1" status: 200 len: 383 time: 0.0044146
2026-05-27 11:10:59.060 10 INFO neutron.wsgi [None req-0c45151f-80b8-4dfd-8952-3fe1292f0a40 c0691106f4444cb7adef7b06bf26702c 790fbbe6b6384654a65bb31eb4bfac6f - - default default] 199.204.45.162 "GET /v2.0/ports/c00ea8d1-f77c-4fb5-a692-e84a77fac78a HTTP/1.1" status: 200 len: 1328 time: 0.0347717
2026-05-27 11:10:59.093 9 INFO neutron.wsgi [None req-1b056dde-7b20-4f5a-911a-5e830aaf6d17 037feeaec6844f54bce0140608a3358f a103200bf463443b9f8da5e4a98bf8d3 - - default default] 10.0.0.84 "DELETE /v2.0/security-groups/8713397f-e4ce-4957-8236-d51ec271fe91 HTTP/1.1" status: 204 len: 168 time: 0.1131332
2026-05-27 11:10:59.208 9 INFO neutron.wsgi [None req-f4fa9208-19d0-48bb-a269-b8808a8a6948 037feeaec6844f54bce0140608a3358f a103200bf463443b9f8da5e4a98bf8d3 - - default default] 10.0.0.84 "DELETE /v2.0/security-groups/59898455-9687-4ccc-855a-30e7bcc36929 HTTP/1.1" status: 204 len: 168 time: 0.1112132
2026-05-27 11:10:59.307 10 INFO neutron.wsgi [None req-89459003-d98b-4d7a-aeda-2949a22a7577 c0691106f4444cb7adef7b06bf26702c 790fbbe6b6384654a65bb31eb4bfac6f - - default default] 199.204.45.162 "GET /v2.0/extensions/security-group HTTP/1.1" status: 200 len: 369 time: 0.0072050
2026-05-27 11:10:59.317 10 INFO neutron.wsgi [None req-673407ac-a0de-4892-a2e5-570206dd8346 c0691106f4444cb7adef7b06bf26702c 790fbbe6b6384654a65bb31eb4bfac6f - - default default] 199.204.45.162 "GET /v2.0/extensions/dns-integration HTTP/1.1" status: 200 len: 371 time: 0.0054495
2026-05-27 11:10:59.325 10 INFO neutron.wsgi [None req-e8d7b046-6a7e-4f13-94bd-40f4e901a718 c0691106f4444cb7adef7b06bf26702c 790fbbe6b6384654a65bb31eb4bfac6f - - default default] 199.204.45.162 "GET /v2.0/extensions/qos HTTP/1.1" status: 200 len: 365 time: 0.0045559
2026-05-27 11:10:59.328 9 INFO neutron.wsgi [None req-98871132-88a6-4d78-9e76-9ac0dfaa5703 037feeaec6844f54bce0140608a3358f a103200bf463443b9f8da5e4a98bf8d3 - - default default] 10.0.0.84 "DELETE /v2.0/security-groups/b560614e-0f38-46bb-b897-35e4a29cf507 HTTP/1.1" status: 204 len: 168 time: 0.1152754
2026-05-27 11:10:59.334 10 INFO neutron.wsgi [None req-354ae279-54d2-4425-b330-dd728fcf0c29 c0691106f4444cb7adef7b06bf26702c 790fbbe6b6384654a65bb31eb4bfac6f - - default default] 199.204.45.162 "GET /v2.0/extensions/allowed-address-pairs HTTP/1.1" status: 200 len: 383 time: 0.0051994
2026-05-27 11:10:59.348 10 INFO neutron.api.v2.resource [None req-9898751f-220f-4d9e-b07c-351e43e7ef9d c0691106f4444cb7adef7b06bf26702c 790fbbe6b6384654a65bb31eb4bfac6f - - default default] show failed (client error): The resource could not be found.
2026-05-27 11:10:59.350 10 INFO neutron.wsgi [None req-9898751f-220f-4d9e-b07c-351e43e7ef9d c0691106f4444cb7adef7b06bf26702c 790fbbe6b6384654a65bb31eb4bfac6f - - default default] 199.204.45.162 "GET /v2.0/security-groups/lb-5d58a2e3-34d2-4ac9-928c-7051763ca9b1 HTTP/1.1" status: 404 len: 355 time: 0.0112879
2026-05-27 11:10:59.390 10 INFO neutron.wsgi [None req-9fee0dad-95da-4657-a020-595f2cbda875 c0691106f4444cb7adef7b06bf26702c 790fbbe6b6384654a65bb31eb4bfac6f - - default default] 199.204.45.162 "GET /v2.0/security-groups?name=lb-5d58a2e3-34d2-4ac9-928c-7051763ca9b1 HTTP/1.1" status: 200 len: 221 time: 0.0352175
2026-05-27 11:10:59.448 9 INFO neutron.wsgi [None req-6a0e2ffb-e4a1-4acd-9d60-382ac91def33 037feeaec6844f54bce0140608a3358f a103200bf463443b9f8da5e4a98bf8d3 - - default default] 10.0.0.84 "DELETE /v2.0/security-groups/f2b02c02-af3e-4fc4-8b3e-45ee0c3fe9ee HTTP/1.1" status: 204 len: 168 time: 0.1157074
2026-05-27 11:10:59.518 10 INFO neutron.db.ovn_revision_numbers_db [None req-3c2b6ae2-b779-41d1-b42d-6bad5f3fc6b3 c0691106f4444cb7adef7b06bf26702c 790fbbe6b6384654a65bb31eb4bfac6f - - default default] Successfully bumped revision number for resource 31a5abeb-57b0-4230-b16f-3143c821a45b (type: security_groups) to 1
2026-05-27 11:10:59.533 10 INFO neutron.db.ovn_revision_numbers_db [None req-3c2b6ae2-b779-41d1-b42d-6bad5f3fc6b3 c0691106f4444cb7adef7b06bf26702c 790fbbe6b6384654a65bb31eb4bfac6f - - default default] Successfully bumped revision number for resource a443b2c9-68b4-4a5b-9a24-e2b0c6e75ebf (type: security_group_rules) to 0
2026-05-27 11:10:59.551 10 INFO neutron.db.ovn_revision_numbers_db [None req-3c2b6ae2-b779-41d1-b42d-6bad5f3fc6b3 c0691106f4444cb7adef7b06bf26702c 790fbbe6b6384654a65bb31eb4bfac6f - - default default] Successfully bumped revision number for resource d58a67e1-e594-4ed3-896d-cbb5c5b4cb99 (type: security_group_rules) to 0
2026-05-27 11:10:59.574 10 INFO neutron.wsgi [None req-3c2b6ae2-b779-41d1-b42d-6bad5f3fc6b3 c0691106f4444cb7adef7b06bf26702c 790fbbe6b6384654a65bb31eb4bfac6f - - default default] 199.204.45.162 "POST /v2.0/security-groups HTTP/1.1" status: 201 len: 1843 time: 0.1785114
2026-05-27 11:10:59.620 10 INFO neutron.wsgi [None req-fd97b2cb-f32c-4c93-afdd-caee5b2811be c0691106f4444cb7adef7b06bf26702c 790fbbe6b6384654a65bb31eb4bfac6f - - default default] 199.204.45.162 "GET /v2.0/security-group-rules?security_group_id=31a5abeb-57b0-4230-b16f-3143c821a45b HTTP/1.1" status: 200 len: 1382 time: 0.0377605
2026-05-27 11:11:00.000 10 INFO neutron.db.ovn_revision_numbers_db [None req-c04f4a28-d61a-4aac-9cf8-468f2bee125a c0691106f4444cb7adef7b06bf26702c 790fbbe6b6384654a65bb31eb4bfac6f - - default default] Successfully bumped revision number for resource c00ea8d1-f77c-4fb5-a692-e84a77fac78a (type: ports) to 2
2026-05-27 11:11:00.012 10 INFO neutron.wsgi [None req-c04f4a28-d61a-4aac-9cf8-468f2bee125a c0691106f4444cb7adef7b06bf26702c 790fbbe6b6384654a65bb31eb4bfac6f - - default default] 199.204.45.162 "PUT /v2.0/ports/c00ea8d1-f77c-4fb5-a692-e84a77fac78a HTTP/1.1" status: 200 len: 1328 time: 0.3810163 /var/lib/openstack/lib/python3.10/site-packages/pycadf/identifier.py:71: UserWarning: Invalid uuid: neutron. To ensure interoperability, identifiers should be a valid uuid. warnings.warn(('Invalid uuid: %s. To ensure interoperability, '
2026-05-27 11:11:00.080 10 INFO neutron.wsgi [None req-b18c28d7-4025-41b1-9d2b-bce730c46fca c0691106f4444cb7adef7b06bf26702c 790fbbe6b6384654a65bb31eb4bfac6f - - default default] 199.204.45.162 "GET /v2.0/extensions/security-group HTTP/1.1" status: 200 len: 369 time: 0.0062850
2026-05-27 11:11:00.090 10 INFO neutron.wsgi [None req-c22304e0-55e3-4698-9f9b-6f3360a7d042 c0691106f4444cb7adef7b06bf26702c 790fbbe6b6384654a65bb31eb4bfac6f - - default default] 199.204.45.162 "GET /v2.0/extensions/dns-integration HTTP/1.1" status: 200 len: 371 time: 0.0035942
2026-05-27 11:11:00.100 10 INFO neutron.wsgi [None req-dc0b39c1-a1bd-4e3f-b413-3bfeafb73973 c0691106f4444cb7adef7b06bf26702c 790fbbe6b6384654a65bb31eb4bfac6f - - default default] 199.204.45.162 "GET /v2.0/extensions/qos HTTP/1.1" status: 200 len: 365 time: 0.0057998
2026-05-27 11:11:00.109 10 INFO neutron.wsgi [None req-83335cab-fd2b-466f-9c7b-daf5b1294d64 c0691106f4444cb7adef7b06bf26702c 790fbbe6b6384654a65bb31eb4bfac6f - - default default] 199.204.45.162 "GET /v2.0/extensions/allowed-address-pairs HTTP/1.1" status: 200 len: 383 time: 0.0045657
2026-05-27 11:11:00.148 10 INFO neutron.wsgi [None req-9bd3edaf-c143-42ed-b962-11ba4fd88279 c0691106f4444cb7adef7b06bf26702c 790fbbe6b6384654a65bb31eb4bfac6f - - default default] 199.204.45.162 "GET /v2.0/subnets/ec1c0fb0-f652-45c2-b99c-60a192c6d4f3 HTTP/1.1" status: 200 len: 850 time: 0.0347154
2026-05-27 11:11:00.480 9 INFO neutron.db.ovn_revision_numbers_db [None req-455c6010-dfa8-4b94-95d9-bf874453772f c0691106f4444cb7adef7b06bf26702c 790fbbe6b6384654a65bb31eb4bfac6f - - default default] Successfully bumped revision number for resource 27bc8b52-9794-4e13-819c-e1ce6aac8ab8 (type: security_groups) to 1
2026-05-27 11:11:00.494 9 INFO neutron.db.ovn_revision_numbers_db [None req-455c6010-dfa8-4b94-95d9-bf874453772f c0691106f4444cb7adef7b06bf26702c 790fbbe6b6384654a65bb31eb4bfac6f - - default default] Successfully bumped revision number for resource 0c65eea9-3014-4bcb-a8dc-23bda0264fe1 (type: security_group_rules) to 0
2026-05-27 11:11:00.509 9 INFO neutron.db.ovn_revision_numbers_db [None req-455c6010-dfa8-4b94-95d9-bf874453772f c0691106f4444cb7adef7b06bf26702c 790fbbe6b6384654a65bb31eb4bfac6f - - default default] Successfully bumped revision number for resource 6e3c8646-2d2b-4939-be7b-35e4cc0d2eb5 (type: security_group_rules) to 0
2026-05-27 11:11:00.523 9 INFO neutron.db.ovn_revision_numbers_db [None req-455c6010-dfa8-4b94-95d9-bf874453772f c0691106f4444cb7adef7b06bf26702c 790fbbe6b6384654a65bb31eb4bfac6f - - default default] Successfully bumped revision number for resource 8517f2d7-d7f7-4254-b596-5c2d987dde76 (type: security_group_rules) to 0
2026-05-27 11:11:00.537 9 INFO neutron.db.ovn_revision_numbers_db [None req-455c6010-dfa8-4b94-95d9-bf874453772f c0691106f4444cb7adef7b06bf26702c 790fbbe6b6384654a65bb31eb4bfac6f - - default default] Successfully bumped revision number for resource dd32ca17-16b0-4e83-ade7-dc7d0c8a3d2f (type: security_group_rules) to 0
2026-05-27 11:11:00.558 9 INFO neutron.wsgi [None req-455c6010-dfa8-4b94-95d9-bf874453772f c0691106f4444cb7adef7b06bf26702c 790fbbe6b6384654a65bb31eb4bfac6f - - default default] 10.0.0.84 "GET /v2.0/security-groups?tenant_id=86708bf4e7f844bdbdaa9817854ac1fc&name=default HTTP/1.1" status: 200 len: 3124 time: 0.3581336
2026-05-27 11:11:00.789 10 INFO neutron.wsgi [None req-47bad930-6e90-4c7f-8ad1-5368a20e3050 c0691106f4444cb7adef7b06bf26702c 790fbbe6b6384654a65bb31eb4bfac6f - - default default] 10.0.0.84 "DELETE /v2.0/security-groups/27bc8b52-9794-4e13-819c-e1ce6aac8ab8 HTTP/1.1" status: 204 len: 168 time: 0.2235084
2026-05-27 11:11:00.921 10 INFO neutron.wsgi [None req-09077764-d9d5-4b9a-89de-75b52af7bd3f c0691106f4444cb7adef7b06bf26702c 790fbbe6b6384654a65bb31eb4bfac6f - - default default] 10.0.0.84 "GET /v2.0/security-groups?tenant_id=a103200bf463443b9f8da5e4a98bf8d3&name=default HTTP/1.1" status: 200 len: 3124 time: 0.0382981
2026-05-27 11:11:01.148 10 INFO neutron.wsgi [None req-56347c2c-0817-40b4-b93c-5c254c27933d c0691106f4444cb7adef7b06bf26702c 790fbbe6b6384654a65bb31eb4bfac6f - - default default] 10.0.0.84 "DELETE /v2.0/security-groups/aa6ca865-06c5-4048-830b-5e7e19e7a39d HTTP/1.1" status: 204 len: 168 time: 0.2227330
2026-05-27 11:11:01.370 9 INFO neutron.db.ovn_revision_numbers_db [None req-df746ed5-edcf-48a3-991b-6615b108756f c0691106f4444cb7adef7b06bf26702c 790fbbe6b6384654a65bb31eb4bfac6f - - default default] Successfully bumped revision number for resource f36a9e5e-caec-477f-9b0d-87aa93844029 (type: security_groups) to 1
2026-05-27 11:11:01.384 9 INFO neutron.db.ovn_revision_numbers_db [None req-df746ed5-edcf-48a3-991b-6615b108756f c0691106f4444cb7adef7b06bf26702c 790fbbe6b6384654a65bb31eb4bfac6f - - default default] Successfully bumped revision number for resource 42754211-186b-42fe-887f-e11578e628fb (type: security_group_rules) to 0
2026-05-27 11:11:01.398 9 INFO neutron.db.ovn_revision_numbers_db [None req-df746ed5-edcf-48a3-991b-6615b108756f c0691106f4444cb7adef7b06bf26702c 790fbbe6b6384654a65bb31eb4bfac6f - - default default] Successfully bumped revision number for resource 521a2777-be70-464c-a5d7-9ec95c24adf9 (type: security_group_rules) to 0
2026-05-27 11:11:01.413 9 INFO neutron.db.ovn_revision_numbers_db [None req-df746ed5-edcf-48a3-991b-6615b108756f c0691106f4444cb7adef7b06bf26702c 790fbbe6b6384654a65bb31eb4bfac6f - - default default] Successfully bumped revision number for resource 598b3029-c3e4-4a33-96eb-b6aaceb5bc87 (type: security_group_rules) to 0
2026-05-27 11:11:01.429 9 INFO neutron.db.ovn_revision_numbers_db [None req-df746ed5-edcf-48a3-991b-6615b108756f c0691106f4444cb7adef7b06bf26702c 790fbbe6b6384654a65bb31eb4bfac6f - - default default] Successfully bumped revision number for resource da931b1b-25a9-4547-ad16-938c4ed0701e (type: security_group_rules) to 0
2026-05-27 11:11:01.449 9 INFO neutron.wsgi [None req-df746ed5-edcf-48a3-991b-6615b108756f c0691106f4444cb7adef7b06bf26702c 790fbbe6b6384654a65bb31eb4bfac6f - - default default] 10.0.0.84 "GET /v2.0/security-groups?tenant_id=c510d443756f4bb0ab500e584c85fb99&name=default HTTP/1.1" status: 200 len: 3124 time: 0.2093055
2026-05-27 11:11:01.678 9 INFO neutron.wsgi [None req-1f015303-a303-4162-92dd-6e46ff58fb78 c0691106f4444cb7adef7b06bf26702c 790fbbe6b6384654a65bb31eb4bfac6f - - default default] 10.0.0.84 "DELETE /v2.0/security-groups/f36a9e5e-caec-477f-9b0d-87aa93844029 HTTP/1.1" status: 204 len: 168 time: 0.2242045
2026-05-27 11:11:05.875 9 WARNING neutron_lib.context [None req-433baa5e-6d6b-4af0-80a6-86a99dc88e21 0f7de4cc2ac1409996cbeda29c88000f 0729401f28c84e51b654fa6ac0dd6bab - - default default] Method 'is_advsvc' is deprecated since 2023.2 release (neutron-lib 3.8.0) and will be removed once support for the old RBAC API policies will be removed from Neutron. Please use method 'is_service_role' instead.
2026-05-27 11:11:06.021 9 INFO neutron.db.ovn_revision_numbers_db [None req-433baa5e-6d6b-4af0-80a6-86a99dc88e21 0f7de4cc2ac1409996cbeda29c88000f 0729401f28c84e51b654fa6ac0dd6bab - - default default] Successfully bumped revision number for resource 3dca9b51-3a0f-4fc1-9650-eccd64f57c89 (type: security_groups) to 1
2026-05-27 11:11:06.036 9 INFO neutron.db.ovn_revision_numbers_db [None req-433baa5e-6d6b-4af0-80a6-86a99dc88e21 0f7de4cc2ac1409996cbeda29c88000f 0729401f28c84e51b654fa6ac0dd6bab - - default default] Successfully bumped revision number for resource b1ec04ed-0799-4f63-8b97-b412ecb0e0ee (type: security_group_rules) to 0
2026-05-27 11:11:06.052 9 INFO neutron.db.ovn_revision_numbers_db [None req-433baa5e-6d6b-4af0-80a6-86a99dc88e21 0f7de4cc2ac1409996cbeda29c88000f 0729401f28c84e51b654fa6ac0dd6bab - - default default] Successfully bumped revision number for resource ba03da14-7eff-4b56-93f9-bc96f45bc649 (type: security_group_rules) to 0
2026-05-27 11:11:06.072 9 INFO neutron.db.ovn_revision_numbers_db [None req-433baa5e-6d6b-4af0-80a6-86a99dc88e21 0f7de4cc2ac1409996cbeda29c88000f 0729401f28c84e51b654fa6ac0dd6bab - - default default] Successfully bumped revision number for resource e8ba6a46-d269-4e93-9244-3e600d89b52a (type: security_group_rules) to 0
2026-05-27 11:11:06.087 9 INFO neutron.db.ovn_revision_numbers_db [None req-433baa5e-6d6b-4af0-80a6-86a99dc88e21 0f7de4cc2ac1409996cbeda29c88000f 0729401f28c84e51b654fa6ac0dd6bab - - default default] Successfully bumped revision number for resource f85bef62-1098-438b-9a71-db50f210ce97 (type: security_group_rules) to 0
2026-05-27 11:11:06.137 9 INFO neutron.db.segments_db [None req-433baa5e-6d6b-4af0-80a6-86a99dc88e21 0f7de4cc2ac1409996cbeda29c88000f 0729401f28c84e51b654fa6ac0dd6bab - - default default] Added segment 9aacec42-4a1d-44f0-9e10-9d30ec552467 of type geneve for network 27a6cd2a-3ba8-4801-ad92-dc4cb1028780
2026-05-27 11:11:06.282 9 INFO neutron.db.ovn_revision_numbers_db [None req-433baa5e-6d6b-4af0-80a6-86a99dc88e21 0f7de4cc2ac1409996cbeda29c88000f 0729401f28c84e51b654fa6ac0dd6bab - - default default] Successfully bumped revision number for resource 27a6cd2a-3ba8-4801-ad92-dc4cb1028780 (type: networks) to 1
2026-05-27 11:11:06.473 9 WARNING neutron.scheduler.dhcp_agent_scheduler [None req-433baa5e-6d6b-4af0-80a6-86a99dc88e21 0f7de4cc2ac1409996cbeda29c88000f 0729401f28c84e51b654fa6ac0dd6bab - - default default] No more DHCP agents
2026-05-27 11:11:06.476 9 WARNING neutron.api.rpc.agentnotifiers.dhcp_rpc_agent_api [None req-433baa5e-6d6b-4af0-80a6-86a99dc88e21 0f7de4cc2ac1409996cbeda29c88000f 0729401f28c84e51b654fa6ac0dd6bab - - default default] Unable to schedule network 27a6cd2a-3ba8-4801-ad92-dc4cb1028780: no agents available; will retry on subsequent port and subnet creation events.
2026-05-27 11:11:06.560 9 INFO neutron.db.ovn_revision_numbers_db [None req-433baa5e-6d6b-4af0-80a6-86a99dc88e21 0f7de4cc2ac1409996cbeda29c88000f 0729401f28c84e51b654fa6ac0dd6bab - - default default] Successfully bumped revision number for resource 485ed1d1-db49-4dfa-9a39-6adaaa9cd413 (type: ports) to 1
2026-05-27 11:11:06.584 9 INFO neutron.wsgi [None req-433baa5e-6d6b-4af0-80a6-86a99dc88e21 0f7de4cc2ac1409996cbeda29c88000f 0729401f28c84e51b654fa6ac0dd6bab - - default default] 10.0.0.84 "POST /v2.0/networks HTTP/1.1" status: 201 len: 830 time: 0.8887005
2026-05-27 11:11:06.596 9 WARNING neutron_lib.context [None req-30801d9f-9c47-46ff-815d-dc2569552917 0f7de4cc2ac1409996cbeda29c88000f 0729401f28c84e51b654fa6ac0dd6bab - - default default] Method 'is_advsvc' is deprecated since 2023.2 release (neutron-lib 3.8.0) and will be removed once support for the old RBAC API policies will be removed from Neutron. Please use method 'is_service_role' instead.
2026-05-27 11:11:06.855 9 WARNING neutron.scheduler.dhcp_agent_scheduler [None req-30801d9f-9c47-46ff-815d-dc2569552917 0f7de4cc2ac1409996cbeda29c88000f 0729401f28c84e51b654fa6ac0dd6bab - - default default] No more DHCP agents
2026-05-27 11:11:06.857 9 WARNING neutron.api.rpc.agentnotifiers.dhcp_rpc_agent_api [None req-30801d9f-9c47-46ff-815d-dc2569552917 0f7de4cc2ac1409996cbeda29c88000f 0729401f28c84e51b654fa6ac0dd6bab - - default default] Unable to schedule network 27a6cd2a-3ba8-4801-ad92-dc4cb1028780: no agents available; will retry on subsequent port and subnet creation events.
2026-05-27 11:11:06.972 9 INFO neutron.db.ovn_revision_numbers_db [None req-30801d9f-9c47-46ff-815d-dc2569552917 0f7de4cc2ac1409996cbeda29c88000f 0729401f28c84e51b654fa6ac0dd6bab - - default default] Successfully bumped revision number for resource 8e194ff7-e88e-4bc4-aaa3-b495bdba271b (type: ports) to 1
2026-05-27 11:11:07.001 9 INFO neutron.wsgi [None req-30801d9f-9c47-46ff-815d-dc2569552917 0f7de4cc2ac1409996cbeda29c88000f 0729401f28c84e51b654fa6ac0dd6bab - - default default] 10.0.0.84 "POST /v2.0/ports HTTP/1.1" status: 201 len: 942 time: 0.4107459
2026-05-27 11:11:07.016 10 WARNING neutron_lib.context [None req-fa094a95-d570-4556-89ed-0cab27eb1ff4 0f7de4cc2ac1409996cbeda29c88000f 0729401f28c84e51b654fa6ac0dd6bab - - default default] Method 'is_advsvc' is deprecated since 2023.2 release (neutron-lib 3.8.0) and will be removed once support for the old RBAC API policies will be removed from Neutron. Please use method 'is_service_role' instead.
2026-05-27 11:11:07.450 10 INFO neutron.wsgi [None req-fa094a95-d570-4556-89ed-0cab27eb1ff4 0f7de4cc2ac1409996cbeda29c88000f 0729401f28c84e51b654fa6ac0dd6bab - - default default] 10.0.0.84 "POST /v2.0/trunks HTTP/1.1" status: 201 len: 608 time: 0.4436278
2026-05-27 11:11:07.460 10 WARNING neutron_lib.context [None req-75ac218c-302a-4cf2-a581-cdb8933ce2c0 0f7de4cc2ac1409996cbeda29c88000f 0729401f28c84e51b654fa6ac0dd6bab - - default default] Method 'is_advsvc' is deprecated since 2023.2 release (neutron-lib 3.8.0) and will be removed once support for the old RBAC API policies will be removed from Neutron. Please use method 'is_service_role' instead.
2026-05-27 11:11:07.556 10 INFO neutron.db.segments_db [None req-75ac218c-302a-4cf2-a581-cdb8933ce2c0 0f7de4cc2ac1409996cbeda29c88000f 0729401f28c84e51b654fa6ac0dd6bab - - default default] Added segment fa2462d8-d18e-45d4-9e24-5c5b246b4747 of type geneve for network f5d75b92-69d5-4de2-8a26-2c72c23c4c5a
2026-05-27 11:11:07.696 10 INFO neutron.db.ovn_revision_numbers_db [None req-75ac218c-302a-4cf2-a581-cdb8933ce2c0 0f7de4cc2ac1409996cbeda29c88000f 0729401f28c84e51b654fa6ac0dd6bab - - default default] Successfully bumped revision number for resource f5d75b92-69d5-4de2-8a26-2c72c23c4c5a (type: networks) to 1
2026-05-27 11:11:07.891 10 WARNING neutron.scheduler.dhcp_agent_scheduler [None req-75ac218c-302a-4cf2-a581-cdb8933ce2c0 0f7de4cc2ac1409996cbeda29c88000f 0729401f28c84e51b654fa6ac0dd6bab - - default default] No more DHCP agents
2026-05-27 11:11:07.893 10 WARNING neutron.api.rpc.agentnotifiers.dhcp_rpc_agent_api [None req-75ac218c-302a-4cf2-a581-cdb8933ce2c0 0f7de4cc2ac1409996cbeda29c88000f 0729401f28c84e51b654fa6ac0dd6bab - - default default] Unable to schedule network f5d75b92-69d5-4de2-8a26-2c72c23c4c5a: no agents available; will retry on subsequent port and subnet creation events.
2026-05-27 11:11:07.977 10 INFO neutron.db.ovn_revision_numbers_db [None req-75ac218c-302a-4cf2-a581-cdb8933ce2c0 0f7de4cc2ac1409996cbeda29c88000f 0729401f28c84e51b654fa6ac0dd6bab - - default default] Successfully bumped revision number for resource 2f06dbb3-225c-49aa-8ffd-509c30afd619 (type: ports) to 1
2026-05-27 11:11:08.000 10 INFO neutron.wsgi [None req-75ac218c-302a-4cf2-a581-cdb8933ce2c0 0f7de4cc2ac1409996cbeda29c88000f 0729401f28c84e51b654fa6ac0dd6bab - - default default] 10.0.0.84 "POST /v2.0/networks HTTP/1.1" status: 201 len: 831 time: 0.5449486
2026-05-27 11:11:08.009 10 WARNING neutron_lib.context [None req-9e987466-4278-4a0d-aad1-e070947c305b 0f7de4cc2ac1409996cbeda29c88000f 0729401f28c84e51b654fa6ac0dd6bab - - default default] Method 'is_advsvc' is deprecated since 2023.2 release (neutron-lib 3.8.0) and will be removed once support for the old RBAC API policies will be removed from Neutron. Please use method 'is_service_role' instead. /var/lib/openstack/lib/python3.10/site-packages/pycadf/identifier.py:71: UserWarning: Invalid uuid: neutron. To ensure interoperability, identifiers should be a valid uuid. warnings.warn(('Invalid uuid: %s. To ensure interoperability, '
2026-05-27 11:11:08.094 9 INFO neutron.wsgi [req-1d99b0c5-9c8f-4a28-b5de-a6d484ef8a2f req-0d68883d-7a63-4e85-beef-548514107083 c0691106f4444cb7adef7b06bf26702c 790fbbe6b6384654a65bb31eb4bfac6f - - default default] 10.0.0.56 "GET /v2.0/security-groups?id=f5ae0a3d-39d4-41ef-a613-ca5fde511e7a&fields=id HTTP/1.1" status: 200 len: 267 time: 0.0392692
2026-05-27 11:11:08.171 9 INFO neutron.wsgi [req-1d99b0c5-9c8f-4a28-b5de-a6d484ef8a2f req-1e081574-fcb6-4959-a4d5-583e2f94a6ae c0691106f4444cb7adef7b06bf26702c 790fbbe6b6384654a65bb31eb4bfac6f - - default default] 10.0.0.56 "GET /v2.0/networks?id=c57e685f-f637-4694-86eb-394687438ed0 HTTP/1.1" status: 200 len: 937 time: 0.0678098
2026-05-27 11:11:08.191 9 INFO neutron.wsgi [req-1d99b0c5-9c8f-4a28-b5de-a6d484ef8a2f req-9b063146-1867-44dc-9c8c-ebe34437d583 c0691106f4444cb7adef7b06bf26702c 790fbbe6b6384654a65bb31eb4bfac6f - - default default] 10.0.0.56 "GET /v2.0/quotas/790fbbe6b6384654a65bb31eb4bfac6f HTTP/1.1" status: 200 len: 490 time: 0.0120885
2026-05-27 11:11:08.254 9 INFO neutron.wsgi [req-1d99b0c5-9c8f-4a28-b5de-a6d484ef8a2f req-0b6f2be1-387c-4587-ba22-eb302afc8bb7 c0691106f4444cb7adef7b06bf26702c 790fbbe6b6384654a65bb31eb4bfac6f - - default default] 10.0.0.56 "GET /v2.0/ports?tenant_id=790fbbe6b6384654a65bb31eb4bfac6f&fields=id HTTP/1.1" status: 200 len: 348 time: 0.0558856
2026-05-27 11:11:08.300 10 WARNING neutron.scheduler.dhcp_agent_scheduler [None req-9e987466-4278-4a0d-aad1-e070947c305b 0f7de4cc2ac1409996cbeda29c88000f 0729401f28c84e51b654fa6ac0dd6bab - - default default] No more DHCP agents
2026-05-27 11:11:08.303 10 WARNING neutron.api.rpc.agentnotifiers.dhcp_rpc_agent_api [None req-9e987466-4278-4a0d-aad1-e070947c305b 0f7de4cc2ac1409996cbeda29c88000f 0729401f28c84e51b654fa6ac0dd6bab - - default default] Unable to schedule network f5d75b92-69d5-4de2-8a26-2c72c23c4c5a: no agents available; will retry on subsequent port and subnet creation events.
2026-05-27 11:11:08.375 9 INFO neutron.wsgi [req-1d99b0c5-9c8f-4a28-b5de-a6d484ef8a2f req-6b55e584-4969-4bc5-8122-dd40961f35d5 6ad2f9c6bd58468b8972b32735195f49 b40dde6a184a4253b6b0776f9cd0ff14 - - 953328afc94a4e639b890b596b2a54aa 953328afc94a4e639b890b596b2a54aa] 10.0.0.56 "GET /v2.0/networks/c57e685f-f637-4694-86eb-394687438ed0?fields=segments HTTP/1.1" status: 200 len: 212 time: 0.1061006
2026-05-27 11:11:08.399 10 INFO neutron.db.ovn_revision_numbers_db [None req-9e987466-4278-4a0d-aad1-e070947c305b 0f7de4cc2ac1409996cbeda29c88000f 0729401f28c84e51b654fa6ac0dd6bab - - default default] Successfully bumped revision number for resource a6083bf5-0ae6-4251-9790-6ba1a11062e5 (type: ports) to 1
