2026-05-27 11:05:23.961 10 INFO neutron.wsgi [-] 10.0.0.52 "GET / HTTP/1.1" status: 200 len: 246 time: 0.0013707
2026-05-27 11:05:31.282 10 INFO neutron.wsgi [None req-47fb1d76-f06d-47d7-9776-591c7c250b46 c0691106f4444cb7adef7b06bf26702c 790fbbe6b6384654a65bb31eb4bfac6f - - default default] 10.0.0.26 "GET /v2.0/subnets HTTP/1.1" status: 200 len: 1437 time: 0.1362820
2026-05-27 11:05:31.302 10 INFO neutron.wsgi [None req-d4e4eae9-29c4-4025-a943-df7e0d413494 c0691106f4444cb7adef7b06bf26702c 790fbbe6b6384654a65bb31eb4bfac6f - - default default] 10.0.0.26 "GET /v2.0/routers HTTP/1.1" status: 200 len: 189 time: 0.0194445
2026-05-27 11:05:31.337 10 INFO neutron.wsgi [None req-3e2ebdd5-aed2-4bab-85fa-b25b3db0de55 c0691106f4444cb7adef7b06bf26702c 790fbbe6b6384654a65bb31eb4bfac6f - - default default] 10.0.0.26 "GET /v2.0/agents?binary=ovn-controller HTTP/1.1" status: 200 len: 591 time: 0.0342031
2026-05-27 11:05:31.348 10 INFO neutron.wsgi [None req-c5a831f3-d448-453a-8c33-e1674ef410a6 c0691106f4444cb7adef7b06bf26702c 790fbbe6b6384654a65bb31eb4bfac6f - - default default] 10.0.0.26 "GET /v2.0/network-ip-availabilities HTTP/1.1" status: 200 len: 1280 time: 0.0097675
2026-05-27 11:05:31.397 10 INFO neutron.wsgi [None req-a5986109-4de0-4cc0-a1aa-1a734eb1f14b c0691106f4444cb7adef7b06bf26702c 790fbbe6b6384654a65bb31eb4bfac6f - - default default] 10.0.0.26 "GET /v2.0/ports HTTP/1.1" status: 200 len: 5351 time: 0.0483115
2026-05-27 11:05:31.434 10 INFO neutron.wsgi [None req-08c65739-fb3d-49bf-b74c-4dd84e679f06 c0691106f4444cb7adef7b06bf26702c 790fbbe6b6384654a65bb31eb4bfac6f - - default default] 10.0.0.26 "GET /v2.0/subnets HTTP/1.1" status: 200 len: 1437 time: 0.0317047
2026-05-27 11:05:31.442 10 INFO neutron.wsgi [None req-f59a711b-32dd-42e8-98f5-b37e495f8905 c0691106f4444cb7adef7b06bf26702c 790fbbe6b6384654a65bb31eb4bfac6f - - default default] 10.0.0.26 "GET /v2.0/subnetpools HTTP/1.1" status: 200 len: 193 time: 0.0076525
2026-05-27 11:05:31.465 10 INFO neutron.wsgi [None req-61561275-108c-4259-af71-e8926bb8772e c0691106f4444cb7adef7b06bf26702c 790fbbe6b6384654a65bb31eb4bfac6f - - default default] 10.0.0.26 "GET /v2.0/floatingips HTTP/1.1" status: 200 len: 193 time: 0.0221210
2026-05-27 11:05:31.534 10 INFO neutron.wsgi [None req-3bfa4df6-9559-4100-bbed-015b465dbc2a c0691106f4444cb7adef7b06bf26702c 790fbbe6b6384654a65bb31eb4bfac6f - - default default] 10.0.0.26 "GET /v2.0/networks HTTP/1.1" status: 200 len: 2350 time: 0.0682111
2026-05-27 11:05:31.546 10 INFO neutron.wsgi [None req-7b3fa411-532d-4b3e-8ec0-49a7d6b0a054 c0691106f4444cb7adef7b06bf26702c 790fbbe6b6384654a65bb31eb4bfac6f - - default default] 10.0.0.26 "GET /v2.0/agents HTTP/1.1" status: 200 len: 1390 time: 0.0104804
2026-05-27 11:05:31.585 10 INFO neutron.wsgi [None req-3cc6c416-b1a6-4a3f-8716-71d0e04d177d c0691106f4444cb7adef7b06bf26702c 790fbbe6b6384654a65bb31eb4bfac6f - - default default] 10.0.0.26 "GET /v2.0/security-groups HTTP/1.1" status: 200 len: 17578 time: 0.0374901
2026-05-27 11:05:38.106 9 INFO neutron.wsgi [None req-3a7c916b-fa0e-446a-ac9b-834f42d70a8d c0691106f4444cb7adef7b06bf26702c 790fbbe6b6384654a65bb31eb4bfac6f - - default default] 10.0.0.84 "GET /v2.0/networks HTTP/1.1" status: 200 len: 2369 time: 0.1370418
2026-05-27 11:05:38.953 9 INFO neutron.wsgi [-] 10.0.0.52 "GET / HTTP/1.1" status: 200 len: 246 time: 0.0017843
2026-05-27 11:05:38.955 10 INFO neutron.wsgi [-] 10.0.0.52 "GET / HTTP/1.1" status: 200 len: 246 time: 0.0029573
2026-05-27 11:05:39.262 9 INFO neutron.wsgi [None req-8d617446-7dd5-4856-bb1e-ccee9be39faf c0691106f4444cb7adef7b06bf26702c 790fbbe6b6384654a65bb31eb4bfac6f - - default default] 10.0.0.84 "GET /v2.0/floatingips HTTP/1.1" status: 200 len: 212 time: 0.0460966
2026-05-27 11:05:39.316 9 INFO neutron.wsgi [None req-9edd6b29-c72e-488e-84c4-8f6c751a617d c0691106f4444cb7adef7b06bf26702c 790fbbe6b6384654a65bb31eb4bfac6f - - default default] 10.0.0.84 "GET /v2.0/routers HTTP/1.1" status: 200 len: 208 time: 0.0500376
2026-05-27 11:05:39.374 9 INFO neutron.wsgi [None req-b9f9d1b9-4951-4a41-ad9a-341e2081f571 c0691106f4444cb7adef7b06bf26702c 790fbbe6b6384654a65bb31eb4bfac6f - - default default] 10.0.0.84 "GET /v2.0/ports HTTP/1.1" status: 200 len: 5370 time: 0.0506968
2026-05-27 11:05:39.425 9 INFO neutron.wsgi [None req-2a1089ba-4d25-4310-bde6-c25c61f4ef07 c0691106f4444cb7adef7b06bf26702c 790fbbe6b6384654a65bb31eb4bfac6f - - default default] 10.0.0.84 "GET /v2.0/subnets HTTP/1.1" status: 200 len: 1456 time: 0.0453260
2026-05-27 11:05:39.517 9 INFO neutron.wsgi [None req-e2d09dc9-2165-46a3-bf09-9c102aa1cc26 c0691106f4444cb7adef7b06bf26702c 790fbbe6b6384654a65bb31eb4bfac6f - - default default] 10.0.0.84 "GET /v2.0/networks HTTP/1.1" status: 200 len: 2369 time: 0.0868580
2026-05-27 11:05:39.575 9 INFO neutron.wsgi [None req-f7ef1460-9f70-4458-95b1-3ac07ae0a8d0 c0691106f4444cb7adef7b06bf26702c 790fbbe6b6384654a65bb31eb4bfac6f - - default default] 10.0.0.84 "GET /v2.0/security-groups HTTP/1.1" status: 200 len: 17597 time: 0.0522926
2026-05-27 11:05:39.592 9 INFO neutron.wsgi [None req-3b9c99e0-a343-4e4c-8d80-d31966e36cfe c0691106f4444cb7adef7b06bf26702c 790fbbe6b6384654a65bb31eb4bfac6f - - default default] 10.0.0.84 "GET /v2.0/subnetpools HTTP/1.1" status: 200 len: 212 time: 0.0096323
2026-05-27 11:05:50.922 9 INFO neutron.db.ovn_revision_numbers_db [None req-0ac61ed3-5984-4f52-8370-2634c1442bed c0691106f4444cb7adef7b06bf26702c 790fbbe6b6384654a65bb31eb4bfac6f - - default default] Successfully bumped revision number for resource 14845411-9b0d-47a6-875c-0c176acb0b3b (type: security_groups) to 1
2026-05-27 11:05:50.947 9 INFO neutron.db.ovn_revision_numbers_db [None req-0ac61ed3-5984-4f52-8370-2634c1442bed c0691106f4444cb7adef7b06bf26702c 790fbbe6b6384654a65bb31eb4bfac6f - - default default] Successfully bumped revision number for resource afbe634e-4e5c-471f-b856-dcc9029f79d4 (type: security_group_rules) to 0
2026-05-27 11:05:50.968 9 INFO neutron.db.ovn_revision_numbers_db [None req-0ac61ed3-5984-4f52-8370-2634c1442bed c0691106f4444cb7adef7b06bf26702c 790fbbe6b6384654a65bb31eb4bfac6f - - default default] Successfully bumped revision number for resource b442322b-84b7-4f5b-b382-8d5ebfc6a41c (type: security_group_rules) to 0
2026-05-27 11:05:50.989 9 INFO neutron.db.ovn_revision_numbers_db [None req-0ac61ed3-5984-4f52-8370-2634c1442bed c0691106f4444cb7adef7b06bf26702c 790fbbe6b6384654a65bb31eb4bfac6f - - default default] Successfully bumped revision number for resource b7cfd086-708e-4573-bb16-b09b49cd4263 (type: security_group_rules) to 0
2026-05-27 11:05:50.993 9 INFO neutron.db.ovn_revision_numbers_db [None req-8862afce-b170-4a8f-bda4-fc421c50f8e6 c0691106f4444cb7adef7b06bf26702c 790fbbe6b6384654a65bb31eb4bfac6f - - default default] Successfully bumped revision number for resource 0b0e5b41-0840-4acb-ac6c-000808053029 (type: security_groups) to 1
2026-05-27 11:05:51.001 9 INFO neutron.db.ovn_revision_numbers_db [None req-0ac61ed3-5984-4f52-8370-2634c1442bed c0691106f4444cb7adef7b06bf26702c 790fbbe6b6384654a65bb31eb4bfac6f - - default default] Successfully bumped revision number for resource c1250666-ea0e-4b0c-a6dd-9df21b9a3a43 (type: security_group_rules) to 0
2026-05-27 11:05:51.016 9 INFO neutron.db.ovn_revision_numbers_db [None req-8862afce-b170-4a8f-bda4-fc421c50f8e6 c0691106f4444cb7adef7b06bf26702c 790fbbe6b6384654a65bb31eb4bfac6f - - default default] Successfully bumped revision number for resource 2ec43dde-3a18-4dcf-90c4-4cc643762dc6 (type: security_group_rules) to 0
2026-05-27 11:05:51.037 9 INFO neutron.db.ovn_revision_numbers_db [None req-8862afce-b170-4a8f-bda4-fc421c50f8e6 c0691106f4444cb7adef7b06bf26702c 790fbbe6b6384654a65bb31eb4bfac6f - - default default] Successfully bumped revision number for resource 68f2cfa5-2f5e-422c-bd23-81ba0ee2866a (type: security_group_rules) to 0
2026-05-27 11:05:51.063 9 INFO neutron.db.ovn_revision_numbers_db [None req-8862afce-b170-4a8f-bda4-fc421c50f8e6 c0691106f4444cb7adef7b06bf26702c 790fbbe6b6384654a65bb31eb4bfac6f - - default default] Successfully bumped revision number for resource ac1c30ea-d315-458e-aac7-61a603f685ae (type: security_group_rules) to 0
2026-05-27 11:05:51.065 9 INFO neutron.db.segments_db [None req-0ac61ed3-5984-4f52-8370-2634c1442bed c0691106f4444cb7adef7b06bf26702c 790fbbe6b6384654a65bb31eb4bfac6f - - default default] Added segment 12e87ebb-9c85-4a60-aaf5-ef7eeb287b23 of type geneve for network 08ce0114-6ed1-4898-89c9-69ac4f5887a8
2026-05-27 11:05:51.098 9 INFO neutron.db.ovn_revision_numbers_db [None req-8862afce-b170-4a8f-bda4-fc421c50f8e6 c0691106f4444cb7adef7b06bf26702c 790fbbe6b6384654a65bb31eb4bfac6f - - default default] Successfully bumped revision number for resource b6b5f7ac-5991-4a11-9e55-9c55291ada38 (type: security_group_rules) to 0
2026-05-27 11:05:51.178 9 INFO neutron.db.segments_db [None req-8862afce-b170-4a8f-bda4-fc421c50f8e6 c0691106f4444cb7adef7b06bf26702c 790fbbe6b6384654a65bb31eb4bfac6f - - default default] Added segment 6823493a-f9e2-4b02-bee6-3610398b5781 of type geneve for network 6f1243a7-2756-4f9a-a530-78c07944aea8
2026-05-27 11:05:51.330 9 INFO neutron.db.ovn_revision_numbers_db [None req-0ac61ed3-5984-4f52-8370-2634c1442bed c0691106f4444cb7adef7b06bf26702c 790fbbe6b6384654a65bb31eb4bfac6f - - default default] Successfully bumped revision number for resource 08ce0114-6ed1-4898-89c9-69ac4f5887a8 (type: networks) to 1
2026-05-27 11:05:51.482 9 INFO neutron.db.ovn_revision_numbers_db [None req-8862afce-b170-4a8f-bda4-fc421c50f8e6 c0691106f4444cb7adef7b06bf26702c 790fbbe6b6384654a65bb31eb4bfac6f - - default default] Successfully bumped revision number for resource 6f1243a7-2756-4f9a-a530-78c07944aea8 (type: networks) to 1
2026-05-27 11:05:51.573 9 WARNING neutron.scheduler.dhcp_agent_scheduler [None req-0ac61ed3-5984-4f52-8370-2634c1442bed c0691106f4444cb7adef7b06bf26702c 790fbbe6b6384654a65bb31eb4bfac6f - - default default] No more DHCP agents
2026-05-27 11:05:51.582 9 WARNING neutron.api.rpc.agentnotifiers.dhcp_rpc_agent_api [None req-0ac61ed3-5984-4f52-8370-2634c1442bed c0691106f4444cb7adef7b06bf26702c 790fbbe6b6384654a65bb31eb4bfac6f - - default default] Unable to schedule network 08ce0114-6ed1-4898-89c9-69ac4f5887a8: no agents available; will retry on subsequent port and subnet creation events.
2026-05-27 11:05:51.694 9 INFO neutron.db.ovn_revision_numbers_db [None req-0ac61ed3-5984-4f52-8370-2634c1442bed c0691106f4444cb7adef7b06bf26702c 790fbbe6b6384654a65bb31eb4bfac6f - - default default] Successfully bumped revision number for resource e8fd6c9b-7225-4ca3-a155-01d452e58aeb (type: ports) to 1
2026-05-27 11:05:51.720 9 WARNING neutron.scheduler.dhcp_agent_scheduler [None req-8862afce-b170-4a8f-bda4-fc421c50f8e6 c0691106f4444cb7adef7b06bf26702c 790fbbe6b6384654a65bb31eb4bfac6f - - default default] No more DHCP agents
2026-05-27 11:05:51.725 9 WARNING neutron.api.rpc.agentnotifiers.dhcp_rpc_agent_api [None req-8862afce-b170-4a8f-bda4-fc421c50f8e6 c0691106f4444cb7adef7b06bf26702c 790fbbe6b6384654a65bb31eb4bfac6f - - default default] Unable to schedule network 6f1243a7-2756-4f9a-a530-78c07944aea8: no agents available; will retry on subsequent port and subnet creation events.
2026-05-27 11:05:51.732 9 INFO neutron.wsgi [None req-0ac61ed3-5984-4f52-8370-2634c1442bed c0691106f4444cb7adef7b06bf26702c 790fbbe6b6384654a65bb31eb4bfac6f - - default default] 10.0.0.84 "POST /v2.0/networks HTTP/1.1" status: 201 len: 949 time: 1.0880709
2026-05-27 11:05:51.750 10 INFO neutron.db.ovn_revision_numbers_db [None req-19ed07e0-4557-459c-bb6e-d27c6c18745a c0691106f4444cb7adef7b06bf26702c 790fbbe6b6384654a65bb31eb4bfac6f - - default default] Successfully bumped revision number for resource dc5da11c-a02a-4c72-8e81-c565a160bc15 (type: security_groups) to 1
2026-05-27 11:05:51.758 10 INFO neutron.db.ovn_revision_numbers_db [None req-0d904d52-c407-4763-9c33-a9d6e36a5f7c c0691106f4444cb7adef7b06bf26702c 790fbbe6b6384654a65bb31eb4bfac6f - - default default] Successfully bumped revision number for resource 8dfbf822-21ae-4306-9e96-0175b471673e (type: security_groups) to 1
2026-05-27 11:05:51.769 10 INFO neutron.db.ovn_revision_numbers_db [None req-19ed07e0-4557-459c-bb6e-d27c6c18745a c0691106f4444cb7adef7b06bf26702c 790fbbe6b6384654a65bb31eb4bfac6f - - default default] Successfully bumped revision number for resource 0d69fdcc-d633-4169-8af2-b23435320dd9 (type: security_group_rules) to 0
2026-05-27 11:05:51.777 10 INFO neutron.db.ovn_revision_numbers_db [None req-0d904d52-c407-4763-9c33-a9d6e36a5f7c c0691106f4444cb7adef7b06bf26702c 790fbbe6b6384654a65bb31eb4bfac6f - - default default] Successfully bumped revision number for resource 874f0f75-e7a1-4923-afb5-14328054f507 (type: security_group_rules) to 0
2026-05-27 11:05:51.811 9 INFO neutron.db.ovn_revision_numbers_db [None req-8862afce-b170-4a8f-bda4-fc421c50f8e6 c0691106f4444cb7adef7b06bf26702c 790fbbe6b6384654a65bb31eb4bfac6f - - default default] Successfully bumped revision number for resource 0de7f493-447d-4800-b7b0-81d2cd74c327 (type: ports) to 1
2026-05-27 11:05:51.823 10 INFO neutron.db.ovn_revision_numbers_db [None req-19ed07e0-4557-459c-bb6e-d27c6c18745a c0691106f4444cb7adef7b06bf26702c 790fbbe6b6384654a65bb31eb4bfac6f - - default default] Successfully bumped revision number for resource 3e5bf11f-6d06-48b4-835e-bd02f6c5ccbe (type: security_group_rules) to 0
2026-05-27 11:05:51.831 10 INFO neutron.db.ovn_revision_numbers_db [None req-0d904d52-c407-4763-9c33-a9d6e36a5f7c c0691106f4444cb7adef7b06bf26702c 790fbbe6b6384654a65bb31eb4bfac6f - - default default] Successfully bumped revision number for resource b5b91a5d-e98a-42f8-84d1-639672d30d60 (type: security_group_rules) to 0
2026-05-27 11:05:51.832 9 INFO neutron.wsgi [None req-8862afce-b170-4a8f-bda4-fc421c50f8e6 c0691106f4444cb7adef7b06bf26702c 790fbbe6b6384654a65bb31eb4bfac6f - - default default] 10.0.0.84 "POST /v2.0/networks HTTP/1.1" status: 201 len: 951 time: 1.1391509
2026-05-27 11:05:51.859 10 INFO neutron.db.ovn_revision_numbers_db [None req-19ed07e0-4557-459c-bb6e-d27c6c18745a c0691106f4444cb7adef7b06bf26702c 790fbbe6b6384654a65bb31eb4bfac6f - - default default] Successfully bumped revision number for resource 46463d23-f0cc-4574-be24-40d90581bf03 (type: security_group_rules) to 0
2026-05-27 11:05:51.865 10 INFO neutron.db.ovn_revision_numbers_db [None req-0d904d52-c407-4763-9c33-a9d6e36a5f7c c0691106f4444cb7adef7b06bf26702c 790fbbe6b6384654a65bb31eb4bfac6f - - default default] Successfully bumped revision number for resource c2dcc3f0-b088-475c-bc27-a26a0f16c967 (type: security_group_rules) to 0
2026-05-27 11:05:51.888 10 INFO neutron.db.ovn_revision_numbers_db [None req-19ed07e0-4557-459c-bb6e-d27c6c18745a c0691106f4444cb7adef7b06bf26702c 790fbbe6b6384654a65bb31eb4bfac6f - - default default] Successfully bumped revision number for resource d9b398d8-871b-4e43-b9ce-f41a495fb1f4 (type: security_group_rules) to 0
2026-05-27 11:05:51.914 10 INFO neutron.db.ovn_revision_numbers_db [None req-0d904d52-c407-4763-9c33-a9d6e36a5f7c c0691106f4444cb7adef7b06bf26702c 790fbbe6b6384654a65bb31eb4bfac6f - - default default] Successfully bumped revision number for resource c666f297-51da-4ff5-a7a4-18b2924ae59f (type: security_group_rules) to 0
2026-05-27 11:05:51.938 10 INFO neutron.wsgi [None req-19ed07e0-4557-459c-bb6e-d27c6c18745a c0691106f4444cb7adef7b06bf26702c 790fbbe6b6384654a65bb31eb4bfac6f - - default default] 10.0.0.84 "GET /v2.0/security-groups?tenant_id=74b57a23fe4b4b0fbecc0a9d4a9a379c&name=default HTTP/1.1" status: 200 len: 3116 time: 0.4853985
2026-05-27 11:05:51.944 10 INFO neutron.wsgi [None req-0d904d52-c407-4763-9c33-a9d6e36a5f7c c0691106f4444cb7adef7b06bf26702c 790fbbe6b6384654a65bb31eb4bfac6f - - default default] 10.0.0.84 "GET /v2.0/security-groups?tenant_id=a10320e93ea642cf817362ad06e4cd13&name=default HTTP/1.1" status: 200 len: 3116 time: 0.4708889
2026-05-27 11:05:52.021 10 WARNING neutron.scheduler.dhcp_agent_scheduler [None req-0967e7da-a2e1-49f7-9634-f736e75b6571 c0691106f4444cb7adef7b06bf26702c 790fbbe6b6384654a65bb31eb4bfac6f - - default default] No more DHCP agents
2026-05-27 11:05:52.027 10 WARNING neutron.api.rpc.agentnotifiers.dhcp_rpc_agent_api [None req-0967e7da-a2e1-49f7-9634-f736e75b6571 c0691106f4444cb7adef7b06bf26702c 790fbbe6b6384654a65bb31eb4bfac6f - - default default] Unable to schedule network 08ce0114-6ed1-4898-89c9-69ac4f5887a8: no agents available; will retry on subsequent port and subnet creation events.
2026-05-27 11:05:52.051 9 WARNING neutron.scheduler.dhcp_agent_scheduler [None req-b995acb6-472d-4828-b97c-1059f2b84e84 c0691106f4444cb7adef7b06bf26702c 790fbbe6b6384654a65bb31eb4bfac6f - - default default] No more DHCP agents
2026-05-27 11:05:52.057 9 WARNING neutron.api.rpc.agentnotifiers.dhcp_rpc_agent_api [None req-b995acb6-472d-4828-b97c-1059f2b84e84 c0691106f4444cb7adef7b06bf26702c 790fbbe6b6384654a65bb31eb4bfac6f - - default default] Unable to schedule network 6f1243a7-2756-4f9a-a530-78c07944aea8: no agents available; will retry on subsequent port and subnet creation events.
2026-05-27 11:05:52.342 9 INFO neutron.wsgi [None req-a85fb4e9-b537-4f8d-8576-b97b3e6a47af c0691106f4444cb7adef7b06bf26702c 790fbbe6b6384654a65bb31eb4bfac6f - - default default] 10.0.0.84 "DELETE /v2.0/security-groups/dc5da11c-a02a-4c72-8e81-c565a160bc15 HTTP/1.1" status: 204 len: 168 time: 0.3983412
2026-05-27 11:05:52.350 9 INFO neutron.wsgi [None req-d1c3872b-1271-4d91-b933-57d17d8f725c c0691106f4444cb7adef7b06bf26702c 790fbbe6b6384654a65bb31eb4bfac6f - - default default] 10.0.0.84 "DELETE /v2.0/security-groups/8dfbf822-21ae-4306-9e96-0175b471673e HTTP/1.1" status: 204 len: 168 time: 0.3916311
2026-05-27 11:05:52.580 10 INFO neutron.db.ovn_revision_numbers_db [None req-0967e7da-a2e1-49f7-9634-f736e75b6571 c0691106f4444cb7adef7b06bf26702c 790fbbe6b6384654a65bb31eb4bfac6f - - default default] Successfully bumped revision number for resource e8fd6c9b-7225-4ca3-a155-01d452e58aeb (type: ports) to 2
2026-05-27 11:05:52.615 10 INFO neutron.db.ovn_revision_numbers_db [None req-0967e7da-a2e1-49f7-9634-f736e75b6571 c0691106f4444cb7adef7b06bf26702c 790fbbe6b6384654a65bb31eb4bfac6f - - default default] Successfully bumped revision number for resource 90a4b8a2-c5a8-4686-9427-b8107b0ac5e2 (type: subnets) to 0
2026-05-27 11:05:52.640 10 INFO neutron.wsgi [None req-0967e7da-a2e1-49f7-9634-f736e75b6571 c0691106f4444cb7adef7b06bf26702c 790fbbe6b6384654a65bb31eb4bfac6f - - default default] 10.0.0.84 "POST /v2.0/subnets HTTP/1.1" status: 201 len: 869 time: 0.8999360
2026-05-27 11:05:52.666 9 INFO neutron.db.ovn_revision_numbers_db [None req-b995acb6-472d-4828-b97c-1059f2b84e84 c0691106f4444cb7adef7b06bf26702c 790fbbe6b6384654a65bb31eb4bfac6f - - default default] Successfully bumped revision number for resource 0de7f493-447d-4800-b7b0-81d2cd74c327 (type: ports) to 2
2026-05-27 11:05:52.707 9 INFO neutron.db.ovn_revision_numbers_db [None req-b995acb6-472d-4828-b97c-1059f2b84e84 c0691106f4444cb7adef7b06bf26702c 790fbbe6b6384654a65bb31eb4bfac6f - - default default] Successfully bumped revision number for resource f4e5d4f9-e53b-4419-abfe-2c87ee656905 (type: subnets) to 0
2026-05-27 11:05:52.725 9 INFO neutron.wsgi [None req-b995acb6-472d-4828-b97c-1059f2b84e84 c0691106f4444cb7adef7b06bf26702c 790fbbe6b6384654a65bb31eb4bfac6f - - default default] 10.0.0.84 "POST /v2.0/subnets HTTP/1.1" status: 201 len: 871 time: 0.8873463
2026-05-27 11:05:53.344 10 WARNING neutron.scheduler.dhcp_agent_scheduler [None req-2121d7c0-d36a-42f2-b94c-d4f690e4654b c0691106f4444cb7adef7b06bf26702c 790fbbe6b6384654a65bb31eb4bfac6f - - default default] No more DHCP agents
2026-05-27 11:05:53.345 10 WARNING neutron.api.rpc.agentnotifiers.dhcp_rpc_agent_api [None req-2121d7c0-d36a-42f2-b94c-d4f690e4654b c0691106f4444cb7adef7b06bf26702c 790fbbe6b6384654a65bb31eb4bfac6f - - default default] Unable to schedule network 889b54fb-2d9e-49fa-a546-7ad775c9e91b: no agents available; will retry on subsequent port and subnet creation events.
2026-05-27 11:05:53.421 9 WARNING neutron.scheduler.dhcp_agent_scheduler [None req-af0cdd61-dd25-4b28-83be-bd99e850a758 c0691106f4444cb7adef7b06bf26702c 790fbbe6b6384654a65bb31eb4bfac6f - - default default] No more DHCP agents
2026-05-27 11:05:53.424 9 WARNING neutron.api.rpc.agentnotifiers.dhcp_rpc_agent_api [None req-af0cdd61-dd25-4b28-83be-bd99e850a758 c0691106f4444cb7adef7b06bf26702c 790fbbe6b6384654a65bb31eb4bfac6f - - default default] Unable to schedule network 889b54fb-2d9e-49fa-a546-7ad775c9e91b: no agents available; will retry on subsequent port and subnet creation events.
2026-05-27 11:05:53.502 10 INFO neutron.db.ovn_revision_numbers_db [None req-2121d7c0-d36a-42f2-b94c-d4f690e4654b c0691106f4444cb7adef7b06bf26702c 790fbbe6b6384654a65bb31eb4bfac6f - - default default] Successfully bumped revision number for resource 1d09081a-9a92-41ed-b563-f90196946f2d (type: ports) to 1
2026-05-27 11:05:53.578 9 INFO neutron.db.ovn_revision_numbers_db [None req-af0cdd61-dd25-4b28-83be-bd99e850a758 c0691106f4444cb7adef7b06bf26702c 790fbbe6b6384654a65bb31eb4bfac6f - - default default] Successfully bumped revision number for resource 6da0bf45-0992-4cbe-ba05-8615d7c81270 (type: ports) to 1
2026-05-27 11:05:53.952 9 INFO neutron.wsgi [-] 10.0.0.52 "GET / HTTP/1.1" status: 200 len: 246 time: 0.0012031
2026-05-27 11:05:53.954 9 INFO neutron.wsgi [-] 10.0.0.52 "GET / HTTP/1.1" status: 200 len: 246 time: 0.0010328
2026-05-27 11:05:53.981 10 INFO neutron.plugins.ml2.drivers.ovn.mech_driver.ovsdb.extensions.qos [None req-2121d7c0-d36a-42f2-b94c-d4f690e4654b c0691106f4444cb7adef7b06bf26702c 790fbbe6b6384654a65bb31eb4bfac6f - - default default] Starting OVNClientQosExtension
2026-05-27 11:05:54.026 9 INFO neutron.plugins.ml2.drivers.ovn.mech_driver.ovsdb.extensions.qos [None req-af0cdd61-dd25-4b28-83be-bd99e850a758 c0691106f4444cb7adef7b06bf26702c 790fbbe6b6384654a65bb31eb4bfac6f - - default default] Starting OVNClientQosExtension
2026-05-27 11:05:54.352 10 INFO neutron.plugins.ml2.drivers.ovn.mech_driver.ovsdb.commands [None req-175e2eae-dcfb-464b-996d-63bd75074605 - - - - - -] Schedule LRP lrp-1d09081a-9a92-41ed-b563-f90196946f2d on gateway 48f831bc-71ac-432d-a82d-4d8b8361e013 with priority 1
2026-05-27 11:05:54.370 9 INFO neutron.plugins.ml2.drivers.ovn.mech_driver.mech_driver [None req-ee35cc8e-2494-4aec-bb7d-18c8763f3d77 - - - - - -] OVN reports status up for port: 1d09081a-9a92-41ed-b563-f90196946f2d
2026-05-27 11:05:54.380 9 INFO neutron.plugins.ml2.drivers.ovn.mech_driver.ovsdb.ovsdb_monitor [-] Router 49f34471-0bd3-4c2d-a32a-ddae4fecf75f is bound to host instance
2026-05-27 11:05:54.404 10 INFO neutron.db.ovn_revision_numbers_db [None req-2121d7c0-d36a-42f2-b94c-d4f690e4654b c0691106f4444cb7adef7b06bf26702c 790fbbe6b6384654a65bb31eb4bfac6f - - default default] Successfully bumped revision number for resource 1d09081a-9a92-41ed-b563-f90196946f2d (type: router_ports) to 1
2026-05-27 11:05:54.411 9 INFO neutron.plugins.ml2.plugin [None req-ee35cc8e-2494-4aec-bb7d-18c8763f3d77 - - - - - -] Attempt 1 to provision port 1d09081a-9a92-41ed-b563-f90196946f2d
2026-05-27 11:05:54.450 9 INFO neutron.db.ovn_revision_numbers_db [None req-431e4d16-d5f5-44b3-bb0b-32f75c8f5c5d c0691106f4444cb7adef7b06bf26702c 790fbbe6b6384654a65bb31eb4bfac6f - - default default] Successfully bumped revision number for resource ec1b9bcd-9e8a-4bc8-80de-3225aba0eee3 (type: security_groups) to 1
2026-05-27 11:05:54.489 9 INFO neutron.db.ovn_revision_numbers_db [None req-431e4d16-d5f5-44b3-bb0b-32f75c8f5c5d c0691106f4444cb7adef7b06bf26702c 790fbbe6b6384654a65bb31eb4bfac6f - - default default] Successfully bumped revision number for resource 0264dad3-cefd-4c2e-b997-d800cbb57225 (type: security_group_rules) to 0
2026-05-27 11:05:54.511 10 INFO neutron.db.ovn_revision_numbers_db [None req-2121d7c0-d36a-42f2-b94c-d4f690e4654b c0691106f4444cb7adef7b06bf26702c 790fbbe6b6384654a65bb31eb4bfac6f - - default default] Successfully bumped revision number for resource 49f34471-0bd3-4c2d-a32a-ddae4fecf75f (type: routers) to 2
2026-05-27 11:05:54.514 9 INFO neutron.plugins.ml2.drivers.ovn.mech_driver.ovsdb.commands [None req-bf5d6d2d-0946-41cc-957f-e77579c016fd - - - - - -] Schedule LRP lrp-6da0bf45-0992-4cbe-ba05-8615d7c81270 on gateway 48f831bc-71ac-432d-a82d-4d8b8361e013 with priority 1
2026-05-27 11:05:54.529 10 INFO neutron.plugins.ml2.drivers.ovn.mech_driver.mech_driver [None req-f0e4303d-c993-4742-80bd-99375a17e647 - - - - - -] OVN reports status up for port: 6da0bf45-0992-4cbe-ba05-8615d7c81270
2026-05-27 11:05:54.537 10 INFO neutron.wsgi [None req-2121d7c0-d36a-42f2-b94c-d4f690e4654b c0691106f4444cb7adef7b06bf26702c 790fbbe6b6384654a65bb31eb4bfac6f - - default default] 10.0.0.84 "POST /v2.0/routers HTTP/1.1" status: 201 len: 1171 time: 1.8916547
2026-05-27 11:05:54.538 10 INFO neutron.plugins.ml2.plugin [None req-f0e4303d-c993-4742-80bd-99375a17e647 - - - - - -] Attempt 1 to provision port 6da0bf45-0992-4cbe-ba05-8615d7c81270
2026-05-27 11:05:54.544 9 INFO neutron.db.ovn_revision_numbers_db [None req-431e4d16-d5f5-44b3-bb0b-32f75c8f5c5d c0691106f4444cb7adef7b06bf26702c 790fbbe6b6384654a65bb31eb4bfac6f - - default default] Successfully bumped revision number for resource 0b4c4751-0bcb-4e2d-acaa-c2da35797ed6 (type: security_group_rules) to 0
2026-05-27 11:05:54.575 10 INFO neutron.plugins.ml2.drivers.ovn.mech_driver.ovsdb.ovsdb_monitor [-] Router 2d4de3cc-bfe9-4017-9d6e-0c6798743bf5 is bound to host instance
2026-05-27 11:05:54.588 9 INFO neutron.db.ovn_revision_numbers_db [None req-431e4d16-d5f5-44b3-bb0b-32f75c8f5c5d c0691106f4444cb7adef7b06bf26702c 790fbbe6b6384654a65bb31eb4bfac6f - - default default] Successfully bumped revision number for resource 8d5b7867-3284-4a82-9d43-180fe520f14a (type: security_group_rules) to 0
2026-05-27 11:05:54.610 9 INFO neutron.db.ovn_revision_numbers_db [None req-af0cdd61-dd25-4b28-83be-bd99e850a758 c0691106f4444cb7adef7b06bf26702c 790fbbe6b6384654a65bb31eb4bfac6f - - default default] Successfully bumped revision number for resource 6da0bf45-0992-4cbe-ba05-8615d7c81270 (type: router_ports) to 1
2026-05-27 11:05:54.620 9 INFO neutron.db.ovn_revision_numbers_db [None req-431e4d16-d5f5-44b3-bb0b-32f75c8f5c5d c0691106f4444cb7adef7b06bf26702c 790fbbe6b6384654a65bb31eb4bfac6f - - default default] Successfully bumped revision number for resource a3ac9842-8b01-47ba-bced-f8313045bdef (type: security_group_rules) to 0
2026-05-27 11:05:54.726 9 INFO neutron.db.segments_db [None req-431e4d16-d5f5-44b3-bb0b-32f75c8f5c5d c0691106f4444cb7adef7b06bf26702c 790fbbe6b6384654a65bb31eb4bfac6f - - default default] Added segment a056955c-4461-4657-a007-23743135bca9 of type geneve for network dff5079b-f08b-4172-b420-9d043fcf8807
2026-05-27 11:05:54.769 9 INFO neutron.db.ovn_revision_numbers_db [None req-af0cdd61-dd25-4b28-83be-bd99e850a758 c0691106f4444cb7adef7b06bf26702c 790fbbe6b6384654a65bb31eb4bfac6f - - default default] Successfully bumped revision number for resource 2d4de3cc-bfe9-4017-9d6e-0c6798743bf5 (type: routers) to 2
2026-05-27 11:05:54.823 9 INFO neutron.wsgi [None req-af0cdd61-dd25-4b28-83be-bd99e850a758 c0691106f4444cb7adef7b06bf26702c 790fbbe6b6384654a65bb31eb4bfac6f - - default default] 10.0.0.84 "POST /v2.0/routers HTTP/1.1" status: 201 len: 1173 time: 2.0922577
2026-05-27 11:05:55.167 9 INFO neutron.db.ovn_revision_numbers_db [None req-431e4d16-d5f5-44b3-bb0b-32f75c8f5c5d c0691106f4444cb7adef7b06bf26702c 790fbbe6b6384654a65bb31eb4bfac6f - - default default] Successfully bumped revision number for resource dff5079b-f08b-4172-b420-9d043fcf8807 (type: networks) to 1
2026-05-27 11:05:55.527 9 WARNING neutron.scheduler.dhcp_agent_scheduler [None req-431e4d16-d5f5-44b3-bb0b-32f75c8f5c5d c0691106f4444cb7adef7b06bf26702c 790fbbe6b6384654a65bb31eb4bfac6f - - default default] No more DHCP agents
2026-05-27 11:05:55.533 9 WARNING neutron.api.rpc.agentnotifiers.dhcp_rpc_agent_api [None req-431e4d16-d5f5-44b3-bb0b-32f75c8f5c5d c0691106f4444cb7adef7b06bf26702c 790fbbe6b6384654a65bb31eb4bfac6f - - default default] Unable to schedule network dff5079b-f08b-4172-b420-9d043fcf8807: no agents available; will retry on subsequent port and subnet creation events.
2026-05-27 11:05:55.568 10 WARNING neutron.scheduler.dhcp_agent_scheduler [None req-fa2c4e14-1b02-4d7a-8d76-c0bef17c3243 c0691106f4444cb7adef7b06bf26702c 790fbbe6b6384654a65bb31eb4bfac6f - - default default] No more DHCP agents
2026-05-27 11:05:55.572 10 WARNING neutron.api.rpc.agentnotifiers.dhcp_rpc_agent_api [None req-fa2c4e14-1b02-4d7a-8d76-c0bef17c3243 c0691106f4444cb7adef7b06bf26702c 790fbbe6b6384654a65bb31eb4bfac6f - - default default] Unable to schedule network 08ce0114-6ed1-4898-89c9-69ac4f5887a8: no agents available; will retry on subsequent port and subnet creation events.
2026-05-27 11:05:55.699 9 INFO neutron.db.ovn_revision_numbers_db [None req-431e4d16-d5f5-44b3-bb0b-32f75c8f5c5d c0691106f4444cb7adef7b06bf26702c 790fbbe6b6384654a65bb31eb4bfac6f - - default default] Successfully bumped revision number for resource d8e1addc-43b7-4c1c-a75f-220268ae4130 (type: ports) to 1
2026-05-27 11:05:55.748 9 INFO neutron.wsgi [None req-431e4d16-d5f5-44b3-bb0b-32f75c8f5c5d c0691106f4444cb7adef7b06bf26702c 790fbbe6b6384654a65bb31eb4bfac6f - - default default] 10.0.0.84 "POST /v2.0/networks HTTP/1.1" status: 201 len: 946 time: 1.7344787
2026-05-27 11:05:55.773 10 INFO neutron.db.ovn_revision_numbers_db [None req-fa2c4e14-1b02-4d7a-8d76-c0bef17c3243 c0691106f4444cb7adef7b06bf26702c 790fbbe6b6384654a65bb31eb4bfac6f - - default default] Successfully bumped revision number for resource 96cafd76-0c5c-452a-aa24-4bcca3bd7e4d (type: ports) to 1
2026-05-27 11:05:55.847 10 INFO neutron.db.ovn_revision_numbers_db [None req-5fa43fb0-42b9-4f88-96cc-5f39144a9cea - - - - - -] Successfully bumped revision number for resource 6da0bf45-0992-4cbe-ba05-8615d7c81270 (type: ports) to 1
2026-05-27 11:05:56.003 9 INFO neutron.db.ovn_revision_numbers_db [None req-b9fe7c78-f113-4369-9f33-23cd55a53877 - - - - - -] Successfully bumped revision number for resource 1d09081a-9a92-41ed-b563-f90196946f2d (type: ports) to 1
2026-05-27 11:05:56.039 9 WARNING neutron.scheduler.dhcp_agent_scheduler [None req-6167ee09-4e46-4cb0-ab5d-5967a44c57fb c0691106f4444cb7adef7b06bf26702c 790fbbe6b6384654a65bb31eb4bfac6f - - default default] No more DHCP agents
2026-05-27 11:05:56.044 9 WARNING neutron.api.rpc.agentnotifiers.dhcp_rpc_agent_api [None req-6167ee09-4e46-4cb0-ab5d-5967a44c57fb c0691106f4444cb7adef7b06bf26702c 790fbbe6b6384654a65bb31eb4bfac6f - - default default] Unable to schedule network 6f1243a7-2756-4f9a-a530-78c07944aea8: no agents available; will retry on subsequent port and subnet creation events.
2026-05-27 11:05:56.218 10 WARNING neutron.scheduler.dhcp_agent_scheduler [None req-f4169325-c510-45e9-aaa8-313e994d70c7 c0691106f4444cb7adef7b06bf26702c 790fbbe6b6384654a65bb31eb4bfac6f - - default default] No more DHCP agents
2026-05-27 11:05:56.235 10 WARNING neutron.api.rpc.agentnotifiers.dhcp_rpc_agent_api [None req-f4169325-c510-45e9-aaa8-313e994d70c7 c0691106f4444cb7adef7b06bf26702c 790fbbe6b6384654a65bb31eb4bfac6f - - default default] Unable to schedule network dff5079b-f08b-4172-b420-9d043fcf8807: no agents available; will retry on subsequent port and subnet creation events.
2026-05-27 11:05:56.260 9 INFO neutron.db.ovn_revision_numbers_db [None req-6167ee09-4e46-4cb0-ab5d-5967a44c57fb c0691106f4444cb7adef7b06bf26702c 790fbbe6b6384654a65bb31eb4bfac6f - - default default] Successfully bumped revision number for resource fcba0bc3-464d-4be2-a60a-d5037c1f7390 (type: ports) to 1
2026-05-27 11:05:56.750 9 INFO neutron.db.ovn_revision_numbers_db [None req-b9fe7c78-f113-4369-9f33-23cd55a53877 - - - - - -] Successfully bumped revision number for resource 1d09081a-9a92-41ed-b563-f90196946f2d (type: router_ports) to 3
2026-05-27 11:05:56.802 10 INFO neutron.db.ovn_revision_numbers_db [None req-5fa43fb0-42b9-4f88-96cc-5f39144a9cea - - - - - -] Successfully bumped revision number for resource 6da0bf45-0992-4cbe-ba05-8615d7c81270 (type: router_ports) to 3
2026-05-27 11:05:56.927 10 ERROR ovsdbapp.backend.ovs_idl.command [None req-fa2c4e14-1b02-4d7a-8d76-c0bef17c3243 c0691106f4444cb7adef7b06bf26702c 790fbbe6b6384654a65bb31eb4bfac6f - - default default] Error executing command (DbGetCommand): ovsdbapp.backend.ovs_idl.idlutils.RowNotFound: Cannot find Logical_Router_Port with name=lrp-96cafd76-0c5c-452a-aa24-4bcca3bd7e4d
2026-05-27 11:05:56.927 10 ERROR ovsdbapp.backend.ovs_idl.command
Traceback (most recent call last):
2026-05-27 11:05:56.927 10 ERROR ovsdbapp.backend.ovs_idl.command
File "/var/lib/openstack/lib/python3.10/site-packages/ovsdbapp/backend/ovs_idl/command.py", line 47, in execute
2026-05-27 11:05:56.927 10 ERROR ovsdbapp.backend.ovs_idl.command self.run_idl(None)
2026-05-27 11:05:56.927 10 ERROR ovsdbapp.backend.ovs_idl.command
File "/var/lib/openstack/lib/python3.10/site-packages/ovsdbapp/backend/ovs_idl/command.py", line 235, in run_idl
2026-05-27 11:05:56.927 10 ERROR ovsdbapp.backend.ovs_idl.command record = self.api.lookup(self.table, self.record)
2026-05-27 11:05:56.927 10 ERROR ovsdbapp.backend.ovs_idl.command
File "/var/lib/openstack/lib/python3.10/site-packages/ovsdbapp/backend/ovs_idl/__init__.py", line 184, in lookup
2026-05-27 11:05:56.927 10 ERROR ovsdbapp.backend.ovs_idl.command return self._lookup(table, record)
2026-05-27 11:05:56.927 10 ERROR ovsdbapp.backend.ovs_idl.command
File "/var/lib/openstack/lib/python3.10/site-packages/ovsdbapp/backend/ovs_idl/__init__.py", line 235, in _lookup
2026-05-27 11:05:56.927 10 ERROR ovsdbapp.backend.ovs_idl.command row = idlutils.row_by_value(self, rl.table, rl.column, record)
2026-05-27 11:05:56.927 10 ERROR ovsdbapp.backend.ovs_idl.command
File "/var/lib/openstack/lib/python3.10/site-packages/ovsdbapp/backend/ovs_idl/idlutils.py", line 114, in row_by_value
2026-05-27 11:05:56.927 10 ERROR ovsdbapp.backend.ovs_idl.command raise RowNotFound(table=table, col=column, match=match)
2026-05-27 11:05:56.927 10 ERROR ovsdbapp.backend.ovs_idl.command ovsdbapp.backend.ovs_idl.idlutils.RowNotFound: Cannot find Logical_Router_Port with name=lrp-96cafd76-0c5c-452a-aa24-4bcca3bd7e4d
2026-05-27 11:05:56.927 10 ERROR ovsdbapp.backend.ovs_idl.command 
2026-05-27 11:05:56.928 10 ERROR neutron_lib.callbacks.manager [None req-fa2c4e14-1b02-4d7a-8d76-c0bef17c3243 c0691106f4444cb7adef7b06bf26702c 790fbbe6b6384654a65bb31eb4bfac6f - - default default] Error during notification for neutron.services.ovn_l3.plugin.OVNL3RouterPlugin._port_update-8782775636719 port, after_update: ovsdbapp.backend.ovs_idl.idlutils.RowNotFound: Cannot find Logical_Router_Port with name=lrp-96cafd76-0c5c-452a-aa24-4bcca3bd7e4d
2026-05-27 11:05:56.928 10 ERROR neutron_lib.callbacks.manager
Traceback (most recent call last):
2026-05-27 11:05:56.928 10 ERROR neutron_lib.callbacks.manager
File "/var/lib/openstack/lib/python3.10/site-packages/neutron_lib/callbacks/manager.py", line 189, in _notify_loop
2026-05-27 11:05:56.928 10 ERROR neutron_lib.callbacks.manager callback.method(resource, event, trigger, payload=payload)
2026-05-27 11:05:56.928 10 ERROR neutron_lib.callbacks.manager
File "/var/lib/openstack/lib/python3.10/site-packages/neutron/services/ovn_l3/plugin.py", line 391, in _port_update
2026-05-27 11:05:56.928 10 ERROR neutron_lib.callbacks.manager l3plugin._ovn_client.update_router_port(context,
2026-05-27 11:05:56.928 10 ERROR neutron_lib.callbacks.manager
File "/var/lib/openstack/lib/python3.10/site-packages/neutron/plugins/ml2/drivers/ovn/mech_driver/ovsdb/ovn_client.py", line 1878, in update_router_port
2026-05-27 11:05:56.928 10 ERROR neutron_lib.callbacks.manager self._update_lrouter_port(context, port, if_exists=if_exists,
2026-05-27 11:05:56.928 10 ERROR neutron_lib.callbacks.manager
File "/var/lib/openstack/lib/python3.10/site-packages/neutron/plugins/ml2/drivers/ovn/mech_driver/ovsdb/ovn_client.py", line 1855, in _update_lrouter_port
2026-05-27 11:05:56.928 10 ERROR neutron_lib.callbacks.manager external_ids = self._nb_idl.db_get(
2026-05-27 11:05:56.928 10 ERROR neutron_lib.callbacks.manager
File "/var/lib/openstack/lib/python3.10/site-packages/ovsdbapp/backend/ovs_idl/command.py", line 47, in execute
2026-05-27 11:05:56.928 10 ERROR neutron_lib.callbacks.manager self.run_idl(None)
2026-05-27 11:05:56.928 10 ERROR neutron_lib.callbacks.manager
File "/var/lib/openstack/lib/python3.10/site-packages/ovsdbapp/backend/ovs_idl/command.py", line 235, in run_idl
2026-05-27 11:05:56.928 10 ERROR neutron_lib.callbacks.manager record = self.api.lookup(self.table, self.record)
2026-05-27 11:05:56.928 10 ERROR neutron_lib.callbacks.manager
File "/var/lib/openstack/lib/python3.10/site-packages/ovsdbapp/backend/ovs_idl/__init__.py", line 184, in lookup
2026-05-27 11:05:56.928 10 ERROR neutron_lib.callbacks.manager return self._lookup(table, record)
2026-05-27 11:05:56.928 10 ERROR neutron_lib.callbacks.manager
File "/var/lib/openstack/lib/python3.10/site-packages/ovsdbapp/backend/ovs_idl/__init__.py", line 235, in _lookup
2026-05-27 11:05:56.928 10 ERROR neutron_lib.callbacks.manager row = idlutils.row_by_value(self, rl.table, rl.column, record)
2026-05-27 11:05:56.928 10 ERROR neutron_lib.callbacks.manager
File "/var/lib/openstack/lib/python3.10/site-packages/ovsdbapp/backend/ovs_idl/idlutils.py", line 114, in row_by_value
2026-05-27 11:05:56.928 10 ERROR neutron_lib.callbacks.manager raise RowNotFound(table=table, col=column, match=match)
2026-05-27 11:05:56.928 10 ERROR neutron_lib.callbacks.manager ovsdbapp.backend.ovs_idl.idlutils.RowNotFound: Cannot find Logical_Router_Port with name=lrp-96cafd76-0c5c-452a-aa24-4bcca3bd7e4d
2026-05-27 11:05:56.928 10 ERROR neutron_lib.callbacks.manager 
2026-05-27 11:05:57.298 10 INFO neutron.db.ovn_revision_numbers_db [None req-5fa43fb0-42b9-4f88-96cc-5f39144a9cea - - - - - -] Successfully bumped revision number for resource 6da0bf45-0992-4cbe-ba05-8615d7c81270 (type: ports) to 2
2026-05-27 11:05:57.345 9 INFO neutron.db.ovn_revision_numbers_db [None req-b9fe7c78-f113-4369-9f33-23cd55a53877 - - - - - -] Successfully bumped revision number for resource 1d09081a-9a92-41ed-b563-f90196946f2d (type: ports) to 2
2026-05-27 11:05:57.357 10 INFO neutron.db.ovn_revision_numbers_db [None req-f4169325-c510-45e9-aaa8-313e994d70c7 c0691106f4444cb7adef7b06bf26702c 790fbbe6b6384654a65bb31eb4bfac6f - - default default] Successfully bumped revision number for resource d8e1addc-43b7-4c1c-a75f-220268ae4130 (type: ports) to 2
2026-05-27 11:05:57.364 9 INFO neutron.plugins.ml2.drivers.ovn.mech_driver.mech_driver [None req-ee35cc8e-2494-4aec-bb7d-18c8763f3d77 - - - - - -] OVN reports status up for port: 96cafd76-0c5c-452a-aa24-4bcca3bd7e4d
2026-05-27 11:05:57.395 9 INFO neutron.plugins.ml2.plugin [None req-ee35cc8e-2494-4aec-bb7d-18c8763f3d77 - - - - - -] Attempt 1 to provision port 96cafd76-0c5c-452a-aa24-4bcca3bd7e4d
2026-05-27 11:05:57.409 10 INFO neutron.db.ovn_revision_numbers_db [None req-f4169325-c510-45e9-aaa8-313e994d70c7 c0691106f4444cb7adef7b06bf26702c 790fbbe6b6384654a65bb31eb4bfac6f - - default default] Successfully bumped revision number for resource f3a3aa76-53b0-4328-8021-0c5c23f88f73 (type: subnets) to 0
2026-05-27 11:05:57.413 10 INFO neutron.db.ovn_revision_numbers_db [None req-fa2c4e14-1b02-4d7a-8d76-c0bef17c3243 c0691106f4444cb7adef7b06bf26702c 790fbbe6b6384654a65bb31eb4bfac6f - - default default] Successfully bumped revision number for resource 96cafd76-0c5c-452a-aa24-4bcca3bd7e4d (type: ports) to 1
2026-05-27 11:05:57.456 10 INFO neutron.wsgi [None req-f4169325-c510-45e9-aaa8-313e994d70c7 c0691106f4444cb7adef7b06bf26702c 790fbbe6b6384654a65bb31eb4bfac6f - - default default] 10.0.0.84 "POST /v2.0/subnets HTTP/1.1" status: 201 len: 866 time: 1.6988635
2026-05-27 11:05:57.511 9 ERROR ovsdbapp.backend.ovs_idl.command [None req-6167ee09-4e46-4cb0-ab5d-5967a44c57fb c0691106f4444cb7adef7b06bf26702c 790fbbe6b6384654a65bb31eb4bfac6f - - default default] Error executing command (DbGetCommand): ovsdbapp.backend.ovs_idl.idlutils.RowNotFound: Cannot find Logical_Router_Port with name=lrp-fcba0bc3-464d-4be2-a60a-d5037c1f7390
2026-05-27 11:05:57.511 9 ERROR ovsdbapp.backend.ovs_idl.command
Traceback (most recent call last):
2026-05-27 11:05:57.511 9 ERROR ovsdbapp.backend.ovs_idl.command
File "/var/lib/openstack/lib/python3.10/site-packages/ovsdbapp/backend/ovs_idl/command.py", line 47, in execute
2026-05-27 11:05:57.511 9 ERROR ovsdbapp.backend.ovs_idl.command self.run_idl(None)
2026-05-27 11:05:57.511 9 ERROR ovsdbapp.backend.ovs_idl.command
File "/var/lib/openstack/lib/python3.10/site-packages/ovsdbapp/backend/ovs_idl/command.py", line 235, in run_idl
2026-05-27 11:05:57.511 9 ERROR ovsdbapp.backend.ovs_idl.command record = self.api.lookup(self.table, self.record)
2026-05-27 11:05:57.511 9 ERROR ovsdbapp.backend.ovs_idl.command
File "/var/lib/openstack/lib/python3.10/site-packages/ovsdbapp/backend/ovs_idl/__init__.py", line 184, in lookup
2026-05-27 11:05:57.511 9 ERROR ovsdbapp.backend.ovs_idl.command return self._lookup(table, record)
2026-05-27 11:05:57.511 9 ERROR ovsdbapp.backend.ovs_idl.command
File "/var/lib/openstack/lib/python3.10/site-packages/ovsdbapp/backend/ovs_idl/__init__.py", line 235, in _lookup
2026-05-27 11:05:57.511 9 ERROR ovsdbapp.backend.ovs_idl.command row = idlutils.row_by_value(self, rl.table, rl.column, record)
2026-05-27 11:05:57.511 9 ERROR ovsdbapp.backend.ovs_idl.command
File "/var/lib/openstack/lib/python3.10/site-packages/ovsdbapp/backend/ovs_idl/idlutils.py", line 114, in row_by_value
2026-05-27 11:05:57.511 9 ERROR ovsdbapp.backend.ovs_idl.command raise RowNotFound(table=table, col=column, match=match)
2026-05-27 11:05:57.511 9 ERROR ovsdbapp.backend.ovs_idl.command ovsdbapp.backend.ovs_idl.idlutils.RowNotFound: Cannot find Logical_Router_Port with name=lrp-fcba0bc3-464d-4be2-a60a-d5037c1f7390
2026-05-27 11:05:57.511 9 ERROR ovsdbapp.backend.ovs_idl.command 
2026-05-27 11:05:57.513 9 ERROR neutron_lib.callbacks.manager [None req-6167ee09-4e46-4cb0-ab5d-5967a44c57fb c0691106f4444cb7adef7b06bf26702c 790fbbe6b6384654a65bb31eb4bfac6f - - default default] Error during notification for neutron.services.ovn_l3.plugin.OVNL3RouterPlugin._port_update-8782775636719 port, after_update: ovsdbapp.backend.ovs_idl.idlutils.RowNotFound: Cannot find Logical_Router_Port with name=lrp-fcba0bc3-464d-4be2-a60a-d5037c1f7390
2026-05-27 11:05:57.513 9 ERROR neutron_lib.callbacks.manager
Traceback (most recent call last):
2026-05-27 11:05:57.513 9 ERROR neutron_lib.callbacks.manager
File "/var/lib/openstack/lib/python3.10/site-packages/neutron_lib/callbacks/manager.py", line 189, in _notify_loop
2026-05-27 11:05:57.513 9 ERROR neutron_lib.callbacks.manager callback.method(resource, event, trigger, payload=payload)
2026-05-27 11:05:57.513 9 ERROR neutron_lib.callbacks.manager
File "/var/lib/openstack/lib/python3.10/site-packages/neutron/services/ovn_l3/plugin.py", line 391, in _port_update
2026-05-27 11:05:57.513 9 ERROR neutron_lib.callbacks.manager l3plugin._ovn_client.update_router_port(context,
2026-05-27 11:05:57.513 9 ERROR neutron_lib.callbacks.manager
File "/var/lib/openstack/lib/python3.10/site-packages/neutron/plugins/ml2/drivers/ovn/mech_driver/ovsdb/ovn_client.py", line 1878, in update_router_port
2026-05-27 11:05:57.513 9 ERROR neutron_lib.callbacks.manager self._update_lrouter_port(context, port, if_exists=if_exists,
2026-05-27 11:05:57.513 9 ERROR neutron_lib.callbacks.manager
File "/var/lib/openstack/lib/python3.10/site-packages/neutron/plugins/ml2/drivers/ovn/mech_driver/ovsdb/ovn_client.py", line 1855, in _update_lrouter_port
2026-05-27 11:05:57.513 9 ERROR neutron_lib.callbacks.manager external_ids = self._nb_idl.db_get(
2026-05-27 11:05:57.513 9 ERROR neutron_lib.callbacks.manager
File "/var/lib/openstack/lib/python3.10/site-packages/ovsdbapp/backend/ovs_idl/command.py", line 47, in execute
2026-05-27 11:05:57.513 9 ERROR neutron_lib.callbacks.manager self.run_idl(None)
2026-05-27 11:05:57.513 9 ERROR neutron_lib.callbacks.manager
File "/var/lib/openstack/lib/python3.10/site-packages/ovsdbapp/backend/ovs_idl/command.py", line 235, in run_idl
2026-05-27 11:05:57.513 9 ERROR neutron_lib.callbacks.manager record = self.api.lookup(self.table, self.record)
2026-05-27 11:05:57.513 9 ERROR neutron_lib.callbacks.manager
File "/var/lib/openstack/lib/python3.10/site-packages/ovsdbapp/backend/ovs_idl/__init__.py", line 184, in lookup
2026-05-27 11:05:57.513 9 ERROR neutron_lib.callbacks.manager return self._lookup(table, record)
2026-05-27 11:05:57.513 9 ERROR neutron_lib.callbacks.manager
File "/var/lib/openstack/lib/python3.10/site-packages/ovsdbapp/backend/ovs_idl/__init__.py", line 235, in _lookup
2026-05-27 11:05:57.513 9 ERROR neutron_lib.callbacks.manager row = idlutils.row_by_value(self, rl.table, rl.column, record)
2026-05-27 11:05:57.513 9 ERROR neutron_lib.callbacks.manager
File "/var/lib/openstack/lib/python3.10/site-packages/ovsdbapp/backend/ovs_idl/idlutils.py", line 114, in row_by_value
2026-05-27 11:05:57.513 9 ERROR neutron_lib.callbacks.manager raise RowNotFound(table=table, col=column, match=match)
2026-05-27 11:05:57.513 9 ERROR neutron_lib.callbacks.manager ovsdbapp.backend.ovs_idl.idlutils.RowNotFound: Cannot find Logical_Router_Port with name=lrp-fcba0bc3-464d-4be2-a60a-d5037c1f7390
2026-05-27 11:05:57.513 9 ERROR neutron_lib.callbacks.manager 
2026-05-27 11:05:57.575 10 WARNING neutron.scheduler.dhcp_agent_scheduler [None req-fa2c4e14-1b02-4d7a-8d76-c0bef17c3243 c0691106f4444cb7adef7b06bf26702c 790fbbe6b6384654a65bb31eb4bfac6f - - default default] No more DHCP agents
2026-05-27 11:05:57.578 10 WARNING neutron.api.rpc.agentnotifiers.dhcp_rpc_agent_api [None req-fa2c4e14-1b02-4d7a-8d76-c0bef17c3243 c0691106f4444cb7adef7b06bf26702c 790fbbe6b6384654a65bb31eb4bfac6f - - default default] Unable to schedule network 08ce0114-6ed1-4898-89c9-69ac4f5887a8: no agents available; will retry on subsequent port and subnet creation events.
2026-05-27 11:05:57.733 10 INFO neutron.db.ovn_revision_numbers_db [None req-82f6cf30-a427-45f9-b8c6-410b50116c5c c0691106f4444cb7adef7b06bf26702c 790fbbe6b6384654a65bb31eb4bfac6f - - default default] Successfully bumped revision number for resource 196f54ea-ac0c-4e09-b22e-6f46b5dafba1 (type: security_groups) to 1
2026-05-27 11:05:57.767 10 INFO neutron.db.ovn_revision_numbers_db [None req-82f6cf30-a427-45f9-b8c6-410b50116c5c c0691106f4444cb7adef7b06bf26702c 790fbbe6b6384654a65bb31eb4bfac6f - - default default] Successfully bumped revision number for resource 03cb58e5-0df2-4db4-8772-1870304e36c8 (type: security_group_rules) to 0
2026-05-27 11:05:57.802 10 INFO neutron.db.ovn_revision_numbers_db [None req-82f6cf30-a427-45f9-b8c6-410b50116c5c c0691106f4444cb7adef7b06bf26702c 790fbbe6b6384654a65bb31eb4bfac6f - - default default] Successfully bumped revision number for resource 48d39ee1-9d92-4653-8f5b-0ee711821016 (type: security_group_rules) to 0
2026-05-27 11:05:57.832 10 INFO neutron.db.ovn_revision_numbers_db [None req-82f6cf30-a427-45f9-b8c6-410b50116c5c c0691106f4444cb7adef7b06bf26702c 790fbbe6b6384654a65bb31eb4bfac6f - - default default] Successfully bumped revision number for resource 764bde8b-4275-458a-b467-c8da495d9a60 (type: security_group_rules) to 0
2026-05-27 11:05:57.865 10 INFO neutron.db.ovn_revision_numbers_db [None req-82f6cf30-a427-45f9-b8c6-410b50116c5c c0691106f4444cb7adef7b06bf26702c 790fbbe6b6384654a65bb31eb4bfac6f - - default default] Successfully bumped revision number for resource 80b043bd-fca3-4622-87aa-32b3252f737f (type: security_group_rules) to 0
2026-05-27 11:05:57.899 10 INFO neutron.wsgi [None req-82f6cf30-a427-45f9-b8c6-410b50116c5c c0691106f4444cb7adef7b06bf26702c 790fbbe6b6384654a65bb31eb4bfac6f - - default default] 10.0.0.84 "GET /v2.0/security-groups?tenant_id=991edf98eef34d0aaf217c596e3daa00&name=default HTTP/1.1" status: 200 len: 3116 time: 0.6342063
2026-05-27 11:05:58.077 10 INFO neutron.db.ovn_revision_numbers_db [None req-5fa43fb0-42b9-4f88-96cc-5f39144a9cea - - - - - -] Successfully bumped revision number for resource 6da0bf45-0992-4cbe-ba05-8615d7c81270 (type: ports) to 4
2026-05-27 11:05:58.325 10 INFO neutron.plugins.ml2.drivers.ovn.mech_driver.mech_driver [None req-f0e4303d-c993-4742-80bd-99375a17e647 - - - - - -] OVN reports status up for port: fcba0bc3-464d-4be2-a60a-d5037c1f7390
2026-05-27 11:05:58.353 10 INFO neutron.plugins.ml2.plugin [None req-f0e4303d-c993-4742-80bd-99375a17e647 - - - - - -] Attempt 1 to provision port fcba0bc3-464d-4be2-a60a-d5037c1f7390
2026-05-27 11:05:58.404 9 INFO neutron.db.ovn_revision_numbers_db [None req-6167ee09-4e46-4cb0-ab5d-5967a44c57fb c0691106f4444cb7adef7b06bf26702c 790fbbe6b6384654a65bb31eb4bfac6f - - default default] Successfully bumped revision number for resource fcba0bc3-464d-4be2-a60a-d5037c1f7390 (type: ports) to 1
2026-05-27 11:05:58.588 10 INFO neutron.wsgi [None req-7c18b75d-be3e-452e-91ab-f1bf13f36b87 c0691106f4444cb7adef7b06bf26702c 790fbbe6b6384654a65bb31eb4bfac6f - - default default] 10.0.0.84 "DELETE /v2.0/security-groups/196f54ea-ac0c-4e09-b22e-6f46b5dafba1 HTTP/1.1" status: 204 len: 168 time: 0.6806128
2026-05-27 11:05:58.628 10 INFO neutron.db.ovn_revision_numbers_db [None req-5fa43fb0-42b9-4f88-96cc-5f39144a9cea - - - - - -] Successfully bumped revision number for resource 6da0bf45-0992-4cbe-ba05-8615d7c81270 (type: router_ports) to 4
2026-05-27 11:05:58.661 9 WARNING neutron.scheduler.dhcp_agent_scheduler [None req-6167ee09-4e46-4cb0-ab5d-5967a44c57fb c0691106f4444cb7adef7b06bf26702c 790fbbe6b6384654a65bb31eb4bfac6f - - default default] No more DHCP agents
2026-05-27 11:05:58.682 9 WARNING neutron.api.rpc.agentnotifiers.dhcp_rpc_agent_api [None req-6167ee09-4e46-4cb0-ab5d-5967a44c57fb c0691106f4444cb7adef7b06bf26702c 790fbbe6b6384654a65bb31eb4bfac6f - - default default] Unable to schedule network 6f1243a7-2756-4f9a-a530-78c07944aea8: no agents available; will retry on subsequent port and subnet creation events.
