2026-05-27 11:06:33.030 10 INFO neutron.wsgi [None req-3155dce6-4549-4f77-96f0-f229e5876cc5 a448f4e194cd4ed68377117628cfe78b 9f3e3981564f4273b34852c5c76bb948 - - default default] 10.0.0.84 "DELETE /v2.0/floatingips/8521ca9a-8560-41b0-a7ae-d1ffeeb16c20 HTTP/1.1" status: 204 len: 168 time: 0.7696569
2026-05-27 11:06:33.060 9 INFO neutron.db.ovn_revision_numbers_db [None req-2a2d923b-524c-4c0d-b1c0-a8e50b04ce03 c0691106f4444cb7adef7b06bf26702c 790fbbe6b6384654a65bb31eb4bfac6f - - default default] Successfully bumped revision number for resource d690f945-97b0-4dfb-9144-88d3ec435be3 (type: networks) to 1
2026-05-27 11:06:33.064 10 INFO neutron.api.v2.resource [None req-4b69571d-c56d-43ef-8517-a4cc1d4f3183 a448f4e194cd4ed68377117628cfe78b 9f3e3981564f4273b34852c5c76bb948 - - default default] delete failed (client error): The resource could not be found.
2026-05-27 11:06:33.066 10 INFO neutron.wsgi [None req-4b69571d-c56d-43ef-8517-a4cc1d4f3183 a448f4e194cd4ed68377117628cfe78b 9f3e3981564f4273b34852c5c76bb948 - - default default] 10.0.0.84 "DELETE /v2.0/floatingips/8521ca9a-8560-41b0-a7ae-d1ffeeb16c20 HTTP/1.1" status: 404 len: 345 time: 0.0289509
2026-05-27 11:06:33.385 9 WARNING neutron.scheduler.dhcp_agent_scheduler [None req-2a2d923b-524c-4c0d-b1c0-a8e50b04ce03 c0691106f4444cb7adef7b06bf26702c 790fbbe6b6384654a65bb31eb4bfac6f - - default default] No more DHCP agents
2026-05-27 11:06:33.387 9 WARNING neutron.api.rpc.agentnotifiers.dhcp_rpc_agent_api [None req-2a2d923b-524c-4c0d-b1c0-a8e50b04ce03 c0691106f4444cb7adef7b06bf26702c 790fbbe6b6384654a65bb31eb4bfac6f - - default default] Unable to schedule network d690f945-97b0-4dfb-9144-88d3ec435be3: no agents available; will retry on subsequent port and subnet creation events.
2026-05-27 11:06:33.465 9 INFO neutron.db.ovn_revision_numbers_db [None req-2a2d923b-524c-4c0d-b1c0-a8e50b04ce03 c0691106f4444cb7adef7b06bf26702c 790fbbe6b6384654a65bb31eb4bfac6f - - default default] Successfully bumped revision number for resource 5480ce4a-ed48-4f96-8660-515857e3f66b (type: ports) to 1
2026-05-27 11:06:33.491 9 INFO neutron.wsgi [None req-2a2d923b-524c-4c0d-b1c0-a8e50b04ce03 c0691106f4444cb7adef7b06bf26702c 790fbbe6b6384654a65bb31eb4bfac6f - - default default] 10.0.0.84 "POST /v2.0/networks HTTP/1.1" status: 201 len: 940 time: 0.9237866
2026-05-27 11:06:33.532 10 INFO neutron.db.ovn_revision_numbers_db [None req-1ea74c2e-3b12-4cf4-b151-99456ac50b0e c0691106f4444cb7adef7b06bf26702c 790fbbe6b6384654a65bb31eb4bfac6f - - default default] Successfully bumped revision number for resource 058c3abc-1a14-40b3-bf8d-505ce436f149 (type: ports) to 2
2026-05-27 11:06:33.590 10 INFO neutron.db.ovn_revision_numbers_db [None req-1ea74c2e-3b12-4cf4-b151-99456ac50b0e c0691106f4444cb7adef7b06bf26702c 790fbbe6b6384654a65bb31eb4bfac6f - - default default] Successfully bumped revision number for resource d9b8e115-6b85-429a-a471-dd6ade5ccc0f (type: subnets) to 0
2026-05-27 11:06:33.606 10 INFO neutron.wsgi [None req-1ea74c2e-3b12-4cf4-b151-99456ac50b0e c0691106f4444cb7adef7b06bf26702c 790fbbe6b6384654a65bb31eb4bfac6f - - default default] 10.0.0.84 "POST /v2.0/subnets HTTP/1.1" status: 201 len: 873 time: 1.2712450
2026-05-27 11:06:33.615 10 INFO neutron.wsgi [None req-74a4e416-db42-48d6-ad93-6fc648cc3923 a448f4e194cd4ed68377117628cfe78b 9f3e3981564f4273b34852c5c76bb948 - - default default] 10.0.0.84 "DELETE /v2.0/ports/157b261d-85bc-4c40-a09b-28c35e489da9 HTTP/1.1" status: 204 len: 168 time: 0.5376668
2026-05-27 11:06:33.708 9 WARNING neutron.scheduler.dhcp_agent_scheduler [None req-6e2e32f0-8339-49e3-a3e6-4689a8bce99d c0691106f4444cb7adef7b06bf26702c 790fbbe6b6384654a65bb31eb4bfac6f - - default default] No more DHCP agents
2026-05-27 11:06:33.717 9 WARNING neutron.api.rpc.agentnotifiers.dhcp_rpc_agent_api [None req-6e2e32f0-8339-49e3-a3e6-4689a8bce99d c0691106f4444cb7adef7b06bf26702c 790fbbe6b6384654a65bb31eb4bfac6f - - default default] Unable to schedule network d690f945-97b0-4dfb-9144-88d3ec435be3: no agents available; will retry on subsequent port and subnet creation events.
2026-05-27 11:06:33.893 9 INFO neutron.db.ovn_revision_numbers_db [None req-0879ec73-5743-48da-b62f-7618e974db8c c0691106f4444cb7adef7b06bf26702c 790fbbe6b6384654a65bb31eb4bfac6f - - default default] Successfully bumped revision number for resource 19007838-a399-46aa-a10d-cf6aa4ecf519 (type: security_groups) to 1
2026-05-27 11:06:33.938 9 INFO neutron.db.ovn_revision_numbers_db [None req-0879ec73-5743-48da-b62f-7618e974db8c c0691106f4444cb7adef7b06bf26702c 790fbbe6b6384654a65bb31eb4bfac6f - - default default] Successfully bumped revision number for resource 3ac06b87-b6d3-4cc4-9855-06111d6b377b (type: security_group_rules) to 0
2026-05-27 11:06:33.964 9 INFO neutron.db.ovn_revision_numbers_db [None req-0879ec73-5743-48da-b62f-7618e974db8c c0691106f4444cb7adef7b06bf26702c 790fbbe6b6384654a65bb31eb4bfac6f - - default default] Successfully bumped revision number for resource 5051ec06-b7b3-4e8e-bb2a-dc0f0963807d (type: security_group_rules) to 0
2026-05-27 11:06:33.997 9 INFO neutron.db.ovn_revision_numbers_db [None req-0879ec73-5743-48da-b62f-7618e974db8c c0691106f4444cb7adef7b06bf26702c 790fbbe6b6384654a65bb31eb4bfac6f - - default default] Successfully bumped revision number for resource 52500f10-d7ea-4996-8502-b3572061d0aa (type: security_group_rules) to 0
2026-05-27 11:06:34.050 9 INFO neutron.db.ovn_revision_numbers_db [None req-0879ec73-5743-48da-b62f-7618e974db8c c0691106f4444cb7adef7b06bf26702c 790fbbe6b6384654a65bb31eb4bfac6f - - default default] Successfully bumped revision number for resource cb7897ba-c80f-42a0-a5bd-a669d05bb7e9 (type: security_group_rules) to 0
2026-05-27 11:06:34.082 9 INFO neutron.wsgi [None req-0879ec73-5743-48da-b62f-7618e974db8c c0691106f4444cb7adef7b06bf26702c 790fbbe6b6384654a65bb31eb4bfac6f - - default default] 10.0.0.84 "GET /v2.0/security-groups?tenant_id=718c7e879e1043a999da9384cce119cd&name=default HTTP/1.1" status: 200 len: 3120 time: 0.6201744
2026-05-27 11:06:34.162 10 WARNING neutron.scheduler.dhcp_agent_scheduler [None req-2e81fe66-664a-4ed5-9b5b-356246b6851d c0691106f4444cb7adef7b06bf26702c 790fbbe6b6384654a65bb31eb4bfac6f - - default default] No more DHCP agents
2026-05-27 11:06:34.164 10 WARNING neutron.api.rpc.agentnotifiers.dhcp_rpc_agent_api [None req-2e81fe66-664a-4ed5-9b5b-356246b6851d c0691106f4444cb7adef7b06bf26702c 790fbbe6b6384654a65bb31eb4bfac6f - - default default] Unable to schedule network 889b54fb-2d9e-49fa-a546-7ad775c9e91b: no agents available; will retry on subsequent port and subnet creation events.
2026-05-27 11:06:34.361 9 INFO neutron.wsgi [None req-f123169f-1a78-47f7-a31d-bf5c6861678c a448f4e194cd4ed68377117628cfe78b 9f3e3981564f4273b34852c5c76bb948 - - default default] 10.0.0.84 "DELETE /v2.0/ports/2e118de8-3c04-4c8f-bf6e-19b63ec2d532 HTTP/1.1" status: 204 len: 168 time: 0.7406876
2026-05-27 11:06:34.420 9 INFO neutron.wsgi [None req-ce97accb-5dac-491a-a49b-e5caec05abdc a448f4e194cd4ed68377117628cfe78b 9f3e3981564f4273b34852c5c76bb948 - - default default] 10.0.0.84 "GET /v2.0/ports?device_id=57199080-7f4e-4a28-81c4-a5d53d3fbf0b HTTP/1.1" status: 200 len: 1140 time: 0.0503709
2026-05-27 11:06:34.513 9 INFO neutron.db.ovn_revision_numbers_db [None req-6e2e32f0-8339-49e3-a3e6-4689a8bce99d c0691106f4444cb7adef7b06bf26702c 790fbbe6b6384654a65bb31eb4bfac6f - - default default] Successfully bumped revision number for resource 5480ce4a-ed48-4f96-8660-515857e3f66b (type: ports) to 2
2026-05-27 11:06:34.520 9 INFO neutron.wsgi [None req-7ac725db-c855-4a8e-ab7b-7df716127ca8 c0691106f4444cb7adef7b06bf26702c 790fbbe6b6384654a65bb31eb4bfac6f - - default default] 10.0.0.84 "DELETE /v2.0/security-groups/19007838-a399-46aa-a10d-cf6aa4ecf519 HTTP/1.1" status: 204 len: 168 time: 0.4314799
2026-05-27 11:06:34.578 9 INFO neutron.db.ovn_revision_numbers_db [None req-6e2e32f0-8339-49e3-a3e6-4689a8bce99d c0691106f4444cb7adef7b06bf26702c 790fbbe6b6384654a65bb31eb4bfac6f - - default default] Successfully bumped revision number for resource 8b0efc9b-d083-4909-a07d-8e141517aed1 (type: subnets) to 0
2026-05-27 11:06:34.594 9 INFO neutron.wsgi [None req-6e2e32f0-8339-49e3-a3e6-4689a8bce99d c0691106f4444cb7adef7b06bf26702c 790fbbe6b6384654a65bb31eb4bfac6f - - default default] 10.0.0.84 "POST /v2.0/subnets HTTP/1.1" status: 201 len: 860 time: 1.0980709
2026-05-27 11:06:34.594 10 INFO neutron.db.ovn_revision_numbers_db [None req-2e81fe66-664a-4ed5-9b5b-356246b6851d c0691106f4444cb7adef7b06bf26702c 790fbbe6b6384654a65bb31eb4bfac6f - - default default] Successfully bumped revision number for resource ee88ec38-7b81-4716-88e2-e29e1b15518e (type: ports) to 1
2026-05-27 11:06:34.944 10 INFO neutron.db.ovn_revision_numbers_db [None req-9458ea7c-7c73-4674-9686-614b6bc57a50 c0691106f4444cb7adef7b06bf26702c 790fbbe6b6384654a65bb31eb4bfac6f - - default default] Successfully bumped revision number for resource faec062b-d20c-4806-9545-d5baae30f375 (type: security_groups) to 1
2026-05-27 11:06:34.986 10 INFO neutron.db.ovn_revision_numbers_db [None req-9458ea7c-7c73-4674-9686-614b6bc57a50 c0691106f4444cb7adef7b06bf26702c 790fbbe6b6384654a65bb31eb4bfac6f - - default default] Successfully bumped revision number for resource 8e0171cf-33e5-41b8-86e9-d977671f92ea (type: security_group_rules) to 0
2026-05-27 11:06:35.009 10 INFO neutron.db.ovn_revision_numbers_db [None req-9458ea7c-7c73-4674-9686-614b6bc57a50 c0691106f4444cb7adef7b06bf26702c 790fbbe6b6384654a65bb31eb4bfac6f - - default default] Successfully bumped revision number for resource a12bf320-a521-47a2-a2c0-e6215cae7d08 (type: security_group_rules) to 0
2026-05-27 11:06:35.049 10 INFO neutron.db.ovn_revision_numbers_db [None req-9458ea7c-7c73-4674-9686-614b6bc57a50 c0691106f4444cb7adef7b06bf26702c 790fbbe6b6384654a65bb31eb4bfac6f - - default default] Successfully bumped revision number for resource e98ade10-3a7e-4d73-8c81-49b84574e7ef (type: security_group_rules) to 0
2026-05-27 11:06:35.088 10 INFO neutron.db.ovn_revision_numbers_db [None req-9458ea7c-7c73-4674-9686-614b6bc57a50 c0691106f4444cb7adef7b06bf26702c 790fbbe6b6384654a65bb31eb4bfac6f - - default default] Successfully bumped revision number for resource f06faeea-2eb5-42da-b195-227c3c2f0f26 (type: security_group_rules) to 0
2026-05-27 11:06:35.121 10 INFO neutron.wsgi [None req-9458ea7c-7c73-4674-9686-614b6bc57a50 c0691106f4444cb7adef7b06bf26702c 790fbbe6b6384654a65bb31eb4bfac6f - - default default] 10.0.0.84 "GET /v2.0/security-groups?tenant_id=f546066eecec4d6e900c82095151e72a&name=default HTTP/1.1" status: 200 len: 3120 time: 0.5088768
2026-05-27 11:06:35.180 9 WARNING neutron.scheduler.dhcp_agent_scheduler [None req-ce453134-48b9-4f22-af3a-c207b115d8f4 c0691106f4444cb7adef7b06bf26702c 790fbbe6b6384654a65bb31eb4bfac6f - - default default] No more DHCP agents
2026-05-27 11:06:35.183 9 WARNING neutron.api.rpc.agentnotifiers.dhcp_rpc_agent_api [None req-ce453134-48b9-4f22-af3a-c207b115d8f4 c0691106f4444cb7adef7b06bf26702c 790fbbe6b6384654a65bb31eb4bfac6f - - default default] Unable to schedule network 889b54fb-2d9e-49fa-a546-7ad775c9e91b: no agents available; will retry on subsequent port and subnet creation events.
2026-05-27 11:06:35.367 9 INFO neutron.db.ovn_revision_numbers_db [None req-ce453134-48b9-4f22-af3a-c207b115d8f4 c0691106f4444cb7adef7b06bf26702c 790fbbe6b6384654a65bb31eb4bfac6f - - default default] Successfully bumped revision number for resource df80018b-4aaf-4d61-b408-580bfd097cad (type: ports) to 1
2026-05-27 11:06:35.608 10 INFO neutron.wsgi [None req-af8b9a5d-5e8f-4e50-8205-f203cbb8723d c0691106f4444cb7adef7b06bf26702c 790fbbe6b6384654a65bb31eb4bfac6f - - default default] 10.0.0.84 "DELETE /v2.0/security-groups/faec062b-d20c-4806-9545-d5baae30f375 HTTP/1.1" status: 204 len: 168 time: 0.4747622
2026-05-27 11:06:35.706 10 INFO neutron.plugins.ml2.drivers.ovn.mech_driver.ovsdb.commands [None req-175e2eae-dcfb-464b-996d-63bd75074605 - - - - - -] Schedule LRP lrp-ee88ec38-7b81-4716-88e2-e29e1b15518e on gateway 48f831bc-71ac-432d-a82d-4d8b8361e013 with priority 1
2026-05-27 11:06:35.723 10 INFO neutron.plugins.ml2.drivers.ovn.mech_driver.mech_driver [None req-f0e4303d-c993-4742-80bd-99375a17e647 - - - - - -] OVN reports status up for port: ee88ec38-7b81-4716-88e2-e29e1b15518e
2026-05-27 11:06:35.738 10 INFO neutron.plugins.ml2.drivers.ovn.mech_driver.ovsdb.ovsdb_monitor [None req-5fa43fb0-42b9-4f88-96cc-5f39144a9cea - - - - - -] Router 42b59b1a-7131-4ef7-88e6-ed4988b9e2e8 is bound to host instance
2026-05-27 11:06:35.756 10 INFO neutron.plugins.ml2.plugin [None req-f0e4303d-c993-4742-80bd-99375a17e647 - - - - - -] Attempt 1 to provision port ee88ec38-7b81-4716-88e2-e29e1b15518e
2026-05-27 11:06:35.996 10 INFO neutron.db.ovn_revision_numbers_db [None req-2e81fe66-664a-4ed5-9b5b-356246b6851d c0691106f4444cb7adef7b06bf26702c 790fbbe6b6384654a65bb31eb4bfac6f - - default default] Successfully bumped revision number for resource ee88ec38-7b81-4716-88e2-e29e1b15518e (type: router_ports) to 1
2026-05-27 11:06:36.174 10 INFO neutron.db.ovn_revision_numbers_db [None req-2e81fe66-664a-4ed5-9b5b-356246b6851d c0691106f4444cb7adef7b06bf26702c 790fbbe6b6384654a65bb31eb4bfac6f - - default default] Successfully bumped revision number for resource 42b59b1a-7131-4ef7-88e6-ed4988b9e2e8 (type: routers) to 2
2026-05-27 11:06:36.214 10 INFO neutron.wsgi [None req-2e81fe66-664a-4ed5-9b5b-356246b6851d c0691106f4444cb7adef7b06bf26702c 790fbbe6b6384654a65bb31eb4bfac6f - - default default] 10.0.0.84 "POST /v2.0/routers HTTP/1.1" status: 201 len: 1175 time: 2.6030803
2026-05-27 11:06:36.257 9 INFO neutron.plugins.ml2.drivers.ovn.mech_driver.ovsdb.commands [None req-bf5d6d2d-0946-41cc-957f-e77579c016fd - - - - - -] Schedule LRP lrp-df80018b-4aaf-4d61-b408-580bfd097cad on gateway 48f831bc-71ac-432d-a82d-4d8b8361e013 with priority 1
2026-05-27 11:06:36.267 9 INFO neutron.plugins.ml2.drivers.ovn.mech_driver.mech_driver [None req-ee35cc8e-2494-4aec-bb7d-18c8763f3d77 - - - - - -] OVN reports status up for port: df80018b-4aaf-4d61-b408-580bfd097cad
2026-05-27 11:06:36.288 9 INFO neutron.plugins.ml2.plugin [None req-ee35cc8e-2494-4aec-bb7d-18c8763f3d77 - - - - - -] Attempt 1 to provision port df80018b-4aaf-4d61-b408-580bfd097cad
2026-05-27 11:06:36.310 9 INFO neutron.db.ovn_revision_numbers_db [None req-ce453134-48b9-4f22-af3a-c207b115d8f4 c0691106f4444cb7adef7b06bf26702c 790fbbe6b6384654a65bb31eb4bfac6f - - default default] Successfully bumped revision number for resource df80018b-4aaf-4d61-b408-580bfd097cad (type: router_ports) to 1
2026-05-27 11:06:36.392 9 INFO neutron.db.ovn_revision_numbers_db [None req-ce453134-48b9-4f22-af3a-c207b115d8f4 c0691106f4444cb7adef7b06bf26702c 790fbbe6b6384654a65bb31eb4bfac6f - - default default] Successfully bumped revision number for resource 218af7c5-95e3-4c10-8f5e-f67242e3fc35 (type: routers) to 2
2026-05-27 11:06:36.395 10 INFO neutron.wsgi [None req-fa0a353f-8922-4d15-8ea0-c5cbebdef617 a448f4e194cd4ed68377117628cfe78b 9f3e3981564f4273b34852c5c76bb948 - - default default] 10.0.0.84 "PUT /v2.0/routers/57199080-7f4e-4a28-81c4-a5d53d3fbf0b/remove_router_interface HTTP/1.1" status: 200 len: 503 time: 1.9697204
2026-05-27 11:06:36.436 9 INFO neutron.wsgi [None req-ce453134-48b9-4f22-af3a-c207b115d8f4 c0691106f4444cb7adef7b06bf26702c 790fbbe6b6384654a65bb31eb4bfac6f - - default default] 10.0.0.84 "POST /v2.0/routers HTTP/1.1" status: 201 len: 1162 time: 1.8371551
2026-05-27 11:06:37.137 10 WARNING neutron.scheduler.dhcp_agent_scheduler [None req-77a594a0-993e-4382-8069-0e7d0a8509e4 c0691106f4444cb7adef7b06bf26702c 790fbbe6b6384654a65bb31eb4bfac6f - - default default] No more DHCP agents
2026-05-27 11:06:37.142 10 WARNING neutron.api.rpc.agentnotifiers.dhcp_rpc_agent_api [None req-77a594a0-993e-4382-8069-0e7d0a8509e4 c0691106f4444cb7adef7b06bf26702c 790fbbe6b6384654a65bb31eb4bfac6f - - default default] Unable to schedule network 32d828fd-b264-46a6-8063-fa0440024f74: no agents available; will retry on subsequent port and subnet creation events.
2026-05-27 11:06:37.151 9 WARNING neutron.scheduler.dhcp_agent_scheduler [None req-4d7d27f6-239b-411d-bd48-0555e942c008 c0691106f4444cb7adef7b06bf26702c 790fbbe6b6384654a65bb31eb4bfac6f - - default default] No more DHCP agents
2026-05-27 11:06:37.155 9 WARNING neutron.api.rpc.agentnotifiers.dhcp_rpc_agent_api [None req-4d7d27f6-239b-411d-bd48-0555e942c008 c0691106f4444cb7adef7b06bf26702c 790fbbe6b6384654a65bb31eb4bfac6f - - default default] Unable to schedule network d690f945-97b0-4dfb-9144-88d3ec435be3: no agents available; will retry on subsequent port and subnet creation events.
2026-05-27 11:06:37.187 10 INFO neutron.db.ovn_revision_numbers_db [None req-5fa43fb0-42b9-4f88-96cc-5f39144a9cea - - - - - -] Successfully bumped revision number for resource ee88ec38-7b81-4716-88e2-e29e1b15518e (type: ports) to 1
2026-05-27 11:06:37.558 10 INFO neutron.db.ovn_revision_numbers_db [None req-77a594a0-993e-4382-8069-0e7d0a8509e4 c0691106f4444cb7adef7b06bf26702c 790fbbe6b6384654a65bb31eb4bfac6f - - default default] Successfully bumped revision number for resource 56a29520-dcd8-4613-a91a-e8ab6182a5cb (type: ports) to 1
2026-05-27 11:06:37.628 9 INFO neutron.db.ovn_revision_numbers_db [None req-4d7d27f6-239b-411d-bd48-0555e942c008 c0691106f4444cb7adef7b06bf26702c 790fbbe6b6384654a65bb31eb4bfac6f - - default default] Successfully bumped revision number for resource a3b3b190-63a8-4b52-a1ae-5f364be4fc46 (type: ports) to 1
2026-05-27 11:06:37.705 9 INFO neutron.wsgi [None req-f2da664c-2638-426f-a53e-98072546cf5d a448f4e194cd4ed68377117628cfe78b 9f3e3981564f4273b34852c5c76bb948 - - default default] 10.0.0.84 "DELETE /v2.0/routers/57199080-7f4e-4a28-81c4-a5d53d3fbf0b HTTP/1.1" status: 204 len: 168 time: 1.3037167 /var/lib/openstack/lib/python3.10/site-packages/pycadf/identifier.py:71: UserWarning: Invalid uuid: neutron. To ensure interoperability, identifiers should be a valid uuid. warnings.warn(('Invalid uuid: %s. To ensure interoperability, '
2026-05-27 11:06:38.016 10 INFO neutron.wsgi [None req-15f11737-0445-44d8-a385-b96e482518fd a448f4e194cd4ed68377117628cfe78b 9f3e3981564f4273b34852c5c76bb948 - - default default] 10.0.0.84 "DELETE /v2.0/subnets/e4009e37-8f92-460d-9d2d-807ef26e95e0 HTTP/1.1" status: 204 len: 168 time: 0.3016102
2026-05-27 11:06:38.026 10 INFO neutron.db.ovn_revision_numbers_db [None req-5fa43fb0-42b9-4f88-96cc-5f39144a9cea - - - - - -] Successfully bumped revision number for resource ee88ec38-7b81-4716-88e2-e29e1b15518e (type: router_ports) to 3
2026-05-27 11:06:38.196 9 ERROR ovsdbapp.backend.ovs_idl.command [None req-4d7d27f6-239b-411d-bd48-0555e942c008 c0691106f4444cb7adef7b06bf26702c 790fbbe6b6384654a65bb31eb4bfac6f - - default default] Error executing command (DbGetCommand): ovsdbapp.backend.ovs_idl.idlutils.RowNotFound: Cannot find Logical_Router_Port with name=lrp-a3b3b190-63a8-4b52-a1ae-5f364be4fc46
2026-05-27 11:06:38.196 9 ERROR ovsdbapp.backend.ovs_idl.command
Traceback (most recent call last):
2026-05-27 11:06:38.196 9 ERROR ovsdbapp.backend.ovs_idl.command
File "/var/lib/openstack/lib/python3.10/site-packages/ovsdbapp/backend/ovs_idl/command.py", line 47, in execute
2026-05-27 11:06:38.196 9 ERROR ovsdbapp.backend.ovs_idl.command self.run_idl(None)
2026-05-27 11:06:38.196 9 ERROR ovsdbapp.backend.ovs_idl.command
File "/var/lib/openstack/lib/python3.10/site-packages/ovsdbapp/backend/ovs_idl/command.py", line 235, in run_idl
2026-05-27 11:06:38.196 9 ERROR ovsdbapp.backend.ovs_idl.command record = self.api.lookup(self.table, self.record)
2026-05-27 11:06:38.196 9 ERROR ovsdbapp.backend.ovs_idl.command
File "/var/lib/openstack/lib/python3.10/site-packages/ovsdbapp/backend/ovs_idl/__init__.py", line 184, in lookup
2026-05-27 11:06:38.196 9 ERROR ovsdbapp.backend.ovs_idl.command return self._lookup(table, record)
2026-05-27 11:06:38.196 9 ERROR ovsdbapp.backend.ovs_idl.command
File "/var/lib/openstack/lib/python3.10/site-packages/ovsdbapp/backend/ovs_idl/__init__.py", line 235, in _lookup
2026-05-27 11:06:38.196 9 ERROR ovsdbapp.backend.ovs_idl.command row = idlutils.row_by_value(self, rl.table, rl.column, record)
2026-05-27 11:06:38.196 9 ERROR ovsdbapp.backend.ovs_idl.command
File "/var/lib/openstack/lib/python3.10/site-packages/ovsdbapp/backend/ovs_idl/idlutils.py", line 114, in row_by_value
2026-05-27 11:06:38.196 9 ERROR ovsdbapp.backend.ovs_idl.command raise RowNotFound(table=table, col=column, match=match)
2026-05-27 11:06:38.196 9 ERROR ovsdbapp.backend.ovs_idl.command ovsdbapp.backend.ovs_idl.idlutils.RowNotFound: Cannot find Logical_Router_Port with name=lrp-a3b3b190-63a8-4b52-a1ae-5f364be4fc46
2026-05-27 11:06:38.196 9 ERROR ovsdbapp.backend.ovs_idl.command 
2026-05-27 11:06:38.197 9 ERROR neutron_lib.callbacks.manager [None req-4d7d27f6-239b-411d-bd48-0555e942c008 c0691106f4444cb7adef7b06bf26702c 790fbbe6b6384654a65bb31eb4bfac6f - - default default] Error during notification for neutron.services.ovn_l3.plugin.OVNL3RouterPlugin._port_update-8782775636719 port, after_update: ovsdbapp.backend.ovs_idl.idlutils.RowNotFound: Cannot find Logical_Router_Port with name=lrp-a3b3b190-63a8-4b52-a1ae-5f364be4fc46
2026-05-27 11:06:38.197 9 ERROR neutron_lib.callbacks.manager
Traceback (most recent call last):
2026-05-27 11:06:38.197 9 ERROR neutron_lib.callbacks.manager
File "/var/lib/openstack/lib/python3.10/site-packages/neutron_lib/callbacks/manager.py", line 189, in _notify_loop
2026-05-27 11:06:38.197 9 ERROR neutron_lib.callbacks.manager callback.method(resource, event, trigger, payload=payload)
2026-05-27 11:06:38.197 9 ERROR neutron_lib.callbacks.manager
File "/var/lib/openstack/lib/python3.10/site-packages/neutron/services/ovn_l3/plugin.py", line 391, in _port_update
2026-05-27 11:06:38.197 9 ERROR neutron_lib.callbacks.manager l3plugin._ovn_client.update_router_port(context,
2026-05-27 11:06:38.197 9 ERROR neutron_lib.callbacks.manager
File "/var/lib/openstack/lib/python3.10/site-packages/neutron/plugins/ml2/drivers/ovn/mech_driver/ovsdb/ovn_client.py", line 1878, in update_router_port
2026-05-27 11:06:38.197 9 ERROR neutron_lib.callbacks.manager self._update_lrouter_port(context, port, if_exists=if_exists,
2026-05-27 11:06:38.197 9 ERROR neutron_lib.callbacks.manager
File "/var/lib/openstack/lib/python3.10/site-packages/neutron/plugins/ml2/drivers/ovn/mech_driver/ovsdb/ovn_client.py", line 1855, in _update_lrouter_port
2026-05-27 11:06:38.197 9 ERROR neutron_lib.callbacks.manager external_ids = self._nb_idl.db_get(
2026-05-27 11:06:38.197 9 ERROR neutron_lib.callbacks.manager
File "/var/lib/openstack/lib/python3.10/site-packages/ovsdbapp/backend/ovs_idl/command.py", line 47, in execute
2026-05-27 11:06:38.197 9 ERROR neutron_lib.callbacks.manager self.run_idl(None)
2026-05-27 11:06:38.197 9 ERROR neutron_lib.callbacks.manager
File "/var/lib/openstack/lib/python3.10/site-packages/ovsdbapp/backend/ovs_idl/command.py", line 235, in run_idl
2026-05-27 11:06:38.197 9 ERROR neutron_lib.callbacks.manager record = self.api.lookup(self.table, self.record)
2026-05-27 11:06:38.197 9 ERROR neutron_lib.callbacks.manager
File "/var/lib/openstack/lib/python3.10/site-packages/ovsdbapp/backend/ovs_idl/__init__.py", line 184, in lookup
2026-05-27 11:06:38.197 9 ERROR neutron_lib.callbacks.manager return self._lookup(table, record)
2026-05-27 11:06:38.197 9 ERROR neutron_lib.callbacks.manager
File "/var/lib/openstack/lib/python3.10/site-packages/ovsdbapp/backend/ovs_idl/__init__.py", line 235, in _lookup
2026-05-27 11:06:38.197 9 ERROR neutron_lib.callbacks.manager row = idlutils.row_by_value(self, rl.table, rl.column, record)
2026-05-27 11:06:38.197 9 ERROR neutron_lib.callbacks.manager
File "/var/lib/openstack/lib/python3.10/site-packages/ovsdbapp/backend/ovs_idl/idlutils.py", line 114, in row_by_value
2026-05-27 11:06:38.197 9 ERROR neutron_lib.callbacks.manager raise RowNotFound(table=table, col=column, match=match)
2026-05-27 11:06:38.197 9 ERROR neutron_lib.callbacks.manager ovsdbapp.backend.ovs_idl.idlutils.RowNotFound: Cannot find Logical_Router_Port with name=lrp-a3b3b190-63a8-4b52-a1ae-5f364be4fc46
2026-05-27 11:06:38.197 9 ERROR neutron_lib.callbacks.manager 
2026-05-27 11:06:38.358 10 INFO neutron.db.ovn_revision_numbers_db [None req-5fa43fb0-42b9-4f88-96cc-5f39144a9cea - - - - - -] Successfully bumped revision number for resource ee88ec38-7b81-4716-88e2-e29e1b15518e (type: ports) to 2
2026-05-27 11:06:38.383 10 ERROR ovsdbapp.backend.ovs_idl.command [None req-77a594a0-993e-4382-8069-0e7d0a8509e4 c0691106f4444cb7adef7b06bf26702c 790fbbe6b6384654a65bb31eb4bfac6f - - default default] Error executing command (DbGetCommand): ovsdbapp.backend.ovs_idl.idlutils.RowNotFound: Cannot find Logical_Router_Port with name=lrp-56a29520-dcd8-4613-a91a-e8ab6182a5cb
2026-05-27 11:06:38.383 10 ERROR ovsdbapp.backend.ovs_idl.command
Traceback (most recent call last):
2026-05-27 11:06:38.383 10 ERROR ovsdbapp.backend.ovs_idl.command
File "/var/lib/openstack/lib/python3.10/site-packages/ovsdbapp/backend/ovs_idl/command.py", line 47, in execute
2026-05-27 11:06:38.383 10 ERROR ovsdbapp.backend.ovs_idl.command self.run_idl(None)
2026-05-27 11:06:38.383 10 ERROR ovsdbapp.backend.ovs_idl.command
File "/var/lib/openstack/lib/python3.10/site-packages/ovsdbapp/backend/ovs_idl/command.py", line 235, in run_idl
2026-05-27 11:06:38.383 10 ERROR ovsdbapp.backend.ovs_idl.command record = self.api.lookup(self.table, self.record)
2026-05-27 11:06:38.383 10 ERROR ovsdbapp.backend.ovs_idl.command
File "/var/lib/openstack/lib/python3.10/site-packages/ovsdbapp/backend/ovs_idl/__init__.py", line 184, in lookup
2026-05-27 11:06:38.383 10 ERROR ovsdbapp.backend.ovs_idl.command return self._lookup(table, record)
2026-05-27 11:06:38.383 10 ERROR ovsdbapp.backend.ovs_idl.command
File "/var/lib/openstack/lib/python3.10/site-packages/ovsdbapp/backend/ovs_idl/__init__.py", line 235, in _lookup
2026-05-27 11:06:38.383 10 ERROR ovsdbapp.backend.ovs_idl.command row = idlutils.row_by_value(self, rl.table, rl.column, record)
2026-05-27 11:06:38.383 10 ERROR ovsdbapp.backend.ovs_idl.command
File "/var/lib/openstack/lib/python3.10/site-packages/ovsdbapp/backend/ovs_idl/idlutils.py", line 114, in row_by_value
2026-05-27 11:06:38.383 10 ERROR ovsdbapp.backend.ovs_idl.command raise RowNotFound(table=table, col=column, match=match)
2026-05-27 11:06:38.383 10 ERROR ovsdbapp.backend.ovs_idl.command ovsdbapp.backend.ovs_idl.idlutils.RowNotFound: Cannot find Logical_Router_Port with name=lrp-56a29520-dcd8-4613-a91a-e8ab6182a5cb
2026-05-27 11:06:38.383 10 ERROR ovsdbapp.backend.ovs_idl.command 
2026-05-27 11:06:38.384 10 ERROR neutron_lib.callbacks.manager [None req-77a594a0-993e-4382-8069-0e7d0a8509e4 c0691106f4444cb7adef7b06bf26702c 790fbbe6b6384654a65bb31eb4bfac6f - - default default] Error during notification for neutron.services.ovn_l3.plugin.OVNL3RouterPlugin._port_update-8782775636719 port, after_update: ovsdbapp.backend.ovs_idl.idlutils.RowNotFound: Cannot find Logical_Router_Port with name=lrp-56a29520-dcd8-4613-a91a-e8ab6182a5cb
2026-05-27 11:06:38.384 10 ERROR neutron_lib.callbacks.manager
Traceback (most recent call last):
2026-05-27 11:06:38.384 10 ERROR neutron_lib.callbacks.manager
File "/var/lib/openstack/lib/python3.10/site-packages/neutron_lib/callbacks/manager.py", line 189, in _notify_loop
2026-05-27 11:06:38.384 10 ERROR neutron_lib.callbacks.manager callback.method(resource, event, trigger, payload=payload)
2026-05-27 11:06:38.384 10 ERROR neutron_lib.callbacks.manager
File "/var/lib/openstack/lib/python3.10/site-packages/neutron/services/ovn_l3/plugin.py", line 391, in _port_update
2026-05-27 11:06:38.384 10 ERROR neutron_lib.callbacks.manager l3plugin._ovn_client.update_router_port(context,
2026-05-27 11:06:38.384 10 ERROR neutron_lib.callbacks.manager
File "/var/lib/openstack/lib/python3.10/site-packages/neutron/plugins/ml2/drivers/ovn/mech_driver/ovsdb/ovn_client.py", line 1878, in update_router_port
2026-05-27 11:06:38.384 10 ERROR neutron_lib.callbacks.manager self._update_lrouter_port(context, port, if_exists=if_exists,
2026-05-27 11:06:38.384 10 ERROR neutron_lib.callbacks.manager
File "/var/lib/openstack/lib/python3.10/site-packages/neutron/plugins/ml2/drivers/ovn/mech_driver/ovsdb/ovn_client.py", line 1855, in _update_lrouter_port
2026-05-27 11:06:38.384 10 ERROR neutron_lib.callbacks.manager external_ids = self._nb_idl.db_get(
2026-05-27 11:06:38.384 10 ERROR neutron_lib.callbacks.manager
File "/var/lib/openstack/lib/python3.10/site-packages/ovsdbapp/backend/ovs_idl/command.py", line 47, in execute
2026-05-27 11:06:38.384 10 ERROR neutron_lib.callbacks.manager self.run_idl(None)
2026-05-27 11:06:38.384 10 ERROR neutron_lib.callbacks.manager
File "/var/lib/openstack/lib/python3.10/site-packages/ovsdbapp/backend/ovs_idl/command.py", line 235, in run_idl
2026-05-27 11:06:38.384 10 ERROR neutron_lib.callbacks.manager record = self.api.lookup(self.table, self.record)
2026-05-27 11:06:38.384 10 ERROR neutron_lib.callbacks.manager
File "/var/lib/openstack/lib/python3.10/site-packages/ovsdbapp/backend/ovs_idl/__init__.py", line 184, in lookup
2026-05-27 11:06:38.384 10 ERROR neutron_lib.callbacks.manager return self._lookup(table, record)
2026-05-27 11:06:38.384 10 ERROR neutron_lib.callbacks.manager
File "/var/lib/openstack/lib/python3.10/site-packages/ovsdbapp/backend/ovs_idl/__init__.py", line 235, in _lookup
2026-05-27 11:06:38.384 10 ERROR neutron_lib.callbacks.manager row = idlutils.row_by_value(self, rl.table, rl.column, record)
2026-05-27 11:06:38.384 10 ERROR neutron_lib.callbacks.manager
File "/var/lib/openstack/lib/python3.10/site-packages/ovsdbapp/backend/ovs_idl/idlutils.py", line 114, in row_by_value
2026-05-27 11:06:38.384 10 ERROR neutron_lib.callbacks.manager raise RowNotFound(table=table, col=column, match=match)
2026-05-27 11:06:38.384 10 ERROR neutron_lib.callbacks.manager ovsdbapp.backend.ovs_idl.idlutils.RowNotFound: Cannot find Logical_Router_Port with name=lrp-56a29520-dcd8-4613-a91a-e8ab6182a5cb
2026-05-27 11:06:38.384 10 ERROR neutron_lib.callbacks.manager 
2026-05-27 11:06:38.491 9 INFO neutron.db.ovn_revision_numbers_db [None req-4d7d27f6-239b-411d-bd48-0555e942c008 c0691106f4444cb7adef7b06bf26702c 790fbbe6b6384654a65bb31eb4bfac6f - - default default] Successfully bumped revision number for resource a3b3b190-63a8-4b52-a1ae-5f364be4fc46 (type: ports) to 1
2026-05-27 11:06:38.565 9 INFO neutron.services.segments.plugin [-] Segment 0dc841b9-438e-45d0-acb1-8cc34a1bece4 resource provider aggregate not found
2026-05-27 11:06:38.571 9 INFO neutron.services.segments.plugin [-] Segment 0dc841b9-438e-45d0-acb1-8cc34a1bece4 resource provider aggregate not found
2026-05-27 11:06:38.583 9 INFO neutron.services.segments.plugin [-] Segment 0dc841b9-438e-45d0-acb1-8cc34a1bece4 resource provider not found; error: Placement Client Error (4xx): {"errors": [{"status": 404, "title": "Not Found", "detail": "The resource could not be found.\n\n No resource provider with uuid 0dc841b9-438e-45d0-acb1-8cc34a1bece4 found for delete ", "request_id": "req-c12dd861-0f57-4a1e-acc3-284bc9f677b8"}]}
2026-05-27 11:06:38.589 9 INFO neutron.services.segments.plugin [-] Segment 0dc841b9-438e-45d0-acb1-8cc34a1bece4 resource provider not found; error: Placement Client Error (4xx): {"errors": [{"status": 404, "title": "Not Found", "detail": "The resource could not be found.\n\n No resource provider with uuid 0dc841b9-438e-45d0-acb1-8cc34a1bece4 found for delete ", "request_id": "req-dab0b16b-2eb4-467c-900c-68c2b1371c0b"}]}
2026-05-27 11:06:38.593 9 WARNING neutron.scheduler.dhcp_agent_scheduler [None req-4d7d27f6-239b-411d-bd48-0555e942c008 c0691106f4444cb7adef7b06bf26702c 790fbbe6b6384654a65bb31eb4bfac6f - - default default] No more DHCP agents
2026-05-27 11:06:38.599 9 INFO neutron.wsgi [None req-df9f8e85-a431-4623-8466-df9f66bc74d3 a448f4e194cd4ed68377117628cfe78b 9f3e3981564f4273b34852c5c76bb948 - - default default] 10.0.0.84 "DELETE /v2.0/networks/a3ee8540-47e3-48f2-b748-42333264c2e1 HTTP/1.1" status: 204 len: 168 time: 0.5783215
2026-05-27 11:06:38.605 9 WARNING neutron.api.rpc.agentnotifiers.dhcp_rpc_agent_api [None req-4d7d27f6-239b-411d-bd48-0555e942c008 c0691106f4444cb7adef7b06bf26702c 790fbbe6b6384654a65bb31eb4bfac6f - - default default] Unable to schedule network d690f945-97b0-4dfb-9144-88d3ec435be3: no agents available; will retry on subsequent port and subnet creation events.
2026-05-27 11:06:38.929 10 INFO neutron.db.ovn_revision_numbers_db [None req-77a594a0-993e-4382-8069-0e7d0a8509e4 c0691106f4444cb7adef7b06bf26702c 790fbbe6b6384654a65bb31eb4bfac6f - - default default] Successfully bumped revision number for resource 56a29520-dcd8-4613-a91a-e8ab6182a5cb (type: ports) to 1
2026-05-27 11:06:38.953 10 INFO neutron.wsgi [-] 10.0.0.52 "GET / HTTP/1.1" status: 200 len: 246 time: 0.0016017
2026-05-27 11:06:38.955 10 INFO neutron.wsgi [-] 10.0.0.52 "GET / HTTP/1.1" status: 200 len: 246 time: 0.0010719
2026-05-27 11:06:39.024 10 INFO neutron.plugins.ml2.drivers.ovn.mech_driver.mech_driver [None req-f0e4303d-c993-4742-80bd-99375a17e647 - - - - - -] OVN reports status up for port: 56a29520-dcd8-4613-a91a-e8ab6182a5cb
2026-05-27 11:06:39.037 10 INFO neutron.plugins.ml2.plugin [None req-f0e4303d-c993-4742-80bd-99375a17e647 - - - - - -] Attempt 1 to provision port 56a29520-dcd8-4613-a91a-e8ab6182a5cb
2026-05-27 11:06:39.061 10 WARNING neutron.scheduler.dhcp_agent_scheduler [None req-77a594a0-993e-4382-8069-0e7d0a8509e4 c0691106f4444cb7adef7b06bf26702c 790fbbe6b6384654a65bb31eb4bfac6f - - default default] No more DHCP agents
2026-05-27 11:06:39.067 10 WARNING neutron.api.rpc.agentnotifiers.dhcp_rpc_agent_api [None req-77a594a0-993e-4382-8069-0e7d0a8509e4 c0691106f4444cb7adef7b06bf26702c 790fbbe6b6384654a65bb31eb4bfac6f - - default default] Unable to schedule network 32d828fd-b264-46a6-8063-fa0440024f74: no agents available; will retry on subsequent port and subnet creation events.
2026-05-27 11:06:39.146 10 INFO neutron.db.ovn_revision_numbers_db [None req-5fa43fb0-42b9-4f88-96cc-5f39144a9cea - - - - - -] Successfully bumped revision number for resource ee88ec38-7b81-4716-88e2-e29e1b15518e (type: ports) to 4
2026-05-27 11:06:39.450 9 INFO neutron.db.ovn_revision_numbers_db [None req-4d7d27f6-239b-411d-bd48-0555e942c008 c0691106f4444cb7adef7b06bf26702c 790fbbe6b6384654a65bb31eb4bfac6f - - default default] Successfully bumped revision number for resource a3b3b190-63a8-4b52-a1ae-5f364be4fc46 (type: router_ports) to 1
2026-05-27 11:06:39.457 9 INFO neutron.wsgi [None req-4d7d27f6-239b-411d-bd48-0555e942c008 c0691106f4444cb7adef7b06bf26702c 790fbbe6b6384654a65bb31eb4bfac6f - - default default] 10.0.0.84 "PUT /v2.0/routers/218af7c5-95e3-4c10-8f5e-f67242e3fc35/add_router_interface HTTP/1.1" status: 200 len: 503 time: 3.0151918
2026-05-27 11:06:39.459 10 INFO neutron.wsgi [None req-c9f1caf9-0092-4679-b016-afa38b499bdb c0691106f4444cb7adef7b06bf26702c 790fbbe6b6384654a65bb31eb4bfac6f - - default default] 10.0.0.84 "GET /v2.0/security-groups?tenant_id=9f3e3981564f4273b34852c5c76bb948&name=default HTTP/1.1" status: 200 len: 3120 time: 0.3061924
2026-05-27 11:06:39.730 9 INFO neutron.wsgi [None req-2f1d6669-54d6-4509-8291-65a795215bff c0691106f4444cb7adef7b06bf26702c 790fbbe6b6384654a65bb31eb4bfac6f - - default default] 10.0.0.84 "DELETE /v2.0/security-groups/619c3739-60ec-4709-91e3-c0d38ef02dfd HTTP/1.1" status: 204 len: 168 time: 0.2633491
2026-05-27 11:06:39.774 10 INFO neutron.db.ovn_revision_numbers_db [None req-5fa43fb0-42b9-4f88-96cc-5f39144a9cea - - - - - -] Successfully bumped revision number for resource ee88ec38-7b81-4716-88e2-e29e1b15518e (type: router_ports) to 4
2026-05-27 11:06:40.090 10 INFO neutron.plugins.ml2.drivers.ovn.mech_driver.ovsdb.ovsdb_monitor [None req-5fa43fb0-42b9-4f88-96cc-5f39144a9cea - - - - - -] Router 218af7c5-95e3-4c10-8f5e-f67242e3fc35 is bound to host instance
2026-05-27 11:06:40.131 10 INFO neutron.db.ovn_revision_numbers_db [None req-f0e4303d-c993-4742-80bd-99375a17e647 - - - - - -] Successfully bumped revision number for resource 56a29520-dcd8-4613-a91a-e8ab6182a5cb (type: ports) to 2
2026-05-27 11:06:40.181 9 WARNING neutron_lib.context [None req-b95c5bfa-b3ca-408a-b86c-61910fc79638 74bc98f87fb24c8f9592393c72dd6896 3e3cf8ad759b4e74ba1518bb308ee7b7 - - default default] Method 'is_advsvc' is deprecated since 2023.2 release (neutron-lib 3.8.0) and will be removed once support for the old RBAC API policies will be removed from Neutron. Please use method 'is_service_role' instead.
2026-05-27 11:06:40.337 9 INFO neutron.db.ovn_revision_numbers_db [None req-b95c5bfa-b3ca-408a-b86c-61910fc79638 74bc98f87fb24c8f9592393c72dd6896 3e3cf8ad759b4e74ba1518bb308ee7b7 - - default default] Successfully bumped revision number for resource d1e153a7-89ec-4013-a750-fb45ed934e1c (type: security_groups) to 1
2026-05-27 11:06:40.349 10 ERROR ovsdbapp.backend.ovs_idl.command [None req-f0e4303d-c993-4742-80bd-99375a17e647 - - - - - -] Error executing command (DbGetCommand): ovsdbapp.backend.ovs_idl.idlutils.RowNotFound: Cannot find Logical_Router_Port with name=lrp-56a29520-dcd8-4613-a91a-e8ab6182a5cb
2026-05-27 11:06:40.349 10 ERROR ovsdbapp.backend.ovs_idl.command
Traceback (most recent call last):
2026-05-27 11:06:40.349 10 ERROR ovsdbapp.backend.ovs_idl.command
File "/var/lib/openstack/lib/python3.10/site-packages/ovsdbapp/backend/ovs_idl/command.py", line 47, in execute
2026-05-27 11:06:40.349 10 ERROR ovsdbapp.backend.ovs_idl.command self.run_idl(None)
2026-05-27 11:06:40.349 10 ERROR ovsdbapp.backend.ovs_idl.command
File "/var/lib/openstack/lib/python3.10/site-packages/ovsdbapp/backend/ovs_idl/command.py", line 235, in run_idl
2026-05-27 11:06:40.349 10 ERROR ovsdbapp.backend.ovs_idl.command record = self.api.lookup(self.table, self.record)
2026-05-27 11:06:40.349 10 ERROR ovsdbapp.backend.ovs_idl.command
File "/var/lib/openstack/lib/python3.10/site-packages/ovsdbapp/backend/ovs_idl/__init__.py", line 184, in lookup
2026-05-27 11:06:40.349 10 ERROR ovsdbapp.backend.ovs_idl.command return self._lookup(table, record)
2026-05-27 11:06:40.349 10 ERROR ovsdbapp.backend.ovs_idl.command
File "/var/lib/openstack/lib/python3.10/site-packages/ovsdbapp/backend/ovs_idl/__init__.py", line 235, in _lookup
2026-05-27 11:06:40.349 10 ERROR ovsdbapp.backend.ovs_idl.command row = idlutils.row_by_value(self, rl.table, rl.column, record)
2026-05-27 11:06:40.349 10 ERROR ovsdbapp.backend.ovs_idl.command
File "/var/lib/openstack/lib/python3.10/site-packages/ovsdbapp/backend/ovs_idl/idlutils.py", line 114, in row_by_value
2026-05-27 11:06:40.349 10 ERROR ovsdbapp.backend.ovs_idl.command raise RowNotFound(table=table, col=column, match=match)
2026-05-27 11:06:40.349 10 ERROR ovsdbapp.backend.ovs_idl.command ovsdbapp.backend.ovs_idl.idlutils.RowNotFound: Cannot find Logical_Router_Port with name=lrp-56a29520-dcd8-4613-a91a-e8ab6182a5cb
2026-05-27 11:06:40.349 10 ERROR ovsdbapp.backend.ovs_idl.command 
2026-05-27 11:06:40.350 10 ERROR neutron_lib.callbacks.manager [None req-f0e4303d-c993-4742-80bd-99375a17e647 - - - - - -] Error during notification for neutron.services.ovn_l3.plugin.OVNL3RouterPlugin._port_update-8782775636719 port, after_update: ovsdbapp.backend.ovs_idl.idlutils.RowNotFound: Cannot find Logical_Router_Port with name=lrp-56a29520-dcd8-4613-a91a-e8ab6182a5cb
2026-05-27 11:06:40.350 10 ERROR neutron_lib.callbacks.manager
Traceback (most recent call last):
2026-05-27 11:06:40.350 10 ERROR neutron_lib.callbacks.manager
File "/var/lib/openstack/lib/python3.10/site-packages/neutron_lib/callbacks/manager.py", line 189, in _notify_loop
2026-05-27 11:06:40.350 10 ERROR neutron_lib.callbacks.manager callback.method(resource, event, trigger, payload=payload)
2026-05-27 11:06:40.350 10 ERROR neutron_lib.callbacks.manager
File "/var/lib/openstack/lib/python3.10/site-packages/neutron/services/ovn_l3/plugin.py", line 391, in _port_update
2026-05-27 11:06:40.350 10 ERROR neutron_lib.callbacks.manager l3plugin._ovn_client.update_router_port(context,
2026-05-27 11:06:40.350 10 ERROR neutron_lib.callbacks.manager
File "/var/lib/openstack/lib/python3.10/site-packages/neutron/plugins/ml2/drivers/ovn/mech_driver/ovsdb/ovn_client.py", line 1878, in update_router_port
2026-05-27 11:06:40.350 10 ERROR neutron_lib.callbacks.manager self._update_lrouter_port(context, port, if_exists=if_exists,
2026-05-27 11:06:40.350 10 ERROR neutron_lib.callbacks.manager
File "/var/lib/openstack/lib/python3.10/site-packages/neutron/plugins/ml2/drivers/ovn/mech_driver/ovsdb/ovn_client.py", line 1855, in _update_lrouter_port
2026-05-27 11:06:40.350 10 ERROR neutron_lib.callbacks.manager external_ids = self._nb_idl.db_get(
2026-05-27 11:06:40.350 10 ERROR neutron_lib.callbacks.manager
File "/var/lib/openstack/lib/python3.10/site-packages/ovsdbapp/backend/ovs_idl/command.py", line 47, in execute
2026-05-27 11:06:40.350 10 ERROR neutron_lib.callbacks.manager self.run_idl(None)
2026-05-27 11:06:40.350 10 ERROR neutron_lib.callbacks.manager
File "/var/lib/openstack/lib/python3.10/site-packages/ovsdbapp/backend/ovs_idl/command.py", line 235, in run_idl
2026-05-27 11:06:40.350 10 ERROR neutron_lib.callbacks.manager record = self.api.lookup(self.table, self.record)
2026-05-27 11:06:40.350 10 ERROR neutron_lib.callbacks.manager
File "/var/lib/openstack/lib/python3.10/site-packages/ovsdbapp/backend/ovs_idl/__init__.py", line 184, in lookup
2026-05-27 11:06:40.350 10 ERROR neutron_lib.callbacks.manager return self._lookup(table, record)
2026-05-27 11:06:40.350 10 ERROR neutron_lib.callbacks.manager
File "/var/lib/openstack/lib/python3.10/site-packages/ovsdbapp/backend/ovs_idl/__init__.py", line 235, in _lookup
2026-05-27 11:06:40.350 10 ERROR neutron_lib.callbacks.manager row = idlutils.row_by_value(self, rl.table, rl.column, record)
2026-05-27 11:06:40.350 10 ERROR neutron_lib.callbacks.manager
File "/var/lib/openstack/lib/python3.10/site-packages/ovsdbapp/backend/ovs_idl/idlutils.py", line 114, in row_by_value
2026-05-27 11:06:40.350 10 ERROR neutron_lib.callbacks.manager raise RowNotFound(table=table, col=column, match=match)
2026-05-27 11:06:40.350 10 ERROR neutron_lib.callbacks.manager ovsdbapp.backend.ovs_idl.idlutils.RowNotFound: Cannot find Logical_Router_Port with name=lrp-56a29520-dcd8-4613-a91a-e8ab6182a5cb
2026-05-27 11:06:40.350 10 ERROR neutron_lib.callbacks.manager 
2026-05-27 11:06:40.352 9 INFO neutron.db.ovn_revision_numbers_db [None req-b95c5bfa-b3ca-408a-b86c-61910fc79638 74bc98f87fb24c8f9592393c72dd6896 3e3cf8ad759b4e74ba1518bb308ee7b7 - - default default] Successfully bumped revision number for resource 88817acf-665f-462f-a900-0fad2daccd81 (type: security_group_rules) to 0
2026-05-27 11:06:40.366 9 INFO neutron.db.ovn_revision_numbers_db [None req-b95c5bfa-b3ca-408a-b86c-61910fc79638 74bc98f87fb24c8f9592393c72dd6896 3e3cf8ad759b4e74ba1518bb308ee7b7 - - default default] Successfully bumped revision number for resource d502654f-e6cc-4f21-b4d2-cee58109a280 (type: security_group_rules) to 0
2026-05-27 11:06:40.385 9 INFO neutron.wsgi [None req-b95c5bfa-b3ca-408a-b86c-61910fc79638 74bc98f87fb24c8f9592393c72dd6896 3e3cf8ad759b4e74ba1518bb308ee7b7 - - default default] 10.0.0.84 "POST /v2.0/security-groups HTTP/1.1" status: 201 len: 1860 time: 0.2109988
2026-05-27 11:06:40.396 9 WARNING neutron_lib.context [None req-d2b0fff9-7012-4b1b-bb0f-e94d1be152ce 74bc98f87fb24c8f9592393c72dd6896 3e3cf8ad759b4e74ba1518bb308ee7b7 - - default default] Method 'is_advsvc' is deprecated since 2023.2 release (neutron-lib 3.8.0) and will be removed once support for the old RBAC API policies will be removed from Neutron. Please use method 'is_service_role' instead.
2026-05-27 11:06:40.468 10 INFO neutron.db.ovn_revision_numbers_db [None req-77a594a0-993e-4382-8069-0e7d0a8509e4 c0691106f4444cb7adef7b06bf26702c 790fbbe6b6384654a65bb31eb4bfac6f - - default default] Successfully bumped revision number for resource 56a29520-dcd8-4613-a91a-e8ab6182a5cb (type: router_ports) to 1
2026-05-27 11:06:40.473 10 INFO neutron.wsgi [None req-77a594a0-993e-4382-8069-0e7d0a8509e4 c0691106f4444cb7adef7b06bf26702c 790fbbe6b6384654a65bb31eb4bfac6f - - default default] 10.0.0.84 "PUT /v2.0/routers/42b59b1a-7131-4ef7-88e6-ed4988b9e2e8/add_router_interface HTTP/1.1" status: 200 len: 503 time: 4.2521970
2026-05-27 11:06:40.533 9 INFO neutron.db.ovn_revision_numbers_db [None req-d2b0fff9-7012-4b1b-bb0f-e94d1be152ce 74bc98f87fb24c8f9592393c72dd6896 3e3cf8ad759b4e74ba1518bb308ee7b7 - - default default] Successfully bumped revision number for resource 9c1e45f9-27b5-44d0-ac8d-f6dc7b2bb449 (type: security_group_rules) to 0
2026-05-27 11:06:40.569 9 INFO neutron.wsgi [None req-d2b0fff9-7012-4b1b-bb0f-e94d1be152ce 74bc98f87fb24c8f9592393c72dd6896 3e3cf8ad759b4e74ba1518bb308ee7b7 - - default default] 10.0.0.84 "POST /v2.0/security-group-rules HTTP/1.1" status: 201 len: 796 time: 0.1784365
2026-05-27 11:06:40.580 9 WARNING neutron_lib.context [None req-0609ef6b-d132-42f1-a6e2-11076603991c 74bc98f87fb24c8f9592393c72dd6896 3e3cf8ad759b4e74ba1518bb308ee7b7 - - default default] Method 'is_advsvc' is deprecated since 2023.2 release (neutron-lib 3.8.0) and will be removed once support for the old RBAC API policies will be removed from Neutron. Please use method 'is_service_role' instead.
2026-05-27 11:06:40.733 9 INFO neutron.db.ovn_revision_numbers_db [None req-0609ef6b-d132-42f1-a6e2-11076603991c 74bc98f87fb24c8f9592393c72dd6896 3e3cf8ad759b4e74ba1518bb308ee7b7 - - default default] Successfully bumped revision number for resource 977e9906-628b-4640-947d-7c5a666b35f9 (type: security_group_rules) to 0
2026-05-27 11:06:40.765 9 INFO neutron.wsgi [None req-0609ef6b-d132-42f1-a6e2-11076603991c 74bc98f87fb24c8f9592393c72dd6896 3e3cf8ad759b4e74ba1518bb308ee7b7 - - default default] 10.0.0.84 "POST /v2.0/security-group-rules HTTP/1.1" status: 201 len: 801 time: 0.1901474
2026-05-27 11:06:40.775 9 WARNING neutron_lib.context [None req-43862bf1-28a0-4a10-816a-e1fc7e87c7c0 74bc98f87fb24c8f9592393c72dd6896 3e3cf8ad759b4e74ba1518bb308ee7b7 - - default default] Method 'is_advsvc' is deprecated since 2023.2 release (neutron-lib 3.8.0) and will be removed once support for the old RBAC API policies will be removed from Neutron. Please use method 'is_service_role' instead.
2026-05-27 11:06:41.010 10 INFO neutron.db.ovn_revision_numbers_db [None req-5fa43fb0-42b9-4f88-96cc-5f39144a9cea - - - - - -] Successfully bumped revision number for resource df80018b-4aaf-4d61-b408-580bfd097cad (type: ports) to 1
2026-05-27 11:06:41.054 9 WARNING neutron.scheduler.dhcp_agent_scheduler [None req-43862bf1-28a0-4a10-816a-e1fc7e87c7c0 74bc98f87fb24c8f9592393c72dd6896 3e3cf8ad759b4e74ba1518bb308ee7b7 - - default default] No more DHCP agents
2026-05-27 11:06:41.059 9 WARNING neutron.api.rpc.agentnotifiers.dhcp_rpc_agent_api [None req-43862bf1-28a0-4a10-816a-e1fc7e87c7c0 74bc98f87fb24c8f9592393c72dd6896 3e3cf8ad759b4e74ba1518bb308ee7b7 - - default default] Unable to schedule network 889b54fb-2d9e-49fa-a546-7ad775c9e91b: no agents available; will retry on subsequent port and subnet creation events.
2026-05-27 11:06:41.087 9 INFO neutron.plugins.ml2.drivers.ovn.mech_driver.mech_driver [None req-ee35cc8e-2494-4aec-bb7d-18c8763f3d77 - - - - - -] OVN reports status up for port: a3b3b190-63a8-4b52-a1ae-5f364be4fc46
2026-05-27 11:06:41.102 9 INFO neutron.plugins.ml2.plugin [None req-ee35cc8e-2494-4aec-bb7d-18c8763f3d77 - - - - - -] Attempt 1 to provision port a3b3b190-63a8-4b52-a1ae-5f364be4fc46
2026-05-27 11:06:41.210 10 WARNING neutron_lib.context [None req-6a704dd0-5875-428c-b32c-f7e90bc31b9f 693091555f6740baafffaa2f7f4ea397 248d8773a23e46fa889f4d829e22ceae - - default default] Method 'is_advsvc' is deprecated since 2023.2 release (neutron-lib 3.8.0) and will be removed once support for the old RBAC API policies will be removed from Neutron. Please use method 'is_service_role' instead.
2026-05-27 11:06:41.431 10 INFO neutron.db.ovn_revision_numbers_db [None req-6a704dd0-5875-428c-b32c-f7e90bc31b9f 693091555f6740baafffaa2f7f4ea397 248d8773a23e46fa889f4d829e22ceae - - default default] Successfully bumped revision number for resource 867c1288-e543-498f-8fe1-5585bfc14d06 (type: security_groups) to 1
2026-05-27 11:06:41.454 10 INFO neutron.db.ovn_revision_numbers_db [None req-6a704dd0-5875-428c-b32c-f7e90bc31b9f 693091555f6740baafffaa2f7f4ea397 248d8773a23e46fa889f4d829e22ceae - - default default] Successfully bumped revision number for resource 51ff3c97-c9b3-4f22-b75e-f8b32117d8c4 (type: security_group_rules) to 0
2026-05-27 11:06:41.467 10 INFO neutron.db.ovn_revision_numbers_db [None req-6a704dd0-5875-428c-b32c-f7e90bc31b9f 693091555f6740baafffaa2f7f4ea397 248d8773a23e46fa889f4d829e22ceae - - default default] Successfully bumped revision number for resource 914dd724-10a9-4a29-8843-ef6274dda660 (type: security_group_rules) to 0
2026-05-27 11:06:41.476 10 INFO neutron.db.ovn_revision_numbers_db [None req-5fa43fb0-42b9-4f88-96cc-5f39144a9cea - - - - - -] Successfully bumped revision number for resource df80018b-4aaf-4d61-b408-580bfd097cad (type: router_ports) to 3
2026-05-27 11:06:41.495 10 INFO neutron.wsgi [None req-6a704dd0-5875-428c-b32c-f7e90bc31b9f 693091555f6740baafffaa2f7f4ea397 248d8773a23e46fa889f4d829e22ceae - - default default] 10.0.0.84 "POST /v2.0/security-groups HTTP/1.1" status: 201 len: 1859 time: 0.2933161
2026-05-27 11:06:41.506 10 WARNING neutron_lib.context [None req-a46c156b-a211-4ef8-b06e-2c1ed7f132d3 693091555f6740baafffaa2f7f4ea397 248d8773a23e46fa889f4d829e22ceae - - default default] Method 'is_advsvc' is deprecated since 2023.2 release (neutron-lib 3.8.0) and will be removed once support for the old RBAC API policies will be removed from Neutron. Please use method 'is_service_role' instead.
2026-05-27 11:06:41.560 9 INFO neutron.db.ovn_revision_numbers_db [None req-130e64d2-328c-41fa-bfde-771b8271f263 c0691106f4444cb7adef7b06bf26702c 790fbbe6b6384654a65bb31eb4bfac6f - - default default] Successfully bumped revision number for resource b7f2c53b-20eb-434f-bcb0-a8367f47e698 (type: security_groups) to 1
