2026-05-27 11:06:06.904 9 INFO neutron.wsgi [req-40805ad5-97a7-447e-b294-2d9a7ec63d38 req-b4862a05-0d36-4760-b364-db84753a1f5a 1067669bca86482b8a206d3bf42950b7 2dfbf97916e642eca0f5563d36360fed - - default default] 10.0.0.56 "GET /v2.0/ports?tenant_id=2dfbf97916e642eca0f5563d36360fed&fields=id HTTP/1.1" status: 200 len: 302 time: 0.1282799
2026-05-27 11:06:07.084 10 INFO neutron.wsgi [None req-28b85a3d-69ef-4680-a90c-8f4d8dfc3786 f156e727909243b9870968a868813e0c bd51ec6f0a414299a23fead25be06b7d - - default default] 10.0.0.84 "POST /v2.0/floatingips HTTP/1.1" status: 201 len: 751 time: 0.7752755
2026-05-27 11:06:07.361 9 INFO neutron.wsgi [req-40805ad5-97a7-447e-b294-2d9a7ec63d38 req-f8ccf570-76a1-4118-b37a-ad7550852881 6ad2f9c6bd58468b8972b32735195f49 b40dde6a184a4253b6b0776f9cd0ff14 - - 953328afc94a4e639b890b596b2a54aa 953328afc94a4e639b890b596b2a54aa] 10.0.0.56 "GET /v2.0/extensions HTTP/1.1" status: 200 len: 18683 time: 0.0607281
2026-05-27 11:06:07.488 9 INFO neutron.wsgi [req-40805ad5-97a7-447e-b294-2d9a7ec63d38 req-9bfde6da-6a06-4b8a-9c91-2606018f6815 6ad2f9c6bd58468b8972b32735195f49 b40dde6a184a4253b6b0776f9cd0ff14 - - 953328afc94a4e639b890b596b2a54aa 953328afc94a4e639b890b596b2a54aa] 10.0.0.56 "GET /v2.0/networks/08ce0114-6ed1-4898-89c9-69ac4f5887a8?fields=segments HTTP/1.1" status: 200 len: 212 time: 0.1121767
2026-05-27 11:06:07.655 9 INFO neutron.wsgi [None req-0e44e98e-053c-46fb-974b-8d9f723774a5 c0691106f4444cb7adef7b06bf26702c 790fbbe6b6384654a65bb31eb4bfac6f - - default default] 10.0.0.84 "DELETE /v2.0/routers/2d4de3cc-bfe9-4017-9d6e-0c6798743bf5 HTTP/1.1" status: 204 len: 168 time: 1.1299651
2026-05-27 11:06:07.691 9 INFO neutron.wsgi [req-4a6384be-3370-454f-aef0-74ec40c9d7c3 req-05b4369a-eb95-4130-b6d8-74cf990adc31 f156e727909243b9870968a868813e0c bd51ec6f0a414299a23fead25be06b7d - - default default] 10.0.0.56 "GET /v2.0/security-groups?name=tempest-securitygroup--1324207220&fields=id&tenant_id=bd51ec6f0a414299a23fead25be06b7d HTTP/1.1" status: 200 len: 267 time: 0.0451739
2026-05-27 11:06:07.694 9 INFO neutron.wsgi [req-40805ad5-97a7-447e-b294-2d9a7ec63d38 req-9e5644c2-e86c-4cdc-ab47-dd8b8b9268bf 6ad2f9c6bd58468b8972b32735195f49 b40dde6a184a4253b6b0776f9cd0ff14 - - 953328afc94a4e639b890b596b2a54aa 953328afc94a4e639b890b596b2a54aa] 10.0.0.56 "GET /v2.0/networks/08ce0114-6ed1-4898-89c9-69ac4f5887a8?fields=provider%3Aphysical_network&fields=provider%3Anetwork_type HTTP/1.1" status: 200 len: 277 time: 0.2003160
2026-05-27 11:06:07.759 9 INFO neutron.wsgi [req-4a6384be-3370-454f-aef0-74ec40c9d7c3 req-42a124c6-61c8-4d4d-9495-b11ca86a8b39 f156e727909243b9870968a868813e0c bd51ec6f0a414299a23fead25be06b7d - - default default] 10.0.0.56 "GET /v2.0/networks?id=dff5079b-f08b-4172-b420-9d043fcf8807 HTTP/1.1" status: 200 len: 875 time: 0.0600805
2026-05-27 11:06:07.782 9 INFO neutron.wsgi [req-4a6384be-3370-454f-aef0-74ec40c9d7c3 req-27f8c72b-32bd-4095-adda-895a2bbaa39e f156e727909243b9870968a868813e0c bd51ec6f0a414299a23fead25be06b7d - - default default] 10.0.0.56 "GET /v2.0/quotas/bd51ec6f0a414299a23fead25be06b7d HTTP/1.1" status: 200 len: 491 time: 0.0154033
2026-05-27 11:06:07.896 9 INFO neutron.wsgi [req-4a6384be-3370-454f-aef0-74ec40c9d7c3 req-c936fede-a64b-4055-b000-290eaa785b32 f156e727909243b9870968a868813e0c bd51ec6f0a414299a23fead25be06b7d - - default default] 10.0.0.56 "GET /v2.0/ports?tenant_id=bd51ec6f0a414299a23fead25be06b7d&fields=id HTTP/1.1" status: 200 len: 302 time: 0.1078951
2026-05-27 11:06:07.983 10 INFO neutron.wsgi [None req-465e5ec1-0abb-4451-ad46-e0adae9e113e c0691106f4444cb7adef7b06bf26702c 790fbbe6b6384654a65bb31eb4bfac6f - - default default] 10.0.0.84 "DELETE /v2.0/subnets/f4e5d4f9-e53b-4419-abfe-2c87ee656905 HTTP/1.1" status: 204 len: 168 time: 0.3208115
2026-05-27 11:06:08.088 9 INFO neutron.wsgi [req-f18f13c8-22cf-423d-a2f1-292595827127 req-7c0dd6de-a936-4e59-9d8e-26439e7c69a2 1067669bca86482b8a206d3bf42950b7 2dfbf97916e642eca0f5563d36360fed - - default default] 10.0.0.56 "GET /v2.0/ports?device_id=d3283c44-4bda-4f2a-92df-a9588646b412 HTTP/1.1" status: 200 len: 210 time: 0.0337760
2026-05-27 11:06:08.381 9 INFO neutron.wsgi [req-4a6384be-3370-454f-aef0-74ec40c9d7c3 req-57481c67-12b0-47f5-b75f-d6830fa088d7 6ad2f9c6bd58468b8972b32735195f49 b40dde6a184a4253b6b0776f9cd0ff14 - - 953328afc94a4e639b890b596b2a54aa 953328afc94a4e639b890b596b2a54aa] 10.0.0.56 "GET /v2.0/extensions HTTP/1.1" status: 200 len: 18683 time: 0.0705464
2026-05-27 11:06:08.444 9 INFO neutron.wsgi [req-4a6384be-3370-454f-aef0-74ec40c9d7c3 req-5ab1278d-1a6f-432b-9e74-3204885e7998 6ad2f9c6bd58468b8972b32735195f49 b40dde6a184a4253b6b0776f9cd0ff14 - - 953328afc94a4e639b890b596b2a54aa 953328afc94a4e639b890b596b2a54aa] 10.0.0.56 "GET /v2.0/networks/dff5079b-f08b-4172-b420-9d043fcf8807?fields=segments HTTP/1.1" status: 200 len: 212 time: 0.0546365
2026-05-27 11:06:08.481 10 INFO neutron.wsgi [None req-72f137bd-0eeb-4158-aa49-506173ad1a92 c0691106f4444cb7adef7b06bf26702c 790fbbe6b6384654a65bb31eb4bfac6f - - default default] 10.0.0.84 "DELETE /v2.0/networks/6f1243a7-2756-4f9a-a530-78c07944aea8 HTTP/1.1" status: 204 len: 168 time: 0.4929070
2026-05-27 11:06:08.522 9 INFO neutron.wsgi [req-4a6384be-3370-454f-aef0-74ec40c9d7c3 req-25cb240f-5880-4378-9f3b-cf415898973d 6ad2f9c6bd58468b8972b32735195f49 b40dde6a184a4253b6b0776f9cd0ff14 - - 953328afc94a4e639b890b596b2a54aa 953328afc94a4e639b890b596b2a54aa] 10.0.0.56 "GET /v2.0/networks/dff5079b-f08b-4172-b420-9d043fcf8807?fields=provider%3Aphysical_network&fields=provider%3Anetwork_type HTTP/1.1" status: 200 len: 277 time: 0.0736525
2026-05-27 11:06:08.670 10 INFO neutron.wsgi [None req-16ba487c-28aa-4cf3-92c4-183c198913b8 c0691106f4444cb7adef7b06bf26702c 790fbbe6b6384654a65bb31eb4bfac6f - - default default] 10.0.0.84 "GET /v2.0/security-groups?tenant_id=e4a0ba79ed7c416abac05008c478e406&name=default HTTP/1.1" status: 200 len: 3116 time: 0.0594788
2026-05-27 11:06:08.742 9 INFO neutron.wsgi [req-4058fb96-6df2-4c47-a5bd-4112f8edd61e req-df212cfc-e05a-4d9e-8e69-0307a61f884b f156e727909243b9870968a868813e0c bd51ec6f0a414299a23fead25be06b7d - - default default] 10.0.0.56 "GET /v2.0/ports?device_id=90a47ae7-b981-4a4d-b473-33d40a97455d HTTP/1.1" status: 200 len: 210 time: 0.0231431
2026-05-27 11:06:08.958 10 INFO neutron.wsgi [-] 10.0.0.52 "GET / HTTP/1.1" status: 200 len: 246 time: 0.0054855
2026-05-27 11:06:08.964 10 INFO neutron.wsgi [-] 10.0.0.52 "GET / HTTP/1.1" status: 200 len: 246 time: 0.0044432
2026-05-27 11:06:09.016 9 INFO neutron.wsgi [None req-3777c280-9ecf-4d9a-ba9a-1f6da3f8b7f6 c0691106f4444cb7adef7b06bf26702c 790fbbe6b6384654a65bb31eb4bfac6f - - default default] 10.0.0.84 "DELETE /v2.0/security-groups/0b0e5b41-0840-4acb-ac6c-000808053029 HTTP/1.1" status: 204 len: 168 time: 0.3383107
2026-05-27 11:06:09.176 10 INFO neutron.services.segments.plugin [-] Segment 6823493a-f9e2-4b02-bee6-3610398b5781 resource provider aggregate not found
2026-05-27 11:06:09.208 10 INFO neutron.services.segments.plugin [-] Segment 6823493a-f9e2-4b02-bee6-3610398b5781 resource provider not found; error: Placement Client Error (4xx): {"errors": [{"status": 404, "title": "Not Found", "detail": "The resource could not be found.\n\n No resource provider with uuid 6823493a-f9e2-4b02-bee6-3610398b5781 found for delete ", "request_id": "req-9d447028-4ea0-42d4-bfd9-1ef545127ce1"}]}
2026-05-27 11:06:09.235 10 INFO neutron.services.segments.plugin [-] Segment 6823493a-f9e2-4b02-bee6-3610398b5781 resource provider aggregate not found
2026-05-27 11:06:09.273 9 INFO neutron.wsgi [req-2774bde6-0645-4a5a-840b-031df0769222 req-450700c5-e05c-46d9-9143-ec2cf6e93d7d 1067669bca86482b8a206d3bf42950b7 2dfbf97916e642eca0f5563d36360fed - - default default] 10.0.0.56 "GET /v2.0/ports?device_id=d3283c44-4bda-4f2a-92df-a9588646b412 HTTP/1.1" status: 200 len: 210 time: 0.0387146
2026-05-27 11:06:09.274 10 INFO neutron.services.segments.plugin [-] Segment 6823493a-f9e2-4b02-bee6-3610398b5781 resource provider not found; error: Placement Client Error (4xx): {"errors": [{"status": 404, "title": "Not Found", "detail": "The resource could not be found.\n\n No resource provider with uuid 6823493a-f9e2-4b02-bee6-3610398b5781 found for delete ", "request_id": "req-2c15c45d-58a6-453e-98e5-3cd2212eefd2"}]}
2026-05-27 11:06:09.618 9 INFO neutron.db.ovn_revision_numbers_db [None req-f523a284-93f7-4db6-9ecd-6f6cbdbb794a c0691106f4444cb7adef7b06bf26702c 790fbbe6b6384654a65bb31eb4bfac6f - - default default] Successfully bumped revision number for resource 11623d50-7ca7-43df-b40d-f42cb715190b (type: security_groups) to 1
2026-05-27 11:06:09.637 9 INFO neutron.db.ovn_revision_numbers_db [None req-f523a284-93f7-4db6-9ecd-6f6cbdbb794a c0691106f4444cb7adef7b06bf26702c 790fbbe6b6384654a65bb31eb4bfac6f - - default default] Successfully bumped revision number for resource 3a269180-5d15-4401-a532-51c37f3a5f37 (type: security_group_rules) to 0
2026-05-27 11:06:09.661 9 INFO neutron.db.ovn_revision_numbers_db [None req-f523a284-93f7-4db6-9ecd-6f6cbdbb794a c0691106f4444cb7adef7b06bf26702c 790fbbe6b6384654a65bb31eb4bfac6f - - default default] Successfully bumped revision number for resource 8695ab4a-48f6-4dc0-859c-6926bc8bfde5 (type: security_group_rules) to 0
2026-05-27 11:06:09.677 9 INFO neutron.db.ovn_revision_numbers_db [None req-f523a284-93f7-4db6-9ecd-6f6cbdbb794a c0691106f4444cb7adef7b06bf26702c 790fbbe6b6384654a65bb31eb4bfac6f - - default default] Successfully bumped revision number for resource af1ac0cf-6ddf-4bb5-9cdb-f46d47f0b6a4 (type: security_group_rules) to 0
2026-05-27 11:06:09.691 9 INFO neutron.db.ovn_revision_numbers_db [None req-f523a284-93f7-4db6-9ecd-6f6cbdbb794a c0691106f4444cb7adef7b06bf26702c 790fbbe6b6384654a65bb31eb4bfac6f - - default default] Successfully bumped revision number for resource b266ebdc-c154-4f62-b351-1e30a9d3ddf9 (type: security_group_rules) to 0
2026-05-27 11:06:09.714 9 INFO neutron.wsgi [None req-f523a284-93f7-4db6-9ecd-6f6cbdbb794a c0691106f4444cb7adef7b06bf26702c 790fbbe6b6384654a65bb31eb4bfac6f - - default default] 10.0.0.84 "GET /v2.0/security-groups?tenant_id=0a88cd6a5022420896dc51b6b808fff6&name=default HTTP/1.1" status: 200 len: 3120 time: 0.5269489
2026-05-27 11:06:09.949 9 INFO neutron.wsgi [req-0fa53b8f-2572-4b13-bbc4-99dc7edade9e req-b2b4d1b9-34d6-48b0-94ca-74ea0dcb3702 f156e727909243b9870968a868813e0c bd51ec6f0a414299a23fead25be06b7d - - default default] 10.0.0.56 "GET /v2.0/ports?device_id=90a47ae7-b981-4a4d-b473-33d40a97455d HTTP/1.1" status: 200 len: 210 time: 0.0547149
2026-05-27 11:06:10.035 9 INFO neutron.wsgi [None req-86eca0b5-47f8-475f-882c-6fd4589dbf11 c0691106f4444cb7adef7b06bf26702c 790fbbe6b6384654a65bb31eb4bfac6f - - default default] 10.0.0.84 "DELETE /v2.0/security-groups/11623d50-7ca7-43df-b40d-f42cb715190b HTTP/1.1" status: 204 len: 168 time: 0.3093970
2026-05-27 11:06:10.380 9 INFO neutron.wsgi [req-e127382e-97aa-407c-9ffd-538fd92419a2 req-1cea4e99-715b-47a2-874f-1586c95cee82 1067669bca86482b8a206d3bf42950b7 2dfbf97916e642eca0f5563d36360fed - - default default] 10.0.0.56 "GET /v2.0/ports?device_id=d3283c44-4bda-4f2a-92df-a9588646b412 HTTP/1.1" status: 200 len: 210 time: 0.0284770
2026-05-27 11:06:10.388 9 INFO neutron.db.ovn_revision_numbers_db [None req-83e85a82-4db7-49f1-bca4-7ef4bf0edcc0 c0691106f4444cb7adef7b06bf26702c 790fbbe6b6384654a65bb31eb4bfac6f - - default default] Successfully bumped revision number for resource 10dfafd3-cb5c-4d83-a432-ede2e7a07d4d (type: security_groups) to 1
2026-05-27 11:06:10.436 9 INFO neutron.db.ovn_revision_numbers_db [None req-83e85a82-4db7-49f1-bca4-7ef4bf0edcc0 c0691106f4444cb7adef7b06bf26702c 790fbbe6b6384654a65bb31eb4bfac6f - - default default] Successfully bumped revision number for resource 02538674-9332-4537-8078-5624862415ee (type: security_group_rules) to 0
2026-05-27 11:06:10.470 9 INFO neutron.db.ovn_revision_numbers_db [None req-83e85a82-4db7-49f1-bca4-7ef4bf0edcc0 c0691106f4444cb7adef7b06bf26702c 790fbbe6b6384654a65bb31eb4bfac6f - - default default] Successfully bumped revision number for resource 736a3214-1cfc-4edd-9aa4-9db60d8131d1 (type: security_group_rules) to 0
2026-05-27 11:06:10.477 9 INFO neutron.wsgi [req-4a6384be-3370-454f-aef0-74ec40c9d7c3 req-b3ad7304-8bb2-4187-8e08-fa1e30fd3b27 f156e727909243b9870968a868813e0c bd51ec6f0a414299a23fead25be06b7d - - default default] 199.204.45.162 "GET /v2.0/networks?id=dff5079b-f08b-4172-b420-9d043fcf8807 HTTP/1.1" status: 200 len: 875 time: 0.3018429
2026-05-27 11:06:10.494 9 INFO neutron.wsgi [req-40805ad5-97a7-447e-b294-2d9a7ec63d38 req-97904364-f402-45fc-ae16-8fd2f51cdf8d 1067669bca86482b8a206d3bf42950b7 2dfbf97916e642eca0f5563d36360fed - - default default] 199.204.45.162 "GET /v2.0/networks?id=08ce0114-6ed1-4898-89c9-69ac4f5887a8 HTTP/1.1" status: 200 len: 878 time: 0.3586159
2026-05-27 11:06:10.495 9 INFO neutron.db.ovn_revision_numbers_db [None req-83e85a82-4db7-49f1-bca4-7ef4bf0edcc0 c0691106f4444cb7adef7b06bf26702c 790fbbe6b6384654a65bb31eb4bfac6f - - default default] Successfully bumped revision number for resource 85708b21-1f89-404a-9245-e4d4496a7cb2 (type: security_group_rules) to 0
2026-05-27 11:06:10.523 9 INFO neutron.db.ovn_revision_numbers_db [None req-83e85a82-4db7-49f1-bca4-7ef4bf0edcc0 c0691106f4444cb7adef7b06bf26702c 790fbbe6b6384654a65bb31eb4bfac6f - - default default] Successfully bumped revision number for resource ddc32f97-5ea5-43e6-a68d-7a6e67bc369e (type: security_group_rules) to 0
2026-05-27 11:06:10.555 9 INFO neutron.wsgi [None req-83e85a82-4db7-49f1-bca4-7ef4bf0edcc0 c0691106f4444cb7adef7b06bf26702c 790fbbe6b6384654a65bb31eb4bfac6f - - default default] 10.0.0.84 "GET /v2.0/security-groups?tenant_id=cce495eefb504fb985d56e4762ffff46&name=default HTTP/1.1" status: 200 len: 3120 time: 0.3411753
2026-05-27 11:06:10.591 9 INFO neutron.wsgi [req-40805ad5-97a7-447e-b294-2d9a7ec63d38 req-f348935f-8936-426a-b54f-294b5648b7b8 1067669bca86482b8a206d3bf42950b7 2dfbf97916e642eca0f5563d36360fed - - default default] 199.204.45.162 "GET /v2.0/security-groups?fields=id&fields=name&tenant_id=2dfbf97916e642eca0f5563d36360fed HTTP/1.1" status: 200 len: 379 time: 0.0828693
2026-05-27 11:06:10.594 9 INFO neutron.wsgi [req-4a6384be-3370-454f-aef0-74ec40c9d7c3 req-4e50d537-db4e-4590-87d6-95380e0802fa f156e727909243b9870968a868813e0c bd51ec6f0a414299a23fead25be06b7d - - default default] 199.204.45.162 "GET /v2.0/security-groups?fields=id&fields=name&tenant_id=bd51ec6f0a414299a23fead25be06b7d HTTP/1.1" status: 200 len: 380 time: 0.0873263
2026-05-27 11:06:10.608 9 WARNING neutron_lib.context [req-4a6384be-3370-454f-aef0-74ec40c9d7c3 req-22bba62d-9fde-49e4-a611-adc2a73dba18 f156e727909243b9870968a868813e0c bd51ec6f0a414299a23fead25be06b7d - - default default] Method 'is_advsvc' is deprecated since 2023.2 release (neutron-lib 3.8.0) and will be removed once support for the old RBAC API policies will be removed from Neutron. Please use method 'is_service_role' instead.
2026-05-27 11:06:10.613 9 WARNING neutron_lib.context [req-40805ad5-97a7-447e-b294-2d9a7ec63d38 req-e91748b4-6808-495a-82cd-b800b54673fc 1067669bca86482b8a206d3bf42950b7 2dfbf97916e642eca0f5563d36360fed - - default default] Method 'is_advsvc' is deprecated since 2023.2 release (neutron-lib 3.8.0) and will be removed once support for the old RBAC API policies will be removed from Neutron. Please use method 'is_service_role' instead.
2026-05-27 11:06:10.821 10 INFO neutron.wsgi [None req-d19580aa-5cfa-4f09-97b6-32c22e09eff1 c0691106f4444cb7adef7b06bf26702c 790fbbe6b6384654a65bb31eb4bfac6f - - default default] 10.0.0.84 "DELETE /v2.0/security-groups/10dfafd3-cb5c-4d83-a432-ede2e7a07d4d HTTP/1.1" status: 204 len: 168 time: 0.2598407
2026-05-27 11:06:11.099 9 INFO neutron.wsgi [req-ef1b05f3-a4af-42ef-92ce-03c445591210 req-4409292b-0a29-4b90-95da-d571c51d5d61 f156e727909243b9870968a868813e0c bd51ec6f0a414299a23fead25be06b7d - - default default] 10.0.0.56 "GET /v2.0/ports?device_id=90a47ae7-b981-4a4d-b473-33d40a97455d HTTP/1.1" status: 200 len: 210 time: 0.0451205
2026-05-27 11:06:11.275 9 WARNING neutron.scheduler.dhcp_agent_scheduler [req-4a6384be-3370-454f-aef0-74ec40c9d7c3 req-22bba62d-9fde-49e4-a611-adc2a73dba18 f156e727909243b9870968a868813e0c bd51ec6f0a414299a23fead25be06b7d - - default default] No more DHCP agents
2026-05-27 11:06:11.279 9 WARNING neutron.api.rpc.agentnotifiers.dhcp_rpc_agent_api [req-4a6384be-3370-454f-aef0-74ec40c9d7c3 req-22bba62d-9fde-49e4-a611-adc2a73dba18 f156e727909243b9870968a868813e0c bd51ec6f0a414299a23fead25be06b7d - - default default] Unable to schedule network dff5079b-f08b-4172-b420-9d043fcf8807: no agents available; will retry on subsequent port and subnet creation events.
2026-05-27 11:06:11.284 9 WARNING neutron.plugins.ml2.drivers.ovn.mech_driver.ovsdb.ovn_client [None req-ee35cc8e-2494-4aec-bb7d-18c8763f3d77 - - - - - -] No hosting information found for port 80f95d45-fe12-40a6-8f01-08427ed0404e: RuntimeError: No hosting information found for port 80f95d45-fe12-40a6-8f01-08427ed0404e
2026-05-27 11:06:11.322 9 WARNING neutron.scheduler.dhcp_agent_scheduler [req-40805ad5-97a7-447e-b294-2d9a7ec63d38 req-e91748b4-6808-495a-82cd-b800b54673fc 1067669bca86482b8a206d3bf42950b7 2dfbf97916e642eca0f5563d36360fed - - default default] No more DHCP agents
2026-05-27 11:06:11.329 9 WARNING neutron.api.rpc.agentnotifiers.dhcp_rpc_agent_api [req-40805ad5-97a7-447e-b294-2d9a7ec63d38 req-e91748b4-6808-495a-82cd-b800b54673fc 1067669bca86482b8a206d3bf42950b7 2dfbf97916e642eca0f5563d36360fed - - default default] Unable to schedule network 08ce0114-6ed1-4898-89c9-69ac4f5887a8: no agents available; will retry on subsequent port and subnet creation events.
2026-05-27 11:06:11.444 10 INFO neutron.db.ovn_revision_numbers_db [None req-0737bc81-5178-4962-80ae-eba897d9f19b c0691106f4444cb7adef7b06bf26702c 790fbbe6b6384654a65bb31eb4bfac6f - - default default] Successfully bumped revision number for resource d968a61c-f5f8-4899-9835-6e524ff9cd9f (type: security_groups) to 1 /var/lib/openstack/lib/python3.10/site-packages/pycadf/identifier.py:71: UserWarning: Invalid uuid: neutron. To ensure interoperability, identifiers should be a valid uuid. warnings.warn(('Invalid uuid: %s. To ensure interoperability, '
2026-05-27 11:06:11.472 10 INFO neutron.db.ovn_revision_numbers_db [None req-0737bc81-5178-4962-80ae-eba897d9f19b c0691106f4444cb7adef7b06bf26702c 790fbbe6b6384654a65bb31eb4bfac6f - - default default] Successfully bumped revision number for resource 0cdca42c-919a-4428-b9d2-26fbb3e67c68 (type: security_group_rules) to 0
2026-05-27 11:06:11.489 10 INFO neutron.db.ovn_revision_numbers_db [None req-0737bc81-5178-4962-80ae-eba897d9f19b c0691106f4444cb7adef7b06bf26702c 790fbbe6b6384654a65bb31eb4bfac6f - - default default] Successfully bumped revision number for resource bfa547bc-752e-4d97-9982-6a0e4ed22d02 (type: security_group_rules) to 0
2026-05-27 11:06:11.505 10 INFO neutron.db.ovn_revision_numbers_db [None req-0737bc81-5178-4962-80ae-eba897d9f19b c0691106f4444cb7adef7b06bf26702c 790fbbe6b6384654a65bb31eb4bfac6f - - default default] Successfully bumped revision number for resource e22b4cbb-100f-44d1-a3cd-88192acc0d45 (type: security_group_rules) to 0
2026-05-27 11:06:11.535 10 INFO neutron.db.ovn_revision_numbers_db [None req-0737bc81-5178-4962-80ae-eba897d9f19b c0691106f4444cb7adef7b06bf26702c 790fbbe6b6384654a65bb31eb4bfac6f - - default default] Successfully bumped revision number for resource e77f49c0-7126-46b2-90f8-c5525acc92fd (type: security_group_rules) to 0
2026-05-27 11:06:11.539 9 INFO neutron.wsgi [req-a1cb1743-572e-4ddf-9cfa-ce778f5dd989 req-93b2f7fb-5b54-4fc0-b370-093c47342f7d 1067669bca86482b8a206d3bf42950b7 2dfbf97916e642eca0f5563d36360fed - - default default] 10.0.0.56 "GET /v2.0/ports?device_id=d3283c44-4bda-4f2a-92df-a9588646b412 HTTP/1.1" status: 200 len: 1160 time: 0.0845151
2026-05-27 11:06:11.594 10 INFO neutron.db.segments_db [None req-0737bc81-5178-4962-80ae-eba897d9f19b c0691106f4444cb7adef7b06bf26702c 790fbbe6b6384654a65bb31eb4bfac6f - - default default] Added segment 6c93a0b2-327e-4300-9524-143a90f32904 of type geneve for network 7ef8c253-7c9f-4530-8623-a96287912c5b
2026-05-27 11:06:11.639 9 INFO neutron.db.ovn_revision_numbers_db [req-4a6384be-3370-454f-aef0-74ec40c9d7c3 req-22bba62d-9fde-49e4-a611-adc2a73dba18 f156e727909243b9870968a868813e0c bd51ec6f0a414299a23fead25be06b7d - - default default] Successfully bumped revision number for resource e617eb50-2bed-432b-b27d-c3ee3b09e23a (type: ports) to 1
2026-05-27 11:06:11.647 9 INFO neutron.wsgi [req-a1cb1743-572e-4ddf-9cfa-ce778f5dd989 req-540879e0-c3cb-4c71-bcb8-2889a8ee2fe2 1067669bca86482b8a206d3bf42950b7 2dfbf97916e642eca0f5563d36360fed - - default default] 10.0.0.56 "GET /v2.0/security-groups?id=9e652103-0ef2-456f-9931-6942cc9184a3&fields=id&fields=name HTTP/1.1" status: 200 len: 312 time: 0.0931001
2026-05-27 11:06:11.654 9 INFO neutron.db.ovn_revision_numbers_db [req-40805ad5-97a7-447e-b294-2d9a7ec63d38 req-e91748b4-6808-495a-82cd-b800b54673fc 1067669bca86482b8a206d3bf42950b7 2dfbf97916e642eca0f5563d36360fed - - default default] Successfully bumped revision number for resource 0b016c4f-8f24-48df-9e8d-b27d213bfa82 (type: ports) to 1
2026-05-27 11:06:11.672 9 INFO neutron.wsgi [req-4a6384be-3370-454f-aef0-74ec40c9d7c3 req-22bba62d-9fde-49e4-a611-adc2a73dba18 f156e727909243b9870968a868813e0c bd51ec6f0a414299a23fead25be06b7d - - default default] 199.204.45.162 "POST /v2.0/ports HTTP/1.1" status: 201 len: 1158 time: 1.0694726
2026-05-27 11:06:11.679 9 INFO neutron.wsgi [req-40805ad5-97a7-447e-b294-2d9a7ec63d38 req-e91748b4-6808-495a-82cd-b800b54673fc 1067669bca86482b8a206d3bf42950b7 2dfbf97916e642eca0f5563d36360fed - - default default] 199.204.45.162 "POST /v2.0/ports HTTP/1.1" status: 201 len: 1162 time: 1.0765510
2026-05-27 11:06:11.685 9 INFO neutron.wsgi [req-4a6384be-3370-454f-aef0-74ec40c9d7c3 req-54504b0f-e566-44bb-908d-94731157aa06 f156e727909243b9870968a868813e0c bd51ec6f0a414299a23fead25be06b7d - - default default] 199.204.45.162 "GET /v2.0/extensions HTTP/1.1" status: 200 len: 18683 time: 0.0054564
2026-05-27 11:06:11.693 9 INFO neutron.wsgi [req-40805ad5-97a7-447e-b294-2d9a7ec63d38 req-311fe733-b1ee-418f-ab7b-e7a8ee6216c5 1067669bca86482b8a206d3bf42950b7 2dfbf97916e642eca0f5563d36360fed - - default default] 199.204.45.162 "GET /v2.0/extensions HTTP/1.1" status: 200 len: 18683 time: 0.0071123
2026-05-27 11:06:11.738 10 INFO neutron.db.ovn_revision_numbers_db [None req-0737bc81-5178-4962-80ae-eba897d9f19b c0691106f4444cb7adef7b06bf26702c 790fbbe6b6384654a65bb31eb4bfac6f - - default default] Successfully bumped revision number for resource 7ef8c253-7c9f-4530-8623-a96287912c5b (type: networks) to 1
2026-05-27 11:06:11.930 10 WARNING neutron.scheduler.dhcp_agent_scheduler [None req-0737bc81-5178-4962-80ae-eba897d9f19b c0691106f4444cb7adef7b06bf26702c 790fbbe6b6384654a65bb31eb4bfac6f - - default default] No more DHCP agents
2026-05-27 11:06:11.932 10 WARNING neutron.api.rpc.agentnotifiers.dhcp_rpc_agent_api [None req-0737bc81-5178-4962-80ae-eba897d9f19b c0691106f4444cb7adef7b06bf26702c 790fbbe6b6384654a65bb31eb4bfac6f - - default default] Unable to schedule network 7ef8c253-7c9f-4530-8623-a96287912c5b: no agents available; will retry on subsequent port and subnet creation events.
2026-05-27 11:06:12.018 10 INFO neutron.db.ovn_revision_numbers_db [None req-0737bc81-5178-4962-80ae-eba897d9f19b c0691106f4444cb7adef7b06bf26702c 790fbbe6b6384654a65bb31eb4bfac6f - - default default] Successfully bumped revision number for resource 2ecfcc59-38bb-48fe-9fe3-a27cb196901b (type: ports) to 1
2026-05-27 11:06:12.042 10 INFO neutron.wsgi [None req-0737bc81-5178-4962-80ae-eba897d9f19b c0691106f4444cb7adef7b06bf26702c 790fbbe6b6384654a65bb31eb4bfac6f - - default default] 10.0.0.84 "POST /v2.0/networks HTTP/1.1" status: 201 len: 947 time: 1.0845027
2026-05-27 11:06:12.190 10 WARNING neutron.scheduler.dhcp_agent_scheduler [None req-5d22c67e-5ddc-4fdb-b660-d55bc00d3ab7 c0691106f4444cb7adef7b06bf26702c 790fbbe6b6384654a65bb31eb4bfac6f - - default default] No more DHCP agents
2026-05-27 11:06:12.191 10 WARNING neutron.api.rpc.agentnotifiers.dhcp_rpc_agent_api [None req-5d22c67e-5ddc-4fdb-b660-d55bc00d3ab7 c0691106f4444cb7adef7b06bf26702c 790fbbe6b6384654a65bb31eb4bfac6f - - default default] Unable to schedule network 7ef8c253-7c9f-4530-8623-a96287912c5b: no agents available; will retry on subsequent port and subnet creation events.
2026-05-27 11:06:12.479 9 INFO neutron.wsgi [req-c196719d-3836-45f5-87a3-61e59975f630 req-961d3544-b6c1-4c11-96cc-7d3ce87c250f f156e727909243b9870968a868813e0c bd51ec6f0a414299a23fead25be06b7d - - default default] 10.0.0.56 "GET /v2.0/ports?device_id=90a47ae7-b981-4a4d-b473-33d40a97455d HTTP/1.1" status: 200 len: 1156 time: 0.2693946
2026-05-27 11:06:12.550 9 INFO neutron.wsgi [req-c196719d-3836-45f5-87a3-61e59975f630 req-8198cf1a-23e5-4ea8-a14a-ec1e70bf717a f156e727909243b9870968a868813e0c bd51ec6f0a414299a23fead25be06b7d - - default default] 10.0.0.56 "GET /v2.0/security-groups?id=e0cda913-6e1c-4f84-a135-2beda8c657bd&fields=id&fields=name HTTP/1.1" status: 200 len: 313 time: 0.0626798
2026-05-27 11:06:12.791 10 INFO neutron.db.ovn_revision_numbers_db [None req-5d22c67e-5ddc-4fdb-b660-d55bc00d3ab7 c0691106f4444cb7adef7b06bf26702c 790fbbe6b6384654a65bb31eb4bfac6f - - default default] Successfully bumped revision number for resource 2ecfcc59-38bb-48fe-9fe3-a27cb196901b (type: ports) to 2
2026-05-27 11:06:12.843 10 INFO neutron.db.ovn_revision_numbers_db [None req-5d22c67e-5ddc-4fdb-b660-d55bc00d3ab7 c0691106f4444cb7adef7b06bf26702c 790fbbe6b6384654a65bb31eb4bfac6f - - default default] Successfully bumped revision number for resource 4bac38e9-f45f-4d8a-9ea3-09efc6f67cca (type: subnets) to 0
2026-05-27 11:06:12.865 10 INFO neutron.wsgi [None req-5d22c67e-5ddc-4fdb-b660-d55bc00d3ab7 c0691106f4444cb7adef7b06bf26702c 790fbbe6b6384654a65bb31eb4bfac6f - - default default] 10.0.0.84 "POST /v2.0/subnets HTTP/1.1" status: 201 len: 867 time: 0.8179281
2026-05-27 11:06:12.905 9 INFO neutron.wsgi [req-a5bc7279-c83a-4510-967a-418044799892 req-b7cb063f-0342-4f53-9f35-0ca601dbc0a7 1067669bca86482b8a206d3bf42950b7 2dfbf97916e642eca0f5563d36360fed - - default default] 10.0.0.56 "GET /v2.0/ports?device_id=d3283c44-4bda-4f2a-92df-a9588646b412 HTTP/1.1" status: 200 len: 1160 time: 0.1835692 /var/lib/openstack/lib/python3.10/site-packages/pycadf/identifier.py:71: UserWarning: Invalid uuid: neutron. To ensure interoperability, identifiers should be a valid uuid. warnings.warn(('Invalid uuid: %s. To ensure interoperability, '
2026-05-27 11:06:13.027 9 INFO neutron.wsgi [req-a5bc7279-c83a-4510-967a-418044799892 req-14029e92-d5cc-411b-92cb-44cefa1dfccb 1067669bca86482b8a206d3bf42950b7 2dfbf97916e642eca0f5563d36360fed - - default default] 10.0.0.56 "GET /v2.0/security-groups?id=9e652103-0ef2-456f-9931-6942cc9184a3&fields=id&fields=name HTTP/1.1" status: 200 len: 312 time: 0.1125202
2026-05-27 11:06:13.112 9 INFO neutron.db.ovn_revision_numbers_db [req-40805ad5-97a7-447e-b294-2d9a7ec63d38 req-16e3ef2d-d593-4aa3-8cd3-43a2a7d94c28 6ad2f9c6bd58468b8972b32735195f49 b40dde6a184a4253b6b0776f9cd0ff14 - - 953328afc94a4e639b890b596b2a54aa 953328afc94a4e639b890b596b2a54aa] Successfully bumped revision number for resource 0b016c4f-8f24-48df-9e8d-b27d213bfa82 (type: ports) to 2
2026-05-27 11:06:13.124 9 INFO neutron.db.ovn_revision_numbers_db [req-4a6384be-3370-454f-aef0-74ec40c9d7c3 req-029bcb4e-02cb-47e1-aa38-cfa937f2bd69 6ad2f9c6bd58468b8972b32735195f49 b40dde6a184a4253b6b0776f9cd0ff14 - - 953328afc94a4e639b890b596b2a54aa 953328afc94a4e639b890b596b2a54aa] Successfully bumped revision number for resource e617eb50-2bed-432b-b27d-c3ee3b09e23a (type: ports) to 2
2026-05-27 11:06:13.397 9 INFO neutron.db.ovn_revision_numbers_db [req-4a6384be-3370-454f-aef0-74ec40c9d7c3 req-029bcb4e-02cb-47e1-aa38-cfa937f2bd69 6ad2f9c6bd58468b8972b32735195f49 b40dde6a184a4253b6b0776f9cd0ff14 - - 953328afc94a4e639b890b596b2a54aa 953328afc94a4e639b890b596b2a54aa] Successfully bumped revision number for resource e617eb50-2bed-432b-b27d-c3ee3b09e23a (type: ports) to 2
2026-05-27 11:06:13.406 9 INFO neutron.db.ovn_revision_numbers_db [req-40805ad5-97a7-447e-b294-2d9a7ec63d38 req-16e3ef2d-d593-4aa3-8cd3-43a2a7d94c28 6ad2f9c6bd58468b8972b32735195f49 b40dde6a184a4253b6b0776f9cd0ff14 - - 953328afc94a4e639b890b596b2a54aa 953328afc94a4e639b890b596b2a54aa] Successfully bumped revision number for resource 0b016c4f-8f24-48df-9e8d-b27d213bfa82 (type: ports) to 2
2026-05-27 11:06:13.417 9 INFO neutron.wsgi [req-4a6384be-3370-454f-aef0-74ec40c9d7c3 req-029bcb4e-02cb-47e1-aa38-cfa937f2bd69 6ad2f9c6bd58468b8972b32735195f49 b40dde6a184a4253b6b0776f9cd0ff14 - - 953328afc94a4e639b890b596b2a54aa 953328afc94a4e639b890b596b2a54aa] 199.204.45.162 "PUT /v2.0/ports/e617eb50-2bed-432b-b27d-c3ee3b09e23a HTTP/1.1" status: 200 len: 1376 time: 1.2971992
2026-05-27 11:06:13.432 9 INFO neutron.wsgi [req-40805ad5-97a7-447e-b294-2d9a7ec63d38 req-16e3ef2d-d593-4aa3-8cd3-43a2a7d94c28 6ad2f9c6bd58468b8972b32735195f49 b40dde6a184a4253b6b0776f9cd0ff14 - - 953328afc94a4e639b890b596b2a54aa 953328afc94a4e639b890b596b2a54aa] 199.204.45.162 "PUT /v2.0/ports/0b016c4f-8f24-48df-9e8d-b27d213bfa82 HTTP/1.1" status: 200 len: 1380 time: 1.3083484 /var/lib/openstack/lib/python3.10/site-packages/pycadf/identifier.py:71: UserWarning: Invalid uuid: neutron. To ensure interoperability, identifiers should be a valid uuid. warnings.warn(('Invalid uuid: %s. To ensure interoperability, '
2026-05-27 11:06:13.545 10 WARNING neutron.scheduler.dhcp_agent_scheduler [None req-0fcefefe-b8e7-4e5c-be81-549d6f325161 c0691106f4444cb7adef7b06bf26702c 790fbbe6b6384654a65bb31eb4bfac6f - - default default] No more DHCP agents
2026-05-27 11:06:13.555 10 WARNING neutron.api.rpc.agentnotifiers.dhcp_rpc_agent_api [None req-0fcefefe-b8e7-4e5c-be81-549d6f325161 c0691106f4444cb7adef7b06bf26702c 790fbbe6b6384654a65bb31eb4bfac6f - - default default] Unable to schedule network 889b54fb-2d9e-49fa-a546-7ad775c9e91b: no agents available; will retry on subsequent port and subnet creation events.
2026-05-27 11:06:13.561 9 INFO neutron.wsgi [req-40805ad5-97a7-447e-b294-2d9a7ec63d38 req-7d539327-04a6-417c-9def-ef25b0ad7cf6 6ad2f9c6bd58468b8972b32735195f49 b40dde6a184a4253b6b0776f9cd0ff14 - - 953328afc94a4e639b890b596b2a54aa 953328afc94a4e639b890b596b2a54aa] 199.204.45.162 "GET /v2.0/ports?tenant_id=2dfbf97916e642eca0f5563d36360fed&device_id=d3283c44-4bda-4f2a-92df-a9588646b412 HTTP/1.1" status: 200 len: 1411 time: 0.0817068
2026-05-27 11:06:13.568 9 INFO neutron.wsgi [req-4a6384be-3370-454f-aef0-74ec40c9d7c3 req-187067a3-f50b-4a95-91e8-b26f9990a5b5 6ad2f9c6bd58468b8972b32735195f49 b40dde6a184a4253b6b0776f9cd0ff14 - - 953328afc94a4e639b890b596b2a54aa 953328afc94a4e639b890b596b2a54aa] 199.204.45.162 "GET /v2.0/ports?tenant_id=bd51ec6f0a414299a23fead25be06b7d&device_id=90a47ae7-b981-4a4d-b473-33d40a97455d HTTP/1.1" status: 200 len: 1407 time: 0.0869153
2026-05-27 11:06:13.606 9 INFO neutron.wsgi [req-40805ad5-97a7-447e-b294-2d9a7ec63d38 req-dbb7d5fd-4993-4423-b801-cb54099a2d59 6ad2f9c6bd58468b8972b32735195f49 b40dde6a184a4253b6b0776f9cd0ff14 - - 953328afc94a4e639b890b596b2a54aa 953328afc94a4e639b890b596b2a54aa] 199.204.45.162 "GET /v2.0/floatingips?fixed_ip_address=10.100.0.12&port_id=0b016c4f-8f24-48df-9e8d-b27d213bfa82 HTTP/1.1" status: 200 len: 217 time: 0.0379722
2026-05-27 11:06:13.625 9 INFO neutron.wsgi [req-4a6384be-3370-454f-aef0-74ec40c9d7c3 req-b84e6d44-d4c8-4286-ab57-7d765320e559 6ad2f9c6bd58468b8972b32735195f49 b40dde6a184a4253b6b0776f9cd0ff14 - - 953328afc94a4e639b890b596b2a54aa 953328afc94a4e639b890b596b2a54aa] 199.204.45.162 "GET /v2.0/floatingips?fixed_ip_address=10.100.0.9&port_id=e617eb50-2bed-432b-b27d-c3ee3b09e23a HTTP/1.1" status: 200 len: 217 time: 0.0497441
2026-05-27 11:06:13.705 10 INFO neutron.db.ovn_revision_numbers_db [None req-9bfca31d-e974-46db-9e27-5cca16ada29e c0691106f4444cb7adef7b06bf26702c 790fbbe6b6384654a65bb31eb4bfac6f - - default default] Successfully bumped revision number for resource 538a4da4-e3f6-4a8c-b547-c5391db48f08 (type: security_groups) to 1
2026-05-27 11:06:13.708 9 INFO neutron.wsgi [req-40805ad5-97a7-447e-b294-2d9a7ec63d38 req-1707e22f-3c03-4bec-954b-51eed7e8f3d7 6ad2f9c6bd58468b8972b32735195f49 b40dde6a184a4253b6b0776f9cd0ff14 - - 953328afc94a4e639b890b596b2a54aa 953328afc94a4e639b890b596b2a54aa] 199.204.45.162 "GET /v2.0/subnets?id=90a4b8a2-c5a8-4686-9427-b8107b0ac5e2 HTTP/1.1" status: 200 len: 872 time: 0.0872591
2026-05-27 11:06:13.719 9 INFO neutron.wsgi [req-4a6384be-3370-454f-aef0-74ec40c9d7c3 req-4b58ebf3-86bd-49f1-8d6b-de50dd40f239 6ad2f9c6bd58468b8972b32735195f49 b40dde6a184a4253b6b0776f9cd0ff14 - - 953328afc94a4e639b890b596b2a54aa 953328afc94a4e639b890b596b2a54aa] 199.204.45.162 "GET /v2.0/subnets?id=f3a3aa76-53b0-4328-8021-0c5c23f88f73 HTTP/1.1" status: 200 len: 869 time: 0.0872715
2026-05-27 11:06:13.723 10 INFO neutron.db.ovn_revision_numbers_db [None req-9bfca31d-e974-46db-9e27-5cca16ada29e c0691106f4444cb7adef7b06bf26702c 790fbbe6b6384654a65bb31eb4bfac6f - - default default] Successfully bumped revision number for resource 24c1777a-ac7d-4f7f-b228-dd05c0e5d1e2 (type: security_group_rules) to 0
2026-05-27 11:06:13.728 10 INFO neutron.db.ovn_revision_numbers_db [None req-0fcefefe-b8e7-4e5c-be81-549d6f325161 c0691106f4444cb7adef7b06bf26702c 790fbbe6b6384654a65bb31eb4bfac6f - - default default] Successfully bumped revision number for resource 2189e989-a565-4192-adb3-a04e24871ece (type: ports) to 1
2026-05-27 11:06:13.755 10 INFO neutron.db.ovn_revision_numbers_db [None req-9bfca31d-e974-46db-9e27-5cca16ada29e c0691106f4444cb7adef7b06bf26702c 790fbbe6b6384654a65bb31eb4bfac6f - - default default] Successfully bumped revision number for resource bb5c164a-fccf-4345-bdda-fdb9f42bd665 (type: security_group_rules) to 0
2026-05-27 11:06:13.779 9 INFO neutron.wsgi [req-4a6384be-3370-454f-aef0-74ec40c9d7c3 req-d2286428-84f2-43ab-ba18-f16f4e447319 6ad2f9c6bd58468b8972b32735195f49 b40dde6a184a4253b6b0776f9cd0ff14 - - 953328afc94a4e639b890b596b2a54aa 953328afc94a4e639b890b596b2a54aa] 199.204.45.162 "GET /v2.0/ports?network_id=dff5079b-f08b-4172-b420-9d043fcf8807&device_owner=network%3Adhcp HTTP/1.1" status: 200 len: 210 time: 0.0509274
2026-05-27 11:06:13.781 9 INFO neutron.wsgi [req-40805ad5-97a7-447e-b294-2d9a7ec63d38 req-821e96ae-82e5-4c83-8c61-39c0e13ce804 6ad2f9c6bd58468b8972b32735195f49 b40dde6a184a4253b6b0776f9cd0ff14 - - 953328afc94a4e639b890b596b2a54aa 953328afc94a4e639b890b596b2a54aa] 199.204.45.162 "GET /v2.0/ports?network_id=08ce0114-6ed1-4898-89c9-69ac4f5887a8&device_owner=network%3Adhcp HTTP/1.1" status: 200 len: 210 time: 0.0612500
2026-05-27 11:06:13.788 10 INFO neutron.db.ovn_revision_numbers_db [None req-9bfca31d-e974-46db-9e27-5cca16ada29e c0691106f4444cb7adef7b06bf26702c 790fbbe6b6384654a65bb31eb4bfac6f - - default default] Successfully bumped revision number for resource cad4bf89-212e-4cd9-8462-e22133380e65 (type: security_group_rules) to 0
2026-05-27 11:06:13.805 10 INFO neutron.db.ovn_revision_numbers_db [None req-9bfca31d-e974-46db-9e27-5cca16ada29e c0691106f4444cb7adef7b06bf26702c 790fbbe6b6384654a65bb31eb4bfac6f - - default default] Successfully bumped revision number for resource e00a052c-6924-4131-9250-658295fdd097 (type: security_group_rules) to 0
2026-05-27 11:06:13.864 9 INFO neutron.wsgi [req-9ca1ac06-573a-471b-97ef-8d99058d60c5 req-fed1af34-6a8d-40c1-b73d-762063ef64a7 f156e727909243b9870968a868813e0c bd51ec6f0a414299a23fead25be06b7d - - default default] 10.0.0.56 "GET /v2.0/ports?device_id=90a47ae7-b981-4a4d-b473-33d40a97455d HTTP/1.1" status: 200 len: 1168 time: 0.2415311
2026-05-27 11:06:13.917 9 INFO neutron.wsgi [req-40805ad5-97a7-447e-b294-2d9a7ec63d38 req-c5f2093f-3ec5-42c8-8f11-cd29141fcce3 6ad2f9c6bd58468b8972b32735195f49 b40dde6a184a4253b6b0776f9cd0ff14 - - 953328afc94a4e639b890b596b2a54aa 953328afc94a4e639b890b596b2a54aa] 199.204.45.162 "GET /v2.0/networks/08ce0114-6ed1-4898-89c9-69ac4f5887a8?fields=segments HTTP/1.1" status: 200 len: 212 time: 0.1258318
2026-05-27 11:06:13.920 9 INFO neutron.wsgi [req-4a6384be-3370-454f-aef0-74ec40c9d7c3 req-003820d7-050f-4f5c-b780-a8e79bd400ef 6ad2f9c6bd58468b8972b32735195f49 b40dde6a184a4253b6b0776f9cd0ff14 - - 953328afc94a4e639b890b596b2a54aa 953328afc94a4e639b890b596b2a54aa] 199.204.45.162 "GET /v2.0/networks/dff5079b-f08b-4172-b420-9d043fcf8807?fields=segments HTTP/1.1" status: 200 len: 212 time: 0.1273668
2026-05-27 11:06:13.948 9 INFO neutron.wsgi [req-9ca1ac06-573a-471b-97ef-8d99058d60c5 req-73785191-39cb-48b5-9aae-1de222600536 f156e727909243b9870968a868813e0c bd51ec6f0a414299a23fead25be06b7d - - default default] 10.0.0.56 "GET /v2.0/security-groups?id=e0cda913-6e1c-4f84-a135-2beda8c657bd&fields=id&fields=name HTTP/1.1" status: 200 len: 313 time: 0.0674744
2026-05-27 11:06:13.980 9 INFO neutron.notifiers.nova [-] Nova event matching ['req-2224ecc6-432f-4273-b93e-778c8f98d758'] response: {'name': 'network-changed', 'server_uuid': '90a47ae7-b981-4a4d-b473-33d40a97455d', 'tag': 'e617eb50-2bed-432b-b27d-c3ee3b09e23a', 'status': 'completed', 'code': 200}
2026-05-27 11:06:13.983 10 INFO neutron.wsgi [None req-9bfca31d-e974-46db-9e27-5cca16ada29e c0691106f4444cb7adef7b06bf26702c 790fbbe6b6384654a65bb31eb4bfac6f - - default default] 10.0.0.84 "GET /v2.0/security-groups?tenant_id=58f29baedc2e424281fb51c5305c5864&name=default HTTP/1.1" status: 200 len: 3120 time: 0.5458732
2026-05-27 11:06:14.015 9 INFO neutron.wsgi [req-4a6384be-3370-454f-aef0-74ec40c9d7c3 req-50602b57-9a88-479c-aaa6-41126444f20d 6ad2f9c6bd58468b8972b32735195f49 b40dde6a184a4253b6b0776f9cd0ff14 - - 953328afc94a4e639b890b596b2a54aa 953328afc94a4e639b890b596b2a54aa] 199.204.45.162 "GET /v2.0/networks/dff5079b-f08b-4172-b420-9d043fcf8807?fields=provider%3Aphysical_network&fields=provider%3Anetwork_type HTTP/1.1" status: 200 len: 277 time: 0.0830324
2026-05-27 11:06:14.021 9 INFO neutron.wsgi [req-40805ad5-97a7-447e-b294-2d9a7ec63d38 req-fddf57cb-6590-487f-9f99-ed759b3fb2be 6ad2f9c6bd58468b8972b32735195f49 b40dde6a184a4253b6b0776f9cd0ff14 - - 953328afc94a4e639b890b596b2a54aa 953328afc94a4e639b890b596b2a54aa] 199.204.45.162 "GET /v2.0/networks/08ce0114-6ed1-4898-89c9-69ac4f5887a8?fields=provider%3Aphysical_network&fields=provider%3Anetwork_type HTTP/1.1" status: 200 len: 277 time: 0.0915761
2026-05-27 11:06:14.117 9 INFO neutron.wsgi [req-8612ea3a-3415-461a-abab-818c98fcf0e4 req-a306959b-395d-4005-9aca-ca4343890c05 6ad2f9c6bd58468b8972b32735195f49 b40dde6a184a4253b6b0776f9cd0ff14 - - 953328afc94a4e639b890b596b2a54aa 953328afc94a4e639b890b596b2a54aa] 199.204.45.162 "GET /v2.0/ports?tenant_id=bd51ec6f0a414299a23fead25be06b7d&device_id=90a47ae7-b981-4a4d-b473-33d40a97455d HTTP/1.1" status: 200 len: 1407 time: 0.0537548
2026-05-27 11:06:14.166 9 INFO neutron.wsgi [req-a2fb5860-aa2b-47c2-bf23-76ba646818b7 req-7928a18c-c00b-4cf4-b863-7550f130ff92 1067669bca86482b8a206d3bf42950b7 2dfbf97916e642eca0f5563d36360fed - - default default] 10.0.0.56 "GET /v2.0/ports?device_id=d3283c44-4bda-4f2a-92df-a9588646b412 HTTP/1.1" status: 200 len: 1172 time: 0.0486350
2026-05-27 11:06:14.224 9 INFO neutron.wsgi [req-a2fb5860-aa2b-47c2-bf23-76ba646818b7 req-3c8e7551-f7d5-478d-9c3a-e143a185a023 1067669bca86482b8a206d3bf42950b7 2dfbf97916e642eca0f5563d36360fed - - default default] 10.0.0.56 "GET /v2.0/security-groups?id=9e652103-0ef2-456f-9931-6942cc9184a3&fields=id&fields=name HTTP/1.1" status: 200 len: 312 time: 0.0472322
2026-05-27 11:06:14.317 9 INFO neutron.wsgi [req-8612ea3a-3415-461a-abab-818c98fcf0e4 req-8cccd9fb-39e8-4f80-ba7c-6b1db72040c4 6ad2f9c6bd58468b8972b32735195f49 b40dde6a184a4253b6b0776f9cd0ff14 - - 953328afc94a4e639b890b596b2a54aa 953328afc94a4e639b890b596b2a54aa] 199.204.45.162 "GET /v2.0/networks?id=dff5079b-f08b-4172-b420-9d043fcf8807 HTTP/1.1" status: 200 len: 974 time: 0.0654271
2026-05-27 11:06:14.335 10 INFO neutron.wsgi [None req-26a18333-0642-4873-af57-0ca798d7a030 c0691106f4444cb7adef7b06bf26702c 790fbbe6b6384654a65bb31eb4bfac6f - - default default] 10.0.0.84 "DELETE /v2.0/security-groups/538a4da4-e3f6-4a8c-b547-c5391db48f08 HTTP/1.1" status: 204 len: 168 time: 0.3451967
2026-05-27 11:06:14.370 9 INFO neutron.wsgi [req-8612ea3a-3415-461a-abab-818c98fcf0e4 req-82c43002-f9fb-47f8-bb6e-684df826c51d 6ad2f9c6bd58468b8972b32735195f49 b40dde6a184a4253b6b0776f9cd0ff14 - - 953328afc94a4e639b890b596b2a54aa 953328afc94a4e639b890b596b2a54aa] 199.204.45.162 "GET /v2.0/floatingips?fixed_ip_address=10.100.0.9&port_id=e617eb50-2bed-432b-b27d-c3ee3b09e23a HTTP/1.1" status: 200 len: 217 time: 0.0261879
2026-05-27 11:06:14.410 9 INFO neutron.wsgi [req-8612ea3a-3415-461a-abab-818c98fcf0e4 req-9a89670d-bf4e-4b18-80ed-f645116793b0 6ad2f9c6bd58468b8972b32735195f49 b40dde6a184a4253b6b0776f9cd0ff14 - - 953328afc94a4e639b890b596b2a54aa 953328afc94a4e639b890b596b2a54aa] 199.204.45.162 "GET /v2.0/subnets?id=f3a3aa76-53b0-4328-8021-0c5c23f88f73 HTTP/1.1" status: 200 len: 869 time: 0.0326712
2026-05-27 11:06:14.448 9 INFO neutron.wsgi [req-8612ea3a-3415-461a-abab-818c98fcf0e4 req-daef7b7a-b300-4bec-b00e-b15c393165fa 6ad2f9c6bd58468b8972b32735195f49 b40dde6a184a4253b6b0776f9cd0ff14 - - 953328afc94a4e639b890b596b2a54aa 953328afc94a4e639b890b596b2a54aa] 199.204.45.162 "GET /v2.0/ports?network_id=dff5079b-f08b-4172-b420-9d043fcf8807&device_owner=network%3Adhcp HTTP/1.1" status: 200 len: 210 time: 0.0312777
2026-05-27 11:06:14.516 9 INFO neutron.wsgi [req-8612ea3a-3415-461a-abab-818c98fcf0e4 req-acbe6383-bae3-4c63-8137-95cfbca6f6b3 6ad2f9c6bd58468b8972b32735195f49 b40dde6a184a4253b6b0776f9cd0ff14 - - 953328afc94a4e639b890b596b2a54aa 953328afc94a4e639b890b596b2a54aa] 199.204.45.162 "GET /v2.0/networks/dff5079b-f08b-4172-b420-9d043fcf8807?fields=segments HTTP/1.1" status: 200 len: 212 time: 0.0627437
2026-05-27 11:06:14.578 9 INFO neutron.wsgi [req-8612ea3a-3415-461a-abab-818c98fcf0e4 req-effbba2c-ffb3-4414-9f38-9e2ce07cabff 6ad2f9c6bd58468b8972b32735195f49 b40dde6a184a4253b6b0776f9cd0ff14 - - 953328afc94a4e639b890b596b2a54aa 953328afc94a4e639b890b596b2a54aa] 199.204.45.162 "GET /v2.0/networks/dff5079b-f08b-4172-b420-9d043fcf8807?fields=provider%3Aphysical_network&fields=provider%3Anetwork_type HTTP/1.1" status: 200 len: 277 time: 0.0550096
2026-05-27 11:06:14.595 10 INFO neutron.plugins.ml2.drivers.ovn.mech_driver.ovsdb.commands [None req-175e2eae-dcfb-464b-996d-63bd75074605 - - - - - -] Schedule LRP lrp-2189e989-a565-4192-adb3-a04e24871ece on gateway 48f831bc-71ac-432d-a82d-4d8b8361e013 with priority 1
2026-05-27 11:06:14.604 10 INFO neutron.plugins.ml2.drivers.ovn.mech_driver.mech_driver [None req-f0e4303d-c993-4742-80bd-99375a17e647 - - - - - -] OVN reports status up for port: 2189e989-a565-4192-adb3-a04e24871ece
2026-05-27 11:06:14.628 10 INFO neutron.plugins.ml2.drivers.ovn.mech_driver.ovsdb.ovsdb_monitor [None req-5fa43fb0-42b9-4f88-96cc-5f39144a9cea - - - - - -] Router 34be48e5-2d48-45bb-9f32-68541c5de882 is bound to host instance
2026-05-27 11:06:14.634 10 INFO neutron.plugins.ml2.plugin [None req-f0e4303d-c993-4742-80bd-99375a17e647 - - - - - -] Attempt 1 to provision port 2189e989-a565-4192-adb3-a04e24871ece
2026-05-27 11:06:14.686 10 INFO neutron.db.ovn_revision_numbers_db [None req-0fcefefe-b8e7-4e5c-be81-549d6f325161 c0691106f4444cb7adef7b06bf26702c 790fbbe6b6384654a65bb31eb4bfac6f - - default default] Successfully bumped revision number for resource 2189e989-a565-4192-adb3-a04e24871ece (type: router_ports) to 1
2026-05-27 11:06:14.844 10 INFO neutron.db.ovn_revision_numbers_db [None req-0fcefefe-b8e7-4e5c-be81-549d6f325161 c0691106f4444cb7adef7b06bf26702c 790fbbe6b6384654a65bb31eb4bfac6f - - default default] Successfully bumped revision number for resource 34be48e5-2d48-45bb-9f32-68541c5de882 (type: routers) to 2
2026-05-27 11:06:14.864 10 INFO neutron.wsgi [None req-0fcefefe-b8e7-4e5c-be81-549d6f325161 c0691106f4444cb7adef7b06bf26702c 790fbbe6b6384654a65bb31eb4bfac6f - - default default] 10.0.0.84 "POST /v2.0/routers HTTP/1.1" status: 201 len: 1169 time: 1.9913745
2026-05-27 11:06:15.194 9 INFO neutron.wsgi [req-c2a3d763-d93b-4670-a376-5614710f2b59 req-d666283b-b9fb-4b25-bba4-0cae281b2fa7 f156e727909243b9870968a868813e0c bd51ec6f0a414299a23fead25be06b7d - - default default] 10.0.0.56 "GET /v2.0/ports?device_id=90a47ae7-b981-4a4d-b473-33d40a97455d HTTP/1.1" status: 200 len: 1168 time: 0.0584762
2026-05-27 11:06:15.256 9 INFO neutron.wsgi [req-c2a3d763-d93b-4670-a376-5614710f2b59 req-ae6f4acd-42cf-409a-8b9b-b1dc9f3a7a30 f156e727909243b9870968a868813e0c bd51ec6f0a414299a23fead25be06b7d - - default default] 10.0.0.56 "GET /v2.0/security-groups?id=e0cda913-6e1c-4f84-a135-2beda8c657bd&fields=id&fields=name HTTP/1.1" status: 200 len: 313 time: 0.0531852
2026-05-27 11:06:15.371 9 INFO neutron.wsgi [req-9a9cca43-76a8-4d9e-bdcd-ece279897a11 req-8f9f6c3e-85ca-4c52-8ac9-6b1729c4dab7 1067669bca86482b8a206d3bf42950b7 2dfbf97916e642eca0f5563d36360fed - - default default] 10.0.0.56 "GET /v2.0/ports?device_id=d3283c44-4bda-4f2a-92df-a9588646b412 HTTP/1.1" status: 200 len: 1172 time: 0.0564926
2026-05-27 11:06:15.442 9 INFO neutron.wsgi [req-9a9cca43-76a8-4d9e-bdcd-ece279897a11 req-6504de42-d804-45fe-9151-a3642f1f3caf 1067669bca86482b8a206d3bf42950b7 2dfbf97916e642eca0f5563d36360fed - - default default] 10.0.0.56 "GET /v2.0/security-groups?id=9e652103-0ef2-456f-9931-6942cc9184a3&fields=id&fields=name HTTP/1.1" status: 200 len: 312 time: 0.0617130
2026-05-27 11:06:15.476 10 INFO neutron.db.ovn_revision_numbers_db [None req-5fa43fb0-42b9-4f88-96cc-5f39144a9cea - - - - - -] Successfully bumped revision number for resource 2189e989-a565-4192-adb3-a04e24871ece (type: ports) to 1
2026-05-27 11:06:15.639 9 WARNING neutron.scheduler.dhcp_agent_scheduler [None req-bca839eb-7b49-4d56-ae71-246ba6d6a609 c0691106f4444cb7adef7b06bf26702c 790fbbe6b6384654a65bb31eb4bfac6f - - default default] No more DHCP agents
2026-05-27 11:06:15.641 9 WARNING neutron.api.rpc.agentnotifiers.dhcp_rpc_agent_api [None req-bca839eb-7b49-4d56-ae71-246ba6d6a609 c0691106f4444cb7adef7b06bf26702c 790fbbe6b6384654a65bb31eb4bfac6f - - default default] Unable to schedule network 7ef8c253-7c9f-4530-8623-a96287912c5b: no agents available; will retry on subsequent port and subnet creation events.
2026-05-27 11:06:15.780 9 INFO neutron.db.ovn_revision_numbers_db [None req-bca839eb-7b49-4d56-ae71-246ba6d6a609 c0691106f4444cb7adef7b06bf26702c 790fbbe6b6384654a65bb31eb4bfac6f - - default default] Successfully bumped revision number for resource bcd55354-8c00-47ef-ab6e-468d9415e8c3 (type: ports) to 1
2026-05-27 11:06:16.014 9 INFO neutron.notifiers.nova [-] Nova event matching ['req-c25b107f-2fe6-4598-9f5e-01df0c1f9ed9'] response: {'name': 'network-changed', 'server_uuid': 'd3283c44-4bda-4f2a-92df-a9588646b412', 'tag': '0b016c4f-8f24-48df-9e8d-b27d213bfa82', 'status': 'completed', 'code': 200}
2026-05-27 11:06:16.062 10 INFO neutron.db.ovn_revision_numbers_db [None req-5fa43fb0-42b9-4f88-96cc-5f39144a9cea - - - - - -] Successfully bumped revision number for resource 2189e989-a565-4192-adb3-a04e24871ece (type: router_ports) to 3
2026-05-27 11:06:16.107 9 INFO neutron.wsgi [req-fbafa397-17c4-4167-8f64-8317397ddd47 req-af51ab5d-7ce8-4dad-b26e-e3b32192313c 6ad2f9c6bd58468b8972b32735195f49 b40dde6a184a4253b6b0776f9cd0ff14 - - 953328afc94a4e639b890b596b2a54aa 953328afc94a4e639b890b596b2a54aa] 199.204.45.162 "GET /v2.0/ports?tenant_id=2dfbf97916e642eca0f5563d36360fed&device_id=d3283c44-4bda-4f2a-92df-a9588646b412 HTTP/1.1" status: 200 len: 1411 time: 0.0510798
2026-05-27 11:06:16.184 9 INFO neutron.wsgi [req-fbafa397-17c4-4167-8f64-8317397ddd47 req-63fd0103-d6ce-4fc8-ac63-fb74631ba451 6ad2f9c6bd58468b8972b32735195f49 b40dde6a184a4253b6b0776f9cd0ff14 - - 953328afc94a4e639b890b596b2a54aa 953328afc94a4e639b890b596b2a54aa] 199.204.45.162 "GET /v2.0/networks?id=08ce0114-6ed1-4898-89c9-69ac4f5887a8 HTTP/1.1" status: 200 len: 977 time: 0.0720403
2026-05-27 11:06:16.239 9 INFO neutron.wsgi [req-fbafa397-17c4-4167-8f64-8317397ddd47 req-7f50eb13-017a-44df-bbd3-cbf5c22ab4f7 6ad2f9c6bd58468b8972b32735195f49 b40dde6a184a4253b6b0776f9cd0ff14 - - 953328afc94a4e639b890b596b2a54aa 953328afc94a4e639b890b596b2a54aa] 199.204.45.162 "GET /v2.0/floatingips?fixed_ip_address=10.100.0.12&port_id=0b016c4f-8f24-48df-9e8d-b27d213bfa82 HTTP/1.1" status: 200 len: 217 time: 0.0433428
2026-05-27 11:06:16.292 9 INFO neutron.wsgi [req-fbafa397-17c4-4167-8f64-8317397ddd47 req-32f37d5b-7ef0-4784-bbec-f434575257c5 6ad2f9c6bd58468b8972b32735195f49 b40dde6a184a4253b6b0776f9cd0ff14 - - 953328afc94a4e639b890b596b2a54aa 953328afc94a4e639b890b596b2a54aa] 199.204.45.162 "GET /v2.0/subnets?id=90a4b8a2-c5a8-4686-9427-b8107b0ac5e2 HTTP/1.1" status: 200 len: 872 time: 0.0468657
2026-05-27 11:06:16.358 9 INFO neutron.wsgi [req-fbafa397-17c4-4167-8f64-8317397ddd47 req-66b9effd-54ec-4373-bc55-d9c3adcfb625 6ad2f9c6bd58468b8972b32735195f49 b40dde6a184a4253b6b0776f9cd0ff14 - - 953328afc94a4e639b890b596b2a54aa 953328afc94a4e639b890b596b2a54aa] 199.204.45.162 "GET /v2.0/ports?network_id=08ce0114-6ed1-4898-89c9-69ac4f5887a8&device_owner=network%3Adhcp HTTP/1.1" status: 200 len: 210 time: 0.0533915
2026-05-27 11:06:16.382 9 INFO neutron.plugins.ml2.drivers.ovn.mech_driver.mech_driver [None req-ee35cc8e-2494-4aec-bb7d-18c8763f3d77 - - - - - -] OVN reports status up for port: e617eb50-2bed-432b-b27d-c3ee3b09e23a
2026-05-27 11:06:16.421 10 INFO neutron.db.ovn_revision_numbers_db [None req-5fa43fb0-42b9-4f88-96cc-5f39144a9cea - - - - - -] Successfully bumped revision number for resource 2189e989-a565-4192-adb3-a04e24871ece (type: ports) to 2
2026-05-27 11:06:16.454 9 INFO neutron.plugins.ml2.plugin [None req-ee35cc8e-2494-4aec-bb7d-18c8763f3d77 - - - - - -] Attempt 1 to provision port e617eb50-2bed-432b-b27d-c3ee3b09e23a
