2026-05-27 11:07:25.514 9 INFO neutron.wsgi [req-4866989a-ed72-4f13-be39-2a19bacdae7c req-0233c513-7f00-4de2-9560-1abf8b3613c0 6ad2f9c6bd58468b8972b32735195f49 b40dde6a184a4253b6b0776f9cd0ff14 - - 953328afc94a4e639b890b596b2a54aa 953328afc94a4e639b890b596b2a54aa] 199.204.45.162 "GET /v2.0/networks/e99886b6-2886-466f-945d-fd77077f6722?fields=provider%3Aphysical_network&fields=provider%3Anetwork_type HTTP/1.1" status: 200 len: 277 time: 0.1035399
2026-05-27 11:07:25.549 9 INFO neutron.db.ovn_revision_numbers_db [None req-a56d5eef-09e1-4024-80fc-b3ad5262c3b9 c0691106f4444cb7adef7b06bf26702c 790fbbe6b6384654a65bb31eb4bfac6f - - default default] Successfully bumped revision number for resource a9141722-7c77-4109-a649-cd15777622c3 (type: subnets) to 0
2026-05-27 11:07:25.587 9 INFO neutron.wsgi [None req-a56d5eef-09e1-4024-80fc-b3ad5262c3b9 c0691106f4444cb7adef7b06bf26702c 790fbbe6b6384654a65bb31eb4bfac6f - - default default] 10.0.0.84 "POST /v2.0/subnets HTTP/1.1" status: 201 len: 867 time: 1.6379950
2026-05-27 11:07:25.645 9 INFO neutron.wsgi [None req-b97bc9e1-2bcf-412b-b388-4f1ad0845a6b 9ebeae19060a4f3da720bd1b83b12641 b8719dd035514b4c936faa2effb72fc5 - - default default] 10.0.0.84 "PUT /v2.0/routers/41eb013b-db8f-4999-a947-c8a9cff2f8e4/remove_router_interface HTTP/1.1" status: 200 len: 503 time: 1.3246188 /var/lib/openstack/lib/python3.10/site-packages/pycadf/identifier.py:71: UserWarning: Invalid uuid: neutron. To ensure interoperability, identifiers should be a valid uuid. warnings.warn(('Invalid uuid: %s. To ensure interoperability, '
2026-05-27 11:07:25.672 9 INFO neutron.wsgi [None req-36d38752-9e36-4200-a561-0dc33cc0fe31 9ebeae19060a4f3da720bd1b83b12641 b8719dd035514b4c936faa2effb72fc5 - - default default] 10.0.0.84 "GET /v2.0/ports?device_id=41eb013b-db8f-4999-a947-c8a9cff2f8e4 HTTP/1.1" status: 200 len: 205 time: 0.0231140
2026-05-27 11:07:25.936 9 INFO neutron.wsgi [None req-d1c2b742-5d1f-487d-a2c9-e34bbde9727b 9ebeae19060a4f3da720bd1b83b12641 b8719dd035514b4c936faa2effb72fc5 - - default default] 10.0.0.84 "DELETE /v2.0/routers/41eb013b-db8f-4999-a947-c8a9cff2f8e4 HTTP/1.1" status: 204 len: 168 time: 0.2571254
2026-05-27 11:07:26.120 9 INFO neutron.wsgi [None req-5ae4e150-efb7-4cb7-ad91-173dd3d620fd 9ebeae19060a4f3da720bd1b83b12641 b8719dd035514b4c936faa2effb72fc5 - - default default] 10.0.0.84 "DELETE /v2.0/subnets/ff7c8fb9-9e6b-4d19-aae8-1a2ddd405fc2 HTTP/1.1" status: 204 len: 168 time: 0.1775036
2026-05-27 11:07:26.140 10 WARNING neutron.scheduler.dhcp_agent_scheduler [None req-b8fc0bd6-8654-4188-8761-184d681fad3e c0691106f4444cb7adef7b06bf26702c 790fbbe6b6384654a65bb31eb4bfac6f - - default default] No more DHCP agents
2026-05-27 11:07:26.142 10 WARNING neutron.api.rpc.agentnotifiers.dhcp_rpc_agent_api [None req-b8fc0bd6-8654-4188-8761-184d681fad3e c0691106f4444cb7adef7b06bf26702c 790fbbe6b6384654a65bb31eb4bfac6f - - default default] Unable to schedule network 889b54fb-2d9e-49fa-a546-7ad775c9e91b: no agents available; will retry on subsequent port and subnet creation events.
2026-05-27 11:07:26.322 10 INFO neutron.db.ovn_revision_numbers_db [None req-b8fc0bd6-8654-4188-8761-184d681fad3e c0691106f4444cb7adef7b06bf26702c 790fbbe6b6384654a65bb31eb4bfac6f - - default default] Successfully bumped revision number for resource 8348ed75-fb89-4dfe-bd10-f57f064d522e (type: ports) to 1
2026-05-27 11:07:26.515 9 INFO neutron.services.segments.plugin [-] Segment 22e466d1-1129-42fa-b922-a6ac9301aa3d resource provider aggregate not found
2026-05-27 11:07:26.523 9 INFO neutron.services.segments.plugin [-] Segment 22e466d1-1129-42fa-b922-a6ac9301aa3d resource provider aggregate not found
2026-05-27 11:07:26.531 9 INFO neutron.services.segments.plugin [-] Segment 22e466d1-1129-42fa-b922-a6ac9301aa3d resource provider not found; error: Placement Client Error (4xx): {"errors": [{"status": 404, "title": "Not Found", "detail": "The resource could not be found.\n\n No resource provider with uuid 22e466d1-1129-42fa-b922-a6ac9301aa3d found for delete ", "request_id": "req-df57ff89-ee29-4d9e-b044-6aac6ef93673"}]}
2026-05-27 11:07:26.542 9 INFO neutron.services.segments.plugin [-] Segment 22e466d1-1129-42fa-b922-a6ac9301aa3d resource provider not found; error: Placement Client Error (4xx): {"errors": [{"status": 404, "title": "Not Found", "detail": "The resource could not be found.\n\n No resource provider with uuid 22e466d1-1129-42fa-b922-a6ac9301aa3d found for delete ", "request_id": "req-d05699ad-a0cd-46a3-8ce5-94268c6c7454"}]}
2026-05-27 11:07:26.567 9 INFO neutron.wsgi [None req-f6a8d129-f4b2-434b-98ab-c8a15c61fc39 9ebeae19060a4f3da720bd1b83b12641 b8719dd035514b4c936faa2effb72fc5 - - default default] 10.0.0.84 "DELETE /v2.0/networks/590d0680-cb96-4a79-823b-d2482af4bf8d HTTP/1.1" status: 204 len: 168 time: 0.4432466
2026-05-27 11:07:26.582 9 WARNING neutron_lib.context [None req-014d0cae-5821-4f71-a884-43555b2f79ea 9ebeae19060a4f3da720bd1b83b12641 b8719dd035514b4c936faa2effb72fc5 - - default default] Method 'is_advsvc' is deprecated since 2023.2 release (neutron-lib 3.8.0) and will be removed once support for the old RBAC API policies will be removed from Neutron. Please use method 'is_service_role' instead.
2026-05-27 11:07:27.094 10 INFO neutron.plugins.ml2.drivers.ovn.mech_driver.ovsdb.commands [None req-175e2eae-dcfb-464b-996d-63bd75074605 - - - - - -] Schedule LRP lrp-8348ed75-fb89-4dfe-bd10-f57f064d522e on gateway 48f831bc-71ac-432d-a82d-4d8b8361e013 with priority 1
2026-05-27 11:07:27.125 9 INFO neutron.plugins.ml2.drivers.ovn.mech_driver.mech_driver [None req-ee35cc8e-2494-4aec-bb7d-18c8763f3d77 - - - - - -] OVN reports status up for port: 8348ed75-fb89-4dfe-bd10-f57f064d522e
2026-05-27 11:07:27.130 9 INFO neutron.plugins.ml2.drivers.ovn.mech_driver.ovsdb.ovsdb_monitor [None req-b9fe7c78-f113-4369-9f33-23cd55a53877 - - - - - -] Router c8e84141-2c20-4f9f-8df2-304c7b9f3c2d is bound to host instance
2026-05-27 11:07:27.145 9 INFO neutron.plugins.ml2.plugin [None req-ee35cc8e-2494-4aec-bb7d-18c8763f3d77 - - - - - -] Attempt 1 to provision port 8348ed75-fb89-4dfe-bd10-f57f064d522e
2026-05-27 11:07:27.162 10 INFO neutron.db.ovn_revision_numbers_db [None req-b8fc0bd6-8654-4188-8761-184d681fad3e c0691106f4444cb7adef7b06bf26702c 790fbbe6b6384654a65bb31eb4bfac6f - - default default] Successfully bumped revision number for resource 8348ed75-fb89-4dfe-bd10-f57f064d522e (type: router_ports) to 1
2026-05-27 11:07:27.219 9 WARNING neutron.scheduler.dhcp_agent_scheduler [None req-014d0cae-5821-4f71-a884-43555b2f79ea 9ebeae19060a4f3da720bd1b83b12641 b8719dd035514b4c936faa2effb72fc5 - - default default] No more DHCP agents
2026-05-27 11:07:27.227 9 WARNING neutron.api.rpc.agentnotifiers.dhcp_rpc_agent_api [None req-014d0cae-5821-4f71-a884-43555b2f79ea 9ebeae19060a4f3da720bd1b83b12641 b8719dd035514b4c936faa2effb72fc5 - - default default] Unable to schedule network 889b54fb-2d9e-49fa-a546-7ad775c9e91b: no agents available; will retry on subsequent port and subnet creation events.
2026-05-27 11:07:27.304 10 INFO neutron.db.ovn_revision_numbers_db [None req-b8fc0bd6-8654-4188-8761-184d681fad3e c0691106f4444cb7adef7b06bf26702c 790fbbe6b6384654a65bb31eb4bfac6f - - default default] Successfully bumped revision number for resource c8e84141-2c20-4f9f-8df2-304c7b9f3c2d (type: routers) to 2
2026-05-27 11:07:27.321 10 INFO neutron.wsgi [None req-b8fc0bd6-8654-4188-8761-184d681fad3e c0691106f4444cb7adef7b06bf26702c 790fbbe6b6384654a65bb31eb4bfac6f - - default default] 10.0.0.84 "POST /v2.0/routers HTTP/1.1" status: 201 len: 1169 time: 1.7271168
2026-05-27 11:07:27.493 9 INFO neutron.db.ovn_revision_numbers_db [None req-014d0cae-5821-4f71-a884-43555b2f79ea 9ebeae19060a4f3da720bd1b83b12641 b8719dd035514b4c936faa2effb72fc5 - - default default] Successfully bumped revision number for resource fc43cf69-c4fe-4d48-9af8-95ac0b688c4b (type: ports) to 1
2026-05-27 11:07:27.855 10 WARNING neutron.scheduler.dhcp_agent_scheduler [None req-cfaaad64-7a07-44a9-9bda-232b2f3b0059 c0691106f4444cb7adef7b06bf26702c 790fbbe6b6384654a65bb31eb4bfac6f - - default default] No more DHCP agents
2026-05-27 11:07:27.857 10 WARNING neutron.api.rpc.agentnotifiers.dhcp_rpc_agent_api [None req-cfaaad64-7a07-44a9-9bda-232b2f3b0059 c0691106f4444cb7adef7b06bf26702c 790fbbe6b6384654a65bb31eb4bfac6f - - default default] Unable to schedule network 5e19dcc3-274f-47a3-9b1b-5a2ce10eb0ed: no agents available; will retry on subsequent port and subnet creation events.
2026-05-27 11:07:28.029 10 INFO neutron.db.ovn_revision_numbers_db [None req-cfaaad64-7a07-44a9-9bda-232b2f3b0059 c0691106f4444cb7adef7b06bf26702c 790fbbe6b6384654a65bb31eb4bfac6f - - default default] Successfully bumped revision number for resource e9fceceb-b529-49e1-9168-ec03ad4b575e (type: ports) to 1
2026-05-27 11:07:28.517 9 INFO neutron.db.ovn_revision_numbers_db [None req-b9fe7c78-f113-4369-9f33-23cd55a53877 - - - - - -] Successfully bumped revision number for resource 8348ed75-fb89-4dfe-bd10-f57f064d522e (type: ports) to 1
2026-05-27 11:07:28.636 9 INFO neutron.plugins.ml2.drivers.ovn.mech_driver.ovsdb.commands [None req-bf5d6d2d-0946-41cc-957f-e77579c016fd - - - - - -] Schedule LRP lrp-fc43cf69-c4fe-4d48-9af8-95ac0b688c4b on gateway 48f831bc-71ac-432d-a82d-4d8b8361e013 with priority 1
2026-05-27 11:07:28.697 9 INFO neutron.db.ovn_revision_numbers_db [None req-014d0cae-5821-4f71-a884-43555b2f79ea 9ebeae19060a4f3da720bd1b83b12641 b8719dd035514b4c936faa2effb72fc5 - - default default] Successfully bumped revision number for resource fc43cf69-c4fe-4d48-9af8-95ac0b688c4b (type: router_ports) to 1
2026-05-27 11:07:28.799 10 ERROR ovsdbapp.backend.ovs_idl.command [None req-cfaaad64-7a07-44a9-9bda-232b2f3b0059 c0691106f4444cb7adef7b06bf26702c 790fbbe6b6384654a65bb31eb4bfac6f - - default default] Error executing command (DbGetCommand): ovsdbapp.backend.ovs_idl.idlutils.RowNotFound: Cannot find Logical_Router_Port with name=lrp-e9fceceb-b529-49e1-9168-ec03ad4b575e
2026-05-27 11:07:28.799 10 ERROR ovsdbapp.backend.ovs_idl.command
Traceback (most recent call last):
2026-05-27 11:07:28.799 10 ERROR ovsdbapp.backend.ovs_idl.command
File "/var/lib/openstack/lib/python3.10/site-packages/ovsdbapp/backend/ovs_idl/command.py", line 47, in execute
2026-05-27 11:07:28.799 10 ERROR ovsdbapp.backend.ovs_idl.command self.run_idl(None)
2026-05-27 11:07:28.799 10 ERROR ovsdbapp.backend.ovs_idl.command
File "/var/lib/openstack/lib/python3.10/site-packages/ovsdbapp/backend/ovs_idl/command.py", line 235, in run_idl
2026-05-27 11:07:28.799 10 ERROR ovsdbapp.backend.ovs_idl.command record = self.api.lookup(self.table, self.record)
2026-05-27 11:07:28.799 10 ERROR ovsdbapp.backend.ovs_idl.command
File "/var/lib/openstack/lib/python3.10/site-packages/ovsdbapp/backend/ovs_idl/__init__.py", line 184, in lookup
2026-05-27 11:07:28.799 10 ERROR ovsdbapp.backend.ovs_idl.command return self._lookup(table, record)
2026-05-27 11:07:28.799 10 ERROR ovsdbapp.backend.ovs_idl.command
File "/var/lib/openstack/lib/python3.10/site-packages/ovsdbapp/backend/ovs_idl/__init__.py", line 235, in _lookup
2026-05-27 11:07:28.799 10 ERROR ovsdbapp.backend.ovs_idl.command row = idlutils.row_by_value(self, rl.table, rl.column, record)
2026-05-27 11:07:28.799 10 ERROR ovsdbapp.backend.ovs_idl.command
File "/var/lib/openstack/lib/python3.10/site-packages/ovsdbapp/backend/ovs_idl/idlutils.py", line 114, in row_by_value
2026-05-27 11:07:28.799 10 ERROR ovsdbapp.backend.ovs_idl.command raise RowNotFound(table=table, col=column, match=match)
2026-05-27 11:07:28.799 10 ERROR ovsdbapp.backend.ovs_idl.command ovsdbapp.backend.ovs_idl.idlutils.RowNotFound: Cannot find Logical_Router_Port with name=lrp-e9fceceb-b529-49e1-9168-ec03ad4b575e
2026-05-27 11:07:28.799 10 ERROR ovsdbapp.backend.ovs_idl.command 
2026-05-27 11:07:28.800 10 ERROR neutron_lib.callbacks.manager [None req-cfaaad64-7a07-44a9-9bda-232b2f3b0059 c0691106f4444cb7adef7b06bf26702c 790fbbe6b6384654a65bb31eb4bfac6f - - default default] Error during notification for neutron.services.ovn_l3.plugin.OVNL3RouterPlugin._port_update-8782775636719 port, after_update: ovsdbapp.backend.ovs_idl.idlutils.RowNotFound: Cannot find Logical_Router_Port with name=lrp-e9fceceb-b529-49e1-9168-ec03ad4b575e
2026-05-27 11:07:28.800 10 ERROR neutron_lib.callbacks.manager
Traceback (most recent call last):
2026-05-27 11:07:28.800 10 ERROR neutron_lib.callbacks.manager
File "/var/lib/openstack/lib/python3.10/site-packages/neutron_lib/callbacks/manager.py", line 189, in _notify_loop
2026-05-27 11:07:28.800 10 ERROR neutron_lib.callbacks.manager callback.method(resource, event, trigger, payload=payload)
2026-05-27 11:07:28.800 10 ERROR neutron_lib.callbacks.manager
File "/var/lib/openstack/lib/python3.10/site-packages/neutron/services/ovn_l3/plugin.py", line 391, in _port_update
2026-05-27 11:07:28.800 10 ERROR neutron_lib.callbacks.manager l3plugin._ovn_client.update_router_port(context,
2026-05-27 11:07:28.800 10 ERROR neutron_lib.callbacks.manager
File "/var/lib/openstack/lib/python3.10/site-packages/neutron/plugins/ml2/drivers/ovn/mech_driver/ovsdb/ovn_client.py", line 1878, in update_router_port
2026-05-27 11:07:28.800 10 ERROR neutron_lib.callbacks.manager self._update_lrouter_port(context, port, if_exists=if_exists,
2026-05-27 11:07:28.800 10 ERROR neutron_lib.callbacks.manager
File "/var/lib/openstack/lib/python3.10/site-packages/neutron/plugins/ml2/drivers/ovn/mech_driver/ovsdb/ovn_client.py", line 1855, in _update_lrouter_port
2026-05-27 11:07:28.800 10 ERROR neutron_lib.callbacks.manager external_ids = self._nb_idl.db_get(
2026-05-27 11:07:28.800 10 ERROR neutron_lib.callbacks.manager
File "/var/lib/openstack/lib/python3.10/site-packages/ovsdbapp/backend/ovs_idl/command.py", line 47, in execute
2026-05-27 11:07:28.800 10 ERROR neutron_lib.callbacks.manager self.run_idl(None)
2026-05-27 11:07:28.800 10 ERROR neutron_lib.callbacks.manager
File "/var/lib/openstack/lib/python3.10/site-packages/ovsdbapp/backend/ovs_idl/command.py", line 235, in run_idl
2026-05-27 11:07:28.800 10 ERROR neutron_lib.callbacks.manager record = self.api.lookup(self.table, self.record)
2026-05-27 11:07:28.800 10 ERROR neutron_lib.callbacks.manager
File "/var/lib/openstack/lib/python3.10/site-packages/ovsdbapp/backend/ovs_idl/__init__.py", line 184, in lookup
2026-05-27 11:07:28.800 10 ERROR neutron_lib.callbacks.manager return self._lookup(table, record)
2026-05-27 11:07:28.800 10 ERROR neutron_lib.callbacks.manager
File "/var/lib/openstack/lib/python3.10/site-packages/ovsdbapp/backend/ovs_idl/__init__.py", line 235, in _lookup
2026-05-27 11:07:28.800 10 ERROR neutron_lib.callbacks.manager row = idlutils.row_by_value(self, rl.table, rl.column, record)
2026-05-27 11:07:28.800 10 ERROR neutron_lib.callbacks.manager
File "/var/lib/openstack/lib/python3.10/site-packages/ovsdbapp/backend/ovs_idl/idlutils.py", line 114, in row_by_value
2026-05-27 11:07:28.800 10 ERROR neutron_lib.callbacks.manager raise RowNotFound(table=table, col=column, match=match)
2026-05-27 11:07:28.800 10 ERROR neutron_lib.callbacks.manager ovsdbapp.backend.ovs_idl.idlutils.RowNotFound: Cannot find Logical_Router_Port with name=lrp-e9fceceb-b529-49e1-9168-ec03ad4b575e
2026-05-27 11:07:28.800 10 ERROR neutron_lib.callbacks.manager 
2026-05-27 11:07:28.842 9 INFO neutron.db.ovn_revision_numbers_db [None req-014d0cae-5821-4f71-a884-43555b2f79ea 9ebeae19060a4f3da720bd1b83b12641 b8719dd035514b4c936faa2effb72fc5 - - default default] Successfully bumped revision number for resource d0b0d5d0-d290-41e2-9eee-1c36fc56f931 (type: routers) to 2
2026-05-27 11:07:28.883 9 INFO neutron.wsgi [None req-014d0cae-5821-4f71-a884-43555b2f79ea 9ebeae19060a4f3da720bd1b83b12641 b8719dd035514b4c936faa2effb72fc5 - - default default] 10.0.0.84 "POST /v2.0/routers HTTP/1.1" status: 201 len: 1151 time: 2.3061047
2026-05-27 11:07:29.003 9 INFO neutron.wsgi [None req-528d1101-0a0e-4b22-82f1-d6d142896b28 9ebeae19060a4f3da720bd1b83b12641 b8719dd035514b4c936faa2effb72fc5 - - default default] 10.0.0.84 "GET /v2.0/routers/d0b0d5d0-d290-41e2-9eee-1c36fc56f931 HTTP/1.1" status: 200 len: 1152 time: 0.1148777
2026-05-27 11:07:29.071 9 INFO neutron.db.ovn_revision_numbers_db [None req-b9fe7c78-f113-4369-9f33-23cd55a53877 - - - - - -] Successfully bumped revision number for resource 8348ed75-fb89-4dfe-bd10-f57f064d522e (type: router_ports) to 3
2026-05-27 11:07:29.080 10 WARNING neutron.plugins.ml2.drivers.ovn.mech_driver.ovsdb.ovn_client [None req-f0e4303d-c993-4742-80bd-99375a17e647 - - - - - -] No port found with ID 41911e70-7da3-4f2d-b3a3-e50fc069312e: RuntimeError: No port found with ID 41911e70-7da3-4f2d-b3a3-e50fc069312e
2026-05-27 11:07:29.124 10 INFO neutron.db.ovn_revision_numbers_db [None req-cfaaad64-7a07-44a9-9bda-232b2f3b0059 c0691106f4444cb7adef7b06bf26702c 790fbbe6b6384654a65bb31eb4bfac6f - - default default] Successfully bumped revision number for resource e9fceceb-b529-49e1-9168-ec03ad4b575e (type: ports) to 1
2026-05-27 11:07:29.200 10 INFO neutron.wsgi [None req-c21dc544-b9d5-4faf-b5c6-8ded6492ccd1 9ebeae19060a4f3da720bd1b83b12641 b8719dd035514b4c936faa2effb72fc5 - - default default] 10.0.0.84 "GET /v2.0/routers HTTP/1.1" status: 200 len: 1155 time: 0.1878910
2026-05-27 11:07:29.287 10 WARNING neutron.scheduler.dhcp_agent_scheduler [None req-cfaaad64-7a07-44a9-9bda-232b2f3b0059 c0691106f4444cb7adef7b06bf26702c 790fbbe6b6384654a65bb31eb4bfac6f - - default default] No more DHCP agents
2026-05-27 11:07:29.289 10 WARNING neutron.api.rpc.agentnotifiers.dhcp_rpc_agent_api [None req-cfaaad64-7a07-44a9-9bda-232b2f3b0059 c0691106f4444cb7adef7b06bf26702c 790fbbe6b6384654a65bb31eb4bfac6f - - default default] Unable to schedule network 5e19dcc3-274f-47a3-9b1b-5a2ce10eb0ed: no agents available; will retry on subsequent port and subnet creation events.
2026-05-27 11:07:29.325 9 INFO neutron.db.ovn_revision_numbers_db [None req-b9fe7c78-f113-4369-9f33-23cd55a53877 - - - - - -] Successfully bumped revision number for resource 8348ed75-fb89-4dfe-bd10-f57f064d522e (type: ports) to 2
2026-05-27 11:07:30.042 9 INFO neutron.db.ovn_revision_numbers_db [None req-b9fe7c78-f113-4369-9f33-23cd55a53877 - - - - - -] Successfully bumped revision number for resource 8348ed75-fb89-4dfe-bd10-f57f064d522e (type: ports) to 4
2026-05-27 11:07:30.184 10 INFO neutron.db.ovn_revision_numbers_db [None req-ec13bc82-0204-4c47-a282-e8111db95867 9ebeae19060a4f3da720bd1b83b12641 b8719dd035514b4c936faa2effb72fc5 - - default default] Successfully bumped revision number for resource d0b0d5d0-d290-41e2-9eee-1c36fc56f931 (type: routers) to 3
2026-05-27 11:07:30.190 10 INFO neutron.wsgi [None req-ec13bc82-0204-4c47-a282-e8111db95867 9ebeae19060a4f3da720bd1b83b12641 b8719dd035514b4c936faa2effb72fc5 - - default default] 10.0.0.84 "PUT /v2.0/routers/d0b0d5d0-d290-41e2-9eee-1c36fc56f931 HTTP/1.1" status: 200 len: 1159 time: 0.9837720
2026-05-27 11:07:30.326 10 INFO neutron.wsgi [None req-6094cc47-537b-4474-b84d-c1042071d014 9ebeae19060a4f3da720bd1b83b12641 b8719dd035514b4c936faa2effb72fc5 - - default default] 10.0.0.84 "GET /v2.0/routers/d0b0d5d0-d290-41e2-9eee-1c36fc56f931 HTTP/1.1" status: 200 len: 1159 time: 0.1292882
2026-05-27 11:07:30.357 9 INFO neutron.wsgi [None req-d6bba583-b0b6-4517-b583-11a2a7482617 9ebeae19060a4f3da720bd1b83b12641 b8719dd035514b4c936faa2effb72fc5 - - default default] 10.0.0.84 "GET /v2.0/ports?device_id=d0b0d5d0-d290-41e2-9eee-1c36fc56f931 HTTP/1.1" status: 200 len: 205 time: 0.0224564
2026-05-27 11:07:30.377 9 INFO neutron.db.ovn_revision_numbers_db [None req-b9fe7c78-f113-4369-9f33-23cd55a53877 - - - - - -] Successfully bumped revision number for resource 8348ed75-fb89-4dfe-bd10-f57f064d522e (type: router_ports) to 4
2026-05-27 11:07:30.415 9 INFO neutron.plugins.ml2.drivers.ovn.mech_driver.mech_driver [None req-ee35cc8e-2494-4aec-bb7d-18c8763f3d77 - - - - - -] OVN reports status up for port: fc43cf69-c4fe-4d48-9af8-95ac0b688c4b
2026-05-27 11:07:30.440 9 INFO neutron.plugins.ml2.plugin [None req-ee35cc8e-2494-4aec-bb7d-18c8763f3d77 - - - - - -] Attempt 1 to provision port fc43cf69-c4fe-4d48-9af8-95ac0b688c4b
2026-05-27 11:07:30.539 10 INFO neutron.db.ovn_revision_numbers_db [None req-cfaaad64-7a07-44a9-9bda-232b2f3b0059 c0691106f4444cb7adef7b06bf26702c 790fbbe6b6384654a65bb31eb4bfac6f - - default default] Successfully bumped revision number for resource e9fceceb-b529-49e1-9168-ec03ad4b575e (type: router_ports) to 1
2026-05-27 11:07:30.548 10 INFO neutron.wsgi [None req-cfaaad64-7a07-44a9-9bda-232b2f3b0059 c0691106f4444cb7adef7b06bf26702c 790fbbe6b6384654a65bb31eb4bfac6f - - default default] 10.0.0.84 "PUT /v2.0/routers/c8e84141-2c20-4f9f-8df2-304c7b9f3c2d/add_router_interface HTTP/1.1" status: 200 len: 503 time: 3.2225132
2026-05-27 11:07:30.616 10 INFO neutron.db.ovn_revision_numbers_db [None req-044fc864-aae6-4746-9bcf-3c01e710abe7 c0691106f4444cb7adef7b06bf26702c 790fbbe6b6384654a65bb31eb4bfac6f - - default default] Successfully bumped revision number for resource 88b242c9-6a07-4262-ad55-1e48acfdf860 (type: security_groups) to 1
2026-05-27 11:07:30.638 10 INFO neutron.db.ovn_revision_numbers_db [None req-044fc864-aae6-4746-9bcf-3c01e710abe7 c0691106f4444cb7adef7b06bf26702c 790fbbe6b6384654a65bb31eb4bfac6f - - default default] Successfully bumped revision number for resource 02fb2da5-8946-4e0a-a771-950f4202e127 (type: security_group_rules) to 0
2026-05-27 11:07:30.659 10 INFO neutron.db.ovn_revision_numbers_db [None req-044fc864-aae6-4746-9bcf-3c01e710abe7 c0691106f4444cb7adef7b06bf26702c 790fbbe6b6384654a65bb31eb4bfac6f - - default default] Successfully bumped revision number for resource 0ac9302b-1bd4-4e1f-9dbc-95918e10a5dd (type: security_group_rules) to 0
2026-05-27 11:07:30.675 10 INFO neutron.db.ovn_revision_numbers_db [None req-044fc864-aae6-4746-9bcf-3c01e710abe7 c0691106f4444cb7adef7b06bf26702c 790fbbe6b6384654a65bb31eb4bfac6f - - default default] Successfully bumped revision number for resource 50446c0a-1aa0-4a80-a521-77d11ffa21fa (type: security_group_rules) to 0
2026-05-27 11:07:30.697 10 INFO neutron.db.ovn_revision_numbers_db [None req-044fc864-aae6-4746-9bcf-3c01e710abe7 c0691106f4444cb7adef7b06bf26702c 790fbbe6b6384654a65bb31eb4bfac6f - - default default] Successfully bumped revision number for resource 95a9fe1a-7e49-4ca3-8556-39c39f4f1956 (type: security_group_rules) to 0
2026-05-27 11:07:30.720 10 INFO neutron.wsgi [None req-044fc864-aae6-4746-9bcf-3c01e710abe7 c0691106f4444cb7adef7b06bf26702c 790fbbe6b6384654a65bb31eb4bfac6f - - default default] 10.0.0.84 "GET /v2.0/security-groups?tenant_id=29a9240579364d3899dcd77413621f76&name=default HTTP/1.1" status: 200 len: 3120 time: 0.3920691
2026-05-27 11:07:30.964 10 INFO neutron.wsgi [None req-3637ef0e-fdb0-4e3f-8180-f032a21f3442 c0691106f4444cb7adef7b06bf26702c 790fbbe6b6384654a65bb31eb4bfac6f - - default default] 10.0.0.84 "DELETE /v2.0/security-groups/88b242c9-6a07-4262-ad55-1e48acfdf860 HTTP/1.1" status: 204 len: 168 time: 0.2381361
2026-05-27 11:07:31.227 9 INFO neutron.wsgi [None req-effa6746-9ef3-45dd-9f8c-4f01b138c54c 9ebeae19060a4f3da720bd1b83b12641 b8719dd035514b4c936faa2effb72fc5 - - default default] 10.0.0.84 "DELETE /v2.0/routers/d0b0d5d0-d290-41e2-9eee-1c36fc56f931 HTTP/1.1" status: 204 len: 168 time: 0.8642960
2026-05-27 11:07:31.253 9 INFO neutron.wsgi [None req-37bb7335-5953-4913-8bb9-92942430e856 9ebeae19060a4f3da720bd1b83b12641 b8719dd035514b4c936faa2effb72fc5 - - default default] 10.0.0.84 "GET /v2.0/ports?device_id=d0b0d5d0-d290-41e2-9eee-1c36fc56f931 HTTP/1.1" status: 200 len: 205 time: 0.0196369
2026-05-27 11:07:31.285 10 INFO neutron.api.v2.resource [None req-3e46e16c-2668-4ef5-a47e-4aac2c9c2ee5 9ebeae19060a4f3da720bd1b83b12641 b8719dd035514b4c936faa2effb72fc5 - - default default] delete failed (client error): The resource could not be found.
2026-05-27 11:07:31.286 10 INFO neutron.wsgi [None req-3e46e16c-2668-4ef5-a47e-4aac2c9c2ee5 9ebeae19060a4f3da720bd1b83b12641 b8719dd035514b4c936faa2effb72fc5 - - default default] 10.0.0.84 "DELETE /v2.0/routers/d0b0d5d0-d290-41e2-9eee-1c36fc56f931 HTTP/1.1" status: 404 len: 336 time: 0.0256314
2026-05-27 11:07:31.331 10 INFO neutron.wsgi [None req-b6c7f706-3d35-40fe-80b3-85037d8376e1 9ebeae19060a4f3da720bd1b83b12641 b8719dd035514b4c936faa2effb72fc5 - - default default] 10.0.0.84 "GET /v2.0/ports?device_id=41eb013b-db8f-4999-a947-c8a9cff2f8e4 HTTP/1.1" status: 200 len: 205 time: 0.0384340
2026-05-27 11:07:31.373 9 INFO neutron.api.v2.resource [None req-e2ea54de-cae4-43d8-a3cb-4625eb7c14b6 9ebeae19060a4f3da720bd1b83b12641 b8719dd035514b4c936faa2effb72fc5 - - default default] delete failed (client error): The resource could not be found.
2026-05-27 11:07:31.374 9 INFO neutron.wsgi [None req-e2ea54de-cae4-43d8-a3cb-4625eb7c14b6 9ebeae19060a4f3da720bd1b83b12641 b8719dd035514b4c936faa2effb72fc5 - - default default] 10.0.0.84 "DELETE /v2.0/routers/41eb013b-db8f-4999-a947-c8a9cff2f8e4 HTTP/1.1" status: 404 len: 336 time: 0.0340865
2026-05-27 11:07:31.399 9 INFO neutron.pecan_wsgi.hooks.translation [None req-47f5395c-5adc-4a76-a1ce-78bf330c8d83 9ebeae19060a4f3da720bd1b83b12641 b8719dd035514b4c936faa2effb72fc5 - - default default] DELETE failed (client error): The resource could not be found.
2026-05-27 11:07:31.404 9 INFO neutron.wsgi [None req-47f5395c-5adc-4a76-a1ce-78bf330c8d83 9ebeae19060a4f3da720bd1b83b12641 b8719dd035514b4c936faa2effb72fc5 - - default default] 10.0.0.84 "DELETE /v2.0/subnets/ff7c8fb9-9e6b-4d19-aae8-1a2ddd405fc2 HTTP/1.1" status: 404 len: 337 time: 0.0249112
2026-05-27 11:07:31.404 10 INFO neutron.wsgi [None req-6a4a4a2a-71f2-4e21-9146-2a2a6b7faed0 c0691106f4444cb7adef7b06bf26702c 790fbbe6b6384654a65bb31eb4bfac6f - - default default] 10.0.0.26 "GET /v2.0/networks HTTP/1.1" status: 200 len: 3872 time: 0.2280097
2026-05-27 11:07:31.437 10 INFO neutron.wsgi [None req-69d5be39-6351-4968-92c3-d43e71bd943c 9ebeae19060a4f3da720bd1b83b12641 b8719dd035514b4c936faa2effb72fc5 - - default default] 10.0.0.84 "GET /v2.0/ports?device_id=fe5b7526-cc07-4221-b048-2f6a43f10c78 HTTP/1.1" status: 200 len: 205 time: 0.0291665
2026-05-27 11:07:31.461 9 INFO neutron.api.v2.resource [None req-c6e473aa-5e2f-471c-89a5-6aa6949f2c16 9ebeae19060a4f3da720bd1b83b12641 b8719dd035514b4c936faa2effb72fc5 - - default default] delete failed (client error): The resource could not be found.
2026-05-27 11:07:31.462 9 INFO neutron.wsgi [None req-c6e473aa-5e2f-471c-89a5-6aa6949f2c16 9ebeae19060a4f3da720bd1b83b12641 b8719dd035514b4c936faa2effb72fc5 - - default default] 10.0.0.84 "DELETE /v2.0/routers/fe5b7526-cc07-4221-b048-2f6a43f10c78 HTTP/1.1" status: 404 len: 336 time: 0.0212944
2026-05-27 11:07:31.486 10 INFO neutron.wsgi [None req-cc7584a6-40fa-4a70-a5da-2a667d277204 c0691106f4444cb7adef7b06bf26702c 790fbbe6b6384654a65bb31eb4bfac6f - - default default] 10.0.0.26 "GET /v2.0/security-groups HTTP/1.1" status: 200 len: 29155 time: 0.0725737
2026-05-27 11:07:31.495 9 INFO neutron.pecan_wsgi.hooks.translation [None req-a1f31634-b9b6-4c55-8bd6-0b4fcd8fc261 9ebeae19060a4f3da720bd1b83b12641 b8719dd035514b4c936faa2effb72fc5 - - default default] DELETE failed (client error): The resource could not be found.
2026-05-27 11:07:31.498 9 INFO neutron.wsgi [None req-a1f31634-b9b6-4c55-8bd6-0b4fcd8fc261 9ebeae19060a4f3da720bd1b83b12641 b8719dd035514b4c936faa2effb72fc5 - - default default] 10.0.0.84 "DELETE /v2.0/subnets/7edd3657-c5ef-48a5-bd3a-fb2cb9b16bae HTTP/1.1" status: 404 len: 337 time: 0.0276620
2026-05-27 11:07:31.525 9 INFO neutron.wsgi [None req-6236bcc6-ca64-4804-873c-cd711333698c 9ebeae19060a4f3da720bd1b83b12641 b8719dd035514b4c936faa2effb72fc5 - - default default] 10.0.0.84 "GET /v2.0/ports?device_id=0a510170-15f5-4370-82e5-0cb027df6d72 HTTP/1.1" status: 200 len: 205 time: 0.0203266
2026-05-27 11:07:31.565 9 INFO neutron.api.v2.resource [None req-73675972-9104-4250-9f9e-c5ddfdbed6a3 9ebeae19060a4f3da720bd1b83b12641 b8719dd035514b4c936faa2effb72fc5 - - default default] delete failed (client error): The resource could not be found.
2026-05-27 11:07:31.566 9 INFO neutron.wsgi [None req-73675972-9104-4250-9f9e-c5ddfdbed6a3 9ebeae19060a4f3da720bd1b83b12641 b8719dd035514b4c936faa2effb72fc5 - - default default] 10.0.0.84 "DELETE /v2.0/routers/0a510170-15f5-4370-82e5-0cb027df6d72 HTTP/1.1" status: 404 len: 336 time: 0.0331395
2026-05-27 11:07:31.599 9 INFO neutron.pecan_wsgi.hooks.translation [None req-c88a913c-5cb5-416e-9db9-05d6adc94b94 9ebeae19060a4f3da720bd1b83b12641 b8719dd035514b4c936faa2effb72fc5 - - default default] DELETE failed (client error): The resource could not be found.
2026-05-27 11:07:31.602 9 INFO neutron.wsgi [None req-c88a913c-5cb5-416e-9db9-05d6adc94b94 9ebeae19060a4f3da720bd1b83b12641 b8719dd035514b4c936faa2effb72fc5 - - default default] 10.0.0.84 "DELETE /v2.0/subnets/bf6d5e4c-bcd3-45f7-8215-4e6725915912 HTTP/1.1" status: 404 len: 337 time: 0.0182617
2026-05-27 11:07:31.609 10 INFO neutron.wsgi [None req-b3389e70-149f-4022-b935-b6b21798e40d c0691106f4444cb7adef7b06bf26702c 790fbbe6b6384654a65bb31eb4bfac6f - - default default] 10.0.0.26 "GET /v2.0/ports HTTP/1.1" status: 200 len: 13992 time: 0.1112466
2026-05-27 11:07:31.626 9 INFO neutron.pecan_wsgi.hooks.translation [None req-1be691c4-a393-4339-9fa7-8f659936890f 9ebeae19060a4f3da720bd1b83b12641 b8719dd035514b4c936faa2effb72fc5 - - default default] DELETE failed (client error): The resource could not be found.
2026-05-27 11:07:31.629 9 INFO neutron.wsgi [None req-1be691c4-a393-4339-9fa7-8f659936890f 9ebeae19060a4f3da720bd1b83b12641 b8719dd035514b4c936faa2effb72fc5 - - default default] 10.0.0.84 "DELETE /v2.0/subnets/e92a777c-ff5f-492e-a446-93a6c02a31bd HTTP/1.1" status: 404 len: 337 time: 0.0210671
2026-05-27 11:07:31.646 9 INFO neutron.wsgi [req-3273342a-f885-492c-b732-acd1300ea34f req-6e371c2a-c7ad-4ef8-ba31-f2039510bb07 d1b54a3e3ccb479dac97a27b94088943 4b23afee03f040e698500fb84435a5c7 - - default default] 10.0.0.56 "GET /v2.0/networks?id=5e19dcc3-274f-47a3-9b1b-5a2ce10eb0ed HTTP/1.1" status: 200 len: 876 time: 0.1072531
2026-05-27 11:07:31.665 9 INFO neutron.wsgi [req-3273342a-f885-492c-b732-acd1300ea34f req-6ed21817-3b85-4a9e-834c-debb410dd353 d1b54a3e3ccb479dac97a27b94088943 4b23afee03f040e698500fb84435a5c7 - - default default] 10.0.0.56 "GET /v2.0/quotas/4b23afee03f040e698500fb84435a5c7 HTTP/1.1" status: 200 len: 491 time: 0.0107350
2026-05-27 11:07:31.687 10 INFO neutron.wsgi [None req-a4c83afa-2cb1-45a8-a7f9-d085a3b25b35 c0691106f4444cb7adef7b06bf26702c 790fbbe6b6384654a65bb31eb4bfac6f - - default default] 10.0.0.26 "GET /v2.0/floatingips HTTP/1.1" status: 200 len: 1035 time: 0.0672610
2026-05-27 11:07:31.753 10 INFO neutron.wsgi [None req-e8fb360d-c30b-49d3-b9f4-f5e6475d7206 c0691106f4444cb7adef7b06bf26702c 790fbbe6b6384654a65bb31eb4bfac6f - - default default] 10.0.0.26 "GET /v2.0/subnets HTTP/1.1" status: 200 len: 2752 time: 0.0651700
2026-05-27 11:07:31.767 9 INFO neutron.wsgi [req-3273342a-f885-492c-b732-acd1300ea34f req-a304ac03-f46f-4630-badb-826cf7f4c389 d1b54a3e3ccb479dac97a27b94088943 4b23afee03f040e698500fb84435a5c7 - - default default] 10.0.0.56 "GET /v2.0/ports?tenant_id=4b23afee03f040e698500fb84435a5c7&fields=id HTTP/1.1" status: 200 len: 302 time: 0.0974767
2026-05-27 11:07:31.874 9 INFO neutron.wsgi [req-3273342a-f885-492c-b732-acd1300ea34f req-72214080-7eac-43b5-a73d-f161f853b661 6ad2f9c6bd58468b8972b32735195f49 b40dde6a184a4253b6b0776f9cd0ff14 - - 953328afc94a4e639b890b596b2a54aa 953328afc94a4e639b890b596b2a54aa] 10.0.0.56 "GET /v2.0/networks/5e19dcc3-274f-47a3-9b1b-5a2ce10eb0ed?fields=segments HTTP/1.1" status: 200 len: 212 time: 0.0933709
2026-05-27 11:07:31.905 10 INFO neutron.wsgi [None req-b199d30f-164b-41a0-a353-5f2c2b5e06ce c0691106f4444cb7adef7b06bf26702c 790fbbe6b6384654a65bb31eb4bfac6f - - default default] 10.0.0.26 "GET /v2.0/routers HTTP/1.1" status: 200 len: 2120 time: 0.1508906
2026-05-27 11:07:31.923 10 INFO neutron.wsgi [None req-2b937539-db3a-4089-b2b0-9e17c2c6e64a c0691106f4444cb7adef7b06bf26702c 790fbbe6b6384654a65bb31eb4bfac6f - - default default] 10.0.0.26 "GET /v2.0/agents?binary=ovn-controller HTTP/1.1" status: 200 len: 591 time: 0.0162594
2026-05-27 11:07:31.944 10 INFO neutron.wsgi [None req-b9010516-95bc-424e-8c29-1a99fb685b73 c0691106f4444cb7adef7b06bf26702c 790fbbe6b6384654a65bb31eb4bfac6f - - default default] 10.0.0.26 "GET /v2.0/agents HTTP/1.1" status: 200 len: 1390 time: 0.0187109
2026-05-27 11:07:31.963 10 INFO neutron.wsgi [None req-9218593d-8c8e-4338-87f6-61c0484a0e2d c0691106f4444cb7adef7b06bf26702c 790fbbe6b6384654a65bb31eb4bfac6f - - default default] 10.0.0.26 "GET /v2.0/network-ip-availabilities HTTP/1.1" status: 200 len: 2238 time: 0.0167551
2026-05-27 11:07:31.972 9 INFO neutron.wsgi [req-3273342a-f885-492c-b732-acd1300ea34f req-5b6139e1-be3d-4c21-ab80-d3fd79dec1e2 6ad2f9c6bd58468b8972b32735195f49 b40dde6a184a4253b6b0776f9cd0ff14 - - 953328afc94a4e639b890b596b2a54aa 953328afc94a4e639b890b596b2a54aa] 10.0.0.56 "GET /v2.0/networks/5e19dcc3-274f-47a3-9b1b-5a2ce10eb0ed?fields=provider%3Aphysical_network&fields=provider%3Anetwork_type HTTP/1.1" status: 200 len: 277 time: 0.0895967
2026-05-27 11:07:32.005 10 INFO neutron.wsgi [None req-22d23831-f2df-40f1-84c0-6db0e05ead29 c0691106f4444cb7adef7b06bf26702c 790fbbe6b6384654a65bb31eb4bfac6f - - default default] 10.0.0.26 "GET /v2.0/subnets HTTP/1.1" status: 200 len: 2752 time: 0.0399716
2026-05-27 11:07:32.016 10 INFO neutron.wsgi [None req-093bd5c5-aa91-4ca2-9f32-a108e156a725 c0691106f4444cb7adef7b06bf26702c 790fbbe6b6384654a65bb31eb4bfac6f - - default default] 10.0.0.26 "GET /v2.0/subnetpools HTTP/1.1" status: 200 len: 193 time: 0.0098674
2026-05-27 11:07:32.121 9 INFO neutron.wsgi [req-682e1f0e-750d-4952-83bf-c96145beca04 req-6458f214-3f29-44d6-ac9e-300c2463aef9 d1b54a3e3ccb479dac97a27b94088943 4b23afee03f040e698500fb84435a5c7 - - default default] 10.0.0.56 "GET /v2.0/ports?device_id=acb667ab-a809-428f-b452-bdca14aa00da HTTP/1.1" status: 200 len: 210 time: 0.0352473
2026-05-27 11:07:32.349 10 INFO neutron.wsgi [None req-f152cd62-4c57-45f2-820b-7893ec0ffe04 c0691106f4444cb7adef7b06bf26702c 790fbbe6b6384654a65bb31eb4bfac6f - - default default] 10.0.0.84 "GET /v2.0/security-groups?tenant_id=b8719dd035514b4c936faa2effb72fc5&name=default HTTP/1.1" status: 200 len: 3120 time: 0.2504590
2026-05-27 11:07:32.629 9 INFO neutron.wsgi [None req-ea1d42d5-a7b4-411e-8bf8-b7a2b8c32357 c0691106f4444cb7adef7b06bf26702c 790fbbe6b6384654a65bb31eb4bfac6f - - default default] 10.0.0.84 "DELETE /v2.0/security-groups/358ef9b2-2ad3-4c2e-8df8-7febcbc22156 HTTP/1.1" status: 204 len: 168 time: 0.2735832
2026-05-27 11:07:33.225 9 INFO neutron.wsgi [req-dc0a688f-6c18-4c10-a196-80e5ead48005 req-c609696c-d3a4-431a-91f1-e5f44653658f d1b54a3e3ccb479dac97a27b94088943 4b23afee03f040e698500fb84435a5c7 - - default default] 10.0.0.56 "GET /v2.0/ports?device_id=acb667ab-a809-428f-b452-bdca14aa00da HTTP/1.1" status: 200 len: 210 time: 0.0291488
2026-05-27 11:07:33.350 9 INFO neutron.wsgi [req-3273342a-f885-492c-b732-acd1300ea34f req-f1b27178-50d0-4045-be03-8eac7def983b d1b54a3e3ccb479dac97a27b94088943 4b23afee03f040e698500fb84435a5c7 - - default default] 199.204.45.162 "GET /v2.0/networks?id=5e19dcc3-274f-47a3-9b1b-5a2ce10eb0ed HTTP/1.1" status: 200 len: 876 time: 0.0843701
2026-05-27 11:07:33.369 9 WARNING neutron_lib.context [req-3273342a-f885-492c-b732-acd1300ea34f req-9576b32a-f76e-426a-8c00-4a562d68e94c d1b54a3e3ccb479dac97a27b94088943 4b23afee03f040e698500fb84435a5c7 - - default default] Method 'is_advsvc' is deprecated since 2023.2 release (neutron-lib 3.8.0) and will be removed once support for the old RBAC API policies will be removed from Neutron. Please use method 'is_service_role' instead.
2026-05-27 11:07:33.734 9 WARNING neutron.scheduler.dhcp_agent_scheduler [req-3273342a-f885-492c-b732-acd1300ea34f req-9576b32a-f76e-426a-8c00-4a562d68e94c d1b54a3e3ccb479dac97a27b94088943 4b23afee03f040e698500fb84435a5c7 - - default default] No more DHCP agents
2026-05-27 11:07:33.740 9 WARNING neutron.api.rpc.agentnotifiers.dhcp_rpc_agent_api [req-3273342a-f885-492c-b732-acd1300ea34f req-9576b32a-f76e-426a-8c00-4a562d68e94c d1b54a3e3ccb479dac97a27b94088943 4b23afee03f040e698500fb84435a5c7 - - default default] Unable to schedule network 5e19dcc3-274f-47a3-9b1b-5a2ce10eb0ed: no agents available; will retry on subsequent port and subnet creation events.
2026-05-27 11:07:33.929 9 INFO neutron.db.ovn_revision_numbers_db [req-3273342a-f885-492c-b732-acd1300ea34f req-9576b32a-f76e-426a-8c00-4a562d68e94c d1b54a3e3ccb479dac97a27b94088943 4b23afee03f040e698500fb84435a5c7 - - default default] Successfully bumped revision number for resource 007f963f-11b3-4496-800b-6668254f5b75 (type: ports) to 1
2026-05-27 11:07:33.953 9 INFO neutron.wsgi [req-3273342a-f885-492c-b732-acd1300ea34f req-9576b32a-f76e-426a-8c00-4a562d68e94c d1b54a3e3ccb479dac97a27b94088943 4b23afee03f040e698500fb84435a5c7 - - default default] 199.204.45.162 "POST /v2.0/ports HTTP/1.1" status: 201 len: 1162 time: 0.5910823 /var/lib/openstack/lib/python3.10/site-packages/pycadf/identifier.py:71: UserWarning: Invalid uuid: neutron. To ensure interoperability, identifiers should be a valid uuid. warnings.warn(('Invalid uuid: %s. To ensure interoperability, '
2026-05-27 11:07:34.055 9 WARNING neutron_lib.context [None req-93aae076-8f0f-4cd2-a5c0-6f0d26113b4c 50a9aa2c3c2d46839c4ffa7349ae6738 3e3ec75d77854479acc91fdb39c2151c - - default default] Method 'is_advsvc' is deprecated since 2023.2 release (neutron-lib 3.8.0) and will be removed once support for the old RBAC API policies will be removed from Neutron. Please use method 'is_service_role' instead.
2026-05-27 11:07:34.327 9 INFO neutron.db.ovn_revision_numbers_db [None req-93aae076-8f0f-4cd2-a5c0-6f0d26113b4c 50a9aa2c3c2d46839c4ffa7349ae6738 3e3ec75d77854479acc91fdb39c2151c - - default default] Successfully bumped revision number for resource 0cdf8822-d743-4cf7-b8a2-73c5ec4bbf75 (type: security_groups) to 1
2026-05-27 11:07:34.342 9 INFO neutron.wsgi [req-3794b764-cc1e-480b-b9e1-b921988d0da7 req-84fdd80a-336a-49c2-9884-928ab90a8253 d1b54a3e3ccb479dac97a27b94088943 4b23afee03f040e698500fb84435a5c7 - - default default] 10.0.0.56 "GET /v2.0/ports?device_id=acb667ab-a809-428f-b452-bdca14aa00da HTTP/1.1" status: 200 len: 1160 time: 0.0510798
2026-05-27 11:07:34.387 9 INFO neutron.db.ovn_revision_numbers_db [None req-93aae076-8f0f-4cd2-a5c0-6f0d26113b4c 50a9aa2c3c2d46839c4ffa7349ae6738 3e3ec75d77854479acc91fdb39c2151c - - default default] Successfully bumped revision number for resource 06eab643-884a-4963-8518-21dd92e78ffe (type: security_group_rules) to 0
2026-05-27 11:07:34.423 9 INFO neutron.db.ovn_revision_numbers_db [None req-93aae076-8f0f-4cd2-a5c0-6f0d26113b4c 50a9aa2c3c2d46839c4ffa7349ae6738 3e3ec75d77854479acc91fdb39c2151c - - default default] Successfully bumped revision number for resource 0abfbbb6-1ca2-4257-9019-25677b04c573 (type: security_group_rules) to 0
2026-05-27 11:07:34.442 9 INFO neutron.wsgi [req-3794b764-cc1e-480b-b9e1-b921988d0da7 req-8f6a8d75-0cc0-4cdf-b9b1-82bdbece327c d1b54a3e3ccb479dac97a27b94088943 4b23afee03f040e698500fb84435a5c7 - - default default] 10.0.0.56 "GET /v2.0/security-groups?id=d196580f-1950-4122-8bff-1ad80535ef04&fields=id&fields=name HTTP/1.1" status: 200 len: 286 time: 0.0957773
2026-05-27 11:07:34.452 9 INFO neutron.db.ovn_revision_numbers_db [None req-93aae076-8f0f-4cd2-a5c0-6f0d26113b4c 50a9aa2c3c2d46839c4ffa7349ae6738 3e3ec75d77854479acc91fdb39c2151c - - default default] Successfully bumped revision number for resource 0e692d5e-979e-4bb7-afe9-ad371259ea3d (type: security_group_rules) to 0
2026-05-27 11:07:34.475 9 INFO neutron.db.ovn_revision_numbers_db [None req-93aae076-8f0f-4cd2-a5c0-6f0d26113b4c 50a9aa2c3c2d46839c4ffa7349ae6738 3e3ec75d77854479acc91fdb39c2151c - - default default] Successfully bumped revision number for resource 6c1772c4-2b9a-4efd-bf92-447d2b5c6976 (type: security_group_rules) to 0
2026-05-27 11:07:34.545 10 WARNING neutron_lib.context [None req-4add79ef-6d6f-4399-9630-cf25d5db991b 69342376eace421fb1ee47fb35ab976a 10019ba12beb49fd9941e7213510fb44 - - default default] Method 'is_advsvc' is deprecated since 2023.2 release (neutron-lib 3.8.0) and will be removed once support for the old RBAC API policies will be removed from Neutron. Please use method 'is_service_role' instead.
2026-05-27 11:07:34.555 9 INFO neutron.db.segments_db [None req-93aae076-8f0f-4cd2-a5c0-6f0d26113b4c 50a9aa2c3c2d46839c4ffa7349ae6738 3e3ec75d77854479acc91fdb39c2151c - - default default] Added segment d0987d70-c4c3-4bac-af63-2abd26228f10 of type geneve for network 7d15d26c-5fd8-492b-a435-23a6d71661ea
2026-05-27 11:07:34.585 9 INFO neutron.db.ovn_revision_numbers_db [req-3273342a-f885-492c-b732-acd1300ea34f req-d10edbeb-1ddf-4b96-bdc7-b5fa790e2458 6ad2f9c6bd58468b8972b32735195f49 b40dde6a184a4253b6b0776f9cd0ff14 - - 953328afc94a4e639b890b596b2a54aa 953328afc94a4e639b890b596b2a54aa] Successfully bumped revision number for resource 007f963f-11b3-4496-800b-6668254f5b75 (type: ports) to 2
2026-05-27 11:07:34.692 10 INFO neutron.db.ovn_revision_numbers_db [None req-4add79ef-6d6f-4399-9630-cf25d5db991b 69342376eace421fb1ee47fb35ab976a 10019ba12beb49fd9941e7213510fb44 - - default default] Successfully bumped revision number for resource 2f60076a-033c-4cf2-8f58-f42b4a1f41f8 (type: security_groups) to 1
2026-05-27 11:07:34.717 10 INFO neutron.db.ovn_revision_numbers_db [None req-4add79ef-6d6f-4399-9630-cf25d5db991b 69342376eace421fb1ee47fb35ab976a 10019ba12beb49fd9941e7213510fb44 - - default default] Successfully bumped revision number for resource 184a0acb-4216-4c33-bdf7-046fb25e29ee (type: security_group_rules) to 0
2026-05-27 11:07:34.728 10 INFO neutron.db.ovn_revision_numbers_db [None req-4add79ef-6d6f-4399-9630-cf25d5db991b 69342376eace421fb1ee47fb35ab976a 10019ba12beb49fd9941e7213510fb44 - - default default] Successfully bumped revision number for resource 7e2db0af-e09e-45f1-a663-b489347b71f2 (type: security_group_rules) to 0
2026-05-27 11:07:34.748 10 INFO neutron.db.ovn_revision_numbers_db [None req-4add79ef-6d6f-4399-9630-cf25d5db991b 69342376eace421fb1ee47fb35ab976a 10019ba12beb49fd9941e7213510fb44 - - default default] Successfully bumped revision number for resource 8d52da00-d9c5-4678-bb97-1de22afd31f4 (type: security_group_rules) to 0
2026-05-27 11:07:34.748 9 INFO neutron.db.ovn_revision_numbers_db [None req-93aae076-8f0f-4cd2-a5c0-6f0d26113b4c 50a9aa2c3c2d46839c4ffa7349ae6738 3e3ec75d77854479acc91fdb39c2151c - - default default] Successfully bumped revision number for resource 7d15d26c-5fd8-492b-a435-23a6d71661ea (type: networks) to 1
2026-05-27 11:07:34.970 10 INFO neutron.db.ovn_revision_numbers_db [None req-4add79ef-6d6f-4399-9630-cf25d5db991b 69342376eace421fb1ee47fb35ab976a 10019ba12beb49fd9941e7213510fb44 - - default default] Successfully bumped revision number for resource a8422f18-05a1-45d3-a808-bd90c8e80cd9 (type: security_group_rules) to 0
2026-05-27 11:07:34.981 10 INFO neutron.wsgi [req-b72e920b-5246-49da-8a6d-b2ddf9db1dab req-09a3db1e-e89b-4bc3-b644-f8b5d915d076 6ad2f9c6bd58468b8972b32735195f49 b40dde6a184a4253b6b0776f9cd0ff14 - - 953328afc94a4e639b890b596b2a54aa 953328afc94a4e639b890b596b2a54aa] 10.0.0.136 "GET /v2.0/ports?device_id=f332a4f4-fc2d-4547-aa6f-c6ea7af1ada8 HTTP/1.1" status: 200 len: 1409 time: 0.3220160
2026-05-27 11:07:35.046 10 INFO neutron.wsgi [req-b72e920b-5246-49da-8a6d-b2ddf9db1dab req-04674345-b028-41ed-8c15-3274145d8c26 6ad2f9c6bd58468b8972b32735195f49 b40dde6a184a4253b6b0776f9cd0ff14 - - 953328afc94a4e639b890b596b2a54aa 953328afc94a4e639b890b596b2a54aa] 10.0.0.136 "GET /v2.0/security-groups?id=bcdd3699-2559-488b-a4c6-7c09f443487d&fields=id&fields=name HTTP/1.1" status: 200 len: 312 time: 0.0527689
2026-05-27 11:07:35.090 10 INFO neutron.db.ovn_revision_numbers_db [None req-4add79ef-6d6f-4399-9630-cf25d5db991b 69342376eace421fb1ee47fb35ab976a 10019ba12beb49fd9941e7213510fb44 - - default default] Successfully bumped revision number for resource 0cd8ef3f-e2da-458e-b38a-0fae4bc96299 (type: security_groups) to 1
2026-05-27 11:07:35.103 10 INFO neutron.db.ovn_revision_numbers_db [None req-4add79ef-6d6f-4399-9630-cf25d5db991b 69342376eace421fb1ee47fb35ab976a 10019ba12beb49fd9941e7213510fb44 - - default default] Successfully bumped revision number for resource 4674c20d-62f6-4df7-a2d7-cb70a3175168 (type: security_group_rules) to 0
2026-05-27 11:07:35.122 10 INFO neutron.db.ovn_revision_numbers_db [None req-4add79ef-6d6f-4399-9630-cf25d5db991b 69342376eace421fb1ee47fb35ab976a 10019ba12beb49fd9941e7213510fb44 - - default default] Successfully bumped revision number for resource 8eb68889-daba-4e13-951c-a7819c24095e (type: security_group_rules) to 0
2026-05-27 11:07:35.142 10 INFO neutron.wsgi [None req-4add79ef-6d6f-4399-9630-cf25d5db991b 69342376eace421fb1ee47fb35ab976a 10019ba12beb49fd9941e7213510fb44 - - default default] 10.0.0.84 "POST /v2.0/security-groups HTTP/1.1" status: 201 len: 1825 time: 0.6482136
2026-05-27 11:07:35.196 10 INFO neutron.wsgi [None req-d55af819-9c95-4af4-965e-7a89e4960960 69342376eace421fb1ee47fb35ab976a 10019ba12beb49fd9941e7213510fb44 - - default default] 10.0.0.84 "GET /v2.0/security-groups HTTP/1.1" status: 200 len: 4725 time: 0.0438514
2026-05-27 11:07:35.261 9 INFO neutron.db.ovn_revision_numbers_db [req-3273342a-f885-492c-b732-acd1300ea34f req-d10edbeb-1ddf-4b96-bdc7-b5fa790e2458 6ad2f9c6bd58468b8972b32735195f49 b40dde6a184a4253b6b0776f9cd0ff14 - - 953328afc94a4e639b890b596b2a54aa 953328afc94a4e639b890b596b2a54aa] Successfully bumped revision number for resource 007f963f-11b3-4496-800b-6668254f5b75 (type: ports) to 2
2026-05-27 11:07:35.288 9 WARNING neutron.scheduler.dhcp_agent_scheduler [None req-93aae076-8f0f-4cd2-a5c0-6f0d26113b4c 50a9aa2c3c2d46839c4ffa7349ae6738 3e3ec75d77854479acc91fdb39c2151c - - default default] No more DHCP agents
2026-05-27 11:07:35.292 9 INFO neutron.wsgi [req-3273342a-f885-492c-b732-acd1300ea34f req-d10edbeb-1ddf-4b96-bdc7-b5fa790e2458 6ad2f9c6bd58468b8972b32735195f49 b40dde6a184a4253b6b0776f9cd0ff14 - - 953328afc94a4e639b890b596b2a54aa 953328afc94a4e639b890b596b2a54aa] 199.204.45.162 "PUT /v2.0/ports/007f963f-11b3-4496-800b-6668254f5b75 HTTP/1.1" status: 200 len: 1380 time: 1.3306975
2026-05-27 11:07:35.298 9 WARNING neutron.api.rpc.agentnotifiers.dhcp_rpc_agent_api [None req-93aae076-8f0f-4cd2-a5c0-6f0d26113b4c 50a9aa2c3c2d46839c4ffa7349ae6738 3e3ec75d77854479acc91fdb39c2151c - - default default] Unable to schedule network 7d15d26c-5fd8-492b-a435-23a6d71661ea: no agents available; will retry on subsequent port and subnet creation events.
2026-05-27 11:07:35.313 10 INFO neutron.db.ovn_revision_numbers_db [None req-f2b81e10-66f8-443b-86ca-02f95f279c77 69342376eace421fb1ee47fb35ab976a 10019ba12beb49fd9941e7213510fb44 - - default default] Successfully bumped revision number for resource 0cd8ef3f-e2da-458e-b38a-0fae4bc96299 (type: security_groups) to 2
2026-05-27 11:07:35.318 10 INFO neutron.wsgi [None req-f2b81e10-66f8-443b-86ca-02f95f279c77 69342376eace421fb1ee47fb35ab976a 10019ba12beb49fd9941e7213510fb44 - - default default] 10.0.0.84 "PUT /v2.0/security-groups/0cd8ef3f-e2da-458e-b38a-0fae4bc96299 HTTP/1.1" status: 200 len: 1856 time: 0.1179256 /var/lib/openstack/lib/python3.10/site-packages/pycadf/identifier.py:71: UserWarning: Invalid uuid: neutron. To ensure interoperability, identifiers should be a valid uuid. warnings.warn(('Invalid uuid: %s. To ensure interoperability, '
2026-05-27 11:07:35.335 9 INFO neutron.notifiers.nova [-] Nova event matching ['req-73d4736f-37f9-4bc7-b5e0-1f5a9c7603ef'] response: {'name': 'network-changed', 'server_uuid': 'acb667ab-a809-428f-b452-bdca14aa00da', 'tag': '007f963f-11b3-4496-800b-6668254f5b75', 'status': 'completed', 'code': 200}
2026-05-27 11:07:35.373 9 INFO neutron.wsgi [None req-185aa2ad-79df-41eb-8b8b-2686ebad73fd 69342376eace421fb1ee47fb35ab976a 10019ba12beb49fd9941e7213510fb44 - - default default] 10.0.0.84 "GET /v2.0/security-groups/0cd8ef3f-e2da-458e-b38a-0fae4bc96299 HTTP/1.1" status: 200 len: 1856 time: 0.0468845
2026-05-27 11:07:35.403 9 INFO neutron.wsgi [req-3273342a-f885-492c-b732-acd1300ea34f req-8f9aee57-e2de-446d-8a49-c44092e77d4e 6ad2f9c6bd58468b8972b32735195f49 b40dde6a184a4253b6b0776f9cd0ff14 - - 953328afc94a4e639b890b596b2a54aa 953328afc94a4e639b890b596b2a54aa] 199.204.45.162 "GET /v2.0/ports?tenant_id=4b23afee03f040e698500fb84435a5c7&device_id=acb667ab-a809-428f-b452-bdca14aa00da HTTP/1.1" status: 200 len: 1411 time: 0.0660214
2026-05-27 11:07:35.442 9 INFO neutron.wsgi [req-3273342a-f885-492c-b732-acd1300ea34f req-dac0e3d6-a4e3-4174-a2fe-11ae9e42ba77 6ad2f9c6bd58468b8972b32735195f49 b40dde6a184a4253b6b0776f9cd0ff14 - - 953328afc94a4e639b890b596b2a54aa 953328afc94a4e639b890b596b2a54aa] 199.204.45.162 "GET /v2.0/floatingips?fixed_ip_address=10.100.0.14&port_id=007f963f-11b3-4496-800b-6668254f5b75 HTTP/1.1" status: 200 len: 217 time: 0.0286593
2026-05-27 11:07:35.442 9 WARNING neutron.plugins.ml2.drivers.ovn.mech_driver.ovsdb.ovn_client [None req-ee35cc8e-2494-4aec-bb7d-18c8763f3d77 - - - - - -] No port found with ID fc43cf69-c4fe-4d48-9af8-95ac0b688c4b: RuntimeError: No port found with ID fc43cf69-c4fe-4d48-9af8-95ac0b688c4b
2026-05-27 11:07:35.443 9 INFO neutron.plugins.ml2.drivers.ovn.mech_driver.mech_driver [None req-ee35cc8e-2494-4aec-bb7d-18c8763f3d77 - - - - - -] OVN reports status up for port: e9fceceb-b529-49e1-9168-ec03ad4b575e
2026-05-27 11:07:35.448 9 INFO neutron.plugins.ml2.plugin [None req-ee35cc8e-2494-4aec-bb7d-18c8763f3d77 - - - - - -] Attempt 1 to provision port e9fceceb-b529-49e1-9168-ec03ad4b575e
2026-05-27 11:07:35.449 9 INFO neutron.db.ovn_revision_numbers_db [None req-93aae076-8f0f-4cd2-a5c0-6f0d26113b4c 50a9aa2c3c2d46839c4ffa7349ae6738 3e3ec75d77854479acc91fdb39c2151c - - default default] Successfully bumped revision number for resource da3819d6-9aef-4ca3-83a9-49780f50a01b (type: ports) to 1
