2026-05-27 11:06:48.007 9 INFO neutron.wsgi [req-031af44c-b52d-479f-b6be-2a8db7a28f2f req-175e5e69-3917-47fb-9d79-9d5a5f5b13d9 6ad2f9c6bd58468b8972b32735195f49 b40dde6a184a4253b6b0776f9cd0ff14 - - 953328afc94a4e639b890b596b2a54aa 953328afc94a4e639b890b596b2a54aa] 199.204.45.162 "GET /v2.0/ports?network_id=32d828fd-b264-46a6-8063-fa0440024f74&device_owner=network%3Adhcp HTTP/1.1" status: 200 len: 210 time: 0.0217748
2026-05-27 11:06:48.084 9 INFO neutron.wsgi [req-031af44c-b52d-479f-b6be-2a8db7a28f2f req-a60acab2-b5f9-4983-884b-f780e17f066a 6ad2f9c6bd58468b8972b32735195f49 b40dde6a184a4253b6b0776f9cd0ff14 - - 953328afc94a4e639b890b596b2a54aa 953328afc94a4e639b890b596b2a54aa] 199.204.45.162 "GET /v2.0/networks/32d828fd-b264-46a6-8063-fa0440024f74?fields=segments HTTP/1.1" status: 200 len: 212 time: 0.0695367
2026-05-27 11:06:48.155 9 INFO neutron.wsgi [req-031af44c-b52d-479f-b6be-2a8db7a28f2f req-2270000e-2a45-4d87-a91a-71dd5a83c8aa 6ad2f9c6bd58468b8972b32735195f49 b40dde6a184a4253b6b0776f9cd0ff14 - - 953328afc94a4e639b890b596b2a54aa 953328afc94a4e639b890b596b2a54aa] 199.204.45.162 "GET /v2.0/networks/32d828fd-b264-46a6-8063-fa0440024f74?fields=provider%3Aphysical_network&fields=provider%3Anetwork_type HTTP/1.1" status: 200 len: 277 time: 0.0627954
2026-05-27 11:06:48.201 9 INFO neutron.wsgi [None req-3b0e64a3-e2c8-4ce6-8437-182926a04526 c0691106f4444cb7adef7b06bf26702c 790fbbe6b6384654a65bb31eb4bfac6f - - default default] 10.0.0.84 "DELETE /v2.0/security-groups/21b57f9a-7419-47f4-a1d8-485836a87a23 HTTP/1.1" status: 204 len: 168 time: 0.3556964
2026-05-27 11:06:48.203 9 INFO neutron.notifiers.nova [-] Nova event matching ['req-83984f87-1adc-432f-9b1d-55489a0ce624'] response: {'name': 'network-changed', 'server_uuid': 'a3270047-0efe-4a94-8373-1358de09df2f', 'tag': 'e506e115-6b78-4a3d-92aa-b064e4fd94a6', 'status': 'completed', 'code': 200}
2026-05-27 11:06:48.262 10 WARNING neutron.scheduler.dhcp_agent_scheduler [None req-54811043-5492-416d-b621-16280e0b2d16 e380a0d07a9f4ad689f0afdbda852cfb dcbdc02cbf434f0ab120a3884de5c45d - - default default] No more DHCP agents
2026-05-27 11:06:48.264 10 WARNING neutron.api.rpc.agentnotifiers.dhcp_rpc_agent_api [None req-54811043-5492-416d-b621-16280e0b2d16 e380a0d07a9f4ad689f0afdbda852cfb dcbdc02cbf434f0ab120a3884de5c45d - - default default] Unable to schedule network 91ed213b-0769-4705-9026-c75d79541424: no agents available; will retry on subsequent port and subnet creation events.
2026-05-27 11:06:48.300 9 INFO neutron.wsgi [req-df6dcda3-4de7-494c-a426-652756c9e67a req-278ed6c9-87d3-4259-8358-84e2c8c09b1a 693091555f6740baafffaa2f7f4ea397 248d8773a23e46fa889f4d829e22ceae - - default default] 10.0.0.56 "GET /v2.0/ports?device_id=a3270047-0efe-4a94-8373-1358de09df2f HTTP/1.1" status: 200 len: 1172 time: 0.0892825
2026-05-27 11:06:48.337 9 INFO neutron.wsgi [req-bf8b9660-23b2-4d94-b2a3-7e041bded2f4 req-74c619fb-97c7-4ce5-a61e-b14dd684ed5c 6ad2f9c6bd58468b8972b32735195f49 b40dde6a184a4253b6b0776f9cd0ff14 - - 953328afc94a4e639b890b596b2a54aa 953328afc94a4e639b890b596b2a54aa] 199.204.45.162 "GET /v2.0/ports?tenant_id=248d8773a23e46fa889f4d829e22ceae&device_id=a3270047-0efe-4a94-8373-1358de09df2f HTTP/1.1" status: 200 len: 1411 time: 0.1015134
2026-05-27 11:06:48.362 10 INFO neutron.plugins.ml2.drivers.ovn.mech_driver.mech_driver [None req-f0e4303d-c993-4742-80bd-99375a17e647 - - - - - -] OVN reports status up for port: e506e115-6b78-4a3d-92aa-b064e4fd94a6 /var/lib/openstack/lib/python3.10/site-packages/pycadf/identifier.py:71: UserWarning: Invalid uuid: neutron. To ensure interoperability, identifiers should be a valid uuid. warnings.warn(('Invalid uuid: %s. To ensure interoperability, '
2026-05-27 11:06:48.386 10 INFO neutron.plugins.ml2.plugin [None req-f0e4303d-c993-4742-80bd-99375a17e647 - - - - - -] Attempt 1 to provision port e506e115-6b78-4a3d-92aa-b064e4fd94a6
2026-05-27 11:06:48.422 9 INFO neutron.wsgi [req-df6dcda3-4de7-494c-a426-652756c9e67a req-9e88102b-3140-41c7-95ae-2fcc79454ae3 693091555f6740baafffaa2f7f4ea397 248d8773a23e46fa889f4d829e22ceae - - default default] 10.0.0.56 "GET /v2.0/security-groups?id=867c1288-e543-498f-8fe1-5585bfc14d06&fields=id&fields=name HTTP/1.1" status: 200 len: 312 time: 0.1156638
2026-05-27 11:06:48.449 10 INFO neutron.db.ovn_revision_numbers_db [None req-54811043-5492-416d-b621-16280e0b2d16 e380a0d07a9f4ad689f0afdbda852cfb dcbdc02cbf434f0ab120a3884de5c45d - - default default] Successfully bumped revision number for resource 2f166120-131f-4453-bb8b-dc0f59f78152 (type: ports) to 1
2026-05-27 11:06:48.461 9 INFO neutron.wsgi [req-7bbd3023-d0e2-4b5a-8303-c04973e81fe6 req-e5d9c23c-97ef-4b3a-8b59-ff8df04cd987 74bc98f87fb24c8f9592393c72dd6896 3e3cf8ad759b4e74ba1518bb308ee7b7 - - default default] 10.0.0.56 "GET /v2.0/ports?device_id=b7b6b035-ed2d-4efa-b54c-279cce639537 HTTP/1.1" status: 200 len: 1170 time: 0.2130713
2026-05-27 11:06:48.464 9 INFO neutron.wsgi [req-bf8b9660-23b2-4d94-b2a3-7e041bded2f4 req-1756dc22-1e58-4293-949a-e77df3d5cdd2 6ad2f9c6bd58468b8972b32735195f49 b40dde6a184a4253b6b0776f9cd0ff14 - - 953328afc94a4e639b890b596b2a54aa 953328afc94a4e639b890b596b2a54aa] 199.204.45.162 "GET /v2.0/networks?id=32d828fd-b264-46a6-8063-fa0440024f74 HTTP/1.1" status: 200 len: 981 time: 0.1167195
2026-05-27 11:06:48.494 9 INFO neutron.wsgi [req-bf8b9660-23b2-4d94-b2a3-7e041bded2f4 req-cab68735-5fa9-427f-bf44-9985d336d3a7 6ad2f9c6bd58468b8972b32735195f49 b40dde6a184a4253b6b0776f9cd0ff14 - - 953328afc94a4e639b890b596b2a54aa 953328afc94a4e639b890b596b2a54aa] 199.204.45.162 "GET /v2.0/floatingips?fixed_ip_address=10.100.0.12&port_id=e506e115-6b78-4a3d-92aa-b064e4fd94a6 HTTP/1.1" status: 200 len: 217 time: 0.0225599
2026-05-27 11:06:48.520 10 WARNING neutron.scheduler.dhcp_agent_scheduler [None req-54811043-5492-416d-b621-16280e0b2d16 e380a0d07a9f4ad689f0afdbda852cfb dcbdc02cbf434f0ab120a3884de5c45d - - default default] No more DHCP agents
2026-05-27 11:06:48.527 10 WARNING neutron.api.rpc.agentnotifiers.dhcp_rpc_agent_api [None req-54811043-5492-416d-b621-16280e0b2d16 e380a0d07a9f4ad689f0afdbda852cfb dcbdc02cbf434f0ab120a3884de5c45d - - default default] Unable to schedule network 3324cb5e-4493-4f93-90ab-e0ae0d75da48: no agents available; will retry on subsequent port and subnet creation events.
2026-05-27 11:06:48.533 9 INFO neutron.wsgi [req-7bbd3023-d0e2-4b5a-8303-c04973e81fe6 req-434c91c3-6022-431f-94e0-109fec85b24d 74bc98f87fb24c8f9592393c72dd6896 3e3cf8ad759b4e74ba1518bb308ee7b7 - - default default] 10.0.0.56 "GET /v2.0/security-groups?id=d1e153a7-89ec-4013-a750-fb45ed934e1c&fields=id&fields=name HTTP/1.1" status: 200 len: 313 time: 0.0656600
2026-05-27 11:06:48.537 9 INFO neutron.wsgi [req-bf8b9660-23b2-4d94-b2a3-7e041bded2f4 req-ab38bbdf-a19a-43e3-a424-48cd6ba21619 6ad2f9c6bd58468b8972b32735195f49 b40dde6a184a4253b6b0776f9cd0ff14 - - 953328afc94a4e639b890b596b2a54aa 953328afc94a4e639b890b596b2a54aa] 199.204.45.162 "GET /v2.0/subnets?id=d9b8e115-6b85-429a-a471-dd6ade5ccc0f HTTP/1.1" status: 200 len: 876 time: 0.0380840
2026-05-27 11:06:48.570 9 INFO neutron.wsgi [req-bf8b9660-23b2-4d94-b2a3-7e041bded2f4 req-5f136452-2bf3-4f62-afad-eb0756921a84 6ad2f9c6bd58468b8972b32735195f49 b40dde6a184a4253b6b0776f9cd0ff14 - - 953328afc94a4e639b890b596b2a54aa 953328afc94a4e639b890b596b2a54aa] 199.204.45.162 "GET /v2.0/ports?network_id=32d828fd-b264-46a6-8063-fa0440024f74&device_owner=network%3Adhcp HTTP/1.1" status: 200 len: 210 time: 0.0221100
2026-05-27 11:06:48.655 9 INFO neutron.wsgi [req-2646c69c-8b04-4acc-be11-228917ed7049 req-4ea31cc1-669d-4158-af45-a9a220d29812 74bc98f87fb24c8f9592393c72dd6896 3e3cf8ad759b4e74ba1518bb308ee7b7 - - default default] 10.0.0.56 "GET /v2.0/ports?device_id=b7b6b035-ed2d-4efa-b54c-279cce639537 HTTP/1.1" status: 200 len: 1170 time: 0.0542190
2026-05-27 11:06:48.662 10 INFO neutron.db.ovn_revision_numbers_db [None req-d29ba9da-612c-4dc4-b1a8-35ace79c7ef2 c0691106f4444cb7adef7b06bf26702c 790fbbe6b6384654a65bb31eb4bfac6f - - default default] Successfully bumped revision number for resource 44d2758e-cdd8-41fe-b4f4-ccfadce26e90 (type: security_groups) to 1
2026-05-27 11:06:48.669 9 INFO neutron.wsgi [req-bf8b9660-23b2-4d94-b2a3-7e041bded2f4 req-4fe2e159-6391-4914-99d8-058aed5f8db9 6ad2f9c6bd58468b8972b32735195f49 b40dde6a184a4253b6b0776f9cd0ff14 - - 953328afc94a4e639b890b596b2a54aa 953328afc94a4e639b890b596b2a54aa] 199.204.45.162 "GET /v2.0/networks/32d828fd-b264-46a6-8063-fa0440024f74?fields=segments HTTP/1.1" status: 200 len: 212 time: 0.0935829
2026-05-27 11:06:48.695 10 INFO neutron.db.ovn_revision_numbers_db [None req-d29ba9da-612c-4dc4-b1a8-35ace79c7ef2 c0691106f4444cb7adef7b06bf26702c 790fbbe6b6384654a65bb31eb4bfac6f - - default default] Successfully bumped revision number for resource 2c0ac5a4-6d0e-43cb-b961-615dc824fdbb (type: security_group_rules) to 0
2026-05-27 11:06:48.702 10 INFO neutron.db.ovn_revision_numbers_db [None req-54811043-5492-416d-b621-16280e0b2d16 e380a0d07a9f4ad689f0afdbda852cfb dcbdc02cbf434f0ab120a3884de5c45d - - default default] Successfully bumped revision number for resource 709a1035-15b0-4732-9851-2980b9d62548 (type: ports) to 1
2026-05-27 11:06:48.730 10 INFO neutron.db.ovn_revision_numbers_db [None req-d29ba9da-612c-4dc4-b1a8-35ace79c7ef2 c0691106f4444cb7adef7b06bf26702c 790fbbe6b6384654a65bb31eb4bfac6f - - default default] Successfully bumped revision number for resource 303ddd8a-2ddf-48b7-abfe-9d2230e613c4 (type: security_group_rules) to 0
2026-05-27 11:06:48.748 10 INFO neutron.wsgi [None req-54811043-5492-416d-b621-16280e0b2d16 e380a0d07a9f4ad689f0afdbda852cfb dcbdc02cbf434f0ab120a3884de5c45d - - default default] 10.0.0.84 "POST /v2.0/ports HTTP/1.1" status: 201 len: 1705 time: 1.0737822
2026-05-27 11:06:48.749 10 INFO neutron.db.ovn_revision_numbers_db [None req-d29ba9da-612c-4dc4-b1a8-35ace79c7ef2 c0691106f4444cb7adef7b06bf26702c 790fbbe6b6384654a65bb31eb4bfac6f - - default default] Successfully bumped revision number for resource 31f7171d-7f15-4c8a-9662-69e962b32081 (type: security_group_rules) to 0 /var/lib/openstack/lib/python3.10/site-packages/pycadf/identifier.py:71: UserWarning: Invalid uuid: neutron. To ensure interoperability, identifiers should be a valid uuid. warnings.warn(('Invalid uuid: %s. To ensure interoperability, '
2026-05-27 11:06:48.776 9 INFO neutron.wsgi [req-bf8b9660-23b2-4d94-b2a3-7e041bded2f4 req-28c98a15-0a3f-48f9-9120-b0883480ea64 6ad2f9c6bd58468b8972b32735195f49 b40dde6a184a4253b6b0776f9cd0ff14 - - 953328afc94a4e639b890b596b2a54aa 953328afc94a4e639b890b596b2a54aa] 199.204.45.162 "GET /v2.0/networks/32d828fd-b264-46a6-8063-fa0440024f74?fields=provider%3Aphysical_network&fields=provider%3Anetwork_type HTTP/1.1" status: 200 len: 277 time: 0.0850482
2026-05-27 11:06:49.070 10 INFO neutron.db.ovn_revision_numbers_db [None req-d29ba9da-612c-4dc4-b1a8-35ace79c7ef2 c0691106f4444cb7adef7b06bf26702c 790fbbe6b6384654a65bb31eb4bfac6f - - default default] Successfully bumped revision number for resource ce3457a8-284e-4885-9e10-3fecce021736 (type: security_group_rules) to 0
2026-05-27 11:06:49.118 10 INFO neutron.wsgi [None req-d29ba9da-612c-4dc4-b1a8-35ace79c7ef2 c0691106f4444cb7adef7b06bf26702c 790fbbe6b6384654a65bb31eb4bfac6f - - default default] 10.0.0.84 "GET /v2.0/security-groups?tenant_id=1cb99b6b62264ce8aa7c8f731125e24e&name=default HTTP/1.1" status: 200 len: 3120 time: 0.7406478
2026-05-27 11:06:49.220 10 INFO neutron.db.ovn_revision_numbers_db [None req-f0e4303d-c993-4742-80bd-99375a17e647 - - - - - -] Successfully bumped revision number for resource e506e115-6b78-4a3d-92aa-b064e4fd94a6 (type: ports) to 4
2026-05-27 11:06:49.227 10 INFO neutron.notifiers.nova [-] Nova event matching ['req-98528d41-fb1b-437e-9860-30ef7b2675c0'] response: {'server_uuid': 'b7b6b035-ed2d-4efa-b54c-279cce639537', 'name': 'network-vif-plugged', 'status': 'completed', 'tag': '820996eb-0e47-4d6c-b2d1-63a2cc9c1d05', 'code': 200}
2026-05-27 11:06:49.227 10 INFO neutron.notifiers.nova [-] Nova event matching ['req-98528d41-fb1b-437e-9860-30ef7b2675c0'] response: {'server_uuid': 'a3270047-0efe-4a94-8373-1358de09df2f', 'name': 'network-vif-plugged', 'status': 'completed', 'tag': 'e506e115-6b78-4a3d-92aa-b064e4fd94a6', 'code': 200}
2026-05-27 11:06:49.243 10 INFO neutron.wsgi [None req-1d080cd0-3eac-4d8b-8a97-87c0f7943359 e380a0d07a9f4ad689f0afdbda852cfb dcbdc02cbf434f0ab120a3884de5c45d - - default default] 10.0.0.84 "GET /v2.0/ports HTTP/1.1" status: 200 len: 3212 time: 0.4904077
2026-05-27 11:06:49.456 10 INFO neutron.wsgi [None req-9a79eb4f-1bb9-48c5-8fe2-5bc9b6d5dfa3 c0691106f4444cb7adef7b06bf26702c 790fbbe6b6384654a65bb31eb4bfac6f - - default default] 10.0.0.84 "DELETE /v2.0/security-groups/44d2758e-cdd8-41fe-b4f4-ccfadce26e90 HTTP/1.1" status: 204 len: 168 time: 0.3308156
2026-05-27 11:06:49.640 9 INFO neutron.db.ovn_revision_numbers_db [None req-bf7aa297-1c4a-4e34-a9a4-681c6127a4d9 74bc98f87fb24c8f9592393c72dd6896 3e3cf8ad759b4e74ba1518bb308ee7b7 - - default default] Successfully bumped revision number for resource 300d1ae7-d731-4171-833a-e065a9c76080 (type: floatingips) to 1
2026-05-27 11:06:49.741 9 INFO neutron.wsgi [req-5d38a215-450e-4ac7-9816-50d05e2b2ee0 req-e854ac26-6a4d-4843-964a-76390bef0c8d 693091555f6740baafffaa2f7f4ea397 248d8773a23e46fa889f4d829e22ceae - - default default] 10.0.0.56 "GET /v2.0/ports?device_id=a3270047-0efe-4a94-8373-1358de09df2f HTTP/1.1" status: 200 len: 1174 time: 0.2338185
2026-05-27 11:06:49.807 9 INFO neutron.wsgi [req-5d38a215-450e-4ac7-9816-50d05e2b2ee0 req-c6b0075b-971c-459c-91b3-35dc0fb178f4 693091555f6740baafffaa2f7f4ea397 248d8773a23e46fa889f4d829e22ceae - - default default] 10.0.0.56 "GET /v2.0/security-groups?id=867c1288-e543-498f-8fe1-5585bfc14d06&fields=id&fields=name HTTP/1.1" status: 200 len: 312 time: 0.0593612
2026-05-27 11:06:49.837 9 INFO neutron.wsgi [None req-2567b22f-02e6-4371-a84f-5b3e12dd35be e380a0d07a9f4ad689f0afdbda852cfb dcbdc02cbf434f0ab120a3884de5c45d - - default default] 10.0.0.84 "DELETE /v2.0/ports/2f166120-131f-4453-bb8b-dc0f59f78152 HTTP/1.1" status: 204 len: 168 time: 0.5867782 /var/lib/openstack/lib/python3.10/site-packages/pycadf/identifier.py:71: UserWarning: Invalid uuid: neutron. To ensure interoperability, identifiers should be a valid uuid. warnings.warn(('Invalid uuid: %s. To ensure interoperability, '
2026-05-27 11:06:49.858 9 INFO neutron.db.ovn_revision_numbers_db [None req-bf7aa297-1c4a-4e34-a9a4-681c6127a4d9 74bc98f87fb24c8f9592393c72dd6896 3e3cf8ad759b4e74ba1518bb308ee7b7 - - default default] Successfully bumped revision number for resource 300d1ae7-d731-4171-833a-e065a9c76080 (type: floatingips) to 2
2026-05-27 11:06:49.858 9 INFO neutron.db.l3_db [None req-bf7aa297-1c4a-4e34-a9a4-681c6127a4d9 74bc98f87fb24c8f9592393c72dd6896 3e3cf8ad759b4e74ba1518bb308ee7b7 - - default default] Floating IP 300d1ae7-d731-4171-833a-e065a9c76080 associated. External IP: 10.96.250.215, port: 820996eb-0e47-4d6c-b2d1-63a2cc9c1d05.
2026-05-27 11:06:49.906 9 INFO neutron.wsgi [None req-bf7aa297-1c4a-4e34-a9a4-681c6127a4d9 74bc98f87fb24c8f9592393c72dd6896 3e3cf8ad759b4e74ba1518bb308ee7b7 - - default default] 10.0.0.84 "PUT /v2.0/floatingips/300d1ae7-d731-4171-833a-e065a9c76080 HTTP/1.1" status: 200 len: 1049 time: 1.2357447
2026-05-27 11:06:49.941 9 INFO neutron.wsgi [req-aa0acf73-4b6e-4c86-952b-8642a47a425d req-1c4ca07c-df37-4f28-8bef-72e7ff0b5313 693091555f6740baafffaa2f7f4ea397 248d8773a23e46fa889f4d829e22ceae - - default default] 10.0.0.56 "GET /v2.0/ports?device_id=a3270047-0efe-4a94-8373-1358de09df2f HTTP/1.1" status: 200 len: 1174 time: 0.0439663
2026-05-27 11:06:50.012 9 INFO neutron.wsgi [req-5f550da1-4d56-415e-95c9-b0e0d9b4a197 req-8675f4a0-4ec2-41f4-a14a-ed2273d423b6 74bc98f87fb24c8f9592393c72dd6896 3e3cf8ad759b4e74ba1518bb308ee7b7 - - default default] 10.0.0.56 "GET /v2.0/ports?device_id=b7b6b035-ed2d-4efa-b54c-279cce639537 HTTP/1.1" status: 200 len: 1170 time: 0.0680354
2026-05-27 11:06:50.074 9 INFO neutron.wsgi [req-5f550da1-4d56-415e-95c9-b0e0d9b4a197 req-55d0aa58-521a-48f8-9280-ece2113d8005 74bc98f87fb24c8f9592393c72dd6896 3e3cf8ad759b4e74ba1518bb308ee7b7 - - default default] 10.0.0.56 "GET /v2.0/security-groups?id=d1e153a7-89ec-4013-a750-fb45ed934e1c&fields=id&fields=name HTTP/1.1" status: 200 len: 313 time: 0.0465333
2026-05-27 11:06:50.169 10 INFO neutron.wsgi [None req-41e68b25-cb30-4895-a8f2-01483703cdb4 e380a0d07a9f4ad689f0afdbda852cfb dcbdc02cbf434f0ab120a3884de5c45d - - default default] 10.0.0.84 "DELETE /v2.0/ports/709a1035-15b0-4732-9851-2980b9d62548 HTTP/1.1" status: 204 len: 168 time: 0.3194025
2026-05-27 11:06:50.218 10 INFO neutron.wsgi [None req-90530d4a-3058-447a-954c-e868ab676ad9 e380a0d07a9f4ad689f0afdbda852cfb dcbdc02cbf434f0ab120a3884de5c45d - - default default] 10.0.0.84 "GET /v2.0/ports HTTP/1.1" status: 200 len: 1718 time: 0.0445588
2026-05-27 11:06:50.235 9 WARNING neutron_lib.context [None req-686b3737-21ee-4142-940b-6f2a920bb720 e380a0d07a9f4ad689f0afdbda852cfb dcbdc02cbf434f0ab120a3884de5c45d - - default default] Method 'is_advsvc' is deprecated since 2023.2 release (neutron-lib 3.8.0) and will be removed once support for the old RBAC API policies will be removed from Neutron. Please use method 'is_service_role' instead.
2026-05-27 11:06:50.252 9 INFO neutron.notifiers.nova [-] Nova event matching ['req-89ee559e-764e-4b76-b0a2-fbf28d115f49'] response: {'name': 'network-changed', 'server_uuid': 'b7b6b035-ed2d-4efa-b54c-279cce639537', 'tag': '820996eb-0e47-4d6c-b2d1-63a2cc9c1d05', 'status': 'completed', 'code': 200}
2026-05-27 11:06:50.359 9 INFO neutron.wsgi [req-286f62dd-3561-4cd5-9d3b-f49f317abaf2 req-c873f437-71be-4d9b-99b0-2ddcfbba79dd 6ad2f9c6bd58468b8972b32735195f49 b40dde6a184a4253b6b0776f9cd0ff14 - - 953328afc94a4e639b890b596b2a54aa 953328afc94a4e639b890b596b2a54aa] 199.204.45.162 "GET /v2.0/ports?tenant_id=3e3cf8ad759b4e74ba1518bb308ee7b7&device_id=b7b6b035-ed2d-4efa-b54c-279cce639537 HTTP/1.1" status: 200 len: 1409 time: 0.0711436
2026-05-27 11:06:50.368 10 INFO neutron.plugins.ml2.drivers.ovn.mech_driver.mech_driver [None req-f0e4303d-c993-4742-80bd-99375a17e647 - - - - - -] OVN reports status down for port: 820996eb-0e47-4d6c-b2d1-63a2cc9c1d05
2026-05-27 11:06:50.387 9 INFO neutron.wsgi [req-11bc1493-ee36-4966-b108-2fc92c06f482 req-16e5646e-ab87-48d9-911e-617a3d008723 74bc98f87fb24c8f9592393c72dd6896 3e3cf8ad759b4e74ba1518bb308ee7b7 - - default default] 10.0.0.56 "GET /v2.0/ports?device_id=b7b6b035-ed2d-4efa-b54c-279cce639537 HTTP/1.1" status: 200 len: 1170 time: 0.0659380
2026-05-27 11:06:50.419 9 INFO neutron.db.segments_db [None req-686b3737-21ee-4142-940b-6f2a920bb720 e380a0d07a9f4ad689f0afdbda852cfb dcbdc02cbf434f0ab120a3884de5c45d - - default default] Added segment 74237bcc-9e2d-4dfb-bffe-23437558079b of type geneve for network 4a04e5e3-a8cc-4616-84bd-07c13b73fd64
2026-05-27 11:06:50.482 9 INFO neutron.wsgi [req-286f62dd-3561-4cd5-9d3b-f49f317abaf2 req-aaf70804-5c93-4e22-be4e-1b5e26a5a8df 6ad2f9c6bd58468b8972b32735195f49 b40dde6a184a4253b6b0776f9cd0ff14 - - 953328afc94a4e639b890b596b2a54aa 953328afc94a4e639b890b596b2a54aa] 199.204.45.162 "GET /v2.0/networks?id=d690f945-97b0-4dfb-9144-88d3ec435be3 HTTP/1.1" status: 200 len: 968 time: 0.1155944
2026-05-27 11:06:50.539 9 INFO neutron.wsgi [req-11bc1493-ee36-4966-b108-2fc92c06f482 req-8e540cc9-20ad-448a-bab3-5021238c2d6b 74bc98f87fb24c8f9592393c72dd6896 3e3cf8ad759b4e74ba1518bb308ee7b7 - - default default] 10.0.0.56 "GET /v2.0/security-groups?id=d1e153a7-89ec-4013-a750-fb45ed934e1c&fields=id&fields=name HTTP/1.1" status: 200 len: 313 time: 0.1416862
2026-05-27 11:06:50.570 9 INFO neutron.wsgi [req-286f62dd-3561-4cd5-9d3b-f49f317abaf2 req-9bbd360f-c7a7-4be3-9f49-8429c34d167a 6ad2f9c6bd58468b8972b32735195f49 b40dde6a184a4253b6b0776f9cd0ff14 - - 953328afc94a4e639b890b596b2a54aa 953328afc94a4e639b890b596b2a54aa] 199.204.45.162 "GET /v2.0/floatingips?fixed_ip_address=10.100.0.5&port_id=820996eb-0e47-4d6c-b2d1-63a2cc9c1d05 HTTP/1.1" status: 200 len: 1057 time: 0.0778887
2026-05-27 11:06:50.661 9 INFO neutron.wsgi [req-286f62dd-3561-4cd5-9d3b-f49f317abaf2 req-95697067-00a9-4c52-a36d-656fa587526e 6ad2f9c6bd58468b8972b32735195f49 b40dde6a184a4253b6b0776f9cd0ff14 - - 953328afc94a4e639b890b596b2a54aa 953328afc94a4e639b890b596b2a54aa] 199.204.45.162 "GET /v2.0/subnets?id=8b0efc9b-d083-4909-a07d-8e141517aed1 HTTP/1.1" status: 200 len: 863 time: 0.0751636
2026-05-27 11:06:50.719 9 INFO neutron.wsgi [req-286f62dd-3561-4cd5-9d3b-f49f317abaf2 req-bbd0e0ae-1995-4a13-83cd-13342885ed4d 6ad2f9c6bd58468b8972b32735195f49 b40dde6a184a4253b6b0776f9cd0ff14 - - 953328afc94a4e639b890b596b2a54aa 953328afc94a4e639b890b596b2a54aa] 199.204.45.162 "GET /v2.0/ports?network_id=d690f945-97b0-4dfb-9144-88d3ec435be3&device_owner=network%3Adhcp HTTP/1.1" status: 200 len: 210 time: 0.0444353
2026-05-27 11:06:50.728 10 INFO neutron.db.ovn_revision_numbers_db [None req-f0e4303d-c993-4742-80bd-99375a17e647 - - - - - -] Successfully bumped revision number for resource 820996eb-0e47-4d6c-b2d1-63a2cc9c1d05 (type: ports) to 5
2026-05-27 11:06:50.733 9 INFO neutron.db.ovn_revision_numbers_db [None req-686b3737-21ee-4142-940b-6f2a920bb720 e380a0d07a9f4ad689f0afdbda852cfb dcbdc02cbf434f0ab120a3884de5c45d - - default default] Successfully bumped revision number for resource 4a04e5e3-a8cc-4616-84bd-07c13b73fd64 (type: networks) to 1
2026-05-27 11:06:50.776 9 INFO neutron.wsgi [req-2d4e6ad9-5636-4748-bc70-be93dd6ec30e req-ac3ebc71-cc3a-4d72-8ef1-852cf0b2ac69 74bc98f87fb24c8f9592393c72dd6896 3e3cf8ad759b4e74ba1518bb308ee7b7 - - default default] 199.204.45.162 "GET /v2.0/ports?device_id=b7b6b035-ed2d-4efa-b54c-279cce639537 HTTP/1.1" status: 200 len: 1168 time: 0.1004014
2026-05-27 11:06:50.886 9 INFO neutron.wsgi [req-286f62dd-3561-4cd5-9d3b-f49f317abaf2 req-bea9c4c9-bb2d-4e4a-b457-69d8c9f55805 6ad2f9c6bd58468b8972b32735195f49 b40dde6a184a4253b6b0776f9cd0ff14 - - 953328afc94a4e639b890b596b2a54aa 953328afc94a4e639b890b596b2a54aa] 199.204.45.162 "GET /v2.0/networks/d690f945-97b0-4dfb-9144-88d3ec435be3?fields=segments HTTP/1.1" status: 200 len: 212 time: 0.1551757
2026-05-27 11:06:50.929 9 INFO neutron.db.ovn_revision_numbers_db [None req-edc4139b-0b0d-4cd2-a785-500907d40d68 693091555f6740baafffaa2f7f4ea397 248d8773a23e46fa889f4d829e22ceae - - default default] Successfully bumped revision number for resource 156721bf-44da-4f63-bf69-c7c8895a56cd (type: floatingips) to 1
2026-05-27 11:06:51.270 10 INFO neutron.notifiers.nova [-] Nova event matching ['req-dba94f5f-40bd-4b91-bae3-fb8ef925295b'] response: {'server_uuid': 'a3270047-0efe-4a94-8373-1358de09df2f', 'name': 'network-vif-plugged', 'status': 'completed', 'tag': 'e506e115-6b78-4a3d-92aa-b064e4fd94a6', 'code': 200}
2026-05-27 11:06:51.271 10 INFO neutron.notifiers.nova [-] Nova event matching ['req-dba94f5f-40bd-4b91-bae3-fb8ef925295b'] response: {'server_uuid': 'b7b6b035-ed2d-4efa-b54c-279cce639537', 'name': 'network-vif-unplugged', 'status': 'completed', 'tag': '820996eb-0e47-4d6c-b2d1-63a2cc9c1d05', 'code': 200}
2026-05-27 11:06:51.272 10 INFO neutron.notifiers.nova [-] Nova event matching ['req-dba94f5f-40bd-4b91-bae3-fb8ef925295b'] response: {'server_uuid': 'b7b6b035-ed2d-4efa-b54c-279cce639537', 'name': 'network-vif-unplugged', 'status': 'completed', 'tag': '820996eb-0e47-4d6c-b2d1-63a2cc9c1d05', 'code': 200}
2026-05-27 11:06:51.275 9 INFO neutron.wsgi [req-286f62dd-3561-4cd5-9d3b-f49f317abaf2 req-693b299f-6e4f-444e-8bc4-bd1607f6c060 6ad2f9c6bd58468b8972b32735195f49 b40dde6a184a4253b6b0776f9cd0ff14 - - 953328afc94a4e639b890b596b2a54aa 953328afc94a4e639b890b596b2a54aa] 199.204.45.162 "GET /v2.0/networks/d690f945-97b0-4dfb-9144-88d3ec435be3?fields=provider%3Aphysical_network&fields=provider%3Anetwork_type HTTP/1.1" status: 200 len: 277 time: 0.3815565
2026-05-27 11:06:51.387 9 WARNING neutron.scheduler.dhcp_agent_scheduler [None req-686b3737-21ee-4142-940b-6f2a920bb720 e380a0d07a9f4ad689f0afdbda852cfb dcbdc02cbf434f0ab120a3884de5c45d - - default default] No more DHCP agents
2026-05-27 11:06:51.394 9 WARNING neutron.api.rpc.agentnotifiers.dhcp_rpc_agent_api [None req-686b3737-21ee-4142-940b-6f2a920bb720 e380a0d07a9f4ad689f0afdbda852cfb dcbdc02cbf434f0ab120a3884de5c45d - - default default] Unable to schedule network 4a04e5e3-a8cc-4616-84bd-07c13b73fd64: no agents available; will retry on subsequent port and subnet creation events.
2026-05-27 11:06:51.436 9 INFO neutron.db.ovn_revision_numbers_db [None req-edc4139b-0b0d-4cd2-a785-500907d40d68 693091555f6740baafffaa2f7f4ea397 248d8773a23e46fa889f4d829e22ceae - - default default] Successfully bumped revision number for resource 156721bf-44da-4f63-bf69-c7c8895a56cd (type: floatingips) to 2
2026-05-27 11:06:51.436 9 INFO neutron.db.l3_db [None req-edc4139b-0b0d-4cd2-a785-500907d40d68 693091555f6740baafffaa2f7f4ea397 248d8773a23e46fa889f4d829e22ceae - - default default] Floating IP 156721bf-44da-4f63-bf69-c7c8895a56cd associated. External IP: 10.96.250.207, port: e506e115-6b78-4a3d-92aa-b064e4fd94a6.
2026-05-27 11:06:51.496 9 INFO neutron.wsgi [None req-edc4139b-0b0d-4cd2-a785-500907d40d68 693091555f6740baafffaa2f7f4ea397 248d8773a23e46fa889f4d829e22ceae - - default default] 10.0.0.84 "PUT /v2.0/floatingips/156721bf-44da-4f63-bf69-c7c8895a56cd HTTP/1.1" status: 200 len: 1050 time: 1.5429323
2026-05-27 11:06:51.616 9 INFO neutron.wsgi [req-6eed1c60-f642-4441-a58e-aa898b2461a6 req-07f7384c-c640-4eca-828f-7e18bfffd735 693091555f6740baafffaa2f7f4ea397 248d8773a23e46fa889f4d829e22ceae - - default default] 10.0.0.56 "GET /v2.0/ports?device_id=a3270047-0efe-4a94-8373-1358de09df2f HTTP/1.1" status: 200 len: 1174 time: 0.0740559
2026-05-27 11:06:51.626 9 INFO neutron.db.ovn_revision_numbers_db [None req-686b3737-21ee-4142-940b-6f2a920bb720 e380a0d07a9f4ad689f0afdbda852cfb dcbdc02cbf434f0ab120a3884de5c45d - - default default] Successfully bumped revision number for resource 2159ee39-d2e9-4af3-b0ec-0fa1a65a77ee (type: ports) to 1
2026-05-27 11:06:51.681 9 INFO neutron.wsgi [None req-686b3737-21ee-4142-940b-6f2a920bb720 e380a0d07a9f4ad689f0afdbda852cfb dcbdc02cbf434f0ab120a3884de5c45d - - default default] 10.0.0.84 "POST /v2.0/networks HTTP/1.1" status: 201 len: 852 time: 1.4515121
2026-05-27 11:06:51.691 9 INFO neutron.wsgi [req-0c019730-8df0-49a0-a69e-4aeeebe6c7df req-0f7ba435-3427-41c0-af76-c6c7f1297222 74bc98f87fb24c8f9592393c72dd6896 3e3cf8ad759b4e74ba1518bb308ee7b7 - - default default] 10.0.0.56 "GET /v2.0/ports?device_id=b7b6b035-ed2d-4efa-b54c-279cce639537 HTTP/1.1" status: 200 len: 1168 time: 0.0797107 /var/lib/openstack/lib/python3.10/site-packages/pycadf/identifier.py:71: UserWarning: Invalid uuid: neutron. To ensure interoperability, identifiers should be a valid uuid. warnings.warn(('Invalid uuid: %s. To ensure interoperability, '
2026-05-27 11:06:51.695 10 WARNING neutron_lib.context [None req-b71684e5-ca36-47b8-8b10-b8cf7853e303 e380a0d07a9f4ad689f0afdbda852cfb dcbdc02cbf434f0ab120a3884de5c45d - - default default] Method 'is_advsvc' is deprecated since 2023.2 release (neutron-lib 3.8.0) and will be removed once support for the old RBAC API policies will be removed from Neutron. Please use method 'is_service_role' instead.
2026-05-27 11:06:51.732 9 INFO neutron.wsgi [req-6eed1c60-f642-4441-a58e-aa898b2461a6 req-fa5635fb-352b-4c2a-8e09-b6d467e902b3 693091555f6740baafffaa2f7f4ea397 248d8773a23e46fa889f4d829e22ceae - - default default] 10.0.0.56 "GET /v2.0/security-groups?id=867c1288-e543-498f-8fe1-5585bfc14d06&fields=id&fields=name HTTP/1.1" status: 200 len: 312 time: 0.1071970
2026-05-27 11:06:51.766 9 INFO neutron.db.l3_db [req-2d4e6ad9-5636-4748-bc70-be93dd6ec30e req-c478261a-5064-49b2-bcde-e1dfbfbce327 74bc98f87fb24c8f9592393c72dd6896 3e3cf8ad759b4e74ba1518bb308ee7b7 - - default default] Floating IP 300d1ae7-d731-4171-833a-e065a9c76080 disassociated. External IP: 10.96.250.215, port: 820996eb-0e47-4d6c-b2d1-63a2cc9c1d05.
2026-05-27 11:06:51.778 9 INFO neutron.wsgi [req-0c019730-8df0-49a0-a69e-4aeeebe6c7df req-55869164-97f4-48d5-bb9c-b4f303df3adb 74bc98f87fb24c8f9592393c72dd6896 3e3cf8ad759b4e74ba1518bb308ee7b7 - - default default] 10.0.0.56 "GET /v2.0/security-groups?id=d1e153a7-89ec-4013-a750-fb45ed934e1c&fields=id&fields=name HTTP/1.1" status: 200 len: 313 time: 0.0803711
2026-05-27 11:06:51.816 10 INFO neutron.db.segments_db [None req-b71684e5-ca36-47b8-8b10-b8cf7853e303 e380a0d07a9f4ad689f0afdbda852cfb dcbdc02cbf434f0ab120a3884de5c45d - - default default] Added segment 7c52df4a-d80f-4892-884b-6cd11f2efbe3 of type geneve for network 625f7b88-2499-4674-951d-0e2ed4520ad4
2026-05-27 11:06:51.913 9 INFO neutron.wsgi [req-2d4e6ad9-5636-4748-bc70-be93dd6ec30e req-c478261a-5064-49b2-bcde-e1dfbfbce327 74bc98f87fb24c8f9592393c72dd6896 3e3cf8ad759b4e74ba1518bb308ee7b7 - - default default] 199.204.45.162 "DELETE /v2.0/ports/820996eb-0e47-4d6c-b2d1-63a2cc9c1d05 HTTP/1.1" status: 204 len: 173 time: 1.1281650
2026-05-27 11:06:52.002 10 INFO neutron.db.ovn_revision_numbers_db [None req-b71684e5-ca36-47b8-8b10-b8cf7853e303 e380a0d07a9f4ad689f0afdbda852cfb dcbdc02cbf434f0ab120a3884de5c45d - - default default] Successfully bumped revision number for resource 625f7b88-2499-4674-951d-0e2ed4520ad4 (type: networks) to 1
2026-05-27 11:06:52.227 10 WARNING neutron.scheduler.dhcp_agent_scheduler [None req-b71684e5-ca36-47b8-8b10-b8cf7853e303 e380a0d07a9f4ad689f0afdbda852cfb dcbdc02cbf434f0ab120a3884de5c45d - - default default] No more DHCP agents
2026-05-27 11:06:52.230 10 WARNING neutron.api.rpc.agentnotifiers.dhcp_rpc_agent_api [None req-b71684e5-ca36-47b8-8b10-b8cf7853e303 e380a0d07a9f4ad689f0afdbda852cfb dcbdc02cbf434f0ab120a3884de5c45d - - default default] Unable to schedule network 625f7b88-2499-4674-951d-0e2ed4520ad4: no agents available; will retry on subsequent port and subnet creation events.
2026-05-27 11:06:52.295 9 INFO neutron.notifiers.nova [-] Nova event matching ['req-0ce1892f-4d7f-4bac-873c-12b6bafe5731'] response: {'name': 'network-changed', 'server_uuid': 'a3270047-0efe-4a94-8373-1358de09df2f', 'tag': 'e506e115-6b78-4a3d-92aa-b064e4fd94a6', 'status': 'completed', 'code': 200}
2026-05-27 11:06:52.295 9 INFO neutron.notifiers.nova [-] Nova event matching ['req-0ce1892f-4d7f-4bac-873c-12b6bafe5731'] response: {'server_uuid': 'b7b6b035-ed2d-4efa-b54c-279cce639537', 'name': 'network-vif-deleted', 'tag': '820996eb-0e47-4d6c-b2d1-63a2cc9c1d05', 'status': 'completed', 'code': 200}
2026-05-27 11:06:52.339 10 INFO neutron.db.ovn_revision_numbers_db [None req-b71684e5-ca36-47b8-8b10-b8cf7853e303 e380a0d07a9f4ad689f0afdbda852cfb dcbdc02cbf434f0ab120a3884de5c45d - - default default] Successfully bumped revision number for resource ec0e4b5b-15d0-48f8-a71a-1549873a9c50 (type: ports) to 1
2026-05-27 11:06:52.361 9 INFO neutron.wsgi [req-8e8a9822-fec3-492c-8f8d-2a977e0424ad req-e9b966a8-731e-439d-a610-1ae052c449ba 6ad2f9c6bd58468b8972b32735195f49 b40dde6a184a4253b6b0776f9cd0ff14 - - 953328afc94a4e639b890b596b2a54aa 953328afc94a4e639b890b596b2a54aa] 199.204.45.162 "GET /v2.0/ports?tenant_id=248d8773a23e46fa889f4d829e22ceae&device_id=a3270047-0efe-4a94-8373-1358de09df2f HTTP/1.1" status: 200 len: 1413 time: 0.0441790
2026-05-27 11:06:52.363 10 INFO neutron.wsgi [None req-b71684e5-ca36-47b8-8b10-b8cf7853e303 e380a0d07a9f4ad689f0afdbda852cfb dcbdc02cbf434f0ab120a3884de5c45d - - default default] 10.0.0.84 "POST /v2.0/networks HTTP/1.1" status: 201 len: 853 time: 0.6762321
2026-05-27 11:06:52.429 9 INFO neutron.wsgi [req-8e8a9822-fec3-492c-8f8d-2a977e0424ad req-e6345583-652b-49bc-bb46-20ef76a96ca5 6ad2f9c6bd58468b8972b32735195f49 b40dde6a184a4253b6b0776f9cd0ff14 - - 953328afc94a4e639b890b596b2a54aa 953328afc94a4e639b890b596b2a54aa] 199.204.45.162 "GET /v2.0/networks?id=32d828fd-b264-46a6-8063-fa0440024f74 HTTP/1.1" status: 200 len: 981 time: 0.0605235
2026-05-27 11:06:52.486 9 INFO neutron.wsgi [req-8e8a9822-fec3-492c-8f8d-2a977e0424ad req-0495cf7c-de06-4a8f-adc4-f2f45ced47b3 6ad2f9c6bd58468b8972b32735195f49 b40dde6a184a4253b6b0776f9cd0ff14 - - 953328afc94a4e639b890b596b2a54aa 953328afc94a4e639b890b596b2a54aa] 199.204.45.162 "GET /v2.0/floatingips?fixed_ip_address=10.100.0.12&port_id=e506e115-6b78-4a3d-92aa-b064e4fd94a6 HTTP/1.1" status: 200 len: 1060 time: 0.0492198
2026-05-27 11:06:52.524 9 INFO neutron.wsgi [req-8e8a9822-fec3-492c-8f8d-2a977e0424ad req-ac60b8a5-a3cf-4d5f-9dc1-32d78c33b58a 6ad2f9c6bd58468b8972b32735195f49 b40dde6a184a4253b6b0776f9cd0ff14 - - 953328afc94a4e639b890b596b2a54aa 953328afc94a4e639b890b596b2a54aa] 199.204.45.162 "GET /v2.0/subnets?id=d9b8e115-6b85-429a-a471-dd6ade5ccc0f HTTP/1.1" status: 200 len: 876 time: 0.0332711
2026-05-27 11:06:52.553 9 INFO neutron.wsgi [req-8e8a9822-fec3-492c-8f8d-2a977e0424ad req-e5642fb9-728c-4ba8-b4a3-1647b1b99ae1 6ad2f9c6bd58468b8972b32735195f49 b40dde6a184a4253b6b0776f9cd0ff14 - - 953328afc94a4e639b890b596b2a54aa 953328afc94a4e639b890b596b2a54aa] 199.204.45.162 "GET /v2.0/ports?network_id=32d828fd-b264-46a6-8063-fa0440024f74&device_owner=network%3Adhcp HTTP/1.1" status: 200 len: 210 time: 0.0226395
2026-05-27 11:06:52.632 9 INFO neutron.wsgi [req-8e8a9822-fec3-492c-8f8d-2a977e0424ad req-c02f1b48-1bc6-4ed2-bcf9-4472e44bc578 6ad2f9c6bd58468b8972b32735195f49 b40dde6a184a4253b6b0776f9cd0ff14 - - 953328afc94a4e639b890b596b2a54aa 953328afc94a4e639b890b596b2a54aa] 199.204.45.162 "GET /v2.0/networks/32d828fd-b264-46a6-8063-fa0440024f74?fields=segments HTTP/1.1" status: 200 len: 212 time: 0.0720763
2026-05-27 11:06:52.697 9 INFO neutron.wsgi [req-8e8a9822-fec3-492c-8f8d-2a977e0424ad req-d6557753-dbab-4a37-9baa-5ee32d75df39 6ad2f9c6bd58468b8972b32735195f49 b40dde6a184a4253b6b0776f9cd0ff14 - - 953328afc94a4e639b890b596b2a54aa 953328afc94a4e639b890b596b2a54aa] 199.204.45.162 "GET /v2.0/networks/32d828fd-b264-46a6-8063-fa0440024f74?fields=provider%3Aphysical_network&fields=provider%3Anetwork_type HTTP/1.1" status: 200 len: 277 time: 0.0592103 /var/lib/openstack/lib/python3.10/site-packages/pycadf/identifier.py:71: UserWarning: Invalid uuid: neutron. To ensure interoperability, identifiers should be a valid uuid. warnings.warn(('Invalid uuid: %s. To ensure interoperability, '
2026-05-27 11:06:52.836 10 WARNING neutron_lib.context [None req-28a14a23-8346-4ca3-9cb5-67b1274aa77a e380a0d07a9f4ad689f0afdbda852cfb dcbdc02cbf434f0ab120a3884de5c45d - - default default] Method 'is_advsvc' is deprecated since 2023.2 release (neutron-lib 3.8.0) and will be removed once support for the old RBAC API policies will be removed from Neutron. Please use method 'is_service_role' instead.
2026-05-27 11:06:52.883 10 WARNING neutron_lib.context [None req-28a14a23-8346-4ca3-9cb5-67b1274aa77a e380a0d07a9f4ad689f0afdbda852cfb dcbdc02cbf434f0ab120a3884de5c45d - - default default] Method 'is_advsvc' is deprecated since 2023.2 release (neutron-lib 3.8.0) and will be removed once support for the old RBAC API policies will be removed from Neutron. Please use method 'is_service_role' instead.
2026-05-27 11:06:53.020 9 INFO neutron.wsgi [None req-71846007-c40f-45ca-a66a-9d65eb224f23 74bc98f87fb24c8f9592393c72dd6896 3e3cf8ad759b4e74ba1518bb308ee7b7 - - default default] 10.0.0.84 "DELETE /v2.0/security-groups/d1e153a7-89ec-4013-a750-fb45ed934e1c HTTP/1.1" status: 204 len: 168 time: 0.1486962
2026-05-27 11:06:53.038 9 INFO neutron.api.v2.resource [None req-bae2d82e-de8d-4447-9775-26cfd8f617c1 74bc98f87fb24c8f9592393c72dd6896 3e3cf8ad759b4e74ba1518bb308ee7b7 - - default default] show failed (client error): The resource could not be found.
2026-05-27 11:06:53.040 9 INFO neutron.wsgi [None req-bae2d82e-de8d-4447-9775-26cfd8f617c1 74bc98f87fb24c8f9592393c72dd6896 3e3cf8ad759b4e74ba1518bb308ee7b7 - - default default] 10.0.0.84 "GET /v2.0/security-groups/d1e153a7-89ec-4013-a750-fb45ed934e1c HTTP/1.1" status: 404 len: 347 time: 0.0138247
2026-05-27 11:06:53.291 10 WARNING neutron.scheduler.dhcp_agent_scheduler [None req-28a14a23-8346-4ca3-9cb5-67b1274aa77a e380a0d07a9f4ad689f0afdbda852cfb dcbdc02cbf434f0ab120a3884de5c45d - - default default] No more DHCP agents
2026-05-27 11:06:53.293 10 WARNING neutron.api.rpc.agentnotifiers.dhcp_rpc_agent_api [None req-28a14a23-8346-4ca3-9cb5-67b1274aa77a e380a0d07a9f4ad689f0afdbda852cfb dcbdc02cbf434f0ab120a3884de5c45d - - default default] Unable to schedule network 4a04e5e3-a8cc-4616-84bd-07c13b73fd64: no agents available; will retry on subsequent port and subnet creation events.
2026-05-27 11:06:53.336 10 INFO neutron.db.ovn_revision_numbers_db [None req-28a14a23-8346-4ca3-9cb5-67b1274aa77a e380a0d07a9f4ad689f0afdbda852cfb dcbdc02cbf434f0ab120a3884de5c45d - - default default] Successfully bumped revision number for resource cf1fc1e5-fc05-4220-887c-30802396392f (type: subnets) to 0
2026-05-27 11:06:53.358 10 WARNING neutron.scheduler.dhcp_agent_scheduler [None req-28a14a23-8346-4ca3-9cb5-67b1274aa77a e380a0d07a9f4ad689f0afdbda852cfb dcbdc02cbf434f0ab120a3884de5c45d - - default default] No more DHCP agents
2026-05-27 11:06:53.360 10 WARNING neutron.api.rpc.agentnotifiers.dhcp_rpc_agent_api [None req-28a14a23-8346-4ca3-9cb5-67b1274aa77a e380a0d07a9f4ad689f0afdbda852cfb dcbdc02cbf434f0ab120a3884de5c45d - - default default] Unable to schedule network 625f7b88-2499-4674-951d-0e2ed4520ad4: no agents available; will retry on subsequent port and subnet creation events.
2026-05-27 11:06:53.413 10 INFO neutron.db.ovn_revision_numbers_db [None req-28a14a23-8346-4ca3-9cb5-67b1274aa77a e380a0d07a9f4ad689f0afdbda852cfb dcbdc02cbf434f0ab120a3884de5c45d - - default default] Successfully bumped revision number for resource 34318ff8-b478-470b-8a23-f5c034f469c2 (type: subnets) to 0
2026-05-27 11:06:53.430 10 INFO neutron.wsgi [None req-28a14a23-8346-4ca3-9cb5-67b1274aa77a e380a0d07a9f4ad689f0afdbda852cfb dcbdc02cbf434f0ab120a3884de5c45d - - default default] 10.0.0.84 "POST /v2.0/subnets HTTP/1.1" status: 201 len: 1476 time: 0.6037374
2026-05-27 11:06:53.448 9 INFO neutron.wsgi [None req-ba5376c9-24d0-4f0d-928d-784d65b09444 74bc98f87fb24c8f9592393c72dd6896 3e3cf8ad759b4e74ba1518bb308ee7b7 - - default default] 10.0.0.84 "DELETE /v2.0/floatingips/300d1ae7-d731-4171-833a-e065a9c76080 HTTP/1.1" status: 204 len: 168 time: 0.4025126
2026-05-27 11:06:53.491 10 INFO neutron.wsgi [None req-bc4f700a-fea5-432e-affc-96e7d5682913 e380a0d07a9f4ad689f0afdbda852cfb dcbdc02cbf434f0ab120a3884de5c45d - - default default] 10.0.0.84 "GET /v2.0/subnets HTTP/1.1" status: 200 len: 2084 time: 0.0552506
2026-05-27 11:06:53.691 10 INFO neutron.wsgi [None req-09261bce-4659-4a54-969b-d0727cecc620 e380a0d07a9f4ad689f0afdbda852cfb dcbdc02cbf434f0ab120a3884de5c45d - - default default] 10.0.0.84 "DELETE /v2.0/subnets/cf1fc1e5-fc05-4220-887c-30802396392f HTTP/1.1" status: 204 len: 168 time: 0.1851861
2026-05-27 11:06:53.905 10 INFO neutron.wsgi [None req-a1731629-c282-4071-a34a-fb59180aad62 e380a0d07a9f4ad689f0afdbda852cfb dcbdc02cbf434f0ab120a3884de5c45d - - default default] 10.0.0.84 "DELETE /v2.0/subnets/34318ff8-b478-470b-8a23-f5c034f469c2 HTTP/1.1" status: 204 len: 168 time: 0.2100325
2026-05-27 11:06:53.950 10 INFO neutron.wsgi [None req-a6500447-7a61-4dc6-a35b-056e56036662 e380a0d07a9f4ad689f0afdbda852cfb dcbdc02cbf434f0ab120a3884de5c45d - - default default] 10.0.0.84 "GET /v2.0/subnets HTTP/1.1" status: 200 len: 820 time: 0.0392718
2026-05-27 11:06:53.953 10 INFO neutron.wsgi [-] 10.0.0.52 "GET / HTTP/1.1" status: 200 len: 246 time: 0.0016730
2026-05-27 11:06:53.955 10 INFO neutron.wsgi [-] 10.0.0.52 "GET / HTTP/1.1" status: 200 len: 246 time: 0.0009181
2026-05-27 11:06:54.360 10 INFO neutron.services.segments.plugin [-] Segment 7c52df4a-d80f-4892-884b-6cd11f2efbe3 resource provider aggregate not found
2026-05-27 11:06:54.372 10 INFO neutron.services.segments.plugin [-] Segment 7c52df4a-d80f-4892-884b-6cd11f2efbe3 resource provider aggregate not found
2026-05-27 11:06:54.378 10 INFO neutron.services.segments.plugin [-] Segment 7c52df4a-d80f-4892-884b-6cd11f2efbe3 resource provider not found; error: Placement Client Error (4xx): {"errors": [{"status": 404, "title": "Not Found", "detail": "The resource could not be found.\n\n No resource provider with uuid 7c52df4a-d80f-4892-884b-6cd11f2efbe3 found for delete ", "request_id": "req-081d3930-5ac4-49c1-bc09-7c3e4a57323a"}]}
2026-05-27 11:06:54.405 10 INFO neutron.services.segments.plugin [-] Segment 7c52df4a-d80f-4892-884b-6cd11f2efbe3 resource provider not found; error: Placement Client Error (4xx): {"errors": [{"status": 404, "title": "Not Found", "detail": "The resource could not be found.\n\n No resource provider with uuid 7c52df4a-d80f-4892-884b-6cd11f2efbe3 found for delete ", "request_id": "req-00d01af4-56e3-4d9f-b30b-d0e822889544"}]}
2026-05-27 11:06:54.426 10 INFO neutron.wsgi [None req-c838d5bd-c9c6-4d25-912d-205bdd4e0679 e380a0d07a9f4ad689f0afdbda852cfb dcbdc02cbf434f0ab120a3884de5c45d - - default default] 10.0.0.84 "DELETE /v2.0/networks/625f7b88-2499-4674-951d-0e2ed4520ad4 HTTP/1.1" status: 204 len: 168 time: 0.4701040
2026-05-27 11:06:54.656 9 INFO neutron.wsgi [None req-571ee3cb-5d7d-4a11-aafc-ea4dd1fe30a3 c0691106f4444cb7adef7b06bf26702c 790fbbe6b6384654a65bb31eb4bfac6f - - default default] 10.0.0.84 "PUT /v2.0/routers/218af7c5-95e3-4c10-8f5e-f67242e3fc35/remove_router_interface HTTP/1.1" status: 200 len: 503 time: 1.2023511 /var/lib/openstack/lib/python3.10/site-packages/pycadf/identifier.py:71: UserWarning: Invalid uuid: neutron. To ensure interoperability, identifiers should be a valid uuid. warnings.warn(('Invalid uuid: %s. To ensure interoperability, '
2026-05-27 11:06:55.198 9 INFO neutron.services.segments.plugin [-] Segment 74237bcc-9e2d-4dfb-bffe-23437558079b resource provider aggregate not found
2026-05-27 11:06:55.202 9 INFO neutron.services.segments.plugin [-] Segment 74237bcc-9e2d-4dfb-bffe-23437558079b resource provider aggregate not found
2026-05-27 11:06:55.221 9 INFO neutron.services.segments.plugin [-] Segment 74237bcc-9e2d-4dfb-bffe-23437558079b resource provider not found; error: Placement Client Error (4xx): {"errors": [{"status": 404, "title": "Not Found", "detail": "The resource could not be found.\n\n No resource provider with uuid 74237bcc-9e2d-4dfb-bffe-23437558079b found for delete ", "request_id": "req-8fde00a3-7b04-4b01-afa6-2362c33eae4e"}]}
2026-05-27 11:06:55.222 9 INFO neutron.services.segments.plugin [-] Segment 74237bcc-9e2d-4dfb-bffe-23437558079b resource provider not found; error: Placement Client Error (4xx): {"errors": [{"status": 404, "title": "Not Found", "detail": "The resource could not be found.\n\n No resource provider with uuid 74237bcc-9e2d-4dfb-bffe-23437558079b found for delete ", "request_id": "req-d7f83847-72d9-40da-bc7a-2bc594c09931"}]}
2026-05-27 11:06:55.264 9 INFO neutron.wsgi [None req-9734f434-488d-471e-a9af-35bb82a6b278 e380a0d07a9f4ad689f0afdbda852cfb dcbdc02cbf434f0ab120a3884de5c45d - - default default] 10.0.0.84 "DELETE /v2.0/networks/4a04e5e3-a8cc-4616-84bd-07c13b73fd64 HTTP/1.1" status: 204 len: 168 time: 0.8313286
2026-05-27 11:06:55.702 10 INFO neutron.wsgi [None req-029cbed4-15e3-4f3e-953e-2c0ff86c8df7 e380a0d07a9f4ad689f0afdbda852cfb dcbdc02cbf434f0ab120a3884de5c45d - - default default] 10.0.0.84 "DELETE /v2.0/networks/3324cb5e-4493-4f93-90ab-e0ae0d75da48 HTTP/1.1" status: 204 len: 168 time: 0.4295237
2026-05-27 11:06:55.828 9 INFO neutron.wsgi [None req-0097f23a-bea4-4ed1-8bbc-a39930ab80e3 c0691106f4444cb7adef7b06bf26702c 790fbbe6b6384654a65bb31eb4bfac6f - - default default] 10.0.0.84 "DELETE /v2.0/routers/218af7c5-95e3-4c10-8f5e-f67242e3fc35 HTTP/1.1" status: 204 len: 168 time: 1.1678126
2026-05-27 11:06:56.075 9 INFO neutron.wsgi [None req-16006d50-5c22-4fdb-9069-3ac1beee3e0b c0691106f4444cb7adef7b06bf26702c 790fbbe6b6384654a65bb31eb4bfac6f - - default default] 10.0.0.84 "DELETE /v2.0/subnets/8b0efc9b-d083-4909-a07d-8e141517aed1 HTTP/1.1" status: 204 len: 168 time: 0.2416523
2026-05-27 11:06:56.122 9 INFO neutron.db.ovn_revision_numbers_db [None req-bd1a8f80-7d2a-48c5-8de7-38a9f24a48a8 c0691106f4444cb7adef7b06bf26702c 790fbbe6b6384654a65bb31eb4bfac6f - - default default] Successfully bumped revision number for resource 15452836-45c1-4d1b-80e5-fb968259a179 (type: security_groups) to 1
2026-05-27 11:06:56.128 10 INFO neutron.wsgi [None req-d8bf3a30-0c56-404e-86ce-13fb8803d3ce e380a0d07a9f4ad689f0afdbda852cfb dcbdc02cbf434f0ab120a3884de5c45d - - default default] 10.0.0.84 "DELETE /v2.0/networks/91ed213b-0769-4705-9026-c75d79541424 HTTP/1.1" status: 204 len: 168 time: 0.4198205
2026-05-27 11:06:56.142 9 INFO neutron.db.ovn_revision_numbers_db [None req-bd1a8f80-7d2a-48c5-8de7-38a9f24a48a8 c0691106f4444cb7adef7b06bf26702c 790fbbe6b6384654a65bb31eb4bfac6f - - default default] Successfully bumped revision number for resource 1877743c-3f56-4147-9fad-a0b71ac0c26d (type: security_group_rules) to 0
2026-05-27 11:06:56.161 9 INFO neutron.db.ovn_revision_numbers_db [None req-bd1a8f80-7d2a-48c5-8de7-38a9f24a48a8 c0691106f4444cb7adef7b06bf26702c 790fbbe6b6384654a65bb31eb4bfac6f - - default default] Successfully bumped revision number for resource 4c404051-ebba-461a-a921-32daab02ba76 (type: security_group_rules) to 0
2026-05-27 11:06:56.178 9 INFO neutron.db.ovn_revision_numbers_db [None req-bd1a8f80-7d2a-48c5-8de7-38a9f24a48a8 c0691106f4444cb7adef7b06bf26702c 790fbbe6b6384654a65bb31eb4bfac6f - - default default] Successfully bumped revision number for resource 7652941a-25a4-422b-b837-ac1f74e0744d (type: security_group_rules) to 0
2026-05-27 11:06:56.199 9 INFO neutron.db.ovn_revision_numbers_db [None req-bd1a8f80-7d2a-48c5-8de7-38a9f24a48a8 c0691106f4444cb7adef7b06bf26702c 790fbbe6b6384654a65bb31eb4bfac6f - - default default] Successfully bumped revision number for resource ac7fe7b1-84bf-4558-9c52-c9a3339f310e (type: security_group_rules) to 0
2026-05-27 11:06:56.224 9 INFO neutron.wsgi [None req-bd1a8f80-7d2a-48c5-8de7-38a9f24a48a8 c0691106f4444cb7adef7b06bf26702c 790fbbe6b6384654a65bb31eb4bfac6f - - default default] 10.0.0.84 "GET /v2.0/security-groups?tenant_id=cdd518d0029d47eeb2fe4a8c55f89307&name=default HTTP/1.1" status: 200 len: 3120 time: 0.4912462
2026-05-27 11:06:56.397 10 INFO neutron.services.segments.plugin [-] Segment 411a8caf-82d8-4655-92b1-0cfa7b2f88ec resource provider aggregate not found
2026-05-27 11:06:56.420 10 INFO neutron.services.segments.plugin [-] Segment 411a8caf-82d8-4655-92b1-0cfa7b2f88ec resource provider not found; error: Placement Client Error (4xx): {"errors": [{"status": 404, "title": "Not Found", "detail": "The resource could not be found.\n\n No resource provider with uuid 411a8caf-82d8-4655-92b1-0cfa7b2f88ec found for delete ", "request_id": "req-7c378c54-3ccc-46fe-8154-c363bb5c2d57"}]}
2026-05-27 11:06:56.426 10 INFO neutron.services.segments.plugin [-] Segment 411a8caf-82d8-4655-92b1-0cfa7b2f88ec resource provider aggregate not found
2026-05-27 11:06:56.453 10 INFO neutron.services.segments.plugin [-] Segment 411a8caf-82d8-4655-92b1-0cfa7b2f88ec resource provider not found; error: Placement Client Error (4xx): {"errors": [{"status": 404, "title": "Not Found", "detail": "The resource could not be found.\n\n No resource provider with uuid 411a8caf-82d8-4655-92b1-0cfa7b2f88ec found for delete ", "request_id": "req-8590293f-3ad8-4b6b-a6d5-9a679918bca0"}]}
2026-05-27 11:06:56.458 10 INFO neutron.services.segments.plugin [-] Segment 19212c19-105a-4b83-b3eb-b8dbcd603038 resource provider aggregate not found
2026-05-27 11:06:56.477 10 INFO neutron.services.segments.plugin [-] Segment 19212c19-105a-4b83-b3eb-b8dbcd603038 resource provider aggregate not found
2026-05-27 11:06:56.483 10 INFO neutron.services.segments.plugin [-] Segment 19212c19-105a-4b83-b3eb-b8dbcd603038 resource provider not found; error: Placement Client Error (4xx): {"errors": [{"status": 404, "title": "Not Found", "detail": "The resource could not be found.\n\n No resource provider with uuid 19212c19-105a-4b83-b3eb-b8dbcd603038 found for delete ", "request_id": "req-aae8d52e-fe88-46bf-9b33-ebe3db6eb369"}]}
2026-05-27 11:06:56.494 10 INFO neutron.services.segments.plugin [-] Segment 19212c19-105a-4b83-b3eb-b8dbcd603038 resource provider not found; error: Placement Client Error (4xx): {"errors": [{"status": 404, "title": "Not Found", "detail": "The resource could not be found.\n\n No resource provider with uuid 19212c19-105a-4b83-b3eb-b8dbcd603038 found for delete ", "request_id": "req-492ff968-41dd-4e18-929d-9d7e782f74d3"}]}
2026-05-27 11:06:56.525 10 INFO neutron.wsgi [None req-066b0fee-556f-4fb1-8c52-a04856b72001 c0691106f4444cb7adef7b06bf26702c 790fbbe6b6384654a65bb31eb4bfac6f - - default default] 10.0.0.84 "DELETE /v2.0/security-groups/15452836-45c1-4d1b-80e5-fb968259a179 HTTP/1.1" status: 204 len: 168 time: 0.2954347
2026-05-27 11:06:56.538 9 INFO neutron.wsgi [None req-14d56e96-3961-4e35-900c-155f62230bca c0691106f4444cb7adef7b06bf26702c 790fbbe6b6384654a65bb31eb4bfac6f - - default default] 10.0.0.84 "DELETE /v2.0/networks/d690f945-97b0-4dfb-9144-88d3ec435be3 HTTP/1.1" status: 204 len: 168 time: 0.4561312
2026-05-27 11:06:56.792 10 INFO neutron.wsgi [None req-715431d1-03b2-4f2c-8eea-8b0d38e40cd8 c0691106f4444cb7adef7b06bf26702c 790fbbe6b6384654a65bb31eb4bfac6f - - default default] 10.0.0.84 "GET /v2.0/security-groups?tenant_id=3e3cf8ad759b4e74ba1518bb308ee7b7&name=default HTTP/1.1" status: 200 len: 3120 time: 0.0516167
2026-05-27 11:06:56.812 9 INFO neutron.db.ovn_revision_numbers_db [None req-855a59ff-0902-46c3-be25-5b9ea26e324b c0691106f4444cb7adef7b06bf26702c 790fbbe6b6384654a65bb31eb4bfac6f - - default default] Successfully bumped revision number for resource 39c7a32f-917b-4632-b571-c25875d82f1f (type: security_groups) to 1
2026-05-27 11:06:56.825 9 INFO neutron.db.ovn_revision_numbers_db [None req-855a59ff-0902-46c3-be25-5b9ea26e324b c0691106f4444cb7adef7b06bf26702c 790fbbe6b6384654a65bb31eb4bfac6f - - default default] Successfully bumped revision number for resource 4e4c7879-f73d-48d3-8da3-072f2476d214 (type: security_group_rules) to 0
