2026-05-27 11:09:55.477 9 INFO neutron.db.ovn_revision_numbers_db [None req-ee35cc8e-2494-4aec-bb7d-18c8763f3d77 - - - - - -] Successfully bumped revision number for resource 76115f45-f5ee-4230-b5da-25f7fa4f2814 (type: ports) to 2
2026-05-27 11:09:55.499 9 INFO neutron.wsgi [None req-07684593-3132-4b99-a1ff-76daec865de4 945ab549e5be46fd8df805fdfb3575bb 278c0661dc5c4cce815f23892f346bcb - - default default] 10.0.0.84 "PUT /v2.0/policies/c91485a7-6ab9-4358-a8aa-6865c32ce032/tags HTTP/1.1" status: 200 len: 230 time: 0.0918388
2026-05-27 11:09:55.544 10 INFO neutron.wsgi [None req-75229000-0c9a-4803-b1b2-4a270d4424a9 945ab549e5be46fd8df805fdfb3575bb 278c0661dc5c4cce815f23892f346bcb - - default default] 10.0.0.84 "GET /v2.0/policies/c91485a7-6ab9-4358-a8aa-6865c32ce032/tags HTTP/1.1" status: 200 len: 230 time: 0.0388799
2026-05-27 11:09:55.574 10 WARNING neutron.scheduler.dhcp_agent_scheduler [None req-4ce2b1e8-c386-4fc3-b508-3ecdf28ed78f a34686d43b8a4113985c2ea9cece35be 93ae98ff4d1b4d8c855eeb47325978fc - - default default] No more DHCP agents
2026-05-27 11:09:55.581 10 WARNING neutron.api.rpc.agentnotifiers.dhcp_rpc_agent_api [None req-4ce2b1e8-c386-4fc3-b508-3ecdf28ed78f a34686d43b8a4113985c2ea9cece35be 93ae98ff4d1b4d8c855eeb47325978fc - - default default] Unable to schedule network bbc65aa7-5462-458d-a451-dd931d3aa32d: no agents available; will retry on subsequent port and subnet creation events.
2026-05-27 11:09:55.597 10 INFO neutron.wsgi [None req-e44dd999-f0db-4e3f-b7cc-8d8e87689304 945ab549e5be46fd8df805fdfb3575bb 278c0661dc5c4cce815f23892f346bcb - - default default] 10.0.0.84 "GET /v2.0/policies/c91485a7-6ab9-4358-a8aa-6865c32ce032/tags/red HTTP/1.1" status: 204 len: 168 time: 0.0436387
2026-05-27 11:09:55.628 9 ERROR ovsdbapp.backend.ovs_idl.command [None req-ee35cc8e-2494-4aec-bb7d-18c8763f3d77 - - - - - -] Error executing command (DbGetCommand): ovsdbapp.backend.ovs_idl.idlutils.RowNotFound: Cannot find Logical_Router_Port with name=lrp-76115f45-f5ee-4230-b5da-25f7fa4f2814
2026-05-27 11:09:55.628 9 ERROR ovsdbapp.backend.ovs_idl.command
Traceback (most recent call last):
2026-05-27 11:09:55.628 9 ERROR ovsdbapp.backend.ovs_idl.command
File "/var/lib/openstack/lib/python3.10/site-packages/ovsdbapp/backend/ovs_idl/command.py", line 47, in execute
2026-05-27 11:09:55.628 9 ERROR ovsdbapp.backend.ovs_idl.command self.run_idl(None)
2026-05-27 11:09:55.628 9 ERROR ovsdbapp.backend.ovs_idl.command
File "/var/lib/openstack/lib/python3.10/site-packages/ovsdbapp/backend/ovs_idl/command.py", line 235, in run_idl
2026-05-27 11:09:55.628 9 ERROR ovsdbapp.backend.ovs_idl.command record = self.api.lookup(self.table, self.record)
2026-05-27 11:09:55.628 9 ERROR ovsdbapp.backend.ovs_idl.command
File "/var/lib/openstack/lib/python3.10/site-packages/ovsdbapp/backend/ovs_idl/__init__.py", line 184, in lookup
2026-05-27 11:09:55.628 9 ERROR ovsdbapp.backend.ovs_idl.command return self._lookup(table, record)
2026-05-27 11:09:55.628 9 ERROR ovsdbapp.backend.ovs_idl.command
File "/var/lib/openstack/lib/python3.10/site-packages/ovsdbapp/backend/ovs_idl/__init__.py", line 235, in _lookup
2026-05-27 11:09:55.628 9 ERROR ovsdbapp.backend.ovs_idl.command row = idlutils.row_by_value(self, rl.table, rl.column, record)
2026-05-27 11:09:55.628 9 ERROR ovsdbapp.backend.ovs_idl.command
File "/var/lib/openstack/lib/python3.10/site-packages/ovsdbapp/backend/ovs_idl/idlutils.py", line 114, in row_by_value
2026-05-27 11:09:55.628 9 ERROR ovsdbapp.backend.ovs_idl.command raise RowNotFound(table=table, col=column, match=match)
2026-05-27 11:09:55.628 9 ERROR ovsdbapp.backend.ovs_idl.command ovsdbapp.backend.ovs_idl.idlutils.RowNotFound: Cannot find Logical_Router_Port with name=lrp-76115f45-f5ee-4230-b5da-25f7fa4f2814
2026-05-27 11:09:55.628 9 ERROR ovsdbapp.backend.ovs_idl.command 
2026-05-27 11:09:55.629 9 ERROR neutron_lib.callbacks.manager [None req-ee35cc8e-2494-4aec-bb7d-18c8763f3d77 - - - - - -] Error during notification for neutron.services.ovn_l3.plugin.OVNL3RouterPlugin._port_update-8782775636719 port, after_update: ovsdbapp.backend.ovs_idl.idlutils.RowNotFound: Cannot find Logical_Router_Port with name=lrp-76115f45-f5ee-4230-b5da-25f7fa4f2814
2026-05-27 11:09:55.629 9 ERROR neutron_lib.callbacks.manager
Traceback (most recent call last):
2026-05-27 11:09:55.629 9 ERROR neutron_lib.callbacks.manager
File "/var/lib/openstack/lib/python3.10/site-packages/neutron_lib/callbacks/manager.py", line 189, in _notify_loop
2026-05-27 11:09:55.629 9 ERROR neutron_lib.callbacks.manager callback.method(resource, event, trigger, payload=payload)
2026-05-27 11:09:55.629 9 ERROR neutron_lib.callbacks.manager
File "/var/lib/openstack/lib/python3.10/site-packages/neutron/services/ovn_l3/plugin.py", line 391, in _port_update
2026-05-27 11:09:55.629 9 ERROR neutron_lib.callbacks.manager l3plugin._ovn_client.update_router_port(context,
2026-05-27 11:09:55.629 9 ERROR neutron_lib.callbacks.manager
File "/var/lib/openstack/lib/python3.10/site-packages/neutron/plugins/ml2/drivers/ovn/mech_driver/ovsdb/ovn_client.py", line 1878, in update_router_port
2026-05-27 11:09:55.629 9 ERROR neutron_lib.callbacks.manager self._update_lrouter_port(context, port, if_exists=if_exists,
2026-05-27 11:09:55.629 9 ERROR neutron_lib.callbacks.manager
File "/var/lib/openstack/lib/python3.10/site-packages/neutron/plugins/ml2/drivers/ovn/mech_driver/ovsdb/ovn_client.py", line 1855, in _update_lrouter_port
2026-05-27 11:09:55.629 9 ERROR neutron_lib.callbacks.manager external_ids = self._nb_idl.db_get(
2026-05-27 11:09:55.629 9 ERROR neutron_lib.callbacks.manager
File "/var/lib/openstack/lib/python3.10/site-packages/ovsdbapp/backend/ovs_idl/command.py", line 47, in execute
2026-05-27 11:09:55.629 9 ERROR neutron_lib.callbacks.manager self.run_idl(None)
2026-05-27 11:09:55.629 9 ERROR neutron_lib.callbacks.manager
File "/var/lib/openstack/lib/python3.10/site-packages/ovsdbapp/backend/ovs_idl/command.py", line 235, in run_idl
2026-05-27 11:09:55.629 9 ERROR neutron_lib.callbacks.manager record = self.api.lookup(self.table, self.record)
2026-05-27 11:09:55.629 9 ERROR neutron_lib.callbacks.manager
File "/var/lib/openstack/lib/python3.10/site-packages/ovsdbapp/backend/ovs_idl/__init__.py", line 184, in lookup
2026-05-27 11:09:55.629 9 ERROR neutron_lib.callbacks.manager return self._lookup(table, record)
2026-05-27 11:09:55.629 9 ERROR neutron_lib.callbacks.manager
File "/var/lib/openstack/lib/python3.10/site-packages/ovsdbapp/backend/ovs_idl/__init__.py", line 235, in _lookup
2026-05-27 11:09:55.629 9 ERROR neutron_lib.callbacks.manager row = idlutils.row_by_value(self, rl.table, rl.column, record)
2026-05-27 11:09:55.629 9 ERROR neutron_lib.callbacks.manager
File "/var/lib/openstack/lib/python3.10/site-packages/ovsdbapp/backend/ovs_idl/idlutils.py", line 114, in row_by_value
2026-05-27 11:09:55.629 9 ERROR neutron_lib.callbacks.manager raise RowNotFound(table=table, col=column, match=match)
2026-05-27 11:09:55.629 9 ERROR neutron_lib.callbacks.manager ovsdbapp.backend.ovs_idl.idlutils.RowNotFound: Cannot find Logical_Router_Port with name=lrp-76115f45-f5ee-4230-b5da-25f7fa4f2814
2026-05-27 11:09:55.629 9 ERROR neutron_lib.callbacks.manager 
2026-05-27 11:09:55.644 10 INFO neutron.api.v2.resource [None req-0153e132-b9b8-4a81-8b34-2cdea4e2242e 945ab549e5be46fd8df805fdfb3575bb 278c0661dc5c4cce815f23892f346bcb - - default default] show failed (client error): The resource could not be found.
2026-05-27 11:09:55.646 10 INFO neutron.wsgi [None req-0153e132-b9b8-4a81-8b34-2cdea4e2242e 945ab549e5be46fd8df805fdfb3575bb 278c0661dc5c4cce815f23892f346bcb - - default default] 10.0.0.84 "GET /v2.0/policies/c91485a7-6ab9-4358-a8aa-6865c32ce032/tags/green HTTP/1.1" status: 404 len: 299 time: 0.0434442
2026-05-27 11:09:55.709 9 INFO neutron.wsgi [None req-303c26d8-ce05-4386-bff3-e9f9b29535d4 945ab549e5be46fd8df805fdfb3575bb 278c0661dc5c4cce815f23892f346bcb - - default default] 10.0.0.84 "DELETE /v2.0/policies/c91485a7-6ab9-4358-a8aa-6865c32ce032/tags/red HTTP/1.1" status: 204 len: 168 time: 0.0562661
2026-05-27 11:09:55.720 9 INFO neutron.db.ovn_revision_numbers_db [None req-fea7f9df-3b9a-4882-b77e-f28af0d2bbc6 c0691106f4444cb7adef7b06bf26702c 790fbbe6b6384654a65bb31eb4bfac6f - - default default] Successfully bumped revision number for resource 76115f45-f5ee-4230-b5da-25f7fa4f2814 (type: router_ports) to 1
2026-05-27 11:09:55.725 9 INFO neutron.wsgi [None req-fea7f9df-3b9a-4882-b77e-f28af0d2bbc6 c0691106f4444cb7adef7b06bf26702c 790fbbe6b6384654a65bb31eb4bfac6f - - default default] 10.0.0.84 "PUT /v2.0/routers/3eb3b2c8-819e-4000-93de-38f1c3120a02/add_router_interface HTTP/1.1" status: 200 len: 503 time: 3.4441643
2026-05-27 11:09:55.745 10 INFO neutron.wsgi [None req-fdf497c0-c0e0-412d-a85a-5b847387781a 945ab549e5be46fd8df805fdfb3575bb 278c0661dc5c4cce815f23892f346bcb - - default default] 10.0.0.84 "GET /v2.0/policies/c91485a7-6ab9-4358-a8aa-6865c32ce032/tags HTTP/1.1" status: 200 len: 223 time: 0.0318115
2026-05-27 11:09:55.787 10 INFO neutron.api.v2.resource [None req-b70be3b1-6a49-42ba-ab81-7c88748b33f8 945ab549e5be46fd8df805fdfb3575bb 278c0661dc5c4cce815f23892f346bcb - - default default] delete failed (client error): The resource could not be found.
2026-05-27 11:09:55.789 10 INFO neutron.wsgi [None req-b70be3b1-6a49-42ba-ab81-7c88748b33f8 945ab549e5be46fd8df805fdfb3575bb 278c0661dc5c4cce815f23892f346bcb - - default default] 10.0.0.84 "DELETE /v2.0/policies/c91485a7-6ab9-4358-a8aa-6865c32ce032/tags/green HTTP/1.1" status: 404 len: 299 time: 0.0401134
2026-05-27 11:09:55.830 9 INFO neutron.wsgi [None req-9e30e0f1-7807-4210-a022-69b4b40caae2 945ab549e5be46fd8df805fdfb3575bb 278c0661dc5c4cce815f23892f346bcb - - default default] 10.0.0.84 "DELETE /v2.0/policies/c91485a7-6ab9-4358-a8aa-6865c32ce032/tags HTTP/1.1" status: 204 len: 168 time: 0.0363038
2026-05-27 11:09:55.857 9 INFO neutron.wsgi [None req-897bab1b-0b62-4d13-93b8-a398d3f17018 945ab549e5be46fd8df805fdfb3575bb 278c0661dc5c4cce815f23892f346bcb - - default default] 10.0.0.84 "GET /v2.0/policies/c91485a7-6ab9-4358-a8aa-6865c32ce032/tags HTTP/1.1" status: 200 len: 205 time: 0.0203772
2026-05-27 11:09:55.924 9 INFO neutron.wsgi [None req-0e0caab2-2d1d-4008-91e1-920e171356b9 945ab549e5be46fd8df805fdfb3575bb 278c0661dc5c4cce815f23892f346bcb - - default default] 10.0.0.84 "DELETE /v2.0/qos/policies/c91485a7-6ab9-4358-a8aa-6865c32ce032 HTTP/1.1" status: 204 len: 168 time: 0.0592475
2026-05-27 11:09:56.181 10 INFO neutron.db.ovn_revision_numbers_db [None req-4ce2b1e8-c386-4fc3-b508-3ecdf28ed78f a34686d43b8a4113985c2ea9cece35be 93ae98ff4d1b4d8c855eeb47325978fc - - default default] Successfully bumped revision number for resource bceee9bb-bb7c-4c4f-907b-a20fcde80d47 (type: ports) to 2
2026-05-27 11:09:56.226 10 INFO neutron.db.ovn_revision_numbers_db [None req-4ce2b1e8-c386-4fc3-b508-3ecdf28ed78f a34686d43b8a4113985c2ea9cece35be 93ae98ff4d1b4d8c855eeb47325978fc - - default default] Successfully bumped revision number for resource f9bfe733-a930-4bc2-b5a2-fc8af14bbb35 (type: subnets) to 0
2026-05-27 11:09:56.245 10 INFO neutron.wsgi [None req-4ce2b1e8-c386-4fc3-b508-3ecdf28ed78f a34686d43b8a4113985c2ea9cece35be 93ae98ff4d1b4d8c855eeb47325978fc - - default default] 10.0.0.84 "POST /v2.0/subnets HTTP/1.1" status: 201 len: 831 time: 1.0031548
2026-05-27 11:09:56.259 10 WARNING neutron_lib.context [None req-6e5d1189-7705-4b02-9e87-02c320cb0ecf a34686d43b8a4113985c2ea9cece35be 93ae98ff4d1b4d8c855eeb47325978fc - - default default] Method 'is_advsvc' is deprecated since 2023.2 release (neutron-lib 3.8.0) and will be removed once support for the old RBAC API policies will be removed from Neutron. Please use method 'is_service_role' instead.
2026-05-27 11:09:56.547 10 WARNING neutron.scheduler.dhcp_agent_scheduler [None req-6e5d1189-7705-4b02-9e87-02c320cb0ecf a34686d43b8a4113985c2ea9cece35be 93ae98ff4d1b4d8c855eeb47325978fc - - default default] No more DHCP agents
2026-05-27 11:09:56.559 10 WARNING neutron.api.rpc.agentnotifiers.dhcp_rpc_agent_api [None req-6e5d1189-7705-4b02-9e87-02c320cb0ecf a34686d43b8a4113985c2ea9cece35be 93ae98ff4d1b4d8c855eeb47325978fc - - default default] Unable to schedule network bbc65aa7-5462-458d-a451-dd931d3aa32d: no agents available; will retry on subsequent port and subnet creation events.
2026-05-27 11:09:56.610 10 INFO neutron.db.ovn_revision_numbers_db [None req-6e5d1189-7705-4b02-9e87-02c320cb0ecf a34686d43b8a4113985c2ea9cece35be 93ae98ff4d1b4d8c855eeb47325978fc - - default default] Successfully bumped revision number for resource cd0342ea-fd8a-46a4-bdeb-42bfd3d0cca1 (type: subnets) to 0
2026-05-27 11:09:56.627 10 INFO neutron.wsgi [None req-6e5d1189-7705-4b02-9e87-02c320cb0ecf a34686d43b8a4113985c2ea9cece35be 93ae98ff4d1b4d8c855eeb47325978fc - - default default] 10.0.0.84 "POST /v2.0/subnets HTTP/1.1" status: 201 len: 905 time: 0.3762579
2026-05-27 11:09:56.637 10 WARNING neutron_lib.context [None req-89862b9c-d568-4f92-81e9-f73c55970284 a34686d43b8a4113985c2ea9cece35be 93ae98ff4d1b4d8c855eeb47325978fc - - default default] Method 'is_advsvc' is deprecated since 2023.2 release (neutron-lib 3.8.0) and will be removed once support for the old RBAC API policies will be removed from Neutron. Please use method 'is_service_role' instead.
2026-05-27 11:09:56.951 10 INFO neutron.db.ovn_revision_numbers_db [None req-600b741b-28de-4cfc-a808-f08fbd99881e c0691106f4444cb7adef7b06bf26702c 790fbbe6b6384654a65bb31eb4bfac6f - - default default] Successfully bumped revision number for resource 09c9cb02-3208-4fce-a285-20c9e3475606 (type: security_groups) to 1
2026-05-27 11:09:56.958 9 INFO neutron.db.ovn_revision_numbers_db [None req-2b5fc413-3155-43cb-9441-d3efde8a5ffb c0691106f4444cb7adef7b06bf26702c 790fbbe6b6384654a65bb31eb4bfac6f - - default default] Successfully bumped revision number for resource 464f0a9c-1578-4d35-8934-150a3baae723 (type: security_groups) to 1
2026-05-27 11:09:56.966 10 INFO neutron.db.ovn_revision_numbers_db [None req-600b741b-28de-4cfc-a808-f08fbd99881e c0691106f4444cb7adef7b06bf26702c 790fbbe6b6384654a65bb31eb4bfac6f - - default default] Successfully bumped revision number for resource 2a30277d-010d-4ff9-aeb7-9cac6efb1dbd (type: security_group_rules) to 0
2026-05-27 11:09:56.971 9 INFO neutron.db.ovn_revision_numbers_db [None req-2b5fc413-3155-43cb-9441-d3efde8a5ffb c0691106f4444cb7adef7b06bf26702c 790fbbe6b6384654a65bb31eb4bfac6f - - default default] Successfully bumped revision number for resource 312cc96d-55ab-42b3-b3be-da9a044c9655 (type: security_group_rules) to 0
2026-05-27 11:09:56.985 10 INFO neutron.db.ovn_revision_numbers_db [None req-600b741b-28de-4cfc-a808-f08fbd99881e c0691106f4444cb7adef7b06bf26702c 790fbbe6b6384654a65bb31eb4bfac6f - - default default] Successfully bumped revision number for resource 4602c002-01bd-41c5-ae75-9acb9a55dd4e (type: security_group_rules) to 0
2026-05-27 11:09:56.997 9 INFO neutron.db.ovn_revision_numbers_db [None req-2b5fc413-3155-43cb-9441-d3efde8a5ffb c0691106f4444cb7adef7b06bf26702c 790fbbe6b6384654a65bb31eb4bfac6f - - default default] Successfully bumped revision number for resource 6e7b5ffd-9a7d-4e8c-b206-855caf69a1c1 (type: security_group_rules) to 0
2026-05-27 11:09:57.015 9 INFO neutron.db.ovn_revision_numbers_db [None req-2b5fc413-3155-43cb-9441-d3efde8a5ffb c0691106f4444cb7adef7b06bf26702c 790fbbe6b6384654a65bb31eb4bfac6f - - default default] Successfully bumped revision number for resource 9372ed2e-56af-45a6-86e7-350d9ed2c233 (type: security_group_rules) to 0
2026-05-27 11:09:57.028 9 INFO neutron.db.ovn_revision_numbers_db [None req-2b5fc413-3155-43cb-9441-d3efde8a5ffb c0691106f4444cb7adef7b06bf26702c 790fbbe6b6384654a65bb31eb4bfac6f - - default default] Successfully bumped revision number for resource d61fa432-7377-449c-8006-8d7e1bc27060 (type: security_group_rules) to 0
2026-05-27 11:09:57.030 10 INFO neutron.db.ovn_revision_numbers_db [None req-600b741b-28de-4cfc-a808-f08fbd99881e c0691106f4444cb7adef7b06bf26702c 790fbbe6b6384654a65bb31eb4bfac6f - - default default] Successfully bumped revision number for resource 9ffb09f2-a8c8-455e-837c-e89fabaaba23 (type: security_group_rules) to 0
2026-05-27 11:09:57.050 10 INFO neutron.db.ovn_revision_numbers_db [None req-600b741b-28de-4cfc-a808-f08fbd99881e c0691106f4444cb7adef7b06bf26702c 790fbbe6b6384654a65bb31eb4bfac6f - - default default] Successfully bumped revision number for resource abad02d5-c46a-4306-ae49-fc284d7411ce (type: security_group_rules) to 0
2026-05-27 11:09:57.082 9 INFO neutron.db.segments_db [None req-2b5fc413-3155-43cb-9441-d3efde8a5ffb c0691106f4444cb7adef7b06bf26702c 790fbbe6b6384654a65bb31eb4bfac6f - - default default] Added segment cb98cda2-aa06-4793-a65b-c8ac3d057e5b of type geneve for network f73051ed-8c0c-450a-a3e4-effc858c1465
2026-05-27 11:09:57.083 10 INFO neutron.wsgi [None req-600b741b-28de-4cfc-a808-f08fbd99881e c0691106f4444cb7adef7b06bf26702c 790fbbe6b6384654a65bb31eb4bfac6f - - default default] 10.0.0.84 "GET /v2.0/security-groups?tenant_id=278c0661dc5c4cce815f23892f346bcb&name=default HTTP/1.1" status: 200 len: 3122 time: 0.5028691
2026-05-27 11:09:57.192 10 WARNING neutron.scheduler.dhcp_agent_scheduler [None req-89862b9c-d568-4f92-81e9-f73c55970284 a34686d43b8a4113985c2ea9cece35be 93ae98ff4d1b4d8c855eeb47325978fc - - default default] No more DHCP agents
2026-05-27 11:09:57.196 10 WARNING neutron.api.rpc.agentnotifiers.dhcp_rpc_agent_api [None req-89862b9c-d568-4f92-81e9-f73c55970284 a34686d43b8a4113985c2ea9cece35be 93ae98ff4d1b4d8c855eeb47325978fc - - default default] Unable to schedule network 889b54fb-2d9e-49fa-a546-7ad775c9e91b: no agents available; will retry on subsequent port and subnet creation events.
2026-05-27 11:09:57.269 9 INFO neutron.db.ovn_revision_numbers_db [None req-2b5fc413-3155-43cb-9441-d3efde8a5ffb c0691106f4444cb7adef7b06bf26702c 790fbbe6b6384654a65bb31eb4bfac6f - - default default] Successfully bumped revision number for resource f73051ed-8c0c-450a-a3e4-effc858c1465 (type: networks) to 1
2026-05-27 11:09:57.354 10 INFO neutron.db.ovn_revision_numbers_db [None req-89862b9c-d568-4f92-81e9-f73c55970284 a34686d43b8a4113985c2ea9cece35be 93ae98ff4d1b4d8c855eeb47325978fc - - default default] Successfully bumped revision number for resource 674015e0-cb17-47a8-baec-246db8612488 (type: ports) to 1
2026-05-27 11:09:57.424 9 INFO neutron.wsgi [None req-f95ca963-e0d0-4850-884b-e071ca307a51 c0691106f4444cb7adef7b06bf26702c 790fbbe6b6384654a65bb31eb4bfac6f - - default default] 10.0.0.84 "DELETE /v2.0/security-groups/09c9cb02-3208-4fce-a285-20c9e3475606 HTTP/1.1" status: 204 len: 168 time: 0.3362288
2026-05-27 11:09:57.444 9 WARNING neutron.scheduler.dhcp_agent_scheduler [None req-2b5fc413-3155-43cb-9441-d3efde8a5ffb c0691106f4444cb7adef7b06bf26702c 790fbbe6b6384654a65bb31eb4bfac6f - - default default] No more DHCP agents
2026-05-27 11:09:57.446 9 WARNING neutron.api.rpc.agentnotifiers.dhcp_rpc_agent_api [None req-2b5fc413-3155-43cb-9441-d3efde8a5ffb c0691106f4444cb7adef7b06bf26702c 790fbbe6b6384654a65bb31eb4bfac6f - - default default] Unable to schedule network f73051ed-8c0c-450a-a3e4-effc858c1465: no agents available; will retry on subsequent port and subnet creation events.
2026-05-27 11:09:57.522 9 INFO neutron.db.ovn_revision_numbers_db [None req-2b5fc413-3155-43cb-9441-d3efde8a5ffb c0691106f4444cb7adef7b06bf26702c 790fbbe6b6384654a65bb31eb4bfac6f - - default default] Successfully bumped revision number for resource 1d31c2be-b798-40a6-b091-8c0b5dba1d3b (type: ports) to 1
2026-05-27 11:09:57.543 9 INFO neutron.wsgi [None req-2b5fc413-3155-43cb-9441-d3efde8a5ffb c0691106f4444cb7adef7b06bf26702c 790fbbe6b6384654a65bb31eb4bfac6f - - default default] 10.0.0.84 "POST /v2.0/networks HTTP/1.1" status: 201 len: 943 time: 0.7261019
2026-05-27 11:09:57.966 9 WARNING neutron.scheduler.dhcp_agent_scheduler [None req-303d6c75-9497-4e70-bf50-8d842633005c c0691106f4444cb7adef7b06bf26702c 790fbbe6b6384654a65bb31eb4bfac6f - - default default] No more DHCP agents
2026-05-27 11:09:57.967 9 INFO neutron.db.ovn_revision_numbers_db [None req-0a63a7af-4a08-4abc-92d1-9a466b44f7a7 c0691106f4444cb7adef7b06bf26702c 790fbbe6b6384654a65bb31eb4bfac6f - - default default] Successfully bumped revision number for resource e91d98e2-9058-40e5-8007-4498f1de67bb (type: security_groups) to 1
2026-05-27 11:09:57.968 9 WARNING neutron.api.rpc.agentnotifiers.dhcp_rpc_agent_api [None req-303d6c75-9497-4e70-bf50-8d842633005c c0691106f4444cb7adef7b06bf26702c 790fbbe6b6384654a65bb31eb4bfac6f - - default default] Unable to schedule network f73051ed-8c0c-450a-a3e4-effc858c1465: no agents available; will retry on subsequent port and subnet creation events.
2026-05-27 11:09:57.990 9 INFO neutron.db.ovn_revision_numbers_db [None req-0a63a7af-4a08-4abc-92d1-9a466b44f7a7 c0691106f4444cb7adef7b06bf26702c 790fbbe6b6384654a65bb31eb4bfac6f - - default default] Successfully bumped revision number for resource 1356d9d9-5c4b-4af5-8c33-75194832f16c (type: security_group_rules) to 0
2026-05-27 11:09:58.014 9 INFO neutron.db.ovn_revision_numbers_db [None req-0a63a7af-4a08-4abc-92d1-9a466b44f7a7 c0691106f4444cb7adef7b06bf26702c 790fbbe6b6384654a65bb31eb4bfac6f - - default default] Successfully bumped revision number for resource 4d8b4ad7-e302-47a4-b359-450f2dc583bb (type: security_group_rules) to 0
2026-05-27 11:09:58.029 9 INFO neutron.db.ovn_revision_numbers_db [None req-0a63a7af-4a08-4abc-92d1-9a466b44f7a7 c0691106f4444cb7adef7b06bf26702c 790fbbe6b6384654a65bb31eb4bfac6f - - default default] Successfully bumped revision number for resource 64f29ba4-3906-412e-89ce-34dbb277eb3b (type: security_group_rules) to 0
2026-05-27 11:09:58.049 9 INFO neutron.db.ovn_revision_numbers_db [None req-0a63a7af-4a08-4abc-92d1-9a466b44f7a7 c0691106f4444cb7adef7b06bf26702c 790fbbe6b6384654a65bb31eb4bfac6f - - default default] Successfully bumped revision number for resource 863e79e8-bde9-4678-abc5-77a3818d13ae (type: security_group_rules) to 0
2026-05-27 11:09:58.074 9 INFO neutron.wsgi [None req-0a63a7af-4a08-4abc-92d1-9a466b44f7a7 c0691106f4444cb7adef7b06bf26702c 790fbbe6b6384654a65bb31eb4bfac6f - - default default] 10.0.0.84 "GET /v2.0/security-groups?tenant_id=c9120bb617894280aef24f0fd2e728e8&name=default HTTP/1.1" status: 200 len: 3124 time: 0.5143628
2026-05-27 11:09:58.341 10 INFO neutron.plugins.ml2.drivers.ovn.mech_driver.ovsdb.commands [None req-175e2eae-dcfb-464b-996d-63bd75074605 - - - - - -] Schedule LRP lrp-674015e0-cb17-47a8-baec-246db8612488 on gateway 48f831bc-71ac-432d-a82d-4d8b8361e013 with priority 1
2026-05-27 11:09:58.379 10 INFO neutron.plugins.ml2.drivers.ovn.mech_driver.ovsdb.ovsdb_monitor [None req-5fa43fb0-42b9-4f88-96cc-5f39144a9cea - - - - - -] Router 0387acf7-89d9-4d8c-9f17-b429acc2b084 is bound to host instance
2026-05-27 11:09:58.381 10 INFO neutron.db.ovn_revision_numbers_db [None req-89862b9c-d568-4f92-81e9-f73c55970284 a34686d43b8a4113985c2ea9cece35be 93ae98ff4d1b4d8c855eeb47325978fc - - default default] Successfully bumped revision number for resource 674015e0-cb17-47a8-baec-246db8612488 (type: router_ports) to 1
2026-05-27 11:09:58.414 10 INFO neutron.wsgi [None req-2ef4ce86-806c-4d35-9f53-73567d7bb4af c0691106f4444cb7adef7b06bf26702c 790fbbe6b6384654a65bb31eb4bfac6f - - default default] 10.0.0.84 "DELETE /v2.0/security-groups/e91d98e2-9058-40e5-8007-4498f1de67bb HTTP/1.1" status: 204 len: 168 time: 0.3342867
2026-05-27 11:09:58.488 10 INFO neutron.db.ovn_revision_numbers_db [None req-89862b9c-d568-4f92-81e9-f73c55970284 a34686d43b8a4113985c2ea9cece35be 93ae98ff4d1b4d8c855eeb47325978fc - - default default] Successfully bumped revision number for resource 0387acf7-89d9-4d8c-9f17-b429acc2b084 (type: routers) to 2
2026-05-27 11:09:58.506 10 INFO neutron.wsgi [None req-89862b9c-d568-4f92-81e9-f73c55970284 a34686d43b8a4113985c2ea9cece35be 93ae98ff4d1b4d8c855eeb47325978fc - - default default] 10.0.0.84 "POST /v2.0/routers HTTP/1.1" status: 201 len: 1143 time: 1.8739641
2026-05-27 11:09:58.506 9 INFO neutron.db.ovn_revision_numbers_db [None req-303d6c75-9497-4e70-bf50-8d842633005c c0691106f4444cb7adef7b06bf26702c 790fbbe6b6384654a65bb31eb4bfac6f - - default default] Successfully bumped revision number for resource 1d31c2be-b798-40a6-b091-8c0b5dba1d3b (type: ports) to 2
2026-05-27 11:09:58.545 9 INFO neutron.db.ovn_revision_numbers_db [None req-303d6c75-9497-4e70-bf50-8d842633005c c0691106f4444cb7adef7b06bf26702c 790fbbe6b6384654a65bb31eb4bfac6f - - default default] Successfully bumped revision number for resource 7ac22711-6885-46c9-88bf-47f17abce417 (type: subnets) to 0
2026-05-27 11:09:58.562 9 INFO neutron.wsgi [None req-303d6c75-9497-4e70-bf50-8d842633005c c0691106f4444cb7adef7b06bf26702c 790fbbe6b6384654a65bb31eb4bfac6f - - default default] 10.0.0.84 "POST /v2.0/subnets HTTP/1.1" status: 201 len: 863 time: 1.0149527
2026-05-27 11:09:59.088 9 WARNING neutron.scheduler.dhcp_agent_scheduler [None req-85f3964b-ee87-4ae6-9776-787bea07d88b c0691106f4444cb7adef7b06bf26702c 790fbbe6b6384654a65bb31eb4bfac6f - - default default] No more DHCP agents
2026-05-27 11:09:59.091 9 WARNING neutron.api.rpc.agentnotifiers.dhcp_rpc_agent_api [None req-85f3964b-ee87-4ae6-9776-787bea07d88b c0691106f4444cb7adef7b06bf26702c 790fbbe6b6384654a65bb31eb4bfac6f - - default default] Unable to schedule network 889b54fb-2d9e-49fa-a546-7ad775c9e91b: no agents available; will retry on subsequent port and subnet creation events.
2026-05-27 11:09:59.244 9 INFO neutron.db.ovn_revision_numbers_db [None req-85f3964b-ee87-4ae6-9776-787bea07d88b c0691106f4444cb7adef7b06bf26702c 790fbbe6b6384654a65bb31eb4bfac6f - - default default] Successfully bumped revision number for resource cbff138b-35a8-4471-8cc7-f320106626ac (type: ports) to 1
2026-05-27 11:09:59.696 10 INFO neutron.db.ovn_revision_numbers_db [None req-5fa43fb0-42b9-4f88-96cc-5f39144a9cea - - - - - -] Successfully bumped revision number for resource 674015e0-cb17-47a8-baec-246db8612488 (type: ports) to 1
2026-05-27 11:09:59.703 10 WARNING neutron.scheduler.dhcp_agent_scheduler [None req-a4c54dea-7a07-42b1-b0aa-28b8f56e8ac8 a34686d43b8a4113985c2ea9cece35be 93ae98ff4d1b4d8c855eeb47325978fc - - default default] No more DHCP agents
2026-05-27 11:09:59.705 10 WARNING neutron.api.rpc.agentnotifiers.dhcp_rpc_agent_api [None req-a4c54dea-7a07-42b1-b0aa-28b8f56e8ac8 a34686d43b8a4113985c2ea9cece35be 93ae98ff4d1b4d8c855eeb47325978fc - - default default] Unable to schedule network dc239c5f-4ff7-4081-b040-6b985334ad09: no agents available; will retry on subsequent port and subnet creation events.
2026-05-27 11:09:59.923 15 INFO neutron.plugins.ml2.drivers.ovn.mech_driver.ovsdb.maintenance [None req-6233a2a4-25a3-4c85-83e2-e0edfe1a0578 - - - - - -] Maintenance task: Synchronization completed (took 1.88 seconds)
2026-05-27 11:09:59.932 9 INFO neutron.plugins.ml2.drivers.ovn.mech_driver.ovsdb.commands [None req-bf5d6d2d-0946-41cc-957f-e77579c016fd - - - - - -] Schedule LRP lrp-cbff138b-35a8-4471-8cc7-f320106626ac on gateway 48f831bc-71ac-432d-a82d-4d8b8361e013 with priority 1
2026-05-27 11:09:59.960 9 INFO neutron.plugins.ml2.drivers.ovn.mech_driver.ovsdb.ovsdb_monitor [None req-b9fe7c78-f113-4369-9f33-23cd55a53877 - - - - - -] Router 8281c7a5-2da1-4647-af9d-b58d1e62e53b is bound to host instance
2026-05-27 11:09:59.966 10 INFO neutron.plugins.ml2.drivers.ovn.mech_driver.mech_driver [None req-f0e4303d-c993-4742-80bd-99375a17e647 - - - - - -] OVN reports status up for port: cbff138b-35a8-4471-8cc7-f320106626ac
2026-05-27 11:10:00.010 10 INFO neutron.plugins.ml2.plugin [None req-f0e4303d-c993-4742-80bd-99375a17e647 - - - - - -] Attempt 1 to provision port cbff138b-35a8-4471-8cc7-f320106626ac
2026-05-27 11:10:00.030 10 INFO neutron.db.ovn_revision_numbers_db [None req-a4c54dea-7a07-42b1-b0aa-28b8f56e8ac8 a34686d43b8a4113985c2ea9cece35be 93ae98ff4d1b4d8c855eeb47325978fc - - default default] Successfully bumped revision number for resource 0b48d605-15b2-499f-a095-93d178cf4f8e (type: ports) to 1
2026-05-27 11:10:00.217 9 INFO neutron.db.ovn_revision_numbers_db [None req-85f3964b-ee87-4ae6-9776-787bea07d88b c0691106f4444cb7adef7b06bf26702c 790fbbe6b6384654a65bb31eb4bfac6f - - default default] Successfully bumped revision number for resource cbff138b-35a8-4471-8cc7-f320106626ac (type: router_ports) to 1
2026-05-27 11:10:00.345 9 INFO neutron.db.ovn_revision_numbers_db [None req-85f3964b-ee87-4ae6-9776-787bea07d88b c0691106f4444cb7adef7b06bf26702c 790fbbe6b6384654a65bb31eb4bfac6f - - default default] Successfully bumped revision number for resource 8281c7a5-2da1-4647-af9d-b58d1e62e53b (type: routers) to 2
2026-05-27 11:10:00.372 9 INFO neutron.wsgi [None req-85f3964b-ee87-4ae6-9776-787bea07d88b c0691106f4444cb7adef7b06bf26702c 790fbbe6b6384654a65bb31eb4bfac6f - - default default] 10.0.0.84 "POST /v2.0/routers HTTP/1.1" status: 201 len: 1165 time: 1.8042674
2026-05-27 11:10:00.608 10 INFO neutron.db.ovn_revision_numbers_db [None req-5fa43fb0-42b9-4f88-96cc-5f39144a9cea - - - - - -] Successfully bumped revision number for resource 674015e0-cb17-47a8-baec-246db8612488 (type: router_ports) to 3
2026-05-27 11:10:00.624 9 WARNING neutron.plugins.ml2.drivers.ovn.mech_driver.ovsdb.ovn_client [None req-ee35cc8e-2494-4aec-bb7d-18c8763f3d77 - - - - - -] No hosting information found for port 76115f45-f5ee-4230-b5da-25f7fa4f2814: RuntimeError: No hosting information found for port 76115f45-f5ee-4230-b5da-25f7fa4f2814
2026-05-27 11:10:00.624 9 INFO neutron.plugins.ml2.drivers.ovn.mech_driver.mech_driver [None req-ee35cc8e-2494-4aec-bb7d-18c8763f3d77 - - - - - -] OVN reports status up for port: 674015e0-cb17-47a8-baec-246db8612488
2026-05-27 11:10:00.666 9 INFO neutron.plugins.ml2.plugin [None req-ee35cc8e-2494-4aec-bb7d-18c8763f3d77 - - - - - -] Attempt 1 to provision port 674015e0-cb17-47a8-baec-246db8612488
2026-05-27 11:10:00.962 10 INFO neutron.db.ovn_revision_numbers_db [None req-5fa43fb0-42b9-4f88-96cc-5f39144a9cea - - - - - -] Successfully bumped revision number for resource 674015e0-cb17-47a8-baec-246db8612488 (type: ports) to 2
2026-05-27 11:10:01.216 10 ERROR ovsdbapp.backend.ovs_idl.command [None req-a4c54dea-7a07-42b1-b0aa-28b8f56e8ac8 a34686d43b8a4113985c2ea9cece35be 93ae98ff4d1b4d8c855eeb47325978fc - - default default] Error executing command (DbGetCommand): ovsdbapp.backend.ovs_idl.idlutils.RowNotFound: Cannot find Logical_Router_Port with name=lrp-0b48d605-15b2-499f-a095-93d178cf4f8e
2026-05-27 11:10:01.216 10 ERROR ovsdbapp.backend.ovs_idl.command
Traceback (most recent call last):
2026-05-27 11:10:01.216 10 ERROR ovsdbapp.backend.ovs_idl.command
File "/var/lib/openstack/lib/python3.10/site-packages/ovsdbapp/backend/ovs_idl/command.py", line 47, in execute
2026-05-27 11:10:01.216 10 ERROR ovsdbapp.backend.ovs_idl.command self.run_idl(None)
2026-05-27 11:10:01.216 10 ERROR ovsdbapp.backend.ovs_idl.command
File "/var/lib/openstack/lib/python3.10/site-packages/ovsdbapp/backend/ovs_idl/command.py", line 235, in run_idl
2026-05-27 11:10:01.216 10 ERROR ovsdbapp.backend.ovs_idl.command record = self.api.lookup(self.table, self.record)
2026-05-27 11:10:01.216 10 ERROR ovsdbapp.backend.ovs_idl.command
File "/var/lib/openstack/lib/python3.10/site-packages/ovsdbapp/backend/ovs_idl/__init__.py", line 184, in lookup
2026-05-27 11:10:01.216 10 ERROR ovsdbapp.backend.ovs_idl.command return self._lookup(table, record)
2026-05-27 11:10:01.216 10 ERROR ovsdbapp.backend.ovs_idl.command
File "/var/lib/openstack/lib/python3.10/site-packages/ovsdbapp/backend/ovs_idl/__init__.py", line 235, in _lookup
2026-05-27 11:10:01.216 10 ERROR ovsdbapp.backend.ovs_idl.command row = idlutils.row_by_value(self, rl.table, rl.column, record)
2026-05-27 11:10:01.216 10 ERROR ovsdbapp.backend.ovs_idl.command
File "/var/lib/openstack/lib/python3.10/site-packages/ovsdbapp/backend/ovs_idl/idlutils.py", line 114, in row_by_value
2026-05-27 11:10:01.216 10 ERROR ovsdbapp.backend.ovs_idl.command raise RowNotFound(table=table, col=column, match=match)
2026-05-27 11:10:01.216 10 ERROR ovsdbapp.backend.ovs_idl.command ovsdbapp.backend.ovs_idl.idlutils.RowNotFound: Cannot find Logical_Router_Port with name=lrp-0b48d605-15b2-499f-a095-93d178cf4f8e
2026-05-27 11:10:01.216 10 ERROR ovsdbapp.backend.ovs_idl.command 
2026-05-27 11:10:01.216 10 ERROR neutron_lib.callbacks.manager [None req-a4c54dea-7a07-42b1-b0aa-28b8f56e8ac8 a34686d43b8a4113985c2ea9cece35be 93ae98ff4d1b4d8c855eeb47325978fc - - default default] Error during notification for neutron.services.ovn_l3.plugin.OVNL3RouterPlugin._port_update-8782775636719 port, after_update: ovsdbapp.backend.ovs_idl.idlutils.RowNotFound: Cannot find Logical_Router_Port with name=lrp-0b48d605-15b2-499f-a095-93d178cf4f8e
2026-05-27 11:10:01.216 10 ERROR neutron_lib.callbacks.manager
Traceback (most recent call last):
2026-05-27 11:10:01.216 10 ERROR neutron_lib.callbacks.manager
File "/var/lib/openstack/lib/python3.10/site-packages/neutron_lib/callbacks/manager.py", line 189, in _notify_loop
2026-05-27 11:10:01.216 10 ERROR neutron_lib.callbacks.manager callback.method(resource, event, trigger, payload=payload)
2026-05-27 11:10:01.216 10 ERROR neutron_lib.callbacks.manager
File "/var/lib/openstack/lib/python3.10/site-packages/neutron/services/ovn_l3/plugin.py", line 391, in _port_update
2026-05-27 11:10:01.216 10 ERROR neutron_lib.callbacks.manager l3plugin._ovn_client.update_router_port(context,
2026-05-27 11:10:01.216 10 ERROR neutron_lib.callbacks.manager
File "/var/lib/openstack/lib/python3.10/site-packages/neutron/plugins/ml2/drivers/ovn/mech_driver/ovsdb/ovn_client.py", line 1878, in update_router_port
2026-05-27 11:10:01.216 10 ERROR neutron_lib.callbacks.manager self._update_lrouter_port(context, port, if_exists=if_exists,
2026-05-27 11:10:01.216 10 ERROR neutron_lib.callbacks.manager
File "/var/lib/openstack/lib/python3.10/site-packages/neutron/plugins/ml2/drivers/ovn/mech_driver/ovsdb/ovn_client.py", line 1855, in _update_lrouter_port
2026-05-27 11:10:01.216 10 ERROR neutron_lib.callbacks.manager external_ids = self._nb_idl.db_get(
2026-05-27 11:10:01.216 10 ERROR neutron_lib.callbacks.manager
File "/var/lib/openstack/lib/python3.10/site-packages/ovsdbapp/backend/ovs_idl/command.py", line 47, in execute
2026-05-27 11:10:01.216 10 ERROR neutron_lib.callbacks.manager self.run_idl(None)
2026-05-27 11:10:01.216 10 ERROR neutron_lib.callbacks.manager
File "/var/lib/openstack/lib/python3.10/site-packages/ovsdbapp/backend/ovs_idl/command.py", line 235, in run_idl
2026-05-27 11:10:01.216 10 ERROR neutron_lib.callbacks.manager record = self.api.lookup(self.table, self.record)
2026-05-27 11:10:01.216 10 ERROR neutron_lib.callbacks.manager
File "/var/lib/openstack/lib/python3.10/site-packages/ovsdbapp/backend/ovs_idl/__init__.py", line 184, in lookup
2026-05-27 11:10:01.216 10 ERROR neutron_lib.callbacks.manager return self._lookup(table, record)
2026-05-27 11:10:01.216 10 ERROR neutron_lib.callbacks.manager
File "/var/lib/openstack/lib/python3.10/site-packages/ovsdbapp/backend/ovs_idl/__init__.py", line 235, in _lookup
2026-05-27 11:10:01.216 10 ERROR neutron_lib.callbacks.manager row = idlutils.row_by_value(self, rl.table, rl.column, record)
2026-05-27 11:10:01.216 10 ERROR neutron_lib.callbacks.manager
File "/var/lib/openstack/lib/python3.10/site-packages/ovsdbapp/backend/ovs_idl/idlutils.py", line 114, in row_by_value
2026-05-27 11:10:01.216 10 ERROR neutron_lib.callbacks.manager raise RowNotFound(table=table, col=column, match=match)
2026-05-27 11:10:01.216 10 ERROR neutron_lib.callbacks.manager ovsdbapp.backend.ovs_idl.idlutils.RowNotFound: Cannot find Logical_Router_Port with name=lrp-0b48d605-15b2-499f-a095-93d178cf4f8e
2026-05-27 11:10:01.216 10 ERROR neutron_lib.callbacks.manager 
2026-05-27 11:10:01.475 10 INFO neutron.db.ovn_revision_numbers_db [None req-a4c54dea-7a07-42b1-b0aa-28b8f56e8ac8 a34686d43b8a4113985c2ea9cece35be 93ae98ff4d1b4d8c855eeb47325978fc - - default default] Successfully bumped revision number for resource 0b48d605-15b2-499f-a095-93d178cf4f8e (type: ports) to 1
2026-05-27 11:10:01.540 10 WARNING neutron.scheduler.dhcp_agent_scheduler [None req-a4c54dea-7a07-42b1-b0aa-28b8f56e8ac8 a34686d43b8a4113985c2ea9cece35be 93ae98ff4d1b4d8c855eeb47325978fc - - default default] No more DHCP agents
2026-05-27 11:10:01.541 10 WARNING neutron.api.rpc.agentnotifiers.dhcp_rpc_agent_api [None req-a4c54dea-7a07-42b1-b0aa-28b8f56e8ac8 a34686d43b8a4113985c2ea9cece35be 93ae98ff4d1b4d8c855eeb47325978fc - - default default] Unable to schedule network dc239c5f-4ff7-4081-b040-6b985334ad09: no agents available; will retry on subsequent port and subnet creation events.
2026-05-27 11:10:01.586 9 WARNING neutron.scheduler.dhcp_agent_scheduler [None req-30ae4d3b-e45d-4fd0-9bf4-c7069c37a1d9 c0691106f4444cb7adef7b06bf26702c 790fbbe6b6384654a65bb31eb4bfac6f - - default default] No more DHCP agents
2026-05-27 11:10:01.591 9 WARNING neutron.api.rpc.agentnotifiers.dhcp_rpc_agent_api [None req-30ae4d3b-e45d-4fd0-9bf4-c7069c37a1d9 c0691106f4444cb7adef7b06bf26702c 790fbbe6b6384654a65bb31eb4bfac6f - - default default] Unable to schedule network f73051ed-8c0c-450a-a3e4-effc858c1465: no agents available; will retry on subsequent port and subnet creation events.
2026-05-27 11:10:01.675 9 INFO neutron.db.ovn_revision_numbers_db [None req-b9fe7c78-f113-4369-9f33-23cd55a53877 - - - - - -] Successfully bumped revision number for resource cbff138b-35a8-4471-8cc7-f320106626ac (type: ports) to 1
2026-05-27 11:10:01.705 9 INFO neutron.db.ovn_revision_numbers_db [None req-ee35cc8e-2494-4aec-bb7d-18c8763f3d77 - - - - - -] Successfully bumped revision number for resource 674015e0-cb17-47a8-baec-246db8612488 (type: ports) to 4
2026-05-27 11:10:01.883 10 INFO neutron.db.ovn_revision_numbers_db [None req-a4c54dea-7a07-42b1-b0aa-28b8f56e8ac8 a34686d43b8a4113985c2ea9cece35be 93ae98ff4d1b4d8c855eeb47325978fc - - default default] Successfully bumped revision number for resource 0b48d605-15b2-499f-a095-93d178cf4f8e (type: router_ports) to 1
2026-05-27 11:10:01.890 10 INFO neutron.wsgi [None req-a4c54dea-7a07-42b1-b0aa-28b8f56e8ac8 a34686d43b8a4113985c2ea9cece35be 93ae98ff4d1b4d8c855eeb47325978fc - - default default] 10.0.0.84 "PUT /v2.0/routers/0387acf7-89d9-4d8c-9f17-b429acc2b084/add_router_interface HTTP/1.1" status: 200 len: 503 time: 3.3793316
2026-05-27 11:10:01.970 9 INFO neutron.db.ovn_revision_numbers_db [None req-30ae4d3b-e45d-4fd0-9bf4-c7069c37a1d9 c0691106f4444cb7adef7b06bf26702c 790fbbe6b6384654a65bb31eb4bfac6f - - default default] Successfully bumped revision number for resource 12a8d966-ac89-4ac7-9d0b-0b6891b12724 (type: ports) to 1
2026-05-27 11:10:02.040 9 WARNING neutron_lib.context [None req-8614320f-55de-4def-841c-7c0a64d5f5c0 98d2928362264723a966c262d2cda349 09dd3efe010847e1b0b4d20ce9e0c490 - - default default] Method 'is_advsvc' is deprecated since 2023.2 release (neutron-lib 3.8.0) and will be removed once support for the old RBAC API policies will be removed from Neutron. Please use method 'is_service_role' instead.
2026-05-27 11:10:02.332 9 INFO neutron.db.ovn_revision_numbers_db [None req-ee35cc8e-2494-4aec-bb7d-18c8763f3d77 - - - - - -] Successfully bumped revision number for resource 674015e0-cb17-47a8-baec-246db8612488 (type: router_ports) to 4
2026-05-27 11:10:02.531 10 WARNING neutron.scheduler.dhcp_agent_scheduler [None req-b5d5b258-f450-44b1-b5dd-f88e0385b921 a34686d43b8a4113985c2ea9cece35be 93ae98ff4d1b4d8c855eeb47325978fc - - default default] No more DHCP agents
2026-05-27 11:10:02.535 10 WARNING neutron.api.rpc.agentnotifiers.dhcp_rpc_agent_api [None req-b5d5b258-f450-44b1-b5dd-f88e0385b921 a34686d43b8a4113985c2ea9cece35be 93ae98ff4d1b4d8c855eeb47325978fc - - default default] Unable to schedule network 9ba0bab1-bfd4-4657-bc8c-02c68c4d7bf7: no agents available; will retry on subsequent port and subnet creation events.
2026-05-27 11:10:02.693 10 INFO neutron.db.ovn_revision_numbers_db [None req-b5d5b258-f450-44b1-b5dd-f88e0385b921 a34686d43b8a4113985c2ea9cece35be 93ae98ff4d1b4d8c855eeb47325978fc - - default default] Successfully bumped revision number for resource 8a71d1d6-10f4-4977-9d21-c9f6949a3ef8 (type: ports) to 1
2026-05-27 11:10:02.714 9 INFO neutron.db.ovn_revision_numbers_db [None req-8614320f-55de-4def-841c-7c0a64d5f5c0 98d2928362264723a966c262d2cda349 09dd3efe010847e1b0b4d20ce9e0c490 - - default default] Successfully bumped revision number for resource 1cea716e-5973-4861-bb42-9b7f9784da02 (type: security_groups) to 1
2026-05-27 11:10:02.736 10 INFO neutron.plugins.ml2.drivers.ovn.mech_driver.mech_driver [None req-f0e4303d-c993-4742-80bd-99375a17e647 - - - - - -] OVN reports status up for port: 0b48d605-15b2-499f-a095-93d178cf4f8e
2026-05-27 11:10:02.747 10 INFO neutron.plugins.ml2.plugin [None req-f0e4303d-c993-4742-80bd-99375a17e647 - - - - - -] Attempt 1 to provision port 0b48d605-15b2-499f-a095-93d178cf4f8e
2026-05-27 11:10:02.751 9 INFO neutron.db.ovn_revision_numbers_db [None req-8614320f-55de-4def-841c-7c0a64d5f5c0 98d2928362264723a966c262d2cda349 09dd3efe010847e1b0b4d20ce9e0c490 - - default default] Successfully bumped revision number for resource 308f150d-86b3-4fe1-8ff6-915faa1030b3 (type: security_group_rules) to 0
2026-05-27 11:10:02.789 9 INFO neutron.db.ovn_revision_numbers_db [None req-8614320f-55de-4def-841c-7c0a64d5f5c0 98d2928362264723a966c262d2cda349 09dd3efe010847e1b0b4d20ce9e0c490 - - default default] Successfully bumped revision number for resource 30d4a5ef-0cd3-48c0-b6c8-692ebdc36d0d (type: security_group_rules) to 0
2026-05-27 11:10:02.792 9 INFO neutron.db.ovn_revision_numbers_db [None req-b9fe7c78-f113-4369-9f33-23cd55a53877 - - - - - -] Successfully bumped revision number for resource cbff138b-35a8-4471-8cc7-f320106626ac (type: router_ports) to 3
2026-05-27 11:10:02.820 9 INFO neutron.db.ovn_revision_numbers_db [None req-8614320f-55de-4def-841c-7c0a64d5f5c0 98d2928362264723a966c262d2cda349 09dd3efe010847e1b0b4d20ce9e0c490 - - default default] Successfully bumped revision number for resource 6c7d3222-1ac0-41b8-8aba-c4f07c8d1cec (type: security_group_rules) to 0
2026-05-27 11:10:02.861 9 INFO neutron.db.ovn_revision_numbers_db [None req-8614320f-55de-4def-841c-7c0a64d5f5c0 98d2928362264723a966c262d2cda349 09dd3efe010847e1b0b4d20ce9e0c490 - - default default] Successfully bumped revision number for resource 73cbfaee-8709-4e86-b5eb-9a20cfe49703 (type: security_group_rules) to 0
2026-05-27 11:10:02.930 9 INFO neutron.db.segments_db [None req-8614320f-55de-4def-841c-7c0a64d5f5c0 98d2928362264723a966c262d2cda349 09dd3efe010847e1b0b4d20ce9e0c490 - - default default] Added segment cbfb4a8c-1db7-41d1-bdec-3973c5c65120 of type geneve for network b01f490a-44d4-443b-a9a8-7a24925be894
2026-05-27 11:10:03.219 9 INFO neutron.db.ovn_revision_numbers_db [None req-8614320f-55de-4def-841c-7c0a64d5f5c0 98d2928362264723a966c262d2cda349 09dd3efe010847e1b0b4d20ce9e0c490 - - default default] Successfully bumped revision number for resource b01f490a-44d4-443b-a9a8-7a24925be894 (type: networks) to 1
2026-05-27 11:10:03.295 9 INFO neutron.db.ovn_revision_numbers_db [None req-b9fe7c78-f113-4369-9f33-23cd55a53877 - - - - - -] Successfully bumped revision number for resource cbff138b-35a8-4471-8cc7-f320106626ac (type: ports) to 2
2026-05-27 11:10:03.302 9 ERROR ovsdbapp.backend.ovs_idl.command [None req-30ae4d3b-e45d-4fd0-9bf4-c7069c37a1d9 c0691106f4444cb7adef7b06bf26702c 790fbbe6b6384654a65bb31eb4bfac6f - - default default] Error executing command (DbGetCommand): ovsdbapp.backend.ovs_idl.idlutils.RowNotFound: Cannot find Logical_Router_Port with name=lrp-12a8d966-ac89-4ac7-9d0b-0b6891b12724
2026-05-27 11:10:03.302 9 ERROR ovsdbapp.backend.ovs_idl.command
Traceback (most recent call last):
2026-05-27 11:10:03.302 9 ERROR ovsdbapp.backend.ovs_idl.command
File "/var/lib/openstack/lib/python3.10/site-packages/ovsdbapp/backend/ovs_idl/command.py", line 47, in execute
2026-05-27 11:10:03.302 9 ERROR ovsdbapp.backend.ovs_idl.command self.run_idl(None)
2026-05-27 11:10:03.302 9 ERROR ovsdbapp.backend.ovs_idl.command
File "/var/lib/openstack/lib/python3.10/site-packages/ovsdbapp/backend/ovs_idl/command.py", line 235, in run_idl
2026-05-27 11:10:03.302 9 ERROR ovsdbapp.backend.ovs_idl.command record = self.api.lookup(self.table, self.record)
2026-05-27 11:10:03.302 9 ERROR ovsdbapp.backend.ovs_idl.command
File "/var/lib/openstack/lib/python3.10/site-packages/ovsdbapp/backend/ovs_idl/__init__.py", line 184, in lookup
2026-05-27 11:10:03.302 9 ERROR ovsdbapp.backend.ovs_idl.command return self._lookup(table, record)
2026-05-27 11:10:03.302 9 ERROR ovsdbapp.backend.ovs_idl.command
File "/var/lib/openstack/lib/python3.10/site-packages/ovsdbapp/backend/ovs_idl/__init__.py", line 235, in _lookup
2026-05-27 11:10:03.302 9 ERROR ovsdbapp.backend.ovs_idl.command row = idlutils.row_by_value(self, rl.table, rl.column, record)
2026-05-27 11:10:03.302 9 ERROR ovsdbapp.backend.ovs_idl.command
File "/var/lib/openstack/lib/python3.10/site-packages/ovsdbapp/backend/ovs_idl/idlutils.py", line 114, in row_by_value
2026-05-27 11:10:03.302 9 ERROR ovsdbapp.backend.ovs_idl.command raise RowNotFound(table=table, col=column, match=match)
2026-05-27 11:10:03.302 9 ERROR ovsdbapp.backend.ovs_idl.command ovsdbapp.backend.ovs_idl.idlutils.RowNotFound: Cannot find Logical_Router_Port with name=lrp-12a8d966-ac89-4ac7-9d0b-0b6891b12724
2026-05-27 11:10:03.302 9 ERROR ovsdbapp.backend.ovs_idl.command 
2026-05-27 11:10:03.302 9 ERROR neutron_lib.callbacks.manager [None req-30ae4d3b-e45d-4fd0-9bf4-c7069c37a1d9 c0691106f4444cb7adef7b06bf26702c 790fbbe6b6384654a65bb31eb4bfac6f - - default default] Error during notification for neutron.services.ovn_l3.plugin.OVNL3RouterPlugin._port_update-8782775636719 port, after_update: ovsdbapp.backend.ovs_idl.idlutils.RowNotFound: Cannot find Logical_Router_Port with name=lrp-12a8d966-ac89-4ac7-9d0b-0b6891b12724
2026-05-27 11:10:03.302 9 ERROR neutron_lib.callbacks.manager
Traceback (most recent call last):
2026-05-27 11:10:03.302 9 ERROR neutron_lib.callbacks.manager
File "/var/lib/openstack/lib/python3.10/site-packages/neutron_lib/callbacks/manager.py", line 189, in _notify_loop
2026-05-27 11:10:03.302 9 ERROR neutron_lib.callbacks.manager callback.method(resource, event, trigger, payload=payload)
2026-05-27 11:10:03.302 9 ERROR neutron_lib.callbacks.manager
File "/var/lib/openstack/lib/python3.10/site-packages/neutron/services/ovn_l3/plugin.py", line 391, in _port_update
2026-05-27 11:10:03.302 9 ERROR neutron_lib.callbacks.manager l3plugin._ovn_client.update_router_port(context,
2026-05-27 11:10:03.302 9 ERROR neutron_lib.callbacks.manager
File "/var/lib/openstack/lib/python3.10/site-packages/neutron/plugins/ml2/drivers/ovn/mech_driver/ovsdb/ovn_client.py", line 1878, in update_router_port
2026-05-27 11:10:03.302 9 ERROR neutron_lib.callbacks.manager self._update_lrouter_port(context, port, if_exists=if_exists,
2026-05-27 11:10:03.302 9 ERROR neutron_lib.callbacks.manager
File "/var/lib/openstack/lib/python3.10/site-packages/neutron/plugins/ml2/drivers/ovn/mech_driver/ovsdb/ovn_client.py", line 1855, in _update_lrouter_port
2026-05-27 11:10:03.302 9 ERROR neutron_lib.callbacks.manager external_ids = self._nb_idl.db_get(
2026-05-27 11:10:03.302 9 ERROR neutron_lib.callbacks.manager
File "/var/lib/openstack/lib/python3.10/site-packages/ovsdbapp/backend/ovs_idl/command.py", line 47, in execute
2026-05-27 11:10:03.302 9 ERROR neutron_lib.callbacks.manager self.run_idl(None)
2026-05-27 11:10:03.302 9 ERROR neutron_lib.callbacks.manager
File "/var/lib/openstack/lib/python3.10/site-packages/ovsdbapp/backend/ovs_idl/command.py", line 235, in run_idl
2026-05-27 11:10:03.302 9 ERROR neutron_lib.callbacks.manager record = self.api.lookup(self.table, self.record)
2026-05-27 11:10:03.302 9 ERROR neutron_lib.callbacks.manager
File "/var/lib/openstack/lib/python3.10/site-packages/ovsdbapp/backend/ovs_idl/__init__.py", line 184, in lookup
2026-05-27 11:10:03.302 9 ERROR neutron_lib.callbacks.manager return self._lookup(table, record)
2026-05-27 11:10:03.302 9 ERROR neutron_lib.callbacks.manager
File "/var/lib/openstack/lib/python3.10/site-packages/ovsdbapp/backend/ovs_idl/__init__.py", line 235, in _lookup
2026-05-27 11:10:03.302 9 ERROR neutron_lib.callbacks.manager row = idlutils.row_by_value(self, rl.table, rl.column, record)
2026-05-27 11:10:03.302 9 ERROR neutron_lib.callbacks.manager
File "/var/lib/openstack/lib/python3.10/site-packages/ovsdbapp/backend/ovs_idl/idlutils.py", line 114, in row_by_value
2026-05-27 11:10:03.302 9 ERROR neutron_lib.callbacks.manager raise RowNotFound(table=table, col=column, match=match)
2026-05-27 11:10:03.302 9 ERROR neutron_lib.callbacks.manager ovsdbapp.backend.ovs_idl.idlutils.RowNotFound: Cannot find Logical_Router_Port with name=lrp-12a8d966-ac89-4ac7-9d0b-0b6891b12724
2026-05-27 11:10:03.302 9 ERROR neutron_lib.callbacks.manager 
2026-05-27 11:10:03.519 9 WARNING neutron.scheduler.dhcp_agent_scheduler [None req-8614320f-55de-4def-841c-7c0a64d5f5c0 98d2928362264723a966c262d2cda349 09dd3efe010847e1b0b4d20ce9e0c490 - - default default] No more DHCP agents
2026-05-27 11:10:03.529 9 WARNING neutron.api.rpc.agentnotifiers.dhcp_rpc_agent_api [None req-8614320f-55de-4def-841c-7c0a64d5f5c0 98d2928362264723a966c262d2cda349 09dd3efe010847e1b0b4d20ce9e0c490 - - default default] Unable to schedule network b01f490a-44d4-443b-a9a8-7a24925be894: no agents available; will retry on subsequent port and subnet creation events.
2026-05-27 11:10:03.570 10 INFO neutron.db.ovn_revision_numbers_db [None req-f0e4303d-c993-4742-80bd-99375a17e647 - - - - - -] Successfully bumped revision number for resource 0b48d605-15b2-499f-a095-93d178cf4f8e (type: ports) to 2
2026-05-27 11:10:03.676 9 INFO neutron.db.ovn_revision_numbers_db [None req-8614320f-55de-4def-841c-7c0a64d5f5c0 98d2928362264723a966c262d2cda349 09dd3efe010847e1b0b4d20ce9e0c490 - - default default] Successfully bumped revision number for resource 3fd91634-58ec-4f63-ba22-480bc5a18da4 (type: ports) to 1
