2026-05-27 11:06:56.839 9 INFO neutron.db.ovn_revision_numbers_db [None req-855a59ff-0902-46c3-be25-5b9ea26e324b c0691106f4444cb7adef7b06bf26702c 790fbbe6b6384654a65bb31eb4bfac6f - - default default] Successfully bumped revision number for resource 99b5e973-1869-4be3-9650-71f89f17b857 (type: security_group_rules) to 0
2026-05-27 11:06:56.854 9 INFO neutron.db.ovn_revision_numbers_db [None req-855a59ff-0902-46c3-be25-5b9ea26e324b c0691106f4444cb7adef7b06bf26702c 790fbbe6b6384654a65bb31eb4bfac6f - - default default] Successfully bumped revision number for resource bdf575d0-12d2-4f59-92bc-9b4342d9d7ec (type: security_group_rules) to 0
2026-05-27 11:06:56.869 9 INFO neutron.db.ovn_revision_numbers_db [None req-855a59ff-0902-46c3-be25-5b9ea26e324b c0691106f4444cb7adef7b06bf26702c 790fbbe6b6384654a65bb31eb4bfac6f - - default default] Successfully bumped revision number for resource cf6c6acd-07d0-4dae-a95d-c6e3106cb4ce (type: security_group_rules) to 0
2026-05-27 11:06:56.880 10 INFO neutron.wsgi [None req-d0ee59ff-1dd7-4252-a9fd-ab7df996a86a c0691106f4444cb7adef7b06bf26702c 790fbbe6b6384654a65bb31eb4bfac6f - - default default] 10.0.0.84 "GET /v2.0/security-groups?tenant_id=dcbdc02cbf434f0ab120a3884de5c45d&name=default HTTP/1.1" status: 200 len: 3120 time: 0.2685566
2026-05-27 11:06:56.906 9 INFO neutron.wsgi [None req-855a59ff-0902-46c3-be25-5b9ea26e324b c0691106f4444cb7adef7b06bf26702c 790fbbe6b6384654a65bb31eb4bfac6f - - default default] 10.0.0.84 "GET /v2.0/security-groups?tenant_id=3c3e4e8b98cf4070b3bef3c60536084f&name=default HTTP/1.1" status: 200 len: 3120 time: 0.2141774
2026-05-27 11:06:57.017 10 INFO neutron.wsgi [None req-a42b05f5-0a3c-429f-a3c3-9fc9234f21f5 c0691106f4444cb7adef7b06bf26702c 790fbbe6b6384654a65bb31eb4bfac6f - - default default] 10.0.0.84 "DELETE /v2.0/security-groups/f4b142db-a173-4bce-beec-744fb32ec31d HTTP/1.1" status: 204 len: 168 time: 0.2195606
2026-05-27 11:06:57.175 9 INFO neutron.wsgi [None req-a76268e9-283e-403b-ae93-e706abd17c8b c0691106f4444cb7adef7b06bf26702c 790fbbe6b6384654a65bb31eb4bfac6f - - default default] 10.0.0.84 "DELETE /v2.0/security-groups/e012b4b8-4c98-48a0-b3a4-a27f1fbc53ab HTTP/1.1" status: 204 len: 168 time: 0.2883942
2026-05-27 11:06:57.182 9 INFO neutron.wsgi [None req-6aaf43b1-a17d-4032-a9c3-e09e77785fa5 c0691106f4444cb7adef7b06bf26702c 790fbbe6b6384654a65bb31eb4bfac6f - - default default] 10.0.0.84 "DELETE /v2.0/security-groups/39c7a32f-917b-4632-b571-c25875d82f1f HTTP/1.1" status: 204 len: 168 time: 0.2702544
2026-05-27 11:06:57.247 9 INFO neutron.services.segments.plugin [-] Segment 8ae91c7f-2983-4281-8e48-9d0aa4187038 resource provider aggregate not found
2026-05-27 11:06:57.252 9 INFO neutron.services.segments.plugin [-] Segment 8ae91c7f-2983-4281-8e48-9d0aa4187038 resource provider aggregate not found
2026-05-27 11:06:57.267 9 INFO neutron.services.segments.plugin [-] Segment 8ae91c7f-2983-4281-8e48-9d0aa4187038 resource provider not found; error: Placement Client Error (4xx): {"errors": [{"status": 404, "title": "Not Found", "detail": "The resource could not be found.\n\n No resource provider with uuid 8ae91c7f-2983-4281-8e48-9d0aa4187038 found for delete ", "request_id": "req-ad897bad-bdbc-4ac0-b9b3-882d01b7a140"}]}
2026-05-27 11:06:57.269 9 INFO neutron.services.segments.plugin [-] Segment 8ae91c7f-2983-4281-8e48-9d0aa4187038 resource provider not found; error: Placement Client Error (4xx): {"errors": [{"status": 404, "title": "Not Found", "detail": "The resource could not be found.\n\n No resource provider with uuid 8ae91c7f-2983-4281-8e48-9d0aa4187038 found for delete ", "request_id": "req-8dc3664d-e469-493f-a3a9-2c0265abf06a"}]}
2026-05-27 11:06:58.986 10 INFO neutron.db.ovn_revision_numbers_db [None req-1af81f8c-2e4e-4a5d-9672-9d995d6befda c0691106f4444cb7adef7b06bf26702c 790fbbe6b6384654a65bb31eb4bfac6f - - default default] Successfully bumped revision number for resource b2ee6060-acbe-4b5b-bd95-672bb17d3f7f (type: security_groups) to 1
2026-05-27 11:06:59.002 10 INFO neutron.db.ovn_revision_numbers_db [None req-1af81f8c-2e4e-4a5d-9672-9d995d6befda c0691106f4444cb7adef7b06bf26702c 790fbbe6b6384654a65bb31eb4bfac6f - - default default] Successfully bumped revision number for resource 224d4d16-95c8-4b0b-ac3f-7f93e267dcbc (type: security_group_rules) to 0
2026-05-27 11:06:59.016 10 INFO neutron.db.ovn_revision_numbers_db [None req-1af81f8c-2e4e-4a5d-9672-9d995d6befda c0691106f4444cb7adef7b06bf26702c 790fbbe6b6384654a65bb31eb4bfac6f - - default default] Successfully bumped revision number for resource 4e3baedb-eac2-4d0b-8263-1c408d511d10 (type: security_group_rules) to 0
2026-05-27 11:06:59.032 10 INFO neutron.db.ovn_revision_numbers_db [None req-1af81f8c-2e4e-4a5d-9672-9d995d6befda c0691106f4444cb7adef7b06bf26702c 790fbbe6b6384654a65bb31eb4bfac6f - - default default] Successfully bumped revision number for resource 841f74c4-11f0-4099-aeb7-8c8337456739 (type: security_group_rules) to 0
2026-05-27 11:06:59.046 10 INFO neutron.db.ovn_revision_numbers_db [None req-1af81f8c-2e4e-4a5d-9672-9d995d6befda c0691106f4444cb7adef7b06bf26702c 790fbbe6b6384654a65bb31eb4bfac6f - - default default] Successfully bumped revision number for resource cf2e9d7d-aeb1-446b-8704-a81da8f9e6dc (type: security_group_rules) to 0
2026-05-27 11:06:59.098 10 INFO neutron.db.segments_db [None req-1af81f8c-2e4e-4a5d-9672-9d995d6befda c0691106f4444cb7adef7b06bf26702c 790fbbe6b6384654a65bb31eb4bfac6f - - default default] Added segment 336ae549-773e-4ce9-9807-d33a77e8a8e7 of type geneve for network e99886b6-2886-466f-945d-fd77077f6722
2026-05-27 11:06:59.150 9 WARNING neutron_lib.context [None req-f537d3a2-8064-49e8-b05d-a7b3fb0d4171 9ebeae19060a4f3da720bd1b83b12641 b8719dd035514b4c936faa2effb72fc5 - - default default] Method 'is_advsvc' is deprecated since 2023.2 release (neutron-lib 3.8.0) and will be removed once support for the old RBAC API policies will be removed from Neutron. Please use method 'is_service_role' instead.
2026-05-27 11:06:59.271 10 INFO neutron.db.ovn_revision_numbers_db [None req-1af81f8c-2e4e-4a5d-9672-9d995d6befda c0691106f4444cb7adef7b06bf26702c 790fbbe6b6384654a65bb31eb4bfac6f - - default default] Successfully bumped revision number for resource e99886b6-2886-466f-945d-fd77077f6722 (type: networks) to 1
2026-05-27 11:06:59.290 9 INFO neutron.db.ovn_revision_numbers_db [None req-f537d3a2-8064-49e8-b05d-a7b3fb0d4171 9ebeae19060a4f3da720bd1b83b12641 b8719dd035514b4c936faa2effb72fc5 - - default default] Successfully bumped revision number for resource 358ef9b2-2ad3-4c2e-8df8-7febcbc22156 (type: security_groups) to 1
2026-05-27 11:06:59.306 9 INFO neutron.db.ovn_revision_numbers_db [None req-f537d3a2-8064-49e8-b05d-a7b3fb0d4171 9ebeae19060a4f3da720bd1b83b12641 b8719dd035514b4c936faa2effb72fc5 - - default default] Successfully bumped revision number for resource 078617cd-9261-4d39-9ab3-45133b65043d (type: security_group_rules) to 0
2026-05-27 11:06:59.321 9 INFO neutron.db.ovn_revision_numbers_db [None req-f537d3a2-8064-49e8-b05d-a7b3fb0d4171 9ebeae19060a4f3da720bd1b83b12641 b8719dd035514b4c936faa2effb72fc5 - - default default] Successfully bumped revision number for resource 286b9fea-7320-4c95-85a8-906f68a15340 (type: security_group_rules) to 0
2026-05-27 11:06:59.338 9 INFO neutron.db.ovn_revision_numbers_db [None req-f537d3a2-8064-49e8-b05d-a7b3fb0d4171 9ebeae19060a4f3da720bd1b83b12641 b8719dd035514b4c936faa2effb72fc5 - - default default] Successfully bumped revision number for resource 6fd28a40-4fe4-4552-a987-ba2b2716ef9e (type: security_group_rules) to 0
2026-05-27 11:06:59.354 9 INFO neutron.db.ovn_revision_numbers_db [None req-f537d3a2-8064-49e8-b05d-a7b3fb0d4171 9ebeae19060a4f3da720bd1b83b12641 b8719dd035514b4c936faa2effb72fc5 - - default default] Successfully bumped revision number for resource e9f7fe20-29e5-4d62-acdb-2cc3ff38c96a (type: security_group_rules) to 0
2026-05-27 11:06:59.404 9 INFO neutron.db.segments_db [None req-f537d3a2-8064-49e8-b05d-a7b3fb0d4171 9ebeae19060a4f3da720bd1b83b12641 b8719dd035514b4c936faa2effb72fc5 - - default default] Added segment 311b274c-b713-4c6e-a34a-961a279efa5c of type geneve for network b174806c-c550-4c3a-9930-febda8dbe40a
2026-05-27 11:06:59.461 10 WARNING neutron.scheduler.dhcp_agent_scheduler [None req-1af81f8c-2e4e-4a5d-9672-9d995d6befda c0691106f4444cb7adef7b06bf26702c 790fbbe6b6384654a65bb31eb4bfac6f - - default default] No more DHCP agents
2026-05-27 11:06:59.466 10 WARNING neutron.api.rpc.agentnotifiers.dhcp_rpc_agent_api [None req-1af81f8c-2e4e-4a5d-9672-9d995d6befda c0691106f4444cb7adef7b06bf26702c 790fbbe6b6384654a65bb31eb4bfac6f - - default default] Unable to schedule network e99886b6-2886-466f-945d-fd77077f6722: no agents available; will retry on subsequent port and subnet creation events.
2026-05-27 11:06:59.554 10 INFO neutron.db.ovn_revision_numbers_db [None req-1af81f8c-2e4e-4a5d-9672-9d995d6befda c0691106f4444cb7adef7b06bf26702c 790fbbe6b6384654a65bb31eb4bfac6f - - default default] Successfully bumped revision number for resource 6a0726c6-119b-4d12-9655-7b1ee1af7a40 (type: ports) to 1
2026-05-27 11:06:59.563 9 INFO neutron.db.ovn_revision_numbers_db [None req-f537d3a2-8064-49e8-b05d-a7b3fb0d4171 9ebeae19060a4f3da720bd1b83b12641 b8719dd035514b4c936faa2effb72fc5 - - default default] Successfully bumped revision number for resource b174806c-c550-4c3a-9930-febda8dbe40a (type: networks) to 1
2026-05-27 11:06:59.576 10 INFO neutron.wsgi [None req-1af81f8c-2e4e-4a5d-9672-9d995d6befda c0691106f4444cb7adef7b06bf26702c 790fbbe6b6384654a65bb31eb4bfac6f - - default default] 10.0.0.84 "POST /v2.0/networks HTTP/1.1" status: 201 len: 946 time: 0.8438940
2026-05-27 11:06:59.844 9 WARNING neutron.scheduler.dhcp_agent_scheduler [None req-6ef84e95-100a-41b7-84f4-3a370d062d10 c0691106f4444cb7adef7b06bf26702c 790fbbe6b6384654a65bb31eb4bfac6f - - default default] No more DHCP agents
2026-05-27 11:06:59.847 9 WARNING neutron.scheduler.dhcp_agent_scheduler [None req-f537d3a2-8064-49e8-b05d-a7b3fb0d4171 9ebeae19060a4f3da720bd1b83b12641 b8719dd035514b4c936faa2effb72fc5 - - default default] No more DHCP agents
2026-05-27 11:06:59.849 9 WARNING neutron.api.rpc.agentnotifiers.dhcp_rpc_agent_api [None req-6ef84e95-100a-41b7-84f4-3a370d062d10 c0691106f4444cb7adef7b06bf26702c 790fbbe6b6384654a65bb31eb4bfac6f - - default default] Unable to schedule network e99886b6-2886-466f-945d-fd77077f6722: no agents available; will retry on subsequent port and subnet creation events.
2026-05-27 11:06:59.852 9 WARNING neutron.api.rpc.agentnotifiers.dhcp_rpc_agent_api [None req-f537d3a2-8064-49e8-b05d-a7b3fb0d4171 9ebeae19060a4f3da720bd1b83b12641 b8719dd035514b4c936faa2effb72fc5 - - default default] Unable to schedule network b174806c-c550-4c3a-9930-febda8dbe40a: no agents available; will retry on subsequent port and subnet creation events.
2026-05-27 11:06:59.962 9 INFO neutron.db.ovn_revision_numbers_db [None req-f537d3a2-8064-49e8-b05d-a7b3fb0d4171 9ebeae19060a4f3da720bd1b83b12641 b8719dd035514b4c936faa2effb72fc5 - - default default] Successfully bumped revision number for resource e4ddf240-254a-458d-a0a1-1849302f5d70 (type: ports) to 1
2026-05-27 11:06:59.995 9 INFO neutron.wsgi [None req-f537d3a2-8064-49e8-b05d-a7b3fb0d4171 9ebeae19060a4f3da720bd1b83b12641 b8719dd035514b4c936faa2effb72fc5 - - default default] 10.0.0.84 "POST /v2.0/networks HTTP/1.1" status: 201 len: 832 time: 1.0088305
2026-05-27 11:07:00.010 10 WARNING neutron_lib.context [None req-5c92fc50-013f-48a4-89e8-fbf15759c0f0 9ebeae19060a4f3da720bd1b83b12641 b8719dd035514b4c936faa2effb72fc5 - - default default] Method 'is_advsvc' is deprecated since 2023.2 release (neutron-lib 3.8.0) and will be removed once support for the old RBAC API policies will be removed from Neutron. Please use method 'is_service_role' instead.
2026-05-27 11:07:00.099 10 INFO neutron.db.segments_db [None req-5c92fc50-013f-48a4-89e8-fbf15759c0f0 9ebeae19060a4f3da720bd1b83b12641 b8719dd035514b4c936faa2effb72fc5 - - default default] Added segment ca5f615a-d33a-409e-a4c4-1bd7c8462ac1 of type geneve for network 0d7e537b-2354-446f-bcfa-7b9a85b99397
2026-05-27 11:07:00.233 10 INFO neutron.db.ovn_revision_numbers_db [None req-5c92fc50-013f-48a4-89e8-fbf15759c0f0 9ebeae19060a4f3da720bd1b83b12641 b8719dd035514b4c936faa2effb72fc5 - - default default] Successfully bumped revision number for resource 0d7e537b-2354-446f-bcfa-7b9a85b99397 (type: networks) to 1
2026-05-27 11:07:00.409 9 INFO neutron.db.ovn_revision_numbers_db [None req-6ef84e95-100a-41b7-84f4-3a370d062d10 c0691106f4444cb7adef7b06bf26702c 790fbbe6b6384654a65bb31eb4bfac6f - - default default] Successfully bumped revision number for resource 6a0726c6-119b-4d12-9655-7b1ee1af7a40 (type: ports) to 2
2026-05-27 11:07:00.431 10 WARNING neutron.scheduler.dhcp_agent_scheduler [None req-5c92fc50-013f-48a4-89e8-fbf15759c0f0 9ebeae19060a4f3da720bd1b83b12641 b8719dd035514b4c936faa2effb72fc5 - - default default] No more DHCP agents
2026-05-27 11:07:00.433 10 WARNING neutron.api.rpc.agentnotifiers.dhcp_rpc_agent_api [None req-5c92fc50-013f-48a4-89e8-fbf15759c0f0 9ebeae19060a4f3da720bd1b83b12641 b8719dd035514b4c936faa2effb72fc5 - - default default] Unable to schedule network 0d7e537b-2354-446f-bcfa-7b9a85b99397: no agents available; will retry on subsequent port and subnet creation events.
2026-05-27 11:07:00.448 9 INFO neutron.db.ovn_revision_numbers_db [None req-6ef84e95-100a-41b7-84f4-3a370d062d10 c0691106f4444cb7adef7b06bf26702c 790fbbe6b6384654a65bb31eb4bfac6f - - default default] Successfully bumped revision number for resource d2d71880-3741-4023-8acf-26e915c97ee0 (type: subnets) to 0
2026-05-27 11:07:00.464 9 INFO neutron.wsgi [None req-6ef84e95-100a-41b7-84f4-3a370d062d10 c0691106f4444cb7adef7b06bf26702c 790fbbe6b6384654a65bb31eb4bfac6f - - default default] 10.0.0.84 "POST /v2.0/subnets HTTP/1.1" status: 201 len: 866 time: 0.8823848
2026-05-27 11:07:00.524 10 INFO neutron.db.ovn_revision_numbers_db [None req-5c92fc50-013f-48a4-89e8-fbf15759c0f0 9ebeae19060a4f3da720bd1b83b12641 b8719dd035514b4c936faa2effb72fc5 - - default default] Successfully bumped revision number for resource d004d1eb-3657-47e9-aa81-ee896be5b3f6 (type: ports) to 1
2026-05-27 11:07:00.550 10 INFO neutron.wsgi [None req-5c92fc50-013f-48a4-89e8-fbf15759c0f0 9ebeae19060a4f3da720bd1b83b12641 b8719dd035514b4c936faa2effb72fc5 - - default default] 10.0.0.84 "POST /v2.0/networks HTTP/1.1" status: 201 len: 833 time: 0.5486338
2026-05-27 11:07:00.561 10 WARNING neutron_lib.context [None req-22d83d4e-37c3-4193-8aaf-f541b9410afa 9ebeae19060a4f3da720bd1b83b12641 b8719dd035514b4c936faa2effb72fc5 - - default default] Method 'is_advsvc' is deprecated since 2023.2 release (neutron-lib 3.8.0) and will be removed once support for the old RBAC API policies will be removed from Neutron. Please use method 'is_service_role' instead.
2026-05-27 11:07:00.816 10 WARNING neutron.scheduler.dhcp_agent_scheduler [None req-22d83d4e-37c3-4193-8aaf-f541b9410afa 9ebeae19060a4f3da720bd1b83b12641 b8719dd035514b4c936faa2effb72fc5 - - default default] No more DHCP agents
2026-05-27 11:07:00.819 10 WARNING neutron.api.rpc.agentnotifiers.dhcp_rpc_agent_api [None req-22d83d4e-37c3-4193-8aaf-f541b9410afa 9ebeae19060a4f3da720bd1b83b12641 b8719dd035514b4c936faa2effb72fc5 - - default default] Unable to schedule network b174806c-c550-4c3a-9930-febda8dbe40a: no agents available; will retry on subsequent port and subnet creation events.
2026-05-27 11:07:00.848 10 INFO neutron.db.ovn_revision_numbers_db [None req-22d83d4e-37c3-4193-8aaf-f541b9410afa 9ebeae19060a4f3da720bd1b83b12641 b8719dd035514b4c936faa2effb72fc5 - - default default] Successfully bumped revision number for resource e92a777c-ff5f-492e-a446-93a6c02a31bd (type: subnets) to 0
2026-05-27 11:07:00.867 10 INFO neutron.wsgi [None req-22d83d4e-37c3-4193-8aaf-f541b9410afa 9ebeae19060a4f3da720bd1b83b12641 b8719dd035514b4c936faa2effb72fc5 - - default default] 10.0.0.84 "POST /v2.0/subnets HTTP/1.1" status: 201 len: 821 time: 0.3106127
2026-05-27 11:07:00.878 9 WARNING neutron_lib.context [None req-2400439b-1e7e-4440-ab82-f1700debd0b4 9ebeae19060a4f3da720bd1b83b12641 b8719dd035514b4c936faa2effb72fc5 - - default default] Method 'is_advsvc' is deprecated since 2023.2 release (neutron-lib 3.8.0) and will be removed once support for the old RBAC API policies will be removed from Neutron. Please use method 'is_service_role' instead.
2026-05-27 11:07:01.001 9 WARNING neutron.scheduler.dhcp_agent_scheduler [None req-b9b244ff-fd99-4ace-94db-4a781d0f9c8b c0691106f4444cb7adef7b06bf26702c 790fbbe6b6384654a65bb31eb4bfac6f - - default default] No more DHCP agents
2026-05-27 11:07:01.005 9 WARNING neutron.api.rpc.agentnotifiers.dhcp_rpc_agent_api [None req-b9b244ff-fd99-4ace-94db-4a781d0f9c8b c0691106f4444cb7adef7b06bf26702c 790fbbe6b6384654a65bb31eb4bfac6f - - default default] Unable to schedule network 889b54fb-2d9e-49fa-a546-7ad775c9e91b: no agents available; will retry on subsequent port and subnet creation events.
2026-05-27 11:07:01.204 9 WARNING neutron.scheduler.dhcp_agent_scheduler [None req-2400439b-1e7e-4440-ab82-f1700debd0b4 9ebeae19060a4f3da720bd1b83b12641 b8719dd035514b4c936faa2effb72fc5 - - default default] No more DHCP agents
2026-05-27 11:07:01.209 9 WARNING neutron.api.rpc.agentnotifiers.dhcp_rpc_agent_api [None req-2400439b-1e7e-4440-ab82-f1700debd0b4 9ebeae19060a4f3da720bd1b83b12641 b8719dd035514b4c936faa2effb72fc5 - - default default] Unable to schedule network 0d7e537b-2354-446f-bcfa-7b9a85b99397: no agents available; will retry on subsequent port and subnet creation events.
2026-05-27 11:07:01.221 9 INFO neutron.db.ovn_revision_numbers_db [None req-b9b244ff-fd99-4ace-94db-4a781d0f9c8b c0691106f4444cb7adef7b06bf26702c 790fbbe6b6384654a65bb31eb4bfac6f - - default default] Successfully bumped revision number for resource 400d9196-3d5e-47ef-9752-04d2d6019d8e (type: ports) to 1
2026-05-27 11:07:01.261 9 INFO neutron.db.ovn_revision_numbers_db [None req-2400439b-1e7e-4440-ab82-f1700debd0b4 9ebeae19060a4f3da720bd1b83b12641 b8719dd035514b4c936faa2effb72fc5 - - default default] Successfully bumped revision number for resource bf6d5e4c-bcd3-45f7-8215-4e6725915912 (type: subnets) to 0
2026-05-27 11:07:01.281 9 INFO neutron.wsgi [None req-2400439b-1e7e-4440-ab82-f1700debd0b4 9ebeae19060a4f3da720bd1b83b12641 b8719dd035514b4c936faa2effb72fc5 - - default default] 10.0.0.84 "POST /v2.0/subnets HTTP/1.1" status: 201 len: 830 time: 0.4086814
2026-05-27 11:07:01.290 9 WARNING neutron_lib.context [None req-acb6eece-323a-410d-b1a3-d4e2127e9a58 9ebeae19060a4f3da720bd1b83b12641 b8719dd035514b4c936faa2effb72fc5 - - default default] Method 'is_advsvc' is deprecated since 2023.2 release (neutron-lib 3.8.0) and will be removed once support for the old RBAC API policies will be removed from Neutron. Please use method 'is_service_role' instead.
2026-05-27 11:07:01.669 9 INFO neutron.db.ovn_revision_numbers_db [None req-acb6eece-323a-410d-b1a3-d4e2127e9a58 9ebeae19060a4f3da720bd1b83b12641 b8719dd035514b4c936faa2effb72fc5 - - default default] Successfully bumped revision number for resource 0a510170-15f5-4370-82e5-0cb027df6d72 (type: routers) to 1
2026-05-27 11:07:01.703 9 INFO neutron.wsgi [None req-acb6eece-323a-410d-b1a3-d4e2127e9a58 9ebeae19060a4f3da720bd1b83b12641 b8719dd035514b4c936faa2effb72fc5 - - default default] 10.0.0.84 "POST /v2.0/routers HTTP/1.1" status: 201 len: 805 time: 0.4168665
2026-05-27 11:07:02.147 10 WARNING neutron.scheduler.dhcp_agent_scheduler [None req-da0ffb20-616e-4d11-9aa2-9fc620f27f71 9ebeae19060a4f3da720bd1b83b12641 b8719dd035514b4c936faa2effb72fc5 - - default default] No more DHCP agents
2026-05-27 11:07:02.149 10 WARNING neutron.api.rpc.agentnotifiers.dhcp_rpc_agent_api [None req-da0ffb20-616e-4d11-9aa2-9fc620f27f71 9ebeae19060a4f3da720bd1b83b12641 b8719dd035514b4c936faa2effb72fc5 - - default default] Unable to schedule network b174806c-c550-4c3a-9930-febda8dbe40a: no agents available; will retry on subsequent port and subnet creation events.
2026-05-27 11:07:02.168 9 INFO neutron.plugins.ml2.drivers.ovn.mech_driver.ovsdb.commands [None req-bf5d6d2d-0946-41cc-957f-e77579c016fd - - - - - -] Schedule LRP lrp-400d9196-3d5e-47ef-9752-04d2d6019d8e on gateway 48f831bc-71ac-432d-a82d-4d8b8361e013 with priority 1
2026-05-27 11:07:02.198 10 INFO neutron.plugins.ml2.drivers.ovn.mech_driver.mech_driver [None req-f0e4303d-c993-4742-80bd-99375a17e647 - - - - - -] OVN reports status up for port: 400d9196-3d5e-47ef-9752-04d2d6019d8e
2026-05-27 11:07:02.203 9 INFO neutron.plugins.ml2.drivers.ovn.mech_driver.ovsdb.ovsdb_monitor [None req-b9fe7c78-f113-4369-9f33-23cd55a53877 - - - - - -] Router 4860c495-cc2c-48ee-87bd-87c136db30fa is bound to host instance
2026-05-27 11:07:02.214 10 INFO neutron.plugins.ml2.plugin [None req-f0e4303d-c993-4742-80bd-99375a17e647 - - - - - -] Attempt 1 to provision port 400d9196-3d5e-47ef-9752-04d2d6019d8e
2026-05-27 11:07:02.273 9 INFO neutron.db.ovn_revision_numbers_db [None req-b9b244ff-fd99-4ace-94db-4a781d0f9c8b c0691106f4444cb7adef7b06bf26702c 790fbbe6b6384654a65bb31eb4bfac6f - - default default] Successfully bumped revision number for resource 400d9196-3d5e-47ef-9752-04d2d6019d8e (type: router_ports) to 1
2026-05-27 11:07:02.400 9 INFO neutron.db.ovn_revision_numbers_db [None req-b9b244ff-fd99-4ace-94db-4a781d0f9c8b c0691106f4444cb7adef7b06bf26702c 790fbbe6b6384654a65bb31eb4bfac6f - - default default] Successfully bumped revision number for resource 4860c495-cc2c-48ee-87bd-87c136db30fa (type: routers) to 2
2026-05-27 11:07:02.428 9 INFO neutron.wsgi [None req-b9b244ff-fd99-4ace-94db-4a781d0f9c8b c0691106f4444cb7adef7b06bf26702c 790fbbe6b6384654a65bb31eb4bfac6f - - default default] 10.0.0.84 "POST /v2.0/routers HTTP/1.1" status: 201 len: 1168 time: 1.9603760
2026-05-27 11:07:02.594 10 INFO neutron.db.ovn_revision_numbers_db [None req-da0ffb20-616e-4d11-9aa2-9fc620f27f71 9ebeae19060a4f3da720bd1b83b12641 b8719dd035514b4c936faa2effb72fc5 - - default default] Successfully bumped revision number for resource 6a849bac-bb06-408f-90f9-85215809b11b (type: ports) to 1
2026-05-27 11:07:02.805 9 INFO neutron.wsgi [req-d364027e-3a46-4c12-abf6-13661d66625d req-1375e758-9424-455f-bde2-3e5ded9b2f87 6ad2f9c6bd58468b8972b32735195f49 b40dde6a184a4253b6b0776f9cd0ff14 - - 953328afc94a4e639b890b596b2a54aa 953328afc94a4e639b890b596b2a54aa] 10.0.0.136 "GET /v2.0/ports?device_id=a3270047-0efe-4a94-8373-1358de09df2f HTTP/1.1" status: 200 len: 1413 time: 0.4348717
2026-05-27 11:07:02.902 9 INFO neutron.wsgi [req-d364027e-3a46-4c12-abf6-13661d66625d req-9ab37be3-9f8d-464a-846a-182f5a8800f0 6ad2f9c6bd58468b8972b32735195f49 b40dde6a184a4253b6b0776f9cd0ff14 - - 953328afc94a4e639b890b596b2a54aa 953328afc94a4e639b890b596b2a54aa] 10.0.0.136 "GET /v2.0/security-groups?id=867c1288-e543-498f-8fe1-5585bfc14d06&fields=id&fields=name HTTP/1.1" status: 200 len: 312 time: 0.0898271
2026-05-27 11:07:03.089 10 ERROR ovsdbapp.backend.ovs_idl.command [None req-da0ffb20-616e-4d11-9aa2-9fc620f27f71 9ebeae19060a4f3da720bd1b83b12641 b8719dd035514b4c936faa2effb72fc5 - - default default] Error executing command (DbGetCommand): ovsdbapp.backend.ovs_idl.idlutils.RowNotFound: Cannot find Logical_Router_Port with name=lrp-6a849bac-bb06-408f-90f9-85215809b11b
2026-05-27 11:07:03.089 10 ERROR ovsdbapp.backend.ovs_idl.command
Traceback (most recent call last):
2026-05-27 11:07:03.089 10 ERROR ovsdbapp.backend.ovs_idl.command
File "/var/lib/openstack/lib/python3.10/site-packages/ovsdbapp/backend/ovs_idl/command.py", line 47, in execute
2026-05-27 11:07:03.089 10 ERROR ovsdbapp.backend.ovs_idl.command self.run_idl(None)
2026-05-27 11:07:03.089 10 ERROR ovsdbapp.backend.ovs_idl.command
File "/var/lib/openstack/lib/python3.10/site-packages/ovsdbapp/backend/ovs_idl/command.py", line 235, in run_idl
2026-05-27 11:07:03.089 10 ERROR ovsdbapp.backend.ovs_idl.command record = self.api.lookup(self.table, self.record)
2026-05-27 11:07:03.089 10 ERROR ovsdbapp.backend.ovs_idl.command
File "/var/lib/openstack/lib/python3.10/site-packages/ovsdbapp/backend/ovs_idl/__init__.py", line 184, in lookup
2026-05-27 11:07:03.089 10 ERROR ovsdbapp.backend.ovs_idl.command return self._lookup(table, record)
2026-05-27 11:07:03.089 10 ERROR ovsdbapp.backend.ovs_idl.command
File "/var/lib/openstack/lib/python3.10/site-packages/ovsdbapp/backend/ovs_idl/__init__.py", line 235, in _lookup
2026-05-27 11:07:03.089 10 ERROR ovsdbapp.backend.ovs_idl.command row = idlutils.row_by_value(self, rl.table, rl.column, record)
2026-05-27 11:07:03.089 10 ERROR ovsdbapp.backend.ovs_idl.command
File "/var/lib/openstack/lib/python3.10/site-packages/ovsdbapp/backend/ovs_idl/idlutils.py", line 114, in row_by_value
2026-05-27 11:07:03.089 10 ERROR ovsdbapp.backend.ovs_idl.command raise RowNotFound(table=table, col=column, match=match)
2026-05-27 11:07:03.089 10 ERROR ovsdbapp.backend.ovs_idl.command ovsdbapp.backend.ovs_idl.idlutils.RowNotFound: Cannot find Logical_Router_Port with name=lrp-6a849bac-bb06-408f-90f9-85215809b11b
2026-05-27 11:07:03.089 10 ERROR ovsdbapp.backend.ovs_idl.command 
2026-05-27 11:07:03.090 10 ERROR neutron_lib.callbacks.manager [None req-da0ffb20-616e-4d11-9aa2-9fc620f27f71 9ebeae19060a4f3da720bd1b83b12641 b8719dd035514b4c936faa2effb72fc5 - - default default] Error during notification for neutron.services.ovn_l3.plugin.OVNL3RouterPlugin._port_update-8782775636719 port, after_update: ovsdbapp.backend.ovs_idl.idlutils.RowNotFound: Cannot find Logical_Router_Port with name=lrp-6a849bac-bb06-408f-90f9-85215809b11b
2026-05-27 11:07:03.090 10 ERROR neutron_lib.callbacks.manager
Traceback (most recent call last):
2026-05-27 11:07:03.090 10 ERROR neutron_lib.callbacks.manager
File "/var/lib/openstack/lib/python3.10/site-packages/neutron_lib/callbacks/manager.py", line 189, in _notify_loop
2026-05-27 11:07:03.090 10 ERROR neutron_lib.callbacks.manager callback.method(resource, event, trigger, payload=payload)
2026-05-27 11:07:03.090 10 ERROR neutron_lib.callbacks.manager
File "/var/lib/openstack/lib/python3.10/site-packages/neutron/services/ovn_l3/plugin.py", line 391, in _port_update
2026-05-27 11:07:03.090 10 ERROR neutron_lib.callbacks.manager l3plugin._ovn_client.update_router_port(context,
2026-05-27 11:07:03.090 10 ERROR neutron_lib.callbacks.manager
File "/var/lib/openstack/lib/python3.10/site-packages/neutron/plugins/ml2/drivers/ovn/mech_driver/ovsdb/ovn_client.py", line 1878, in update_router_port
2026-05-27 11:07:03.090 10 ERROR neutron_lib.callbacks.manager self._update_lrouter_port(context, port, if_exists=if_exists,
2026-05-27 11:07:03.090 10 ERROR neutron_lib.callbacks.manager
File "/var/lib/openstack/lib/python3.10/site-packages/neutron/plugins/ml2/drivers/ovn/mech_driver/ovsdb/ovn_client.py", line 1855, in _update_lrouter_port
2026-05-27 11:07:03.090 10 ERROR neutron_lib.callbacks.manager external_ids = self._nb_idl.db_get(
2026-05-27 11:07:03.090 10 ERROR neutron_lib.callbacks.manager
File "/var/lib/openstack/lib/python3.10/site-packages/ovsdbapp/backend/ovs_idl/command.py", line 47, in execute
2026-05-27 11:07:03.090 10 ERROR neutron_lib.callbacks.manager self.run_idl(None)
2026-05-27 11:07:03.090 10 ERROR neutron_lib.callbacks.manager
File "/var/lib/openstack/lib/python3.10/site-packages/ovsdbapp/backend/ovs_idl/command.py", line 235, in run_idl
2026-05-27 11:07:03.090 10 ERROR neutron_lib.callbacks.manager record = self.api.lookup(self.table, self.record)
2026-05-27 11:07:03.090 10 ERROR neutron_lib.callbacks.manager
File "/var/lib/openstack/lib/python3.10/site-packages/ovsdbapp/backend/ovs_idl/__init__.py", line 184, in lookup
2026-05-27 11:07:03.090 10 ERROR neutron_lib.callbacks.manager return self._lookup(table, record)
2026-05-27 11:07:03.090 10 ERROR neutron_lib.callbacks.manager
File "/var/lib/openstack/lib/python3.10/site-packages/ovsdbapp/backend/ovs_idl/__init__.py", line 235, in _lookup
2026-05-27 11:07:03.090 10 ERROR neutron_lib.callbacks.manager row = idlutils.row_by_value(self, rl.table, rl.column, record)
2026-05-27 11:07:03.090 10 ERROR neutron_lib.callbacks.manager
File "/var/lib/openstack/lib/python3.10/site-packages/ovsdbapp/backend/ovs_idl/idlutils.py", line 114, in row_by_value
2026-05-27 11:07:03.090 10 ERROR neutron_lib.callbacks.manager raise RowNotFound(table=table, col=column, match=match)
2026-05-27 11:07:03.090 10 ERROR neutron_lib.callbacks.manager ovsdbapp.backend.ovs_idl.idlutils.RowNotFound: Cannot find Logical_Router_Port with name=lrp-6a849bac-bb06-408f-90f9-85215809b11b
2026-05-27 11:07:03.090 10 ERROR neutron_lib.callbacks.manager 
2026-05-27 11:07:03.275 9 INFO neutron.plugins.ml2.drivers.ovn.mech_driver.mech_driver [None req-ee35cc8e-2494-4aec-bb7d-18c8763f3d77 - - - - - -] OVN reports status up for port: 6a849bac-bb06-408f-90f9-85215809b11b
2026-05-27 11:07:03.283 10 INFO neutron.db.ovn_revision_numbers_db [None req-da0ffb20-616e-4d11-9aa2-9fc620f27f71 9ebeae19060a4f3da720bd1b83b12641 b8719dd035514b4c936faa2effb72fc5 - - default default] Successfully bumped revision number for resource 6a849bac-bb06-408f-90f9-85215809b11b (type: ports) to 1
2026-05-27 11:07:03.287 10 INFO neutron.db.ovn_revision_numbers_db [None req-99fc54c3-3319-4491-af26-67f5044ba203 c0691106f4444cb7adef7b06bf26702c 790fbbe6b6384654a65bb31eb4bfac6f - - default default] Successfully bumped revision number for resource 5074e6df-c745-4105-9e0b-dd0ba2e44ff1 (type: security_groups) to 1
2026-05-27 11:07:03.295 9 INFO neutron.plugins.ml2.plugin [None req-ee35cc8e-2494-4aec-bb7d-18c8763f3d77 - - - - - -] Attempt 1 to provision port 6a849bac-bb06-408f-90f9-85215809b11b
2026-05-27 11:07:03.309 10 INFO neutron.db.ovn_revision_numbers_db [None req-99fc54c3-3319-4491-af26-67f5044ba203 c0691106f4444cb7adef7b06bf26702c 790fbbe6b6384654a65bb31eb4bfac6f - - default default] Successfully bumped revision number for resource 0d862159-744b-4bc5-aab1-32699779e744 (type: security_group_rules) to 0
2026-05-27 11:07:03.332 10 INFO neutron.db.ovn_revision_numbers_db [None req-99fc54c3-3319-4491-af26-67f5044ba203 c0691106f4444cb7adef7b06bf26702c 790fbbe6b6384654a65bb31eb4bfac6f - - default default] Successfully bumped revision number for resource 29a297a5-f7b5-4114-83fd-52568c46873a (type: security_group_rules) to 0
2026-05-27 11:07:03.349 10 INFO neutron.db.ovn_revision_numbers_db [None req-99fc54c3-3319-4491-af26-67f5044ba203 c0691106f4444cb7adef7b06bf26702c 790fbbe6b6384654a65bb31eb4bfac6f - - default default] Successfully bumped revision number for resource 7a6cff25-a316-4f08-abee-2c6da4713db5 (type: security_group_rules) to 0
2026-05-27 11:07:03.357 10 WARNING neutron.scheduler.dhcp_agent_scheduler [None req-da0ffb20-616e-4d11-9aa2-9fc620f27f71 9ebeae19060a4f3da720bd1b83b12641 b8719dd035514b4c936faa2effb72fc5 - - default default] No more DHCP agents
2026-05-27 11:07:03.359 10 WARNING neutron.api.rpc.agentnotifiers.dhcp_rpc_agent_api [None req-da0ffb20-616e-4d11-9aa2-9fc620f27f71 9ebeae19060a4f3da720bd1b83b12641 b8719dd035514b4c936faa2effb72fc5 - - default default] Unable to schedule network b174806c-c550-4c3a-9930-febda8dbe40a: no agents available; will retry on subsequent port and subnet creation events.
2026-05-27 11:07:03.374 10 INFO neutron.db.ovn_revision_numbers_db [None req-99fc54c3-3319-4491-af26-67f5044ba203 c0691106f4444cb7adef7b06bf26702c 790fbbe6b6384654a65bb31eb4bfac6f - - default default] Successfully bumped revision number for resource d9f8ddcf-6fc7-427c-a2b0-2a09ebcc6a67 (type: security_group_rules) to 0
2026-05-27 11:07:03.401 10 INFO neutron.wsgi [None req-99fc54c3-3319-4491-af26-67f5044ba203 c0691106f4444cb7adef7b06bf26702c 790fbbe6b6384654a65bb31eb4bfac6f - - default default] 10.0.0.84 "GET /v2.0/security-groups?tenant_id=22522c0ca8b9486bbaebc55aec2cb6c7&name=default HTTP/1.1" status: 200 len: 3120 time: 0.3931301
2026-05-27 11:07:03.497 9 WARNING neutron.scheduler.dhcp_agent_scheduler [None req-bad39755-4586-4ccb-9338-af45ca52d0ca c0691106f4444cb7adef7b06bf26702c 790fbbe6b6384654a65bb31eb4bfac6f - - default default] No more DHCP agents
2026-05-27 11:07:03.504 9 WARNING neutron.api.rpc.agentnotifiers.dhcp_rpc_agent_api [None req-bad39755-4586-4ccb-9338-af45ca52d0ca c0691106f4444cb7adef7b06bf26702c 790fbbe6b6384654a65bb31eb4bfac6f - - default default] Unable to schedule network e99886b6-2886-466f-945d-fd77077f6722: no agents available; will retry on subsequent port and subnet creation events.
2026-05-27 11:07:03.544 10 INFO neutron.db.ovn_revision_numbers_db [None req-da0ffb20-616e-4d11-9aa2-9fc620f27f71 9ebeae19060a4f3da720bd1b83b12641 b8719dd035514b4c936faa2effb72fc5 - - default default] Successfully bumped revision number for resource 6a849bac-bb06-408f-90f9-85215809b11b (type: router_ports) to 1
2026-05-27 11:07:03.550 10 INFO neutron.wsgi [None req-da0ffb20-616e-4d11-9aa2-9fc620f27f71 9ebeae19060a4f3da720bd1b83b12641 b8719dd035514b4c936faa2effb72fc5 - - default default] 10.0.0.84 "PUT /v2.0/routers/0a510170-15f5-4370-82e5-0cb027df6d72/add_router_interface HTTP/1.1" status: 200 len: 503 time: 1.8409665
2026-05-27 11:07:03.597 10 INFO neutron.wsgi [None req-b06c3803-f419-4e92-be95-3d7d33eced35 9ebeae19060a4f3da720bd1b83b12641 b8719dd035514b4c936faa2effb72fc5 - - default default] 10.0.0.84 "GET /v2.0/ports/6a849bac-bb06-408f-90f9-85215809b11b HTTP/1.1" status: 200 len: 1139 time: 0.0409281
2026-05-27 11:07:03.604 9 INFO neutron.db.ovn_revision_numbers_db [None req-b9fe7c78-f113-4369-9f33-23cd55a53877 - - - - - -] Successfully bumped revision number for resource 400d9196-3d5e-47ef-9752-04d2d6019d8e (type: ports) to 1
2026-05-27 11:07:03.905 9 INFO neutron.db.ovn_revision_numbers_db [None req-bad39755-4586-4ccb-9338-af45ca52d0ca c0691106f4444cb7adef7b06bf26702c 790fbbe6b6384654a65bb31eb4bfac6f - - default default] Successfully bumped revision number for resource f67fbf65-9c2f-4a35-ac76-09aa8d40b8f5 (type: ports) to 1
2026-05-27 11:07:04.042 9 INFO neutron.wsgi [None req-6c69dddd-237c-49ef-9407-fbb8e8affda3 c0691106f4444cb7adef7b06bf26702c 790fbbe6b6384654a65bb31eb4bfac6f - - default default] 10.0.0.84 "DELETE /v2.0/security-groups/5074e6df-c745-4105-9e0b-dd0ba2e44ff1 HTTP/1.1" status: 204 len: 168 time: 0.6342032
2026-05-27 11:07:04.160 10 WARNING neutron.scheduler.dhcp_agent_scheduler [None req-db01b5a5-2b55-4a05-99c2-4b3e2d7b728a 9ebeae19060a4f3da720bd1b83b12641 b8719dd035514b4c936faa2effb72fc5 - - default default] No more DHCP agents
2026-05-27 11:07:04.163 10 WARNING neutron.api.rpc.agentnotifiers.dhcp_rpc_agent_api [None req-db01b5a5-2b55-4a05-99c2-4b3e2d7b728a 9ebeae19060a4f3da720bd1b83b12641 b8719dd035514b4c936faa2effb72fc5 - - default default] Unable to schedule network 0d7e537b-2354-446f-bcfa-7b9a85b99397: no agents available; will retry on subsequent port and subnet creation events.
2026-05-27 11:07:04.216 9 INFO neutron.db.ovn_revision_numbers_db [None req-ee35cc8e-2494-4aec-bb7d-18c8763f3d77 - - - - - -] Successfully bumped revision number for resource 6a849bac-bb06-408f-90f9-85215809b11b (type: ports) to 2
2026-05-27 11:07:04.272 10 INFO neutron.db.ovn_revision_numbers_db [None req-db01b5a5-2b55-4a05-99c2-4b3e2d7b728a 9ebeae19060a4f3da720bd1b83b12641 b8719dd035514b4c936faa2effb72fc5 - - default default] Successfully bumped revision number for resource 95adf45c-3762-4a5f-a27a-f962bbc63d3b (type: ports) to 1
2026-05-27 11:07:04.726 9 INFO neutron.db.ovn_revision_numbers_db [None req-ee35cc8e-2494-4aec-bb7d-18c8763f3d77 - - - - - -] Successfully bumped revision number for resource 6a849bac-bb06-408f-90f9-85215809b11b (type: router_ports) to 2
2026-05-27 11:07:04.731 9 INFO neutron.db.ovn_revision_numbers_db [None req-ed38864b-98d9-4974-8d17-d6b437ba16e0 c0691106f4444cb7adef7b06bf26702c 790fbbe6b6384654a65bb31eb4bfac6f - - default default] Successfully bumped revision number for resource e763360c-a9e3-4688-a567-3f128ee68615 (type: security_groups) to 1
2026-05-27 11:07:04.740 9 INFO neutron.db.ovn_revision_numbers_db [None req-b9fe7c78-f113-4369-9f33-23cd55a53877 - - - - - -] Successfully bumped revision number for resource 400d9196-3d5e-47ef-9752-04d2d6019d8e (type: router_ports) to 3
2026-05-27 11:07:04.771 9 INFO neutron.db.ovn_revision_numbers_db [None req-ed38864b-98d9-4974-8d17-d6b437ba16e0 c0691106f4444cb7adef7b06bf26702c 790fbbe6b6384654a65bb31eb4bfac6f - - default default] Successfully bumped revision number for resource 2192e8d3-6d50-490f-b5b5-b28ab85fb190 (type: security_group_rules) to 0
2026-05-27 11:07:04.819 9 INFO neutron.db.ovn_revision_numbers_db [None req-ed38864b-98d9-4974-8d17-d6b437ba16e0 c0691106f4444cb7adef7b06bf26702c 790fbbe6b6384654a65bb31eb4bfac6f - - default default] Successfully bumped revision number for resource 2ac19060-c23e-4bc1-a31e-1101b49e012e (type: security_group_rules) to 0
2026-05-27 11:07:04.852 9 INFO neutron.db.ovn_revision_numbers_db [None req-ed38864b-98d9-4974-8d17-d6b437ba16e0 c0691106f4444cb7adef7b06bf26702c 790fbbe6b6384654a65bb31eb4bfac6f - - default default] Successfully bumped revision number for resource a567aa6b-41df-47db-850a-00eb459ff3e0 (type: security_group_rules) to 0
2026-05-27 11:07:04.878 10 ERROR ovsdbapp.backend.ovs_idl.command [None req-db01b5a5-2b55-4a05-99c2-4b3e2d7b728a 9ebeae19060a4f3da720bd1b83b12641 b8719dd035514b4c936faa2effb72fc5 - - default default] Error executing command (DbGetCommand): ovsdbapp.backend.ovs_idl.idlutils.RowNotFound: Cannot find Logical_Router_Port with name=lrp-95adf45c-3762-4a5f-a27a-f962bbc63d3b
2026-05-27 11:07:04.878 10 ERROR ovsdbapp.backend.ovs_idl.command
Traceback (most recent call last):
2026-05-27 11:07:04.878 10 ERROR ovsdbapp.backend.ovs_idl.command
File "/var/lib/openstack/lib/python3.10/site-packages/ovsdbapp/backend/ovs_idl/command.py", line 47, in execute
2026-05-27 11:07:04.878 10 ERROR ovsdbapp.backend.ovs_idl.command self.run_idl(None)
2026-05-27 11:07:04.878 10 ERROR ovsdbapp.backend.ovs_idl.command
File "/var/lib/openstack/lib/python3.10/site-packages/ovsdbapp/backend/ovs_idl/command.py", line 235, in run_idl
2026-05-27 11:07:04.878 10 ERROR ovsdbapp.backend.ovs_idl.command record = self.api.lookup(self.table, self.record)
2026-05-27 11:07:04.878 10 ERROR ovsdbapp.backend.ovs_idl.command
File "/var/lib/openstack/lib/python3.10/site-packages/ovsdbapp/backend/ovs_idl/__init__.py", line 184, in lookup
2026-05-27 11:07:04.878 10 ERROR ovsdbapp.backend.ovs_idl.command return self._lookup(table, record)
2026-05-27 11:07:04.878 10 ERROR ovsdbapp.backend.ovs_idl.command
File "/var/lib/openstack/lib/python3.10/site-packages/ovsdbapp/backend/ovs_idl/__init__.py", line 235, in _lookup
2026-05-27 11:07:04.878 10 ERROR ovsdbapp.backend.ovs_idl.command row = idlutils.row_by_value(self, rl.table, rl.column, record)
2026-05-27 11:07:04.878 10 ERROR ovsdbapp.backend.ovs_idl.command
File "/var/lib/openstack/lib/python3.10/site-packages/ovsdbapp/backend/ovs_idl/idlutils.py", line 114, in row_by_value
2026-05-27 11:07:04.878 10 ERROR ovsdbapp.backend.ovs_idl.command raise RowNotFound(table=table, col=column, match=match)
2026-05-27 11:07:04.878 10 ERROR ovsdbapp.backend.ovs_idl.command ovsdbapp.backend.ovs_idl.idlutils.RowNotFound: Cannot find Logical_Router_Port with name=lrp-95adf45c-3762-4a5f-a27a-f962bbc63d3b
2026-05-27 11:07:04.878 10 ERROR ovsdbapp.backend.ovs_idl.command 
2026-05-27 11:07:04.879 9 INFO neutron.db.ovn_revision_numbers_db [None req-ed38864b-98d9-4974-8d17-d6b437ba16e0 c0691106f4444cb7adef7b06bf26702c 790fbbe6b6384654a65bb31eb4bfac6f - - default default] Successfully bumped revision number for resource c10fd8d9-b95b-4d54-b1ce-0f644d0838ad (type: security_group_rules) to 0
2026-05-27 11:07:04.879 10 ERROR neutron_lib.callbacks.manager [None req-db01b5a5-2b55-4a05-99c2-4b3e2d7b728a 9ebeae19060a4f3da720bd1b83b12641 b8719dd035514b4c936faa2effb72fc5 - - default default] Error during notification for neutron.services.ovn_l3.plugin.OVNL3RouterPlugin._port_update-8782775636719 port, after_update: ovsdbapp.backend.ovs_idl.idlutils.RowNotFound: Cannot find Logical_Router_Port with name=lrp-95adf45c-3762-4a5f-a27a-f962bbc63d3b
2026-05-27 11:07:04.879 10 ERROR neutron_lib.callbacks.manager
Traceback (most recent call last):
2026-05-27 11:07:04.879 10 ERROR neutron_lib.callbacks.manager
File "/var/lib/openstack/lib/python3.10/site-packages/neutron_lib/callbacks/manager.py", line 189, in _notify_loop
2026-05-27 11:07:04.879 10 ERROR neutron_lib.callbacks.manager callback.method(resource, event, trigger, payload=payload)
2026-05-27 11:07:04.879 10 ERROR neutron_lib.callbacks.manager
File "/var/lib/openstack/lib/python3.10/site-packages/neutron/services/ovn_l3/plugin.py", line 391, in _port_update
2026-05-27 11:07:04.879 10 ERROR neutron_lib.callbacks.manager l3plugin._ovn_client.update_router_port(context,
2026-05-27 11:07:04.879 10 ERROR neutron_lib.callbacks.manager
File "/var/lib/openstack/lib/python3.10/site-packages/neutron/plugins/ml2/drivers/ovn/mech_driver/ovsdb/ovn_client.py", line 1878, in update_router_port
2026-05-27 11:07:04.879 10 ERROR neutron_lib.callbacks.manager self._update_lrouter_port(context, port, if_exists=if_exists,
2026-05-27 11:07:04.879 10 ERROR neutron_lib.callbacks.manager
File "/var/lib/openstack/lib/python3.10/site-packages/neutron/plugins/ml2/drivers/ovn/mech_driver/ovsdb/ovn_client.py", line 1855, in _update_lrouter_port
2026-05-27 11:07:04.879 10 ERROR neutron_lib.callbacks.manager external_ids = self._nb_idl.db_get(
2026-05-27 11:07:04.879 10 ERROR neutron_lib.callbacks.manager
File "/var/lib/openstack/lib/python3.10/site-packages/ovsdbapp/backend/ovs_idl/command.py", line 47, in execute
2026-05-27 11:07:04.879 10 ERROR neutron_lib.callbacks.manager self.run_idl(None)
2026-05-27 11:07:04.879 10 ERROR neutron_lib.callbacks.manager
File "/var/lib/openstack/lib/python3.10/site-packages/ovsdbapp/backend/ovs_idl/command.py", line 235, in run_idl
2026-05-27 11:07:04.879 10 ERROR neutron_lib.callbacks.manager record = self.api.lookup(self.table, self.record)
2026-05-27 11:07:04.879 10 ERROR neutron_lib.callbacks.manager
File "/var/lib/openstack/lib/python3.10/site-packages/ovsdbapp/backend/ovs_idl/__init__.py", line 184, in lookup
2026-05-27 11:07:04.879 10 ERROR neutron_lib.callbacks.manager return self._lookup(table, record)
2026-05-27 11:07:04.879 10 ERROR neutron_lib.callbacks.manager
File "/var/lib/openstack/lib/python3.10/site-packages/ovsdbapp/backend/ovs_idl/__init__.py", line 235, in _lookup
2026-05-27 11:07:04.879 10 ERROR neutron_lib.callbacks.manager row = idlutils.row_by_value(self, rl.table, rl.column, record)
2026-05-27 11:07:04.879 10 ERROR neutron_lib.callbacks.manager
File "/var/lib/openstack/lib/python3.10/site-packages/ovsdbapp/backend/ovs_idl/idlutils.py", line 114, in row_by_value
2026-05-27 11:07:04.879 10 ERROR neutron_lib.callbacks.manager raise RowNotFound(table=table, col=column, match=match)
2026-05-27 11:07:04.879 10 ERROR neutron_lib.callbacks.manager ovsdbapp.backend.ovs_idl.idlutils.RowNotFound: Cannot find Logical_Router_Port with name=lrp-95adf45c-3762-4a5f-a27a-f962bbc63d3b
2026-05-27 11:07:04.879 10 ERROR neutron_lib.callbacks.manager 
2026-05-27 11:07:04.942 9 INFO neutron.wsgi [None req-ed38864b-98d9-4974-8d17-d6b437ba16e0 c0691106f4444cb7adef7b06bf26702c 790fbbe6b6384654a65bb31eb4bfac6f - - default default] 10.0.0.84 "GET /v2.0/security-groups?tenant_id=28fad78f142a45718e985d301eeea817&name=default HTTP/1.1" status: 200 len: 3120 time: 0.7883027
2026-05-27 11:07:05.100 10 INFO neutron.db.ovn_revision_numbers_db [None req-db01b5a5-2b55-4a05-99c2-4b3e2d7b728a 9ebeae19060a4f3da720bd1b83b12641 b8719dd035514b4c936faa2effb72fc5 - - default default] Successfully bumped revision number for resource 95adf45c-3762-4a5f-a27a-f962bbc63d3b (type: ports) to 1
2026-05-27 11:07:05.131 9 INFO neutron.db.ovn_revision_numbers_db [None req-b9fe7c78-f113-4369-9f33-23cd55a53877 - - - - - -] Successfully bumped revision number for resource 400d9196-3d5e-47ef-9752-04d2d6019d8e (type: ports) to 2
2026-05-27 11:07:05.138 9 ERROR ovsdbapp.backend.ovs_idl.command [None req-bad39755-4586-4ccb-9338-af45ca52d0ca c0691106f4444cb7adef7b06bf26702c 790fbbe6b6384654a65bb31eb4bfac6f - - default default] Error executing command (DbGetCommand): ovsdbapp.backend.ovs_idl.idlutils.RowNotFound: Cannot find Logical_Router_Port with name=lrp-f67fbf65-9c2f-4a35-ac76-09aa8d40b8f5
2026-05-27 11:07:05.138 9 ERROR ovsdbapp.backend.ovs_idl.command
Traceback (most recent call last):
2026-05-27 11:07:05.138 9 ERROR ovsdbapp.backend.ovs_idl.command
File "/var/lib/openstack/lib/python3.10/site-packages/ovsdbapp/backend/ovs_idl/command.py", line 47, in execute
2026-05-27 11:07:05.138 9 ERROR ovsdbapp.backend.ovs_idl.command self.run_idl(None)
2026-05-27 11:07:05.138 9 ERROR ovsdbapp.backend.ovs_idl.command
File "/var/lib/openstack/lib/python3.10/site-packages/ovsdbapp/backend/ovs_idl/command.py", line 235, in run_idl
2026-05-27 11:07:05.138 9 ERROR ovsdbapp.backend.ovs_idl.command record = self.api.lookup(self.table, self.record)
2026-05-27 11:07:05.138 9 ERROR ovsdbapp.backend.ovs_idl.command
File "/var/lib/openstack/lib/python3.10/site-packages/ovsdbapp/backend/ovs_idl/__init__.py", line 184, in lookup
2026-05-27 11:07:05.138 9 ERROR ovsdbapp.backend.ovs_idl.command return self._lookup(table, record)
2026-05-27 11:07:05.138 9 ERROR ovsdbapp.backend.ovs_idl.command
File "/var/lib/openstack/lib/python3.10/site-packages/ovsdbapp/backend/ovs_idl/__init__.py", line 235, in _lookup
2026-05-27 11:07:05.138 9 ERROR ovsdbapp.backend.ovs_idl.command row = idlutils.row_by_value(self, rl.table, rl.column, record)
2026-05-27 11:07:05.138 9 ERROR ovsdbapp.backend.ovs_idl.command
File "/var/lib/openstack/lib/python3.10/site-packages/ovsdbapp/backend/ovs_idl/idlutils.py", line 114, in row_by_value
2026-05-27 11:07:05.138 9 ERROR ovsdbapp.backend.ovs_idl.command raise RowNotFound(table=table, col=column, match=match)
2026-05-27 11:07:05.138 9 ERROR ovsdbapp.backend.ovs_idl.command ovsdbapp.backend.ovs_idl.idlutils.RowNotFound: Cannot find Logical_Router_Port with name=lrp-f67fbf65-9c2f-4a35-ac76-09aa8d40b8f5
2026-05-27 11:07:05.138 9 ERROR ovsdbapp.backend.ovs_idl.command 
2026-05-27 11:07:05.138 9 ERROR neutron_lib.callbacks.manager [None req-bad39755-4586-4ccb-9338-af45ca52d0ca c0691106f4444cb7adef7b06bf26702c 790fbbe6b6384654a65bb31eb4bfac6f - - default default] Error during notification for neutron.services.ovn_l3.plugin.OVNL3RouterPlugin._port_update-8782775636719 port, after_update: ovsdbapp.backend.ovs_idl.idlutils.RowNotFound: Cannot find Logical_Router_Port with name=lrp-f67fbf65-9c2f-4a35-ac76-09aa8d40b8f5
2026-05-27 11:07:05.138 9 ERROR neutron_lib.callbacks.manager
Traceback (most recent call last):
2026-05-27 11:07:05.138 9 ERROR neutron_lib.callbacks.manager
File "/var/lib/openstack/lib/python3.10/site-packages/neutron_lib/callbacks/manager.py", line 189, in _notify_loop
2026-05-27 11:07:05.138 9 ERROR neutron_lib.callbacks.manager callback.method(resource, event, trigger, payload=payload)
2026-05-27 11:07:05.138 9 ERROR neutron_lib.callbacks.manager
File "/var/lib/openstack/lib/python3.10/site-packages/neutron/services/ovn_l3/plugin.py", line 391, in _port_update
2026-05-27 11:07:05.138 9 ERROR neutron_lib.callbacks.manager l3plugin._ovn_client.update_router_port(context,
2026-05-27 11:07:05.138 9 ERROR neutron_lib.callbacks.manager
File "/var/lib/openstack/lib/python3.10/site-packages/neutron/plugins/ml2/drivers/ovn/mech_driver/ovsdb/ovn_client.py", line 1878, in update_router_port
2026-05-27 11:07:05.138 9 ERROR neutron_lib.callbacks.manager self._update_lrouter_port(context, port, if_exists=if_exists,
2026-05-27 11:07:05.138 9 ERROR neutron_lib.callbacks.manager
File "/var/lib/openstack/lib/python3.10/site-packages/neutron/plugins/ml2/drivers/ovn/mech_driver/ovsdb/ovn_client.py", line 1855, in _update_lrouter_port
2026-05-27 11:07:05.138 9 ERROR neutron_lib.callbacks.manager external_ids = self._nb_idl.db_get(
2026-05-27 11:07:05.138 9 ERROR neutron_lib.callbacks.manager
File "/var/lib/openstack/lib/python3.10/site-packages/ovsdbapp/backend/ovs_idl/command.py", line 47, in execute
2026-05-27 11:07:05.138 9 ERROR neutron_lib.callbacks.manager self.run_idl(None)
2026-05-27 11:07:05.138 9 ERROR neutron_lib.callbacks.manager
File "/var/lib/openstack/lib/python3.10/site-packages/ovsdbapp/backend/ovs_idl/command.py", line 235, in run_idl
2026-05-27 11:07:05.138 9 ERROR neutron_lib.callbacks.manager record = self.api.lookup(self.table, self.record)
2026-05-27 11:07:05.138 9 ERROR neutron_lib.callbacks.manager
File "/var/lib/openstack/lib/python3.10/site-packages/ovsdbapp/backend/ovs_idl/__init__.py", line 184, in lookup
2026-05-27 11:07:05.138 9 ERROR neutron_lib.callbacks.manager return self._lookup(table, record)
2026-05-27 11:07:05.138 9 ERROR neutron_lib.callbacks.manager
File "/var/lib/openstack/lib/python3.10/site-packages/ovsdbapp/backend/ovs_idl/__init__.py", line 235, in _lookup
2026-05-27 11:07:05.138 9 ERROR neutron_lib.callbacks.manager row = idlutils.row_by_value(self, rl.table, rl.column, record)
2026-05-27 11:07:05.138 9 ERROR neutron_lib.callbacks.manager
File "/var/lib/openstack/lib/python3.10/site-packages/ovsdbapp/backend/ovs_idl/idlutils.py", line 114, in row_by_value
2026-05-27 11:07:05.138 9 ERROR neutron_lib.callbacks.manager raise RowNotFound(table=table, col=column, match=match)
2026-05-27 11:07:05.138 9 ERROR neutron_lib.callbacks.manager ovsdbapp.backend.ovs_idl.idlutils.RowNotFound: Cannot find Logical_Router_Port with name=lrp-f67fbf65-9c2f-4a35-ac76-09aa8d40b8f5
2026-05-27 11:07:05.138 9 ERROR neutron_lib.callbacks.manager 
2026-05-27 11:07:05.189 10 WARNING neutron.scheduler.dhcp_agent_scheduler [None req-db01b5a5-2b55-4a05-99c2-4b3e2d7b728a 9ebeae19060a4f3da720bd1b83b12641 b8719dd035514b4c936faa2effb72fc5 - - default default] No more DHCP agents
