2026-05-27 11:09:09.989 9 INFO neutron.wsgi [None req-fc471113-5045-4944-8759-402d4f72d6c0 c0691106f4444cb7adef7b06bf26702c 790fbbe6b6384654a65bb31eb4bfac6f - - default default] 10.0.0.84 "DELETE /v2.0/security-groups/bcec1109-6c78-44f8-8694-c1390251fe6c HTTP/1.1" status: 204 len: 168 time: 0.3811958
2026-05-27 11:09:10.106 9 INFO neutron.wsgi [None req-f18129a9-6d2b-4ec2-a823-9d33283c6d8e c0691106f4444cb7adef7b06bf26702c 790fbbe6b6384654a65bb31eb4bfac6f - - default default] 10.0.0.84 "DELETE /v2.0/security-groups/6fa3ef0b-4346-41fd-af68-6a50b6414d7b HTTP/1.1" status: 204 len: 168 time: 0.2731891
2026-05-27 11:09:10.119 10 WARNING neutron.plugins.ml2.drivers.ovn.mech_driver.ovsdb.ovn_client [None req-f0e4303d-c993-4742-80bd-99375a17e647 - - - - - -] No port found with ID ad137210-da4d-4adb-8daa-a6d5f8064d76: RuntimeError: No port found with ID ad137210-da4d-4adb-8daa-a6d5f8064d76
2026-05-27 11:09:10.154 9 INFO neutron.wsgi [None req-e9514b0a-96fb-4efa-91de-58f6de799a9d c0691106f4444cb7adef7b06bf26702c 790fbbe6b6384654a65bb31eb4bfac6f - - default default] 10.0.0.84 "GET /v2.0/security-groups?tenant_id=3cafb4505bcb44e987ae5edda4246027&name=default HTTP/1.1" status: 200 len: 3120 time: 0.0642400
2026-05-27 11:09:10.413 9 INFO neutron.db.ovn_revision_numbers_db [None req-09d883ec-9bcf-4345-bd69-cdac68540dab c0691106f4444cb7adef7b06bf26702c 790fbbe6b6384654a65bb31eb4bfac6f - - default default] Successfully bumped revision number for resource d6aa3aa1-71a3-4b6a-a57b-0624e65d8427 (type: security_groups) to 1
2026-05-27 11:09:10.429 9 INFO neutron.wsgi [None req-816ff985-dc97-4d9a-8204-0ef6f1354b4b c0691106f4444cb7adef7b06bf26702c 790fbbe6b6384654a65bb31eb4bfac6f - - default default] 10.0.0.84 "DELETE /v2.0/security-groups/87b51602-b1f1-4780-86d4-a56e36bb1b5a HTTP/1.1" status: 204 len: 168 time: 0.2614930
2026-05-27 11:09:10.435 9 INFO neutron.db.ovn_revision_numbers_db [None req-09d883ec-9bcf-4345-bd69-cdac68540dab c0691106f4444cb7adef7b06bf26702c 790fbbe6b6384654a65bb31eb4bfac6f - - default default] Successfully bumped revision number for resource 58122284-cda1-4540-bba4-f7a929c2e535 (type: security_group_rules) to 0
2026-05-27 11:09:10.455 9 INFO neutron.db.ovn_revision_numbers_db [None req-09d883ec-9bcf-4345-bd69-cdac68540dab c0691106f4444cb7adef7b06bf26702c 790fbbe6b6384654a65bb31eb4bfac6f - - default default] Successfully bumped revision number for resource 673cbc5b-1d95-4548-bcd5-fd08cd6716c5 (type: security_group_rules) to 0
2026-05-27 11:09:10.470 9 INFO neutron.db.ovn_revision_numbers_db [None req-09d883ec-9bcf-4345-bd69-cdac68540dab c0691106f4444cb7adef7b06bf26702c 790fbbe6b6384654a65bb31eb4bfac6f - - default default] Successfully bumped revision number for resource ae000d31-acee-4b28-a722-3526255dd803 (type: security_group_rules) to 0
2026-05-27 11:09:10.483 9 INFO neutron.db.ovn_revision_numbers_db [None req-09d883ec-9bcf-4345-bd69-cdac68540dab c0691106f4444cb7adef7b06bf26702c 790fbbe6b6384654a65bb31eb4bfac6f - - default default] Successfully bumped revision number for resource ea587b9d-341f-467f-ac5c-59236b98b42f (type: security_group_rules) to 0
2026-05-27 11:09:10.504 10 INFO neutron.wsgi [None req-a7e671c3-ca7d-4f2f-a625-86c200da8511 42d58979056a4c399d328aa984a5714f 97eae360cafd4e929662b46e91c3ce66 - - default default] 10.0.0.84 "DELETE /v2.0/routers/e853638d-014c-4ce7-8aed-791f82ac3551 HTTP/1.1" status: 204 len: 168 time: 0.5518477
2026-05-27 11:09:10.509 9 INFO neutron.wsgi [None req-09d883ec-9bcf-4345-bd69-cdac68540dab c0691106f4444cb7adef7b06bf26702c 790fbbe6b6384654a65bb31eb4bfac6f - - default default] 10.0.0.84 "GET /v2.0/security-groups?tenant_id=133d50fd48374f908f0f908c3ed6363a&name=default HTTP/1.1" status: 200 len: 3120 time: 0.2362404
2026-05-27 11:09:10.742 10 INFO neutron.wsgi [None req-e774a413-c656-4cc2-8c9d-db8b73ee370a 42d58979056a4c399d328aa984a5714f 97eae360cafd4e929662b46e91c3ce66 - - default default] 10.0.0.84 "DELETE /v2.0/subnets/81967635-8aec-4fe9-a0be-23ab81dc61eb HTTP/1.1" status: 204 len: 168 time: 0.2326560
2026-05-27 11:09:10.748 9 INFO neutron.wsgi [None req-ceab1965-ec47-4dd3-89e6-fc9d10ff2f55 c0691106f4444cb7adef7b06bf26702c 790fbbe6b6384654a65bb31eb4bfac6f - - default default] 10.0.0.84 "DELETE /v2.0/security-groups/d6aa3aa1-71a3-4b6a-a57b-0624e65d8427 HTTP/1.1" status: 204 len: 168 time: 0.2316401
2026-05-27 11:09:10.977 10 INFO neutron.wsgi [None req-f89a809c-7d91-44b7-a27c-8da28d89a914 42d58979056a4c399d328aa984a5714f 97eae360cafd4e929662b46e91c3ce66 - - default default] 10.0.0.84 "DELETE /v2.0/subnets/c490b59b-0989-4ded-8c55-c9ab1e87e17d HTTP/1.1" status: 204 len: 168 time: 0.2250390
2026-05-27 11:09:11.285 10 INFO neutron.db.ovn_revision_numbers_db [None req-cf6f55d8-acd6-40ac-9518-ec69ea84251e c0691106f4444cb7adef7b06bf26702c 790fbbe6b6384654a65bb31eb4bfac6f - - default default] Successfully bumped revision number for resource cb868a7a-e3ad-4ab3-aa84-28c6851bd0d4 (type: security_groups) to 1
2026-05-27 11:09:11.309 10 INFO neutron.db.ovn_revision_numbers_db [None req-cf6f55d8-acd6-40ac-9518-ec69ea84251e c0691106f4444cb7adef7b06bf26702c 790fbbe6b6384654a65bb31eb4bfac6f - - default default] Successfully bumped revision number for resource 2cdf3425-f026-4a53-9eea-e0a4857306c7 (type: security_group_rules) to 0
2026-05-27 11:09:11.343 10 INFO neutron.db.ovn_revision_numbers_db [None req-cf6f55d8-acd6-40ac-9518-ec69ea84251e c0691106f4444cb7adef7b06bf26702c 790fbbe6b6384654a65bb31eb4bfac6f - - default default] Successfully bumped revision number for resource 9171943a-cf91-484e-ad51-19e155005979 (type: security_group_rules) to 0
2026-05-27 11:09:11.365 10 INFO neutron.db.ovn_revision_numbers_db [None req-cf6f55d8-acd6-40ac-9518-ec69ea84251e c0691106f4444cb7adef7b06bf26702c 790fbbe6b6384654a65bb31eb4bfac6f - - default default] Successfully bumped revision number for resource b151cbb2-ec0e-4e6c-a3c1-536c5ff6e3ba (type: security_group_rules) to 0
2026-05-27 11:09:11.404 10 INFO neutron.db.ovn_revision_numbers_db [None req-cf6f55d8-acd6-40ac-9518-ec69ea84251e c0691106f4444cb7adef7b06bf26702c 790fbbe6b6384654a65bb31eb4bfac6f - - default default] Successfully bumped revision number for resource c806976a-4cf7-4127-8dfa-3e58770990a9 (type: security_group_rules) to 0
2026-05-27 11:09:11.424 10 INFO neutron.services.segments.plugin [-] Segment 1cf1becf-e4b0-4ee8-9a0b-b3fbd1104022 resource provider aggregate not found
2026-05-27 11:09:11.431 10 INFO neutron.services.segments.plugin [-] Segment 1cf1becf-e4b0-4ee8-9a0b-b3fbd1104022 resource provider aggregate not found
2026-05-27 11:09:11.446 10 INFO neutron.services.segments.plugin [-] Segment 1cf1becf-e4b0-4ee8-9a0b-b3fbd1104022 resource provider not found; error: Placement Client Error (4xx): {"errors": [{"status": 404, "title": "Not Found", "detail": "The resource could not be found.\n\n No resource provider with uuid 1cf1becf-e4b0-4ee8-9a0b-b3fbd1104022 found for delete ", "request_id": "req-ba055292-9512-4ccd-942b-5aaf43e57a1d"}]}
2026-05-27 11:09:11.450 10 INFO neutron.wsgi [None req-cf6f55d8-acd6-40ac-9518-ec69ea84251e c0691106f4444cb7adef7b06bf26702c 790fbbe6b6384654a65bb31eb4bfac6f - - default default] 10.0.0.84 "GET /v2.0/security-groups?tenant_id=c03c45447663408187971d524a64736d&name=default HTTP/1.1" status: 200 len: 3120 time: 0.5414598
2026-05-27 11:09:11.452 10 INFO neutron.services.segments.plugin [-] Segment 1cf1becf-e4b0-4ee8-9a0b-b3fbd1104022 resource provider not found; error: Placement Client Error (4xx): {"errors": [{"status": 404, "title": "Not Found", "detail": "The resource could not be found.\n\n No resource provider with uuid 1cf1becf-e4b0-4ee8-9a0b-b3fbd1104022 found for delete ", "request_id": "req-5f6f7459-eb52-4c6d-ad24-004adc6f3f05"}]}
2026-05-27 11:09:11.485 10 INFO neutron.wsgi [None req-6f3f1d96-1ac2-4356-90f4-17ec47b78eb5 42d58979056a4c399d328aa984a5714f 97eae360cafd4e929662b46e91c3ce66 - - default default] 10.0.0.84 "DELETE /v2.0/networks/1e0c58e8-0422-4845-9e79-5080293d9009 HTTP/1.1" status: 204 len: 168 time: 0.5037112
2026-05-27 11:09:11.687 10 INFO neutron.wsgi [None req-3ac88822-9920-4640-baa7-90ef255d3768 c0691106f4444cb7adef7b06bf26702c 790fbbe6b6384654a65bb31eb4bfac6f - - default default] 10.0.0.84 "DELETE /v2.0/security-groups/cb868a7a-e3ad-4ab3-aa84-28c6851bd0d4 HTTP/1.1" status: 204 len: 168 time: 0.2317572
2026-05-27 11:09:11.918 9 INFO neutron.services.segments.plugin [-] Segment 4ac8353d-7664-412d-87d4-c8825bce1028 resource provider aggregate not found
2026-05-27 11:09:11.922 9 INFO neutron.services.segments.plugin [-] Segment 4ac8353d-7664-412d-87d4-c8825bce1028 resource provider aggregate not found
2026-05-27 11:09:11.936 9 INFO neutron.services.segments.plugin [-] Segment 4ac8353d-7664-412d-87d4-c8825bce1028 resource provider not found; error: Placement Client Error (4xx): {"errors": [{"status": 404, "title": "Not Found", "detail": "The resource could not be found.\n\n No resource provider with uuid 4ac8353d-7664-412d-87d4-c8825bce1028 found for delete ", "request_id": "req-ec805086-3996-4dbc-a10d-5ce95d6e00a1"}]}
2026-05-27 11:09:11.940 9 INFO neutron.services.segments.plugin [-] Segment 4ac8353d-7664-412d-87d4-c8825bce1028 resource provider not found; error: Placement Client Error (4xx): {"errors": [{"status": 404, "title": "Not Found", "detail": "The resource could not be found.\n\n No resource provider with uuid 4ac8353d-7664-412d-87d4-c8825bce1028 found for delete ", "request_id": "req-fd767089-08a7-45cd-bc8d-c034bb636212"}]}
2026-05-27 11:09:11.967 9 INFO neutron.wsgi [None req-ddc818e2-1220-4e88-8ead-cc88498d972c 42d58979056a4c399d328aa984a5714f 97eae360cafd4e929662b46e91c3ce66 - - default default] 10.0.0.84 "DELETE /v2.0/networks/3bbeebd8-ad21-4520-ae71-2c3f5364218c HTTP/1.1" status: 204 len: 168 time: 0.4765232
2026-05-27 11:09:11.982 10 WARNING neutron_lib.context [None req-0b8ced7b-3b47-4b40-9734-df2ea520217b 42d58979056a4c399d328aa984a5714f 97eae360cafd4e929662b46e91c3ce66 - - default default] Method 'is_advsvc' is deprecated since 2023.2 release (neutron-lib 3.8.0) and will be removed once support for the old RBAC API policies will be removed from Neutron. Please use method 'is_service_role' instead.
2026-05-27 11:09:11.990 9 INFO neutron.db.ovn_revision_numbers_db [None req-961c7c86-171c-4fb7-8072-200be5d76d2b c0691106f4444cb7adef7b06bf26702c 790fbbe6b6384654a65bb31eb4bfac6f - - default default] Successfully bumped revision number for resource 0c9c1147-9ba4-4ba9-a5bc-ec7b34d42874 (type: security_groups) to 1
2026-05-27 11:09:12.004 9 INFO neutron.db.ovn_revision_numbers_db [None req-961c7c86-171c-4fb7-8072-200be5d76d2b c0691106f4444cb7adef7b06bf26702c 790fbbe6b6384654a65bb31eb4bfac6f - - default default] Successfully bumped revision number for resource 1b8d878b-e60d-4ff6-ba0f-0bb9b73d003b (type: security_group_rules) to 0
2026-05-27 11:09:12.019 9 INFO neutron.db.ovn_revision_numbers_db [None req-961c7c86-171c-4fb7-8072-200be5d76d2b c0691106f4444cb7adef7b06bf26702c 790fbbe6b6384654a65bb31eb4bfac6f - - default default] Successfully bumped revision number for resource 5606a716-835b-478c-9708-211c81cd0f3d (type: security_group_rules) to 0
2026-05-27 11:09:12.047 9 INFO neutron.db.ovn_revision_numbers_db [None req-961c7c86-171c-4fb7-8072-200be5d76d2b c0691106f4444cb7adef7b06bf26702c 790fbbe6b6384654a65bb31eb4bfac6f - - default default] Successfully bumped revision number for resource c34e3068-bcc4-4584-814b-2ac19c1284c2 (type: security_group_rules) to 0
2026-05-27 11:09:12.060 9 INFO neutron.db.ovn_revision_numbers_db [None req-961c7c86-171c-4fb7-8072-200be5d76d2b c0691106f4444cb7adef7b06bf26702c 790fbbe6b6384654a65bb31eb4bfac6f - - default default] Successfully bumped revision number for resource c8ac08c2-1b43-45da-a285-f6a6f1f05d22 (type: security_group_rules) to 0
2026-05-27 11:09:12.083 9 INFO neutron.wsgi [None req-961c7c86-171c-4fb7-8072-200be5d76d2b c0691106f4444cb7adef7b06bf26702c 790fbbe6b6384654a65bb31eb4bfac6f - - default default] 10.0.0.84 "GET /v2.0/security-groups?tenant_id=3e1260957d0d4e0681db47f104ab314e&name=default HTTP/1.1" status: 200 len: 3120 time: 0.3006504
2026-05-27 11:09:12.094 10 INFO neutron.db.segments_db [None req-0b8ced7b-3b47-4b40-9734-df2ea520217b 42d58979056a4c399d328aa984a5714f 97eae360cafd4e929662b46e91c3ce66 - - default default] Added segment 1ab9bc4a-8b51-4800-9b5f-9d8af39eb650 of type geneve for network 0629bf1f-65c6-43b2-95de-3559413b2b0b
2026-05-27 11:09:12.267 10 INFO neutron.db.ovn_revision_numbers_db [None req-0b8ced7b-3b47-4b40-9734-df2ea520217b 42d58979056a4c399d328aa984a5714f 97eae360cafd4e929662b46e91c3ce66 - - default default] Successfully bumped revision number for resource 0629bf1f-65c6-43b2-95de-3559413b2b0b (type: networks) to 1
2026-05-27 11:09:12.320 9 INFO neutron.wsgi [None req-54095c5b-6533-429d-8a1a-e403bab51156 c0691106f4444cb7adef7b06bf26702c 790fbbe6b6384654a65bb31eb4bfac6f - - default default] 10.0.0.84 "DELETE /v2.0/security-groups/0c9c1147-9ba4-4ba9-a5bc-ec7b34d42874 HTTP/1.1" status: 204 len: 168 time: 0.2317412
2026-05-27 11:09:12.455 10 WARNING neutron.scheduler.dhcp_agent_scheduler [None req-0b8ced7b-3b47-4b40-9734-df2ea520217b 42d58979056a4c399d328aa984a5714f 97eae360cafd4e929662b46e91c3ce66 - - default default] No more DHCP agents
2026-05-27 11:09:12.458 10 WARNING neutron.api.rpc.agentnotifiers.dhcp_rpc_agent_api [None req-0b8ced7b-3b47-4b40-9734-df2ea520217b 42d58979056a4c399d328aa984a5714f 97eae360cafd4e929662b46e91c3ce66 - - default default] Unable to schedule network 0629bf1f-65c6-43b2-95de-3559413b2b0b: no agents available; will retry on subsequent port and subnet creation events.
2026-05-27 11:09:12.551 10 INFO neutron.db.ovn_revision_numbers_db [None req-0b8ced7b-3b47-4b40-9734-df2ea520217b 42d58979056a4c399d328aa984a5714f 97eae360cafd4e929662b46e91c3ce66 - - default default] Successfully bumped revision number for resource 439b4220-bf13-4dd4-b3d6-6a2bf4f373af (type: ports) to 1
2026-05-27 11:09:12.576 10 INFO neutron.wsgi [None req-0b8ced7b-3b47-4b40-9734-df2ea520217b 42d58979056a4c399d328aa984a5714f 97eae360cafd4e929662b46e91c3ce66 - - default default] 10.0.0.84 "POST /v2.0/networks HTTP/1.1" status: 201 len: 828 time: 0.6020947
2026-05-27 11:09:12.589 10 WARNING neutron_lib.context [None req-28dd3f44-c2fc-4597-9fed-7695e07feb93 42d58979056a4c399d328aa984a5714f 97eae360cafd4e929662b46e91c3ce66 - - default default] Method 'is_advsvc' is deprecated since 2023.2 release (neutron-lib 3.8.0) and will be removed once support for the old RBAC API policies will be removed from Neutron. Please use method 'is_service_role' instead.
2026-05-27 11:09:12.625 9 INFO neutron.db.ovn_revision_numbers_db [None req-c1b73d6c-9fd0-490c-a456-e958fb16b30a c0691106f4444cb7adef7b06bf26702c 790fbbe6b6384654a65bb31eb4bfac6f - - default default] Successfully bumped revision number for resource c7039ef6-9bb1-4ca6-aeec-58c18f8eb99e (type: security_groups) to 1
2026-05-27 11:09:12.638 9 INFO neutron.db.ovn_revision_numbers_db [None req-c1b73d6c-9fd0-490c-a456-e958fb16b30a c0691106f4444cb7adef7b06bf26702c 790fbbe6b6384654a65bb31eb4bfac6f - - default default] Successfully bumped revision number for resource 08d93551-095a-45a7-8622-aeeaea41c4a3 (type: security_group_rules) to 0
2026-05-27 11:09:12.653 9 INFO neutron.db.ovn_revision_numbers_db [None req-c1b73d6c-9fd0-490c-a456-e958fb16b30a c0691106f4444cb7adef7b06bf26702c 790fbbe6b6384654a65bb31eb4bfac6f - - default default] Successfully bumped revision number for resource 832956f1-47b9-4100-850b-af6dcff33aae (type: security_group_rules) to 0
2026-05-27 11:09:12.666 9 INFO neutron.db.ovn_revision_numbers_db [None req-c1b73d6c-9fd0-490c-a456-e958fb16b30a c0691106f4444cb7adef7b06bf26702c 790fbbe6b6384654a65bb31eb4bfac6f - - default default] Successfully bumped revision number for resource 88d2e6bd-fd2b-4963-8b1e-f95898e9533e (type: security_group_rules) to 0
2026-05-27 11:09:12.678 9 INFO neutron.db.ovn_revision_numbers_db [None req-c1b73d6c-9fd0-490c-a456-e958fb16b30a c0691106f4444cb7adef7b06bf26702c 790fbbe6b6384654a65bb31eb4bfac6f - - default default] Successfully bumped revision number for resource d58cb735-1b36-47b2-b7ae-d8e1f4dc9d26 (type: security_group_rules) to 0
2026-05-27 11:09:12.701 9 INFO neutron.wsgi [None req-c1b73d6c-9fd0-490c-a456-e958fb16b30a c0691106f4444cb7adef7b06bf26702c 790fbbe6b6384654a65bb31eb4bfac6f - - default default] 10.0.0.84 "GET /v2.0/security-groups?tenant_id=6d5a4edb86c04b3188e63c696e4c84b7&name=default HTTP/1.1" status: 200 len: 3120 time: 0.2230847
2026-05-27 11:09:12.825 10 WARNING neutron.scheduler.dhcp_agent_scheduler [None req-28dd3f44-c2fc-4597-9fed-7695e07feb93 42d58979056a4c399d328aa984a5714f 97eae360cafd4e929662b46e91c3ce66 - - default default] No more DHCP agents
2026-05-27 11:09:12.826 10 WARNING neutron.api.rpc.agentnotifiers.dhcp_rpc_agent_api [None req-28dd3f44-c2fc-4597-9fed-7695e07feb93 42d58979056a4c399d328aa984a5714f 97eae360cafd4e929662b46e91c3ce66 - - default default] Unable to schedule network 0629bf1f-65c6-43b2-95de-3559413b2b0b: no agents available; will retry on subsequent port and subnet creation events.
2026-05-27 11:09:12.958 9 INFO neutron.wsgi [None req-65841fcd-23b8-4da6-a743-efda2b5ddd7c c0691106f4444cb7adef7b06bf26702c 790fbbe6b6384654a65bb31eb4bfac6f - - default default] 10.0.0.84 "DELETE /v2.0/security-groups/c7039ef6-9bb1-4ca6-aeec-58c18f8eb99e HTTP/1.1" status: 204 len: 168 time: 0.2503514
2026-05-27 11:09:13.342 10 INFO neutron.db.ovn_revision_numbers_db [None req-28dd3f44-c2fc-4597-9fed-7695e07feb93 42d58979056a4c399d328aa984a5714f 97eae360cafd4e929662b46e91c3ce66 - - default default] Successfully bumped revision number for resource 439b4220-bf13-4dd4-b3d6-6a2bf4f373af (type: ports) to 2
2026-05-27 11:09:13.370 10 INFO neutron.db.ovn_revision_numbers_db [None req-28dd3f44-c2fc-4597-9fed-7695e07feb93 42d58979056a4c399d328aa984a5714f 97eae360cafd4e929662b46e91c3ce66 - - default default] Successfully bumped revision number for resource 8acb33a8-34d8-4982-8796-f7f309d77e1c (type: subnets) to 0
2026-05-27 11:09:13.382 10 INFO neutron.wsgi [None req-28dd3f44-c2fc-4597-9fed-7695e07feb93 42d58979056a4c399d328aa984a5714f 97eae360cafd4e929662b46e91c3ce66 - - default default] 10.0.0.84 "POST /v2.0/subnets HTTP/1.1" status: 201 len: 801 time: 0.7989378
2026-05-27 11:09:13.392 10 WARNING neutron_lib.context [None req-61a1927d-acda-41f9-874b-3fba7b9c4ff8 42d58979056a4c399d328aa984a5714f 97eae360cafd4e929662b46e91c3ce66 - - default default] Method 'is_advsvc' is deprecated since 2023.2 release (neutron-lib 3.8.0) and will be removed once support for the old RBAC API policies will be removed from Neutron. Please use method 'is_service_role' instead.
2026-05-27 11:09:13.551 10 INFO neutron.db.ovn_revision_numbers_db [None req-61a1927d-acda-41f9-874b-3fba7b9c4ff8 42d58979056a4c399d328aa984a5714f 97eae360cafd4e929662b46e91c3ce66 - - default default] Successfully bumped revision number for resource d39a1ee4-bd98-45db-8406-67d1f6ec862d (type: routers) to 1
2026-05-27 11:09:13.568 10 INFO neutron.wsgi [None req-61a1927d-acda-41f9-874b-3fba7b9c4ff8 42d58979056a4c399d328aa984a5714f 97eae360cafd4e929662b46e91c3ce66 - - default default] 10.0.0.84 "POST /v2.0/routers HTTP/1.1" status: 201 len: 801 time: 0.1797733
2026-05-27 11:09:13.578 10 WARNING neutron_lib.context [None req-00560d71-97c9-49c4-a293-70be6130da01 42d58979056a4c399d328aa984a5714f 97eae360cafd4e929662b46e91c3ce66 - - default default] Method 'is_advsvc' is deprecated since 2023.2 release (neutron-lib 3.8.0) and will be removed once support for the old RBAC API policies will be removed from Neutron. Please use method 'is_service_role' instead.
2026-05-27 11:09:13.859 9 WARNING neutron.plugins.ml2.drivers.ovn.mech_driver.ovsdb.ovn_client [None req-ee35cc8e-2494-4aec-bb7d-18c8763f3d77 - - - - - -] No port found with ID fdfca5dc-2c75-4d7f-8204-a1429fa15e0b: RuntimeError: No port found with ID fdfca5dc-2c75-4d7f-8204-a1429fa15e0b
2026-05-27 11:09:13.953 10 WARNING neutron.scheduler.dhcp_agent_scheduler [None req-00560d71-97c9-49c4-a293-70be6130da01 42d58979056a4c399d328aa984a5714f 97eae360cafd4e929662b46e91c3ce66 - - default default] No more DHCP agents
2026-05-27 11:09:13.954 10 WARNING neutron.api.rpc.agentnotifiers.dhcp_rpc_agent_api [None req-00560d71-97c9-49c4-a293-70be6130da01 42d58979056a4c399d328aa984a5714f 97eae360cafd4e929662b46e91c3ce66 - - default default] Unable to schedule network 0629bf1f-65c6-43b2-95de-3559413b2b0b: no agents available; will retry on subsequent port and subnet creation events.
2026-05-27 11:09:14.164 10 INFO neutron.db.ovn_revision_numbers_db [None req-00560d71-97c9-49c4-a293-70be6130da01 42d58979056a4c399d328aa984a5714f 97eae360cafd4e929662b46e91c3ce66 - - default default] Successfully bumped revision number for resource aca41d18-82c9-487d-9f3a-863079c6b07c (type: ports) to 1
2026-05-27 11:09:14.203 10 INFO neutron.wsgi [None req-00560d71-97c9-49c4-a293-70be6130da01 42d58979056a4c399d328aa984a5714f 97eae360cafd4e929662b46e91c3ce66 - - default default] 10.0.0.84 "POST /v2.0/ports HTTP/1.1" status: 201 len: 1151 time: 0.6314435 /var/lib/openstack/lib/python3.10/site-packages/pycadf/identifier.py:71: UserWarning: Invalid uuid: neutron. To ensure interoperability, identifiers should be a valid uuid. warnings.warn(('Invalid uuid: %s. To ensure interoperability, '
2026-05-27 11:09:14.719 10 ERROR ovsdbapp.backend.ovs_idl.command [None req-65609c94-e0b1-4b83-b2a0-b23fb655611d 42d58979056a4c399d328aa984a5714f 97eae360cafd4e929662b46e91c3ce66 - - default default] Error executing command (DbGetCommand): ovsdbapp.backend.ovs_idl.idlutils.RowNotFound: Cannot find Logical_Router_Port with name=lrp-aca41d18-82c9-487d-9f3a-863079c6b07c
2026-05-27 11:09:14.719 10 ERROR ovsdbapp.backend.ovs_idl.command
Traceback (most recent call last):
2026-05-27 11:09:14.719 10 ERROR ovsdbapp.backend.ovs_idl.command
File "/var/lib/openstack/lib/python3.10/site-packages/ovsdbapp/backend/ovs_idl/command.py", line 47, in execute
2026-05-27 11:09:14.719 10 ERROR ovsdbapp.backend.ovs_idl.command self.run_idl(None)
2026-05-27 11:09:14.719 10 ERROR ovsdbapp.backend.ovs_idl.command
File "/var/lib/openstack/lib/python3.10/site-packages/ovsdbapp/backend/ovs_idl/command.py", line 235, in run_idl
2026-05-27 11:09:14.719 10 ERROR ovsdbapp.backend.ovs_idl.command record = self.api.lookup(self.table, self.record)
2026-05-27 11:09:14.719 10 ERROR ovsdbapp.backend.ovs_idl.command
File "/var/lib/openstack/lib/python3.10/site-packages/ovsdbapp/backend/ovs_idl/__init__.py", line 184, in lookup
2026-05-27 11:09:14.719 10 ERROR ovsdbapp.backend.ovs_idl.command return self._lookup(table, record)
2026-05-27 11:09:14.719 10 ERROR ovsdbapp.backend.ovs_idl.command
File "/var/lib/openstack/lib/python3.10/site-packages/ovsdbapp/backend/ovs_idl/__init__.py", line 235, in _lookup
2026-05-27 11:09:14.719 10 ERROR ovsdbapp.backend.ovs_idl.command row = idlutils.row_by_value(self, rl.table, rl.column, record)
2026-05-27 11:09:14.719 10 ERROR ovsdbapp.backend.ovs_idl.command
File "/var/lib/openstack/lib/python3.10/site-packages/ovsdbapp/backend/ovs_idl/idlutils.py", line 114, in row_by_value
2026-05-27 11:09:14.719 10 ERROR ovsdbapp.backend.ovs_idl.command raise RowNotFound(table=table, col=column, match=match)
2026-05-27 11:09:14.719 10 ERROR ovsdbapp.backend.ovs_idl.command ovsdbapp.backend.ovs_idl.idlutils.RowNotFound: Cannot find Logical_Router_Port with name=lrp-aca41d18-82c9-487d-9f3a-863079c6b07c
2026-05-27 11:09:14.719 10 ERROR ovsdbapp.backend.ovs_idl.command 
2026-05-27 11:09:14.720 10 ERROR neutron_lib.callbacks.manager [None req-65609c94-e0b1-4b83-b2a0-b23fb655611d 42d58979056a4c399d328aa984a5714f 97eae360cafd4e929662b46e91c3ce66 - - default default] Error during notification for neutron.services.ovn_l3.plugin.OVNL3RouterPlugin._port_update-8782775636719 port, after_update: ovsdbapp.backend.ovs_idl.idlutils.RowNotFound: Cannot find Logical_Router_Port with name=lrp-aca41d18-82c9-487d-9f3a-863079c6b07c
2026-05-27 11:09:14.720 10 ERROR neutron_lib.callbacks.manager
Traceback (most recent call last):
2026-05-27 11:09:14.720 10 ERROR neutron_lib.callbacks.manager
File "/var/lib/openstack/lib/python3.10/site-packages/neutron_lib/callbacks/manager.py", line 189, in _notify_loop
2026-05-27 11:09:14.720 10 ERROR neutron_lib.callbacks.manager callback.method(resource, event, trigger, payload=payload)
2026-05-27 11:09:14.720 10 ERROR neutron_lib.callbacks.manager
File "/var/lib/openstack/lib/python3.10/site-packages/neutron/services/ovn_l3/plugin.py", line 391, in _port_update
2026-05-27 11:09:14.720 10 ERROR neutron_lib.callbacks.manager l3plugin._ovn_client.update_router_port(context,
2026-05-27 11:09:14.720 10 ERROR neutron_lib.callbacks.manager
File "/var/lib/openstack/lib/python3.10/site-packages/neutron/plugins/ml2/drivers/ovn/mech_driver/ovsdb/ovn_client.py", line 1878, in update_router_port
2026-05-27 11:09:14.720 10 ERROR neutron_lib.callbacks.manager self._update_lrouter_port(context, port, if_exists=if_exists,
2026-05-27 11:09:14.720 10 ERROR neutron_lib.callbacks.manager
File "/var/lib/openstack/lib/python3.10/site-packages/neutron/plugins/ml2/drivers/ovn/mech_driver/ovsdb/ovn_client.py", line 1855, in _update_lrouter_port
2026-05-27 11:09:14.720 10 ERROR neutron_lib.callbacks.manager external_ids = self._nb_idl.db_get(
2026-05-27 11:09:14.720 10 ERROR neutron_lib.callbacks.manager
File "/var/lib/openstack/lib/python3.10/site-packages/ovsdbapp/backend/ovs_idl/command.py", line 47, in execute
2026-05-27 11:09:14.720 10 ERROR neutron_lib.callbacks.manager self.run_idl(None)
2026-05-27 11:09:14.720 10 ERROR neutron_lib.callbacks.manager
File "/var/lib/openstack/lib/python3.10/site-packages/ovsdbapp/backend/ovs_idl/command.py", line 235, in run_idl
2026-05-27 11:09:14.720 10 ERROR neutron_lib.callbacks.manager record = self.api.lookup(self.table, self.record)
2026-05-27 11:09:14.720 10 ERROR neutron_lib.callbacks.manager
File "/var/lib/openstack/lib/python3.10/site-packages/ovsdbapp/backend/ovs_idl/__init__.py", line 184, in lookup
2026-05-27 11:09:14.720 10 ERROR neutron_lib.callbacks.manager return self._lookup(table, record)
2026-05-27 11:09:14.720 10 ERROR neutron_lib.callbacks.manager
File "/var/lib/openstack/lib/python3.10/site-packages/ovsdbapp/backend/ovs_idl/__init__.py", line 235, in _lookup
2026-05-27 11:09:14.720 10 ERROR neutron_lib.callbacks.manager row = idlutils.row_by_value(self, rl.table, rl.column, record)
2026-05-27 11:09:14.720 10 ERROR neutron_lib.callbacks.manager
File "/var/lib/openstack/lib/python3.10/site-packages/ovsdbapp/backend/ovs_idl/idlutils.py", line 114, in row_by_value
2026-05-27 11:09:14.720 10 ERROR neutron_lib.callbacks.manager raise RowNotFound(table=table, col=column, match=match)
2026-05-27 11:09:14.720 10 ERROR neutron_lib.callbacks.manager ovsdbapp.backend.ovs_idl.idlutils.RowNotFound: Cannot find Logical_Router_Port with name=lrp-aca41d18-82c9-487d-9f3a-863079c6b07c
2026-05-27 11:09:14.720 10 ERROR neutron_lib.callbacks.manager 
2026-05-27 11:09:14.917 9 INFO neutron.plugins.ml2.drivers.ovn.mech_driver.mech_driver [None req-ee35cc8e-2494-4aec-bb7d-18c8763f3d77 - - - - - -] OVN reports status up for port: aca41d18-82c9-487d-9f3a-863079c6b07c
2026-05-27 11:09:14.927 9 INFO neutron.plugins.ml2.plugin [None req-ee35cc8e-2494-4aec-bb7d-18c8763f3d77 - - - - - -] Attempt 1 to provision port aca41d18-82c9-487d-9f3a-863079c6b07c
2026-05-27 11:09:14.939 10 INFO neutron.db.ovn_revision_numbers_db [None req-65609c94-e0b1-4b83-b2a0-b23fb655611d 42d58979056a4c399d328aa984a5714f 97eae360cafd4e929662b46e91c3ce66 - - default default] Successfully bumped revision number for resource aca41d18-82c9-487d-9f3a-863079c6b07c (type: ports) to 2 /var/lib/openstack/lib/python3.10/site-packages/pycadf/identifier.py:71: UserWarning: Invalid uuid: neutron. To ensure interoperability, identifiers should be a valid uuid. warnings.warn(('Invalid uuid: %s. To ensure interoperability, '
2026-05-27 11:09:14.975 10 WARNING neutron_lib.context [None req-e49f1040-7888-4aa0-ace0-8b1e3e2ae41c a0aa3e254a654939b432b02c94fb3ca7 05d027e387944337b511e3f8b72e32d2 - - default default] Method 'is_advsvc' is deprecated since 2023.2 release (neutron-lib 3.8.0) and will be removed once support for the old RBAC API policies will be removed from Neutron. Please use method 'is_service_role' instead.
2026-05-27 11:09:15.176 10 INFO neutron.db.ovn_revision_numbers_db [None req-e49f1040-7888-4aa0-ace0-8b1e3e2ae41c a0aa3e254a654939b432b02c94fb3ca7 05d027e387944337b511e3f8b72e32d2 - - default default] Successfully bumped revision number for resource 2d0eaa34-57a3-4499-bc64-e99f584bbd83 (type: routers) to 1
2026-05-27 11:09:15.219 10 INFO neutron.wsgi [None req-e49f1040-7888-4aa0-ace0-8b1e3e2ae41c a0aa3e254a654939b432b02c94fb3ca7 05d027e387944337b511e3f8b72e32d2 - - default default] 10.0.0.84 "POST /v2.0/routers HTTP/1.1" status: 201 len: 769 time: 0.4246669
2026-05-27 11:09:15.233 10 WARNING neutron_lib.context [None req-905d6477-c9bf-4857-a438-4e82a7f916cc a0aa3e254a654939b432b02c94fb3ca7 05d027e387944337b511e3f8b72e32d2 - - default default] Method 'is_advsvc' is deprecated since 2023.2 release (neutron-lib 3.8.0) and will be removed once support for the old RBAC API policies will be removed from Neutron. Please use method 'is_service_role' instead.
2026-05-27 11:09:15.316 9 INFO neutron.db.ovn_revision_numbers_db [None req-ee35cc8e-2494-4aec-bb7d-18c8763f3d77 - - - - - -] Successfully bumped revision number for resource aca41d18-82c9-487d-9f3a-863079c6b07c (type: ports) to 3
2026-05-27 11:09:15.615 9 ERROR ovsdbapp.backend.ovs_idl.command [None req-ee35cc8e-2494-4aec-bb7d-18c8763f3d77 - - - - - -] Error executing command (DbGetCommand): ovsdbapp.backend.ovs_idl.idlutils.RowNotFound: Cannot find Logical_Router_Port with name=lrp-aca41d18-82c9-487d-9f3a-863079c6b07c
2026-05-27 11:09:15.615 9 ERROR ovsdbapp.backend.ovs_idl.command
Traceback (most recent call last):
2026-05-27 11:09:15.615 9 ERROR ovsdbapp.backend.ovs_idl.command
File "/var/lib/openstack/lib/python3.10/site-packages/ovsdbapp/backend/ovs_idl/command.py", line 47, in execute
2026-05-27 11:09:15.615 9 ERROR ovsdbapp.backend.ovs_idl.command self.run_idl(None)
2026-05-27 11:09:15.615 9 ERROR ovsdbapp.backend.ovs_idl.command
File "/var/lib/openstack/lib/python3.10/site-packages/ovsdbapp/backend/ovs_idl/command.py", line 235, in run_idl
2026-05-27 11:09:15.615 9 ERROR ovsdbapp.backend.ovs_idl.command record = self.api.lookup(self.table, self.record)
2026-05-27 11:09:15.615 9 ERROR ovsdbapp.backend.ovs_idl.command
File "/var/lib/openstack/lib/python3.10/site-packages/ovsdbapp/backend/ovs_idl/__init__.py", line 184, in lookup
2026-05-27 11:09:15.615 9 ERROR ovsdbapp.backend.ovs_idl.command return self._lookup(table, record)
2026-05-27 11:09:15.615 9 ERROR ovsdbapp.backend.ovs_idl.command
File "/var/lib/openstack/lib/python3.10/site-packages/ovsdbapp/backend/ovs_idl/__init__.py", line 235, in _lookup
2026-05-27 11:09:15.615 9 ERROR ovsdbapp.backend.ovs_idl.command row = idlutils.row_by_value(self, rl.table, rl.column, record)
2026-05-27 11:09:15.615 9 ERROR ovsdbapp.backend.ovs_idl.command
File "/var/lib/openstack/lib/python3.10/site-packages/ovsdbapp/backend/ovs_idl/idlutils.py", line 114, in row_by_value
2026-05-27 11:09:15.615 9 ERROR ovsdbapp.backend.ovs_idl.command raise RowNotFound(table=table, col=column, match=match)
2026-05-27 11:09:15.615 9 ERROR ovsdbapp.backend.ovs_idl.command ovsdbapp.backend.ovs_idl.idlutils.RowNotFound: Cannot find Logical_Router_Port with name=lrp-aca41d18-82c9-487d-9f3a-863079c6b07c
2026-05-27 11:09:15.615 9 ERROR ovsdbapp.backend.ovs_idl.command 
2026-05-27 11:09:15.616 9 ERROR neutron_lib.callbacks.manager [None req-ee35cc8e-2494-4aec-bb7d-18c8763f3d77 - - - - - -] Error during notification for neutron.services.ovn_l3.plugin.OVNL3RouterPlugin._port_update-8782775636719 port, after_update: ovsdbapp.backend.ovs_idl.idlutils.RowNotFound: Cannot find Logical_Router_Port with name=lrp-aca41d18-82c9-487d-9f3a-863079c6b07c
2026-05-27 11:09:15.616 9 ERROR neutron_lib.callbacks.manager
Traceback (most recent call last):
2026-05-27 11:09:15.616 9 ERROR neutron_lib.callbacks.manager
File "/var/lib/openstack/lib/python3.10/site-packages/neutron_lib/callbacks/manager.py", line 189, in _notify_loop
2026-05-27 11:09:15.616 9 ERROR neutron_lib.callbacks.manager callback.method(resource, event, trigger, payload=payload)
2026-05-27 11:09:15.616 9 ERROR neutron_lib.callbacks.manager
File "/var/lib/openstack/lib/python3.10/site-packages/neutron/services/ovn_l3/plugin.py", line 391, in _port_update
2026-05-27 11:09:15.616 9 ERROR neutron_lib.callbacks.manager l3plugin._ovn_client.update_router_port(context,
2026-05-27 11:09:15.616 9 ERROR neutron_lib.callbacks.manager
File "/var/lib/openstack/lib/python3.10/site-packages/neutron/plugins/ml2/drivers/ovn/mech_driver/ovsdb/ovn_client.py", line 1878, in update_router_port
2026-05-27 11:09:15.616 9 ERROR neutron_lib.callbacks.manager self._update_lrouter_port(context, port, if_exists=if_exists,
2026-05-27 11:09:15.616 9 ERROR neutron_lib.callbacks.manager
File "/var/lib/openstack/lib/python3.10/site-packages/neutron/plugins/ml2/drivers/ovn/mech_driver/ovsdb/ovn_client.py", line 1855, in _update_lrouter_port
2026-05-27 11:09:15.616 9 ERROR neutron_lib.callbacks.manager external_ids = self._nb_idl.db_get(
2026-05-27 11:09:15.616 9 ERROR neutron_lib.callbacks.manager
File "/var/lib/openstack/lib/python3.10/site-packages/ovsdbapp/backend/ovs_idl/command.py", line 47, in execute
2026-05-27 11:09:15.616 9 ERROR neutron_lib.callbacks.manager self.run_idl(None)
2026-05-27 11:09:15.616 9 ERROR neutron_lib.callbacks.manager
File "/var/lib/openstack/lib/python3.10/site-packages/ovsdbapp/backend/ovs_idl/command.py", line 235, in run_idl
2026-05-27 11:09:15.616 9 ERROR neutron_lib.callbacks.manager record = self.api.lookup(self.table, self.record)
2026-05-27 11:09:15.616 9 ERROR neutron_lib.callbacks.manager
File "/var/lib/openstack/lib/python3.10/site-packages/ovsdbapp/backend/ovs_idl/__init__.py", line 184, in lookup
2026-05-27 11:09:15.616 9 ERROR neutron_lib.callbacks.manager return self._lookup(table, record)
2026-05-27 11:09:15.616 9 ERROR neutron_lib.callbacks.manager
File "/var/lib/openstack/lib/python3.10/site-packages/ovsdbapp/backend/ovs_idl/__init__.py", line 235, in _lookup
2026-05-27 11:09:15.616 9 ERROR neutron_lib.callbacks.manager row = idlutils.row_by_value(self, rl.table, rl.column, record)
2026-05-27 11:09:15.616 9 ERROR neutron_lib.callbacks.manager
File "/var/lib/openstack/lib/python3.10/site-packages/ovsdbapp/backend/ovs_idl/idlutils.py", line 114, in row_by_value
2026-05-27 11:09:15.616 9 ERROR neutron_lib.callbacks.manager raise RowNotFound(table=table, col=column, match=match)
2026-05-27 11:09:15.616 9 ERROR neutron_lib.callbacks.manager ovsdbapp.backend.ovs_idl.idlutils.RowNotFound: Cannot find Logical_Router_Port with name=lrp-aca41d18-82c9-487d-9f3a-863079c6b07c
2026-05-27 11:09:15.616 9 ERROR neutron_lib.callbacks.manager 
2026-05-27 11:09:15.666 10 INFO neutron.db.ovn_revision_numbers_db [None req-905d6477-c9bf-4857-a438-4e82a7f916cc a0aa3e254a654939b432b02c94fb3ca7 05d027e387944337b511e3f8b72e32d2 - - default default] Successfully bumped revision number for resource c4a4c712-fd8e-4511-9c81-f9def3343a8d (type: routers) to 1
2026-05-27 11:09:15.696 10 INFO neutron.wsgi [None req-905d6477-c9bf-4857-a438-4e82a7f916cc a0aa3e254a654939b432b02c94fb3ca7 05d027e387944337b511e3f8b72e32d2 - - default default] 10.0.0.84 "POST /v2.0/routers HTTP/1.1" status: 201 len: 769 time: 0.4689631
2026-05-27 11:09:15.705 10 WARNING neutron_lib.context [None req-074cd731-e4d5-428e-bf9d-8e4ef58cc06c a0aa3e254a654939b432b02c94fb3ca7 05d027e387944337b511e3f8b72e32d2 - - default default] Method 'is_advsvc' is deprecated since 2023.2 release (neutron-lib 3.8.0) and will be removed once support for the old RBAC API policies will be removed from Neutron. Please use method 'is_service_role' instead.
2026-05-27 11:09:15.887 10 INFO neutron.db.ovn_revision_numbers_db [None req-074cd731-e4d5-428e-bf9d-8e4ef58cc06c a0aa3e254a654939b432b02c94fb3ca7 05d027e387944337b511e3f8b72e32d2 - - default default] Successfully bumped revision number for resource ddbefd9d-8e7b-45fd-b73d-11211dea9f9e (type: routers) to 1
2026-05-27 11:09:15.920 10 INFO neutron.wsgi [None req-074cd731-e4d5-428e-bf9d-8e4ef58cc06c a0aa3e254a654939b432b02c94fb3ca7 05d027e387944337b511e3f8b72e32d2 - - default default] 10.0.0.84 "POST /v2.0/routers HTTP/1.1" status: 201 len: 769 time: 0.2199597 /var/lib/openstack/lib/python3.10/site-packages/pycadf/identifier.py:71: UserWarning: Invalid uuid: neutron. To ensure interoperability, identifiers should be a valid uuid. warnings.warn(('Invalid uuid: %s. To ensure interoperability, '
2026-05-27 11:09:15.933 9 WARNING neutron_lib.context [None req-31da1b17-f7c5-4741-b9c1-dad0346fbfdc a0aa3e254a654939b432b02c94fb3ca7 05d027e387944337b511e3f8b72e32d2 - - default default] Method 'is_advsvc' is deprecated since 2023.2 release (neutron-lib 3.8.0) and will be removed once support for the old RBAC API policies will be removed from Neutron. Please use method 'is_service_role' instead.
2026-05-27 11:09:15.953 10 ERROR ovsdbapp.backend.ovs_idl.command [None req-65609c94-e0b1-4b83-b2a0-b23fb655611d 42d58979056a4c399d328aa984a5714f 97eae360cafd4e929662b46e91c3ce66 - - default default] Error executing command (DbGetCommand): ovsdbapp.backend.ovs_idl.idlutils.RowNotFound: Cannot find Logical_Router_Port with name=lrp-aca41d18-82c9-487d-9f3a-863079c6b07c
2026-05-27 11:09:15.953 10 ERROR ovsdbapp.backend.ovs_idl.command
Traceback (most recent call last):
2026-05-27 11:09:15.953 10 ERROR ovsdbapp.backend.ovs_idl.command
File "/var/lib/openstack/lib/python3.10/site-packages/ovsdbapp/backend/ovs_idl/command.py", line 47, in execute
2026-05-27 11:09:15.953 10 ERROR ovsdbapp.backend.ovs_idl.command self.run_idl(None)
2026-05-27 11:09:15.953 10 ERROR ovsdbapp.backend.ovs_idl.command
File "/var/lib/openstack/lib/python3.10/site-packages/ovsdbapp/backend/ovs_idl/command.py", line 235, in run_idl
2026-05-27 11:09:15.953 10 ERROR ovsdbapp.backend.ovs_idl.command record = self.api.lookup(self.table, self.record)
2026-05-27 11:09:15.953 10 ERROR ovsdbapp.backend.ovs_idl.command
File "/var/lib/openstack/lib/python3.10/site-packages/ovsdbapp/backend/ovs_idl/__init__.py", line 184, in lookup
2026-05-27 11:09:15.953 10 ERROR ovsdbapp.backend.ovs_idl.command return self._lookup(table, record)
2026-05-27 11:09:15.953 10 ERROR ovsdbapp.backend.ovs_idl.command
File "/var/lib/openstack/lib/python3.10/site-packages/ovsdbapp/backend/ovs_idl/__init__.py", line 235, in _lookup
2026-05-27 11:09:15.953 10 ERROR ovsdbapp.backend.ovs_idl.command row = idlutils.row_by_value(self, rl.table, rl.column, record)
2026-05-27 11:09:15.953 10 ERROR ovsdbapp.backend.ovs_idl.command
File "/var/lib/openstack/lib/python3.10/site-packages/ovsdbapp/backend/ovs_idl/idlutils.py", line 114, in row_by_value
2026-05-27 11:09:15.953 10 ERROR ovsdbapp.backend.ovs_idl.command raise RowNotFound(table=table, col=column, match=match)
2026-05-27 11:09:15.953 10 ERROR ovsdbapp.backend.ovs_idl.command ovsdbapp.backend.ovs_idl.idlutils.RowNotFound: Cannot find Logical_Router_Port with name=lrp-aca41d18-82c9-487d-9f3a-863079c6b07c
2026-05-27 11:09:15.953 10 ERROR ovsdbapp.backend.ovs_idl.command 
2026-05-27 11:09:15.954 10 ERROR neutron_lib.callbacks.manager [None req-65609c94-e0b1-4b83-b2a0-b23fb655611d 42d58979056a4c399d328aa984a5714f 97eae360cafd4e929662b46e91c3ce66 - - default default] Error during notification for neutron.services.ovn_l3.plugin.OVNL3RouterPlugin._port_update-8782775636719 port, after_update: ovsdbapp.backend.ovs_idl.idlutils.RowNotFound: Cannot find Logical_Router_Port with name=lrp-aca41d18-82c9-487d-9f3a-863079c6b07c
2026-05-27 11:09:15.954 10 ERROR neutron_lib.callbacks.manager
Traceback (most recent call last):
2026-05-27 11:09:15.954 10 ERROR neutron_lib.callbacks.manager
File "/var/lib/openstack/lib/python3.10/site-packages/neutron_lib/callbacks/manager.py", line 189, in _notify_loop
2026-05-27 11:09:15.954 10 ERROR neutron_lib.callbacks.manager callback.method(resource, event, trigger, payload=payload)
2026-05-27 11:09:15.954 10 ERROR neutron_lib.callbacks.manager
File "/var/lib/openstack/lib/python3.10/site-packages/neutron/services/ovn_l3/plugin.py", line 391, in _port_update
2026-05-27 11:09:15.954 10 ERROR neutron_lib.callbacks.manager l3plugin._ovn_client.update_router_port(context,
2026-05-27 11:09:15.954 10 ERROR neutron_lib.callbacks.manager
File "/var/lib/openstack/lib/python3.10/site-packages/neutron/plugins/ml2/drivers/ovn/mech_driver/ovsdb/ovn_client.py", line 1878, in update_router_port
2026-05-27 11:09:15.954 10 ERROR neutron_lib.callbacks.manager self._update_lrouter_port(context, port, if_exists=if_exists,
2026-05-27 11:09:15.954 10 ERROR neutron_lib.callbacks.manager
File "/var/lib/openstack/lib/python3.10/site-packages/neutron/plugins/ml2/drivers/ovn/mech_driver/ovsdb/ovn_client.py", line 1855, in _update_lrouter_port
2026-05-27 11:09:15.954 10 ERROR neutron_lib.callbacks.manager external_ids = self._nb_idl.db_get(
2026-05-27 11:09:15.954 10 ERROR neutron_lib.callbacks.manager
File "/var/lib/openstack/lib/python3.10/site-packages/ovsdbapp/backend/ovs_idl/command.py", line 47, in execute
2026-05-27 11:09:15.954 10 ERROR neutron_lib.callbacks.manager self.run_idl(None)
2026-05-27 11:09:15.954 10 ERROR neutron_lib.callbacks.manager
File "/var/lib/openstack/lib/python3.10/site-packages/ovsdbapp/backend/ovs_idl/command.py", line 235, in run_idl
2026-05-27 11:09:15.954 10 ERROR neutron_lib.callbacks.manager record = self.api.lookup(self.table, self.record)
2026-05-27 11:09:15.954 10 ERROR neutron_lib.callbacks.manager
File "/var/lib/openstack/lib/python3.10/site-packages/ovsdbapp/backend/ovs_idl/__init__.py", line 184, in lookup
2026-05-27 11:09:15.954 10 ERROR neutron_lib.callbacks.manager return self._lookup(table, record)
2026-05-27 11:09:15.954 10 ERROR neutron_lib.callbacks.manager
File "/var/lib/openstack/lib/python3.10/site-packages/ovsdbapp/backend/ovs_idl/__init__.py", line 235, in _lookup
2026-05-27 11:09:15.954 10 ERROR neutron_lib.callbacks.manager row = idlutils.row_by_value(self, rl.table, rl.column, record)
2026-05-27 11:09:15.954 10 ERROR neutron_lib.callbacks.manager
File "/var/lib/openstack/lib/python3.10/site-packages/ovsdbapp/backend/ovs_idl/idlutils.py", line 114, in row_by_value
2026-05-27 11:09:15.954 10 ERROR neutron_lib.callbacks.manager raise RowNotFound(table=table, col=column, match=match)
2026-05-27 11:09:15.954 10 ERROR neutron_lib.callbacks.manager ovsdbapp.backend.ovs_idl.idlutils.RowNotFound: Cannot find Logical_Router_Port with name=lrp-aca41d18-82c9-487d-9f3a-863079c6b07c
2026-05-27 11:09:15.954 10 ERROR neutron_lib.callbacks.manager 
2026-05-27 11:09:16.062 9 INFO neutron.db.ovn_revision_numbers_db [None req-31da1b17-f7c5-4741-b9c1-dad0346fbfdc a0aa3e254a654939b432b02c94fb3ca7 05d027e387944337b511e3f8b72e32d2 - - default default] Successfully bumped revision number for resource 1cbfcc1c-8531-4667-b4b1-1401eb665e0b (type: routers) to 1
2026-05-27 11:09:16.079 9 INFO neutron.wsgi [None req-31da1b17-f7c5-4741-b9c1-dad0346fbfdc a0aa3e254a654939b432b02c94fb3ca7 05d027e387944337b511e3f8b72e32d2 - - default default] 10.0.0.84 "POST /v2.0/routers HTTP/1.1" status: 201 len: 769 time: 0.1538241
2026-05-27 11:09:16.093 9 WARNING neutron_lib.context [None req-c4419a4a-fc89-43b2-ab87-bf1634764896 a0aa3e254a654939b432b02c94fb3ca7 05d027e387944337b511e3f8b72e32d2 - - default default] Method 'is_advsvc' is deprecated since 2023.2 release (neutron-lib 3.8.0) and will be removed once support for the old RBAC API policies will be removed from Neutron. Please use method 'is_service_role' instead.
2026-05-27 11:09:16.181 10 INFO neutron.db.ovn_revision_numbers_db [None req-65609c94-e0b1-4b83-b2a0-b23fb655611d 42d58979056a4c399d328aa984a5714f 97eae360cafd4e929662b46e91c3ce66 - - default default] Successfully bumped revision number for resource aca41d18-82c9-487d-9f3a-863079c6b07c (type: ports) to 3
2026-05-27 11:09:16.238 9 INFO neutron.db.ovn_revision_numbers_db [None req-c4419a4a-fc89-43b2-ab87-bf1634764896 a0aa3e254a654939b432b02c94fb3ca7 05d027e387944337b511e3f8b72e32d2 - - default default] Successfully bumped revision number for resource 831398fc-0e4a-418d-ad82-f2087eee22f4 (type: routers) to 1
2026-05-27 11:09:16.262 9 INFO neutron.wsgi [None req-c4419a4a-fc89-43b2-ab87-bf1634764896 a0aa3e254a654939b432b02c94fb3ca7 05d027e387944337b511e3f8b72e32d2 - - default default] 10.0.0.84 "POST /v2.0/routers HTTP/1.1" status: 201 len: 769 time: 0.1769705
2026-05-27 11:09:16.279 10 WARNING neutron.scheduler.dhcp_agent_scheduler [None req-65609c94-e0b1-4b83-b2a0-b23fb655611d 42d58979056a4c399d328aa984a5714f 97eae360cafd4e929662b46e91c3ce66 - - default default] No more DHCP agents
2026-05-27 11:09:16.280 10 WARNING neutron.api.rpc.agentnotifiers.dhcp_rpc_agent_api [None req-65609c94-e0b1-4b83-b2a0-b23fb655611d 42d58979056a4c399d328aa984a5714f 97eae360cafd4e929662b46e91c3ce66 - - default default] Unable to schedule network 0629bf1f-65c6-43b2-95de-3559413b2b0b: no agents available; will retry on subsequent port and subnet creation events.
2026-05-27 11:09:16.353 9 INFO neutron.wsgi [None req-9866d7a5-ed51-45d1-95ba-bf5e6688bc8c a0aa3e254a654939b432b02c94fb3ca7 05d027e387944337b511e3f8b72e32d2 - - default default] 10.0.0.84 "PUT /v2.0/routers/2d0eaa34-57a3-4499-bc64-e99f584bbd83/tags HTTP/1.1" status: 200 len: 210 time: 0.0874562
2026-05-27 11:09:16.437 9 INFO neutron.wsgi [None req-878ef1e0-ced9-40f2-8fa6-5860b0f0648d a0aa3e254a654939b432b02c94fb3ca7 05d027e387944337b511e3f8b72e32d2 - - default default] 10.0.0.84 "PUT /v2.0/routers/c4a4c712-fd8e-4511-9c81-f9def3343a8d/tags HTTP/1.1" status: 200 len: 218 time: 0.0801101
2026-05-27 11:09:16.486 10 INFO neutron.db.ovn_revision_numbers_db [None req-65609c94-e0b1-4b83-b2a0-b23fb655611d 42d58979056a4c399d328aa984a5714f 97eae360cafd4e929662b46e91c3ce66 - - default default] Successfully bumped revision number for resource aca41d18-82c9-487d-9f3a-863079c6b07c (type: router_ports) to 3
2026-05-27 11:09:16.493 10 INFO neutron.wsgi [None req-65609c94-e0b1-4b83-b2a0-b23fb655611d 42d58979056a4c399d328aa984a5714f 97eae360cafd4e929662b46e91c3ce66 - - default default] 10.0.0.84 "PUT /v2.0/routers/d39a1ee4-bd98-45db-8406-67d1f6ec862d/add_router_interface HTTP/1.1" status: 200 len: 503 time: 2.2839487 /var/lib/openstack/lib/python3.10/site-packages/pycadf/identifier.py:71: UserWarning: Invalid uuid: neutron. To ensure interoperability, identifiers should be a valid uuid. warnings.warn(('Invalid uuid: %s. To ensure interoperability, '
2026-05-27 11:09:16.508 9 INFO neutron.wsgi [None req-b3edc9c5-c27e-4829-8569-88311e3289aa a0aa3e254a654939b432b02c94fb3ca7 05d027e387944337b511e3f8b72e32d2 - - default default] 10.0.0.84 "PUT /v2.0/routers/ddbefd9d-8e7b-45fd-b73d-11211dea9f9e/tags HTTP/1.1" status: 200 len: 227 time: 0.0669765
2026-05-27 11:09:16.537 10 INFO neutron.wsgi [None req-71ce05e1-6a5c-46b1-8c17-34704d710abb 42d58979056a4c399d328aa984a5714f 97eae360cafd4e929662b46e91c3ce66 - - default default] 10.0.0.84 "GET /v2.0/ports/aca41d18-82c9-487d-9f3a-863079c6b07c HTTP/1.1" status: 200 len: 1209 time: 0.0384057
2026-05-27 11:09:16.589 9 INFO neutron.wsgi [None req-c7232b1d-db0a-4103-a7a9-421de6b7a4a6 a0aa3e254a654939b432b02c94fb3ca7 05d027e387944337b511e3f8b72e32d2 - - default default] 10.0.0.84 "PUT /v2.0/routers/1cbfcc1c-8531-4667-b4b1-1401eb665e0b/tags HTTP/1.1" status: 200 len: 212 time: 0.0757000
2026-05-27 11:09:16.731 10 INFO neutron.wsgi [None req-792f0b73-b0bb-44f7-82d0-103e94f59758 a0aa3e254a654939b432b02c94fb3ca7 05d027e387944337b511e3f8b72e32d2 - - default default] 10.0.0.84 "GET /v2.0/routers?tags=red HTTP/1.1" status: 200 len: 1946 time: 0.1327953
2026-05-27 11:09:16.810 9 INFO neutron.wsgi [None req-10f9ac8d-3d50-4215-9d13-dbc88f661764 a0aa3e254a654939b432b02c94fb3ca7 05d027e387944337b511e3f8b72e32d2 - - default default] 10.0.0.84 "GET /v2.0/routers?tags=red%2Cblue HTTP/1.1" status: 200 len: 1375 time: 0.0732377
2026-05-27 11:09:16.888 9 INFO neutron.wsgi [None req-305dfc20-db51-4f9c-a60a-741325e8e611 a0aa3e254a654939b432b02c94fb3ca7 05d027e387944337b511e3f8b72e32d2 - - default default] 10.0.0.84 "GET /v2.0/routers?tags-any=blue HTTP/1.1" status: 200 len: 1375 time: 0.0744519
2026-05-27 11:09:16.947 9 INFO neutron.wsgi [None req-cfae7e2e-0014-46a4-992f-d3a42c301fa5 a0aa3e254a654939b432b02c94fb3ca7 05d027e387944337b511e3f8b72e32d2 - - default default] 10.0.0.84 "GET /v2.0/routers?tags-any=red%2Cblue HTTP/1.1" status: 200 len: 1946 time: 0.0529478
2026-05-27 11:09:17.028 9 INFO neutron.wsgi [None req-8e402b84-9218-4aef-a76a-6c4776f6f9b5 a0aa3e254a654939b432b02c94fb3ca7 05d027e387944337b511e3f8b72e32d2 - - default default] 10.0.0.84 "GET /v2.0/routers?not-tags=red HTTP/1.1" status: 200 len: 1347 time: 0.0750673
2026-05-27 11:09:17.118 9 INFO neutron.wsgi [None req-2982c74f-165f-462a-b6cd-e241d9778aa4 a0aa3e254a654939b432b02c94fb3ca7 05d027e387944337b511e3f8b72e32d2 - - default default] 10.0.0.84 "GET /v2.0/routers?not-tags=red%2Cblue HTTP/1.1" status: 200 len: 1918 time: 0.0834179
2026-05-27 11:09:17.198 9 INFO neutron.wsgi [None req-9935b5a2-629a-4216-84e7-21ee6f84a006 a0aa3e254a654939b432b02c94fb3ca7 05d027e387944337b511e3f8b72e32d2 - - default default] 10.0.0.84 "GET /v2.0/routers?not-tags-any=blue HTTP/1.1" status: 200 len: 1918 time: 0.0755620
2026-05-27 11:09:17.269 9 INFO neutron.wsgi [None req-71197fb4-4d47-4386-ae4c-cd4fd4955297 a0aa3e254a654939b432b02c94fb3ca7 05d027e387944337b511e3f8b72e32d2 - - default default] 10.0.0.84 "GET /v2.0/routers?not-tags-any=red%2Cblue HTTP/1.1" status: 200 len: 1347 time: 0.0615988
