2026-05-27 11:09:46.776 9 INFO neutron.wsgi [None req-31c0d04b-094a-44d2-9160-ef5c7a19ba50 c0691106f4444cb7adef7b06bf26702c 790fbbe6b6384654a65bb31eb4bfac6f - - default default] 10.0.0.84 "DELETE /v2.0/security-groups/5d018bfc-5757-41ee-90cc-6f406a219a1a HTTP/1.1" status: 204 len: 168 time: 0.2153761
2026-05-27 11:09:46.783 10 INFO neutron.db.ovn_revision_numbers_db [None req-ca04cdbb-319b-45bf-ae8c-b527f63ed1ff 359c003ea41e416282bfe514dfe98a22 89896496a0624d57991dee780081d9b9 - - default default] Successfully bumped revision number for resource 940a6e9f-6fbb-462a-8a4f-059ee45526f9 (type: security_group_rules) to 0
2026-05-27 11:09:46.799 10 INFO neutron.db.ovn_revision_numbers_db [None req-ca04cdbb-319b-45bf-ae8c-b527f63ed1ff 359c003ea41e416282bfe514dfe98a22 89896496a0624d57991dee780081d9b9 - - default default] Successfully bumped revision number for resource ba62bf89-9b98-4803-8458-9a1b26972bfc (type: security_group_rules) to 0
2026-05-27 11:09:46.813 10 INFO neutron.db.ovn_revision_numbers_db [None req-ca04cdbb-319b-45bf-ae8c-b527f63ed1ff 359c003ea41e416282bfe514dfe98a22 89896496a0624d57991dee780081d9b9 - - default default] Successfully bumped revision number for resource db452e5f-a7e3-4f5b-95ea-f15ffbaae609 (type: security_group_rules) to 0
2026-05-27 11:09:46.867 10 INFO neutron.db.segments_db [None req-ca04cdbb-319b-45bf-ae8c-b527f63ed1ff 359c003ea41e416282bfe514dfe98a22 89896496a0624d57991dee780081d9b9 - - default default] Added segment 04822ae9-82c0-4248-a89d-a21333447079 of type geneve for network 194bd893-b246-4c24-95a4-bbe363c6526e
2026-05-27 11:09:47.022 10 INFO neutron.db.ovn_revision_numbers_db [None req-ca04cdbb-319b-45bf-ae8c-b527f63ed1ff 359c003ea41e416282bfe514dfe98a22 89896496a0624d57991dee780081d9b9 - - default default] Successfully bumped revision number for resource 194bd893-b246-4c24-95a4-bbe363c6526e (type: networks) to 1
2026-05-27 11:09:47.215 10 WARNING neutron.scheduler.dhcp_agent_scheduler [None req-ca04cdbb-319b-45bf-ae8c-b527f63ed1ff 359c003ea41e416282bfe514dfe98a22 89896496a0624d57991dee780081d9b9 - - default default] No more DHCP agents
2026-05-27 11:09:47.222 10 WARNING neutron.api.rpc.agentnotifiers.dhcp_rpc_agent_api [None req-ca04cdbb-319b-45bf-ae8c-b527f63ed1ff 359c003ea41e416282bfe514dfe98a22 89896496a0624d57991dee780081d9b9 - - default default] Unable to schedule network 194bd893-b246-4c24-95a4-bbe363c6526e: no agents available; will retry on subsequent port and subnet creation events.
2026-05-27 11:09:47.309 10 INFO neutron.db.ovn_revision_numbers_db [None req-ca04cdbb-319b-45bf-ae8c-b527f63ed1ff 359c003ea41e416282bfe514dfe98a22 89896496a0624d57991dee780081d9b9 - - default default] Successfully bumped revision number for resource b51f87dd-cbd6-4df5-92dd-29c355deef6f (type: ports) to 1
2026-05-27 11:09:47.329 10 INFO neutron.wsgi [None req-ca04cdbb-319b-45bf-ae8c-b527f63ed1ff 359c003ea41e416282bfe514dfe98a22 89896496a0624d57991dee780081d9b9 - - default default] 10.0.0.84 "POST /v2.0/networks HTTP/1.1" status: 201 len: 831 time: 1.0670099
2026-05-27 11:09:47.343 9 WARNING neutron_lib.context [None req-00449ef1-b5cb-4da3-b6b5-bf2911daf505 359c003ea41e416282bfe514dfe98a22 89896496a0624d57991dee780081d9b9 - - default default] Method 'is_advsvc' is deprecated since 2023.2 release (neutron-lib 3.8.0) and will be removed once support for the old RBAC API policies will be removed from Neutron. Please use method 'is_service_role' instead.
2026-05-27 11:09:47.592 9 WARNING neutron.scheduler.dhcp_agent_scheduler [None req-00449ef1-b5cb-4da3-b6b5-bf2911daf505 359c003ea41e416282bfe514dfe98a22 89896496a0624d57991dee780081d9b9 - - default default] No more DHCP agents
2026-05-27 11:09:47.594 9 WARNING neutron.api.rpc.agentnotifiers.dhcp_rpc_agent_api [None req-00449ef1-b5cb-4da3-b6b5-bf2911daf505 359c003ea41e416282bfe514dfe98a22 89896496a0624d57991dee780081d9b9 - - default default] Unable to schedule network 194bd893-b246-4c24-95a4-bbe363c6526e: no agents available; will retry on subsequent port and subnet creation events.
2026-05-27 11:09:47.681 9 INFO neutron.db.ovn_revision_numbers_db [None req-00449ef1-b5cb-4da3-b6b5-bf2911daf505 359c003ea41e416282bfe514dfe98a22 89896496a0624d57991dee780081d9b9 - - default default] Successfully bumped revision number for resource 229a409d-aec5-4356-afd4-46a4cd2e2876 (type: ports) to 1
2026-05-27 11:09:47.705 9 INFO neutron.wsgi [None req-00449ef1-b5cb-4da3-b6b5-bf2911daf505 359c003ea41e416282bfe514dfe98a22 89896496a0624d57991dee780081d9b9 - - default default] 10.0.0.84 "POST /v2.0/ports HTTP/1.1" status: 201 len: 942 time: 0.3691540 /var/lib/openstack/lib/python3.10/site-packages/pycadf/identifier.py:71: UserWarning: Invalid uuid: neutron. To ensure interoperability, identifiers should be a valid uuid. warnings.warn(('Invalid uuid: %s. To ensure interoperability, '
2026-05-27 11:09:47.760 9 INFO neutron.wsgi [None req-dc7472d1-c735-4f8b-a568-012bcc912f91 359c003ea41e416282bfe514dfe98a22 89896496a0624d57991dee780081d9b9 - - default default] 10.0.0.84 "PUT /v2.0/ports/229a409d-aec5-4356-afd4-46a4cd2e2876/tags HTTP/1.1" status: 200 len: 218 time: 0.0490100
2026-05-27 11:09:47.805 9 INFO neutron.wsgi [None req-3a8db3da-f572-4d54-becd-da97aed228f3 359c003ea41e416282bfe514dfe98a22 89896496a0624d57991dee780081d9b9 - - default default] 10.0.0.84 "GET /v2.0/ports/229a409d-aec5-4356-afd4-46a4cd2e2876/tags HTTP/1.1" status: 200 len: 218 time: 0.0389643
2026-05-27 11:09:47.861 9 INFO neutron.wsgi [None req-2355f6ab-7bbb-4273-915c-d01f30adf769 359c003ea41e416282bfe514dfe98a22 89896496a0624d57991dee780081d9b9 - - default default] 10.0.0.84 "PUT /v2.0/ports/229a409d-aec5-4356-afd4-46a4cd2e2876/tags/green HTTP/1.1" status: 201 len: 201 time: 0.0507698
2026-05-27 11:09:47.903 9 INFO neutron.wsgi [None req-32baa543-6980-46c7-83c6-ad11a4d99467 359c003ea41e416282bfe514dfe98a22 89896496a0624d57991dee780081d9b9 - - default default] 10.0.0.84 "GET /v2.0/ports/229a409d-aec5-4356-afd4-46a4cd2e2876/tags HTTP/1.1" status: 200 len: 227 time: 0.0368707
2026-05-27 11:09:47.947 9 INFO neutron.wsgi [None req-5cce71c8-1bad-442f-b9e2-cfd9ed1efcf8 359c003ea41e416282bfe514dfe98a22 89896496a0624d57991dee780081d9b9 - - default default] 10.0.0.84 "PUT /v2.0/ports/229a409d-aec5-4356-afd4-46a4cd2e2876/tags/red HTTP/1.1" status: 201 len: 201 time: 0.0393205
2026-05-27 11:09:47.990 9 INFO neutron.wsgi [None req-9191a297-ee8a-4d87-a4a2-c9c672294266 359c003ea41e416282bfe514dfe98a22 89896496a0624d57991dee780081d9b9 - - default default] 10.0.0.84 "GET /v2.0/ports/229a409d-aec5-4356-afd4-46a4cd2e2876/tags HTTP/1.1" status: 200 len: 227 time: 0.0383289
2026-05-27 11:09:48.055 9 INFO neutron.wsgi [None req-d713484c-fc63-402c-a9ad-87fab34ec7d5 359c003ea41e416282bfe514dfe98a22 89896496a0624d57991dee780081d9b9 - - default default] 10.0.0.84 "PUT /v2.0/ports/229a409d-aec5-4356-afd4-46a4cd2e2876/tags/black.or.white HTTP/1.1" status: 201 len: 201 time: 0.0588779
2026-05-27 11:09:48.106 9 INFO neutron.wsgi [None req-2944d752-2cb6-4d71-9574-b40e570f6d03 359c003ea41e416282bfe514dfe98a22 89896496a0624d57991dee780081d9b9 - - default default] 10.0.0.84 "GET /v2.0/ports/229a409d-aec5-4356-afd4-46a4cd2e2876/tags HTTP/1.1" status: 200 len: 245 time: 0.0446017
2026-05-27 11:09:48.169 9 INFO neutron.wsgi [None req-76e411ca-028f-4452-9aa1-8b7eca3e2192 359c003ea41e416282bfe514dfe98a22 89896496a0624d57991dee780081d9b9 - - default default] 10.0.0.84 "PUT /v2.0/ports/229a409d-aec5-4356-afd4-46a4cd2e2876/tags HTTP/1.1" status: 200 len: 230 time: 0.0569060
2026-05-27 11:09:48.231 10 INFO neutron.wsgi [None req-5d621dfd-bf49-4657-a440-8b50a6183f2b 359c003ea41e416282bfe514dfe98a22 89896496a0624d57991dee780081d9b9 - - default default] 10.0.0.84 "GET /v2.0/ports/229a409d-aec5-4356-afd4-46a4cd2e2876/tags HTTP/1.1" status: 200 len: 230 time: 0.0567501
2026-05-27 11:09:48.279 10 INFO neutron.wsgi [None req-32a6c456-ae65-4f8c-9d6e-b9d0db81fc9e 359c003ea41e416282bfe514dfe98a22 89896496a0624d57991dee780081d9b9 - - default default] 10.0.0.84 "GET /v2.0/ports/229a409d-aec5-4356-afd4-46a4cd2e2876/tags/red HTTP/1.1" status: 204 len: 168 time: 0.0422363
2026-05-27 11:09:48.326 10 INFO neutron.api.v2.resource [None req-94478f1b-3c64-48f7-84b6-febdad333646 359c003ea41e416282bfe514dfe98a22 89896496a0624d57991dee780081d9b9 - - default default] show failed (client error): The resource could not be found.
2026-05-27 11:09:48.328 10 INFO neutron.wsgi [None req-94478f1b-3c64-48f7-84b6-febdad333646 359c003ea41e416282bfe514dfe98a22 89896496a0624d57991dee780081d9b9 - - default default] 10.0.0.84 "GET /v2.0/ports/229a409d-aec5-4356-afd4-46a4cd2e2876/tags/green HTTP/1.1" status: 404 len: 299 time: 0.0435369
2026-05-27 11:09:48.391 10 INFO neutron.wsgi [None req-8801c4db-8647-40d2-8b3a-93edacd9ee16 359c003ea41e416282bfe514dfe98a22 89896496a0624d57991dee780081d9b9 - - default default] 10.0.0.84 "DELETE /v2.0/ports/229a409d-aec5-4356-afd4-46a4cd2e2876/tags/red HTTP/1.1" status: 204 len: 168 time: 0.0579324
2026-05-27 11:09:48.438 10 INFO neutron.wsgi [None req-8612516b-9678-4b45-9348-ae6c92e3cf4c 359c003ea41e416282bfe514dfe98a22 89896496a0624d57991dee780081d9b9 - - default default] 10.0.0.84 "GET /v2.0/ports/229a409d-aec5-4356-afd4-46a4cd2e2876/tags HTTP/1.1" status: 200 len: 223 time: 0.0414267
2026-05-27 11:09:48.500 10 INFO neutron.api.v2.resource [None req-ea3b67f4-8a3e-4449-8c1c-0813c7b45010 359c003ea41e416282bfe514dfe98a22 89896496a0624d57991dee780081d9b9 - - default default] delete failed (client error): The resource could not be found.
2026-05-27 11:09:48.502 10 INFO neutron.wsgi [None req-ea3b67f4-8a3e-4449-8c1c-0813c7b45010 359c003ea41e416282bfe514dfe98a22 89896496a0624d57991dee780081d9b9 - - default default] 10.0.0.84 "DELETE /v2.0/ports/229a409d-aec5-4356-afd4-46a4cd2e2876/tags/green HTTP/1.1" status: 404 len: 299 time: 0.0585337
2026-05-27 11:09:48.561 10 INFO neutron.wsgi [None req-f64f58c6-400a-497e-be78-87b35c904ef2 359c003ea41e416282bfe514dfe98a22 89896496a0624d57991dee780081d9b9 - - default default] 10.0.0.84 "DELETE /v2.0/ports/229a409d-aec5-4356-afd4-46a4cd2e2876/tags HTTP/1.1" status: 204 len: 168 time: 0.0541353
2026-05-27 11:09:48.609 10 INFO neutron.wsgi [None req-d24013c7-733e-4c54-9270-d60186f75edf 359c003ea41e416282bfe514dfe98a22 89896496a0624d57991dee780081d9b9 - - default default] 10.0.0.84 "GET /v2.0/ports/229a409d-aec5-4356-afd4-46a4cd2e2876/tags HTTP/1.1" status: 200 len: 205 time: 0.0429389
2026-05-27 11:09:48.745 10 INFO neutron.db.ovn_revision_numbers_db [None req-d614bdad-2a04-4d22-9ea0-b3c74d38f0b2 c0691106f4444cb7adef7b06bf26702c 790fbbe6b6384654a65bb31eb4bfac6f - - default default] Successfully bumped revision number for resource 71301b5b-6a5a-4152-a109-b5188d714d77 (type: security_groups) to 1
2026-05-27 11:09:48.791 10 INFO neutron.db.ovn_revision_numbers_db [None req-d614bdad-2a04-4d22-9ea0-b3c74d38f0b2 c0691106f4444cb7adef7b06bf26702c 790fbbe6b6384654a65bb31eb4bfac6f - - default default] Successfully bumped revision number for resource 0b08297a-7b01-4bf6-bc8a-842709818554 (type: security_group_rules) to 0
2026-05-27 11:09:48.816 10 INFO neutron.db.ovn_revision_numbers_db [None req-d614bdad-2a04-4d22-9ea0-b3c74d38f0b2 c0691106f4444cb7adef7b06bf26702c 790fbbe6b6384654a65bb31eb4bfac6f - - default default] Successfully bumped revision number for resource 8f974fd3-4d86-4e75-be89-05e8e8fb29fa (type: security_group_rules) to 0
2026-05-27 11:09:48.832 10 INFO neutron.db.ovn_revision_numbers_db [None req-d614bdad-2a04-4d22-9ea0-b3c74d38f0b2 c0691106f4444cb7adef7b06bf26702c 790fbbe6b6384654a65bb31eb4bfac6f - - default default] Successfully bumped revision number for resource ec07b7af-5e2b-4660-914d-548d35489ee5 (type: security_group_rules) to 0
2026-05-27 11:09:48.847 10 INFO neutron.db.ovn_revision_numbers_db [None req-d614bdad-2a04-4d22-9ea0-b3c74d38f0b2 c0691106f4444cb7adef7b06bf26702c 790fbbe6b6384654a65bb31eb4bfac6f - - default default] Successfully bumped revision number for resource fbd161f8-c7e4-4c3b-9f16-739170e91d68 (type: security_group_rules) to 0
2026-05-27 11:09:48.900 10 INFO neutron.db.segments_db [None req-d614bdad-2a04-4d22-9ea0-b3c74d38f0b2 c0691106f4444cb7adef7b06bf26702c 790fbbe6b6384654a65bb31eb4bfac6f - - default default] Added segment babff5a9-4a0a-4b78-8bbc-a3f76557d725 of type geneve for network 89470e8d-4a33-4059-891e-4f0cfa223501
2026-05-27 11:09:48.934 9 INFO neutron.wsgi [None req-db28fe57-58d8-421e-ac2d-4dfeee19e80b 359c003ea41e416282bfe514dfe98a22 89896496a0624d57991dee780081d9b9 - - default default] 10.0.0.84 "DELETE /v2.0/ports/229a409d-aec5-4356-afd4-46a4cd2e2876 HTTP/1.1" status: 204 len: 168 time: 0.3201413
2026-05-27 11:09:49.064 10 INFO neutron.db.ovn_revision_numbers_db [None req-d614bdad-2a04-4d22-9ea0-b3c74d38f0b2 c0691106f4444cb7adef7b06bf26702c 790fbbe6b6384654a65bb31eb4bfac6f - - default default] Successfully bumped revision number for resource 89470e8d-4a33-4059-891e-4f0cfa223501 (type: networks) to 1
2026-05-27 11:09:49.252 10 WARNING neutron.scheduler.dhcp_agent_scheduler [None req-d614bdad-2a04-4d22-9ea0-b3c74d38f0b2 c0691106f4444cb7adef7b06bf26702c 790fbbe6b6384654a65bb31eb4bfac6f - - default default] No more DHCP agents
2026-05-27 11:09:49.254 10 WARNING neutron.api.rpc.agentnotifiers.dhcp_rpc_agent_api [None req-d614bdad-2a04-4d22-9ea0-b3c74d38f0b2 c0691106f4444cb7adef7b06bf26702c 790fbbe6b6384654a65bb31eb4bfac6f - - default default] Unable to schedule network 89470e8d-4a33-4059-891e-4f0cfa223501: no agents available; will retry on subsequent port and subnet creation events.
2026-05-27 11:09:49.332 9 INFO neutron.services.segments.plugin [-] Segment 04822ae9-82c0-4248-a89d-a21333447079 resource provider aggregate not found
2026-05-27 11:09:49.341 10 INFO neutron.db.ovn_revision_numbers_db [None req-d614bdad-2a04-4d22-9ea0-b3c74d38f0b2 c0691106f4444cb7adef7b06bf26702c 790fbbe6b6384654a65bb31eb4bfac6f - - default default] Successfully bumped revision number for resource 377e7345-88a0-4e78-9d1a-b504184b8692 (type: ports) to 1
2026-05-27 11:09:49.346 9 INFO neutron.services.segments.plugin [-] Segment 04822ae9-82c0-4248-a89d-a21333447079 resource provider not found; error: Placement Client Error (4xx): {"errors": [{"status": 404, "title": "Not Found", "detail": "The resource could not be found.\n\n No resource provider with uuid 04822ae9-82c0-4248-a89d-a21333447079 found for delete ", "request_id": "req-a35c7194-3fa3-42cd-b13e-a79f63f4633f"}]}
2026-05-27 11:09:49.368 10 INFO neutron.wsgi [None req-d614bdad-2a04-4d22-9ea0-b3c74d38f0b2 c0691106f4444cb7adef7b06bf26702c 790fbbe6b6384654a65bb31eb4bfac6f - - default default] 10.0.0.84 "POST /v2.0/networks HTTP/1.1" status: 201 len: 943 time: 0.8841965
2026-05-27 11:09:49.375 9 INFO neutron.wsgi [None req-6dc23196-f59d-42db-be28-c37ae1f996db 359c003ea41e416282bfe514dfe98a22 89896496a0624d57991dee780081d9b9 - - default default] 10.0.0.84 "DELETE /v2.0/networks/194bd893-b246-4c24-95a4-bbe363c6526e HTTP/1.1" status: 204 len: 168 time: 0.4349833
2026-05-27 11:09:49.384 9 INFO neutron.services.segments.plugin [-] Segment 04822ae9-82c0-4248-a89d-a21333447079 resource provider aggregate not found
2026-05-27 11:09:49.399 9 INFO neutron.services.segments.plugin [-] Segment 04822ae9-82c0-4248-a89d-a21333447079 resource provider not found; error: Placement Client Error (4xx): {"errors": [{"status": 404, "title": "Not Found", "detail": "The resource could not be found.\n\n No resource provider with uuid 04822ae9-82c0-4248-a89d-a21333447079 found for delete ", "request_id": "req-a6ae7ae0-f85c-43f9-b5af-6a9da55b16ce"}]}
2026-05-27 11:09:49.530 10 WARNING neutron.scheduler.dhcp_agent_scheduler [None req-4da45c2e-269a-47d7-b2ad-8ad2520b7291 c0691106f4444cb7adef7b06bf26702c 790fbbe6b6384654a65bb31eb4bfac6f - - default default] No more DHCP agents
2026-05-27 11:09:49.533 10 WARNING neutron.api.rpc.agentnotifiers.dhcp_rpc_agent_api [None req-4da45c2e-269a-47d7-b2ad-8ad2520b7291 c0691106f4444cb7adef7b06bf26702c 790fbbe6b6384654a65bb31eb4bfac6f - - default default] Unable to schedule network 89470e8d-4a33-4059-891e-4f0cfa223501: no agents available; will retry on subsequent port and subnet creation events.
2026-05-27 11:09:49.538 9 WARNING neutron_lib.context [None req-ff3eb593-cd59-4367-9d31-498f8661ec97 a34686d43b8a4113985c2ea9cece35be 93ae98ff4d1b4d8c855eeb47325978fc - - default default] Method 'is_advsvc' is deprecated since 2023.2 release (neutron-lib 3.8.0) and will be removed once support for the old RBAC API policies will be removed from Neutron. Please use method 'is_service_role' instead.
2026-05-27 11:09:49.678 9 INFO neutron.db.ovn_revision_numbers_db [None req-ff3eb593-cd59-4367-9d31-498f8661ec97 a34686d43b8a4113985c2ea9cece35be 93ae98ff4d1b4d8c855eeb47325978fc - - default default] Successfully bumped revision number for resource f037b140-b3f4-4019-bf72-1a862523b252 (type: security_groups) to 1
2026-05-27 11:09:49.704 9 INFO neutron.db.ovn_revision_numbers_db [None req-ff3eb593-cd59-4367-9d31-498f8661ec97 a34686d43b8a4113985c2ea9cece35be 93ae98ff4d1b4d8c855eeb47325978fc - - default default] Successfully bumped revision number for resource 034524e6-ae20-4327-9460-3cd5eca2835b (type: security_group_rules) to 0
2026-05-27 11:09:49.725 9 INFO neutron.db.ovn_revision_numbers_db [None req-ff3eb593-cd59-4367-9d31-498f8661ec97 a34686d43b8a4113985c2ea9cece35be 93ae98ff4d1b4d8c855eeb47325978fc - - default default] Successfully bumped revision number for resource b2a23613-4baf-4e54-94f5-ca6b85d6beff (type: security_group_rules) to 0
2026-05-27 11:09:49.740 9 INFO neutron.db.ovn_revision_numbers_db [None req-ff3eb593-cd59-4367-9d31-498f8661ec97 a34686d43b8a4113985c2ea9cece35be 93ae98ff4d1b4d8c855eeb47325978fc - - default default] Successfully bumped revision number for resource ddb64285-b578-44a4-abf0-f328632816a3 (type: security_group_rules) to 0
2026-05-27 11:09:49.759 9 INFO neutron.db.ovn_revision_numbers_db [None req-ff3eb593-cd59-4367-9d31-498f8661ec97 a34686d43b8a4113985c2ea9cece35be 93ae98ff4d1b4d8c855eeb47325978fc - - default default] Successfully bumped revision number for resource fd520a92-836e-4df9-9929-aab9f9d18f0f (type: security_group_rules) to 0
2026-05-27 11:09:49.814 9 INFO neutron.db.segments_db [None req-ff3eb593-cd59-4367-9d31-498f8661ec97 a34686d43b8a4113985c2ea9cece35be 93ae98ff4d1b4d8c855eeb47325978fc - - default default] Added segment 047c1f0c-bcf0-4c3a-8e0a-c7c417ba6f99 of type geneve for network dc239c5f-4ff7-4081-b040-6b985334ad09
2026-05-27 11:09:49.971 9 INFO neutron.db.ovn_revision_numbers_db [None req-ff3eb593-cd59-4367-9d31-498f8661ec97 a34686d43b8a4113985c2ea9cece35be 93ae98ff4d1b4d8c855eeb47325978fc - - default default] Successfully bumped revision number for resource dc239c5f-4ff7-4081-b040-6b985334ad09 (type: networks) to 1
2026-05-27 11:09:50.177 9 INFO neutron.wsgi [None req-a08d2f02-3a1b-48f2-838f-64e0f0fb40db c0691106f4444cb7adef7b06bf26702c 790fbbe6b6384654a65bb31eb4bfac6f - - default default] 10.0.0.84 "GET /v2.0/security-groups?tenant_id=89896496a0624d57991dee780081d9b9&name=default HTTP/1.1" status: 200 len: 3120 time: 0.1304383
2026-05-27 11:09:50.204 9 WARNING neutron.scheduler.dhcp_agent_scheduler [None req-ff3eb593-cd59-4367-9d31-498f8661ec97 a34686d43b8a4113985c2ea9cece35be 93ae98ff4d1b4d8c855eeb47325978fc - - default default] No more DHCP agents
2026-05-27 11:09:50.208 9 WARNING neutron.api.rpc.agentnotifiers.dhcp_rpc_agent_api [None req-ff3eb593-cd59-4367-9d31-498f8661ec97 a34686d43b8a4113985c2ea9cece35be 93ae98ff4d1b4d8c855eeb47325978fc - - default default] Unable to schedule network dc239c5f-4ff7-4081-b040-6b985334ad09: no agents available; will retry on subsequent port and subnet creation events.
2026-05-27 11:09:50.321 10 INFO neutron.db.ovn_revision_numbers_db [None req-4da45c2e-269a-47d7-b2ad-8ad2520b7291 c0691106f4444cb7adef7b06bf26702c 790fbbe6b6384654a65bb31eb4bfac6f - - default default] Successfully bumped revision number for resource 377e7345-88a0-4e78-9d1a-b504184b8692 (type: ports) to 2
2026-05-27 11:09:50.323 9 INFO neutron.db.ovn_revision_numbers_db [None req-ff3eb593-cd59-4367-9d31-498f8661ec97 a34686d43b8a4113985c2ea9cece35be 93ae98ff4d1b4d8c855eeb47325978fc - - default default] Successfully bumped revision number for resource 24154687-69bb-4ce6-9921-f339b5687f20 (type: ports) to 1
2026-05-27 11:09:50.357 10 INFO neutron.db.ovn_revision_numbers_db [None req-4da45c2e-269a-47d7-b2ad-8ad2520b7291 c0691106f4444cb7adef7b06bf26702c 790fbbe6b6384654a65bb31eb4bfac6f - - default default] Successfully bumped revision number for resource ca643525-00d7-48ea-9ef2-aa71bbeddf6b (type: subnets) to 0
2026-05-27 11:09:50.357 9 INFO neutron.wsgi [None req-ff3eb593-cd59-4367-9d31-498f8661ec97 a34686d43b8a4113985c2ea9cece35be 93ae98ff4d1b4d8c855eeb47325978fc - - default default] 10.0.0.84 "POST /v2.0/networks HTTP/1.1" status: 201 len: 838 time: 0.9991889
2026-05-27 11:09:50.368 9 WARNING neutron_lib.context [None req-06a601a8-2c15-442a-b765-d90a596ad1a5 a34686d43b8a4113985c2ea9cece35be 93ae98ff4d1b4d8c855eeb47325978fc - - default default] Method 'is_advsvc' is deprecated since 2023.2 release (neutron-lib 3.8.0) and will be removed once support for the old RBAC API policies will be removed from Neutron. Please use method 'is_service_role' instead.
2026-05-27 11:09:50.373 10 INFO neutron.wsgi [None req-4da45c2e-269a-47d7-b2ad-8ad2520b7291 c0691106f4444cb7adef7b06bf26702c 790fbbe6b6384654a65bb31eb4bfac6f - - default default] 10.0.0.84 "POST /v2.0/subnets HTTP/1.1" status: 201 len: 863 time: 0.9979987
2026-05-27 11:09:50.531 9 INFO neutron.wsgi [None req-1fbc13f4-13ab-413a-9512-409d57d8c8cf c0691106f4444cb7adef7b06bf26702c 790fbbe6b6384654a65bb31eb4bfac6f - - default default] 10.0.0.84 "DELETE /v2.0/security-groups/1f70f9e2-19b5-4953-b37d-cd44b9a8e54b HTTP/1.1" status: 204 len: 168 time: 0.3462737
2026-05-27 11:09:50.625 9 WARNING neutron.scheduler.dhcp_agent_scheduler [None req-06a601a8-2c15-442a-b765-d90a596ad1a5 a34686d43b8a4113985c2ea9cece35be 93ae98ff4d1b4d8c855eeb47325978fc - - default default] No more DHCP agents
2026-05-27 11:09:50.628 9 WARNING neutron.api.rpc.agentnotifiers.dhcp_rpc_agent_api [None req-06a601a8-2c15-442a-b765-d90a596ad1a5 a34686d43b8a4113985c2ea9cece35be 93ae98ff4d1b4d8c855eeb47325978fc - - default default] Unable to schedule network dc239c5f-4ff7-4081-b040-6b985334ad09: no agents available; will retry on subsequent port and subnet creation events.
2026-05-27 11:09:50.821 9 INFO neutron.db.ovn_revision_numbers_db [None req-7210ac9d-986c-4437-b63c-4abcce68c726 c0691106f4444cb7adef7b06bf26702c 790fbbe6b6384654a65bb31eb4bfac6f - - default default] Successfully bumped revision number for resource 5fad4ba9-35d5-47d7-b4b5-3e4393990ef5 (type: security_groups) to 1
2026-05-27 11:09:50.836 9 INFO neutron.db.ovn_revision_numbers_db [None req-7210ac9d-986c-4437-b63c-4abcce68c726 c0691106f4444cb7adef7b06bf26702c 790fbbe6b6384654a65bb31eb4bfac6f - - default default] Successfully bumped revision number for resource 25540616-99ca-4976-97b4-ee94eec75f00 (type: security_group_rules) to 0
2026-05-27 11:09:50.852 9 INFO neutron.db.ovn_revision_numbers_db [None req-7210ac9d-986c-4437-b63c-4abcce68c726 c0691106f4444cb7adef7b06bf26702c 790fbbe6b6384654a65bb31eb4bfac6f - - default default] Successfully bumped revision number for resource 2d3184ea-a189-41d9-a4ca-34fd121eb80c (type: security_group_rules) to 0
2026-05-27 11:09:50.865 10 WARNING neutron.scheduler.dhcp_agent_scheduler [None req-6444b207-0cd9-4c40-bb12-3568857b0f81 c0691106f4444cb7adef7b06bf26702c 790fbbe6b6384654a65bb31eb4bfac6f - - default default] No more DHCP agents
2026-05-27 11:09:50.867 10 WARNING neutron.api.rpc.agentnotifiers.dhcp_rpc_agent_api [None req-6444b207-0cd9-4c40-bb12-3568857b0f81 c0691106f4444cb7adef7b06bf26702c 790fbbe6b6384654a65bb31eb4bfac6f - - default default] Unable to schedule network 889b54fb-2d9e-49fa-a546-7ad775c9e91b: no agents available; will retry on subsequent port and subnet creation events.
2026-05-27 11:09:50.889 9 INFO neutron.db.ovn_revision_numbers_db [None req-7210ac9d-986c-4437-b63c-4abcce68c726 c0691106f4444cb7adef7b06bf26702c 790fbbe6b6384654a65bb31eb4bfac6f - - default default] Successfully bumped revision number for resource 65721189-4d6d-4b15-acc8-6f2db27186c3 (type: security_group_rules) to 0
2026-05-27 11:09:50.907 9 INFO neutron.db.ovn_revision_numbers_db [None req-7210ac9d-986c-4437-b63c-4abcce68c726 c0691106f4444cb7adef7b06bf26702c 790fbbe6b6384654a65bb31eb4bfac6f - - default default] Successfully bumped revision number for resource de05abb4-ab5f-43c8-adfc-3153ed9878f7 (type: security_group_rules) to 0
2026-05-27 11:09:50.935 9 INFO neutron.wsgi [None req-7210ac9d-986c-4437-b63c-4abcce68c726 c0691106f4444cb7adef7b06bf26702c 790fbbe6b6384654a65bb31eb4bfac6f - - default default] 10.0.0.84 "GET /v2.0/security-groups?tenant_id=c980c30b7f204a47aed00b0895a0f533&name=default HTTP/1.1" status: 200 len: 3120 time: 0.3033159
2026-05-27 11:09:51.024 10 INFO neutron.db.ovn_revision_numbers_db [None req-6444b207-0cd9-4c40-bb12-3568857b0f81 c0691106f4444cb7adef7b06bf26702c 790fbbe6b6384654a65bb31eb4bfac6f - - default default] Successfully bumped revision number for resource d0d6f9cc-7e6f-48e7-bd51-de9173bc75d6 (type: ports) to 1
2026-05-27 11:09:51.245 9 INFO neutron.wsgi [None req-7ea86a05-230e-4795-a461-89150d641710 c0691106f4444cb7adef7b06bf26702c 790fbbe6b6384654a65bb31eb4bfac6f - - default default] 10.0.0.84 "DELETE /v2.0/security-groups/5fad4ba9-35d5-47d7-b4b5-3e4393990ef5 HTTP/1.1" status: 204 len: 168 time: 0.3039751
2026-05-27 11:09:51.246 9 INFO neutron.db.ovn_revision_numbers_db [None req-06a601a8-2c15-442a-b765-d90a596ad1a5 a34686d43b8a4113985c2ea9cece35be 93ae98ff4d1b4d8c855eeb47325978fc - - default default] Successfully bumped revision number for resource 24154687-69bb-4ce6-9921-f339b5687f20 (type: ports) to 2
2026-05-27 11:09:51.278 9 INFO neutron.db.ovn_revision_numbers_db [None req-06a601a8-2c15-442a-b765-d90a596ad1a5 a34686d43b8a4113985c2ea9cece35be 93ae98ff4d1b4d8c855eeb47325978fc - - default default] Successfully bumped revision number for resource ec1c0fb0-f652-45c2-b99c-60a192c6d4f3 (type: subnets) to 0
2026-05-27 11:09:51.294 9 INFO neutron.wsgi [None req-06a601a8-2c15-442a-b765-d90a596ad1a5 a34686d43b8a4113985c2ea9cece35be 93ae98ff4d1b4d8c855eeb47325978fc - - default default] 10.0.0.84 "POST /v2.0/subnets HTTP/1.1" status: 201 len: 832 time: 0.9306581
2026-05-27 11:09:51.476 9 INFO neutron.wsgi [None req-942165a4-5e73-41b2-85ca-b707cead8c5d cffd6a6712744bc18122bd9e734db9bc e1e3e8ff0c3a450287c4d5b86adde60f - - default default] 10.0.0.84 "GET /v2.0/subnetpools?name=shared-default-subnetpool-v6 HTTP/1.1" status: 200 len: 212 time: 0.1768150
2026-05-27 11:09:51.485 9 WARNING neutron_lib.context [None req-a31f05d8-7211-491f-ac0c-a4f151389e24 a34686d43b8a4113985c2ea9cece35be 93ae98ff4d1b4d8c855eeb47325978fc - - default default] Method 'is_advsvc' is deprecated since 2023.2 release (neutron-lib 3.8.0) and will be removed once support for the old RBAC API policies will be removed from Neutron. Please use method 'is_service_role' instead.
2026-05-27 11:09:51.733 10 INFO neutron.plugins.ml2.drivers.ovn.mech_driver.ovsdb.commands [None req-175e2eae-dcfb-464b-996d-63bd75074605 - - - - - -] Schedule LRP lrp-d0d6f9cc-7e6f-48e7-bd51-de9173bc75d6 on gateway 48f831bc-71ac-432d-a82d-4d8b8361e013 with priority 1
2026-05-27 11:09:51.746 10 INFO neutron.plugins.ml2.drivers.ovn.mech_driver.mech_driver [None req-f0e4303d-c993-4742-80bd-99375a17e647 - - - - - -] OVN reports status up for port: d0d6f9cc-7e6f-48e7-bd51-de9173bc75d6
2026-05-27 11:09:51.756 10 INFO neutron.plugins.ml2.drivers.ovn.mech_driver.ovsdb.ovsdb_monitor [None req-5fa43fb0-42b9-4f88-96cc-5f39144a9cea - - - - - -] Router 3eb3b2c8-819e-4000-93de-38f1c3120a02 is bound to host instance
2026-05-27 11:09:51.757 9 WARNING neutron.scheduler.dhcp_agent_scheduler [None req-a31f05d8-7211-491f-ac0c-a4f151389e24 a34686d43b8a4113985c2ea9cece35be 93ae98ff4d1b4d8c855eeb47325978fc - - default default] No more DHCP agents
2026-05-27 11:09:51.762 9 WARNING neutron.api.rpc.agentnotifiers.dhcp_rpc_agent_api [None req-a31f05d8-7211-491f-ac0c-a4f151389e24 a34686d43b8a4113985c2ea9cece35be 93ae98ff4d1b4d8c855eeb47325978fc - - default default] Unable to schedule network dc239c5f-4ff7-4081-b040-6b985334ad09: no agents available; will retry on subsequent port and subnet creation events.
2026-05-27 11:09:51.802 10 INFO neutron.plugins.ml2.plugin [None req-f0e4303d-c993-4742-80bd-99375a17e647 - - - - - -] Attempt 1 to provision port d0d6f9cc-7e6f-48e7-bd51-de9173bc75d6
2026-05-27 11:09:51.805 9 INFO neutron.db.ovn_revision_numbers_db [None req-a31f05d8-7211-491f-ac0c-a4f151389e24 a34686d43b8a4113985c2ea9cece35be 93ae98ff4d1b4d8c855eeb47325978fc - - default default] Successfully bumped revision number for resource 7a70cce3-c344-49c1-bb5f-5cb044366a86 (type: subnets) to 0
2026-05-27 11:09:51.821 9 INFO neutron.wsgi [None req-a31f05d8-7211-491f-ac0c-a4f151389e24 a34686d43b8a4113985c2ea9cece35be 93ae98ff4d1b4d8c855eeb47325978fc - - default default] 10.0.0.84 "POST /v2.0/subnets HTTP/1.1" status: 201 len: 907 time: 0.3406928
2026-05-27 11:09:51.831 9 WARNING neutron_lib.context [None req-1e1c2c6f-ec19-4527-abf6-0585bbba17cf a34686d43b8a4113985c2ea9cece35be 93ae98ff4d1b4d8c855eeb47325978fc - - default default] Method 'is_advsvc' is deprecated since 2023.2 release (neutron-lib 3.8.0) and will be removed once support for the old RBAC API policies will be removed from Neutron. Please use method 'is_service_role' instead.
2026-05-27 11:09:51.854 10 INFO neutron.db.ovn_revision_numbers_db [None req-6444b207-0cd9-4c40-bb12-3568857b0f81 c0691106f4444cb7adef7b06bf26702c 790fbbe6b6384654a65bb31eb4bfac6f - - default default] Successfully bumped revision number for resource d0d6f9cc-7e6f-48e7-bd51-de9173bc75d6 (type: router_ports) to 1
2026-05-27 11:09:51.919 9 INFO neutron.db.segments_db [None req-1e1c2c6f-ec19-4527-abf6-0585bbba17cf a34686d43b8a4113985c2ea9cece35be 93ae98ff4d1b4d8c855eeb47325978fc - - default default] Added segment 71b411d0-5858-4c28-90be-fe51f996dc7a of type geneve for network 9ba0bab1-bfd4-4657-bc8c-02c68c4d7bf7
2026-05-27 11:09:52.085 9 INFO neutron.db.ovn_revision_numbers_db [None req-1e1c2c6f-ec19-4527-abf6-0585bbba17cf a34686d43b8a4113985c2ea9cece35be 93ae98ff4d1b4d8c855eeb47325978fc - - default default] Successfully bumped revision number for resource 9ba0bab1-bfd4-4657-bc8c-02c68c4d7bf7 (type: networks) to 1
2026-05-27 11:09:52.244 10 INFO neutron.db.ovn_revision_numbers_db [None req-6444b207-0cd9-4c40-bb12-3568857b0f81 c0691106f4444cb7adef7b06bf26702c 790fbbe6b6384654a65bb31eb4bfac6f - - default default] Successfully bumped revision number for resource 3eb3b2c8-819e-4000-93de-38f1c3120a02 (type: routers) to 2
2026-05-27 11:09:52.274 10 INFO neutron.wsgi [None req-6444b207-0cd9-4c40-bb12-3568857b0f81 c0691106f4444cb7adef7b06bf26702c 790fbbe6b6384654a65bb31eb4bfac6f - - default default] 10.0.0.84 "POST /v2.0/routers HTTP/1.1" status: 201 len: 1165 time: 1.8949440
2026-05-27 11:09:52.283 9 WARNING neutron.scheduler.dhcp_agent_scheduler [None req-1e1c2c6f-ec19-4527-abf6-0585bbba17cf a34686d43b8a4113985c2ea9cece35be 93ae98ff4d1b4d8c855eeb47325978fc - - default default] No more DHCP agents
2026-05-27 11:09:52.291 9 WARNING neutron.api.rpc.agentnotifiers.dhcp_rpc_agent_api [None req-1e1c2c6f-ec19-4527-abf6-0585bbba17cf a34686d43b8a4113985c2ea9cece35be 93ae98ff4d1b4d8c855eeb47325978fc - - default default] Unable to schedule network 9ba0bab1-bfd4-4657-bc8c-02c68c4d7bf7: no agents available; will retry on subsequent port and subnet creation events.
2026-05-27 11:09:52.443 9 INFO neutron.db.ovn_revision_numbers_db [None req-1e1c2c6f-ec19-4527-abf6-0585bbba17cf a34686d43b8a4113985c2ea9cece35be 93ae98ff4d1b4d8c855eeb47325978fc - - default default] Successfully bumped revision number for resource f1279af0-64ca-4c70-97ee-ec4044f24247 (type: ports) to 1
2026-05-27 11:09:52.474 9 INFO neutron.wsgi [None req-1e1c2c6f-ec19-4527-abf6-0585bbba17cf a34686d43b8a4113985c2ea9cece35be 93ae98ff4d1b4d8c855eeb47325978fc - - default default] 10.0.0.84 "POST /v2.0/networks HTTP/1.1" status: 201 len: 836 time: 0.6479924
2026-05-27 11:09:52.495 9 WARNING neutron_lib.context [None req-01468afe-445e-48ec-8a86-305719f44bcd a34686d43b8a4113985c2ea9cece35be 93ae98ff4d1b4d8c855eeb47325978fc - - default default] Method 'is_advsvc' is deprecated since 2023.2 release (neutron-lib 3.8.0) and will be removed once support for the old RBAC API policies will be removed from Neutron. Please use method 'is_service_role' instead.
2026-05-27 11:09:52.913 10 INFO neutron.db.ovn_revision_numbers_db [None req-5fa43fb0-42b9-4f88-96cc-5f39144a9cea - - - - - -] Successfully bumped revision number for resource d0d6f9cc-7e6f-48e7-bd51-de9173bc75d6 (type: ports) to 1
2026-05-27 11:09:53.016 9 WARNING neutron.scheduler.dhcp_agent_scheduler [None req-01468afe-445e-48ec-8a86-305719f44bcd a34686d43b8a4113985c2ea9cece35be 93ae98ff4d1b4d8c855eeb47325978fc - - default default] No more DHCP agents
2026-05-27 11:09:53.018 9 WARNING neutron.api.rpc.agentnotifiers.dhcp_rpc_agent_api [None req-01468afe-445e-48ec-8a86-305719f44bcd a34686d43b8a4113985c2ea9cece35be 93ae98ff4d1b4d8c855eeb47325978fc - - default default] Unable to schedule network 9ba0bab1-bfd4-4657-bc8c-02c68c4d7bf7: no agents available; will retry on subsequent port and subnet creation events.
2026-05-27 11:09:53.294 9 WARNING neutron.scheduler.dhcp_agent_scheduler [None req-fea7f9df-3b9a-4882-b77e-f28af0d2bbc6 c0691106f4444cb7adef7b06bf26702c 790fbbe6b6384654a65bb31eb4bfac6f - - default default] No more DHCP agents
2026-05-27 11:09:53.299 9 WARNING neutron.api.rpc.agentnotifiers.dhcp_rpc_agent_api [None req-fea7f9df-3b9a-4882-b77e-f28af0d2bbc6 c0691106f4444cb7adef7b06bf26702c 790fbbe6b6384654a65bb31eb4bfac6f - - default default] Unable to schedule network 89470e8d-4a33-4059-891e-4f0cfa223501: no agents available; will retry on subsequent port and subnet creation events.
2026-05-27 11:09:53.317 10 INFO neutron.db.ovn_revision_numbers_db [None req-5fa43fb0-42b9-4f88-96cc-5f39144a9cea - - - - - -] Successfully bumped revision number for resource d0d6f9cc-7e6f-48e7-bd51-de9173bc75d6 (type: router_ports) to 3
2026-05-27 11:09:53.519 9 INFO neutron.db.ovn_revision_numbers_db [None req-fea7f9df-3b9a-4882-b77e-f28af0d2bbc6 c0691106f4444cb7adef7b06bf26702c 790fbbe6b6384654a65bb31eb4bfac6f - - default default] Successfully bumped revision number for resource 76115f45-f5ee-4230-b5da-25f7fa4f2814 (type: ports) to 1
2026-05-27 11:09:53.547 10 INFO neutron.db.ovn_revision_numbers_db [None req-5fa43fb0-42b9-4f88-96cc-5f39144a9cea - - - - - -] Successfully bumped revision number for resource d0d6f9cc-7e6f-48e7-bd51-de9173bc75d6 (type: ports) to 2
2026-05-27 11:09:53.833 9 INFO neutron.db.ovn_revision_numbers_db [None req-01468afe-445e-48ec-8a86-305719f44bcd a34686d43b8a4113985c2ea9cece35be 93ae98ff4d1b4d8c855eeb47325978fc - - default default] Successfully bumped revision number for resource f1279af0-64ca-4c70-97ee-ec4044f24247 (type: ports) to 2
2026-05-27 11:09:53.908 9 INFO neutron.db.ovn_revision_numbers_db [None req-01468afe-445e-48ec-8a86-305719f44bcd a34686d43b8a4113985c2ea9cece35be 93ae98ff4d1b4d8c855eeb47325978fc - - default default] Successfully bumped revision number for resource cd7b6bde-3f14-4e16-ae57-843fc8b1a203 (type: subnets) to 0
2026-05-27 11:09:53.937 9 INFO neutron.wsgi [None req-01468afe-445e-48ec-8a86-305719f44bcd a34686d43b8a4113985c2ea9cece35be 93ae98ff4d1b4d8c855eeb47325978fc - - default default] 10.0.0.84 "POST /v2.0/subnets HTTP/1.1" status: 201 len: 830 time: 1.4536037
2026-05-27 11:09:53.948 10 WARNING neutron_lib.context [None req-1bac6718-dcb5-4001-afe8-ef01e23b275f a34686d43b8a4113985c2ea9cece35be 93ae98ff4d1b4d8c855eeb47325978fc - - default default] Method 'is_advsvc' is deprecated since 2023.2 release (neutron-lib 3.8.0) and will be removed once support for the old RBAC API policies will be removed from Neutron. Please use method 'is_service_role' instead.
2026-05-27 11:09:53.953 9 INFO neutron.wsgi [-] 10.0.0.52 "GET / HTTP/1.1" status: 200 len: 246 time: 0.0014186
2026-05-27 11:09:53.954 9 INFO neutron.wsgi [-] 10.0.0.52 "GET / HTTP/1.1" status: 200 len: 246 time: 0.0009351
2026-05-27 11:09:54.011 10 INFO neutron.db.ovn_revision_numbers_db [None req-5fa43fb0-42b9-4f88-96cc-5f39144a9cea - - - - - -] Successfully bumped revision number for resource d0d6f9cc-7e6f-48e7-bd51-de9173bc75d6 (type: ports) to 4
2026-05-27 11:09:54.190 9 ERROR ovsdbapp.backend.ovs_idl.command [None req-fea7f9df-3b9a-4882-b77e-f28af0d2bbc6 c0691106f4444cb7adef7b06bf26702c 790fbbe6b6384654a65bb31eb4bfac6f - - default default] Error executing command (DbGetCommand): ovsdbapp.backend.ovs_idl.idlutils.RowNotFound: Cannot find Logical_Router_Port with name=lrp-76115f45-f5ee-4230-b5da-25f7fa4f2814
2026-05-27 11:09:54.190 9 ERROR ovsdbapp.backend.ovs_idl.command
Traceback (most recent call last):
2026-05-27 11:09:54.190 9 ERROR ovsdbapp.backend.ovs_idl.command
File "/var/lib/openstack/lib/python3.10/site-packages/ovsdbapp/backend/ovs_idl/command.py", line 47, in execute
2026-05-27 11:09:54.190 9 ERROR ovsdbapp.backend.ovs_idl.command self.run_idl(None)
2026-05-27 11:09:54.190 9 ERROR ovsdbapp.backend.ovs_idl.command
File "/var/lib/openstack/lib/python3.10/site-packages/ovsdbapp/backend/ovs_idl/command.py", line 235, in run_idl
2026-05-27 11:09:54.190 9 ERROR ovsdbapp.backend.ovs_idl.command record = self.api.lookup(self.table, self.record)
2026-05-27 11:09:54.190 9 ERROR ovsdbapp.backend.ovs_idl.command
File "/var/lib/openstack/lib/python3.10/site-packages/ovsdbapp/backend/ovs_idl/__init__.py", line 184, in lookup
2026-05-27 11:09:54.190 9 ERROR ovsdbapp.backend.ovs_idl.command return self._lookup(table, record)
2026-05-27 11:09:54.190 9 ERROR ovsdbapp.backend.ovs_idl.command
File "/var/lib/openstack/lib/python3.10/site-packages/ovsdbapp/backend/ovs_idl/__init__.py", line 235, in _lookup
2026-05-27 11:09:54.190 9 ERROR ovsdbapp.backend.ovs_idl.command row = idlutils.row_by_value(self, rl.table, rl.column, record)
2026-05-27 11:09:54.190 9 ERROR ovsdbapp.backend.ovs_idl.command
File "/var/lib/openstack/lib/python3.10/site-packages/ovsdbapp/backend/ovs_idl/idlutils.py", line 114, in row_by_value
2026-05-27 11:09:54.190 9 ERROR ovsdbapp.backend.ovs_idl.command raise RowNotFound(table=table, col=column, match=match)
2026-05-27 11:09:54.190 9 ERROR ovsdbapp.backend.ovs_idl.command ovsdbapp.backend.ovs_idl.idlutils.RowNotFound: Cannot find Logical_Router_Port with name=lrp-76115f45-f5ee-4230-b5da-25f7fa4f2814
2026-05-27 11:09:54.190 9 ERROR ovsdbapp.backend.ovs_idl.command 
2026-05-27 11:09:54.191 9 ERROR neutron_lib.callbacks.manager [None req-fea7f9df-3b9a-4882-b77e-f28af0d2bbc6 c0691106f4444cb7adef7b06bf26702c 790fbbe6b6384654a65bb31eb4bfac6f - - default default] Error during notification for neutron.services.ovn_l3.plugin.OVNL3RouterPlugin._port_update-8782775636719 port, after_update: ovsdbapp.backend.ovs_idl.idlutils.RowNotFound: Cannot find Logical_Router_Port with name=lrp-76115f45-f5ee-4230-b5da-25f7fa4f2814
2026-05-27 11:09:54.191 9 ERROR neutron_lib.callbacks.manager
Traceback (most recent call last):
2026-05-27 11:09:54.191 9 ERROR neutron_lib.callbacks.manager
File "/var/lib/openstack/lib/python3.10/site-packages/neutron_lib/callbacks/manager.py", line 189, in _notify_loop
2026-05-27 11:09:54.191 9 ERROR neutron_lib.callbacks.manager callback.method(resource, event, trigger, payload=payload)
2026-05-27 11:09:54.191 9 ERROR neutron_lib.callbacks.manager
File "/var/lib/openstack/lib/python3.10/site-packages/neutron/services/ovn_l3/plugin.py", line 391, in _port_update
2026-05-27 11:09:54.191 9 ERROR neutron_lib.callbacks.manager l3plugin._ovn_client.update_router_port(context,
2026-05-27 11:09:54.191 9 ERROR neutron_lib.callbacks.manager
File "/var/lib/openstack/lib/python3.10/site-packages/neutron/plugins/ml2/drivers/ovn/mech_driver/ovsdb/ovn_client.py", line 1878, in update_router_port
2026-05-27 11:09:54.191 9 ERROR neutron_lib.callbacks.manager self._update_lrouter_port(context, port, if_exists=if_exists,
2026-05-27 11:09:54.191 9 ERROR neutron_lib.callbacks.manager
File "/var/lib/openstack/lib/python3.10/site-packages/neutron/plugins/ml2/drivers/ovn/mech_driver/ovsdb/ovn_client.py", line 1855, in _update_lrouter_port
2026-05-27 11:09:54.191 9 ERROR neutron_lib.callbacks.manager external_ids = self._nb_idl.db_get(
2026-05-27 11:09:54.191 9 ERROR neutron_lib.callbacks.manager
File "/var/lib/openstack/lib/python3.10/site-packages/ovsdbapp/backend/ovs_idl/command.py", line 47, in execute
2026-05-27 11:09:54.191 9 ERROR neutron_lib.callbacks.manager self.run_idl(None)
2026-05-27 11:09:54.191 9 ERROR neutron_lib.callbacks.manager
File "/var/lib/openstack/lib/python3.10/site-packages/ovsdbapp/backend/ovs_idl/command.py", line 235, in run_idl
2026-05-27 11:09:54.191 9 ERROR neutron_lib.callbacks.manager record = self.api.lookup(self.table, self.record)
2026-05-27 11:09:54.191 9 ERROR neutron_lib.callbacks.manager
File "/var/lib/openstack/lib/python3.10/site-packages/ovsdbapp/backend/ovs_idl/__init__.py", line 184, in lookup
2026-05-27 11:09:54.191 9 ERROR neutron_lib.callbacks.manager return self._lookup(table, record)
2026-05-27 11:09:54.191 9 ERROR neutron_lib.callbacks.manager
File "/var/lib/openstack/lib/python3.10/site-packages/ovsdbapp/backend/ovs_idl/__init__.py", line 235, in _lookup
2026-05-27 11:09:54.191 9 ERROR neutron_lib.callbacks.manager row = idlutils.row_by_value(self, rl.table, rl.column, record)
2026-05-27 11:09:54.191 9 ERROR neutron_lib.callbacks.manager
File "/var/lib/openstack/lib/python3.10/site-packages/ovsdbapp/backend/ovs_idl/idlutils.py", line 114, in row_by_value
2026-05-27 11:09:54.191 9 ERROR neutron_lib.callbacks.manager raise RowNotFound(table=table, col=column, match=match)
2026-05-27 11:09:54.191 9 ERROR neutron_lib.callbacks.manager ovsdbapp.backend.ovs_idl.idlutils.RowNotFound: Cannot find Logical_Router_Port with name=lrp-76115f45-f5ee-4230-b5da-25f7fa4f2814
2026-05-27 11:09:54.191 9 ERROR neutron_lib.callbacks.manager 
2026-05-27 11:09:54.410 9 INFO neutron.plugins.ml2.drivers.ovn.mech_driver.mech_driver [None req-ee35cc8e-2494-4aec-bb7d-18c8763f3d77 - - - - - -] OVN reports status up for port: 76115f45-f5ee-4230-b5da-25f7fa4f2814
2026-05-27 11:09:54.431 9 INFO neutron.plugins.ml2.plugin [None req-ee35cc8e-2494-4aec-bb7d-18c8763f3d77 - - - - - -] Attempt 1 to provision port 76115f45-f5ee-4230-b5da-25f7fa4f2814
2026-05-27 11:09:54.464 9 INFO neutron.db.ovn_revision_numbers_db [None req-fea7f9df-3b9a-4882-b77e-f28af0d2bbc6 c0691106f4444cb7adef7b06bf26702c 790fbbe6b6384654a65bb31eb4bfac6f - - default default] Successfully bumped revision number for resource 76115f45-f5ee-4230-b5da-25f7fa4f2814 (type: ports) to 1
2026-05-27 11:09:54.574 10 WARNING neutron.scheduler.dhcp_agent_scheduler [None req-1bac6718-dcb5-4001-afe8-ef01e23b275f a34686d43b8a4113985c2ea9cece35be 93ae98ff4d1b4d8c855eeb47325978fc - - default default] No more DHCP agents
2026-05-27 11:09:54.578 10 WARNING neutron.api.rpc.agentnotifiers.dhcp_rpc_agent_api [None req-1bac6718-dcb5-4001-afe8-ef01e23b275f a34686d43b8a4113985c2ea9cece35be 93ae98ff4d1b4d8c855eeb47325978fc - - default default] Unable to schedule network 9ba0bab1-bfd4-4657-bc8c-02c68c4d7bf7: no agents available; will retry on subsequent port and subnet creation events.
2026-05-27 11:09:54.625 10 INFO neutron.db.ovn_revision_numbers_db [None req-1bac6718-dcb5-4001-afe8-ef01e23b275f a34686d43b8a4113985c2ea9cece35be 93ae98ff4d1b4d8c855eeb47325978fc - - default default] Successfully bumped revision number for resource 4a72ae37-519d-4e8d-9d88-880d31b82a3a (type: subnets) to 0
2026-05-27 11:09:54.631 10 INFO neutron.db.ovn_revision_numbers_db [None req-5fa43fb0-42b9-4f88-96cc-5f39144a9cea - - - - - -] Successfully bumped revision number for resource d0d6f9cc-7e6f-48e7-bd51-de9173bc75d6 (type: router_ports) to 4
2026-05-27 11:09:54.651 10 INFO neutron.wsgi [None req-1bac6718-dcb5-4001-afe8-ef01e23b275f a34686d43b8a4113985c2ea9cece35be 93ae98ff4d1b4d8c855eeb47325978fc - - default default] 10.0.0.84 "POST /v2.0/subnets HTTP/1.1" status: 201 len: 901 time: 0.7103128
2026-05-27 11:09:54.664 10 WARNING neutron_lib.context [None req-496a436a-4c65-4b95-99a3-71144727401b a34686d43b8a4113985c2ea9cece35be 93ae98ff4d1b4d8c855eeb47325978fc - - default default] Method 'is_advsvc' is deprecated since 2023.2 release (neutron-lib 3.8.0) and will be removed once support for the old RBAC API policies will be removed from Neutron. Please use method 'is_service_role' instead.
2026-05-27 11:09:54.752 10 INFO neutron.db.segments_db [None req-496a436a-4c65-4b95-99a3-71144727401b a34686d43b8a4113985c2ea9cece35be 93ae98ff4d1b4d8c855eeb47325978fc - - default default] Added segment d3760f0c-fe5a-46f2-8359-4b5c37976446 of type geneve for network bbc65aa7-5462-458d-a451-dd931d3aa32d
2026-05-27 11:09:54.895 10 INFO neutron.db.ovn_revision_numbers_db [None req-496a436a-4c65-4b95-99a3-71144727401b a34686d43b8a4113985c2ea9cece35be 93ae98ff4d1b4d8c855eeb47325978fc - - default default] Successfully bumped revision number for resource bbc65aa7-5462-458d-a451-dd931d3aa32d (type: networks) to 1
2026-05-27 11:09:54.914 9 WARNING neutron.scheduler.dhcp_agent_scheduler [None req-fea7f9df-3b9a-4882-b77e-f28af0d2bbc6 c0691106f4444cb7adef7b06bf26702c 790fbbe6b6384654a65bb31eb4bfac6f - - default default] No more DHCP agents
2026-05-27 11:09:54.920 9 WARNING neutron.api.rpc.agentnotifiers.dhcp_rpc_agent_api [None req-fea7f9df-3b9a-4882-b77e-f28af0d2bbc6 c0691106f4444cb7adef7b06bf26702c 790fbbe6b6384654a65bb31eb4bfac6f - - default default] Unable to schedule network 89470e8d-4a33-4059-891e-4f0cfa223501: no agents available; will retry on subsequent port and subnet creation events.
2026-05-27 11:09:54.974 9 INFO neutron.wsgi [None req-b1167756-b649-4ebc-b87d-2e5d6ddf8f3b 945ab549e5be46fd8df805fdfb3575bb 278c0661dc5c4cce815f23892f346bcb - - default default] 10.0.0.84 "POST /v2.0/qos/policies HTTP/1.1" status: 201 len: 558 time: 0.5503292
2026-05-27 11:09:55.032 10 INFO neutron.wsgi [None req-6dca6a3e-4a53-495b-8c49-3321bed1c97e 945ab549e5be46fd8df805fdfb3575bb 278c0661dc5c4cce815f23892f346bcb - - default default] 10.0.0.84 "PUT /v2.0/policies/c91485a7-6ab9-4358-a8aa-6865c32ce032/tags HTTP/1.1" status: 200 len: 218 time: 0.0504947
2026-05-27 11:09:55.068 10 INFO neutron.wsgi [None req-8aa4c60c-613c-4575-80ac-149d260c42ab 945ab549e5be46fd8df805fdfb3575bb 278c0661dc5c4cce815f23892f346bcb - - default default] 10.0.0.84 "GET /v2.0/policies/c91485a7-6ab9-4358-a8aa-6865c32ce032/tags HTTP/1.1" status: 200 len: 218 time: 0.0297112
2026-05-27 11:09:55.104 10 WARNING neutron.scheduler.dhcp_agent_scheduler [None req-496a436a-4c65-4b95-99a3-71144727401b a34686d43b8a4113985c2ea9cece35be 93ae98ff4d1b4d8c855eeb47325978fc - - default default] No more DHCP agents
2026-05-27 11:09:55.105 10 WARNING neutron.api.rpc.agentnotifiers.dhcp_rpc_agent_api [None req-496a436a-4c65-4b95-99a3-71144727401b a34686d43b8a4113985c2ea9cece35be 93ae98ff4d1b4d8c855eeb47325978fc - - default default] Unable to schedule network bbc65aa7-5462-458d-a451-dd931d3aa32d: no agents available; will retry on subsequent port and subnet creation events.
2026-05-27 11:09:55.137 9 INFO neutron.wsgi [None req-f25945b8-1372-4aa5-a9ad-7e4c56e9fbd1 945ab549e5be46fd8df805fdfb3575bb 278c0661dc5c4cce815f23892f346bcb - - default default] 10.0.0.84 "PUT /v2.0/policies/c91485a7-6ab9-4358-a8aa-6865c32ce032/tags/green HTTP/1.1" status: 201 len: 201 time: 0.0633187
2026-05-27 11:09:55.169 10 INFO neutron.wsgi [None req-330456eb-213b-40ce-bc3b-0b6c846698f0 945ab549e5be46fd8df805fdfb3575bb 278c0661dc5c4cce815f23892f346bcb - - default default] 10.0.0.84 "GET /v2.0/policies/c91485a7-6ab9-4358-a8aa-6865c32ce032/tags HTTP/1.1" status: 200 len: 227 time: 0.0251329
2026-05-27 11:09:55.198 10 INFO neutron.db.ovn_revision_numbers_db [None req-496a436a-4c65-4b95-99a3-71144727401b a34686d43b8a4113985c2ea9cece35be 93ae98ff4d1b4d8c855eeb47325978fc - - default default] Successfully bumped revision number for resource bceee9bb-bb7c-4c4f-907b-a20fcde80d47 (type: ports) to 1
2026-05-27 11:09:55.213 9 INFO neutron.wsgi [None req-aadca8b2-be74-4fe7-98f4-ade74f76ebe7 945ab549e5be46fd8df805fdfb3575bb 278c0661dc5c4cce815f23892f346bcb - - default default] 10.0.0.84 "PUT /v2.0/policies/c91485a7-6ab9-4358-a8aa-6865c32ce032/tags/red HTTP/1.1" status: 201 len: 201 time: 0.0336459
2026-05-27 11:09:55.233 10 INFO neutron.wsgi [None req-496a436a-4c65-4b95-99a3-71144727401b a34686d43b8a4113985c2ea9cece35be 93ae98ff4d1b4d8c855eeb47325978fc - - default default] 10.0.0.84 "POST /v2.0/networks HTTP/1.1" status: 201 len: 836 time: 0.5758708
2026-05-27 11:09:55.247 10 WARNING neutron_lib.context [None req-4ce2b1e8-c386-4fc3-b508-3ecdf28ed78f a34686d43b8a4113985c2ea9cece35be 93ae98ff4d1b4d8c855eeb47325978fc - - default default] Method 'is_advsvc' is deprecated since 2023.2 release (neutron-lib 3.8.0) and will be removed once support for the old RBAC API policies will be removed from Neutron. Please use method 'is_service_role' instead.
2026-05-27 11:09:55.259 10 INFO neutron.wsgi [None req-35628bc4-321d-41b9-9ef9-fde35ca51644 945ab549e5be46fd8df805fdfb3575bb 278c0661dc5c4cce815f23892f346bcb - - default default] 10.0.0.84 "GET /v2.0/policies/c91485a7-6ab9-4358-a8aa-6865c32ce032/tags HTTP/1.1" status: 200 len: 227 time: 0.0388570
2026-05-27 11:09:55.318 10 INFO neutron.wsgi [None req-23a93d4e-d211-49b7-b4e2-f55c088eb2d6 945ab549e5be46fd8df805fdfb3575bb 278c0661dc5c4cce815f23892f346bcb - - default default] 10.0.0.84 "PUT /v2.0/policies/c91485a7-6ab9-4358-a8aa-6865c32ce032/tags/black.or.white HTTP/1.1" status: 201 len: 201 time: 0.0467772
2026-05-27 11:09:55.395 9 INFO neutron.wsgi [None req-0f8c576b-60a5-4ab1-b5f3-4355deb4f053 945ab549e5be46fd8df805fdfb3575bb 278c0661dc5c4cce815f23892f346bcb - - default default] 10.0.0.84 "GET /v2.0/policies/c91485a7-6ab9-4358-a8aa-6865c32ce032/tags HTTP/1.1" status: 200 len: 245 time: 0.0655763
