2026-05-27 11:08:31.790 10 INFO neutron.wsgi [None req-1578e3ca-0c3f-4416-99fb-98e118c1c149 c0691106f4444cb7adef7b06bf26702c 790fbbe6b6384654a65bb31eb4bfac6f - - default default] 10.0.0.26 "GET /v2.0/routers HTTP/1.1" status: 200 len: 1150 time: 0.0796900
2026-05-27 11:08:31.807 10 INFO neutron.wsgi [None req-fc11b14e-ed3b-48af-9de3-1e566012caca c0691106f4444cb7adef7b06bf26702c 790fbbe6b6384654a65bb31eb4bfac6f - - default default] 10.0.0.26 "GET /v2.0/agents?binary=ovn-controller HTTP/1.1" status: 200 len: 591 time: 0.0159502
2026-05-27 11:08:31.810 9 INFO neutron.db.ovn_revision_numbers_db [None req-85e287a2-a775-42ed-8927-bad46d7fc536 5cedd1777f2049b3858b06ca2b0eace6 3ba415b1090145f0a3f198f6493b4862 - - default default] Successfully bumped revision number for resource ba9fdee3-9207-4687-a82b-c70fb6ecb24c (type: subnets) to 0
2026-05-27 11:08:31.846 9 WARNING neutron.scheduler.dhcp_agent_scheduler [None req-85e287a2-a775-42ed-8927-bad46d7fc536 5cedd1777f2049b3858b06ca2b0eace6 3ba415b1090145f0a3f198f6493b4862 - - default default] No more DHCP agents
2026-05-27 11:08:31.849 9 WARNING neutron.api.rpc.agentnotifiers.dhcp_rpc_agent_api [None req-85e287a2-a775-42ed-8927-bad46d7fc536 5cedd1777f2049b3858b06ca2b0eace6 3ba415b1090145f0a3f198f6493b4862 - - default default] Unable to schedule network a06ed78f-202a-49e1-ac09-1258827f8a06: no agents available; will retry on subsequent port and subnet creation events.
2026-05-27 11:08:31.867 10 INFO neutron.wsgi [None req-77a62b70-7124-4aa0-91e0-c3a161fadff6 c0691106f4444cb7adef7b06bf26702c 790fbbe6b6384654a65bb31eb4bfac6f - - default default] 10.0.0.26 "GET /v2.0/security-groups HTTP/1.1" status: 200 len: 28728 time: 0.0589983
2026-05-27 11:08:31.937 10 INFO neutron.wsgi [None req-3c5e8db8-aaeb-481d-8cae-1b47bdce8349 c0691106f4444cb7adef7b06bf26702c 790fbbe6b6384654a65bb31eb4bfac6f - - default default] 10.0.0.26 "GET /v2.0/subnets HTTP/1.1" status: 200 len: 3325 time: 0.0598106
2026-05-27 11:08:31.949 10 INFO neutron.wsgi [None req-8ebd20eb-340a-41ff-829d-cfc6c926445c c0691106f4444cb7adef7b06bf26702c 790fbbe6b6384654a65bb31eb4bfac6f - - default default] 10.0.0.26 "GET /v2.0/agents HTTP/1.1" status: 200 len: 1390 time: 0.0109494 /var/lib/openstack/lib/python3.10/site-packages/pycadf/identifier.py:71: UserWarning: Invalid uuid: neutron. To ensure interoperability, identifiers should be a valid uuid. warnings.warn(('Invalid uuid: %s. To ensure interoperability, '
2026-05-27 11:08:31.991 9 INFO neutron.wsgi [req-dada1cf7-f9e9-4a60-9445-e9d8e1971974 req-07b2df49-ff9e-4f6b-9103-db13176885be 50a9aa2c3c2d46839c4ffa7349ae6738 3e3ec75d77854479acc91fdb39c2151c - - default default] 10.0.0.56 "GET /v2.0/ports?device_id=0578ee65-e2bb-411a-9190-25558f6890bb HTTP/1.1" status: 200 len: 210 time: 0.0267367
2026-05-27 11:08:32.389 9 INFO neutron.db.ovn_revision_numbers_db [None req-85e287a2-a775-42ed-8927-bad46d7fc536 5cedd1777f2049b3858b06ca2b0eace6 3ba415b1090145f0a3f198f6493b4862 - - default default] Successfully bumped revision number for resource 04ce89e5-8dfe-4f53-a56a-007eee4bf9ac (type: ports) to 2
2026-05-27 11:08:32.425 9 INFO neutron.db.ovn_revision_numbers_db [None req-85e287a2-a775-42ed-8927-bad46d7fc536 5cedd1777f2049b3858b06ca2b0eace6 3ba415b1090145f0a3f198f6493b4862 - - default default] Successfully bumped revision number for resource f78d6d03-9d1f-4a6a-b79e-25a489135e00 (type: subnets) to 0
2026-05-27 11:08:32.445 9 INFO neutron.wsgi [None req-85e287a2-a775-42ed-8927-bad46d7fc536 5cedd1777f2049b3858b06ca2b0eace6 3ba415b1090145f0a3f198f6493b4862 - - default default] 10.0.0.84 "POST /v2.0/subnets HTTP/1.1" status: 201 len: 1425 time: 2.1040916
2026-05-27 11:08:32.478 10 WARNING neutron_lib.context [None req-8d9c4eef-a226-4beb-b7c5-df19fea84957 fd68c96aa9304a7aa8b14d0c220287cb e2ffda38a41b4f7e87d2ee6e00710520 - - default default] Method 'is_advsvc' is deprecated since 2023.2 release (neutron-lib 3.8.0) and will be removed once support for the old RBAC API policies will be removed from Neutron. Please use method 'is_service_role' instead.
2026-05-27 11:08:32.504 10 INFO neutron.db.ovn_revision_numbers_db [None req-9a050dff-af19-45b0-85a1-665de68bddb2 c0691106f4444cb7adef7b06bf26702c 790fbbe6b6384654a65bb31eb4bfac6f - - default default] Successfully bumped revision number for resource 210d482e-fbf5-4f3e-8683-d397b8f37cef (type: security_groups) to 1
2026-05-27 11:08:32.504 9 INFO neutron.wsgi [None req-bd81eb00-328b-4c2a-b11a-12fc9ef688c5 5cedd1777f2049b3858b06ca2b0eace6 3ba415b1090145f0a3f198f6493b4862 - - default default] 10.0.0.84 "GET /v2.0/subnets HTTP/1.1" status: 200 len: 2033 time: 0.0548584
2026-05-27 11:08:32.531 10 INFO neutron.db.ovn_revision_numbers_db [None req-9a050dff-af19-45b0-85a1-665de68bddb2 c0691106f4444cb7adef7b06bf26702c 790fbbe6b6384654a65bb31eb4bfac6f - - default default] Successfully bumped revision number for resource 066e2ee2-0cf3-4ef5-be7b-6058f8eed43e (type: security_group_rules) to 0
2026-05-27 11:08:32.555 10 INFO neutron.db.ovn_revision_numbers_db [None req-9a050dff-af19-45b0-85a1-665de68bddb2 c0691106f4444cb7adef7b06bf26702c 790fbbe6b6384654a65bb31eb4bfac6f - - default default] Successfully bumped revision number for resource 44b1326a-c1fb-42e5-9660-03cadb4a3bc1 (type: security_group_rules) to 0
2026-05-27 11:08:32.579 10 INFO neutron.db.ovn_revision_numbers_db [None req-9a050dff-af19-45b0-85a1-665de68bddb2 c0691106f4444cb7adef7b06bf26702c 790fbbe6b6384654a65bb31eb4bfac6f - - default default] Successfully bumped revision number for resource 4698d169-902c-4931-994d-410da4a88d0f (type: security_group_rules) to 0
2026-05-27 11:08:32.600 10 INFO neutron.db.ovn_revision_numbers_db [None req-9a050dff-af19-45b0-85a1-665de68bddb2 c0691106f4444cb7adef7b06bf26702c 790fbbe6b6384654a65bb31eb4bfac6f - - default default] Successfully bumped revision number for resource 8985ea00-e68e-435d-8dc2-34af26093363 (type: security_group_rules) to 0
2026-05-27 11:08:32.630 10 INFO neutron.wsgi [None req-9a050dff-af19-45b0-85a1-665de68bddb2 c0691106f4444cb7adef7b06bf26702c 790fbbe6b6384654a65bb31eb4bfac6f - - default default] 10.0.0.84 "GET /v2.0/security-groups?tenant_id=c95e2786e0b94f2abfd41b5aff76f0d2&name=default HTTP/1.1" status: 200 len: 3120 time: 0.4035861
2026-05-27 11:08:32.936 9 INFO neutron.wsgi [None req-be4ca5d6-41c1-4db8-8f62-94f952a7f139 5cedd1777f2049b3858b06ca2b0eace6 3ba415b1090145f0a3f198f6493b4862 - - default default] 10.0.0.84 "DELETE /v2.0/subnets/ba9fdee3-9207-4687-a82b-c70fb6ecb24c HTTP/1.1" status: 204 len: 168 time: 0.4262624
2026-05-27 11:08:33.042 9 INFO neutron.notifiers.nova [-] Nova event matching ['req-ed56e80f-f2a1-469e-849d-2de089e47504'] response: {'server_uuid': '0578ee65-e2bb-411a-9190-25558f6890bb', 'name': 'network-vif-unplugged', 'status': 'completed', 'tag': '35ed76c1-8617-43ce-bbca-2daa2d6c53f4', 'code': 200}
2026-05-27 11:08:33.043 9 INFO neutron.notifiers.nova [-] Nova event matching ['req-ed56e80f-f2a1-469e-849d-2de089e47504'] response: {'server_uuid': '0578ee65-e2bb-411a-9190-25558f6890bb', 'name': 'network-vif-deleted', 'tag': '35ed76c1-8617-43ce-bbca-2daa2d6c53f4', 'status': 'completed', 'code': 200}
2026-05-27 11:08:33.069 10 WARNING neutron.scheduler.dhcp_agent_scheduler [None req-8d9c4eef-a226-4beb-b7c5-df19fea84957 fd68c96aa9304a7aa8b14d0c220287cb e2ffda38a41b4f7e87d2ee6e00710520 - - default default] No more DHCP agents
2026-05-27 11:08:33.073 10 WARNING neutron.api.rpc.agentnotifiers.dhcp_rpc_agent_api [None req-8d9c4eef-a226-4beb-b7c5-df19fea84957 fd68c96aa9304a7aa8b14d0c220287cb e2ffda38a41b4f7e87d2ee6e00710520 - - default default] Unable to schedule network 889b54fb-2d9e-49fa-a546-7ad775c9e91b: no agents available; will retry on subsequent port and subnet creation events.
2026-05-27 11:08:33.217 10 INFO neutron.wsgi [None req-154ea34b-e536-40f7-8067-a66265f6900d c0691106f4444cb7adef7b06bf26702c 790fbbe6b6384654a65bb31eb4bfac6f - - default default] 10.0.0.84 "DELETE /v2.0/security-groups/210d482e-fbf5-4f3e-8683-d397b8f37cef HTTP/1.1" status: 204 len: 168 time: 0.5807185
2026-05-27 11:08:33.226 9 INFO neutron.wsgi [None req-3ccc18f8-4904-4c7d-a6de-b715d4bee975 5cedd1777f2049b3858b06ca2b0eace6 3ba415b1090145f0a3f198f6493b4862 - - default default] 10.0.0.84 "DELETE /v2.0/subnets/f78d6d03-9d1f-4a6a-b79e-25a489135e00 HTTP/1.1" status: 204 len: 168 time: 0.2848210
2026-05-27 11:08:33.287 9 INFO neutron.wsgi [None req-aecc9cd1-ef68-4e3d-b295-1a494e8f0c0d 5cedd1777f2049b3858b06ca2b0eace6 3ba415b1090145f0a3f198f6493b4862 - - default default] 10.0.0.84 "GET /v2.0/subnets HTTP/1.1" status: 200 len: 820 time: 0.0508513
2026-05-27 11:08:33.302 9 INFO neutron.wsgi [None req-d46e5aab-8020-49eb-85a2-0ba20587e2f4 50a9aa2c3c2d46839c4ffa7349ae6738 3e3ec75d77854479acc91fdb39c2151c - - default default] 10.0.0.84 "DELETE /v2.0/security-groups/c3dc9020-f8bb-4418-9b38-34dc4290e56b HTTP/1.1" status: 204 len: 168 time: 0.2578239
2026-05-27 11:08:33.488 10 INFO neutron.wsgi [None req-8d9c4eef-a226-4beb-b7c5-df19fea84957 fd68c96aa9304a7aa8b14d0c220287cb e2ffda38a41b4f7e87d2ee6e00710520 - - default default] 10.0.0.84 "POST /v2.0/floatingips HTTP/1.1" status: 201 len: 751 time: 1.0564187
2026-05-27 11:08:33.499 10 WARNING neutron_lib.context [None req-ad4254a6-1573-48e9-8736-46f1436ddce5 fd68c96aa9304a7aa8b14d0c220287cb e2ffda38a41b4f7e87d2ee6e00710520 - - default default] Method 'is_advsvc' is deprecated since 2023.2 release (neutron-lib 3.8.0) and will be removed once support for the old RBAC API policies will be removed from Neutron. Please use method 'is_service_role' instead.
2026-05-27 11:08:33.760 10 WARNING neutron.scheduler.dhcp_agent_scheduler [None req-ad4254a6-1573-48e9-8736-46f1436ddce5 fd68c96aa9304a7aa8b14d0c220287cb e2ffda38a41b4f7e87d2ee6e00710520 - - default default] No more DHCP agents
2026-05-27 11:08:33.762 10 WARNING neutron.api.rpc.agentnotifiers.dhcp_rpc_agent_api [None req-ad4254a6-1573-48e9-8736-46f1436ddce5 fd68c96aa9304a7aa8b14d0c220287cb e2ffda38a41b4f7e87d2ee6e00710520 - - default default] Unable to schedule network 889b54fb-2d9e-49fa-a546-7ad775c9e91b: no agents available; will retry on subsequent port and subnet creation events.
2026-05-27 11:08:33.885 9 INFO neutron.services.segments.plugin [-] Segment 71b6cd44-f4bb-4090-8fad-1b846bdf1de0 resource provider aggregate not found
2026-05-27 11:08:33.890 9 INFO neutron.services.segments.plugin [-] Segment 71b6cd44-f4bb-4090-8fad-1b846bdf1de0 resource provider aggregate not found
2026-05-27 11:08:33.907 9 INFO neutron.services.segments.plugin [-] Segment 71b6cd44-f4bb-4090-8fad-1b846bdf1de0 resource provider not found; error: Placement Client Error (4xx): {"errors": [{"status": 404, "title": "Not Found", "detail": "The resource could not be found.\n\n No resource provider with uuid 71b6cd44-f4bb-4090-8fad-1b846bdf1de0 found for delete ", "request_id": "req-0a3557e7-4023-4389-841b-3e336d25def0"}]}
2026-05-27 11:08:33.908 9 INFO neutron.services.segments.plugin [-] Segment 71b6cd44-f4bb-4090-8fad-1b846bdf1de0 resource provider not found; error: Placement Client Error (4xx): {"errors": [{"status": 404, "title": "Not Found", "detail": "The resource could not be found.\n\n No resource provider with uuid 71b6cd44-f4bb-4090-8fad-1b846bdf1de0 found for delete ", "request_id": "req-fec34758-d978-4efb-a4fe-2cf102c4c03e"}]}
2026-05-27 11:08:33.958 9 INFO neutron.wsgi [None req-470affa2-f82a-4736-89c2-fb482438b5f8 5cedd1777f2049b3858b06ca2b0eace6 3ba415b1090145f0a3f198f6493b4862 - - default default] 10.0.0.84 "DELETE /v2.0/networks/a06ed78f-202a-49e1-ac09-1258827f8a06 HTTP/1.1" status: 204 len: 168 time: 0.6628339
2026-05-27 11:08:34.159 10 INFO neutron.wsgi [None req-ad4254a6-1573-48e9-8736-46f1436ddce5 fd68c96aa9304a7aa8b14d0c220287cb e2ffda38a41b4f7e87d2ee6e00710520 - - default default] 10.0.0.84 "POST /v2.0/floatingips HTTP/1.1" status: 201 len: 751 time: 0.6652145
2026-05-27 11:08:34.168 10 WARNING neutron_lib.context [None req-abac5c0b-8473-45b1-9e48-fd957886e2b3 fd68c96aa9304a7aa8b14d0c220287cb e2ffda38a41b4f7e87d2ee6e00710520 - - default default] Method 'is_advsvc' is deprecated since 2023.2 release (neutron-lib 3.8.0) and will be removed once support for the old RBAC API policies will be removed from Neutron. Please use method 'is_service_role' instead.
2026-05-27 11:08:34.491 10 INFO neutron.services.segments.plugin [-] Segment dc1319c9-7dd1-423a-bc9a-3d74fe2d7854 resource provider aggregate not found
2026-05-27 11:08:34.498 10 INFO neutron.services.segments.plugin [-] Segment dc1319c9-7dd1-423a-bc9a-3d74fe2d7854 resource provider aggregate not found
2026-05-27 11:08:34.515 10 INFO neutron.services.segments.plugin [-] Segment dc1319c9-7dd1-423a-bc9a-3d74fe2d7854 resource provider not found; error: Placement Client Error (4xx): {"errors": [{"status": 404, "title": "Not Found", "detail": "The resource could not be found.\n\n No resource provider with uuid dc1319c9-7dd1-423a-bc9a-3d74fe2d7854 found for delete ", "request_id": "req-05db9c5c-7a97-4ad4-942a-411c857474fb"}]}
2026-05-27 11:08:34.522 10 INFO neutron.services.segments.plugin [-] Segment dc1319c9-7dd1-423a-bc9a-3d74fe2d7854 resource provider not found; error: Placement Client Error (4xx): {"errors": [{"status": 404, "title": "Not Found", "detail": "The resource could not be found.\n\n No resource provider with uuid dc1319c9-7dd1-423a-bc9a-3d74fe2d7854 found for delete ", "request_id": "req-64ec2600-317e-4aae-9346-d127977acb15"}]}
2026-05-27 11:08:34.526 10 WARNING neutron.scheduler.dhcp_agent_scheduler [None req-abac5c0b-8473-45b1-9e48-fd957886e2b3 fd68c96aa9304a7aa8b14d0c220287cb e2ffda38a41b4f7e87d2ee6e00710520 - - default default] No more DHCP agents
2026-05-27 11:08:34.533 10 WARNING neutron.api.rpc.agentnotifiers.dhcp_rpc_agent_api [None req-abac5c0b-8473-45b1-9e48-fd957886e2b3 fd68c96aa9304a7aa8b14d0c220287cb e2ffda38a41b4f7e87d2ee6e00710520 - - default default] Unable to schedule network 889b54fb-2d9e-49fa-a546-7ad775c9e91b: no agents available; will retry on subsequent port and subnet creation events.
2026-05-27 11:08:34.556 10 INFO neutron.wsgi [None req-a4554e8a-657c-422d-b927-3335fdf1e41d 5cedd1777f2049b3858b06ca2b0eace6 3ba415b1090145f0a3f198f6493b4862 - - default default] 10.0.0.84 "DELETE /v2.0/networks/f543d0ec-1b41-4caa-86df-6d94d2b109f1 HTTP/1.1" status: 204 len: 168 time: 0.5924416 /var/lib/openstack/lib/python3.10/site-packages/pycadf/identifier.py:71: UserWarning: Invalid uuid: neutron. To ensure interoperability, identifiers should be a valid uuid. warnings.warn(('Invalid uuid: %s. To ensure interoperability, '
2026-05-27 11:08:34.609 9 INFO neutron.wsgi [None req-a3c0a8bc-0edc-486c-9849-fb416ec0bc38 50a9aa2c3c2d46839c4ffa7349ae6738 3e3ec75d77854479acc91fdb39c2151c - - default default] 10.0.0.84 "PUT /v2.0/routers/4f29e145-0a4e-4958-9b96-c2050be554a5/remove_router_interface HTTP/1.1" status: 200 len: 503 time: 1.2635467
2026-05-27 11:08:34.896 10 INFO neutron.wsgi [None req-abac5c0b-8473-45b1-9e48-fd957886e2b3 fd68c96aa9304a7aa8b14d0c220287cb e2ffda38a41b4f7e87d2ee6e00710520 - - default default] 10.0.0.84 "POST /v2.0/floatingips HTTP/1.1" status: 201 len: 751 time: 0.7331159
2026-05-27 11:08:34.905 10 WARNING neutron_lib.context [None req-c3d4eeba-c7a8-4cd0-b2a9-50a4dc5915bd fd68c96aa9304a7aa8b14d0c220287cb e2ffda38a41b4f7e87d2ee6e00710520 - - default default] Method 'is_advsvc' is deprecated since 2023.2 release (neutron-lib 3.8.0) and will be removed once support for the old RBAC API policies will be removed from Neutron. Please use method 'is_service_role' instead.
2026-05-27 11:08:34.956 9 INFO neutron.wsgi [None req-22ff4ca4-31bc-4286-b8df-374801e5afe5 50a9aa2c3c2d46839c4ffa7349ae6738 3e3ec75d77854479acc91fdb39c2151c - - default default] 10.0.0.84 "DELETE /v2.0/subnets/2e69b267-03a0-42b1-94d1-ddef23fe79be HTTP/1.1" status: 204 len: 168 time: 0.3418279
2026-05-27 11:08:35.105 9 INFO neutron.wsgi [None req-21bd3e24-c72a-4f4d-a43f-a914df4bca36 5cedd1777f2049b3858b06ca2b0eace6 3ba415b1090145f0a3f198f6493b4862 - - default default] 10.0.0.84 "DELETE /v2.0/networks/79fae848-3abe-4503-b311-fedc9f5483d2 HTTP/1.1" status: 204 len: 168 time: 0.5426600
2026-05-27 11:08:35.290 10 WARNING neutron.scheduler.dhcp_agent_scheduler [None req-c3d4eeba-c7a8-4cd0-b2a9-50a4dc5915bd fd68c96aa9304a7aa8b14d0c220287cb e2ffda38a41b4f7e87d2ee6e00710520 - - default default] No more DHCP agents
2026-05-27 11:08:35.296 10 WARNING neutron.api.rpc.agentnotifiers.dhcp_rpc_agent_api [None req-c3d4eeba-c7a8-4cd0-b2a9-50a4dc5915bd fd68c96aa9304a7aa8b14d0c220287cb e2ffda38a41b4f7e87d2ee6e00710520 - - default default] Unable to schedule network 889b54fb-2d9e-49fa-a546-7ad775c9e91b: no agents available; will retry on subsequent port and subnet creation events.
2026-05-27 11:08:35.546 9 INFO neutron.wsgi [None req-940eebdf-136c-465d-9fe8-4de8cfe7e09a 5cedd1777f2049b3858b06ca2b0eace6 3ba415b1090145f0a3f198f6493b4862 - - default default] 10.0.0.84 "DELETE /v2.0/networks/dcd74f05-41c4-4cf3-922d-c59d6f7b6e00 HTTP/1.1" status: 204 len: 168 time: 0.4343176
2026-05-27 11:08:35.725 10 INFO neutron.wsgi [None req-c3d4eeba-c7a8-4cd0-b2a9-50a4dc5915bd fd68c96aa9304a7aa8b14d0c220287cb e2ffda38a41b4f7e87d2ee6e00710520 - - default default] 10.0.0.84 "POST /v2.0/floatingips HTTP/1.1" status: 201 len: 751 time: 0.8248179
2026-05-27 11:08:35.739 9 WARNING neutron_lib.context [None req-b0f18a0e-6959-46ee-98ec-ab1eaf9d739e fd68c96aa9304a7aa8b14d0c220287cb e2ffda38a41b4f7e87d2ee6e00710520 - - default default] Method 'is_advsvc' is deprecated since 2023.2 release (neutron-lib 3.8.0) and will be removed once support for the old RBAC API policies will be removed from Neutron. Please use method 'is_service_role' instead.
2026-05-27 11:08:35.934 9 INFO neutron.services.segments.plugin [-] Segment a95595ba-73af-4de3-9d41-2bcefd65c805 resource provider aggregate not found
2026-05-27 11:08:35.942 9 INFO neutron.services.segments.plugin [-] Segment a95595ba-73af-4de3-9d41-2bcefd65c805 resource provider aggregate not found
2026-05-27 11:08:35.972 9 INFO neutron.services.segments.plugin [-] Segment a95595ba-73af-4de3-9d41-2bcefd65c805 resource provider not found; error: Placement Client Error (4xx): {"errors": [{"status": 404, "title": "Not Found", "detail": "The resource could not be found.\n\n No resource provider with uuid a95595ba-73af-4de3-9d41-2bcefd65c805 found for delete ", "request_id": "req-bb6d271b-de23-407c-b075-7f6b9d5f4a9c"}]}
2026-05-27 11:08:35.976 10 INFO neutron.wsgi [None req-47c88253-f976-4e8a-b13a-71fbb33f1d3f 50a9aa2c3c2d46839c4ffa7349ae6738 3e3ec75d77854479acc91fdb39c2151c - - default default] 10.0.0.84 "DELETE /v2.0/routers/4f29e145-0a4e-4958-9b96-c2050be554a5 HTTP/1.1" status: 204 len: 168 time: 1.0151796
2026-05-27 11:08:35.977 9 INFO neutron.services.segments.plugin [-] Segment a95595ba-73af-4de3-9d41-2bcefd65c805 resource provider not found; error: Placement Client Error (4xx): {"errors": [{"status": 404, "title": "Not Found", "detail": "The resource could not be found.\n\n No resource provider with uuid a95595ba-73af-4de3-9d41-2bcefd65c805 found for delete ", "request_id": "req-951598d6-d431-43e8-a53d-9a23fda5dfae"}]}
2026-05-27 11:08:35.987 9 INFO neutron.services.segments.plugin [-] Segment 6baf15e7-cdb7-4d6b-a5a9-6317bbbe30ba resource provider aggregate not found
2026-05-27 11:08:36.006 9 INFO neutron.services.segments.plugin [-] Segment 6baf15e7-cdb7-4d6b-a5a9-6317bbbe30ba resource provider not found; error: Placement Client Error (4xx): {"errors": [{"status": 404, "title": "Not Found", "detail": "The resource could not be found.\n\n No resource provider with uuid 6baf15e7-cdb7-4d6b-a5a9-6317bbbe30ba found for delete ", "request_id": "req-c36a8a7e-1866-482c-a826-41ddb5c7a1cf"}]}
2026-05-27 11:08:36.010 9 INFO neutron.services.segments.plugin [-] Segment 6baf15e7-cdb7-4d6b-a5a9-6317bbbe30ba resource provider aggregate not found
2026-05-27 11:08:36.025 9 INFO neutron.services.segments.plugin [-] Segment 6baf15e7-cdb7-4d6b-a5a9-6317bbbe30ba resource provider not found; error: Placement Client Error (4xx): {"errors": [{"status": 404, "title": "Not Found", "detail": "The resource could not be found.\n\n No resource provider with uuid 6baf15e7-cdb7-4d6b-a5a9-6317bbbe30ba found for delete ", "request_id": "req-a5b3d0bb-51e2-4700-975c-43d2e2ad3a44"}]}
2026-05-27 11:08:36.084 9 WARNING neutron.scheduler.dhcp_agent_scheduler [None req-b0f18a0e-6959-46ee-98ec-ab1eaf9d739e fd68c96aa9304a7aa8b14d0c220287cb e2ffda38a41b4f7e87d2ee6e00710520 - - default default] No more DHCP agents
2026-05-27 11:08:36.086 9 WARNING neutron.api.rpc.agentnotifiers.dhcp_rpc_agent_api [None req-b0f18a0e-6959-46ee-98ec-ab1eaf9d739e fd68c96aa9304a7aa8b14d0c220287cb e2ffda38a41b4f7e87d2ee6e00710520 - - default default] Unable to schedule network 889b54fb-2d9e-49fa-a546-7ad775c9e91b: no agents available; will retry on subsequent port and subnet creation events.
2026-05-27 11:08:36.249 10 INFO neutron.wsgi [None req-eedfdc80-042e-4d72-bcb5-63e8e81e64a0 c0691106f4444cb7adef7b06bf26702c 790fbbe6b6384654a65bb31eb4bfac6f - - default default] 10.0.0.84 "GET /v2.0/security-groups?tenant_id=3ba415b1090145f0a3f198f6493b4862&name=default HTTP/1.1" status: 200 len: 3120 time: 0.1470251
2026-05-27 11:08:36.462 10 INFO neutron.wsgi [None req-3c1b3f3e-ab72-4ff2-9c3e-cdd1d26f2552 50a9aa2c3c2d46839c4ffa7349ae6738 3e3ec75d77854479acc91fdb39c2151c - - default default] 10.0.0.84 "DELETE /v2.0/networks/7d15d26c-5fd8-492b-a435-23a6d71661ea HTTP/1.1" status: 204 len: 168 time: 0.4811921
2026-05-27 11:08:36.490 10 INFO neutron.wsgi [None req-a8471551-3eb5-4d75-8a85-2a0284a6c8aa c24dc6765a7d4a1c9226a6f6cdacb50d 082ee0ed9d234c6da8eb9939c815d6c8 - - default default] 10.0.0.57 "GET /v2.0/extensions HTTP/1.1" status: 200 len: 18683 time: 0.0422187
2026-05-27 11:08:36.661 9 INFO neutron.wsgi [None req-b0f18a0e-6959-46ee-98ec-ab1eaf9d739e fd68c96aa9304a7aa8b14d0c220287cb e2ffda38a41b4f7e87d2ee6e00710520 - - default default] 10.0.0.84 "POST /v2.0/floatingips HTTP/1.1" status: 201 len: 751 time: 0.9284737
2026-05-27 11:08:36.727 9 INFO neutron.wsgi [None req-11b8e4a4-16e7-4128-966b-52bbec347afe fd68c96aa9304a7aa8b14d0c220287cb e2ffda38a41b4f7e87d2ee6e00710520 - - default default] 10.0.0.84 "PUT /v2.0/floatingips/ae233e85-c393-48e6-b1f1-0282a11bcb3c/tags HTTP/1.1" status: 200 len: 210 time: 0.0600491
2026-05-27 11:08:36.765 9 INFO neutron.wsgi [None req-58007fd1-cc9e-443a-ac90-bee5b6ecae0e fd68c96aa9304a7aa8b14d0c220287cb e2ffda38a41b4f7e87d2ee6e00710520 - - default default] 10.0.0.84 "PUT /v2.0/floatingips/b21ee37a-c079-4519-9772-9f2698263f8a/tags HTTP/1.1" status: 200 len: 218 time: 0.0334649
2026-05-27 11:08:36.779 10 INFO neutron.services.segments.plugin [-] Segment d0987d70-c4c3-4bac-af63-2abd26228f10 resource provider aggregate not found
2026-05-27 11:08:36.784 10 INFO neutron.services.segments.plugin [-] Segment d0987d70-c4c3-4bac-af63-2abd26228f10 resource provider aggregate not found
2026-05-27 11:08:36.792 10 INFO neutron.services.segments.plugin [-] Segment d0987d70-c4c3-4bac-af63-2abd26228f10 resource provider not found; error: Placement Client Error (4xx): {"errors": [{"status": 404, "title": "Not Found", "detail": "The resource could not be found.\n\n No resource provider with uuid d0987d70-c4c3-4bac-af63-2abd26228f10 found for delete ", "request_id": "req-f867f967-f61b-4308-9ce1-8a40e6c1922f"}]}
2026-05-27 11:08:36.801 10 INFO neutron.services.segments.plugin [-] Segment d0987d70-c4c3-4bac-af63-2abd26228f10 resource provider not found; error: Placement Client Error (4xx): {"errors": [{"status": 404, "title": "Not Found", "detail": "The resource could not be found.\n\n No resource provider with uuid d0987d70-c4c3-4bac-af63-2abd26228f10 found for delete ", "request_id": "req-61796cc8-dfb8-40a2-97ab-aada993dc0f4"}]}
2026-05-27 11:08:36.808 9 INFO neutron.wsgi [None req-96b460aa-38b7-48ec-8e5a-bc426c60dc5e fd68c96aa9304a7aa8b14d0c220287cb e2ffda38a41b4f7e87d2ee6e00710520 - - default default] 10.0.0.84 "PUT /v2.0/floatingips/dc65bd9e-f91e-4baf-85ea-8aa8b8d946ee/tags HTTP/1.1" status: 200 len: 227 time: 0.0392499
2026-05-27 11:08:36.817 10 INFO neutron.wsgi [None req-9a6e9d59-99a9-4ca7-b17f-85fb465f98b0 c0691106f4444cb7adef7b06bf26702c 790fbbe6b6384654a65bb31eb4bfac6f - - default default] 10.0.0.84 "DELETE /v2.0/security-groups/e069758c-c175-4cf4-8a48-eaf3f0e60c5c HTTP/1.1" status: 204 len: 168 time: 0.5572104
2026-05-27 11:08:36.851 9 INFO neutron.wsgi [None req-302e4d2d-8eaa-44ca-975e-436e1f68f21d fd68c96aa9304a7aa8b14d0c220287cb e2ffda38a41b4f7e87d2ee6e00710520 - - default default] 10.0.0.84 "PUT /v2.0/floatingips/13718e56-269f-4727-b29c-ac910d3fbcb2/tags HTTP/1.1" status: 200 len: 212 time: 0.0367098
2026-05-27 11:08:36.898 9 INFO neutron.wsgi [None req-238afe7a-8bb9-4453-9f01-f978c2e9e513 fd68c96aa9304a7aa8b14d0c220287cb e2ffda38a41b4f7e87d2ee6e00710520 - - default default] 10.0.0.84 "GET /v2.0/floatingips?tags=red HTTP/1.1" status: 200 len: 1866 time: 0.0428298
2026-05-27 11:08:36.898 10 INFO neutron.wsgi [None req-2a92ae7f-3804-4fd1-85e2-bbd38ac9a6eb c24dc6765a7d4a1c9226a6f6cdacb50d 082ee0ed9d234c6da8eb9939c815d6c8 - - default default] 10.0.0.57 "GET /v2.0/quotas/082ee0ed9d234c6da8eb9939c815d6c8/details HTTP/1.1" status: 200 len: 1046 time: 0.3885429
2026-05-27 11:08:36.947 9 INFO neutron.wsgi [None req-12d39515-9401-4daa-a1c5-3a5f758a5e59 fd68c96aa9304a7aa8b14d0c220287cb e2ffda38a41b4f7e87d2ee6e00710520 - - default default] 10.0.0.84 "GET /v2.0/floatingips?tags=red%2Cblue HTTP/1.1" status: 200 len: 1323 time: 0.0378129
2026-05-27 11:08:36.993 9 INFO neutron.wsgi [None req-3e0d4ecb-ef03-4c23-a0ba-b51fdb32ebee fd68c96aa9304a7aa8b14d0c220287cb e2ffda38a41b4f7e87d2ee6e00710520 - - default default] 10.0.0.84 "GET /v2.0/floatingips?tags-any=blue HTTP/1.1" status: 200 len: 1323 time: 0.0397758
2026-05-27 11:08:37.043 9 INFO neutron.wsgi [None req-50e666a7-70e4-4291-b135-05958cef956e fd68c96aa9304a7aa8b14d0c220287cb e2ffda38a41b4f7e87d2ee6e00710520 - - default default] 10.0.0.84 "GET /v2.0/floatingips?tags-any=red%2Cblue HTTP/1.1" status: 200 len: 1866 time: 0.0400410
2026-05-27 11:08:37.093 9 INFO neutron.wsgi [None req-0d60f7e9-6b47-47e0-bc29-37ea127c6dd7 fd68c96aa9304a7aa8b14d0c220287cb e2ffda38a41b4f7e87d2ee6e00710520 - - default default] 10.0.0.84 "GET /v2.0/floatingips?not-tags=red HTTP/1.1" status: 200 len: 1295 time: 0.0452132
2026-05-27 11:08:37.139 9 INFO neutron.wsgi [None req-ac0a14fa-b585-4fdd-98f7-1c12d400ae3c fd68c96aa9304a7aa8b14d0c220287cb e2ffda38a41b4f7e87d2ee6e00710520 - - default default] 10.0.0.84 "GET /v2.0/floatingips?not-tags=red%2Cblue HTTP/1.1" status: 200 len: 1838 time: 0.0417356
2026-05-27 11:08:37.183 9 INFO neutron.wsgi [None req-f56d65f9-344b-43b0-b6a5-5327b1be5b68 fd68c96aa9304a7aa8b14d0c220287cb e2ffda38a41b4f7e87d2ee6e00710520 - - default default] 10.0.0.84 "GET /v2.0/floatingips?not-tags-any=blue HTTP/1.1" status: 200 len: 1838 time: 0.0395548
2026-05-27 11:08:37.226 9 INFO neutron.wsgi [None req-647f6f90-acfc-4f29-a60b-dd2e23827ea3 fd68c96aa9304a7aa8b14d0c220287cb e2ffda38a41b4f7e87d2ee6e00710520 - - default default] 10.0.0.84 "GET /v2.0/floatingips?not-tags-any=red%2Cblue HTTP/1.1" status: 200 len: 1295 time: 0.0344393
2026-05-27 11:08:37.373 10 INFO neutron.wsgi [None req-bc0674af-f762-480d-9f5b-d01a79357916 c0691106f4444cb7adef7b06bf26702c 790fbbe6b6384654a65bb31eb4bfac6f - - default default] 10.0.0.84 "GET /v2.0/security-groups?tenant_id=3e3ec75d77854479acc91fdb39c2151c&name=default HTTP/1.1" status: 200 len: 3120 time: 0.2012067
2026-05-27 11:08:37.620 9 INFO neutron.wsgi [None req-dc48a017-1bb6-4b11-9e56-9cf53ea74b5c fd68c96aa9304a7aa8b14d0c220287cb e2ffda38a41b4f7e87d2ee6e00710520 - - default default] 10.0.0.84 "DELETE /v2.0/floatingips/ae233e85-c393-48e6-b1f1-0282a11bcb3c HTTP/1.1" status: 204 len: 168 time: 0.3870077
2026-05-27 11:08:37.644 9 INFO neutron.wsgi [None req-023ef815-e695-4225-85bc-6665a2af9280 c0691106f4444cb7adef7b06bf26702c 790fbbe6b6384654a65bb31eb4bfac6f - - default default] 10.0.0.84 "DELETE /v2.0/security-groups/0cdf8822-d743-4cf7-b8a2-73c5ec4bbf75 HTTP/1.1" status: 204 len: 168 time: 0.2657886
2026-05-27 11:08:37.930 10 INFO neutron.db.ovn_revision_numbers_db [None req-c2bf5a59-4d37-4b8d-8000-0b98e088672d c0691106f4444cb7adef7b06bf26702c 790fbbe6b6384654a65bb31eb4bfac6f - - default default] Successfully bumped revision number for resource 3f644fc7-7142-40b9-ab28-c9680daade13 (type: security_groups) to 1
2026-05-27 11:08:37.951 10 INFO neutron.db.ovn_revision_numbers_db [None req-c2bf5a59-4d37-4b8d-8000-0b98e088672d c0691106f4444cb7adef7b06bf26702c 790fbbe6b6384654a65bb31eb4bfac6f - - default default] Successfully bumped revision number for resource 1eccfc64-6247-4e80-87d7-0993405926dd (type: security_group_rules) to 0
2026-05-27 11:08:37.972 10 INFO neutron.db.ovn_revision_numbers_db [None req-c2bf5a59-4d37-4b8d-8000-0b98e088672d c0691106f4444cb7adef7b06bf26702c 790fbbe6b6384654a65bb31eb4bfac6f - - default default] Successfully bumped revision number for resource 584d6fc9-6a53-4684-9234-215f4ead48ca (type: security_group_rules) to 0
2026-05-27 11:08:37.996 10 INFO neutron.db.ovn_revision_numbers_db [None req-c2bf5a59-4d37-4b8d-8000-0b98e088672d c0691106f4444cb7adef7b06bf26702c 790fbbe6b6384654a65bb31eb4bfac6f - - default default] Successfully bumped revision number for resource e0db6176-7d3e-4a1c-a885-b7840ada473a (type: security_group_rules) to 0
2026-05-27 11:08:38.010 10 INFO neutron.db.ovn_revision_numbers_db [None req-c2bf5a59-4d37-4b8d-8000-0b98e088672d c0691106f4444cb7adef7b06bf26702c 790fbbe6b6384654a65bb31eb4bfac6f - - default default] Successfully bumped revision number for resource e3f93b68-b1a0-458a-a45c-6ba177338e20 (type: security_group_rules) to 0
2026-05-27 11:08:38.016 10 INFO neutron.wsgi [None req-4f94fdd0-38f3-4ae3-a67f-73203e973299 fd68c96aa9304a7aa8b14d0c220287cb e2ffda38a41b4f7e87d2ee6e00710520 - - default default] 10.0.0.84 "DELETE /v2.0/floatingips/b21ee37a-c079-4519-9772-9f2698263f8a HTTP/1.1" status: 204 len: 168 time: 0.3907781
2026-05-27 11:08:38.029 10 INFO neutron.wsgi [None req-c2bf5a59-4d37-4b8d-8000-0b98e088672d c0691106f4444cb7adef7b06bf26702c 790fbbe6b6384654a65bb31eb4bfac6f - - default default] 10.0.0.84 "GET /v2.0/security-groups?tenant_id=9a269674cda6408f951717f3b41ecf4e&name=default HTTP/1.1" status: 200 len: 3120 time: 0.2829168
2026-05-27 11:08:38.279 10 INFO neutron.wsgi [None req-b7952b18-010d-43d2-bc26-08883242ffd9 c0691106f4444cb7adef7b06bf26702c 790fbbe6b6384654a65bb31eb4bfac6f - - default default] 10.0.0.84 "DELETE /v2.0/security-groups/3f644fc7-7142-40b9-ab28-c9680daade13 HTTP/1.1" status: 204 len: 168 time: 0.2385528
2026-05-27 11:08:38.423 9 INFO neutron.wsgi [None req-d67cd4f3-8e9d-415f-bba5-d66c96d471f2 fd68c96aa9304a7aa8b14d0c220287cb e2ffda38a41b4f7e87d2ee6e00710520 - - default default] 10.0.0.84 "DELETE /v2.0/floatingips/dc65bd9e-f91e-4baf-85ea-8aa8b8d946ee HTTP/1.1" status: 204 len: 168 time: 0.4016612
2026-05-27 11:08:38.797 9 INFO neutron.wsgi [None req-0257ba61-d01a-443e-8ae8-c0b491708ef8 fd68c96aa9304a7aa8b14d0c220287cb e2ffda38a41b4f7e87d2ee6e00710520 - - default default] 10.0.0.84 "DELETE /v2.0/floatingips/13718e56-269f-4727-b29c-ac910d3fbcb2 HTTP/1.1" status: 204 len: 168 time: 0.3698275
2026-05-27 11:08:38.946 10 WARNING neutron_lib.context [None req-413d109f-7299-486c-9dc0-d755d73a370a 865cfed194fe4e329359a9c4ff924cce d1b32a534d1a47c38d46c635d2fc1e2e - - default default] Method 'is_advsvc' is deprecated since 2023.2 release (neutron-lib 3.8.0) and will be removed once support for the old RBAC API policies will be removed from Neutron. Please use method 'is_service_role' instead.
2026-05-27 11:08:38.954 10 INFO neutron.wsgi [-] 10.0.0.52 "GET / HTTP/1.1" status: 200 len: 246 time: 0.0013013
2026-05-27 11:08:38.956 10 INFO neutron.wsgi [-] 10.0.0.52 "GET / HTTP/1.1" status: 200 len: 246 time: 0.0009780
2026-05-27 11:08:39.096 10 INFO neutron.db.ovn_revision_numbers_db [None req-413d109f-7299-486c-9dc0-d755d73a370a 865cfed194fe4e329359a9c4ff924cce d1b32a534d1a47c38d46c635d2fc1e2e - - default default] Successfully bumped revision number for resource 158b23e1-f298-4302-ba36-35f7feb81cd2 (type: security_groups) to 1
2026-05-27 11:08:39.110 10 INFO neutron.db.ovn_revision_numbers_db [None req-413d109f-7299-486c-9dc0-d755d73a370a 865cfed194fe4e329359a9c4ff924cce d1b32a534d1a47c38d46c635d2fc1e2e - - default default] Successfully bumped revision number for resource 52a7517f-1b3f-4a61-943d-9a0f0ce57012 (type: security_group_rules) to 0
2026-05-27 11:08:39.123 10 INFO neutron.db.ovn_revision_numbers_db [None req-413d109f-7299-486c-9dc0-d755d73a370a 865cfed194fe4e329359a9c4ff924cce d1b32a534d1a47c38d46c635d2fc1e2e - - default default] Successfully bumped revision number for resource 77046cf8-bb05-4fb8-ab58-d5b3dd32f155 (type: security_group_rules) to 0
2026-05-27 11:08:39.139 10 INFO neutron.db.ovn_revision_numbers_db [None req-413d109f-7299-486c-9dc0-d755d73a370a 865cfed194fe4e329359a9c4ff924cce d1b32a534d1a47c38d46c635d2fc1e2e - - default default] Successfully bumped revision number for resource b8987e64-7878-427a-9e37-b0080bf99e88 (type: security_group_rules) to 0
2026-05-27 11:08:39.160 10 INFO neutron.db.ovn_revision_numbers_db [None req-413d109f-7299-486c-9dc0-d755d73a370a 865cfed194fe4e329359a9c4ff924cce d1b32a534d1a47c38d46c635d2fc1e2e - - default default] Successfully bumped revision number for resource e29a8011-0763-43ed-9f84-f9520f3e1a52 (type: security_group_rules) to 0
2026-05-27 11:08:39.169 9 INFO neutron.wsgi [None req-3fe20cb0-fcf5-4fc6-bb15-7a081628229e fd68c96aa9304a7aa8b14d0c220287cb e2ffda38a41b4f7e87d2ee6e00710520 - - default default] 10.0.0.84 "DELETE /v2.0/floatingips/02f96038-d53e-4388-942f-4dbbe4484731 HTTP/1.1" status: 204 len: 168 time: 0.3509378
2026-05-27 11:08:39.231 10 INFO neutron.db.segments_db [None req-413d109f-7299-486c-9dc0-d755d73a370a 865cfed194fe4e329359a9c4ff924cce d1b32a534d1a47c38d46c635d2fc1e2e - - default default] Added segment 62af3243-feff-4881-aa81-3cde74fb1ece of type geneve for network cc0e7ab7-d374-45bc-bba6-e9db40c3ae29
2026-05-27 11:08:39.415 10 INFO neutron.db.ovn_revision_numbers_db [None req-413d109f-7299-486c-9dc0-d755d73a370a 865cfed194fe4e329359a9c4ff924cce d1b32a534d1a47c38d46c635d2fc1e2e - - default default] Successfully bumped revision number for resource cc0e7ab7-d374-45bc-bba6-e9db40c3ae29 (type: networks) to 1
2026-05-27 11:08:39.629 10 WARNING neutron.scheduler.dhcp_agent_scheduler [None req-413d109f-7299-486c-9dc0-d755d73a370a 865cfed194fe4e329359a9c4ff924cce d1b32a534d1a47c38d46c635d2fc1e2e - - default default] No more DHCP agents
2026-05-27 11:08:39.632 10 WARNING neutron.api.rpc.agentnotifiers.dhcp_rpc_agent_api [None req-413d109f-7299-486c-9dc0-d755d73a370a 865cfed194fe4e329359a9c4ff924cce d1b32a534d1a47c38d46c635d2fc1e2e - - default default] Unable to schedule network cc0e7ab7-d374-45bc-bba6-e9db40c3ae29: no agents available; will retry on subsequent port and subnet creation events.
2026-05-27 11:08:39.732 10 INFO neutron.db.ovn_revision_numbers_db [None req-413d109f-7299-486c-9dc0-d755d73a370a 865cfed194fe4e329359a9c4ff924cce d1b32a534d1a47c38d46c635d2fc1e2e - - default default] Successfully bumped revision number for resource 5bcead1b-66e4-4bb7-a9b1-4644a0d2cd10 (type: ports) to 1
2026-05-27 11:08:39.752 10 INFO neutron.wsgi [None req-413d109f-7299-486c-9dc0-d755d73a370a 865cfed194fe4e329359a9c4ff924cce d1b32a534d1a47c38d46c635d2fc1e2e - - default default] 10.0.0.84 "POST /v2.0/networks HTTP/1.1" status: 201 len: 847 time: 0.9852920
2026-05-27 11:08:40.069 10 INFO neutron.wsgi [None req-1545e99a-ada0-46b5-8876-2520246d478b c24dc6765a7d4a1c9226a6f6cdacb50d 082ee0ed9d234c6da8eb9939c815d6c8 - - default default] 10.0.0.57 "GET /v2.0/extensions HTTP/1.1" status: 200 len: 18683 time: 0.0070760
2026-05-27 11:08:40.198 9 INFO neutron.wsgi [None req-9b886ae0-742c-4d1b-b52c-daf650040fac c24dc6765a7d4a1c9226a6f6cdacb50d 082ee0ed9d234c6da8eb9939c815d6c8 - - default default] 10.0.0.57 "GET /v2.0/quotas/082ee0ed9d234c6da8eb9939c815d6c8/details HTTP/1.1" status: 200 len: 1046 time: 0.1133556
2026-05-27 11:08:40.203 9 WARNING neutron_lib.context [None req-9300b935-34f3-4743-944a-0c44dd0f2dd2 865cfed194fe4e329359a9c4ff924cce d1b32a534d1a47c38d46c635d2fc1e2e - - default default] Method 'is_advsvc' is deprecated since 2023.2 release (neutron-lib 3.8.0) and will be removed once support for the old RBAC API policies will be removed from Neutron. Please use method 'is_service_role' instead.
2026-05-27 11:08:40.384 9 INFO neutron.db.ovn_revision_numbers_db [None req-9bfbed78-ad62-4bb9-a8c8-addb2b8c92c4 c0691106f4444cb7adef7b06bf26702c 790fbbe6b6384654a65bb31eb4bfac6f - - default default] Successfully bumped revision number for resource 91439f1c-455c-436f-a206-c9d72bb39abf (type: security_groups) to 1
2026-05-27 11:08:40.407 9 INFO neutron.db.ovn_revision_numbers_db [None req-9bfbed78-ad62-4bb9-a8c8-addb2b8c92c4 c0691106f4444cb7adef7b06bf26702c 790fbbe6b6384654a65bb31eb4bfac6f - - default default] Successfully bumped revision number for resource 10333de9-a14b-4d86-aed7-bebd7f3d72b4 (type: security_group_rules) to 0
2026-05-27 11:08:40.421 9 INFO neutron.db.ovn_revision_numbers_db [None req-9bfbed78-ad62-4bb9-a8c8-addb2b8c92c4 c0691106f4444cb7adef7b06bf26702c 790fbbe6b6384654a65bb31eb4bfac6f - - default default] Successfully bumped revision number for resource 1e4ed2aa-ec58-4876-9106-f80b20065938 (type: security_group_rules) to 0
2026-05-27 11:08:40.445 9 INFO neutron.db.ovn_revision_numbers_db [None req-9bfbed78-ad62-4bb9-a8c8-addb2b8c92c4 c0691106f4444cb7adef7b06bf26702c 790fbbe6b6384654a65bb31eb4bfac6f - - default default] Successfully bumped revision number for resource 4a30bc08-0c49-45bc-af94-52fbc68df317 (type: security_group_rules) to 0
2026-05-27 11:08:40.466 9 INFO neutron.db.ovn_revision_numbers_db [None req-9bfbed78-ad62-4bb9-a8c8-addb2b8c92c4 c0691106f4444cb7adef7b06bf26702c 790fbbe6b6384654a65bb31eb4bfac6f - - default default] Successfully bumped revision number for resource b8ed3704-c968-4f31-a2cc-c077680b735f (type: security_group_rules) to 0
2026-05-27 11:08:40.508 9 INFO neutron.wsgi [None req-9bfbed78-ad62-4bb9-a8c8-addb2b8c92c4 c0691106f4444cb7adef7b06bf26702c 790fbbe6b6384654a65bb31eb4bfac6f - - default default] 10.0.0.84 "GET /v2.0/security-groups?tenant_id=e2ffda38a41b4f7e87d2ee6e00710520&name=default HTTP/1.1" status: 200 len: 3120 time: 0.4522891
2026-05-27 11:08:40.515 9 WARNING neutron.scheduler.dhcp_agent_scheduler [None req-9300b935-34f3-4743-944a-0c44dd0f2dd2 865cfed194fe4e329359a9c4ff924cce d1b32a534d1a47c38d46c635d2fc1e2e - - default default] No more DHCP agents
2026-05-27 11:08:40.517 9 WARNING neutron.api.rpc.agentnotifiers.dhcp_rpc_agent_api [None req-9300b935-34f3-4743-944a-0c44dd0f2dd2 865cfed194fe4e329359a9c4ff924cce d1b32a534d1a47c38d46c635d2fc1e2e - - default default] Unable to schedule network cc0e7ab7-d374-45bc-bba6-e9db40c3ae29: no agents available; will retry on subsequent port and subnet creation events.
2026-05-27 11:08:40.549 9 INFO neutron.db.ovn_revision_numbers_db [None req-9300b935-34f3-4743-944a-0c44dd0f2dd2 865cfed194fe4e329359a9c4ff924cce d1b32a534d1a47c38d46c635d2fc1e2e - - default default] Successfully bumped revision number for resource 2e57468a-f851-4697-af50-b322b97a04e8 (type: subnets) to 0
2026-05-27 11:08:40.575 9 INFO neutron.wsgi [None req-9300b935-34f3-4743-944a-0c44dd0f2dd2 865cfed194fe4e329359a9c4ff924cce d1b32a534d1a47c38d46c635d2fc1e2e - - default default] 10.0.0.84 "POST /v2.0/subnets HTTP/1.1" status: 201 len: 848 time: 0.3761749
2026-05-27 11:08:40.585 9 WARNING neutron_lib.context [None req-e1f87313-4437-42ea-9fd2-0019a77d6942 865cfed194fe4e329359a9c4ff924cce d1b32a534d1a47c38d46c635d2fc1e2e - - default default] Method 'is_advsvc' is deprecated since 2023.2 release (neutron-lib 3.8.0) and will be removed once support for the old RBAC API policies will be removed from Neutron. Please use method 'is_service_role' instead.
2026-05-27 11:08:40.667 9 INFO neutron.db.segments_db [None req-e1f87313-4437-42ea-9fd2-0019a77d6942 865cfed194fe4e329359a9c4ff924cce d1b32a534d1a47c38d46c635d2fc1e2e - - default default] Added segment b6648f5c-9fff-49cb-9f7d-7869c35c4c34 of type geneve for network 30fb863e-ac44-4bf8-a040-bcaa47087828
2026-05-27 11:08:40.754 10 INFO neutron.wsgi [None req-fa9b7ce2-afc8-4ee4-9859-756a59770eb2 c0691106f4444cb7adef7b06bf26702c 790fbbe6b6384654a65bb31eb4bfac6f - - default default] 10.0.0.84 "DELETE /v2.0/security-groups/91439f1c-455c-436f-a206-c9d72bb39abf HTTP/1.1" status: 204 len: 168 time: 0.2390089
2026-05-27 11:08:40.817 9 INFO neutron.db.ovn_revision_numbers_db [None req-e1f87313-4437-42ea-9fd2-0019a77d6942 865cfed194fe4e329359a9c4ff924cce d1b32a534d1a47c38d46c635d2fc1e2e - - default default] Successfully bumped revision number for resource 30fb863e-ac44-4bf8-a040-bcaa47087828 (type: networks) to 1
2026-05-27 11:08:40.986 10 INFO neutron.db.ovn_revision_numbers_db [None req-2aeba104-bb35-419a-8607-1545c9f8db76 c0691106f4444cb7adef7b06bf26702c 790fbbe6b6384654a65bb31eb4bfac6f - - default default] Successfully bumped revision number for resource 36268231-ae1c-4fe2-99ca-a2ff043daded (type: security_groups) to 1
2026-05-27 11:08:41.000 10 INFO neutron.db.ovn_revision_numbers_db [None req-2aeba104-bb35-419a-8607-1545c9f8db76 c0691106f4444cb7adef7b06bf26702c 790fbbe6b6384654a65bb31eb4bfac6f - - default default] Successfully bumped revision number for resource 12fab736-9fe2-476e-b175-1c08723e6a69 (type: security_group_rules) to 0
2026-05-27 11:08:41.005 9 WARNING neutron.scheduler.dhcp_agent_scheduler [None req-e1f87313-4437-42ea-9fd2-0019a77d6942 865cfed194fe4e329359a9c4ff924cce d1b32a534d1a47c38d46c635d2fc1e2e - - default default] No more DHCP agents
2026-05-27 11:08:41.008 9 WARNING neutron.api.rpc.agentnotifiers.dhcp_rpc_agent_api [None req-e1f87313-4437-42ea-9fd2-0019a77d6942 865cfed194fe4e329359a9c4ff924cce d1b32a534d1a47c38d46c635d2fc1e2e - - default default] Unable to schedule network 30fb863e-ac44-4bf8-a040-bcaa47087828: no agents available; will retry on subsequent port and subnet creation events.
2026-05-27 11:08:41.015 10 INFO neutron.db.ovn_revision_numbers_db [None req-2aeba104-bb35-419a-8607-1545c9f8db76 c0691106f4444cb7adef7b06bf26702c 790fbbe6b6384654a65bb31eb4bfac6f - - default default] Successfully bumped revision number for resource 6b9ff393-fbfd-484d-bb7b-68ec0f48c2c8 (type: security_group_rules) to 0
2026-05-27 11:08:41.029 10 INFO neutron.db.ovn_revision_numbers_db [None req-2aeba104-bb35-419a-8607-1545c9f8db76 c0691106f4444cb7adef7b06bf26702c 790fbbe6b6384654a65bb31eb4bfac6f - - default default] Successfully bumped revision number for resource cf50fdc1-b773-4ee7-990f-2cab9f8bdcb5 (type: security_group_rules) to 0
2026-05-27 11:08:41.046 10 INFO neutron.db.ovn_revision_numbers_db [None req-2aeba104-bb35-419a-8607-1545c9f8db76 c0691106f4444cb7adef7b06bf26702c 790fbbe6b6384654a65bb31eb4bfac6f - - default default] Successfully bumped revision number for resource d7912a32-2c49-46dd-9066-ecc88d86d230 (type: security_group_rules) to 0
2026-05-27 11:08:41.076 10 INFO neutron.wsgi [None req-2aeba104-bb35-419a-8607-1545c9f8db76 c0691106f4444cb7adef7b06bf26702c 790fbbe6b6384654a65bb31eb4bfac6f - - default default] 10.0.0.84 "GET /v2.0/security-groups?tenant_id=34869db1d20b4baea745b630c2eb07d7&name=default HTTP/1.1" status: 200 len: 3120 time: 0.2047906
2026-05-27 11:08:41.110 9 INFO neutron.db.ovn_revision_numbers_db [None req-e1f87313-4437-42ea-9fd2-0019a77d6942 865cfed194fe4e329359a9c4ff924cce d1b32a534d1a47c38d46c635d2fc1e2e - - default default] Successfully bumped revision number for resource 6f02895a-a0c6-427a-89aa-3790208c8f93 (type: ports) to 1
2026-05-27 11:08:41.149 9 INFO neutron.wsgi [None req-e1f87313-4437-42ea-9fd2-0019a77d6942 865cfed194fe4e329359a9c4ff924cce d1b32a534d1a47c38d46c635d2fc1e2e - - default default] 10.0.0.84 "POST /v2.0/networks HTTP/1.1" status: 201 len: 846 time: 0.5686092
2026-05-27 11:08:41.669 9 INFO neutron.db.ovn_revision_numbers_db [None req-1b6ab06a-3019-42cd-a11d-7cbc2549cb23 865cfed194fe4e329359a9c4ff924cce d1b32a534d1a47c38d46c635d2fc1e2e - - default default] Successfully bumped revision number for resource 30fb863e-ac44-4bf8-a040-bcaa47087828 (type: networks) to 2
2026-05-27 11:08:41.673 9 INFO neutron.wsgi [None req-1b6ab06a-3019-42cd-a11d-7cbc2549cb23 865cfed194fe4e329359a9c4ff924cce d1b32a534d1a47c38d46c635d2fc1e2e - - default default] 10.0.0.84 "PUT /v2.0/networks/30fb863e-ac44-4bf8-a040-bcaa47087828 HTTP/1.1" status: 200 len: 792 time: 0.5185449
2026-05-27 11:08:41.684 10 WARNING neutron_lib.context [None req-ca7c6456-60f7-4fee-8384-d96483328964 865cfed194fe4e329359a9c4ff924cce d1b32a534d1a47c38d46c635d2fc1e2e - - default default] Method 'is_advsvc' is deprecated since 2023.2 release (neutron-lib 3.8.0) and will be removed once support for the old RBAC API policies will be removed from Neutron. Please use method 'is_service_role' instead.
2026-05-27 11:08:41.702 9 INFO neutron.wsgi [None req-f656a838-8486-4b28-979a-5f00932ac747 c0691106f4444cb7adef7b06bf26702c 790fbbe6b6384654a65bb31eb4bfac6f - - default default] 10.0.0.84 "DELETE /v2.0/security-groups/36268231-ae1c-4fe2-99ca-a2ff043daded HTTP/1.1" status: 204 len: 168 time: 0.6198635
2026-05-27 11:08:41.971 10 WARNING neutron.scheduler.dhcp_agent_scheduler [None req-ca7c6456-60f7-4fee-8384-d96483328964 865cfed194fe4e329359a9c4ff924cce d1b32a534d1a47c38d46c635d2fc1e2e - - default default] No more DHCP agents
2026-05-27 11:08:41.973 10 WARNING neutron.api.rpc.agentnotifiers.dhcp_rpc_agent_api [None req-ca7c6456-60f7-4fee-8384-d96483328964 865cfed194fe4e329359a9c4ff924cce d1b32a534d1a47c38d46c635d2fc1e2e - - default default] Unable to schedule network 30fb863e-ac44-4bf8-a040-bcaa47087828: no agents available; will retry on subsequent port and subnet creation events.
2026-05-27 11:08:42.000 10 INFO neutron.db.ovn_revision_numbers_db [None req-ee0d01da-bc10-4858-b24f-0ff8a9d52ba2 c0691106f4444cb7adef7b06bf26702c 790fbbe6b6384654a65bb31eb4bfac6f - - default default] Successfully bumped revision number for resource 902dd6e4-a127-49a0-b8cc-20f58ee77787 (type: security_groups) to 1
2026-05-27 11:08:42.018 10 INFO neutron.db.ovn_revision_numbers_db [None req-ee0d01da-bc10-4858-b24f-0ff8a9d52ba2 c0691106f4444cb7adef7b06bf26702c 790fbbe6b6384654a65bb31eb4bfac6f - - default default] Successfully bumped revision number for resource 4680166b-26de-4dc9-a805-31912a574893 (type: security_group_rules) to 0
2026-05-27 11:08:42.037 10 INFO neutron.db.ovn_revision_numbers_db [None req-ca7c6456-60f7-4fee-8384-d96483328964 865cfed194fe4e329359a9c4ff924cce d1b32a534d1a47c38d46c635d2fc1e2e - - default default] Successfully bumped revision number for resource 264d5c7d-7863-4756-af3e-46ebf7d4f2de (type: subnets) to 0
2026-05-27 11:08:42.041 10 INFO neutron.db.ovn_revision_numbers_db [None req-ee0d01da-bc10-4858-b24f-0ff8a9d52ba2 c0691106f4444cb7adef7b06bf26702c 790fbbe6b6384654a65bb31eb4bfac6f - - default default] Successfully bumped revision number for resource 6a33194d-4f40-42e3-8105-16c376886030 (type: security_group_rules) to 0
2026-05-27 11:08:42.059 10 INFO neutron.wsgi [None req-ca7c6456-60f7-4fee-8384-d96483328964 865cfed194fe4e329359a9c4ff924cce d1b32a534d1a47c38d46c635d2fc1e2e - - default default] 10.0.0.84 "POST /v2.0/subnets HTTP/1.1" status: 201 len: 821 time: 0.3817053
2026-05-27 11:08:42.061 10 INFO neutron.db.ovn_revision_numbers_db [None req-ee0d01da-bc10-4858-b24f-0ff8a9d52ba2 c0691106f4444cb7adef7b06bf26702c 790fbbe6b6384654a65bb31eb4bfac6f - - default default] Successfully bumped revision number for resource 875cd465-447c-42d5-8863-4a39b8166bd2 (type: security_group_rules) to 0
2026-05-27 11:08:42.077 10 INFO neutron.db.ovn_revision_numbers_db [None req-ee0d01da-bc10-4858-b24f-0ff8a9d52ba2 c0691106f4444cb7adef7b06bf26702c 790fbbe6b6384654a65bb31eb4bfac6f - - default default] Successfully bumped revision number for resource d163f2fa-c3e1-4839-a4c7-a5e8cebffc16 (type: security_group_rules) to 0
2026-05-27 11:08:42.099 10 INFO neutron.wsgi [None req-ee0d01da-bc10-4858-b24f-0ff8a9d52ba2 c0691106f4444cb7adef7b06bf26702c 790fbbe6b6384654a65bb31eb4bfac6f - - default default] 10.0.0.84 "GET /v2.0/security-groups?tenant_id=829a94f5d96e461e8bc637343870d5f0&name=default HTTP/1.1" status: 200 len: 3120 time: 0.2813368
2026-05-27 11:08:42.318 10 INFO neutron.wsgi [None req-51f67643-5694-4f64-bf5a-688e8981ee65 c0691106f4444cb7adef7b06bf26702c 790fbbe6b6384654a65bb31eb4bfac6f - - default default] 10.0.0.84 "DELETE /v2.0/security-groups/902dd6e4-a127-49a0-b8cc-20f58ee77787 HTTP/1.1" status: 204 len: 168 time: 0.2140172
2026-05-27 11:08:42.824 9 INFO neutron.db.ovn_revision_numbers_db [None req-b3f97b3e-5380-4ed5-b734-6cb5f172964f 865cfed194fe4e329359a9c4ff924cce d1b32a534d1a47c38d46c635d2fc1e2e - - default default] Successfully bumped revision number for resource 6f02895a-a0c6-427a-89aa-3790208c8f93 (type: ports) to 2
2026-05-27 11:08:42.872 9 INFO neutron.db.ovn_revision_numbers_db [None req-b3f97b3e-5380-4ed5-b734-6cb5f172964f 865cfed194fe4e329359a9c4ff924cce d1b32a534d1a47c38d46c635d2fc1e2e - - default default] Successfully bumped revision number for resource 264d5c7d-7863-4756-af3e-46ebf7d4f2de (type: subnets) to 1
2026-05-27 11:08:42.876 9 INFO neutron.wsgi [None req-b3f97b3e-5380-4ed5-b734-6cb5f172964f 865cfed194fe4e329359a9c4ff924cce d1b32a534d1a47c38d46c635d2fc1e2e - - default default] 10.0.0.84 "PUT /v2.0/subnets/264d5c7d-7863-4756-af3e-46ebf7d4f2de HTTP/1.1" status: 200 len: 826 time: 0.8108513
2026-05-27 11:08:43.135 10 INFO neutron.db.ovn_revision_numbers_db [None req-5cb27ba3-b658-4160-a145-f55865f9eb4c 2527cdab19e147dab06adde1b7815de6 b91a700ea70e4746a15c08855783569a - - default default] Successfully bumped revision number for resource f04d2c3b-087f-417b-9dd6-62fcb43b417f (type: security_groups) to 1
