2026-05-27 11:07:05.191 10 WARNING neutron.api.rpc.agentnotifiers.dhcp_rpc_agent_api [None req-db01b5a5-2b55-4a05-99c2-4b3e2d7b728a 9ebeae19060a4f3da720bd1b83b12641 b8719dd035514b4c936faa2effb72fc5 - - default default] Unable to schedule network 0d7e537b-2354-446f-bcfa-7b9a85b99397: no agents available; will retry on subsequent port and subnet creation events.
2026-05-27 11:07:05.291 10 INFO neutron.wsgi [None req-53ee65a5-1225-4446-a766-e68d1be9a236 c0691106f4444cb7adef7b06bf26702c 790fbbe6b6384654a65bb31eb4bfac6f - - default default] 10.0.0.84 "DELETE /v2.0/security-groups/e763360c-a9e3-4688-a567-3f128ee68615 HTTP/1.1" status: 204 len: 168 time: 0.3420386
2026-05-27 11:07:05.360 10 INFO neutron.db.ovn_revision_numbers_db [None req-db01b5a5-2b55-4a05-99c2-4b3e2d7b728a 9ebeae19060a4f3da720bd1b83b12641 b8719dd035514b4c936faa2effb72fc5 - - default default] Successfully bumped revision number for resource 95adf45c-3762-4a5f-a27a-f962bbc63d3b (type: router_ports) to 1
2026-05-27 11:07:05.367 10 INFO neutron.wsgi [None req-db01b5a5-2b55-4a05-99c2-4b3e2d7b728a 9ebeae19060a4f3da720bd1b83b12641 b8719dd035514b4c936faa2effb72fc5 - - default default] 10.0.0.84 "PUT /v2.0/routers/0a510170-15f5-4370-82e5-0cb027df6d72/add_router_interface HTTP/1.1" status: 200 len: 503 time: 1.7652967
2026-05-27 11:07:05.436 9 INFO neutron.db.ovn_revision_numbers_db [None req-bad39755-4586-4ccb-9338-af45ca52d0ca c0691106f4444cb7adef7b06bf26702c 790fbbe6b6384654a65bb31eb4bfac6f - - default default] Successfully bumped revision number for resource f67fbf65-9c2f-4a35-ac76-09aa8d40b8f5 (type: ports) to 1
2026-05-27 11:07:05.470 10 INFO neutron.wsgi [None req-4ae71298-7260-4ee4-a93e-3ff5e7454a52 9ebeae19060a4f3da720bd1b83b12641 b8719dd035514b4c936faa2effb72fc5 - - default default] 10.0.0.84 "GET /v2.0/ports/95adf45c-3762-4a5f-a27a-f962bbc63d3b HTTP/1.1" status: 200 len: 1147 time: 0.0974622
2026-05-27 11:07:05.521 10 INFO neutron.wsgi [None req-5757b76f-4451-478d-9391-dbf582d9db59 9ebeae19060a4f3da720bd1b83b12641 b8719dd035514b4c936faa2effb72fc5 - - default default] 10.0.0.84 "GET /v2.0/ports/95adf45c-3762-4a5f-a27a-f962bbc63d3b HTTP/1.1" status: 200 len: 1147 time: 0.0463698
2026-05-27 11:07:05.579 9 WARNING neutron.scheduler.dhcp_agent_scheduler [None req-bad39755-4586-4ccb-9338-af45ca52d0ca c0691106f4444cb7adef7b06bf26702c 790fbbe6b6384654a65bb31eb4bfac6f - - default default] No more DHCP agents
2026-05-27 11:07:05.581 9 WARNING neutron.api.rpc.agentnotifiers.dhcp_rpc_agent_api [None req-bad39755-4586-4ccb-9338-af45ca52d0ca c0691106f4444cb7adef7b06bf26702c 790fbbe6b6384654a65bb31eb4bfac6f - - default default] Unable to schedule network e99886b6-2886-466f-945d-fd77077f6722: no agents available; will retry on subsequent port and subnet creation events.
2026-05-27 11:07:05.680 9 INFO neutron.db.ovn_revision_numbers_db [None req-b9fe7c78-f113-4369-9f33-23cd55a53877 - - - - - -] Successfully bumped revision number for resource 400d9196-3d5e-47ef-9752-04d2d6019d8e (type: ports) to 4
2026-05-27 11:07:06.312 9 INFO neutron.db.ovn_revision_numbers_db [None req-b9fe7c78-f113-4369-9f33-23cd55a53877 - - - - - -] Successfully bumped revision number for resource 400d9196-3d5e-47ef-9752-04d2d6019d8e (type: router_ports) to 4
2026-05-27 11:07:06.548 9 INFO neutron.db.ovn_revision_numbers_db [None req-bad39755-4586-4ccb-9338-af45ca52d0ca c0691106f4444cb7adef7b06bf26702c 790fbbe6b6384654a65bb31eb4bfac6f - - default default] Successfully bumped revision number for resource f67fbf65-9c2f-4a35-ac76-09aa8d40b8f5 (type: router_ports) to 1
2026-05-27 11:07:06.553 9 INFO neutron.wsgi [None req-bad39755-4586-4ccb-9338-af45ca52d0ca c0691106f4444cb7adef7b06bf26702c 790fbbe6b6384654a65bb31eb4bfac6f - - default default] 10.0.0.84 "PUT /v2.0/routers/4860c495-cc2c-48ee-87bd-87c136db30fa/add_router_interface HTTP/1.1" status: 200 len: 503 time: 4.1187148
2026-05-27 11:07:06.625 9 INFO neutron.wsgi [None req-138bf5c1-499d-48ea-9bbd-e44c485f6d92 9ebeae19060a4f3da720bd1b83b12641 b8719dd035514b4c936faa2effb72fc5 - - default default] 10.0.0.84 "GET /v2.0/ports/95adf45c-3762-4a5f-a27a-f962bbc63d3b HTTP/1.1" status: 200 len: 1147 time: 0.0983562
2026-05-27 11:07:07.176 10 INFO neutron.wsgi [None req-31d42b91-26ba-4469-968c-4c5aa0ee12b4 548881e8260b49ed8a0df53f34a28153 677628327e8144468db66c9bce6fd1c0 - - default default] 10.0.0.84 "GET /v2.0/extensions HTTP/1.1" status: 200 len: 18678 time: 0.1138046
2026-05-27 11:07:07.179 9 WARNING neutron_lib.context [None req-b32a2608-9035-4fca-9bd0-a3515f46e43b 0f8e63bc25a24b3ba65f5246cf53f255 432b1e5ab0df47cc93f694263eb1e0b1 - - default default] Method 'is_advsvc' is deprecated since 2023.2 release (neutron-lib 3.8.0) and will be removed once support for the old RBAC API policies will be removed from Neutron. Please use method 'is_service_role' instead.
2026-05-27 11:07:07.186 10 INFO neutron.wsgi [None req-f64c95b9-1c4d-426c-b48f-627f4be5b708 548881e8260b49ed8a0df53f34a28153 677628327e8144468db66c9bce6fd1c0 - - default default] 10.0.0.84 "GET /v2.0/extensions/address-group HTTP/1.1" status: 200 len: 353 time: 0.0050671
2026-05-27 11:07:07.196 9 INFO neutron.wsgi [None req-bbc995f6-2b3f-4fa7-b538-09aa448d3f96 548881e8260b49ed8a0df53f34a28153 677628327e8144468db66c9bce6fd1c0 - - default default] 10.0.0.84 "GET /v2.0/extensions/address-scope HTTP/1.1" status: 200 len: 357 time: 0.0069151
2026-05-27 11:07:07.209 10 INFO neutron.wsgi [None req-9a0912d6-2be8-460f-9f7b-7329a853fc16 548881e8260b49ed8a0df53f34a28153 677628327e8144468db66c9bce6fd1c0 - - default default] 10.0.0.84 "GET /v2.0/extensions/agent HTTP/1.1" status: 200 len: 347 time: 0.0073388
2026-05-27 11:07:07.220 9 INFO neutron.wsgi [None req-5ca38ee3-2dcc-47d1-830a-be5e634a6a4a 548881e8260b49ed8a0df53f34a28153 677628327e8144468db66c9bce6fd1c0 - - default default] 10.0.0.84 "GET /v2.0/extensions/allowed-address-pairs HTTP/1.1" status: 200 len: 378 time: 0.0067267
2026-05-27 11:07:07.232 10 INFO neutron.wsgi [None req-8bf8e556-3684-4fa3-b332-f738e6a8c0a2 548881e8260b49ed8a0df53f34a28153 677628327e8144468db66c9bce6fd1c0 - - default default] 10.0.0.84 "GET /v2.0/extensions/auto-allocated-topology HTTP/1.1" status: 200 len: 394 time: 0.0068853
2026-05-27 11:07:07.242 10 INFO neutron.wsgi [None req-73144eb1-7edc-4adb-966e-f55cb7868978 548881e8260b49ed8a0df53f34a28153 677628327e8144468db66c9bce6fd1c0 - - default default] 10.0.0.84 "GET /v2.0/extensions/availability_zone HTTP/1.1" status: 200 len: 372 time: 0.0054317
2026-05-27 11:07:07.250 10 INFO neutron.wsgi [None req-cdbb8764-1c2d-40cf-8f62-79dd456da235 548881e8260b49ed8a0df53f34a28153 677628327e8144468db66c9bce6fd1c0 - - default default] 10.0.0.84 "GET /v2.0/extensions/default-subnetpools HTTP/1.1" status: 200 len: 405 time: 0.0050850
2026-05-27 11:07:07.260 10 INFO neutron.wsgi [None req-93a83604-9f6d-4012-b089-0d77ca34fa26 548881e8260b49ed8a0df53f34a28153 677628327e8144468db66c9bce6fd1c0 - - default default] 10.0.0.84 "GET /v2.0/extensions/dhcp_agent_scheduler HTTP/1.1" status: 200 len: 381 time: 0.0065131
2026-05-27 11:07:07.269 10 INFO neutron.wsgi [None req-9d85c1ac-5677-44e6-8619-ab4425484f9d 548881e8260b49ed8a0df53f34a28153 677628327e8144468db66c9bce6fd1c0 - - default default] 10.0.0.84 "GET /v2.0/extensions/dns-integration HTTP/1.1" status: 200 len: 366 time: 0.0040302
2026-05-27 11:07:07.277 10 INFO neutron.wsgi [None req-8647a7c8-95ca-4f65-a969-e8a86a438cf1 548881e8260b49ed8a0df53f34a28153 677628327e8144468db66c9bce6fd1c0 - - default default] 10.0.0.84 "GET /v2.0/extensions/dns-domain-ports HTTP/1.1" status: 200 len: 399 time: 0.0046179
2026-05-27 11:07:07.285 10 INFO neutron.wsgi [None req-598019a4-c793-4fcf-8d41-53ae99803318 548881e8260b49ed8a0df53f34a28153 677628327e8144468db66c9bce6fd1c0 - - default default] 10.0.0.84 "GET /v2.0/extensions/dns-integration-domain-keywords HTTP/1.1" status: 200 len: 477 time: 0.0051086
2026-05-27 11:07:07.294 10 INFO neutron.wsgi [None req-f08d9ca1-20d8-4bcb-a564-10bbcfb93ff6 548881e8260b49ed8a0df53f34a28153 677628327e8144468db66c9bce6fd1c0 - - default default] 10.0.0.84 "GET /v2.0/extensions/empty-string-filtering HTTP/1.1" status: 200 len: 413 time: 0.0058601
2026-05-27 11:07:07.304 9 INFO neutron.wsgi [None req-30d7cc09-3339-4cc3-8954-9d004442e925 548881e8260b49ed8a0df53f34a28153 677628327e8144468db66c9bce6fd1c0 - - default default] 10.0.0.84 "GET /v2.0/extensions/external-net HTTP/1.1" status: 200 len: 394 time: 0.0064235
2026-05-27 11:07:07.317 9 INFO neutron.wsgi [None req-d194d9cc-d801-4fa5-b03c-9947ea2b1fdb 548881e8260b49ed8a0df53f34a28153 677628327e8144468db66c9bce6fd1c0 - - default default] 10.0.0.84 "GET /v2.0/extensions/extra_dhcp_opt HTTP/1.1" status: 200 len: 498 time: 0.0065229
2026-05-27 11:07:07.328 10 INFO neutron.wsgi [None req-0fc62e69-ab6a-478c-928f-3fd96e3eb823 548881e8260b49ed8a0df53f34a28153 677628327e8144468db66c9bce6fd1c0 - - default default] 10.0.0.84 "GET /v2.0/extensions/extraroute HTTP/1.1" status: 200 len: 375 time: 0.0068455
2026-05-27 11:07:07.338 9 INFO neutron.wsgi [None req-6f316db5-e058-4b99-9634-9db0137ddcf9 548881e8260b49ed8a0df53f34a28153 677628327e8144468db66c9bce6fd1c0 - - default default] 10.0.0.84 "GET /v2.0/extensions/floating-ip-port-forwarding-detail HTTP/1.1" status: 200 len: 465 time: 0.0067565
2026-05-27 11:07:07.347 9 INFO neutron.wsgi [req-fb4fb1cf-9055-4285-b5f3-c9a677d7c94a req-4209a150-94aa-44b2-bc30-3df568017987 693091555f6740baafffaa2f7f4ea397 248d8773a23e46fa889f4d829e22ceae - - default default] 10.0.0.56 "GET /v2.0/ports?device_id=a3270047-0efe-4a94-8373-1358de09df2f HTTP/1.1" status: 200 len: 1174 time: 0.1347473
2026-05-27 11:07:07.350 9 INFO neutron.wsgi [None req-5bd3ee5d-cbcc-4002-8229-eeb3a6ad3dea 548881e8260b49ed8a0df53f34a28153 677628327e8144468db66c9bce6fd1c0 - - default default] 10.0.0.84 "GET /v2.0/extensions/fip-port-details HTTP/1.1" status: 200 len: 406 time: 0.0088053
2026-05-27 11:07:07.357 9 INFO neutron.wsgi [None req-2cd67c2a-3c77-47a6-9e23-80cc541bc109 548881e8260b49ed8a0df53f34a28153 677628327e8144468db66c9bce6fd1c0 - - default default] 10.0.0.84 "GET /v2.0/extensions/flavors HTTP/1.1" status: 200 len: 387 time: 0.0038786
2026-05-27 11:07:07.366 9 INFO neutron.wsgi [None req-24e5b530-c928-4dcb-90bc-93324dcb317b 548881e8260b49ed8a0df53f34a28153 677628327e8144468db66c9bce6fd1c0 - - default default] 10.0.0.84 "GET /v2.0/extensions/floatingip-pools HTTP/1.1" status: 200 len: 382 time: 0.0052891
2026-05-27 11:07:07.377 10 INFO neutron.wsgi [None req-29910d5e-73db-42c0-9d66-5a1e9ebc56a6 548881e8260b49ed8a0df53f34a28153 677628327e8144468db66c9bce6fd1c0 - - default default] 10.0.0.84 "GET /v2.0/extensions/ip_allocation HTTP/1.1" status: 200 len: 356 time: 0.0070899
2026-05-27 11:07:07.389 10 INFO neutron.wsgi [None req-932568a6-15f4-4352-921d-3c8e568fbf4a 548881e8260b49ed8a0df53f34a28153 677628327e8144468db66c9bce6fd1c0 - - default default] 10.0.0.84 "GET /v2.0/extensions/l2_adjacency HTTP/1.1" status: 200 len: 372 time: 0.0065014
2026-05-27 11:07:07.391 9 INFO neutron.db.ovn_revision_numbers_db [None req-b32a2608-9035-4fca-9bd0-a3515f46e43b 0f8e63bc25a24b3ba65f5246cf53f255 432b1e5ab0df47cc93f694263eb1e0b1 - - default default] Successfully bumped revision number for resource bcdd3699-2559-488b-a4c6-7c09f443487d (type: security_groups) to 1
2026-05-27 11:07:07.401 9 INFO neutron.wsgi [None req-ecd1deea-2281-4b90-83aa-d71897f9dc3f 548881e8260b49ed8a0df53f34a28153 677628327e8144468db66c9bce6fd1c0 - - default default] 10.0.0.84 "GET /v2.0/extensions/router HTTP/1.1" status: 200 len: 450 time: 0.0076010
2026-05-27 11:07:07.412 10 INFO neutron.wsgi [None req-1026c767-3d80-4b3e-90fe-e641c4a0fe7a 548881e8260b49ed8a0df53f34a28153 677628327e8144468db66c9bce6fd1c0 - - default default] 10.0.0.84 "GET /v2.0/extensions/enable-default-route-bfd HTTP/1.1" status: 200 len: 406 time: 0.0057554
2026-05-27 11:07:07.420 10 INFO neutron.wsgi [None req-c660d9c3-59ba-4afe-9aae-8ed3a860ee43 548881e8260b49ed8a0df53f34a28153 677628327e8144468db66c9bce6fd1c0 - - default default] 10.0.0.84 "GET /v2.0/extensions/enable-default-route-ecmp HTTP/1.1" status: 200 len: 409 time: 0.0042002
2026-05-27 11:07:07.424 9 INFO neutron.db.ovn_revision_numbers_db [None req-b32a2608-9035-4fca-9bd0-a3515f46e43b 0f8e63bc25a24b3ba65f5246cf53f255 432b1e5ab0df47cc93f694263eb1e0b1 - - default default] Successfully bumped revision number for resource d1f2f59c-3d4c-42d4-8a89-0ec6bca6e025 (type: security_group_rules) to 0
2026-05-27 11:07:07.428 10 INFO neutron.wsgi [None req-8a8e59bb-2959-48f7-a350-3f81059ee313 548881e8260b49ed8a0df53f34a28153 677628327e8144468db66c9bce6fd1c0 - - default default] 10.0.0.84 "GET /v2.0/extensions/ext-gw-mode HTTP/1.1" status: 200 len: 462 time: 0.0043628
2026-05-27 11:07:07.436 10 INFO neutron.wsgi [None req-260a3de7-f8f8-483e-8cbd-294055581b3b 548881e8260b49ed8a0df53f34a28153 677628327e8144468db66c9bce6fd1c0 - - default default] 10.0.0.84 "GET /v2.0/extensions/l3-ha HTTP/1.1" status: 200 len: 360 time: 0.0045738
2026-05-27 11:07:07.440 9 INFO neutron.wsgi [req-40d2b39e-6651-4ad8-af8c-6f40061e33d6 req-d3aaff4c-3638-4d32-be84-1c9549a02071 693091555f6740baafffaa2f7f4ea397 248d8773a23e46fa889f4d829e22ceae - - default default] 10.0.0.56 "GET /v2.0/ports/e506e115-6b78-4a3d-92aa-b064e4fd94a6 HTTP/1.1" status: 200 len: 1171 time: 0.0445180
2026-05-27 11:07:07.446 9 INFO neutron.db.ovn_revision_numbers_db [None req-b32a2608-9035-4fca-9bd0-a3515f46e43b 0f8e63bc25a24b3ba65f5246cf53f255 432b1e5ab0df47cc93f694263eb1e0b1 - - default default] Successfully bumped revision number for resource dcac6792-8408-41e5-871b-5b03726c5140 (type: security_group_rules) to 0
2026-05-27 11:07:07.448 10 INFO neutron.wsgi [None req-eb381198-9cfd-4c64-a33e-cf9add37a722 548881e8260b49ed8a0df53f34a28153 677628327e8144468db66c9bce6fd1c0 - - default default] 10.0.0.84 "GET /v2.0/extensions/external-gateway-multihoming HTTP/1.1" status: 200 len: 421 time: 0.0067611
2026-05-27 11:07:07.458 10 INFO neutron.wsgi [None req-08d59958-9f07-4710-a26a-b3d17be17961 548881e8260b49ed8a0df53f34a28153 677628327e8144468db66c9bce6fd1c0 - - default default] 10.0.0.84 "GET /v2.0/extensions/l3-flavors HTTP/1.1" status: 200 len: 366 time: 0.0060103
2026-05-27 11:07:07.467 9 INFO neutron.wsgi [None req-b32a2608-9035-4fca-9bd0-a3515f46e43b 0f8e63bc25a24b3ba65f5246cf53f255 432b1e5ab0df47cc93f694263eb1e0b1 - - default default] 10.0.0.84 "POST /v2.0/security-groups HTTP/1.1" status: 201 len: 1860 time: 0.2969451
2026-05-27 11:07:07.468 10 INFO neutron.wsgi [None req-9c87c6a9-03a9-445e-98c5-5129131040a9 548881e8260b49ed8a0df53f34a28153 677628327e8144468db66c9bce6fd1c0 - - default default] 10.0.0.84 "GET /v2.0/extensions/logging HTTP/1.1" status: 200 len: 407 time: 0.0055177
2026-05-27 11:07:07.477 10 WARNING neutron_lib.context [None req-28afcf64-b8ae-4383-87dc-8bebeb8d23c8 0f8e63bc25a24b3ba65f5246cf53f255 432b1e5ab0df47cc93f694263eb1e0b1 - - default default] Method 'is_advsvc' is deprecated since 2023.2 release (neutron-lib 3.8.0) and will be removed once support for the old RBAC API policies will be removed from Neutron. Please use method 'is_service_role' instead.
2026-05-27 11:07:07.479 9 INFO neutron.wsgi [None req-84769da7-2cb5-443e-8018-fc723287f0e7 548881e8260b49ed8a0df53f34a28153 677628327e8144468db66c9bce6fd1c0 - - default default] 10.0.0.84 "GET /v2.0/extensions/multi-provider HTTP/1.1" status: 200 len: 406 time: 0.0057704
2026-05-27 11:07:07.486 9 INFO neutron.wsgi [None req-4e6c8870-af37-42e0-846a-8f1d436f27fd 548881e8260b49ed8a0df53f34a28153 677628327e8144468db66c9bce6fd1c0 - - default default] 10.0.0.84 "GET /v2.0/extensions/net-mtu HTTP/1.1" status: 200 len: 370 time: 0.0036745
2026-05-27 11:07:07.494 9 INFO neutron.wsgi [None req-cda96295-aa1f-4794-8cf0-c9a443e14caf 548881e8260b49ed8a0df53f34a28153 677628327e8144468db66c9bce6fd1c0 - - default default] 10.0.0.84 "GET /v2.0/extensions/net-mtu-writable HTTP/1.1" status: 200 len: 401 time: 0.0048931
2026-05-27 11:07:07.503 9 INFO neutron.wsgi [None req-6dd8641f-56ad-4af8-a253-4e5fc7feb079 548881e8260b49ed8a0df53f34a28153 677628327e8144468db66c9bce6fd1c0 - - default default] 10.0.0.84 "GET /v2.0/extensions/network_availability_zone HTTP/1.1" status: 200 len: 394 time: 0.0054028
2026-05-27 11:07:07.514 9 INFO neutron.wsgi [None req-d10f1256-7cc4-418e-ac9b-7737c3a5dc45 548881e8260b49ed8a0df53f34a28153 677628327e8144468db66c9bce6fd1c0 - - default default] 10.0.0.84 "GET /v2.0/extensions/network-ip-availability HTTP/1.1" status: 200 len: 410 time: 0.0050604
2026-05-27 11:07:07.523 9 INFO neutron.wsgi [None req-cdd6f436-4a8e-4870-9074-54ba38d727ad 548881e8260b49ed8a0df53f34a28153 677628327e8144468db66c9bce6fd1c0 - - default default] 10.0.0.84 "GET /v2.0/extensions/pagination HTTP/1.1" status: 200 len: 386 time: 0.0049343
2026-05-27 11:07:07.532 9 INFO neutron.wsgi [None req-9883011c-2041-465b-a6f5-fc5def5be51a 548881e8260b49ed8a0df53f34a28153 677628327e8144468db66c9bce6fd1c0 - - default default] 10.0.0.84 "GET /v2.0/extensions/port-device-profile HTTP/1.1" status: 200 len: 383 time: 0.0051460
2026-05-27 11:07:07.542 9 INFO neutron.wsgi [None req-491ee969-b86f-4d2a-b625-db40cf2c1667 548881e8260b49ed8a0df53f34a28153 677628327e8144468db66c9bce6fd1c0 - - default default] 10.0.0.84 "GET /v2.0/extensions/port-mac-address-regenerate HTTP/1.1" status: 200 len: 403 time: 0.0053837
2026-05-27 11:07:07.552 9 INFO neutron.wsgi [None req-2a55b025-05fa-4091-bf83-667d923fed2c 548881e8260b49ed8a0df53f34a28153 677628327e8144468db66c9bce6fd1c0 - - default default] 10.0.0.84 "GET /v2.0/extensions/port-numa-affinity-policy HTTP/1.1" status: 200 len: 392 time: 0.0050731
2026-05-27 11:07:07.562 9 INFO neutron.wsgi [None req-b239b782-db4b-4e8c-9815-71d18b25a2cf 548881e8260b49ed8a0df53f34a28153 677628327e8144468db66c9bce6fd1c0 - - default default] 10.0.0.84 "GET /v2.0/extensions/port-resource-request HTTP/1.1" status: 200 len: 379 time: 0.0052469
2026-05-27 11:07:07.574 9 INFO neutron.wsgi [None req-325f29ea-f584-40f0-b53b-37ee1ab7c3a3 548881e8260b49ed8a0df53f34a28153 677628327e8144468db66c9bce6fd1c0 - - default default] 10.0.0.84 "GET /v2.0/extensions/port-resource-request-groups HTTP/1.1" status: 200 len: 465 time: 0.0062630
2026-05-27 11:07:07.586 10 INFO neutron.wsgi [None req-74e2f799-2eeb-46c7-84ee-3224dc0dd696 548881e8260b49ed8a0df53f34a28153 677628327e8144468db66c9bce6fd1c0 - - default default] 10.0.0.84 "GET /v2.0/extensions/binding HTTP/1.1" status: 200 len: 387 time: 0.0082042
2026-05-27 11:07:07.601 9 INFO neutron.wsgi [None req-467a2b2e-36f3-4854-b6fb-909f02aefa4c 548881e8260b49ed8a0df53f34a28153 677628327e8144468db66c9bce6fd1c0 - - default default] 10.0.0.84 "GET /v2.0/extensions/binding-extended HTTP/1.1" status: 200 len: 406 time: 0.0117488
2026-05-27 11:07:07.616 9 INFO neutron.wsgi [None req-84013c4c-4e68-4922-bdc1-ac425f7b92be 548881e8260b49ed8a0df53f34a28153 677628327e8144468db66c9bce6fd1c0 - - default default] 10.0.0.84 "GET /v2.0/extensions/port-security HTTP/1.1" status: 200 len: 354 time: 0.0066743
2026-05-27 11:07:07.625 9 INFO neutron.wsgi [None req-2672ec61-c674-426a-840e-8c38ab016cf5 548881e8260b49ed8a0df53f34a28153 677628327e8144468db66c9bce6fd1c0 - - default default] 10.0.0.84 "GET /v2.0/extensions/project-id HTTP/1.1" status: 200 len: 398 time: 0.0041566
2026-05-27 11:07:07.633 10 INFO neutron.wsgi [None req-2b20f4d1-df24-474b-bf24-b457cd4363d8 548881e8260b49ed8a0df53f34a28153 677628327e8144468db66c9bce6fd1c0 - - default default] 10.0.0.84 "GET /v2.0/extensions/provider HTTP/1.1" status: 200 len: 385 time: 0.0047209
2026-05-27 11:07:07.641 10 INFO neutron.wsgi [None req-3d791dbe-90ce-45af-ad93-a59c7cf673ab 548881e8260b49ed8a0df53f34a28153 677628327e8144468db66c9bce6fd1c0 - - default default] 10.0.0.84 "GET /v2.0/extensions/qos HTTP/1.1" status: 200 len: 360 time: 0.0040824
2026-05-27 11:07:07.650 9 INFO neutron.wsgi [req-a411fcf8-148d-4e38-8d42-616664641b4b req-6670163f-ab29-4f3e-938a-63b6364ec75a 693091555f6740baafffaa2f7f4ea397 248d8773a23e46fa889f4d829e22ceae - - default default] 199.204.45.162 "GET /v2.0/subnets?network_id=32d828fd-b264-46a6-8063-fa0440024f74 HTTP/1.1" status: 200 len: 858 time: 0.0814133
2026-05-27 11:07:07.652 10 INFO neutron.wsgi [None req-94607344-9fc1-431e-bda2-1e8ae6a420fc 548881e8260b49ed8a0df53f34a28153 677628327e8144468db66c9bce6fd1c0 - - default default] 10.0.0.84 "GET /v2.0/extensions/qos-bw-limit-direction HTTP/1.1" status: 200 len: 452 time: 0.0053980
2026-05-27 11:07:07.660 10 INFO neutron.db.ovn_revision_numbers_db [None req-28afcf64-b8ae-4383-87dc-8bebeb8d23c8 0f8e63bc25a24b3ba65f5246cf53f255 432b1e5ab0df47cc93f694263eb1e0b1 - - default default] Successfully bumped revision number for resource ee084944-762c-434f-9cfc-2875571af0f8 (type: security_group_rules) to 0
2026-05-27 11:07:07.662 9 INFO neutron.wsgi [None req-3072f77d-d417-41dd-bb4a-9805e4d22cb1 548881e8260b49ed8a0df53f34a28153 677628327e8144468db66c9bce6fd1c0 - - default default] 10.0.0.84 "GET /v2.0/extensions/qos-bw-minimum-ingress HTTP/1.1" status: 200 len: 445 time: 0.0067518
2026-05-27 11:07:07.677 10 INFO neutron.wsgi [None req-454929cb-b844-43a7-9c57-0c4fae158663 548881e8260b49ed8a0df53f34a28153 677628327e8144468db66c9bce6fd1c0 - - default default] 10.0.0.84 "GET /v2.0/extensions/qos-default HTTP/1.1" status: 200 len: 377 time: 0.0101020
2026-05-27 11:07:07.688 10 INFO neutron.wsgi [None req-48d4d7df-2042-4ffb-b3ec-bd540cbd3894 548881e8260b49ed8a0df53f34a28153 677628327e8144468db66c9bce6fd1c0 - - default default] 10.0.0.84 "GET /v2.0/extensions/qos-fip HTTP/1.1" status: 200 len: 372 time: 0.0047996
2026-05-27 11:07:07.698 10 INFO neutron.wsgi [None req-55f02076-907d-4fb1-b5a8-2054f9d33243 548881e8260b49ed8a0df53f34a28153 677628327e8144468db66c9bce6fd1c0 - - default default] 10.0.0.84 "GET /v2.0/extensions/qos-gateway-ip HTTP/1.1" status: 200 len: 391 time: 0.0046868
2026-05-27 11:07:07.698 9 INFO neutron.wsgi [None req-6b00d444-7b71-4dba-851d-3f4a7198ed67 9ebeae19060a4f3da720bd1b83b12641 b8719dd035514b4c936faa2effb72fc5 - - default default] 10.0.0.84 "GET /v2.0/ports/95adf45c-3762-4a5f-a27a-f962bbc63d3b HTTP/1.1" status: 200 len: 1147 time: 0.0674064
2026-05-27 11:07:07.706 10 INFO neutron.wsgi [None req-28afcf64-b8ae-4383-87dc-8bebeb8d23c8 0f8e63bc25a24b3ba65f5246cf53f255 432b1e5ab0df47cc93f694263eb1e0b1 - - default default] 10.0.0.84 "POST /v2.0/security-group-rules HTTP/1.1" status: 201 len: 796 time: 0.2340839
2026-05-27 11:07:07.714 9 INFO neutron.wsgi [None req-3156d60e-1b84-4e33-8e3f-a45de7c1d977 548881e8260b49ed8a0df53f34a28153 677628327e8144468db66c9bce6fd1c0 - - default default] 10.0.0.84 "GET /v2.0/extensions/qos-port-network-policy HTTP/1.1" status: 200 len: 403 time: 0.0092695
2026-05-27 11:07:07.715 10 WARNING neutron_lib.context [None req-aed86006-8810-43a2-9374-a10daaf436ea 0f8e63bc25a24b3ba65f5246cf53f255 432b1e5ab0df47cc93f694263eb1e0b1 - - default default] Method 'is_advsvc' is deprecated since 2023.2 release (neutron-lib 3.8.0) and will be removed once support for the old RBAC API policies will be removed from Neutron. Please use method 'is_service_role' instead.
2026-05-27 11:07:07.723 9 INFO neutron.wsgi [None req-7f17a62d-b244-4823-a015-ba4b5bab9b99 548881e8260b49ed8a0df53f34a28153 677628327e8144468db66c9bce6fd1c0 - - default default] 10.0.0.84 "GET /v2.0/extensions/qos-pps-minimum HTTP/1.1" status: 200 len: 397 time: 0.0049772
2026-05-27 11:07:07.729 9 INFO neutron.wsgi [req-a411fcf8-148d-4e38-8d42-616664641b4b req-893c32ea-dbd5-4499-985c-ceb20359c764 693091555f6740baafffaa2f7f4ea397 248d8773a23e46fa889f4d829e22ceae - - default default] 199.204.45.162 "GET /v2.0/ports?device_id=a3270047-0efe-4a94-8373-1358de09df2f&device_owner=compute%3Anova&network_id=32d828fd-b264-46a6-8063-fa0440024f74 HTTP/1.1" status: 200 len: 1174 time: 0.0722101
2026-05-27 11:07:07.733 10 INFO neutron.wsgi [None req-d9f094dd-19e3-4aa2-9347-dbc1bbeacbdc 548881e8260b49ed8a0df53f34a28153 677628327e8144468db66c9bce6fd1c0 - - default default] 10.0.0.84 "GET /v2.0/extensions/qos-pps-minimum-rule-alias HTTP/1.1" status: 200 len: 471 time: 0.0053017
2026-05-27 11:07:07.742 10 INFO neutron.wsgi [None req-b15a3e66-b3e6-4aab-bf91-f2a1540e3002 548881e8260b49ed8a0df53f34a28153 677628327e8144468db66c9bce6fd1c0 - - default default] 10.0.0.84 "GET /v2.0/extensions/qos-pps HTTP/1.1" status: 200 len: 389 time: 0.0048091
2026-05-27 11:07:07.756 10 INFO neutron.wsgi [None req-a80df5a2-6d00-4025-9825-897df63bcd73 548881e8260b49ed8a0df53f34a28153 677628327e8144468db66c9bce6fd1c0 - - default default] 10.0.0.84 "GET /v2.0/extensions/qos-rule-type-details HTTP/1.1" status: 200 len: 423 time: 0.0080910
2026-05-27 11:07:07.768 9 INFO neutron.wsgi [None req-26390b13-26e1-4146-b996-66e25e00e570 548881e8260b49ed8a0df53f34a28153 677628327e8144468db66c9bce6fd1c0 - - default default] 10.0.0.84 "GET /v2.0/extensions/qos-rule-type-filter HTTP/1.1" status: 200 len: 567 time: 0.0068305
2026-05-27 11:07:07.777 9 INFO neutron.wsgi [None req-44a83be0-8d04-40b6-98db-b210f0b360e1 548881e8260b49ed8a0df53f34a28153 677628327e8144468db66c9bce6fd1c0 - - default default] 10.0.0.84 "GET /v2.0/extensions/qos-rules-alias HTTP/1.1" status: 200 len: 448 time: 0.0036249
2026-05-27 11:07:07.787 9 INFO neutron.wsgi [None req-48dc0808-4894-4f01-82fb-10f61ec757ee 548881e8260b49ed8a0df53f34a28153 677628327e8144468db66c9bce6fd1c0 - - default default] 10.0.0.84 "GET /v2.0/extensions/quota-check-limit HTTP/1.1" status: 200 len: 420 time: 0.0040553
2026-05-27 11:07:07.797 9 INFO neutron.wsgi [None req-f8a8ffa0-f3e1-45d5-8960-524737fcfffe 548881e8260b49ed8a0df53f34a28153 677628327e8144468db66c9bce6fd1c0 - - default default] 10.0.0.84 "GET /v2.0/extensions/quotas HTTP/1.1" status: 200 len: 386 time: 0.0050504
2026-05-27 11:07:07.810 9 INFO neutron.wsgi [None req-2287a0d0-7429-4f43-9971-5c412e712232 548881e8260b49ed8a0df53f34a28153 677628327e8144468db66c9bce6fd1c0 - - default default] 10.0.0.84 "GET /v2.0/extensions/quota_details HTTP/1.1" status: 200 len: 407 time: 0.0079005
2026-05-27 11:07:07.822 9 INFO neutron.wsgi [None req-6ca8b5aa-ce09-42cc-886d-3a13f64fcf27 548881e8260b49ed8a0df53f34a28153 677628327e8144468db66c9bce6fd1c0 - - default default] 10.0.0.84 "GET /v2.0/extensions/rbac-policies HTTP/1.1" status: 200 len: 417 time: 0.0063219
2026-05-27 11:07:07.833 9 INFO neutron.wsgi [None req-401d42ab-02fc-4e0f-8b16-4c2a95ccf01a 548881e8260b49ed8a0df53f34a28153 677628327e8144468db66c9bce6fd1c0 - - default default] 10.0.0.84 "GET /v2.0/extensions/rbac-address-scope HTTP/1.1" status: 200 len: 384 time: 0.0062735
2026-05-27 11:07:07.844 9 INFO neutron.wsgi [None req-43cf709c-8371-4b0a-81af-90e2278d027b 548881e8260b49ed8a0df53f34a28153 677628327e8144468db66c9bce6fd1c0 - - default default] 10.0.0.84 "GET /v2.0/extensions/rbac-security-groups HTTP/1.1" status: 200 len: 404 time: 0.0062823
2026-05-27 11:07:07.855 10 INFO neutron.wsgi [None req-77dbdfa5-b074-494f-8e40-75621b3fa351 548881e8260b49ed8a0df53f34a28153 677628327e8144468db66c9bce6fd1c0 - - default default] 10.0.0.84 "GET /v2.0/extensions/revision-if-match HTTP/1.1" status: 200 len: 441 time: 0.0049307
2026-05-27 11:07:07.867 9 INFO neutron.wsgi [None req-214d2a75-971a-4923-ae1d-2ae469c960d8 548881e8260b49ed8a0df53f34a28153 677628327e8144468db66c9bce6fd1c0 - - default default] 10.0.0.84 "GET /v2.0/extensions/standard-attr-revisions HTTP/1.1" status: 200 len: 423 time: 0.0072069
2026-05-27 11:07:07.869 10 INFO neutron.db.ovn_revision_numbers_db [None req-aed86006-8810-43a2-9374-a10daaf436ea 0f8e63bc25a24b3ba65f5246cf53f255 432b1e5ab0df47cc93f694263eb1e0b1 - - default default] Successfully bumped revision number for resource f9b82acc-8e54-484e-be92-b1c97eaf93c9 (type: security_group_rules) to 0
2026-05-27 11:07:07.883 9 INFO neutron.wsgi [None req-3eab012b-f219-4a45-a10d-faa5641af49d 548881e8260b49ed8a0df53f34a28153 677628327e8144468db66c9bce6fd1c0 - - default default] 10.0.0.84 "GET /v2.0/extensions/router_availability_zone HTTP/1.1" status: 200 len: 391 time: 0.0090992
2026-05-27 11:07:07.896 9 INFO neutron.wsgi [None req-9b595330-6031-40de-94a6-082d27a058c3 548881e8260b49ed8a0df53f34a28153 677628327e8144468db66c9bce6fd1c0 - - default default] 10.0.0.84 "GET /v2.0/extensions/security-groups-default-rules HTTP/1.1" status: 200 len: 456 time: 0.0070398
2026-05-27 11:07:07.924 9 INFO neutron.wsgi [None req-c40e430d-c35b-46a9-9061-81ecd85a2367 548881e8260b49ed8a0df53f34a28153 677628327e8144468db66c9bce6fd1c0 - - default default] 10.0.0.84 "GET /v2.0/extensions/security-groups-normalized-cidr HTTP/1.1" status: 200 len: 445 time: 0.0074582
2026-05-27 11:07:07.933 10 INFO neutron.wsgi [None req-aed86006-8810-43a2-9374-a10daaf436ea 0f8e63bc25a24b3ba65f5246cf53f255 432b1e5ab0df47cc93f694263eb1e0b1 - - default default] 10.0.0.84 "POST /v2.0/security-group-rules HTTP/1.1" status: 201 len: 801 time: 0.2222655
2026-05-27 11:07:07.936 9 INFO neutron.wsgi [None req-0a5c897f-c481-4242-9c4c-583e46d8c346 548881e8260b49ed8a0df53f34a28153 677628327e8144468db66c9bce6fd1c0 - - default default] 10.0.0.84 "GET /v2.0/extensions/security-groups-remote-address-group HTTP/1.1" status: 200 len: 448 time: 0.0055499
2026-05-27 11:07:07.942 10 WARNING neutron_lib.context [None req-2a497165-98d9-429e-8a0d-e9620625d540 0f8e63bc25a24b3ba65f5246cf53f255 432b1e5ab0df47cc93f694263eb1e0b1 - - default default] Method 'is_advsvc' is deprecated since 2023.2 release (neutron-lib 3.8.0) and will be removed once support for the old RBAC API policies will be removed from Neutron. Please use method 'is_service_role' instead.
2026-05-27 11:07:07.950 9 INFO neutron.wsgi [None req-0936d047-1e1d-4cab-8bbb-dee057c6204f 548881e8260b49ed8a0df53f34a28153 677628327e8144468db66c9bce6fd1c0 - - default default] 10.0.0.84 "GET /v2.0/extensions/security-groups-rules-belongs-to-default-sg HTTP/1.1" status: 200 len: 508 time: 0.0074883
2026-05-27 11:07:07.959 10 INFO neutron.wsgi [None req-79ec0147-0df3-4d74-9306-f162f87082a9 548881e8260b49ed8a0df53f34a28153 677628327e8144468db66c9bce6fd1c0 - - default default] 10.0.0.84 "GET /v2.0/extensions/security-groups-shared-filtering HTTP/1.1" status: 200 len: 435 time: 0.0054634
2026-05-27 11:07:07.968 10 INFO neutron.wsgi [None req-83b6fd59-a72f-4719-99e6-6994de021416 548881e8260b49ed8a0df53f34a28153 677628327e8144468db66c9bce6fd1c0 - - default default] 10.0.0.84 "GET /v2.0/extensions/security-group HTTP/1.1" status: 200 len: 364 time: 0.0036788
2026-05-27 11:07:07.980 10 INFO neutron.wsgi [None req-66adbe98-8830-477f-bfb4-22f437aa4b49 548881e8260b49ed8a0df53f34a28153 677628327e8144468db66c9bce6fd1c0 - - default default] 10.0.0.84 "GET /v2.0/extensions/segment HTTP/1.1" status: 200 len: 339 time: 0.0080822
2026-05-27 11:07:07.992 9 INFO neutron.wsgi [None req-c8e8670d-4ca6-4d22-ab96-8d29311dbb50 548881e8260b49ed8a0df53f34a28153 677628327e8144468db66c9bce6fd1c0 - - default default] 10.0.0.84 "GET /v2.0/extensions/segments-peer-subnet-host-routes HTTP/1.1" status: 200 len: 427 time: 0.0074143
2026-05-27 11:07:08.000 9 INFO neutron.wsgi [None req-edf0e056-e17a-4144-9241-cb3423436429 548881e8260b49ed8a0df53f34a28153 677628327e8144468db66c9bce6fd1c0 - - default default] 10.0.0.84 "GET /v2.0/extensions/service-type HTTP/1.1" status: 200 len: 415 time: 0.0044684
2026-05-27 11:07:08.012 10 INFO neutron.wsgi [None req-1d222a7a-c3f7-49e5-bf36-08ce8eac49d3 548881e8260b49ed8a0df53f34a28153 677628327e8144468db66c9bce6fd1c0 - - default default] 10.0.0.84 "GET /v2.0/extensions/sorting HTTP/1.1" status: 200 len: 377 time: 0.0062151
2026-05-27 11:07:08.020 9 INFO neutron.wsgi [None req-93143001-38a5-4465-bb77-1b085a9bb73e 548881e8260b49ed8a0df53f34a28153 677628327e8144468db66c9bce6fd1c0 - - default default] 10.0.0.84 "GET /v2.0/extensions/standard-attr-segment HTTP/1.1" status: 200 len: 406 time: 0.0047295
2026-05-27 11:07:08.032 10 INFO neutron.wsgi [None req-85f7d043-7f0f-4733-b697-c8275739df90 548881e8260b49ed8a0df53f34a28153 677628327e8144468db66c9bce6fd1c0 - - default default] 10.0.0.84 "GET /v2.0/extensions/standard-attr-description HTTP/1.1" status: 200 len: 408 time: 0.0071666
2026-05-27 11:07:08.043 10 INFO neutron.wsgi [None req-f62dbab1-d4b2-4c1d-bee3-bc74050c3137 548881e8260b49ed8a0df53f34a28153 677628327e8144468db66c9bce6fd1c0 - - default default] 10.0.0.84 "GET /v2.0/extensions/stateful-security-group HTTP/1.1" status: 200 len: 402 time: 0.0045371
2026-05-27 11:07:08.055 10 INFO neutron.wsgi [None req-c91e74bc-ac2e-4cd6-bbae-94cfd7d0b457 548881e8260b49ed8a0df53f34a28153 677628327e8144468db66c9bce6fd1c0 - - default default] 10.0.0.84 "GET /v2.0/extensions/subnet-dns-publish-fixed-ip HTTP/1.1" status: 200 len: 421 time: 0.0061741
2026-05-27 11:07:08.067 9 INFO neutron.wsgi [None req-9f268b72-ea5b-4dc4-aee4-967fc3cc539e 548881e8260b49ed8a0df53f34a28153 677628327e8144468db66c9bce6fd1c0 - - default default] 10.0.0.84 "GET /v2.0/extensions/subnet-segmentid-writable HTTP/1.1" status: 200 len: 421 time: 0.0092559
2026-05-27 11:07:08.077 10 INFO neutron.wsgi [None req-af396949-0b65-42e1-ab05-720930e85cde 548881e8260b49ed8a0df53f34a28153 677628327e8144468db66c9bce6fd1c0 - - default default] 10.0.0.84 "GET /v2.0/extensions/subnet-service-types HTTP/1.1" status: 200 len: 400 time: 0.0051923
2026-05-27 11:07:08.086 9 INFO neutron.wsgi [None req-73a1a2c8-7a0b-4b6e-962d-d708fa587211 548881e8260b49ed8a0df53f34a28153 677628327e8144468db66c9bce6fd1c0 - - default default] 10.0.0.84 "GET /v2.0/extensions/subnet_allocation HTTP/1.1" status: 200 len: 388 time: 0.0051966
2026-05-27 11:07:08.098 10 INFO neutron.wsgi [None req-adacb87b-137a-44e1-9caa-0ba45dcbea52 548881e8260b49ed8a0df53f34a28153 677628327e8144468db66c9bce6fd1c0 - - default default] 10.0.0.84 "GET /v2.0/extensions/subnetpool-prefix-ops HTTP/1.1" status: 200 len: 418 time: 0.0092585
2026-05-27 11:07:08.109 10 INFO neutron.wsgi [None req-1242bfa8-bd22-4559-a5cf-45bdf7f0ba62 548881e8260b49ed8a0df53f34a28153 677628327e8144468db66c9bce6fd1c0 - - default default] 10.0.0.84 "GET /v2.0/extensions/standard-attr-tag HTTP/1.1" status: 200 len: 537 time: 0.0048957
2026-05-27 11:07:08.118 10 INFO neutron.wsgi [None req-d1962f1b-54c4-4f49-bb1a-24a7b8ab4e20 548881e8260b49ed8a0df53f34a28153 677628327e8144468db66c9bce6fd1c0 - - default default] 10.0.0.84 "GET /v2.0/extensions/standard-attr-timestamp HTTP/1.1" status: 200 len: 449 time: 0.0041189
2026-05-27 11:07:08.127 9 INFO neutron.wsgi [None req-a4cb89a3-2597-4d04-9e6e-45b6a7ab65b0 548881e8260b49ed8a0df53f34a28153 677628327e8144468db66c9bce6fd1c0 - - default default] 10.0.0.84 "GET /v2.0/extensions/trunk HTTP/1.1" status: 200 len: 358 time: 0.0055885
2026-05-27 11:07:08.136 10 INFO neutron.wsgi [None req-e9d69e57-f21f-4941-9bd2-d3b6c6587e9d 548881e8260b49ed8a0df53f34a28153 677628327e8144468db66c9bce6fd1c0 - - default default] 10.0.0.84 "GET /v2.0/extensions/trunk-details HTTP/1.1" status: 200 len: 362 time: 0.0048952
2026-05-27 11:07:08.143 10 INFO neutron.wsgi [None req-4146da78-29aa-4a0c-97d7-efbab342cf8d 548881e8260b49ed8a0df53f34a28153 677628327e8144468db66c9bce6fd1c0 - - default default] 10.0.0.84 "GET /v2.0/extensions/vpn-agent-scheduler HTTP/1.1" status: 200 len: 393 time: 0.0033956
2026-05-27 11:07:08.153 10 INFO neutron.wsgi [None req-adacf6ff-7587-449d-a8dc-60a4260c614e 548881e8260b49ed8a0df53f34a28153 677628327e8144468db66c9bce6fd1c0 - - default default] 10.0.0.84 "GET /v2.0/extensions/vpn-endpoint-groups HTTP/1.1" status: 200 len: 371 time: 0.0039952
2026-05-27 11:07:08.166 9 INFO neutron.wsgi [None req-0aa7b76e-dd23-44a8-9a8f-c3dfd3c51636 548881e8260b49ed8a0df53f34a28153 677628327e8144468db66c9bce6fd1c0 - - default default] 10.0.0.84 "GET /v2.0/extensions/vpn-flavors HTTP/1.1" status: 200 len: 376 time: 0.0093741
2026-05-27 11:07:08.176 9 INFO neutron.wsgi [None req-3ca91c1f-d194-4c6c-9e2a-26e95273a665 548881e8260b49ed8a0df53f34a28153 677628327e8144468db66c9bce6fd1c0 - - default default] 10.0.0.84 "GET /v2.0/extensions/vpnaas HTTP/1.1" status: 200 len: 348 time: 0.0057220
2026-05-27 11:07:08.279 10 WARNING neutron.scheduler.dhcp_agent_scheduler [None req-2a497165-98d9-429e-8a0d-e9620625d540 0f8e63bc25a24b3ba65f5246cf53f255 432b1e5ab0df47cc93f694263eb1e0b1 - - default default] No more DHCP agents
2026-05-27 11:07:08.282 10 WARNING neutron.api.rpc.agentnotifiers.dhcp_rpc_agent_api [None req-2a497165-98d9-429e-8a0d-e9620625d540 0f8e63bc25a24b3ba65f5246cf53f255 432b1e5ab0df47cc93f694263eb1e0b1 - - default default] Unable to schedule network 889b54fb-2d9e-49fa-a546-7ad775c9e91b: no agents available; will retry on subsequent port and subnet creation events.
2026-05-27 11:07:08.384 9 INFO neutron.db.ovn_revision_numbers_db [req-a411fcf8-148d-4e38-8d42-616664641b4b req-2f7c72d9-4a4f-4355-91de-e3b98cacc76f 693091555f6740baafffaa2f7f4ea397 248d8773a23e46fa889f4d829e22ceae - - default default] Successfully bumped revision number for resource e506e115-6b78-4a3d-92aa-b064e4fd94a6 (type: ports) to 5
2026-05-27 11:07:08.400 9 INFO neutron.wsgi [req-a411fcf8-148d-4e38-8d42-616664641b4b req-2f7c72d9-4a4f-4355-91de-e3b98cacc76f 693091555f6740baafffaa2f7f4ea397 248d8773a23e46fa889f4d829e22ceae - - default default] 199.204.45.162 "PUT /v2.0/ports/e506e115-6b78-4a3d-92aa-b064e4fd94a6 HTTP/1.1" status: 200 len: 1353 time: 0.6663241 /var/lib/openstack/lib/python3.10/site-packages/pycadf/identifier.py:71: UserWarning: Invalid uuid: neutron. To ensure interoperability, identifiers should be a valid uuid. warnings.warn(('Invalid uuid: %s. To ensure interoperability, '
2026-05-27 11:07:08.434 9 INFO neutron.notifiers.nova [-] Nova event matching ['req-977ace20-1569-4af7-881c-714009d9ce45'] response: {'name': 'network-changed', 'server_uuid': 'a3270047-0efe-4a94-8373-1358de09df2f', 'tag': 'e506e115-6b78-4a3d-92aa-b064e4fd94a6', 'status': 'completed', 'code': 200}
2026-05-27 11:07:08.468 9 INFO neutron.wsgi [req-a411fcf8-148d-4e38-8d42-616664641b4b req-6ee50d5e-e7d7-4678-8186-d4231ea71c43 6ad2f9c6bd58468b8972b32735195f49 b40dde6a184a4253b6b0776f9cd0ff14 - - 953328afc94a4e639b890b596b2a54aa 953328afc94a4e639b890b596b2a54aa] 199.204.45.162 "GET /v2.0/ports?tenant_id=248d8773a23e46fa889f4d829e22ceae&device_id=a3270047-0efe-4a94-8373-1358de09df2f HTTP/1.1" status: 200 len: 1594 time: 0.0482159
2026-05-27 11:07:08.545 9 INFO neutron.wsgi [req-a411fcf8-148d-4e38-8d42-616664641b4b req-3b1bbf79-86c8-4e9d-b051-92541d073f62 6ad2f9c6bd58468b8972b32735195f49 b40dde6a184a4253b6b0776f9cd0ff14 - - 953328afc94a4e639b890b596b2a54aa 953328afc94a4e639b890b596b2a54aa] 199.204.45.162 "GET /v2.0/networks?id=32d828fd-b264-46a6-8063-fa0440024f74 HTTP/1.1" status: 200 len: 981 time: 0.0657861
2026-05-27 11:07:08.581 9 INFO neutron.wsgi [req-a411fcf8-148d-4e38-8d42-616664641b4b req-3ce0674e-af03-4499-b643-e74029b39127 6ad2f9c6bd58468b8972b32735195f49 b40dde6a184a4253b6b0776f9cd0ff14 - - 953328afc94a4e639b890b596b2a54aa 953328afc94a4e639b890b596b2a54aa] 199.204.45.162 "GET /v2.0/floatingips?fixed_ip_address=10.100.0.11&port_id=e506e115-6b78-4a3d-92aa-b064e4fd94a6 HTTP/1.1" status: 200 len: 217 time: 0.0320218
2026-05-27 11:07:08.605 10 INFO neutron.wsgi [None req-2a497165-98d9-429e-8a0d-e9620625d540 0f8e63bc25a24b3ba65f5246cf53f255 432b1e5ab0df47cc93f694263eb1e0b1 - - default default] 10.0.0.84 "POST /v2.0/floatingips HTTP/1.1" status: 201 len: 751 time: 0.6681931
2026-05-27 11:07:08.635 9 INFO neutron.wsgi [req-a411fcf8-148d-4e38-8d42-616664641b4b req-9e625c38-962d-4f8d-b5fe-c9bd9fc894b6 6ad2f9c6bd58468b8972b32735195f49 b40dde6a184a4253b6b0776f9cd0ff14 - - 953328afc94a4e639b890b596b2a54aa 953328afc94a4e639b890b596b2a54aa] 199.204.45.162 "GET /v2.0/floatingips?fixed_ip_address=10.100.0.12&port_id=e506e115-6b78-4a3d-92aa-b064e4fd94a6 HTTP/1.1" status: 200 len: 1060 time: 0.0509591
2026-05-27 11:07:08.677 9 INFO neutron.wsgi [req-a411fcf8-148d-4e38-8d42-616664641b4b req-a84c50ba-f9c4-4d04-8121-eb9284e03792 6ad2f9c6bd58468b8972b32735195f49 b40dde6a184a4253b6b0776f9cd0ff14 - - 953328afc94a4e639b890b596b2a54aa 953328afc94a4e639b890b596b2a54aa] 199.204.45.162 "GET /v2.0/subnets?id=d9b8e115-6b85-429a-a471-dd6ade5ccc0f HTTP/1.1" status: 200 len: 876 time: 0.0375946
2026-05-27 11:07:08.712 9 INFO neutron.wsgi [req-a411fcf8-148d-4e38-8d42-616664641b4b req-0e21740f-4e46-4b9c-9980-f306d25c3f7d 6ad2f9c6bd58468b8972b32735195f49 b40dde6a184a4253b6b0776f9cd0ff14 - - 953328afc94a4e639b890b596b2a54aa 953328afc94a4e639b890b596b2a54aa] 199.204.45.162 "GET /v2.0/ports?network_id=32d828fd-b264-46a6-8063-fa0440024f74&device_owner=network%3Adhcp HTTP/1.1" status: 200 len: 210 time: 0.0274932
2026-05-27 11:07:08.751 10 INFO neutron.wsgi [None req-6fc73c19-7317-4d03-a14d-2c52ed970810 9ebeae19060a4f3da720bd1b83b12641 b8719dd035514b4c936faa2effb72fc5 - - default default] 10.0.0.84 "GET /v2.0/ports/95adf45c-3762-4a5f-a27a-f962bbc63d3b HTTP/1.1" status: 200 len: 1147 time: 0.0462656
2026-05-27 11:07:08.796 9 INFO neutron.wsgi [req-a411fcf8-148d-4e38-8d42-616664641b4b req-97a5b6f7-07eb-482c-b5bc-517d22c30976 6ad2f9c6bd58468b8972b32735195f49 b40dde6a184a4253b6b0776f9cd0ff14 - - 953328afc94a4e639b890b596b2a54aa 953328afc94a4e639b890b596b2a54aa] 199.204.45.162 "GET /v2.0/networks/32d828fd-b264-46a6-8063-fa0440024f74?fields=segments HTTP/1.1" status: 200 len: 212 time: 0.0730650
2026-05-27 11:07:08.863 9 INFO neutron.wsgi [req-a411fcf8-148d-4e38-8d42-616664641b4b req-f2a9268f-db88-49e0-a9ff-bb4b051fd7d7 6ad2f9c6bd58468b8972b32735195f49 b40dde6a184a4253b6b0776f9cd0ff14 - - 953328afc94a4e639b890b596b2a54aa 953328afc94a4e639b890b596b2a54aa] 199.204.45.162 "GET /v2.0/networks/32d828fd-b264-46a6-8063-fa0440024f74?fields=provider%3Aphysical_network&fields=provider%3Anetwork_type HTTP/1.1" status: 200 len: 277 time: 0.0625277
2026-05-27 11:07:08.954 10 INFO neutron.wsgi [-] 10.0.0.52 "GET / HTTP/1.1" status: 200 len: 246 time: 0.0016925
2026-05-27 11:07:08.956 10 INFO neutron.wsgi [-] 10.0.0.52 "GET / HTTP/1.1" status: 200 len: 246 time: 0.0011892
2026-05-27 11:07:08.990 9 INFO neutron.wsgi [req-68188114-a0d8-4c4e-aec9-546b5868a4e2 req-0d72deb0-8a7a-4b13-b003-90cfe2c0e56a 6ad2f9c6bd58468b8972b32735195f49 b40dde6a184a4253b6b0776f9cd0ff14 - - 953328afc94a4e639b890b596b2a54aa 953328afc94a4e639b890b596b2a54aa] 199.204.45.162 "GET /v2.0/ports?tenant_id=248d8773a23e46fa889f4d829e22ceae&device_id=a3270047-0efe-4a94-8373-1358de09df2f HTTP/1.1" status: 200 len: 1594 time: 0.0609016
2026-05-27 11:07:08.994 9 WARNING neutron.plugins.ml2.drivers.ovn.mech_driver.ovsdb.ovn_client [None req-ee35cc8e-2494-4aec-bb7d-18c8763f3d77 - - - - - -] No hosting information found for port 6a849bac-bb06-408f-90f9-85215809b11b: RuntimeError: No hosting information found for port 6a849bac-bb06-408f-90f9-85215809b11b
2026-05-27 11:07:08.994 9 INFO neutron.plugins.ml2.drivers.ovn.mech_driver.mech_driver [None req-ee35cc8e-2494-4aec-bb7d-18c8763f3d77 - - - - - -] OVN reports status up for port: 95adf45c-3762-4a5f-a27a-f962bbc63d3b
2026-05-27 11:07:09.004 10 INFO neutron.db.ovn_revision_numbers_db [None req-fa9debdd-bea6-4145-ad10-c4d85fc188f2 c0691106f4444cb7adef7b06bf26702c 790fbbe6b6384654a65bb31eb4bfac6f - - default default] Successfully bumped revision number for resource 0e758b83-a901-4bd2-baff-3b763f4cc55d (type: security_groups) to 1
2026-05-27 11:07:09.008 9 INFO neutron.plugins.ml2.plugin [None req-ee35cc8e-2494-4aec-bb7d-18c8763f3d77 - - - - - -] Attempt 1 to provision port 95adf45c-3762-4a5f-a27a-f962bbc63d3b
2026-05-27 11:07:09.018 10 INFO neutron.db.ovn_revision_numbers_db [None req-fa9debdd-bea6-4145-ad10-c4d85fc188f2 c0691106f4444cb7adef7b06bf26702c 790fbbe6b6384654a65bb31eb4bfac6f - - default default] Successfully bumped revision number for resource 2f036d1d-75e5-4235-b7bb-f3ab4c82f84b (type: security_group_rules) to 0
2026-05-27 11:07:09.033 10 INFO neutron.db.ovn_revision_numbers_db [None req-fa9debdd-bea6-4145-ad10-c4d85fc188f2 c0691106f4444cb7adef7b06bf26702c 790fbbe6b6384654a65bb31eb4bfac6f - - default default] Successfully bumped revision number for resource 5a9cc027-0a37-4525-a1b3-3bd4e824d8c8 (type: security_group_rules) to 0
2026-05-27 11:07:09.049 10 INFO neutron.db.ovn_revision_numbers_db [None req-fa9debdd-bea6-4145-ad10-c4d85fc188f2 c0691106f4444cb7adef7b06bf26702c 790fbbe6b6384654a65bb31eb4bfac6f - - default default] Successfully bumped revision number for resource a592eac9-49c8-4167-b36e-3416e7ad6a0f (type: security_group_rules) to 0
2026-05-27 11:07:09.062 10 INFO neutron.db.ovn_revision_numbers_db [None req-fa9debdd-bea6-4145-ad10-c4d85fc188f2 c0691106f4444cb7adef7b06bf26702c 790fbbe6b6384654a65bb31eb4bfac6f - - default default] Successfully bumped revision number for resource c72d193a-5094-45e3-8d87-921ba72b0ab3 (type: security_group_rules) to 0
2026-05-27 11:07:09.101 9 INFO neutron.wsgi [req-68188114-a0d8-4c4e-aec9-546b5868a4e2 req-589d3bd9-8a54-4fab-b058-88433b45e9d0 6ad2f9c6bd58468b8972b32735195f49 b40dde6a184a4253b6b0776f9cd0ff14 - - 953328afc94a4e639b890b596b2a54aa 953328afc94a4e639b890b596b2a54aa] 199.204.45.162 "GET /v2.0/networks?id=32d828fd-b264-46a6-8063-fa0440024f74 HTTP/1.1" status: 200 len: 981 time: 0.1039991
2026-05-27 11:07:09.106 10 INFO neutron.wsgi [None req-fa9debdd-bea6-4145-ad10-c4d85fc188f2 c0691106f4444cb7adef7b06bf26702c 790fbbe6b6384654a65bb31eb4bfac6f - - default default] 10.0.0.84 "GET /v2.0/security-groups?tenant_id=677628327e8144468db66c9bce6fd1c0&name=default HTTP/1.1" status: 200 len: 3120 time: 0.3733733
2026-05-27 11:07:09.142 9 INFO neutron.wsgi [req-68188114-a0d8-4c4e-aec9-546b5868a4e2 req-1d9373e0-57e2-496b-bba3-41fbf0b942bc 6ad2f9c6bd58468b8972b32735195f49 b40dde6a184a4253b6b0776f9cd0ff14 - - 953328afc94a4e639b890b596b2a54aa 953328afc94a4e639b890b596b2a54aa] 199.204.45.162 "GET /v2.0/floatingips?fixed_ip_address=10.100.0.11&port_id=e506e115-6b78-4a3d-92aa-b064e4fd94a6 HTTP/1.1" status: 200 len: 217 time: 0.0330594
2026-05-27 11:07:09.150 9 INFO neutron.wsgi [req-2c11d716-a9f2-491f-b40c-d0435d27842e req-a81d9508-d00a-46c0-be4d-3d82846b161f 0f8e63bc25a24b3ba65f5246cf53f255 432b1e5ab0df47cc93f694263eb1e0b1 - - default default] 10.0.0.56 "GET /v2.0/security-groups?name=tempest-securitygroup--154667031&fields=id&tenant_id=432b1e5ab0df47cc93f694263eb1e0b1 HTTP/1.1" status: 200 len: 267 time: 0.0845089
2026-05-27 11:07:09.245 9 INFO neutron.wsgi [req-68188114-a0d8-4c4e-aec9-546b5868a4e2 req-df5c6373-e810-48ae-b2eb-b8d88332b80f 6ad2f9c6bd58468b8972b32735195f49 b40dde6a184a4253b6b0776f9cd0ff14 - - 953328afc94a4e639b890b596b2a54aa 953328afc94a4e639b890b596b2a54aa] 199.204.45.162 "GET /v2.0/floatingips?fixed_ip_address=10.100.0.12&port_id=e506e115-6b78-4a3d-92aa-b064e4fd94a6 HTTP/1.1" status: 200 len: 1060 time: 0.0941255
2026-05-27 11:07:09.278 9 INFO neutron.wsgi [req-2c11d716-a9f2-491f-b40c-d0435d27842e req-8dd730b1-25ba-4481-aa89-af54a4ea1d21 0f8e63bc25a24b3ba65f5246cf53f255 432b1e5ab0df47cc93f694263eb1e0b1 - - default default] 10.0.0.56 "GET /v2.0/networks?id=e99886b6-2886-466f-945d-fd77077f6722 HTTP/1.1" status: 200 len: 875 time: 0.1202874
2026-05-27 11:07:09.316 9 INFO neutron.wsgi [req-2c11d716-a9f2-491f-b40c-d0435d27842e req-5b30aa50-6286-48a4-9d0e-7784e875e290 0f8e63bc25a24b3ba65f5246cf53f255 432b1e5ab0df47cc93f694263eb1e0b1 - - default default] 10.0.0.56 "GET /v2.0/quotas/432b1e5ab0df47cc93f694263eb1e0b1 HTTP/1.1" status: 200 len: 491 time: 0.0301011
2026-05-27 11:07:09.332 10 INFO neutron.wsgi [None req-ebc45c61-e0c3-4e78-a7ab-a3d93626dc96 c0691106f4444cb7adef7b06bf26702c 790fbbe6b6384654a65bb31eb4bfac6f - - default default] 10.0.0.84 "DELETE /v2.0/security-groups/0e758b83-a901-4bd2-baff-3b763f4cc55d HTTP/1.1" status: 204 len: 168 time: 0.2213526
2026-05-27 11:07:09.336 9 INFO neutron.wsgi [req-68188114-a0d8-4c4e-aec9-546b5868a4e2 req-683299b5-a93c-4948-90c6-d64a0fd1b8f7 6ad2f9c6bd58468b8972b32735195f49 b40dde6a184a4253b6b0776f9cd0ff14 - - 953328afc94a4e639b890b596b2a54aa 953328afc94a4e639b890b596b2a54aa] 199.204.45.162 "GET /v2.0/subnets?id=d9b8e115-6b85-429a-a471-dd6ade5ccc0f HTTP/1.1" status: 200 len: 876 time: 0.0729017
2026-05-27 11:07:09.370 9 INFO neutron.wsgi [req-68188114-a0d8-4c4e-aec9-546b5868a4e2 req-da5db500-7770-4fab-854a-d7d904d3d9c5 6ad2f9c6bd58468b8972b32735195f49 b40dde6a184a4253b6b0776f9cd0ff14 - - 953328afc94a4e639b890b596b2a54aa 953328afc94a4e639b890b596b2a54aa] 199.204.45.162 "GET /v2.0/ports?network_id=32d828fd-b264-46a6-8063-fa0440024f74&device_owner=network%3Adhcp HTTP/1.1" status: 200 len: 210 time: 0.0244853
2026-05-27 11:07:09.480 9 INFO neutron.wsgi [req-2c11d716-a9f2-491f-b40c-d0435d27842e req-c7aad813-8e7d-4c73-ba3c-b71cb57f51b2 0f8e63bc25a24b3ba65f5246cf53f255 432b1e5ab0df47cc93f694263eb1e0b1 - - default default] 10.0.0.56 "GET /v2.0/ports?tenant_id=432b1e5ab0df47cc93f694263eb1e0b1&fields=id HTTP/1.1" status: 200 len: 302 time: 0.1558037
2026-05-27 11:07:09.485 9 INFO neutron.wsgi [req-68188114-a0d8-4c4e-aec9-546b5868a4e2 req-891dcbb7-8e8e-432f-b1f1-7e087f32ad6f 6ad2f9c6bd58468b8972b32735195f49 b40dde6a184a4253b6b0776f9cd0ff14 - - 953328afc94a4e639b890b596b2a54aa 953328afc94a4e639b890b596b2a54aa] 199.204.45.162 "GET /v2.0/networks/32d828fd-b264-46a6-8063-fa0440024f74?fields=segments HTTP/1.1" status: 200 len: 212 time: 0.0951192
2026-05-27 11:07:09.609 9 INFO neutron.wsgi [req-68188114-a0d8-4c4e-aec9-546b5868a4e2 req-f53aa4ff-5fbb-43aa-9cf3-bf0536b9d135 6ad2f9c6bd58468b8972b32735195f49 b40dde6a184a4253b6b0776f9cd0ff14 - - 953328afc94a4e639b890b596b2a54aa 953328afc94a4e639b890b596b2a54aa] 199.204.45.162 "GET /v2.0/networks/32d828fd-b264-46a6-8063-fa0440024f74?fields=provider%3Aphysical_network&fields=provider%3Anetwork_type HTTP/1.1" status: 200 len: 277 time: 0.1174395
2026-05-27 11:07:09.617 9 INFO neutron.wsgi [req-2c11d716-a9f2-491f-b40c-d0435d27842e req-faa88bba-7b30-4762-ae25-06c792e50cb6 6ad2f9c6bd58468b8972b32735195f49 b40dde6a184a4253b6b0776f9cd0ff14 - - 953328afc94a4e639b890b596b2a54aa 953328afc94a4e639b890b596b2a54aa] 10.0.0.56 "GET /v2.0/networks/e99886b6-2886-466f-945d-fd77077f6722?fields=segments HTTP/1.1" status: 200 len: 212 time: 0.1134815
