2026-05-27 11:08:10.774 9 INFO neutron.wsgi [req-2b43df2e-adc4-42c6-9d1f-895dfcfc27c1 req-0287c932-488d-49f8-95d4-4efb3ced7209 6ad2f9c6bd58468b8972b32735195f49 b40dde6a184a4253b6b0776f9cd0ff14 - - 953328afc94a4e639b890b596b2a54aa 953328afc94a4e639b890b596b2a54aa] 199.204.45.162 "PUT /v2.0/ports/6fcb03bb-3d1f-4522-987f-57dae716f1cf HTTP/1.1" status: 200 len: 1376 time: 0.9372478 /var/lib/openstack/lib/python3.10/site-packages/pycadf/identifier.py:71: UserWarning: Invalid uuid: neutron. To ensure interoperability, identifiers should be a valid uuid. warnings.warn(('Invalid uuid: %s. To ensure interoperability, '
2026-05-27 11:08:10.819 9 INFO neutron.notifiers.nova [-] Nova event matching ['req-cadf30df-6eff-402e-b81f-bc847b3d6932'] response: {'name': 'network-changed', 'server_uuid': 'eadb28d7-febd-4838-812c-cb8adad71dc2', 'tag': '6fcb03bb-3d1f-4522-987f-57dae716f1cf', 'status': 'completed', 'code': 200}
2026-05-27 11:08:10.859 9 INFO neutron.wsgi [req-2b43df2e-adc4-42c6-9d1f-895dfcfc27c1 req-1a32b0da-7621-4786-94e0-d97d3bfaad0a 6ad2f9c6bd58468b8972b32735195f49 b40dde6a184a4253b6b0776f9cd0ff14 - - 953328afc94a4e639b890b596b2a54aa 953328afc94a4e639b890b596b2a54aa] 199.204.45.162 "GET /v2.0/ports?tenant_id=3e3ec75d77854479acc91fdb39c2151c&device_id=eadb28d7-febd-4838-812c-cb8adad71dc2 HTTP/1.1" status: 200 len: 1407 time: 0.0474575
2026-05-27 11:08:10.891 9 INFO neutron.wsgi [req-2b43df2e-adc4-42c6-9d1f-895dfcfc27c1 req-e00213ac-d5a4-4fab-baaf-a45f1f03de86 6ad2f9c6bd58468b8972b32735195f49 b40dde6a184a4253b6b0776f9cd0ff14 - - 953328afc94a4e639b890b596b2a54aa 953328afc94a4e639b890b596b2a54aa] 199.204.45.162 "GET /v2.0/floatingips?fixed_ip_address=10.100.0.7&port_id=6fcb03bb-3d1f-4522-987f-57dae716f1cf HTTP/1.1" status: 200 len: 217 time: 0.0259473
2026-05-27 11:08:10.963 9 INFO neutron.wsgi [req-2b43df2e-adc4-42c6-9d1f-895dfcfc27c1 req-c4a0865a-aa69-457c-9b3d-e98d1a72b5b7 6ad2f9c6bd58468b8972b32735195f49 b40dde6a184a4253b6b0776f9cd0ff14 - - 953328afc94a4e639b890b596b2a54aa 953328afc94a4e639b890b596b2a54aa] 199.204.45.162 "GET /v2.0/subnets?id=2e69b267-03a0-42b1-94d1-ddef23fe79be HTTP/1.1" status: 200 len: 852 time: 0.0628321
2026-05-27 11:08:10.972 9 INFO neutron.wsgi [None req-2d374f01-fb96-4d34-aaba-6a3047f28f5d c0691106f4444cb7adef7b06bf26702c 790fbbe6b6384654a65bb31eb4bfac6f - - default default] 10.0.0.84 "PUT /v2.0/routers/35c39503-60b5-4198-9168-6bdfab801cd6/remove_router_interface HTTP/1.1" status: 200 len: 503 time: 1.8421669 /var/lib/openstack/lib/python3.10/site-packages/pycadf/identifier.py:71: UserWarning: Invalid uuid: neutron. To ensure interoperability, identifiers should be a valid uuid. warnings.warn(('Invalid uuid: %s. To ensure interoperability, '
2026-05-27 11:08:11.002 9 INFO neutron.wsgi [req-2b43df2e-adc4-42c6-9d1f-895dfcfc27c1 req-730b0d68-75e5-4ec8-8e77-345032164cea 6ad2f9c6bd58468b8972b32735195f49 b40dde6a184a4253b6b0776f9cd0ff14 - - 953328afc94a4e639b890b596b2a54aa 953328afc94a4e639b890b596b2a54aa] 199.204.45.162 "GET /v2.0/ports?network_id=7d15d26c-5fd8-492b-a435-23a6d71661ea&device_owner=network%3Adhcp HTTP/1.1" status: 200 len: 210 time: 0.0258863
2026-05-27 11:08:11.079 9 INFO neutron.wsgi [req-2b43df2e-adc4-42c6-9d1f-895dfcfc27c1 req-c6df3696-60ca-481e-b396-199b8b922487 6ad2f9c6bd58468b8972b32735195f49 b40dde6a184a4253b6b0776f9cd0ff14 - - 953328afc94a4e639b890b596b2a54aa 953328afc94a4e639b890b596b2a54aa] 199.204.45.162 "GET /v2.0/networks/7d15d26c-5fd8-492b-a435-23a6d71661ea?fields=segments HTTP/1.1" status: 200 len: 212 time: 0.0695999
2026-05-27 11:08:11.145 9 INFO neutron.wsgi [req-2b43df2e-adc4-42c6-9d1f-895dfcfc27c1 req-1e7d94bd-8c80-421f-9ecb-c67c89e3b023 6ad2f9c6bd58468b8972b32735195f49 b40dde6a184a4253b6b0776f9cd0ff14 - - 953328afc94a4e639b890b596b2a54aa 953328afc94a4e639b890b596b2a54aa] 199.204.45.162 "GET /v2.0/networks/7d15d26c-5fd8-492b-a435-23a6d71661ea?fields=provider%3Aphysical_network&fields=provider%3Anetwork_type HTTP/1.1" status: 200 len: 277 time: 0.0600183
2026-05-27 11:08:11.244 9 INFO neutron.wsgi [req-4a5f0d2c-44a0-4ca0-9b6a-b21800dcde5c req-7954488f-5734-4db4-8956-684ea154d8d0 6ad2f9c6bd58468b8972b32735195f49 b40dde6a184a4253b6b0776f9cd0ff14 - - 953328afc94a4e639b890b596b2a54aa 953328afc94a4e639b890b596b2a54aa] 199.204.45.162 "GET /v2.0/ports?tenant_id=3e3ec75d77854479acc91fdb39c2151c&device_id=eadb28d7-febd-4838-812c-cb8adad71dc2 HTTP/1.1" status: 200 len: 1407 time: 0.0471542
2026-05-27 11:08:11.348 9 INFO neutron.wsgi [req-4a5f0d2c-44a0-4ca0-9b6a-b21800dcde5c req-43dfe4ae-1444-4e1b-a6d4-4a3779353736 6ad2f9c6bd58468b8972b32735195f49 b40dde6a184a4253b6b0776f9cd0ff14 - - 953328afc94a4e639b890b596b2a54aa 953328afc94a4e639b890b596b2a54aa] 199.204.45.162 "GET /v2.0/networks?id=7d15d26c-5fd8-492b-a435-23a6d71661ea HTTP/1.1" status: 200 len: 957 time: 0.0952060
2026-05-27 11:08:11.393 10 INFO neutron.plugins.ml2.drivers.ovn.mech_driver.mech_driver [None req-f0e4303d-c993-4742-80bd-99375a17e647 - - - - - -] OVN reports status up for port: 6fcb03bb-3d1f-4522-987f-57dae716f1cf
2026-05-27 11:08:11.400 9 INFO neutron.wsgi [req-4a5f0d2c-44a0-4ca0-9b6a-b21800dcde5c req-61c09f1b-77e6-4ba6-bc33-3ed189289ca1 6ad2f9c6bd58468b8972b32735195f49 b40dde6a184a4253b6b0776f9cd0ff14 - - 953328afc94a4e639b890b596b2a54aa 953328afc94a4e639b890b596b2a54aa] 199.204.45.162 "GET /v2.0/floatingips?fixed_ip_address=10.100.0.7&port_id=6fcb03bb-3d1f-4522-987f-57dae716f1cf HTTP/1.1" status: 200 len: 217 time: 0.0397270
2026-05-27 11:08:11.408 10 INFO neutron.plugins.ml2.plugin [None req-f0e4303d-c993-4742-80bd-99375a17e647 - - - - - -] Attempt 1 to provision port 6fcb03bb-3d1f-4522-987f-57dae716f1cf
2026-05-27 11:08:11.453 9 INFO neutron.wsgi [req-1c03bdd1-4f90-4e52-9033-da59bd9259d0 req-500c84b1-d763-44ee-85eb-6baba2d7eb40 50a9aa2c3c2d46839c4ffa7349ae6738 3e3ec75d77854479acc91fdb39c2151c - - default default] 10.0.0.56 "GET /v2.0/ports?device_id=eadb28d7-febd-4838-812c-cb8adad71dc2 HTTP/1.1" status: 200 len: 1168 time: 0.0612459
2026-05-27 11:08:11.464 9 INFO neutron.wsgi [req-4a5f0d2c-44a0-4ca0-9b6a-b21800dcde5c req-a13f189c-3c83-4d5a-b321-9ca26b9aed93 6ad2f9c6bd58468b8972b32735195f49 b40dde6a184a4253b6b0776f9cd0ff14 - - 953328afc94a4e639b890b596b2a54aa 953328afc94a4e639b890b596b2a54aa] 199.204.45.162 "GET /v2.0/subnets?id=2e69b267-03a0-42b1-94d1-ddef23fe79be HTTP/1.1" status: 200 len: 852 time: 0.0516992
2026-05-27 11:08:11.508 9 INFO neutron.wsgi [req-4a5f0d2c-44a0-4ca0-9b6a-b21800dcde5c req-fe0f5079-0d90-4292-ab46-614f780aa7c8 6ad2f9c6bd58468b8972b32735195f49 b40dde6a184a4253b6b0776f9cd0ff14 - - 953328afc94a4e639b890b596b2a54aa 953328afc94a4e639b890b596b2a54aa] 199.204.45.162 "GET /v2.0/ports?network_id=7d15d26c-5fd8-492b-a435-23a6d71661ea&device_owner=network%3Adhcp HTTP/1.1" status: 200 len: 210 time: 0.0350749
2026-05-27 11:08:11.536 9 INFO neutron.wsgi [req-1c03bdd1-4f90-4e52-9033-da59bd9259d0 req-364cb12f-736a-4629-b207-c0140f49ffff 50a9aa2c3c2d46839c4ffa7349ae6738 3e3ec75d77854479acc91fdb39c2151c - - default default] 10.0.0.56 "GET /v2.0/security-groups?id=eb116cac-6115-4ffb-886b-6b2eff45db18&fields=id&fields=name HTTP/1.1" status: 200 len: 312 time: 0.0764391
2026-05-27 11:08:11.561 10 INFO neutron.notifiers.nova [-] Nova event matching ['req-48feb973-fef1-4710-8ec8-a497d1bdea58'] response: {'server_uuid': 'eadb28d7-febd-4838-812c-cb8adad71dc2', 'name': 'network-vif-plugged', 'status': 'completed', 'tag': '6fcb03bb-3d1f-4522-987f-57dae716f1cf', 'code': 200}
2026-05-27 11:08:11.591 9 INFO neutron.wsgi [req-4a5f0d2c-44a0-4ca0-9b6a-b21800dcde5c req-5b6d6c8f-28cb-4d00-b717-e4eb7cf27222 6ad2f9c6bd58468b8972b32735195f49 b40dde6a184a4253b6b0776f9cd0ff14 - - 953328afc94a4e639b890b596b2a54aa 953328afc94a4e639b890b596b2a54aa] 199.204.45.162 "GET /v2.0/networks/7d15d26c-5fd8-492b-a435-23a6d71661ea?fields=segments HTTP/1.1" status: 200 len: 212 time: 0.0745046
2026-05-27 11:08:11.676 9 INFO neutron.wsgi [req-4a5f0d2c-44a0-4ca0-9b6a-b21800dcde5c req-e2abc9bc-e9b4-4737-b7a2-598bdb16d947 6ad2f9c6bd58468b8972b32735195f49 b40dde6a184a4253b6b0776f9cd0ff14 - - 953328afc94a4e639b890b596b2a54aa 953328afc94a4e639b890b596b2a54aa] 199.204.45.162 "GET /v2.0/networks/7d15d26c-5fd8-492b-a435-23a6d71661ea?fields=provider%3Aphysical_network&fields=provider%3Anetwork_type HTTP/1.1" status: 200 len: 277 time: 0.0784779
2026-05-27 11:08:11.818 10 INFO neutron.db.ovn_revision_numbers_db [None req-f0e4303d-c993-4742-80bd-99375a17e647 - - - - - -] Successfully bumped revision number for resource 6fcb03bb-3d1f-4522-987f-57dae716f1cf (type: ports) to 4
2026-05-27 11:08:12.250 10 INFO neutron.wsgi [None req-8756684d-bf29-4a4b-8c2f-ff2c3b90d090 c0691106f4444cb7adef7b06bf26702c 790fbbe6b6384654a65bb31eb4bfac6f - - default default] 10.0.0.84 "DELETE /v2.0/routers/35c39503-60b5-4198-9168-6bdfab801cd6 HTTP/1.1" status: 204 len: 168 time: 1.2733393 /var/lib/openstack/lib/python3.10/site-packages/pycadf/identifier.py:71: UserWarning: Invalid uuid: neutron. To ensure interoperability, identifiers should be a valid uuid. warnings.warn(('Invalid uuid: %s. To ensure interoperability, '
2026-05-27 11:08:12.478 10 INFO neutron.wsgi [None req-685f5505-fdec-4c2a-bebc-cad597d9f2aa c0691106f4444cb7adef7b06bf26702c 790fbbe6b6384654a65bb31eb4bfac6f - - default default] 10.0.0.84 "DELETE /v2.0/subnets/9d839a02-42dd-4fdf-a290-17915303027f HTTP/1.1" status: 204 len: 168 time: 0.2221742
2026-05-27 11:08:12.745 9 INFO neutron.wsgi [req-b9bab289-8551-47f2-8b98-21d31ca58f9f req-0a5c6d57-f992-49fe-b5e8-191c989d0f76 50a9aa2c3c2d46839c4ffa7349ae6738 3e3ec75d77854479acc91fdb39c2151c - - default default] 10.0.0.56 "GET /v2.0/ports?device_id=eadb28d7-febd-4838-812c-cb8adad71dc2 HTTP/1.1" status: 200 len: 1170 time: 0.1349890
2026-05-27 11:08:12.829 9 INFO neutron.wsgi [req-b9bab289-8551-47f2-8b98-21d31ca58f9f req-0c3d5fba-c0fe-479c-8e36-17dde1855fcb 50a9aa2c3c2d46839c4ffa7349ae6738 3e3ec75d77854479acc91fdb39c2151c - - default default] 10.0.0.56 "GET /v2.0/security-groups?id=eb116cac-6115-4ffb-886b-6b2eff45db18&fields=id&fields=name HTTP/1.1" status: 200 len: 312 time: 0.0759430
2026-05-27 11:08:12.923 10 INFO neutron.services.segments.plugin [-] Segment 73167168-b74e-4468-b7ff-e9456f963a64 resource provider aggregate not found
2026-05-27 11:08:12.931 10 INFO neutron.services.segments.plugin [-] Segment 73167168-b74e-4468-b7ff-e9456f963a64 resource provider aggregate not found
2026-05-27 11:08:12.950 10 INFO neutron.services.segments.plugin [-] Segment 73167168-b74e-4468-b7ff-e9456f963a64 resource provider not found; error: Placement Client Error (4xx): {"errors": [{"status": 404, "title": "Not Found", "detail": "The resource could not be found.\n\n No resource provider with uuid 73167168-b74e-4468-b7ff-e9456f963a64 found for delete ", "request_id": "req-cafe4f78-d792-4f53-984a-f934cecd430d"}]}
2026-05-27 11:08:12.953 10 INFO neutron.services.segments.plugin [-] Segment 73167168-b74e-4468-b7ff-e9456f963a64 resource provider not found; error: Placement Client Error (4xx): {"errors": [{"status": 404, "title": "Not Found", "detail": "The resource could not be found.\n\n No resource provider with uuid 73167168-b74e-4468-b7ff-e9456f963a64 found for delete ", "request_id": "req-1ee0b9a0-305f-4068-86fe-533df40f2680"}]}
2026-05-27 11:08:12.971 10 INFO neutron.wsgi [None req-eedbda14-f220-4c6e-9b86-68ce559854c1 c0691106f4444cb7adef7b06bf26702c 790fbbe6b6384654a65bb31eb4bfac6f - - default default] 10.0.0.84 "DELETE /v2.0/networks/60411d56-be2c-4dc2-900d-f4bd475445d7 HTTP/1.1" status: 204 len: 168 time: 0.4876351
2026-05-27 11:08:12.994 9 INFO neutron.wsgi [req-d6205060-4d90-48db-a6d5-916c99843c82 req-8a61cb8c-9154-4c20-8826-bae2672e1c14 50a9aa2c3c2d46839c4ffa7349ae6738 3e3ec75d77854479acc91fdb39c2151c - - default default] 10.0.0.56 "GET /v2.0/ports?device_id=eadb28d7-febd-4838-812c-cb8adad71dc2 HTTP/1.1" status: 200 len: 1170 time: 0.0773954
2026-05-27 11:08:13.039 9 INFO neutron.wsgi [req-d6205060-4d90-48db-a6d5-916c99843c82 req-2d482d17-b670-4efa-84fa-f605ab6649ee 50a9aa2c3c2d46839c4ffa7349ae6738 3e3ec75d77854479acc91fdb39c2151c - - default default] 10.0.0.56 "GET /v2.0/security-groups?id=eb116cac-6115-4ffb-886b-6b2eff45db18&fields=id&fields=name HTTP/1.1" status: 200 len: 312 time: 0.0400047
2026-05-27 11:08:13.106 9 INFO neutron.wsgi [None req-f1d28a55-3944-4669-a06b-e274ef4256bf fc2e118be7204629967cb9406ba8e3e7 9a269674cda6408f951717f3b41ecf4e - - default default] 10.0.0.84 "GET /v2.0/ports?device_id=eadb28d7-febd-4838-812c-cb8adad71dc2 HTTP/1.1" status: 200 len: 1404 time: 0.0397930
2026-05-27 11:08:13.204 9 WARNING neutron_lib.context [None req-2481bcbb-818c-47e0-89aa-7defdca16f21 c3de467d8f194d5ba98075e2e064d730 86e19a091b804d00a5a6825624eed4aa - - default default] Method 'is_advsvc' is deprecated since 2023.2 release (neutron-lib 3.8.0) and will be removed once support for the old RBAC API policies will be removed from Neutron. Please use method 'is_service_role' instead.
2026-05-27 11:08:13.338 10 INFO neutron.wsgi [None req-2f893734-a982-437f-aa8a-e82fe2bec9e5 c0691106f4444cb7adef7b06bf26702c 790fbbe6b6384654a65bb31eb4bfac6f - - default default] 10.0.0.84 "GET /v2.0/security-groups?tenant_id=075074cfe03146bdbc8ffc765c72d355&name=default HTTP/1.1" status: 200 len: 3120 time: 0.0366080
2026-05-27 11:08:13.449 9 INFO neutron.db.ovn_revision_numbers_db [None req-2481bcbb-818c-47e0-89aa-7defdca16f21 c3de467d8f194d5ba98075e2e064d730 86e19a091b804d00a5a6825624eed4aa - - default default] Successfully bumped revision number for resource 637885ab-6814-4ae9-9a21-dbe51c82ddb8 (type: security_groups) to 1
2026-05-27 11:08:13.484 9 INFO neutron.db.ovn_revision_numbers_db [None req-2481bcbb-818c-47e0-89aa-7defdca16f21 c3de467d8f194d5ba98075e2e064d730 86e19a091b804d00a5a6825624eed4aa - - default default] Successfully bumped revision number for resource 6829b79d-eccb-4471-a873-c1db920f08cb (type: security_group_rules) to 0
2026-05-27 11:08:13.497 9 INFO neutron.db.ovn_revision_numbers_db [None req-2481bcbb-818c-47e0-89aa-7defdca16f21 c3de467d8f194d5ba98075e2e064d730 86e19a091b804d00a5a6825624eed4aa - - default default] Successfully bumped revision number for resource 724f4841-c270-41dc-a633-f34b5d60a9d8 (type: security_group_rules) to 0
2026-05-27 11:08:13.525 9 INFO neutron.db.ovn_revision_numbers_db [None req-2481bcbb-818c-47e0-89aa-7defdca16f21 c3de467d8f194d5ba98075e2e064d730 86e19a091b804d00a5a6825624eed4aa - - default default] Successfully bumped revision number for resource bf1a18fc-6dcd-40e7-994d-db41f35559c4 (type: security_group_rules) to 0
2026-05-27 11:08:13.551 9 INFO neutron.db.ovn_revision_numbers_db [None req-2481bcbb-818c-47e0-89aa-7defdca16f21 c3de467d8f194d5ba98075e2e064d730 86e19a091b804d00a5a6825624eed4aa - - default default] Successfully bumped revision number for resource d82bc932-6f1a-49c8-845f-8a6f5d2ce56f (type: security_group_rules) to 0
2026-05-27 11:08:13.551 10 INFO neutron.wsgi [None req-b12599c2-2096-4932-8db3-2b1c8e8db8a2 c0691106f4444cb7adef7b06bf26702c 790fbbe6b6384654a65bb31eb4bfac6f - - default default] 10.0.0.84 "DELETE /v2.0/security-groups/7da87daf-ff49-4435-88c2-8d467b6a8e86 HTTP/1.1" status: 204 len: 168 time: 0.2077329
2026-05-27 11:08:13.614 10 INFO neutron.notifiers.nova [-] Nova event matching ['req-e112ea45-85d2-40be-bdcc-e587652c0771'] response: {'server_uuid': 'eadb28d7-febd-4838-812c-cb8adad71dc2', 'name': 'network-vif-plugged', 'status': 'completed', 'tag': '6fcb03bb-3d1f-4522-987f-57dae716f1cf', 'code': 200}
2026-05-27 11:08:13.620 9 INFO neutron.db.segments_db [None req-2481bcbb-818c-47e0-89aa-7defdca16f21 c3de467d8f194d5ba98075e2e064d730 86e19a091b804d00a5a6825624eed4aa - - default default] Added segment 58d38607-6f53-41f9-a918-7bb70830b294 of type geneve for network 8b041280-ee73-4aa1-aea3-6459fe1d9555 /var/lib/openstack/lib/python3.10/site-packages/pycadf/identifier.py:71: UserWarning: Invalid uuid: neutron. To ensure interoperability, identifiers should be a valid uuid. warnings.warn(('Invalid uuid: %s. To ensure interoperability, '
2026-05-27 11:08:14.054 9 INFO neutron.db.ovn_revision_numbers_db [None req-6b1320f2-9407-4531-9a12-790ddc62d9e4 50a9aa2c3c2d46839c4ffa7349ae6738 3e3ec75d77854479acc91fdb39c2151c - - default default] Successfully bumped revision number for resource 7c585f51-5d3e-4f25-bca9-5dde97d05ef8 (type: floatingips) to 4
2026-05-27 11:08:14.115 9 INFO neutron.db.ovn_revision_numbers_db [None req-2481bcbb-818c-47e0-89aa-7defdca16f21 c3de467d8f194d5ba98075e2e064d730 86e19a091b804d00a5a6825624eed4aa - - default default] Successfully bumped revision number for resource 8b041280-ee73-4aa1-aea3-6459fe1d9555 (type: networks) to 1
2026-05-27 11:08:14.175 10 INFO neutron.db.ovn_revision_numbers_db [None req-d32920a9-0458-44e2-8b8d-558a6d204105 c0691106f4444cb7adef7b06bf26702c 790fbbe6b6384654a65bb31eb4bfac6f - - default default] Successfully bumped revision number for resource 4fca0bfc-f08c-4488-a967-5d55c27d4a17 (type: security_groups) to 1
2026-05-27 11:08:14.191 10 INFO neutron.db.ovn_revision_numbers_db [None req-d32920a9-0458-44e2-8b8d-558a6d204105 c0691106f4444cb7adef7b06bf26702c 790fbbe6b6384654a65bb31eb4bfac6f - - default default] Successfully bumped revision number for resource 15d6adde-7e4f-4852-8a61-88eb6ceb385f (type: security_group_rules) to 0
2026-05-27 11:08:14.207 10 INFO neutron.db.ovn_revision_numbers_db [None req-d32920a9-0458-44e2-8b8d-558a6d204105 c0691106f4444cb7adef7b06bf26702c 790fbbe6b6384654a65bb31eb4bfac6f - - default default] Successfully bumped revision number for resource 49721c54-f2e4-4e22-943c-300afdaec06f (type: security_group_rules) to 0
2026-05-27 11:08:14.223 10 INFO neutron.db.ovn_revision_numbers_db [None req-d32920a9-0458-44e2-8b8d-558a6d204105 c0691106f4444cb7adef7b06bf26702c 790fbbe6b6384654a65bb31eb4bfac6f - - default default] Successfully bumped revision number for resource cd2a4293-0736-4639-9c27-ee4e0dc74267 (type: security_group_rules) to 0
2026-05-27 11:08:14.229 9 INFO neutron.db.ovn_revision_numbers_db [None req-6b1320f2-9407-4531-9a12-790ddc62d9e4 50a9aa2c3c2d46839c4ffa7349ae6738 3e3ec75d77854479acc91fdb39c2151c - - default default] Successfully bumped revision number for resource 7c585f51-5d3e-4f25-bca9-5dde97d05ef8 (type: floatingips) to 5
2026-05-27 11:08:14.230 9 INFO neutron.db.l3_db [None req-6b1320f2-9407-4531-9a12-790ddc62d9e4 50a9aa2c3c2d46839c4ffa7349ae6738 3e3ec75d77854479acc91fdb39c2151c - - default default] Floating IP 7c585f51-5d3e-4f25-bca9-5dde97d05ef8 associated. External IP: 10.96.250.202, port: 6fcb03bb-3d1f-4522-987f-57dae716f1cf.
2026-05-27 11:08:14.236 10 INFO neutron.db.ovn_revision_numbers_db [None req-d32920a9-0458-44e2-8b8d-558a6d204105 c0691106f4444cb7adef7b06bf26702c 790fbbe6b6384654a65bb31eb4bfac6f - - default default] Successfully bumped revision number for resource ee30f514-63c8-43b4-bff0-506d4440b047 (type: security_group_rules) to 0
2026-05-27 11:08:14.261 9 INFO neutron.wsgi [None req-6b1320f2-9407-4531-9a12-790ddc62d9e4 50a9aa2c3c2d46839c4ffa7349ae6738 3e3ec75d77854479acc91fdb39c2151c - - default default] 10.0.0.84 "PUT /v2.0/floatingips/7c585f51-5d3e-4f25-bca9-5dde97d05ef8 HTTP/1.1" status: 200 len: 1049 time: 1.1469245
2026-05-27 11:08:14.262 10 INFO neutron.wsgi [None req-d32920a9-0458-44e2-8b8d-558a6d204105 c0691106f4444cb7adef7b06bf26702c 790fbbe6b6384654a65bb31eb4bfac6f - - default default] 10.0.0.84 "GET /v2.0/security-groups?tenant_id=ce059fbacc80426b9c84ca76e26ecada&name=default HTTP/1.1" status: 200 len: 3120 time: 0.4620111
2026-05-27 11:08:14.316 9 INFO neutron.wsgi [None req-4c15ed5f-4799-43a5-8d6f-1720ab7aa2c0 50a9aa2c3c2d46839c4ffa7349ae6738 3e3ec75d77854479acc91fdb39c2151c - - default default] 10.0.0.84 "GET /v2.0/floatingips/7c585f51-5d3e-4f25-bca9-5dde97d05ef8 HTTP/1.1" status: 200 len: 1051 time: 0.0421951
2026-05-27 11:08:14.347 9 INFO neutron.notifiers.nova [-] Nova event matching ['req-0fd04263-b893-45f1-8176-cdafda1d0443'] response: {'name': 'network-changed', 'server_uuid': 'eadb28d7-febd-4838-812c-cb8adad71dc2', 'tag': '6fcb03bb-3d1f-4522-987f-57dae716f1cf', 'status': 'completed', 'code': 200}
2026-05-27 11:08:14.354 9 WARNING neutron.scheduler.dhcp_agent_scheduler [None req-2481bcbb-818c-47e0-89aa-7defdca16f21 c3de467d8f194d5ba98075e2e064d730 86e19a091b804d00a5a6825624eed4aa - - default default] No more DHCP agents
2026-05-27 11:08:14.356 9 WARNING neutron.api.rpc.agentnotifiers.dhcp_rpc_agent_api [None req-2481bcbb-818c-47e0-89aa-7defdca16f21 c3de467d8f194d5ba98075e2e064d730 86e19a091b804d00a5a6825624eed4aa - - default default] Unable to schedule network 8b041280-ee73-4aa1-aea3-6459fe1d9555: no agents available; will retry on subsequent port and subnet creation events.
2026-05-27 11:08:14.424 9 INFO neutron.wsgi [req-395247d3-fd57-4712-8afc-e28c5eb0cbf5 req-6aebcc68-89ab-47a5-b04c-e2bdec6f81ad 6ad2f9c6bd58468b8972b32735195f49 b40dde6a184a4253b6b0776f9cd0ff14 - - 953328afc94a4e639b890b596b2a54aa 953328afc94a4e639b890b596b2a54aa] 199.204.45.162 "GET /v2.0/ports?tenant_id=3e3ec75d77854479acc91fdb39c2151c&device_id=eadb28d7-febd-4838-812c-cb8adad71dc2 HTTP/1.1" status: 200 len: 1409 time: 0.0590684
2026-05-27 11:08:14.492 9 INFO neutron.db.ovn_revision_numbers_db [None req-2481bcbb-818c-47e0-89aa-7defdca16f21 c3de467d8f194d5ba98075e2e064d730 86e19a091b804d00a5a6825624eed4aa - - default default] Successfully bumped revision number for resource 02401029-f5fe-4e5f-8b31-9295b6633e5e (type: ports) to 1
2026-05-27 11:08:14.516 9 INFO neutron.wsgi [req-395247d3-fd57-4712-8afc-e28c5eb0cbf5 req-c542cf71-cc35-48f0-af63-b213a72c2893 6ad2f9c6bd58468b8972b32735195f49 b40dde6a184a4253b6b0776f9cd0ff14 - - 953328afc94a4e639b890b596b2a54aa 953328afc94a4e639b890b596b2a54aa] 199.204.45.162 "GET /v2.0/networks?id=7d15d26c-5fd8-492b-a435-23a6d71661ea HTTP/1.1" status: 200 len: 957 time: 0.0698266
2026-05-27 11:08:14.524 9 INFO neutron.wsgi [None req-2481bcbb-818c-47e0-89aa-7defdca16f21 c3de467d8f194d5ba98075e2e064d730 86e19a091b804d00a5a6825624eed4aa - - default default] 10.0.0.84 "POST /v2.0/networks HTTP/1.1" status: 201 len: 844 time: 1.5958319
2026-05-27 11:08:14.536 10 WARNING neutron_lib.context [None req-59cb5f4b-5f67-47b6-bde4-f18535ba98e5 c3de467d8f194d5ba98075e2e064d730 86e19a091b804d00a5a6825624eed4aa - - default default] Method 'is_advsvc' is deprecated since 2023.2 release (neutron-lib 3.8.0) and will be removed once support for the old RBAC API policies will be removed from Neutron. Please use method 'is_service_role' instead.
2026-05-27 11:08:14.544 10 INFO neutron.wsgi [None req-086fd29a-238f-4261-9cf2-5e879a49dcb6 c0691106f4444cb7adef7b06bf26702c 790fbbe6b6384654a65bb31eb4bfac6f - - default default] 10.0.0.84 "DELETE /v2.0/security-groups/4fca0bfc-f08c-4488-a967-5d55c27d4a17 HTTP/1.1" status: 204 len: 168 time: 0.2764866
2026-05-27 11:08:14.571 9 INFO neutron.wsgi [req-395247d3-fd57-4712-8afc-e28c5eb0cbf5 req-7459d9e1-e835-4374-a377-3d88b3e6b081 6ad2f9c6bd58468b8972b32735195f49 b40dde6a184a4253b6b0776f9cd0ff14 - - 953328afc94a4e639b890b596b2a54aa 953328afc94a4e639b890b596b2a54aa] 199.204.45.162 "GET /v2.0/floatingips?fixed_ip_address=10.100.0.7&port_id=6fcb03bb-3d1f-4522-987f-57dae716f1cf HTTP/1.1" status: 200 len: 1059 time: 0.0466712
2026-05-27 11:08:14.613 9 INFO neutron.wsgi [req-395247d3-fd57-4712-8afc-e28c5eb0cbf5 req-96be2862-f8d6-49d3-b1e1-e40397fcf8db 6ad2f9c6bd58468b8972b32735195f49 b40dde6a184a4253b6b0776f9cd0ff14 - - 953328afc94a4e639b890b596b2a54aa 953328afc94a4e639b890b596b2a54aa] 199.204.45.162 "GET /v2.0/subnets?id=2e69b267-03a0-42b1-94d1-ddef23fe79be HTTP/1.1" status: 200 len: 852 time: 0.0369995
2026-05-27 11:08:14.644 9 INFO neutron.wsgi [req-395247d3-fd57-4712-8afc-e28c5eb0cbf5 req-ac905bda-a665-4634-acf2-85394467eca8 6ad2f9c6bd58468b8972b32735195f49 b40dde6a184a4253b6b0776f9cd0ff14 - - 953328afc94a4e639b890b596b2a54aa 953328afc94a4e639b890b596b2a54aa] 199.204.45.162 "GET /v2.0/ports?network_id=7d15d26c-5fd8-492b-a435-23a6d71661ea&device_owner=network%3Adhcp HTTP/1.1" status: 200 len: 210 time: 0.0235665
2026-05-27 11:08:14.728 9 INFO neutron.wsgi [req-395247d3-fd57-4712-8afc-e28c5eb0cbf5 req-8aa22aa8-a22b-4529-a62f-b34405cdfab6 6ad2f9c6bd58468b8972b32735195f49 b40dde6a184a4253b6b0776f9cd0ff14 - - 953328afc94a4e639b890b596b2a54aa 953328afc94a4e639b890b596b2a54aa] 199.204.45.162 "GET /v2.0/networks/7d15d26c-5fd8-492b-a435-23a6d71661ea?fields=segments HTTP/1.1" status: 200 len: 212 time: 0.0776997
2026-05-27 11:08:14.812 9 INFO neutron.wsgi [req-395247d3-fd57-4712-8afc-e28c5eb0cbf5 req-196e0892-ab9f-4210-bab7-f0c38f85ef83 6ad2f9c6bd58468b8972b32735195f49 b40dde6a184a4253b6b0776f9cd0ff14 - - 953328afc94a4e639b890b596b2a54aa 953328afc94a4e639b890b596b2a54aa] 199.204.45.162 "GET /v2.0/networks/7d15d26c-5fd8-492b-a435-23a6d71661ea?fields=provider%3Aphysical_network&fields=provider%3Anetwork_type HTTP/1.1" status: 200 len: 277 time: 0.0754235
2026-05-27 11:08:14.851 10 WARNING neutron.scheduler.dhcp_agent_scheduler [None req-59cb5f4b-5f67-47b6-bde4-f18535ba98e5 c3de467d8f194d5ba98075e2e064d730 86e19a091b804d00a5a6825624eed4aa - - default default] No more DHCP agents
2026-05-27 11:08:14.855 10 WARNING neutron.api.rpc.agentnotifiers.dhcp_rpc_agent_api [None req-59cb5f4b-5f67-47b6-bde4-f18535ba98e5 c3de467d8f194d5ba98075e2e064d730 86e19a091b804d00a5a6825624eed4aa - - default default] Unable to schedule network 8b041280-ee73-4aa1-aea3-6459fe1d9555: no agents available; will retry on subsequent port and subnet creation events.
2026-05-27 11:08:14.867 9 INFO neutron.db.ovn_revision_numbers_db [None req-6204fbb2-7018-44ff-983d-d603f75e5976 c0691106f4444cb7adef7b06bf26702c 790fbbe6b6384654a65bb31eb4bfac6f - - default default] Successfully bumped revision number for resource c63532bb-de87-4d50-bc7b-55b7a5c0545d (type: security_groups) to 1
2026-05-27 11:08:14.882 9 INFO neutron.db.ovn_revision_numbers_db [None req-6204fbb2-7018-44ff-983d-d603f75e5976 c0691106f4444cb7adef7b06bf26702c 790fbbe6b6384654a65bb31eb4bfac6f - - default default] Successfully bumped revision number for resource 0adbb8f5-401d-48d7-a91f-312b24638761 (type: security_group_rules) to 0
2026-05-27 11:08:14.907 9 INFO neutron.db.ovn_revision_numbers_db [None req-6204fbb2-7018-44ff-983d-d603f75e5976 c0691106f4444cb7adef7b06bf26702c 790fbbe6b6384654a65bb31eb4bfac6f - - default default] Successfully bumped revision number for resource 1f1f35f7-3309-4edf-a981-9af5e2f17a15 (type: security_group_rules) to 0
2026-05-27 11:08:14.936 9 INFO neutron.db.ovn_revision_numbers_db [None req-6204fbb2-7018-44ff-983d-d603f75e5976 c0691106f4444cb7adef7b06bf26702c 790fbbe6b6384654a65bb31eb4bfac6f - - default default] Successfully bumped revision number for resource 325d2294-9b79-4965-b87e-e234f862eccc (type: security_group_rules) to 0
2026-05-27 11:08:14.954 9 INFO neutron.db.ovn_revision_numbers_db [None req-6204fbb2-7018-44ff-983d-d603f75e5976 c0691106f4444cb7adef7b06bf26702c 790fbbe6b6384654a65bb31eb4bfac6f - - default default] Successfully bumped revision number for resource c4eaa03a-652c-4cc0-946f-e52ee99c28a6 (type: security_group_rules) to 0
2026-05-27 11:08:14.974 9 INFO neutron.wsgi [None req-6204fbb2-7018-44ff-983d-d603f75e5976 c0691106f4444cb7adef7b06bf26702c 790fbbe6b6384654a65bb31eb4bfac6f - - default default] 10.0.0.84 "GET /v2.0/security-groups?tenant_id=e1b421c1dad04f2db35e2fdba8c1287f&name=default HTTP/1.1" status: 200 len: 3120 time: 0.2707136
2026-05-27 11:08:14.976 10 INFO neutron.db.ovn_revision_numbers_db [None req-59cb5f4b-5f67-47b6-bde4-f18535ba98e5 c3de467d8f194d5ba98075e2e064d730 86e19a091b804d00a5a6825624eed4aa - - default default] Successfully bumped revision number for resource ef0601e4-1b1d-4913-838b-d8f5ed6a9ef2 (type: ports) to 1
2026-05-27 11:08:15.008 10 INFO neutron.wsgi [None req-59cb5f4b-5f67-47b6-bde4-f18535ba98e5 c3de467d8f194d5ba98075e2e064d730 86e19a091b804d00a5a6825624eed4aa - - default default] 10.0.0.84 "POST /v2.0/ports HTTP/1.1" status: 201 len: 973 time: 0.4793415 /var/lib/openstack/lib/python3.10/site-packages/pycadf/identifier.py:71: UserWarning: Invalid uuid: neutron. To ensure interoperability, identifiers should be a valid uuid. warnings.warn(('Invalid uuid: %s. To ensure interoperability, '
2026-05-27 11:08:15.018 10 WARNING neutron_lib.context [None req-1d374335-5a54-4a5a-86e1-ec2de8c8a548 c3de467d8f194d5ba98075e2e064d730 86e19a091b804d00a5a6825624eed4aa - - default default] Method 'is_advsvc' is deprecated since 2023.2 release (neutron-lib 3.8.0) and will be removed once support for the old RBAC API policies will be removed from Neutron. Please use method 'is_service_role' instead.
2026-05-27 11:08:15.114 10 INFO neutron.db.segments_db [None req-1d374335-5a54-4a5a-86e1-ec2de8c8a548 c3de467d8f194d5ba98075e2e064d730 86e19a091b804d00a5a6825624eed4aa - - default default] Added segment e973b47f-2706-4ba0-936e-90fba8e03398 of type geneve for network f3b50b53-b3ac-43cb-889a-e1d0329b59b8
2026-05-27 11:08:15.218 9 INFO neutron.wsgi [None req-49cf7920-742d-44a8-bba1-b36c7dd517d2 c0691106f4444cb7adef7b06bf26702c 790fbbe6b6384654a65bb31eb4bfac6f - - default default] 10.0.0.84 "DELETE /v2.0/security-groups/c63532bb-de87-4d50-bc7b-55b7a5c0545d HTTP/1.1" status: 204 len: 168 time: 0.2370112
2026-05-27 11:08:15.265 10 INFO neutron.db.ovn_revision_numbers_db [None req-1d374335-5a54-4a5a-86e1-ec2de8c8a548 c3de467d8f194d5ba98075e2e064d730 86e19a091b804d00a5a6825624eed4aa - - default default] Successfully bumped revision number for resource f3b50b53-b3ac-43cb-889a-e1d0329b59b8 (type: networks) to 1
2026-05-27 11:08:15.465 10 WARNING neutron.scheduler.dhcp_agent_scheduler [None req-1d374335-5a54-4a5a-86e1-ec2de8c8a548 c3de467d8f194d5ba98075e2e064d730 86e19a091b804d00a5a6825624eed4aa - - default default] No more DHCP agents
2026-05-27 11:08:15.466 10 WARNING neutron.api.rpc.agentnotifiers.dhcp_rpc_agent_api [None req-1d374335-5a54-4a5a-86e1-ec2de8c8a548 c3de467d8f194d5ba98075e2e064d730 86e19a091b804d00a5a6825624eed4aa - - default default] Unable to schedule network f3b50b53-b3ac-43cb-889a-e1d0329b59b8: no agents available; will retry on subsequent port and subnet creation events.
2026-05-27 11:08:15.569 10 INFO neutron.db.ovn_revision_numbers_db [None req-1d374335-5a54-4a5a-86e1-ec2de8c8a548 c3de467d8f194d5ba98075e2e064d730 86e19a091b804d00a5a6825624eed4aa - - default default] Successfully bumped revision number for resource c18c6391-20dd-4b8f-ae37-d1a9a6b25446 (type: ports) to 1
2026-05-27 11:08:15.595 10 INFO neutron.wsgi [None req-1d374335-5a54-4a5a-86e1-ec2de8c8a548 c3de467d8f194d5ba98075e2e064d730 86e19a091b804d00a5a6825624eed4aa - - default default] 10.0.0.84 "POST /v2.0/networks HTTP/1.1" status: 201 len: 831 time: 0.5822442
2026-05-27 11:08:15.606 10 WARNING neutron_lib.context [None req-77a44b39-6320-4fe4-894b-c1c43f3594d1 c3de467d8f194d5ba98075e2e064d730 86e19a091b804d00a5a6825624eed4aa - - default default] Method 'is_advsvc' is deprecated since 2023.2 release (neutron-lib 3.8.0) and will be removed once support for the old RBAC API policies will be removed from Neutron. Please use method 'is_service_role' instead.
2026-05-27 11:08:15.893 10 WARNING neutron.scheduler.dhcp_agent_scheduler [None req-77a44b39-6320-4fe4-894b-c1c43f3594d1 c3de467d8f194d5ba98075e2e064d730 86e19a091b804d00a5a6825624eed4aa - - default default] No more DHCP agents
2026-05-27 11:08:15.896 10 WARNING neutron.api.rpc.agentnotifiers.dhcp_rpc_agent_api [None req-77a44b39-6320-4fe4-894b-c1c43f3594d1 c3de467d8f194d5ba98075e2e064d730 86e19a091b804d00a5a6825624eed4aa - - default default] Unable to schedule network f3b50b53-b3ac-43cb-889a-e1d0329b59b8: no agents available; will retry on subsequent port and subnet creation events.
2026-05-27 11:08:16.495 10 INFO neutron.db.ovn_revision_numbers_db [None req-77a44b39-6320-4fe4-894b-c1c43f3594d1 c3de467d8f194d5ba98075e2e064d730 86e19a091b804d00a5a6825624eed4aa - - default default] Successfully bumped revision number for resource c18c6391-20dd-4b8f-ae37-d1a9a6b25446 (type: ports) to 2
2026-05-27 11:08:16.559 10 INFO neutron.db.ovn_revision_numbers_db [None req-77a44b39-6320-4fe4-894b-c1c43f3594d1 c3de467d8f194d5ba98075e2e064d730 86e19a091b804d00a5a6825624eed4aa - - default default] Successfully bumped revision number for resource c468fbf6-e1ff-40b2-88bc-183ac362c502 (type: subnets) to 0
2026-05-27 11:08:16.581 10 INFO neutron.wsgi [None req-77a44b39-6320-4fe4-894b-c1c43f3594d1 c3de467d8f194d5ba98075e2e064d730 86e19a091b804d00a5a6825624eed4aa - - default default] 10.0.0.84 "POST /v2.0/subnets HTTP/1.1" status: 201 len: 801 time: 0.9802532
2026-05-27 11:08:16.594 10 WARNING neutron_lib.context [None req-ac5f95fd-2d95-453b-bdfe-4a1271958e7c c3de467d8f194d5ba98075e2e064d730 86e19a091b804d00a5a6825624eed4aa - - default default] Method 'is_advsvc' is deprecated since 2023.2 release (neutron-lib 3.8.0) and will be removed once support for the old RBAC API policies will be removed from Neutron. Please use method 'is_service_role' instead.
2026-05-27 11:08:16.965 10 WARNING neutron.scheduler.dhcp_agent_scheduler [None req-ac5f95fd-2d95-453b-bdfe-4a1271958e7c c3de467d8f194d5ba98075e2e064d730 86e19a091b804d00a5a6825624eed4aa - - default default] No more DHCP agents
2026-05-27 11:08:16.967 10 WARNING neutron.api.rpc.agentnotifiers.dhcp_rpc_agent_api [None req-ac5f95fd-2d95-453b-bdfe-4a1271958e7c c3de467d8f194d5ba98075e2e064d730 86e19a091b804d00a5a6825624eed4aa - - default default] Unable to schedule network f3b50b53-b3ac-43cb-889a-e1d0329b59b8: no agents available; will retry on subsequent port and subnet creation events.
2026-05-27 11:08:17.145 10 INFO neutron.db.ovn_revision_numbers_db [None req-ac5f95fd-2d95-453b-bdfe-4a1271958e7c c3de467d8f194d5ba98075e2e064d730 86e19a091b804d00a5a6825624eed4aa - - default default] Successfully bumped revision number for resource fa7f4089-389e-44ec-8273-0786c3c43ff8 (type: ports) to 1
2026-05-27 11:08:17.172 10 INFO neutron.wsgi [None req-ac5f95fd-2d95-453b-bdfe-4a1271958e7c c3de467d8f194d5ba98075e2e064d730 86e19a091b804d00a5a6825624eed4aa - - default default] 10.0.0.84 "POST /v2.0/ports HTTP/1.1" status: 201 len: 1149 time: 0.5848408 /var/lib/openstack/lib/python3.10/site-packages/pycadf/identifier.py:71: UserWarning: Invalid uuid: neutron. To ensure interoperability, identifiers should be a valid uuid. warnings.warn(('Invalid uuid: %s. To ensure interoperability, '
2026-05-27 11:08:17.553 10 INFO neutron.wsgi [None req-7d961790-3fda-4691-a39f-ce36758e3432 c3de467d8f194d5ba98075e2e064d730 86e19a091b804d00a5a6825624eed4aa - - default default] 10.0.0.84 "DELETE /v2.0/ports/fa7f4089-389e-44ec-8273-0786c3c43ff8 HTTP/1.1" status: 204 len: 168 time: 0.3755729
2026-05-27 11:08:17.574 10 INFO neutron.pecan_wsgi.hooks.translation [None req-cb9f177a-5c6c-4c7f-9419-83563e81a68b c3de467d8f194d5ba98075e2e064d730 86e19a091b804d00a5a6825624eed4aa - - default default] DELETE failed (client error): The resource could not be found.
2026-05-27 11:08:17.577 10 INFO neutron.wsgi [None req-cb9f177a-5c6c-4c7f-9419-83563e81a68b c3de467d8f194d5ba98075e2e064d730 86e19a091b804d00a5a6825624eed4aa - - default default] 10.0.0.84 "DELETE /v2.0/ports/fa7f4089-389e-44ec-8273-0786c3c43ff8 HTTP/1.1" status: 404 len: 333 time: 0.0195341
2026-05-27 11:08:17.601 10 INFO neutron.pecan_wsgi.hooks.translation [None req-ff6c130f-11aa-45c9-9dbf-521a0a72e6fe c3de467d8f194d5ba98075e2e064d730 86e19a091b804d00a5a6825624eed4aa - - default default] GET failed (client error): The resource could not be found.
2026-05-27 11:08:17.603 10 INFO neutron.wsgi [None req-ff6c130f-11aa-45c9-9dbf-521a0a72e6fe c3de467d8f194d5ba98075e2e064d730 86e19a091b804d00a5a6825624eed4aa - - default default] 10.0.0.84 "GET /v2.0/ports/fa7f4089-389e-44ec-8273-0786c3c43ff8 HTTP/1.1" status: 404 len: 333 time: 0.0215006
2026-05-27 11:08:17.852 10 INFO neutron.wsgi [None req-39d2bf06-ddc0-4dd9-a0b7-b5dfd161fad0 c3de467d8f194d5ba98075e2e064d730 86e19a091b804d00a5a6825624eed4aa - - default default] 10.0.0.84 "DELETE /v2.0/subnets/c468fbf6-e1ff-40b2-88bc-183ac362c502 HTTP/1.1" status: 204 len: 168 time: 0.2437625
2026-05-27 11:08:18.295 10 INFO neutron.services.segments.plugin [-] Segment e973b47f-2706-4ba0-936e-90fba8e03398 resource provider aggregate not found
2026-05-27 11:08:18.301 10 INFO neutron.services.segments.plugin [-] Segment e973b47f-2706-4ba0-936e-90fba8e03398 resource provider aggregate not found
2026-05-27 11:08:18.320 10 INFO neutron.services.segments.plugin [-] Segment e973b47f-2706-4ba0-936e-90fba8e03398 resource provider not found; error: Placement Client Error (4xx): {"errors": [{"status": 404, "title": "Not Found", "detail": "The resource could not be found.\n\n No resource provider with uuid e973b47f-2706-4ba0-936e-90fba8e03398 found for delete ", "request_id": "req-1f2e2f0f-3ef5-4813-b872-29cd7400c630"}]}
2026-05-27 11:08:18.327 10 INFO neutron.services.segments.plugin [-] Segment e973b47f-2706-4ba0-936e-90fba8e03398 resource provider not found; error: Placement Client Error (4xx): {"errors": [{"status": 404, "title": "Not Found", "detail": "The resource could not be found.\n\n No resource provider with uuid e973b47f-2706-4ba0-936e-90fba8e03398 found for delete ", "request_id": "req-891b4c66-dc22-4ec4-ae3c-2417e02235ee"}]}
2026-05-27 11:08:18.341 10 INFO neutron.wsgi [None req-1e8cdea5-80f4-44f3-a9f4-a965ae668574 c3de467d8f194d5ba98075e2e064d730 86e19a091b804d00a5a6825624eed4aa - - default default] 10.0.0.84 "DELETE /v2.0/networks/f3b50b53-b3ac-43cb-889a-e1d0329b59b8 HTTP/1.1" status: 204 len: 168 time: 0.4839282
2026-05-27 11:08:18.353 10 WARNING neutron_lib.context [None req-f53c7e61-3b9d-49da-8291-783c1c92fbc0 c3de467d8f194d5ba98075e2e064d730 86e19a091b804d00a5a6825624eed4aa - - default default] Method 'is_advsvc' is deprecated since 2023.2 release (neutron-lib 3.8.0) and will be removed once support for the old RBAC API policies will be removed from Neutron. Please use method 'is_service_role' instead.
2026-05-27 11:08:18.439 10 INFO neutron.db.segments_db [None req-f53c7e61-3b9d-49da-8291-783c1c92fbc0 c3de467d8f194d5ba98075e2e064d730 86e19a091b804d00a5a6825624eed4aa - - default default] Added segment 0dec79e6-f84c-457d-ac5e-b608eee51776 of type geneve for network c843516c-eacd-469f-a359-fcbf16647139
2026-05-27 11:08:18.835 10 INFO neutron.db.ovn_revision_numbers_db [None req-f53c7e61-3b9d-49da-8291-783c1c92fbc0 c3de467d8f194d5ba98075e2e064d730 86e19a091b804d00a5a6825624eed4aa - - default default] Successfully bumped revision number for resource c843516c-eacd-469f-a359-fcbf16647139 (type: networks) to 1
2026-05-27 11:08:19.059 10 WARNING neutron.scheduler.dhcp_agent_scheduler [None req-f53c7e61-3b9d-49da-8291-783c1c92fbc0 c3de467d8f194d5ba98075e2e064d730 86e19a091b804d00a5a6825624eed4aa - - default default] No more DHCP agents
2026-05-27 11:08:19.062 10 WARNING neutron.api.rpc.agentnotifiers.dhcp_rpc_agent_api [None req-f53c7e61-3b9d-49da-8291-783c1c92fbc0 c3de467d8f194d5ba98075e2e064d730 86e19a091b804d00a5a6825624eed4aa - - default default] Unable to schedule network c843516c-eacd-469f-a359-fcbf16647139: no agents available; will retry on subsequent port and subnet creation events.
2026-05-27 11:08:19.155 10 INFO neutron.db.ovn_revision_numbers_db [None req-f53c7e61-3b9d-49da-8291-783c1c92fbc0 c3de467d8f194d5ba98075e2e064d730 86e19a091b804d00a5a6825624eed4aa - - default default] Successfully bumped revision number for resource 1363c634-4a19-49a4-ae02-cd42096d7f2f (type: ports) to 1
2026-05-27 11:08:19.180 10 INFO neutron.wsgi [None req-f53c7e61-3b9d-49da-8291-783c1c92fbc0 c3de467d8f194d5ba98075e2e064d730 86e19a091b804d00a5a6825624eed4aa - - default default] 10.0.0.84 "POST /v2.0/networks HTTP/1.1" status: 201 len: 831 time: 0.8313053
2026-05-27 11:08:19.195 10 WARNING neutron_lib.context [None req-042bcd97-cb7c-46bf-9db3-667521975fd0 c3de467d8f194d5ba98075e2e064d730 86e19a091b804d00a5a6825624eed4aa - - default default] Method 'is_advsvc' is deprecated since 2023.2 release (neutron-lib 3.8.0) and will be removed once support for the old RBAC API policies will be removed from Neutron. Please use method 'is_service_role' instead.
2026-05-27 11:08:19.476 10 WARNING neutron.scheduler.dhcp_agent_scheduler [None req-042bcd97-cb7c-46bf-9db3-667521975fd0 c3de467d8f194d5ba98075e2e064d730 86e19a091b804d00a5a6825624eed4aa - - default default] No more DHCP agents
2026-05-27 11:08:19.483 10 WARNING neutron.api.rpc.agentnotifiers.dhcp_rpc_agent_api [None req-042bcd97-cb7c-46bf-9db3-667521975fd0 c3de467d8f194d5ba98075e2e064d730 86e19a091b804d00a5a6825624eed4aa - - default default] Unable to schedule network c843516c-eacd-469f-a359-fcbf16647139: no agents available; will retry on subsequent port and subnet creation events.
2026-05-27 11:08:20.104 10 INFO neutron.db.ovn_revision_numbers_db [None req-042bcd97-cb7c-46bf-9db3-667521975fd0 c3de467d8f194d5ba98075e2e064d730 86e19a091b804d00a5a6825624eed4aa - - default default] Successfully bumped revision number for resource 1363c634-4a19-49a4-ae02-cd42096d7f2f (type: ports) to 2
2026-05-27 11:08:20.140 10 INFO neutron.db.ovn_revision_numbers_db [None req-042bcd97-cb7c-46bf-9db3-667521975fd0 c3de467d8f194d5ba98075e2e064d730 86e19a091b804d00a5a6825624eed4aa - - default default] Successfully bumped revision number for resource 010b0f91-33ba-4c51-80c2-8a5f643b9582 (type: subnets) to 0
2026-05-27 11:08:20.156 10 INFO neutron.wsgi [None req-042bcd97-cb7c-46bf-9db3-667521975fd0 c3de467d8f194d5ba98075e2e064d730 86e19a091b804d00a5a6825624eed4aa - - default default] 10.0.0.84 "POST /v2.0/subnets HTTP/1.1" status: 201 len: 801 time: 0.9667370
2026-05-27 11:08:20.169 9 WARNING neutron_lib.context [None req-c5077902-c506-4550-884b-a74b461bdd91 c3de467d8f194d5ba98075e2e064d730 86e19a091b804d00a5a6825624eed4aa - - default default] Method 'is_advsvc' is deprecated since 2023.2 release (neutron-lib 3.8.0) and will be removed once support for the old RBAC API policies will be removed from Neutron. Please use method 'is_service_role' instead.
2026-05-27 11:08:20.504 9 WARNING neutron.scheduler.dhcp_agent_scheduler [None req-c5077902-c506-4550-884b-a74b461bdd91 c3de467d8f194d5ba98075e2e064d730 86e19a091b804d00a5a6825624eed4aa - - default default] No more DHCP agents
2026-05-27 11:08:20.506 9 WARNING neutron.api.rpc.agentnotifiers.dhcp_rpc_agent_api [None req-c5077902-c506-4550-884b-a74b461bdd91 c3de467d8f194d5ba98075e2e064d730 86e19a091b804d00a5a6825624eed4aa - - default default] Unable to schedule network c843516c-eacd-469f-a359-fcbf16647139: no agents available; will retry on subsequent port and subnet creation events.
2026-05-27 11:08:20.557 10 INFO neutron.db.ovn_revision_numbers_db [None req-072d67e6-6802-4e08-b887-adfc3958643a c0691106f4444cb7adef7b06bf26702c 790fbbe6b6384654a65bb31eb4bfac6f - - default default] Successfully bumped revision number for resource a028fee6-50ce-4226-9ea4-9bf528a7a65b (type: security_groups) to 1
2026-05-27 11:08:20.572 10 INFO neutron.db.ovn_revision_numbers_db [None req-072d67e6-6802-4e08-b887-adfc3958643a c0691106f4444cb7adef7b06bf26702c 790fbbe6b6384654a65bb31eb4bfac6f - - default default] Successfully bumped revision number for resource 2838d724-e47f-4300-b8c4-049e1ba51c78 (type: security_group_rules) to 0
2026-05-27 11:08:20.586 10 INFO neutron.db.ovn_revision_numbers_db [None req-072d67e6-6802-4e08-b887-adfc3958643a c0691106f4444cb7adef7b06bf26702c 790fbbe6b6384654a65bb31eb4bfac6f - - default default] Successfully bumped revision number for resource 2d2158aa-84f6-4939-9e4e-ee5ad33743ea (type: security_group_rules) to 0
2026-05-27 11:08:20.601 10 INFO neutron.db.ovn_revision_numbers_db [None req-072d67e6-6802-4e08-b887-adfc3958643a c0691106f4444cb7adef7b06bf26702c 790fbbe6b6384654a65bb31eb4bfac6f - - default default] Successfully bumped revision number for resource db320bf0-030b-4401-bfc2-f37a5a136082 (type: security_group_rules) to 0
2026-05-27 11:08:20.616 10 INFO neutron.db.ovn_revision_numbers_db [None req-072d67e6-6802-4e08-b887-adfc3958643a c0691106f4444cb7adef7b06bf26702c 790fbbe6b6384654a65bb31eb4bfac6f - - default default] Successfully bumped revision number for resource ec76c1cb-cbe5-49cc-9396-907d041b0a2e (type: security_group_rules) to 0
2026-05-27 11:08:20.647 10 INFO neutron.wsgi [None req-072d67e6-6802-4e08-b887-adfc3958643a c0691106f4444cb7adef7b06bf26702c 790fbbe6b6384654a65bb31eb4bfac6f - - default default] 10.0.0.84 "GET /v2.0/security-groups?tenant_id=896bd15274094fad831176498c39e966&name=default HTTP/1.1" status: 200 len: 3120 time: 0.3924310
2026-05-27 11:08:20.670 9 INFO neutron.db.ovn_revision_numbers_db [None req-c5077902-c506-4550-884b-a74b461bdd91 c3de467d8f194d5ba98075e2e064d730 86e19a091b804d00a5a6825624eed4aa - - default default] Successfully bumped revision number for resource a90558ce-c341-421d-9e60-5b36a16dc849 (type: ports) to 1
2026-05-27 11:08:20.693 9 INFO neutron.wsgi [None req-c5077902-c506-4550-884b-a74b461bdd91 c3de467d8f194d5ba98075e2e064d730 86e19a091b804d00a5a6825624eed4aa - - default default] 10.0.0.84 "POST /v2.0/ports HTTP/1.1" status: 201 len: 1110 time: 0.5305793
2026-05-27 11:08:20.884 10 INFO neutron.wsgi [None req-594f2839-aa2b-495c-ba05-cc65def6dff0 c0691106f4444cb7adef7b06bf26702c 790fbbe6b6384654a65bb31eb4bfac6f - - default default] 10.0.0.84 "DELETE /v2.0/security-groups/a028fee6-50ce-4226-9ea4-9bf528a7a65b HTTP/1.1" status: 204 len: 168 time: 0.2326739
2026-05-27 11:08:21.134 9 INFO neutron.wsgi [None req-91935eba-cd06-4dbd-a458-74ed518b945f c3de467d8f194d5ba98075e2e064d730 86e19a091b804d00a5a6825624eed4aa - - default default] 10.0.0.84 "DELETE /v2.0/ports/a90558ce-c341-421d-9e60-5b36a16dc849 HTTP/1.1" status: 204 len: 168 time: 0.4361618
2026-05-27 11:08:21.179 9 INFO neutron.pecan_wsgi.hooks.translation [None req-7b485801-67c7-4dfb-acfd-6466a1577d5c c3de467d8f194d5ba98075e2e064d730 86e19a091b804d00a5a6825624eed4aa - - default default] GET failed (client error): The resource could not be found.
2026-05-27 11:08:21.181 9 INFO neutron.wsgi [None req-7b485801-67c7-4dfb-acfd-6466a1577d5c c3de467d8f194d5ba98075e2e064d730 86e19a091b804d00a5a6825624eed4aa - - default default] 10.0.0.84 "GET /v2.0/ports/a90558ce-c341-421d-9e60-5b36a16dc849 HTTP/1.1" status: 404 len: 333 time: 0.0399635
2026-05-27 11:08:21.441 9 INFO neutron.wsgi [None req-e448a9f5-ea36-4c5e-a48e-c652f068aa9c c3de467d8f194d5ba98075e2e064d730 86e19a091b804d00a5a6825624eed4aa - - default default] 10.0.0.84 "DELETE /v2.0/subnets/010b0f91-33ba-4c51-80c2-8a5f643b9582 HTTP/1.1" status: 204 len: 168 time: 0.2550039
2026-05-27 11:08:21.844 9 INFO neutron.services.segments.plugin [-] Segment 0dec79e6-f84c-457d-ac5e-b608eee51776 resource provider aggregate not found
2026-05-27 11:08:21.855 9 INFO neutron.services.segments.plugin [-] Segment 0dec79e6-f84c-457d-ac5e-b608eee51776 resource provider aggregate not found
2026-05-27 11:08:21.861 9 INFO neutron.services.segments.plugin [-] Segment 0dec79e6-f84c-457d-ac5e-b608eee51776 resource provider not found; error: Placement Client Error (4xx): {"errors": [{"status": 404, "title": "Not Found", "detail": "The resource could not be found.\n\n No resource provider with uuid 0dec79e6-f84c-457d-ac5e-b608eee51776 found for delete ", "request_id": "req-bd2307b7-6217-430a-8f68-f44d8c7a322d"}]}
2026-05-27 11:08:21.872 9 INFO neutron.wsgi [None req-fecaa61b-6dc2-4f4e-b502-5e09b96074a3 c3de467d8f194d5ba98075e2e064d730 86e19a091b804d00a5a6825624eed4aa - - default default] 10.0.0.84 "DELETE /v2.0/networks/c843516c-eacd-469f-a359-fcbf16647139 HTTP/1.1" status: 204 len: 168 time: 0.4259622
2026-05-27 11:08:21.873 9 INFO neutron.services.segments.plugin [-] Segment 0dec79e6-f84c-457d-ac5e-b608eee51776 resource provider not found; error: Placement Client Error (4xx): {"errors": [{"status": 404, "title": "Not Found", "detail": "The resource could not be found.\n\n No resource provider with uuid 0dec79e6-f84c-457d-ac5e-b608eee51776 found for delete ", "request_id": "req-b2224ace-844e-4449-ae23-008c7eabcb6f"}]}
2026-05-27 11:08:21.885 10 WARNING neutron_lib.context [None req-71f7ddad-6433-4978-a215-63b8cbfecfa2 c3de467d8f194d5ba98075e2e064d730 86e19a091b804d00a5a6825624eed4aa - - default default] Method 'is_advsvc' is deprecated since 2023.2 release (neutron-lib 3.8.0) and will be removed once support for the old RBAC API policies will be removed from Neutron. Please use method 'is_service_role' instead.
2026-05-27 11:08:22.167 10 WARNING neutron.scheduler.dhcp_agent_scheduler [None req-71f7ddad-6433-4978-a215-63b8cbfecfa2 c3de467d8f194d5ba98075e2e064d730 86e19a091b804d00a5a6825624eed4aa - - default default] No more DHCP agents
2026-05-27 11:08:22.169 10 WARNING neutron.api.rpc.agentnotifiers.dhcp_rpc_agent_api [None req-71f7ddad-6433-4978-a215-63b8cbfecfa2 c3de467d8f194d5ba98075e2e064d730 86e19a091b804d00a5a6825624eed4aa - - default default] Unable to schedule network 8b041280-ee73-4aa1-aea3-6459fe1d9555: no agents available; will retry on subsequent port and subnet creation events.
2026-05-27 11:08:22.270 10 INFO neutron.db.ovn_revision_numbers_db [None req-71f7ddad-6433-4978-a215-63b8cbfecfa2 c3de467d8f194d5ba98075e2e064d730 86e19a091b804d00a5a6825624eed4aa - - default default] Successfully bumped revision number for resource 3172878c-841b-45ac-8189-393fa9fe7030 (type: ports) to 1
2026-05-27 11:08:22.303 10 INFO neutron.wsgi [None req-71f7ddad-6433-4978-a215-63b8cbfecfa2 c3de467d8f194d5ba98075e2e064d730 86e19a091b804d00a5a6825624eed4aa - - default default] 10.0.0.84 "POST /v2.0/ports HTTP/1.1" status: 201 len: 974 time: 0.4246550 /var/lib/openstack/lib/python3.10/site-packages/pycadf/identifier.py:71: UserWarning: Invalid uuid: neutron. To ensure interoperability, identifiers should be a valid uuid. warnings.warn(('Invalid uuid: %s. To ensure interoperability, '
2026-05-27 11:08:22.575 10 INFO neutron.plugins.ml2.drivers.ovn.mech_driver.mech_driver [None req-f0e4303d-c993-4742-80bd-99375a17e647 - - - - - -] OVN reports status down for port: 3172878c-841b-45ac-8189-393fa9fe7030
