Aug 22 10:07:58.567931 np0000190516 devstack@neutron-api.service[101824]: DEBUG neutron.api.extensions [None req-5198aae1-fd24-420b-9af5-9c9e8717b605 None None] Ext name="security-group" alias="security-group" description="The security groups extension." updated="2012-10-05T10:00:00-00:00" {{(pid=101824) _check_extension /opt/stack/neutron/neutron/api/extensions.py:415}}
Aug 22 10:07:58.568026 np0000190516 devstack@neutron-api.service[101827]: DEBUG neutron.api.extensions [None req-1ae05056-e6c8-4ad0-a22a-cd07c0d17177 None None] Extended resource: service-providers {{(pid=101827) __init__ /opt/stack/neutron/neutron/api/extensions.py:156}}
Aug 22 10:07:58.568106 np0000190516 devstack@neutron-api.service[101824]: INFO neutron.api.extensions [None req-5198aae1-fd24-420b-9af5-9c9e8717b605 None None] Loaded extension: security-group
Aug 22 10:07:58.568106 np0000190516 devstack@neutron-api.service[101824]: DEBUG neutron.api.extensions [None req-5198aae1-fd24-420b-9af5-9c9e8717b605 None None] Loading extension file: segment.py {{(pid=101824) _load_all_extensions_from_path /opt/stack/neutron/neutron/api/extensions.py:449}}
Aug 22 10:07:58.568106 np0000190516 devstack@neutron-api.service[101824]: DEBUG neutron.api.extensions [None req-5198aae1-fd24-420b-9af5-9c9e8717b605 None None] Ext name="Segment" alias="segment" description="Segments extension." updated="2016-02-24T17:00:00-00:00" {{(pid=101824) _check_extension /opt/stack/neutron/neutron/api/extensions.py:415}}
Aug 22 10:07:58.568235 np0000190516 devstack@neutron-api.service[101827]: DEBUG neutron.api.extensions [None req-1ae05056-e6c8-4ad0-a22a-cd07c0d17177 None None] Extended resource: subnetpools {{(pid=101827) __init__ /opt/stack/neutron/neutron/api/extensions.py:156}}
Aug 22 10:07:58.568293 np0000190516 devstack@neutron-api.service[101824]: INFO neutron.api.extensions [None req-5198aae1-fd24-420b-9af5-9c9e8717b605 None None] Extension segment not supported by any of loaded plugins
Aug 22 10:07:58.568293 np0000190516 devstack@neutron-api.service[101824]: DEBUG neutron.api.extensions [None req-5198aae1-fd24-420b-9af5-9c9e8717b605 None None] Loading extension file: segments_peer_subnet_host_routes.py {{(pid=101824) _load_all_extensions_from_path /opt/stack/neutron/neutron/api/extensions.py:449}}
Aug 22 10:07:58.568407 np0000190516 devstack@neutron-api.service[101824]: DEBUG neutron.api.extensions [None req-5198aae1-fd24-420b-9af5-9c9e8717b605 None None] Ext name="Segments peer-subnet host routes" alias="segments-peer-subnet-host-routes" description="Add host routes to subnets on a routed network (segments)" updated="2018-06-12T10:00:00-00:00" {{(pid=101824) _check_extension /opt/stack/neutron/neutron/api/extensions.py:415}}
Aug 22 10:07:58.568548 np0000190516 devstack@neutron-api.service[101824]: INFO neutron.api.extensions [None req-5198aae1-fd24-420b-9af5-9c9e8717b605 None None] Extension segments-peer-subnet-host-routes not supported by any of loaded plugins
Aug 22 10:07:58.568642 np0000190516 devstack@neutron-api.service[101824]: DEBUG neutron.api.extensions [None req-5198aae1-fd24-420b-9af5-9c9e8717b605 None None] Loading extension file: servicetype.py {{(pid=101824) _load_all_extensions_from_path /opt/stack/neutron/neutron/api/extensions.py:449}}
Aug 22 10:07:58.568915 np0000190516 devstack@neutron-api.service[101824]: DEBUG neutron.api.extensions [None req-5198aae1-fd24-420b-9af5-9c9e8717b605 None None] Ext name="Neutron Service Type Management" alias="service-type" description="API for retrieving service providers for Neutron advanced services" updated="2013-01-20T00:00:00-00:00" {{(pid=101824) _check_extension /opt/stack/neutron/neutron/api/extensions.py:415}}
Aug 22 10:07:58.569145 np0000190516 devstack@neutron-api.service[101824]: INFO neutron.api.extensions [None req-5198aae1-fd24-420b-9af5-9c9e8717b605 None None] Loaded extension: service-type
Aug 22 10:07:58.569260 np0000190516 devstack@neutron-api.service[101824]: DEBUG neutron.api.extensions [None req-5198aae1-fd24-420b-9af5-9c9e8717b605 None None] Loading extension file: sorting.py {{(pid=101824) _load_all_extensions_from_path /opt/stack/neutron/neutron/api/extensions.py:449}}
Aug 22 10:07:58.569435 np0000190516 devstack@neutron-api.service[101824]: DEBUG neutron.api.extensions [None req-5198aae1-fd24-420b-9af5-9c9e8717b605 None None] Ext name="Sorting support" alias="sorting" description="Extension that indicates that sorting is enabled." updated="2016-06-12T00:00:00-00:00" {{(pid=101824) _check_extension /opt/stack/neutron/neutron/api/extensions.py:415}}
Aug 22 10:07:58.569534 np0000190516 devstack@neutron-api.service[101824]: INFO neutron.api.extensions [None req-5198aae1-fd24-420b-9af5-9c9e8717b605 None None] Loaded extension: sorting
Aug 22 10:07:58.569683 np0000190516 devstack@neutron-api.service[101824]: DEBUG neutron.api.extensions [None req-5198aae1-fd24-420b-9af5-9c9e8717b605 None None] Loading extension file: standard_attr_segment.py {{(pid=101824) _load_all_extensions_from_path /opt/stack/neutron/neutron/api/extensions.py:449}}
Aug 22 10:07:58.569893 np0000190516 devstack@neutron-api.service[101824]: DEBUG neutron.api.extensions [None req-5198aae1-fd24-420b-9af5-9c9e8717b605 None None] Ext name="Standard Attribute Segment Extension" alias="standard-attr-segment" description="Add standard attributes to Segment resource" updated="2018-04-09T10:00:00-00:00" {{(pid=101824) _check_extension /opt/stack/neutron/neutron/api/extensions.py:415}}
Aug 22 10:07:58.570074 np0000190516 devstack@neutron-api.service[101824]: INFO neutron.api.extensions [None req-5198aae1-fd24-420b-9af5-9c9e8717b605 None None] Extension standard-attr-segment not supported by any of loaded plugins
Aug 22 10:07:58.570149 np0000190516 devstack@neutron-api.service[101824]: DEBUG neutron.api.extensions [None req-5198aae1-fd24-420b-9af5-9c9e8717b605 None None] Loading extension file: standardattrdescription.py {{(pid=101824) _load_all_extensions_from_path /opt/stack/neutron/neutron/api/extensions.py:449}}
Aug 22 10:07:58.570500 np0000190516 devstack@neutron-api.service[101824]: DEBUG neutron.api.extensions [None req-5198aae1-fd24-420b-9af5-9c9e8717b605 None None] Ext name="standard-attr-description" alias="standard-attr-description" description="Extension to add descriptions to standard attributes" updated="2016-02-10T10:00:00-00:00" {{(pid=101824) _check_extension /opt/stack/neutron/neutron/api/extensions.py:415}}
Aug 22 10:07:58.570610 np0000190516 devstack@neutron-api.service[101824]: INFO neutron.api.extensions [None req-5198aae1-fd24-420b-9af5-9c9e8717b605 None None] Loaded extension: standard-attr-description
Aug 22 10:07:58.570676 np0000190516 devstack@neutron-api.service[101824]: DEBUG neutron.api.extensions [None req-5198aae1-fd24-420b-9af5-9c9e8717b605 None None] Loading extension file: stateful_security_group.py {{(pid=101824) _load_all_extensions_from_path /opt/stack/neutron/neutron/api/extensions.py:449}}
Aug 22 10:07:58.570908 np0000190516 devstack@neutron-api.service[101824]: DEBUG neutron.api.extensions [None req-5198aae1-fd24-420b-9af5-9c9e8717b605 None None] Ext name="Stateful security group" alias="stateful-security-group" description="Indicates if the security group is stateful or not" updated="2019-11-26T09:00:00-00:00" {{(pid=101824) _check_extension /opt/stack/neutron/neutron/api/extensions.py:415}}
Aug 22 10:07:58.571158 np0000190516 devstack@neutron-api.service[101824]: INFO neutron.api.extensions [None req-5198aae1-fd24-420b-9af5-9c9e8717b605 None None] Loaded extension: stateful-security-group
Aug 22 10:07:58.571224 np0000190516 devstack@neutron-api.service[101824]: DEBUG neutron.api.extensions [None req-5198aae1-fd24-420b-9af5-9c9e8717b605 None None] Loading extension file: stdattrs_common.py {{(pid=101824) _load_all_extensions_from_path /opt/stack/neutron/neutron/api/extensions.py:449}}
Aug 22 10:07:58.571402 np0000190516 devstack@neutron-api.service[101824]: WARNING neutron.api.extensions [None req-5198aae1-fd24-420b-9af5-9c9e8717b605 None None] Did not find expected name "Stdattrs_common" in /opt/stack/neutron/neutron/extensions/stdattrs_common.py
Aug 22 10:07:58.571495 np0000190516 devstack@neutron-api.service[101824]: DEBUG neutron.api.extensions [None req-5198aae1-fd24-420b-9af5-9c9e8717b605 None None] Loading extension file: subnet_dns_publish_fixed_ip.py {{(pid=101824) _load_all_extensions_from_path /opt/stack/neutron/neutron/api/extensions.py:449}}
Aug 22 10:07:58.571563 np0000190516 devstack@neutron-api.service[101827]: DEBUG neutron.api.extensions [None req-1ae05056-e6c8-4ad0-a22a-cd07c0d17177 None None] Extended resource: subnetpools {{(pid=101827) __init__ /opt/stack/neutron/neutron/api/extensions.py:156}}
Aug 22 10:07:58.573032 np0000190516 devstack@neutron-api.service[101824]: DEBUG neutron.api.extensions [None req-5198aae1-fd24-420b-9af5-9c9e8717b605 None None] Ext name="Subnet DNS publish fixed IP" alias="subnet-dns-publish-fixed-ip" description="Support choosing to publish DNS records for IPs from a subnet" updated="2019-05-24T10:00:00-00:00" {{(pid=101824) _check_extension /opt/stack/neutron/neutron/api/extensions.py:415}}
Aug 22 10:07:58.573032 np0000190516 devstack@neutron-api.service[101824]: INFO neutron.api.extensions [None req-5198aae1-fd24-420b-9af5-9c9e8717b605 None None] Loaded extension: subnet-dns-publish-fixed-ip
Aug 22 10:07:58.573032 np0000190516 devstack@neutron-api.service[101824]: DEBUG neutron.api.extensions [None req-5198aae1-fd24-420b-9af5-9c9e8717b605 None None] Loading extension file: subnet_external_network.py {{(pid=101824) _load_all_extensions_from_path /opt/stack/neutron/neutron/api/extensions.py:449}}
Aug 22 10:07:58.573294 np0000190516 devstack@neutron-api.service[101827]: DEBUG neutron.api.extensions [None req-1ae05056-e6c8-4ad0-a22a-cd07c0d17177 None None] Extended resource: tags {{(pid=101827) __init__ /opt/stack/neutron/neutron/api/extensions.py:156}}
Aug 22 10:07:58.573395 np0000190516 devstack@neutron-api.service[101824]: DEBUG neutron.api.extensions [None req-5198aae1-fd24-420b-9af5-9c9e8717b605 None None] Ext name="Subnet belongs to an external network" alias="subnet-external-network" description="Informs if the subnet belongs to an external network" updated="2024-02-05T18:00:00-00:00" {{(pid=101824) _check_extension /opt/stack/neutron/neutron/api/extensions.py:415}}
Aug 22 10:07:58.573395 np0000190516 devstack@neutron-api.service[101824]: INFO neutron.api.extensions [None req-5198aae1-fd24-420b-9af5-9c9e8717b605 None None] Loaded extension: subnet-external-network
Aug 22 10:07:58.573395 np0000190516 devstack@neutron-api.service[101824]: DEBUG neutron.api.extensions [None req-5198aae1-fd24-420b-9af5-9c9e8717b605 None None] Loading extension file: subnet_onboard.py {{(pid=101824) _load_all_extensions_from_path /opt/stack/neutron/neutron/api/extensions.py:449}}
Aug 22 10:07:58.573395 np0000190516 devstack@neutron-api.service[101824]: DEBUG neutron.api.extensions [None req-5198aae1-fd24-420b-9af5-9c9e8717b605 None None] Ext name="Subnet Onboard" alias="subnet_onboard" description="Provides support for onboarding subnets into subnet pools" updated="2018-12-18T09:00:00-00:00" {{(pid=101824) _check_extension /opt/stack/neutron/neutron/api/extensions.py:415}}
Aug 22 10:07:58.573395 np0000190516 devstack@neutron-api.service[101824]: INFO neutron.api.extensions [None req-5198aae1-fd24-420b-9af5-9c9e8717b605 None None] Loaded extension: subnet_onboard
Aug 22 10:07:58.573395 np0000190516 devstack@neutron-api.service[101824]: DEBUG neutron.api.extensions [None req-5198aae1-fd24-420b-9af5-9c9e8717b605 None None] Loading extension file: subnet_segmentid_writable.py {{(pid=101824) _load_all_extensions_from_path /opt/stack/neutron/neutron/api/extensions.py:449}}
Aug 22 10:07:58.573395 np0000190516 devstack@neutron-api.service[101824]: DEBUG neutron.api.extensions [None req-5198aae1-fd24-420b-9af5-9c9e8717b605 None None] Ext name="Subnet SegmentID (writable)" alias="subnet-segmentid-writable" description="Provides a writable segment_id attribute for a subnet resource." updated="2018-03-12T00:00:00-00:00" {{(pid=101824) _check_extension /opt/stack/neutron/neutron/api/extensions.py:415}}
Aug 22 10:07:58.573583 np0000190516 devstack@neutron-api.service[101824]: INFO neutron.api.extensions [None req-5198aae1-fd24-420b-9af5-9c9e8717b605 None None] Extension subnet-segmentid-writable not supported by any of loaded plugins
Aug 22 10:07:58.573583 np0000190516 devstack@neutron-api.service[101824]: DEBUG neutron.api.extensions [None req-5198aae1-fd24-420b-9af5-9c9e8717b605 None None] Loading extension file: subnet_service_types.py {{(pid=101824) _load_all_extensions_from_path /opt/stack/neutron/neutron/api/extensions.py:449}}
Aug 22 10:07:58.573750 np0000190516 devstack@neutron-api.service[101824]: DEBUG neutron.api.extensions [None req-5198aae1-fd24-420b-9af5-9c9e8717b605 None None] Ext name="Subnet service types" alias="subnet-service-types" description="Provides ability to set the subnet service_types field" updated="2016-03-15T18:00:00-00:00" {{(pid=101824) _check_extension /opt/stack/neutron/neutron/api/extensions.py:415}}
Aug 22 10:07:58.573933 np0000190516 devstack@neutron-api.service[101824]: INFO neutron.api.extensions [None req-5198aae1-fd24-420b-9af5-9c9e8717b605 None None] Loaded extension: subnet-service-types
Aug 22 10:07:58.573962 np0000190516 devstack@neutron-api.service[101827]: DEBUG neutron.api.extensions [None req-1ae05056-e6c8-4ad0-a22a-cd07c0d17177 None None] Extended resource: tags {{(pid=101827) __init__ /opt/stack/neutron/neutron/api/extensions.py:156}}
Aug 22 10:07:58.574076 np0000190516 devstack@neutron-api.service[101824]: DEBUG neutron.api.extensions [None req-5198aae1-fd24-420b-9af5-9c9e8717b605 None None] Loading extension file: subnetallocation.py {{(pid=101824) _load_all_extensions_from_path /opt/stack/neutron/neutron/api/extensions.py:449}}
Aug 22 10:07:58.574356 np0000190516 devstack@neutron-api.service[101824]: DEBUG neutron.api.extensions [None req-5198aae1-fd24-420b-9af5-9c9e8717b605 None None] Ext name="Subnet Allocation" alias="subnet_allocation" description="Enables allocation of subnets from a subnet pool" updated="2015-03-30T10:00:00-00:00" {{(pid=101824) _check_extension /opt/stack/neutron/neutron/api/extensions.py:415}}
Aug 22 10:07:58.574580 np0000190516 devstack@neutron-api.service[101824]: INFO neutron.api.extensions [None req-5198aae1-fd24-420b-9af5-9c9e8717b605 None None] Loaded extension: subnet_allocation
Aug 22 10:07:58.574848 np0000190516 devstack@neutron-api.service[101824]: DEBUG neutron.api.extensions [None req-5198aae1-fd24-420b-9af5-9c9e8717b605 None None] Loading extension file: subnetpool_prefix_ops.py {{(pid=101824) _load_all_extensions_from_path /opt/stack/neutron/neutron/api/extensions.py:449}}
Aug 22 10:07:58.575051 np0000190516 devstack@neutron-api.service[101824]: DEBUG neutron.api.extensions [None req-5198aae1-fd24-420b-9af5-9c9e8717b605 None None] Ext name="Subnet Pool Prefix Operations" alias="subnetpool-prefix-ops" description="Provides support for adjusting the prefix list of subnet pools" updated="2019-02-08T10:00:00-00:00" {{(pid=101824) _check_extension /opt/stack/neutron/neutron/api/extensions.py:415}}
Aug 22 10:07:58.575248 np0000190516 devstack@neutron-api.service[101824]: INFO neutron.api.extensions [None req-5198aae1-fd24-420b-9af5-9c9e8717b605 None None] Loaded extension: subnetpool-prefix-ops
Aug 22 10:07:58.575368 np0000190516 devstack@neutron-api.service[101824]: DEBUG neutron.api.extensions [None req-5198aae1-fd24-420b-9af5-9c9e8717b605 None None] Loading extension file: tag_creation.py {{(pid=101824) _load_all_extensions_from_path /opt/stack/neutron/neutron/api/extensions.py:449}}
Aug 22 10:07:58.575674 np0000190516 devstack@neutron-api.service[101824]: DEBUG neutron.api.extensions [None req-5198aae1-fd24-420b-9af5-9c9e8717b605 None None] Ext name="Tag creation extension" alias="tag-creation" description="Allow to create multiple tags for a resource" updated="2024-23-07T10:00:00-00:00" {{(pid=101824) _check_extension /opt/stack/neutron/neutron/api/extensions.py:415}}
Aug 22 10:07:58.575909 np0000190516 devstack@neutron-api.service[101824]: INFO neutron.api.extensions [None req-5198aae1-fd24-420b-9af5-9c9e8717b605 None None] Loaded extension: tag-creation
Aug 22 10:07:58.576067 np0000190516 devstack@neutron-api.service[101824]: DEBUG neutron.api.extensions [None req-5198aae1-fd24-420b-9af5-9c9e8717b605 None None] Loading extension file: tag_ports_during_bulk_creation.py {{(pid=101824) _load_all_extensions_from_path /opt/stack/neutron/neutron/api/extensions.py:449}}
Aug 22 10:07:58.576288 np0000190516 devstack@neutron-api.service[101824]: DEBUG neutron.api.extensions [None req-5198aae1-fd24-420b-9af5-9c9e8717b605 None None] Ext name="Tag Ports During Bulk Creation" alias="tag-ports-during-bulk-creation" description="Allow to tag ports during bulk creation" updated="2019-12-29T19:00:00-00:00" {{(pid=101824) _check_extension /opt/stack/neutron/neutron/api/extensions.py:415}}
Aug 22 10:07:58.576466 np0000190516 devstack@neutron-api.service[101824]: INFO neutron.api.extensions [None req-5198aae1-fd24-420b-9af5-9c9e8717b605 None None] Extension tag-ports-during-bulk-creation not supported by any of loaded plugins
Aug 22 10:07:58.576606 np0000190516 devstack@neutron-api.service[101824]: DEBUG neutron.api.extensions [None req-5198aae1-fd24-420b-9af5-9c9e8717b605 None None] Loading extension file: tagging.py {{(pid=101824) _load_all_extensions_from_path /opt/stack/neutron/neutron/api/extensions.py:449}}
Aug 22 10:07:58.580996 np0000190516 devstack@neutron-api.service[101824]: DEBUG neutron.api.extensions [None req-5198aae1-fd24-420b-9af5-9c9e8717b605 None None] Ext name="Tag support for resources with standard attribute: port, subnet, subnetpool, network, security_group, router, floatingip, policy, trunk, network_segment_range" alias="standard-attr-tag" description="Enables to set tag on resources with standard attribute." updated="2017-01-01T00:00:00-00:00" {{(pid=101824) _check_extension /opt/stack/neutron/neutron/api/extensions.py:415}}
Aug 22 10:07:58.581232 np0000190516 devstack@neutron-api.service[101827]: DEBUG neutron.api.extensions [None req-1ae05056-e6c8-4ad0-a22a-cd07c0d17177 None None] Extended resource: tags {{(pid=101827) __init__ /opt/stack/neutron/neutron/api/extensions.py:156}}
Aug 22 10:07:58.581349 np0000190516 devstack@neutron-api.service[101824]: INFO neutron.api.extensions [None req-5198aae1-fd24-420b-9af5-9c9e8717b605 None None] Loaded extension: standard-attr-tag
Aug 22 10:07:58.581349 np0000190516 devstack@neutron-api.service[101824]: DEBUG neutron.api.extensions [None req-5198aae1-fd24-420b-9af5-9c9e8717b605 None None] Loading extension file: timestamp.py {{(pid=101824) _load_all_extensions_from_path /opt/stack/neutron/neutron/api/extensions.py:449}}
Aug 22 10:07:58.581349 np0000190516 devstack@neutron-api.service[101824]: DEBUG neutron.api.extensions [None req-5198aae1-fd24-420b-9af5-9c9e8717b605 None None] Ext name="Resource timestamps" alias="standard-attr-timestamp" description="Adds created_at and updated_at fields to all Neutron resources that have Neutron standard attributes." updated="2016-09-12T10:00:00-00:00" {{(pid=101824) _check_extension /opt/stack/neutron/neutron/api/extensions.py:415}}
Aug 22 10:07:58.581349 np0000190516 devstack@neutron-api.service[101824]: INFO neutron.api.extensions [None req-5198aae1-fd24-420b-9af5-9c9e8717b605 None None] Loaded extension: standard-attr-timestamp
Aug 22 10:07:58.581349 np0000190516 devstack@neutron-api.service[101824]: DEBUG neutron.api.extensions [None req-5198aae1-fd24-420b-9af5-9c9e8717b605 None None] Loading extension file: trunk.py {{(pid=101824) _load_all_extensions_from_path /opt/stack/neutron/neutron/api/extensions.py:449}}
Aug 22 10:07:58.581616 np0000190516 devstack@neutron-api.service[101827]: DEBUG neutron.api.extensions [None req-1ae05056-e6c8-4ad0-a22a-cd07c0d17177 None None] Extended resource: tags {{(pid=101827) __init__ /opt/stack/neutron/neutron/api/extensions.py:156}}
Aug 22 10:07:58.581708 np0000190516 devstack@neutron-api.service[101824]: DEBUG neutron.api.extensions [None req-5198aae1-fd24-420b-9af5-9c9e8717b605 None None] Ext name="Trunk Extension" alias="trunk" description="Provides support for trunk ports" updated="2016-01-01T10:00:00-00:00" {{(pid=101824) _check_extension /opt/stack/neutron/neutron/api/extensions.py:415}}
Aug 22 10:07:58.581708 np0000190516 devstack@neutron-api.service[101824]: INFO neutron.api.extensions [None req-5198aae1-fd24-420b-9af5-9c9e8717b605 None None] Extension trunk not supported by any of loaded plugins
Aug 22 10:07:58.581708 np0000190516 devstack@neutron-api.service[101824]: DEBUG neutron.api.extensions [None req-5198aae1-fd24-420b-9af5-9c9e8717b605 None None] Loading extension file: trunk_details.py {{(pid=101824) _load_all_extensions_from_path /opt/stack/neutron/neutron/api/extensions.py:449}}
Aug 22 10:07:58.581708 np0000190516 devstack@neutron-api.service[101824]: DEBUG neutron.api.extensions [None req-5198aae1-fd24-420b-9af5-9c9e8717b605 None None] Ext name="Trunk port details" alias="trunk-details" description="Expose trunk port details" updated="2016-01-01T10:00:00-00:00" {{(pid=101824) _check_extension /opt/stack/neutron/neutron/api/extensions.py:415}}
Aug 22 10:07:58.581919 np0000190516 devstack@neutron-api.service[101827]: DEBUG neutron.api.extensions [None req-1ae05056-e6c8-4ad0-a22a-cd07c0d17177 None None] Extended resource: tags {{(pid=101827) __init__ /opt/stack/neutron/neutron/api/extensions.py:156}}
Aug 22 10:07:58.582048 np0000190516 devstack@neutron-api.service[101824]: INFO neutron.api.extensions [None req-5198aae1-fd24-420b-9af5-9c9e8717b605 None None] Extension trunk-details not supported by any of loaded plugins
Aug 22 10:07:58.582048 np0000190516 devstack@neutron-api.service[101824]: DEBUG neutron.api.extensions [None req-5198aae1-fd24-420b-9af5-9c9e8717b605 None None] Loading extension file: uplink_status_propagation.py {{(pid=101824) _load_all_extensions_from_path /opt/stack/neutron/neutron/api/extensions.py:449}}
Aug 22 10:07:58.582179 np0000190516 devstack@neutron-api.service[101824]: DEBUG neutron.api.extensions [None req-5198aae1-fd24-420b-9af5-9c9e8717b605 None None] Ext name="Uplink status propagation extension" alias="uplink-status-propagation" description="Provides ability to propagate port uplink status." updated="2018-05-31T18:00:00-00:00" {{(pid=101824) _check_extension /opt/stack/neutron/neutron/api/extensions.py:415}}
Aug 22 10:07:58.582578 np0000190516 devstack@neutron-api.service[101824]: INFO neutron.api.extensions [None req-5198aae1-fd24-420b-9af5-9c9e8717b605 None None] Extension uplink-status-propagation not supported by any of loaded plugins
Aug 22 10:07:58.582578 np0000190516 devstack@neutron-api.service[101824]: DEBUG neutron.api.extensions [None req-5198aae1-fd24-420b-9af5-9c9e8717b605 None None] Loading extension file: uplink_status_propagation_updatable.py {{(pid=101824) _load_all_extensions_from_path /opt/stack/neutron/neutron/api/extensions.py:449}}
Aug 22 10:07:58.582784 np0000190516 devstack@neutron-api.service[101824]: DEBUG neutron.api.extensions [None req-5198aae1-fd24-420b-9af5-9c9e8717b605 None None] Ext name="Uplink status propagation updatable extension" alias="uplink-status-propagation-updatable" description="Provides ability to update the port uplink status." updated="2024-09-03T18:00:00-00:00" {{(pid=101824) _check_extension /opt/stack/neutron/neutron/api/extensions.py:415}}
Aug 22 10:07:58.582929 np0000190516 devstack@neutron-api.service[101824]: INFO neutron.api.extensions [None req-5198aae1-fd24-420b-9af5-9c9e8717b605 None None] Extension uplink-status-propagation-updatable not supported by any of loaded plugins
Aug 22 10:07:58.582929 np0000190516 devstack@neutron-api.service[101824]: DEBUG neutron.api.extensions [None req-5198aae1-fd24-420b-9af5-9c9e8717b605 None None] Loading extension file: vlantransparent.py {{(pid=101824) _load_all_extensions_from_path /opt/stack/neutron/neutron/api/extensions.py:449}}
Aug 22 10:07:58.583302 np0000190516 devstack@neutron-api.service[101824]: DEBUG neutron.api.extensions [None req-5198aae1-fd24-420b-9af5-9c9e8717b605 None None] Ext name="Vlantransparent" alias="vlan-transparent" description="Provides Vlan Transparent Networks" updated="2015-03-23T09:00:00-00:00" {{(pid=101824) _check_extension /opt/stack/neutron/neutron/api/extensions.py:415}}
Aug 22 10:07:58.583459 np0000190516 devstack@neutron-api.service[101824]: INFO neutron.api.extensions [None req-5198aae1-fd24-420b-9af5-9c9e8717b605 None None] Loaded extension: vlan-transparent
Aug 22 10:07:58.583554 np0000190516 devstack@neutron-api.service[101827]: DEBUG neutron.api.extensions [None req-1ae05056-e6c8-4ad0-a22a-cd07c0d17177 None None] Extended resource: tags {{(pid=101827) __init__ /opt/stack/neutron/neutron/api/extensions.py:156}}
Aug 22 10:07:58.584293 np0000190516 devstack@neutron-api.service[101827]: DEBUG neutron.api.extensions [None req-1ae05056-e6c8-4ad0-a22a-cd07c0d17177 None None] Extended resource: tags {{(pid=101827) __init__ /opt/stack/neutron/neutron/api/extensions.py:156}}
Aug 22 10:07:58.585193 np0000190516 devstack@neutron-api.service[101827]: DEBUG neutron.api.extensions [None req-1ae05056-e6c8-4ad0-a22a-cd07c0d17177 None None] Extended resource: tags {{(pid=101827) __init__ /opt/stack/neutron/neutron/api/extensions.py:156}}
Aug 22 10:07:58.585506 np0000190516 devstack@neutron-api.service[101824]: INFO neutron.quota.resource_registry [None req-5198aae1-fd24-420b-9af5-9c9e8717b605 None None] Creating instance of TrackedResource for resource:network
Aug 22 10:07:58.585757 np0000190516 devstack@neutron-api.service[101824]: INFO neutron.quota.resource_registry [None req-5198aae1-fd24-420b-9af5-9c9e8717b605 None None] Creating instance of TrackedResource for resource:subnet
Aug 22 10:07:58.585947 np0000190516 devstack@neutron-api.service[101824]: INFO neutron.quota.resource_registry [None req-5198aae1-fd24-420b-9af5-9c9e8717b605 None None] Creating instance of TrackedResource for resource:subnetpool
Aug 22 10:07:58.586106 np0000190516 devstack@neutron-api.service[101827]: DEBUG neutron.api.extensions [None req-1ae05056-e6c8-4ad0-a22a-cd07c0d17177 None None] Extended resource: tags {{(pid=101827) __init__ /opt/stack/neutron/neutron/api/extensions.py:156}}
Aug 22 10:07:58.586204 np0000190516 devstack@neutron-api.service[101824]: INFO neutron.quota.resource_registry [None req-5198aae1-fd24-420b-9af5-9c9e8717b605 None None] Creating instance of TrackedResource for resource:port
Aug 22 10:07:58.587569 np0000190516 devstack@neutron-api.service[101824]: INFO neutron.quota.resource_registry [None req-5198aae1-fd24-420b-9af5-9c9e8717b605 None None] Creating instance of CountableResource for resource:router_route
Aug 22 10:07:58.587759 np0000190516 devstack@neutron-api.service[101824]: DEBUG neutron.api.v2.resource_helper [None req-5198aae1-fd24-420b-9af5-9c9e8717b605 None None] Service L3_ROUTER_NAT assigned prefix: {{(pid=101824) build_resource_info /opt/stack/neutron/neutron/api/v2/resource_helper.py:77}}
Aug 22 10:07:58.588225 np0000190516 devstack@neutron-api.service[101824]: DEBUG neutron.api.v2.resource_helper [None req-5198aae1-fd24-420b-9af5-9c9e8717b605 None None] Service FLAVORS assigned prefix: {{(pid=101824) build_resource_info /opt/stack/neutron/neutron/api/v2/resource_helper.py:77}}
Aug 22 10:07:58.591387 np0000190516 devstack@neutron-api.service[101824]: DEBUG neutron.api.v2.resource_helper [None req-5198aae1-fd24-420b-9af5-9c9e8717b605 None None] Service L3_ROUTER_NAT assigned prefix: {{(pid=101824) build_resource_info /opt/stack/neutron/neutron/api/v2/resource_helper.py:77}}
Aug 22 10:07:58.591387 np0000190516 devstack@neutron-api.service[101824]: DEBUG neutron.api.v2.resource_helper [None req-5198aae1-fd24-420b-9af5-9c9e8717b605 None None] Service L3_ROUTER_NAT assigned prefix: {{(pid=101824) build_resource_info /opt/stack/neutron/neutron/api/v2/resource_helper.py:77}}
Aug 22 10:07:58.591387 np0000190516 devstack@neutron-api.service[101824]: INFO neutron.quota.resource_registry [None req-5198aae1-fd24-420b-9af5-9c9e8717b605 None None] Creating instance of TrackedResource for resource:router
Aug 22 10:07:58.591387 np0000190516 devstack@neutron-api.service[101824]: INFO neutron.quota.resource_registry [None req-5198aae1-fd24-420b-9af5-9c9e8717b605 None None] Creating instance of TrackedResource for resource:floatingip
Aug 22 10:07:58.591544 np0000190516 devstack@neutron-api.service[101827]: DEBUG neutron.api.extensions [None req-1ae05056-e6c8-4ad0-a22a-cd07c0d17177 None None] Extended resource: tags {{(pid=101827) __init__ /opt/stack/neutron/neutron/api/extensions.py:156}}
Aug 22 10:07:58.591622 np0000190516 devstack@neutron-api.service[101824]: INFO neutron.quota.resource_registry [None req-5198aae1-fd24-420b-9af5-9c9e8717b605 None None] Creating instance of CountableResource for resource:rbac_policy
Aug 22 10:07:58.592178 np0000190516 devstack@neutron-api.service[101824]: INFO neutron.quota.resource_registry [None req-5198aae1-fd24-420b-9af5-9c9e8717b605 None None] Creating instance of TrackedResource for resource:security_group
Aug 22 10:07:58.592554 np0000190516 devstack@neutron-api.service[101824]: INFO neutron.quota.resource_registry [None req-5198aae1-fd24-420b-9af5-9c9e8717b605 None None] Creating instance of TrackedResource for resource:security_group_rule
Aug 22 10:07:58.593365 np0000190516 devstack@neutron-api.service[101824]: DEBUG neutron.api.v2.resource_helper [None req-5198aae1-fd24-420b-9af5-9c9e8717b605 None None] Service CORE assigned prefix: {{(pid=101824) build_resource_info /opt/stack/neutron/neutron/api/v2/resource_helper.py:77}}
Aug 22 10:07:58.593365 np0000190516 devstack@neutron-api.service[101824]: INFO neutron.quota.resource_registry [None req-5198aae1-fd24-420b-9af5-9c9e8717b605 None None] Creating instance of TrackedResource for resource:subnetpool
Aug 22 10:07:58.593528 np0000190516 devstack@neutron-api.service[101824]: WARNING neutron.quota.resource_registry [None req-5198aae1-fd24-420b-9af5-9c9e8717b605 None None] subnetpool is already registered
Aug 22 10:07:58.593903 np0000190516 devstack@neutron-api.service[101824]: DEBUG neutron.api.v2.resource_helper [None req-5198aae1-fd24-420b-9af5-9c9e8717b605 None None] Service CORE assigned prefix: {{(pid=101824) build_resource_info /opt/stack/neutron/neutron/api/v2/resource_helper.py:77}}
Aug 22 10:07:58.594059 np0000190516 devstack@neutron-api.service[101824]: INFO neutron.quota.resource_registry [None req-5198aae1-fd24-420b-9af5-9c9e8717b605 None None] Creating instance of TrackedResource for resource:subnetpool
Aug 22 10:07:58.594172 np0000190516 devstack@neutron-api.service[101824]: WARNING neutron.quota.resource_registry [None req-5198aae1-fd24-420b-9af5-9c9e8717b605 None None] subnetpool is already registered
Aug 22 10:07:58.596720 np0000190516 devstack@neutron-api.service[101824]: INFO neutron.quota.resource_registry [None req-5198aae1-fd24-420b-9af5-9c9e8717b605 None None] Creating instance of CountableResource for resource:router_route
Aug 22 10:07:58.596796 np0000190516 devstack@neutron-api.service[101824]: WARNING neutron.quota.resource_registry [None req-5198aae1-fd24-420b-9af5-9c9e8717b605 None None] router_route is already registered
Aug 22 10:07:58.596931 np0000190516 devstack@neutron-api.service[101824]: DEBUG neutron.api.v2.resource_helper [None req-5198aae1-fd24-420b-9af5-9c9e8717b605 None None] Service L3_ROUTER_NAT assigned prefix: {{(pid=101824) build_resource_info /opt/stack/neutron/neutron/api/v2/resource_helper.py:77}}
Aug 22 10:07:58.597388 np0000190516 devstack@neutron-api.service[101824]: DEBUG neutron.api.v2.resource_helper [None req-5198aae1-fd24-420b-9af5-9c9e8717b605 None None] Service FLAVORS assigned prefix: {{(pid=101824) build_resource_info /opt/stack/neutron/neutron/api/v2/resource_helper.py:77}}
Aug 22 10:07:58.598324 np0000190516 devstack@neutron-api.service[101824]: DEBUG neutron.api.v2.resource_helper [None req-5198aae1-fd24-420b-9af5-9c9e8717b605 None None] Service L3_ROUTER_NAT assigned prefix: {{(pid=101824) build_resource_info /opt/stack/neutron/neutron/api/v2/resource_helper.py:77}}
Aug 22 10:07:58.598794 np0000190516 devstack@neutron-api.service[101824]: DEBUG neutron.api.v2.resource_helper [None req-5198aae1-fd24-420b-9af5-9c9e8717b605 None None] Service L3_ROUTER_NAT assigned prefix: {{(pid=101824) build_resource_info /opt/stack/neutron/neutron/api/v2/resource_helper.py:77}}
Aug 22 10:07:58.598949 np0000190516 devstack@neutron-api.service[101824]: INFO neutron.quota.resource_registry [None req-5198aae1-fd24-420b-9af5-9c9e8717b605 None None] Creating instance of TrackedResource for resource:router
Aug 22 10:07:58.599136 np0000190516 devstack@neutron-api.service[101824]: WARNING neutron.quota.resource_registry [None req-5198aae1-fd24-420b-9af5-9c9e8717b605 None None] router is already registered
Aug 22 10:07:58.599510 np0000190516 devstack@neutron-api.service[101824]: INFO neutron.quota.resource_registry [None req-5198aae1-fd24-420b-9af5-9c9e8717b605 None None] Creating instance of TrackedResource for resource:floatingip
Aug 22 10:07:58.599818 np0000190516 devstack@neutron-api.service[101824]: WARNING neutron.quota.resource_registry [None req-5198aae1-fd24-420b-9af5-9c9e8717b605 None None] floatingip is already registered
Aug 22 10:07:58.600800 np0000190516 devstack@neutron-api.service[101824]: INFO neutron.quota.resource_registry [None req-5198aae1-fd24-420b-9af5-9c9e8717b605 None None] Creating instance of CountableResource for resource:rbac_policy
Aug 22 10:07:58.600873 np0000190516 devstack@neutron-api.service[101824]: WARNING neutron.quota.resource_registry [None req-5198aae1-fd24-420b-9af5-9c9e8717b605 None None] rbac_policy is already registered
Aug 22 10:07:58.601641 np0000190516 devstack@neutron-api.service[101824]: INFO neutron.quota.resource_registry [None req-5198aae1-fd24-420b-9af5-9c9e8717b605 None None] Creating instance of TrackedResource for resource:security_group
Aug 22 10:07:58.601765 np0000190516 devstack@neutron-api.service[101824]: WARNING neutron.quota.resource_registry [None req-5198aae1-fd24-420b-9af5-9c9e8717b605 None None] security_group is already registered
Aug 22 10:07:58.602846 np0000190516 devstack@neutron-api.service[101824]: INFO neutron.quota.resource_registry [None req-5198aae1-fd24-420b-9af5-9c9e8717b605 None None] Creating instance of TrackedResource for resource:security_group_rule
Aug 22 10:07:58.602846 np0000190516 devstack@neutron-api.service[101824]: WARNING neutron.quota.resource_registry [None req-5198aae1-fd24-420b-9af5-9c9e8717b605 None None] security_group_rule is already registered
Aug 22 10:07:58.602846 np0000190516 devstack@neutron-api.service[101824]: DEBUG neutron.api.v2.resource_helper [None req-5198aae1-fd24-420b-9af5-9c9e8717b605 None None] Service CORE assigned prefix: {{(pid=101824) build_resource_info /opt/stack/neutron/neutron/api/v2/resource_helper.py:77}}
Aug 22 10:07:58.603313 np0000190516 devstack@neutron-api.service[101824]: INFO neutron.quota.resource_registry [None req-5198aae1-fd24-420b-9af5-9c9e8717b605 None None] Creating instance of TrackedResource for resource:subnetpool
Aug 22 10:07:58.603313 np0000190516 devstack@neutron-api.service[101824]: WARNING neutron.quota.resource_registry [None req-5198aae1-fd24-420b-9af5-9c9e8717b605 None None] subnetpool is already registered
Aug 22 10:07:58.603530 np0000190516 devstack@neutron-api.service[101824]: DEBUG neutron.api.v2.resource_helper [None req-5198aae1-fd24-420b-9af5-9c9e8717b605 None None] Service CORE assigned prefix: {{(pid=101824) build_resource_info /opt/stack/neutron/neutron/api/v2/resource_helper.py:77}}
Aug 22 10:07:58.603530 np0000190516 devstack@neutron-api.service[101824]: INFO neutron.quota.resource_registry [None req-5198aae1-fd24-420b-9af5-9c9e8717b605 None None] Creating instance of TrackedResource for resource:subnetpool
Aug 22 10:07:58.603692 np0000190516 devstack@neutron-api.service[101824]: WARNING neutron.quota.resource_registry [None req-5198aae1-fd24-420b-9af5-9c9e8717b605 None None] subnetpool is already registered
Aug 22 10:07:58.604105 np0000190516 devstack@neutron-api.service[101824]: DEBUG neutron.api.extensions [None req-5198aae1-fd24-420b-9af5-9c9e8717b605 None None] Extended resource: extensions {{(pid=101824) __init__ /opt/stack/neutron/neutron/api/extensions.py:156}}
Aug 22 10:07:58.604914 np0000190516 devstack@neutron-api.service[101824]: DEBUG neutron.api.extensions [None req-5198aae1-fd24-420b-9af5-9c9e8717b605 None None] Extended resource: address-groups {{(pid=101824) __init__ /opt/stack/neutron/neutron/api/extensions.py:156}}
Aug 22 10:07:58.605463 np0000190516 devstack@neutron-api.service[101825]: DEBUG oslo_concurrency.processutils [None req-8759a5db-f26a-4ced-b863-e13673e91ba6 None None] CMD "ovsdb-client transact ssl:199.204.45.35:6641 --timeout 180 -p /opt/stack/data/CA/int-ca/private/devstack-cert.key -c /opt/stack/data/CA/int-ca/devstack-cert.crt -C /opt/stack/data/CA/int-ca/ca-chain.pem ["OVN_Northbound", {"op": "wait", "timeout": 0, "table": "Port_Group", "where": [["name", "==", "neutron_pg_drop"]], "until": "==", "rows": []}, {"op": "insert", "table": "ACL", "row": {"action": "drop", "direction": "to-lport", "match": "outport == @neutron_pg_drop && ip", "priority": 1000}, "uuid-name": "droptoport"}, {"op": "insert", "table": "ACL", "row": {"action": "drop", "direction": "from-lport", "match": "inport == @neutron_pg_drop && ip", "priority": 1000}, "uuid-name": "dropfromport"}, {"op": "insert", "table": "Port_Group", "row": {"name": "neutron_pg_drop", "acls": ["set", [["named-uuid", "droptoport"], ["named-uuid", "dropfromport"]]]}}]" returned: 0 in 0.041s {{(pid=101825) execute /opt/stack/data/venv/lib/python3.12/site-packages/oslo_concurrency/processutils.py:468}}
Aug 22 10:07:58.605807 np0000190516 devstack@neutron-api.service[101824]: DEBUG neutron.api.extensions [None req-5198aae1-fd24-420b-9af5-9c9e8717b605 None None] Extended resource: address-scopes {{(pid=101824) __init__ /opt/stack/neutron/neutron/api/extensions.py:156}}
Aug 22 10:07:58.606101 np0000190516 devstack@neutron-api.service[101827]: DEBUG neutron_lib.callbacks.manager [None req-1ae05056-e6c8-4ad0-a22a-cd07c0d17177 None None] Publish callbacks ['neutron.plugins.ml2.drivers.ovn.mech_driver.mech_driver.OVNMechanismDriver.pre_fork_initialize-370195'] for process (None), before_spawn {{(pid=101827) _notify_loop /opt/stack/data/venv/lib/python3.12/site-packages/neutron_lib/callbacks/manager.py:184}}
Aug 22 10:07:58.606194 np0000190516 devstack@neutron-api.service[101825]: DEBUG neutron_lib.callbacks.manager [None req-8759a5db-f26a-4ced-b863-e13673e91ba6 None None] Publish callbacks ['neutron.plugins.ml2.drivers.ovn.mech_driver.mech_driver.OVNMechanismDriver.post_fork_initialize-366048', 'neutron.services.pvlan.drivers.ovn.driver._initialize_pvlan_pg_drop-8327660753580', 'neutron.services.ovn_l3.plugin.OVNL3RouterPlugin._post_fork_initialize-65120'] for process (None), after_init {{(pid=101825) _notify_loop /opt/stack/data/venv/lib/python3.12/site-packages/neutron_lib/callbacks/manager.py:184}}
Aug 22 10:07:58.606438 np0000190516 devstack@neutron-api.service[101824]: DEBUG neutron.api.extensions [None req-5198aae1-fd24-420b-9af5-9c9e8717b605 None None] Extended resource: agents {{(pid=101824) __init__ /opt/stack/neutron/neutron/api/extensions.py:156}}
Aug 22 10:07:58.606584 np0000190516 devstack@neutron-api.service[101827]: DEBUG oslo_concurrency.processutils [None req-1ae05056-e6c8-4ad0-a22a-cd07c0d17177 None None] Running cmd (subprocess): ovsdb-client transact ssl:199.204.45.35:6641 --timeout 180 -p /opt/stack/data/CA/int-ca/private/devstack-cert.key -c /opt/stack/data/CA/int-ca/devstack-cert.crt -C /opt/stack/data/CA/int-ca/ca-chain.pem ["OVN_Northbound", {"op": "wait", "timeout": 0, "table": "Port_Group", "where": [["name", "==", "neutron_pg_drop"]], "until": "==", "rows": []}, {"op": "insert", "table": "ACL", "row": {"action": "drop", "direction": "to-lport", "match": "outport == @neutron_pg_drop && ip", "priority": 1000}, "uuid-name": "droptoport"}, {"op": "insert", "table": "ACL", "row": {"action": "drop", "direction": "from-lport", "match": "inport == @neutron_pg_drop && ip", "priority": 1000}, "uuid-name": "dropfromport"}, {"op": "insert", "table": "Port_Group", "row": {"name": "neutron_pg_drop", "acls": ["set", [["named-uuid", "droptoport"], ["named-uuid", "dropfromport"]]]}}] {{(pid=101827) execute /opt/stack/data/venv/lib/python3.12/site-packages/oslo_concurrency/processutils.py:440}}
Aug 22 10:07:58.606869 np0000190516 devstack@neutron-api.service[101825]: DEBUG oslo_concurrency.lockutils [None req-8759a5db-f26a-4ced-b863-e13673e91ba6 None None] Acquiring lock "singleton_lock" {{(pid=101825) lock /opt/stack/data/venv/lib/python3.12/site-packages/oslo_concurrency/lockutils.py:396}}
Aug 22 10:07:58.607045 np0000190516 devstack@neutron-api.service[101824]: DEBUG neutron.api.extensions [None req-5198aae1-fd24-420b-9af5-9c9e8717b605 None None] Extended resource: auto-allocated-topology {{(pid=101824) __init__ /opt/stack/neutron/neutron/api/extensions.py:156}}
Aug 22 10:07:58.607117 np0000190516 devstack@neutron-api.service[101825]: DEBUG oslo_concurrency.lockutils [None req-8759a5db-f26a-4ced-b863-e13673e91ba6 None None] Acquired lock "singleton_lock" {{(pid=101825) lock /opt/stack/data/venv/lib/python3.12/site-packages/oslo_concurrency/lockutils.py:399}}
Aug 22 10:07:58.607565 np0000190516 devstack@neutron-api.service[101825]: DEBUG oslo_concurrency.lockutils [None req-8759a5db-f26a-4ced-b863-e13673e91ba6 None None] Releasing lock "singleton_lock" {{(pid=101825) lock /opt/stack/data/venv/lib/python3.12/site-packages/oslo_concurrency/lockutils.py:419}}
Aug 22 10:07:58.607682 np0000190516 devstack@neutron-api.service[101824]: DEBUG neutron.api.extensions [None req-5198aae1-fd24-420b-9af5-9c9e8717b605 None None] Extended resource: availability_zones {{(pid=101824) __init__ /opt/stack/neutron/neutron/api/extensions.py:156}}
Aug 22 10:07:58.608272 np0000190516 devstack@neutron-api.service[101824]: DEBUG neutron.api.extensions [None req-5198aae1-fd24-420b-9af5-9c9e8717b605 None None] Extended resource: dhcp-networks {{(pid=101824) __init__ /opt/stack/neutron/neutron/api/extensions.py:156}}
Aug 22 10:07:58.609053 np0000190516 devstack@neutron-api.service[101824]: DEBUG neutron.api.extensions [None req-5198aae1-fd24-420b-9af5-9c9e8717b605 None None] Extended resource: dhcp-agents {{(pid=101824) __init__ /opt/stack/neutron/neutron/api/extensions.py:156}}
Aug 22 10:07:58.609674 np0000190516 devstack@neutron-api.service[101824]: DEBUG neutron.api.extensions [None req-5198aae1-fd24-420b-9af5-9c9e8717b605 None None] Extended resource: routers {{(pid=101824) __init__ /opt/stack/neutron/neutron/api/extensions.py:156}}
Aug 22 10:07:58.610704 np0000190516 devstack@neutron-api.service[101824]: DEBUG neutron.api.extensions [None req-5198aae1-fd24-420b-9af5-9c9e8717b605 None None] Extended resource: flavors {{(pid=101824) __init__ /opt/stack/neutron/neutron/api/extensions.py:156}}
Aug 22 10:07:58.611261 np0000190516 devstack@neutron-api.service[101824]: DEBUG neutron.api.extensions [None req-5198aae1-fd24-420b-9af5-9c9e8717b605 None None] Extended resource: service_profiles {{(pid=101824) __init__ /opt/stack/neutron/neutron/api/extensions.py:156}}
Aug 22 10:07:58.611438 np0000190516 devstack@neutron-api.service[101825]: DEBUG neutron.plugins.ml2.drivers.ovn.mech_driver.mech_driver [None req-8759a5db-f26a-4ced-b863-e13673e91ba6 None None] Hash Ring setup using WSGI start time 2026-08-22 10:07:57+00:00 {{(pid=101825) _init_hash_ring /opt/stack/neutron/neutron/plugins/ml2/drivers/ovn/mech_driver/mech_driver.py:382}}
Aug 22 10:07:58.611953 np0000190516 devstack@neutron-api.service[101824]: DEBUG neutron.api.extensions [None req-5198aae1-fd24-420b-9af5-9c9e8717b605 None None] Extended resource: next_providers {{(pid=101824) __init__ /opt/stack/neutron/neutron/api/extensions.py:156}}
Aug 22 10:07:58.612655 np0000190516 devstack@neutron-api.service[101824]: DEBUG neutron.api.extensions [None req-5198aae1-fd24-420b-9af5-9c9e8717b605 None None] Extended resource: service_profiles {{(pid=101824) __init__ /opt/stack/neutron/neutron/api/extensions.py:156}}
Aug 22 10:07:58.613315 np0000190516 devstack@neutron-api.service[101824]: DEBUG neutron.api.extensions [None req-5198aae1-fd24-420b-9af5-9c9e8717b605 None None] Extended resource: floatingip-pools {{(pid=101824) __init__ /opt/stack/neutron/neutron/api/extensions.py:156}}
Aug 22 10:07:58.613947 np0000190516 devstack@neutron-api.service[101824]: DEBUG neutron.api.extensions [None req-5198aae1-fd24-420b-9af5-9c9e8717b605 None None] Extended resource: routers {{(pid=101824) __init__ /opt/stack/neutron/neutron/api/extensions.py:156}}
Aug 22 10:07:58.614983 np0000190516 devstack@neutron-api.service[101824]: DEBUG neutron.api.extensions [None req-5198aae1-fd24-420b-9af5-9c9e8717b605 None None] Extended resource: floatingips {{(pid=101824) __init__ /opt/stack/neutron/neutron/api/extensions.py:156}}
Aug 22 10:07:58.615671 np0000190516 devstack@neutron-api.service[101824]: DEBUG neutron.api.extensions [None req-5198aae1-fd24-420b-9af5-9c9e8717b605 None None] Extended resource: l3-routers {{(pid=101824) __init__ /opt/stack/neutron/neutron/api/extensions.py:156}}
Aug 22 10:07:58.616342 np0000190516 devstack@neutron-api.service[101824]: DEBUG neutron.api.extensions [None req-5198aae1-fd24-420b-9af5-9c9e8717b605 None None] Extended resource: l3-agents {{(pid=101824) __init__ /opt/stack/neutron/neutron/api/extensions.py:156}}
Aug 22 10:07:58.617059 np0000190516 devstack@neutron-api.service[101824]: DEBUG neutron.api.extensions [None req-5198aae1-fd24-420b-9af5-9c9e8717b605 None None] Extended resource: network-ip-availabilities {{(pid=101824) __init__ /opt/stack/neutron/neutron/api/extensions.py:156}}
Aug 22 10:07:58.617677 np0000190516 devstack@neutron-api.service[101824]: DEBUG neutron.api.extensions [None req-5198aae1-fd24-420b-9af5-9c9e8717b605 None None] Extended resource: network-ip-availabilities {{(pid=101824) __init__ /opt/stack/neutron/neutron/api/extensions.py:156}}
Aug 22 10:07:58.618339 np0000190516 devstack@neutron-api.service[101824]: DEBUG neutron.api.extensions [None req-5198aae1-fd24-420b-9af5-9c9e8717b605 None None] Extended resource: bindings {{(pid=101824) __init__ /opt/stack/neutron/neutron/api/extensions.py:156}}
Aug 22 10:07:58.619114 np0000190516 devstack@neutron-api.service[101824]: DEBUG neutron.api.extensions [None req-5198aae1-fd24-420b-9af5-9c9e8717b605 None None] Extended resource: quotas {{(pid=101824) __init__ /opt/stack/neutron/neutron/api/extensions.py:156}}
Aug 22 10:07:58.619871 np0000190516 devstack@neutron-api.service[101824]: DEBUG neutron.api.extensions [None req-5198aae1-fd24-420b-9af5-9c9e8717b605 None None] Extended resource: quotas {{(pid=101824) __init__ /opt/stack/neutron/neutron/api/extensions.py:156}}
Aug 22 10:07:58.622261 np0000190516 devstack@neutron-api.service[101824]: DEBUG neutron.api.extensions [None req-5198aae1-fd24-420b-9af5-9c9e8717b605 None None] Extended resource: rbac-policies {{(pid=101824) __init__ /opt/stack/neutron/neutron/api/extensions.py:156}}
Aug 22 10:07:58.622627 np0000190516 devstack@neutron-api.service[101825]: INFO neutron.db.ovn_hash_ring_db [None req-8759a5db-f26a-4ced-b863-e13673e91ba6 None None] Nodes from host "np0000190516" and group "mechanism_driver" removed from the Hash Ring created at 2026-08-22 10:07:57+00:00
Aug 22 10:07:58.622834 np0000190516 devstack@neutron-api.service[101824]: DEBUG neutron.api.extensions [None req-5198aae1-fd24-420b-9af5-9c9e8717b605 None None] Extended resource: default-security-group-rules {{(pid=101824) __init__ /opt/stack/neutron/neutron/api/extensions.py:156}}
Aug 22 10:07:58.623475 np0000190516 devstack@neutron-api.service[101824]: DEBUG neutron.api.extensions [None req-5198aae1-fd24-420b-9af5-9c9e8717b605 None None] Extended resource: security-groups-default-statefulness {{(pid=101824) __init__ /opt/stack/neutron/neutron/api/extensions.py:156}}
Aug 22 10:07:58.624122 np0000190516 devstack@neutron-api.service[101824]: DEBUG neutron.api.extensions [None req-5198aae1-fd24-420b-9af5-9c9e8717b605 None None] Extended resource: security-groups {{(pid=101824) __init__ /opt/stack/neutron/neutron/api/extensions.py:156}}
Aug 22 10:07:58.624775 np0000190516 devstack@neutron-api.service[101824]: DEBUG neutron.api.extensions [None req-5198aae1-fd24-420b-9af5-9c9e8717b605 None None] Extended resource: security-group-rules {{(pid=101824) __init__ /opt/stack/neutron/neutron/api/extensions.py:156}}
Aug 22 10:07:58.625302 np0000190516 devstack@neutron-api.service[101824]: DEBUG neutron.api.extensions [None req-5198aae1-fd24-420b-9af5-9c9e8717b605 None None] Extended resource: service-providers {{(pid=101824) __init__ /opt/stack/neutron/neutron/api/extensions.py:156}}
Aug 22 10:07:58.625908 np0000190516 devstack@neutron-api.service[101824]: DEBUG neutron.api.extensions [None req-5198aae1-fd24-420b-9af5-9c9e8717b605 None None] Extended resource: subnetpools {{(pid=101824) __init__ /opt/stack/neutron/neutron/api/extensions.py:156}}
Aug 22 10:07:58.627116 np0000190516 devstack@neutron-api.service[101825]: INFO neutron.db.ovn_hash_ring_db [None req-8759a5db-f26a-4ced-b863-e13673e91ba6 None None] Node b144f2e070ad51b68d0749ae3533ff82 from host "np0000190516" and group "mechanism_driver" added to the Hash Ring
Aug 22 10:07:58.627842 np0000190516 devstack@neutron-api.service[101824]: DEBUG neutron.api.extensions [None req-5198aae1-fd24-420b-9af5-9c9e8717b605 None None] Extended resource: subnetpools {{(pid=101824) __init__ /opt/stack/neutron/neutron/api/extensions.py:156}}
